212.108.43.59 - - [30/Mar/2017:13:15:26 +0200] "GET /gui/javascript/form_form.js?1490872526 HTTP/1.1" 200 16206 "http://ed-test.activities.at/entry.php?id=10271&&ser=872465" "Mozilla/5.0 (Windows NT 10.0; Win64; x64) AppleWebKit/537.36 (KHTML, like Gecko) Chrome/56.0.2924.87 Safari/537.36"
212.108.43.59 - - [30/Mar/2017:13:16:27 +0200] "GET /entry.php?id=10271&&ser=872526 HTTP/1.1" 200 987 "http://ed-test.activities.at/entry.php?id=10271&&ser=872465" "Mozilla/5.0 (Windows NT 10.0; Win64; x64) AppleWebKit/537.36 (KHTML, like Gecko) Chrome/56.0.2924.87 Safari/537.36"
212.108.43.59 - - [30/Mar/2017:13:16:27 +0200] "GET /gui/javascript/form_form.js?1490872587 HTTP/1.1" 200 16206 "http://ed-test.activities.at/entry.php?id=10271&&ser=872526" "Mozilla/5.0 (Windows NT 10.0; Win64; x64) AppleWebKit/537.36 (KHTML, like Gecko) Chrome/56.0.2924.87 Safari/537.36"
212.108.43.59 - - [30/Mar/2017:13:17:28 +0200] "GET /entry.php?id=10271&&ser=872587 HTTP/1.1" 200 987 "http://ed-test.activities.at/entry.php?id=10271&&ser=872526" "Mozilla/5.0 (Windows NT 10.0; Win64; x64) AppleWebKit/537.36 (KHTML, like Gecko) Chrome/56.0.2924.87 Safari/537.36"
212.108.43.59 - - [30/Mar/2017:13:17:28 +0200] "GET /gui/javascript/form_form.js?1490872648 HTTP/1.1" 200 16206 "http://ed-test.activities.at/entry.php?id=10271&&ser=872587" "Mozilla/5.0 (Windows NT 10.0; Win64; x64) AppleWebKit/537.36 (KHTML, like Gecko) Chrome/56.0.2924.87 Safari/537.36"
212.108.43.59 - - [30/Mar/2017:13:18:29 +0200] "GET /entry.php?id=10271&&ser=872648 HTTP/1.1" 200 987 "http://ed-test.activities.at/entry.php?id=10271&&ser=872587" "Mozilla/5.0 (Windows NT 10.0; Win64; x64) AppleWebKit/537.36 (KHTML, like Gecko) Chrome/56.0.2924.87 Safari/537.36"
212.108.43.59 - - [30/Mar/2017:13:18:29 +0200] "GET /gui/javascript/form_form.js?1490872709 HTTP/1.1" 200 16206 "http://ed-test.activities.at/entry.php?id=10271&&ser=872648" "Mozilla/5.0 (Windows NT 10.0; Win64; x64) AppleWebKit/537.36 (KHTML, like Gecko) Chrome/56.0.2924.87 Safari/537.36"
212.108.43.59 - - [30/Mar/2017:13:19:30 +0200] "GET /entry.php?id=10271&&ser=872709 HTTP/1.1" 200 987 "http://ed-test.activities.at/entry.php?id=10271&&ser=872648" "Mozilla/5.0 (Windows NT 10.0; Win64; x64) AppleWebKit/537.36 (KHTML, like Gecko) Chrome/56.0.2924.87 Safari/537.36"
212.108.43.59 - - [30/Mar/2017:13:19:30 +0200] "GET /gui/javascript/form_form.js?1490872770 HTTP/1.1" 200 16206 "http://ed-test.activities.at/entry.php?id=10271&&ser=872709" "Mozilla/5.0 (Windows NT 10.0; Win64; x64) AppleWebKit/537.36 (KHTML, like Gecko) Chrome/56.0.2924.87 Safari/537.36"
88.117.172.254 - - [30/Mar/2017:13:20:01 +0200] "GET / HTTP/1.1" 200 382 "-" "Mozilla/5.0 (Macintosh; Intel Mac OS X 10_12_3) AppleWebKit/602.4.8 (KHTML, like Gecko) Version/10.0.3 Safari/602.4.8"
88.117.172.254 - - [30/Mar/2017:13:20:01 +0200] "GET /activities.ico HTTP/1.1" 200 780 "http://ed-test.activities.at/" "Mozilla/5.0 (Macintosh; Intel Mac OS X 10_12_3) AppleWebKit/602.4.8 (KHTML, like Gecko) Version/10.0.3 Safari/602.4.8"
88.117.172.254 - - [30/Mar/2017:13:20:01 +0200] "GET /layout.php HTTP/1.1" 200 913 "http://ed-test.activities.at/" "Mozilla/5.0 (Macintosh; Intel Mac OS X 10_12_3) AppleWebKit/602.4.8 (KHTML, like Gecko) Version/10.0.3 Safari/602.4.8"
88.117.172.254 - - [30/Mar/2017:13:20:02 +0200] "GET /gui/javascript/form_form.js HTTP/1.1" 200 16206 "http://ed-test.activities.at/layout.php" "Mozilla/5.0 (Macintosh; Intel Mac OS X 10_12_3) AppleWebKit/602.4.8 (KHTML, like Gecko) Version/10.0.3 Safari/602.4.8"
88.117.172.254 - - [30/Mar/2017:13:20:02 +0200] "GET /entry.php?id=10270 HTTP/1.1" 200 908 "http://ed-test.activities.at/layout.php" "Mozilla/5.0 (Macintosh; Intel Mac OS X 10_12_3) AppleWebKit/602.4.8 (KHTML, like Gecko) Version/10.0.3 Safari/602.4.8"
88.117.172.254 - - [30/Mar/2017:13:20:02 +0200] "GET /entry.php?id=10272 HTTP/1.1" 200 1189 "http://ed-test.activities.at/layout.php" "Mozilla/5.0 (Macintosh; Intel Mac OS X 10_12_3) AppleWebKit/602.4.8 (KHTML, like Gecko) Version/10.0.3 Safari/602.4.8"
88.117.172.254 - - [30/Mar/2017:13:20:02 +0200] "GET /gui/javascript/jquery/css/gui-themes/ui.spinner.css HTTP/1.1" 200 350 "http://ed-test.activities.at/entry.php?id=10270" "Mozilla/5.0 (Macintosh; Intel Mac OS X 10_12_3) AppleWebKit/602.4.8 (KHTML, like Gecko) Version/10.0.3 Safari/602.4.8"
88.117.172.254 - - [30/Mar/2017:13:20:02 +0200] "GET /gui/javascript/jquery/css/gui-themes/jquery.tooltip.css HTTP/1.1" 200 246 "http://ed-test.activities.at/entry.php?id=10270" "Mozilla/5.0 (Macintosh; Intel Mac OS X 10_12_3) AppleWebKit/602.4.8 (KHTML, like Gecko) Version/10.0.3 Safari/602.4.8"
88.117.172.254 - - [30/Mar/2017:13:20:02 +0200] "GET /gui/javascript/jquery/css/gui-themes/custom.min.css HTTP/1.1" 200 5618 "http://ed-test.activities.at/entry.php?id=10270" "Mozilla/5.0 (Macintosh; Intel Mac OS X 10_12_3) AppleWebKit/602.4.8 (KHTML, like Gecko) Version/10.0.3 Safari/602.4.8"
88.117.172.254 - - [30/Mar/2017:13:20:02 +0200] "GET /entry.php?id=10273 HTTP/1.1" 200 1932 "http://ed-test.activities.at/layout.php" "Mozilla/5.0 (Macintosh; Intel Mac OS X 10_12_3) AppleWebKit/602.4.8 (KHTML, like Gecko) Version/10.0.3 Safari/602.4.8"
88.117.172.254 - - [30/Mar/2017:13:20:02 +0200] "GET /gui/javascript/form_form.js?1490872802 HTTP/1.1" 200 16206 "http://ed-test.activities.at/entry.php?id=10270" "Mozilla/5.0 (Macintosh; Intel Mac OS X 10_12_3) AppleWebKit/602.4.8 (KHTML, like Gecko) Version/10.0.3 Safari/602.4.8"
88.117.172.254 - - [30/Mar/2017:13:20:02 +0200] "GET /gui/styles/tmplDefault.css HTTP/1.1" 200 2135 "http://ed-test.activities.at/entry.php?id=10272" "Mozilla/5.0 (Macintosh; Intel Mac OS X 10_12_3) AppleWebKit/602.4.8 (KHTML, like Gecko) Version/10.0.3 Safari/602.4.8"
88.117.172.254 - - [30/Mar/2017:13:20:02 +0200] "GET /gui/javascript/jquery/jquery-tooltip/jquery.tooltip.min.js HTTP/1.1" 200 1982 "http://ed-test.activities.at/entry.php?id=10270" "Mozilla/5.0 (Macintosh; Intel Mac OS X 10_12_3) AppleWebKit/602.4.8 (KHTML, like Gecko) Version/10.0.3 Safari/602.4.8"
88.117.172.254 - - [30/Mar/2017:13:20:02 +0200] "GET /framework/webfx/style/toolbar/cb2.css HTTP/1.1" 200 793 "http://ed-test.activities.at/entry.php?id=10273" "Mozilla/5.0 (Macintosh; Intel Mac OS X 10_12_3) AppleWebKit/602.4.8 (KHTML, like Gecko) Version/10.0.3 Safari/602.4.8"
88.117.172.254 - - [30/Mar/2017:13:20:02 +0200] "GET /entry.php?id=11412 HTTP/1.1" 200 1758 "http://ed-test.activities.at/layout.php" "Mozilla/5.0 (Macintosh; Intel Mac OS X 10_12_3) AppleWebKit/602.4.8 (KHTML, like Gecko) Version/10.0.3 Safari/602.4.8"
88.117.172.254 - - [30/Mar/2017:13:20:02 +0200] "GET /gui/javascript/jquery/js/jquery-ui-1.9.0.custom.min.js HTTP/1.1" 200 51286 "http://ed-test.activities.at/entry.php?id=10270" "Mozilla/5.0 (Macintosh; Intel Mac OS X 10_12_3) AppleWebKit/602.4.8 (KHTML, like Gecko) Version/10.0.3 Safari/602.4.8"
88.117.172.254 - - [30/Mar/2017:13:20:02 +0200] "GET /gui/javascript/jquery/js/jquery-1.8.2.js HTTP/1.1" 200 35391 "http://ed-test.activities.at/entry.php?id=10270" "Mozilla/5.0 (Macintosh; Intel Mac OS X 10_12_3) AppleWebKit/602.4.8 (KHTML, like Gecko) Version/10.0.3 Safari/602.4.8"
88.117.172.254 - - [30/Mar/2017:13:20:02 +0200] "GET /framework/webfx/javascript/statusbar/statusBar.js HTTP/1.1" 200 649 "http://ed-test.activities.at/entry.php?id=10272" "Mozilla/5.0 (Macintosh; Intel Mac OS X 10_12_3) AppleWebKit/602.4.8 (KHTML, like Gecko) Version/10.0.3 Safari/602.4.8"
88.117.172.254 - - [30/Mar/2017:13:20:02 +0200] "GET /framework/webfx/javascript/toolbar/ieemu.js HTTP/1.1" 200 2366 "http://ed-test.activities.at/entry.php?id=10273" "Mozilla/5.0 (Macintosh; Intel Mac OS X 10_12_3) AppleWebKit/602.4.8 (KHTML, like Gecko) Version/10.0.3 Safari/602.4.8"
88.117.172.254 - - [30/Mar/2017:13:20:02 +0200] "GET /framework/webfx/javascript/toolbar/cb2.js HTTP/1.1" 200 1686 "http://ed-test.activities.at/entry.php?id=10273" "Mozilla/5.0 (Macintosh; Intel Mac OS X 10_12_3) AppleWebKit/602.4.8 (KHTML, like Gecko) Version/10.0.3 Safari/602.4.8"
88.117.172.254 - - [30/Mar/2017:13:20:03 +0200] "GET /gui/images/icons/Logo_activites_RGB.gif HTTP/1.1" 200 1336 "http://ed-test.activities.at/entry.php?id=10273" "Mozilla/5.0 (Macintosh; Intel Mac OS X 10_12_3) AppleWebKit/602.4.8 (KHTML, like Gecko) Version/10.0.3 Safari/602.4.8"
88.117.172.254 - - [30/Mar/2017:13:20:03 +0200] "GET /gui/images/icons/cancel.gif HTTP/1.1" 200 125 "http://ed-test.activities.at/entry.php?id=11412" "Mozilla/5.0 (Macintosh; Intel Mac OS X 10_12_3) AppleWebKit/602.4.8 (KHTML, like Gecko) Version/10.0.3 Safari/602.4.8"
88.117.172.254 - - [30/Mar/2017:13:20:03 +0200] "GET /gui/images/emptybar.gif HTTP/1.1" 200 89 "http://ed-test.activities.at/entry.php?id=10272" "Mozilla/5.0 (Macintosh; Intel Mac OS X 10_12_3) AppleWebKit/602.4.8 (KHTML, like Gecko) Version/10.0.3 Safari/602.4.8"
88.117.172.254 - - [30/Mar/2017:13:20:03 +0200] "GET /entry.php?id=10287 HTTP/1.1" 200 2387 "http://ed-test.activities.at/entry.php?id=11412" "Mozilla/5.0 (Macintosh; Intel Mac OS X 10_12_3) AppleWebKit/602.4.8 (KHTML, like Gecko) Version/10.0.3 Safari/602.4.8"
88.117.172.254 - - [30/Mar/2017:13:20:03 +0200] "GET /entry.php?id=10271&UIN=6fa61a9e33af25736b657cf83f717889 HTTP/1.1" 200 934 "http://ed-test.activities.at/entry.php?id=10272" "Mozilla/5.0 (Macintosh; Intel Mac OS X 10_12_3) AppleWebKit/602.4.8 (KHTML, like Gecko) Version/10.0.3 Safari/602.4.8"
88.117.172.254 - - [30/Mar/2017:13:20:03 +0200] "GET /gui/javascript/form_form.js?1490872803 HTTP/1.1" 200 16206 "http://ed-test.activities.at/entry.php?id=10287" "Mozilla/5.0 (Macintosh; Intel Mac OS X 10_12_3) AppleWebKit/602.4.8 (KHTML, like Gecko) Version/10.0.3 Safari/602.4.8"
88.117.172.254 - - [30/Mar/2017:13:20:04 +0200] "GET /entry.php?id=10270& HTTP/1.1" 200 908 "http://ed-test.activities.at/entry.php?id=10287" "Mozilla/5.0 (Macintosh; Intel Mac OS X 10_12_3) AppleWebKit/602.4.8 (KHTML, like Gecko) Version/10.0.3 Safari/602.4.8"
88.117.172.254 - - [30/Mar/2017:13:20:04 +0200] "GET /entry.php?id=10273& HTTP/1.1" 200 1902 "http://ed-test.activities.at/entry.php?id=10287" "Mozilla/5.0 (Macintosh; Intel Mac OS X 10_12_3) AppleWebKit/602.4.8 (KHTML, like Gecko) Version/10.0.3 Safari/602.4.8"
88.117.172.254 - - [30/Mar/2017:13:20:05 +0200] "GET /gui/javascript/form_form.js?1490872805 HTTP/1.1" 200 16206 "http://ed-test.activities.at/entry.php?id=10270&" "Mozilla/5.0 (Macintosh; Intel Mac OS X 10_12_3) AppleWebKit/602.4.8 (KHTML, like Gecko) Version/10.0.3 Safari/602.4.8"
212.108.43.59 - - [30/Mar/2017:13:20:31 +0200] "GET /entry.php?id=10271&&ser=872770 HTTP/1.1" 200 986 "http://ed-test.activities.at/entry.php?id=10271&&ser=872709" "Mozilla/5.0 (Windows NT 10.0; Win64; x64) AppleWebKit/537.36 (KHTML, like Gecko) Chrome/56.0.2924.87 Safari/537.36"
212.108.43.59 - - [30/Mar/2017:13:20:31 +0200] "GET /gui/javascript/form_form.js?1490872831 HTTP/1.1" 200 16206 "http://ed-test.activities.at/entry.php?id=10271&&ser=872770" "Mozilla/5.0 (Windows NT 10.0; Win64; x64) AppleWebKit/537.36 (KHTML, like Gecko) Chrome/56.0.2924.87 Safari/537.36"
88.117.172.254 - - [30/Mar/2017:13:20:55 +0200] "GET /gui/images/progressbar.gif HTTP/1.1" 200 2157 "http://ed-test.activities.at/entry.php?id=10272" "Mozilla/5.0 (Macintosh; Intel Mac OS X 10_12_3) AppleWebKit/602.4.8 (KHTML, like Gecko) Version/10.0.3 Safari/602.4.8"
88.117.172.254 - - [30/Mar/2017:13:20:56 +0200] "POST /entry.php?id=10287& HTTP/1.1" 200 2280 "http://ed-test.activities.at/entry.php?id=10287" "Mozilla/5.0 (Macintosh; Intel Mac OS X 10_12_3) AppleWebKit/602.4.8 (KHTML, like Gecko) Version/10.0.3 Safari/602.4.8"
88.117.172.254 - - [30/Mar/2017:13:20:56 +0200] "GET /gui/javascript/form_form.js?1490872856 HTTP/1.1" 200 16206 "http://ed-test.activities.at/entry.php?id=10287&" "Mozilla/5.0 (Macintosh; Intel Mac OS X 10_12_3) AppleWebKit/602.4.8 (KHTML, like Gecko) Version/10.0.3 Safari/602.4.8"
88.117.172.254 - - [30/Mar/2017:13:20:56 +0200] "GET /entry.php?id=10271&UIN=6fa61a9e33af25736b657cf83f717889 HTTP/1.1" 200 987 "http://ed-test.activities.at/entry.php?id=10271&UIN=6fa61a9e33af25736b657cf83f717889" "Mozilla/5.0 (Macintosh; Intel Mac OS X 10_12_3) AppleWebKit/602.4.8 (KHTML, like Gecko) Version/10.0.3 Safari/602.4.8"
88.117.172.254 - - [30/Mar/2017:13:20:57 +0200] "GET /gui/javascript/jquery/css/gui-themes/custom.min.css HTTP/1.1" 304 - "http://ed-test.activities.at/entry.php?id=10270" "Mozilla/5.0 (Macintosh; Intel Mac OS X 10_12_3) AppleWebKit/602.4.8 (KHTML, like Gecko) Version/10.0.3 Safari/602.4.8"
88.117.172.254 - - [30/Mar/2017:13:20:57 +0200] "GET /gui/styles/tmplDefault.css HTTP/1.1" 304 - "http://ed-test.activities.at/entry.php?id=10272" "Mozilla/5.0 (Macintosh; Intel Mac OS X 10_12_3) AppleWebKit/602.4.8 (KHTML, like Gecko) Version/10.0.3 Safari/602.4.8"
88.117.172.254 - - [30/Mar/2017:13:20:57 +0200] "GET /gui/javascript/jquery/css/gui-themes/jquery.tooltip.css HTTP/1.1" 304 - "http://ed-test.activities.at/entry.php?id=10270" "Mozilla/5.0 (Macintosh; Intel Mac OS X 10_12_3) AppleWebKit/602.4.8 (KHTML, like Gecko) Version/10.0.3 Safari/602.4.8"
88.117.172.254 - - [30/Mar/2017:13:20:57 +0200] "GET /gui/javascript/jquery/css/gui-themes/ui.spinner.css HTTP/1.1" 304 - "http://ed-test.activities.at/entry.php?id=10270" "Mozilla/5.0 (Macintosh; Intel Mac OS X 10_12_3) AppleWebKit/602.4.8 (KHTML, like Gecko) Version/10.0.3 Safari/602.4.8"
88.117.172.254 - - [30/Mar/2017:13:20:57 +0200] "GET /gui/javascript/form_form.js?1490872857 HTTP/1.1" 200 16206 "http://ed-test.activities.at/entry.php?id=10271&UIN=6fa61a9e33af25736b657cf83f717889" "Mozilla/5.0 (Macintosh; Intel Mac OS X 10_12_3) AppleWebKit/602.4.8 (KHTML, like Gecko) Version/10.0.3 Safari/602.4.8"
88.117.172.254 - - [30/Mar/2017:13:20:57 +0200] "GET /gui/javascript/jquery/js/jquery-1.8.2.js HTTP/1.1" 304 - "http://ed-test.activities.at/entry.php?id=10270" "Mozilla/5.0 (Macintosh; Intel Mac OS X 10_12_3) AppleWebKit/602.4.8 (KHTML, like Gecko) Version/10.0.3 Safari/602.4.8"
88.117.172.254 - - [30/Mar/2017:13:20:57 +0200] "GET /gui/javascript/jquery/jquery-tooltip/jquery.tooltip.min.js HTTP/1.1" 304 - "http://ed-test.activities.at/entry.php?id=10270" "Mozilla/5.0 (Macintosh; Intel Mac OS X 10_12_3) AppleWebKit/602.4.8 (KHTML, like Gecko) Version/10.0.3 Safari/602.4.8"
88.117.172.254 - - [30/Mar/2017:13:20:57 +0200] "GET /gui/javascript/jquery/js/jquery-ui-1.9.0.custom.min.js HTTP/1.1" 304 - "http://ed-test.activities.at/entry.php?id=10270" "Mozilla/5.0 (Macintosh; Intel Mac OS X 10_12_3) AppleWebKit/602.4.8 (KHTML, like Gecko) Version/10.0.3 Safari/602.4.8"
88.117.172.254 - - [30/Mar/2017:13:20:56 +0200] "GET /entry.php?id=10273& HTTP/1.1" 200 2031 "http://ed-test.activities.at/entry.php?id=10287&" "Mozilla/5.0 (Macintosh; Intel Mac OS X 10_12_3) AppleWebKit/602.4.8 (KHTML, like Gecko) Version/10.0.3 Safari/602.4.8"
88.117.172.254 - - [30/Mar/2017:13:20:57 +0200] "GET /framework/webfx/style/toolbar/images/cbback.gif HTTP/1.1" 404 318 "http://ed-test.activities.at/entry.php?id=10273&" "Mozilla/5.0 (Macintosh; Intel Mac OS X 10_12_3) AppleWebKit/602.4.8 (KHTML, like Gecko) Version/10.0.3 Safari/602.4.8"
88.117.172.254 - - [30/Mar/2017:13:20:57 +0200] "GET /entry.php?id=10270&__app__=10006038 HTTP/1.1" 200 1649 "http://ed-test.activities.at/entry.php?id=10273&" "Mozilla/5.0 (Macintosh; Intel Mac OS X 10_12_3) AppleWebKit/602.4.8 (KHTML, like Gecko) Version/10.0.3 Safari/602.4.8"
88.117.172.254 - - [30/Mar/2017:13:20:57 +0200] "GET /framework/webfx/javascript/navigation/crossbrowser.js HTTP/1.1" 200 1842 "http://ed-test.activities.at/entry.php?id=10270&__app__=10006038" "Mozilla/5.0 (Macintosh; Intel Mac OS X 10_12_3) AppleWebKit/602.4.8 (KHTML, like Gecko) Version/10.0.3 Safari/602.4.8"
88.117.172.254 - - [30/Mar/2017:13:20:57 +0200] "GET /framework/webfx/javascript/navigation/outlook.js HTTP/1.1" 200 6351 "http://ed-test.activities.at/entry.php?id=10270&__app__=10006038" "Mozilla/5.0 (Macintosh; Intel Mac OS X 10_12_3) AppleWebKit/602.4.8 (KHTML, like Gecko) Version/10.0.3 Safari/602.4.8"
88.117.172.254 - - [30/Mar/2017:13:20:57 +0200] "GET /gui/images/icons/pers_einstellungen.gif HTTP/1.1" 200 1461 "http://ed-test.activities.at/entry.php?id=10270&__app__=10006038" "Mozilla/5.0 (Macintosh; Intel Mac OS X 10_12_3) AppleWebKit/602.4.8 (KHTML, like Gecko) Version/10.0.3 Safari/602.4.8"
88.117.172.254 - - [30/Mar/2017:13:20:57 +0200] "GET /gui/images/icons/i_firmen.gif HTTP/1.1" 200 1463 "http://ed-test.activities.at/entry.php?id=10270&__app__=10006038" "Mozilla/5.0 (Macintosh; Intel Mac OS X 10_12_3) AppleWebKit/602.4.8 (KHTML, like Gecko) Version/10.0.3 Safari/602.4.8"
88.117.172.254 - - [30/Mar/2017:13:20:57 +0200] "GET /framework/icons/navigation/arrowdown.gif HTTP/1.1" 200 424 "http://ed-test.activities.at/entry.php?id=10270&__app__=10006038" "Mozilla/5.0 (Macintosh; Intel Mac OS X 10_12_3) AppleWebKit/602.4.8 (KHTML, like Gecko) Version/10.0.3 Safari/602.4.8"
88.117.172.254 - - [30/Mar/2017:13:20:57 +0200] "GET /gui/images/icons/i_artikel.gif HTTP/1.1" 200 1765 "http://ed-test.activities.at/entry.php?id=10270&__app__=10006038" "Mozilla/5.0 (Macintosh; Intel Mac OS X 10_12_3) AppleWebKit/602.4.8 (KHTML, like Gecko) Version/10.0.3 Safari/602.4.8"
88.117.172.254 - - [30/Mar/2017:13:20:57 +0200] "GET /framework/icons/navigation/arrowup.gif HTTP/1.1" 200 407 "http://ed-test.activities.at/entry.php?id=10270&__app__=10006038" "Mozilla/5.0 (Macintosh; Intel Mac OS X 10_12_3) AppleWebKit/602.4.8 (KHTML, like Gecko) Version/10.0.3 Safari/602.4.8"
88.117.172.254 - - [30/Mar/2017:13:20:57 +0200] "GET /gui/images/icons/i_haendler_sollverteiler.gif HTTP/1.1" 200 1330 "http://ed-test.activities.at/entry.php?id=10270&__app__=10006038" "Mozilla/5.0 (Macintosh; Intel Mac OS X 10_12_3) AppleWebKit/602.4.8 (KHTML, like Gecko) Version/10.0.3 Safari/602.4.8"
88.117.172.254 - - [30/Mar/2017:13:20:57 +0200] "GET /gui/images/icons/menumanagement.gif HTTP/1.1" 200 204 "http://ed-test.activities.at/entry.php?id=10270&__app__=10006038" "Mozilla/5.0 (Macintosh; Intel Mac OS X 10_12_3) AppleWebKit/602.4.8 (KHTML, like Gecko) Version/10.0.3 Safari/602.4.8"
88.117.172.254 - - [30/Mar/2017:13:20:57 +0200] "GET /gui/images/icons/i_aktionsreminder.gif HTTP/1.1" 200 2181 "http://ed-test.activities.at/entry.php?id=10270&__app__=10006038" "Mozilla/5.0 (Macintosh; Intel Mac OS X 10_12_3) AppleWebKit/602.4.8 (KHTML, like Gecko) Version/10.0.3 Safari/602.4.8"
88.117.172.254 - - [30/Mar/2017:13:20:57 +0200] "GET /gui/images/icons/i_aktionen.gif HTTP/1.1" 200 1920 "http://ed-test.activities.at/entry.php?id=10270&__app__=10006038" "Mozilla/5.0 (Macintosh; Intel Mac OS X 10_12_3) AppleWebKit/602.4.8 (KHTML, like Gecko) Version/10.0.3 Safari/602.4.8"
88.117.172.254 - - [30/Mar/2017:13:20:57 +0200] "GET /undefined HTTP/1.1" 404 288 "http://ed-test.activities.at/entry.php?id=10270&__app__=10006038" "Mozilla/5.0 (Macintosh; Intel Mac OS X 10_12_3) AppleWebKit/602.4.8 (KHTML, like Gecko) Version/10.0.3 Safari/602.4.8"
88.117.172.254 - - [30/Mar/2017:13:20:57 +0200] "GET /gui/images/icons/artikelbearbeitung_verfassung.gif HTTP/1.1" 200 1719 "http://ed-test.activities.at/entry.php?id=10270&__app__=10006038" "Mozilla/5.0 (Macintosh; Intel Mac OS X 10_12_3) AppleWebKit/602.4.8 (KHTML, like Gecko) Version/10.0.3 Safari/602.4.8"
212.108.43.59 - - [30/Mar/2017:13:21:32 +0200] "GET /entry.php?id=10271&&ser=872831 HTTP/1.1" 200 987 "http://ed-test.activities.at/entry.php?id=10271&&ser=872770" "Mozilla/5.0 (Windows NT 10.0; Win64; x64) AppleWebKit/537.36 (KHTML, like Gecko) Chrome/56.0.2924.87 Safari/537.36"
212.108.43.59 - - [30/Mar/2017:13:21:32 +0200] "GET /gui/javascript/form_form.js?1490872892 HTTP/1.1" 200 16206 "http://ed-test.activities.at/entry.php?id=10271&&ser=872831" "Mozilla/5.0 (Windows NT 10.0; Win64; x64) AppleWebKit/537.36 (KHTML, like Gecko) Chrome/56.0.2924.87 Safari/537.36"
88.117.172.254 - - [30/Mar/2017:13:21:57 +0200] "GET /entry.php?id=10271&&ser=872857 HTTP/1.1" 200 987 "http://ed-test.activities.at/entry.php?id=10271&UIN=6fa61a9e33af25736b657cf83f717889" "Mozilla/5.0 (Macintosh; Intel Mac OS X 10_12_3) AppleWebKit/602.4.8 (KHTML, like Gecko) Version/10.0.3 Safari/602.4.8"
88.117.172.254 - - [30/Mar/2017:13:21:58 +0200] "GET /gui/javascript/form_form.js?1490872917 HTTP/1.1" 200 16206 "http://ed-test.activities.at/entry.php?id=10271&&ser=872857" "Mozilla/5.0 (Macintosh; Intel Mac OS X 10_12_3) AppleWebKit/602.4.8 (KHTML, like Gecko) Version/10.0.3 Safari/602.4.8"
212.108.43.59 - - [30/Mar/2017:13:22:34 +0200] "GET /entry.php?id=10271&&ser=872892 HTTP/1.1" 200 987 "http://ed-test.activities.at/entry.php?id=10271&&ser=872831" "Mozilla/5.0 (Windows NT 10.0; Win64; x64) AppleWebKit/537.36 (KHTML, like Gecko) Chrome/56.0.2924.87 Safari/537.36"
212.108.43.59 - - [30/Mar/2017:13:22:34 +0200] "GET /gui/javascript/form_form.js?1490872954 HTTP/1.1" 200 16206 "http://ed-test.activities.at/entry.php?id=10271&&ser=872892" "Mozilla/5.0 (Windows NT 10.0; Win64; x64) AppleWebKit/537.36 (KHTML, like Gecko) Chrome/56.0.2924.87 Safari/537.36"
88.117.172.254 - - [30/Mar/2017:13:23:00 +0200] "GET /entry.php?id=10271&&ser=872917 HTTP/1.1" 200 986 "http://ed-test.activities.at/entry.php?id=10271&&ser=872857" "Mozilla/5.0 (Macintosh; Intel Mac OS X 10_12_3) AppleWebKit/602.4.8 (KHTML, like Gecko) Version/10.0.3 Safari/602.4.8"
88.117.172.254 - - [30/Mar/2017:13:23:02 +0200] "GET /gui/javascript/form_form.js?1490872980 HTTP/1.1" 200 16206 "http://ed-test.activities.at/entry.php?id=10271&&ser=872917" "Mozilla/5.0 (Macintosh; Intel Mac OS X 10_12_3) AppleWebKit/602.4.8 (KHTML, like Gecko) Version/10.0.3 Safari/602.4.8"
212.108.43.59 - - [30/Mar/2017:13:23:35 +0200] "GET /entry.php?id=10271&&ser=872954 HTTP/1.1" 200 986 "http://ed-test.activities.at/entry.php?id=10271&&ser=872892" "Mozilla/5.0 (Windows NT 10.0; Win64; x64) AppleWebKit/537.36 (KHTML, like Gecko) Chrome/56.0.2924.87 Safari/537.36"
212.108.43.59 - - [30/Mar/2017:13:23:35 +0200] "GET /gui/javascript/form_form.js?1490873015 HTTP/1.1" 200 16206 "http://ed-test.activities.at/entry.php?id=10271&&ser=872954" "Mozilla/5.0 (Windows NT 10.0; Win64; x64) AppleWebKit/537.36 (KHTML, like Gecko) Chrome/56.0.2924.87 Safari/537.36"
88.117.172.254 - - [30/Mar/2017:13:24:05 +0200] "GET /entry.php?id=10271&&ser=872980 HTTP/1.1" 200 987 "http://ed-test.activities.at/entry.php?id=10271&&ser=872917" "Mozilla/5.0 (Macintosh; Intel Mac OS X 10_12_3) AppleWebKit/602.4.8 (KHTML, like Gecko) Version/10.0.3 Safari/602.4.8"
88.117.172.254 - - [30/Mar/2017:13:24:05 +0200] "GET /gui/javascript/form_form.js?1490873045 HTTP/1.1" 200 16206 "http://ed-test.activities.at/entry.php?id=10271&&ser=872980" "Mozilla/5.0 (Macintosh; Intel Mac OS X 10_12_3) AppleWebKit/602.4.8 (KHTML, like Gecko) Version/10.0.3 Safari/602.4.8"
212.108.43.59 - - [30/Mar/2017:13:24:36 +0200] "GET /entry.php?id=10271&&ser=873015 HTTP/1.1" 200 987 "http://ed-test.activities.at/entry.php?id=10271&&ser=872954" "Mozilla/5.0 (Windows NT 10.0; Win64; x64) AppleWebKit/537.36 (KHTML, like Gecko) Chrome/56.0.2924.87 Safari/537.36"
212.108.43.59 - - [30/Mar/2017:13:24:36 +0200] "GET /gui/javascript/form_form.js?1490873076 HTTP/1.1" 200 16206 "http://ed-test.activities.at/entry.php?id=10271&&ser=873015" "Mozilla/5.0 (Windows NT 10.0; Win64; x64) AppleWebKit/537.36 (KHTML, like Gecko) Chrome/56.0.2924.87 Safari/537.36"
88.117.172.254 - - [30/Mar/2017:13:25:05 +0200] "GET /entry.php?id=10271&&ser=873045 HTTP/1.1" 200 986 "http://ed-test.activities.at/entry.php?id=10271&&ser=872980" "Mozilla/5.0 (Macintosh; Intel Mac OS X 10_12_3) AppleWebKit/602.4.8 (KHTML, like Gecko) Version/10.0.3 Safari/602.4.8"
88.117.172.254 - - [30/Mar/2017:13:25:05 +0200] "GET /gui/javascript/form_form.js?1490873105 HTTP/1.1" 200 16206 "http://ed-test.activities.at/entry.php?id=10271&&ser=873045" "Mozilla/5.0 (Macintosh; Intel Mac OS X 10_12_3) AppleWebKit/602.4.8 (KHTML, like Gecko) Version/10.0.3 Safari/602.4.8"
212.108.43.59 - - [30/Mar/2017:13:25:37 +0200] "GET /entry.php?id=10271&&ser=873076 HTTP/1.1" 200 986 "http://ed-test.activities.at/entry.php?id=10271&&ser=873015" "Mozilla/5.0 (Windows NT 10.0; Win64; x64) AppleWebKit/537.36 (KHTML, like Gecko) Chrome/56.0.2924.87 Safari/537.36"
212.108.43.59 - - [30/Mar/2017:13:25:37 +0200] "GET /gui/javascript/form_form.js?1490873137 HTTP/1.1" 200 16206 "http://ed-test.activities.at/entry.php?id=10271&&ser=873076" "Mozilla/5.0 (Windows NT 10.0; Win64; x64) AppleWebKit/537.36 (KHTML, like Gecko) Chrome/56.0.2924.87 Safari/537.36"
88.117.172.254 - - [30/Mar/2017:13:26:05 +0200] "GET /entry.php?id=10271&&ser=873105 HTTP/1.1" 200 987 "http://ed-test.activities.at/entry.php?id=10271&&ser=873045" "Mozilla/5.0 (Macintosh; Intel Mac OS X 10_12_3) AppleWebKit/602.4.8 (KHTML, like Gecko) Version/10.0.3 Safari/602.4.8"
88.117.172.254 - - [30/Mar/2017:13:26:06 +0200] "GET /gui/javascript/form_form.js?1490873166 HTTP/1.1" 200 16206 "http://ed-test.activities.at/entry.php?id=10271&&ser=873105" "Mozilla/5.0 (Macintosh; Intel Mac OS X 10_12_3) AppleWebKit/602.4.8 (KHTML, like Gecko) Version/10.0.3 Safari/602.4.8"
212.108.43.59 - - [30/Mar/2017:13:26:38 +0200] "GET /entry.php?id=10271&&ser=873137 HTTP/1.1" 200 986 "http://ed-test.activities.at/entry.php?id=10271&&ser=873076" "Mozilla/5.0 (Windows NT 10.0; Win64; x64) AppleWebKit/537.36 (KHTML, like Gecko) Chrome/56.0.2924.87 Safari/537.36"
212.108.43.59 - - [30/Mar/2017:13:26:38 +0200] "GET /gui/javascript/form_form.js?1490873198 HTTP/1.1" 200 16206 "http://ed-test.activities.at/entry.php?id=10271&&ser=873137" "Mozilla/5.0 (Windows NT 10.0; Win64; x64) AppleWebKit/537.36 (KHTML, like Gecko) Chrome/56.0.2924.87 Safari/537.36"
88.117.172.254 - - [30/Mar/2017:13:27:06 +0200] "GET /entry.php?id=10271&&ser=873166 HTTP/1.1" 200 987 "http://ed-test.activities.at/entry.php?id=10271&&ser=873105" "Mozilla/5.0 (Macintosh; Intel Mac OS X 10_12_3) AppleWebKit/602.4.8 (KHTML, like Gecko) Version/10.0.3 Safari/602.4.8"
88.117.172.254 - - [30/Mar/2017:13:27:06 +0200] "GET /gui/javascript/form_form.js?1490873226 HTTP/1.1" 200 16206 "http://ed-test.activities.at/entry.php?id=10271&&ser=873166" "Mozilla/5.0 (Macintosh; Intel Mac OS X 10_12_3) AppleWebKit/602.4.8 (KHTML, like Gecko) Version/10.0.3 Safari/602.4.8"
212.108.43.59 - - [30/Mar/2017:13:27:39 +0200] "GET /entry.php?id=10271&&ser=873198 HTTP/1.1" 200 987 "http://ed-test.activities.at/entry.php?id=10271&&ser=873137" "Mozilla/5.0 (Windows NT 10.0; Win64; x64) AppleWebKit/537.36 (KHTML, like Gecko) Chrome/56.0.2924.87 Safari/537.36"
212.108.43.59 - - [30/Mar/2017:13:27:39 +0200] "GET /gui/javascript/form_form.js?1490873259 HTTP/1.1" 200 16206 "http://ed-test.activities.at/entry.php?id=10271&&ser=873198" "Mozilla/5.0 (Windows NT 10.0; Win64; x64) AppleWebKit/537.36 (KHTML, like Gecko) Chrome/56.0.2924.87 Safari/537.36"
88.117.172.254 - - [30/Mar/2017:13:28:06 +0200] "GET /entry.php?id=10271&&ser=873226 HTTP/1.1" 200 987 "http://ed-test.activities.at/entry.php?id=10271&&ser=873166" "Mozilla/5.0 (Macintosh; Intel Mac OS X 10_12_3) AppleWebKit/602.4.8 (KHTML, like Gecko) Version/10.0.3 Safari/602.4.8"
88.117.172.254 - - [30/Mar/2017:13:28:07 +0200] "GET /gui/javascript/form_form.js?1490873287 HTTP/1.1" 200 16206 "http://ed-test.activities.at/entry.php?id=10271&&ser=873226" "Mozilla/5.0 (Macintosh; Intel Mac OS X 10_12_3) AppleWebKit/602.4.8 (KHTML, like Gecko) Version/10.0.3 Safari/602.4.8"
212.108.43.59 - - [30/Mar/2017:13:28:40 +0200] "GET /entry.php?id=10271&&ser=873259 HTTP/1.1" 200 987 "http://ed-test.activities.at/entry.php?id=10271&&ser=873198" "Mozilla/5.0 (Windows NT 10.0; Win64; x64) AppleWebKit/537.36 (KHTML, like Gecko) Chrome/56.0.2924.87 Safari/537.36"
212.108.43.59 - - [30/Mar/2017:13:28:40 +0200] "GET /gui/javascript/form_form.js?1490873320 HTTP/1.1" 200 16206 "http://ed-test.activities.at/entry.php?id=10271&&ser=873259" "Mozilla/5.0 (Windows NT 10.0; Win64; x64) AppleWebKit/537.36 (KHTML, like Gecko) Chrome/56.0.2924.87 Safari/537.36"
88.117.172.254 - - [30/Mar/2017:13:29:07 +0200] "GET /entry.php?id=10271&&ser=873287 HTTP/1.1" 200 987 "http://ed-test.activities.at/entry.php?id=10271&&ser=873226" "Mozilla/5.0 (Macintosh; Intel Mac OS X 10_12_3) AppleWebKit/602.4.8 (KHTML, like Gecko) Version/10.0.3 Safari/602.4.8"
88.117.172.254 - - [30/Mar/2017:13:29:07 +0200] "GET /gui/javascript/form_form.js?1490873347 HTTP/1.1" 200 16206 "http://ed-test.activities.at/entry.php?id=10271&&ser=873287" "Mozilla/5.0 (Macintosh; Intel Mac OS X 10_12_3) AppleWebKit/602.4.8 (KHTML, like Gecko) Version/10.0.3 Safari/602.4.8"
212.108.43.59 - - [30/Mar/2017:13:29:41 +0200] "GET /entry.php?id=10271&&ser=873320 HTTP/1.1" 200 986 "http://ed-test.activities.at/entry.php?id=10271&&ser=873259" "Mozilla/5.0 (Windows NT 10.0; Win64; x64) AppleWebKit/537.36 (KHTML, like Gecko) Chrome/56.0.2924.87 Safari/537.36"
212.108.43.59 - - [30/Mar/2017:13:29:41 +0200] "GET /gui/javascript/form_form.js?1490873381 HTTP/1.1" 200 16206 "http://ed-test.activities.at/entry.php?id=10271&&ser=873320" "Mozilla/5.0 (Windows NT 10.0; Win64; x64) AppleWebKit/537.36 (KHTML, like Gecko) Chrome/56.0.2924.87 Safari/537.36"
88.117.172.254 - - [30/Mar/2017:13:30:07 +0200] "GET /entry.php?id=10271&&ser=873347 HTTP/1.1" 200 987 "http://ed-test.activities.at/entry.php?id=10271&&ser=873287" "Mozilla/5.0 (Macintosh; Intel Mac OS X 10_12_3) AppleWebKit/602.4.8 (KHTML, like Gecko) Version/10.0.3 Safari/602.4.8"
88.117.172.254 - - [30/Mar/2017:13:30:08 +0200] "GET /gui/javascript/form_form.js?1490873407 HTTP/1.1" 200 16206 "http://ed-test.activities.at/entry.php?id=10271&&ser=873347" "Mozilla/5.0 (Macintosh; Intel Mac OS X 10_12_3) AppleWebKit/602.4.8 (KHTML, like Gecko) Version/10.0.3 Safari/602.4.8"
212.108.43.59 - - [30/Mar/2017:13:30:42 +0200] "GET /entry.php?id=10271&&ser=873381 HTTP/1.1" 200 987 "http://ed-test.activities.at/entry.php?id=10271&&ser=873320" "Mozilla/5.0 (Windows NT 10.0; Win64; x64) AppleWebKit/537.36 (KHTML, like Gecko) Chrome/56.0.2924.87 Safari/537.36"
212.108.43.59 - - [30/Mar/2017:13:30:42 +0200] "GET /gui/javascript/form_form.js?1490873442 HTTP/1.1" 200 16206 "http://ed-test.activities.at/entry.php?id=10271&&ser=873381" "Mozilla/5.0 (Windows NT 10.0; Win64; x64) AppleWebKit/537.36 (KHTML, like Gecko) Chrome/56.0.2924.87 Safari/537.36"
88.117.172.254 - - [30/Mar/2017:13:31:08 +0200] "GET /entry.php?id=10271&&ser=873407 HTTP/1.1" 200 987 "http://ed-test.activities.at/entry.php?id=10271&&ser=873347" "Mozilla/5.0 (Macintosh; Intel Mac OS X 10_12_3) AppleWebKit/602.4.8 (KHTML, like Gecko) Version/10.0.3 Safari/602.4.8"
88.117.172.254 - - [30/Mar/2017:13:31:08 +0200] "GET /gui/javascript/form_form.js?1490873468 HTTP/1.1" 200 16206 "http://ed-test.activities.at/entry.php?id=10271&&ser=873407" "Mozilla/5.0 (Macintosh; Intel Mac OS X 10_12_3) AppleWebKit/602.4.8 (KHTML, like Gecko) Version/10.0.3 Safari/602.4.8"
212.108.43.59 - - [30/Mar/2017:13:31:43 +0200] "GET /entry.php?id=10271&&ser=873442 HTTP/1.1" 200 987 "http://ed-test.activities.at/entry.php?id=10271&&ser=873381" "Mozilla/5.0 (Windows NT 10.0; Win64; x64) AppleWebKit/537.36 (KHTML, like Gecko) Chrome/56.0.2924.87 Safari/537.36"
212.108.43.59 - - [30/Mar/2017:13:31:43 +0200] "GET /gui/javascript/form_form.js?1490873503 HTTP/1.1" 200 16206 "http://ed-test.activities.at/entry.php?id=10271&&ser=873442" "Mozilla/5.0 (Windows NT 10.0; Win64; x64) AppleWebKit/537.36 (KHTML, like Gecko) Chrome/56.0.2924.87 Safari/537.36"
88.117.172.254 - - [30/Mar/2017:13:32:08 +0200] "GET /entry.php?id=10271&&ser=873468 HTTP/1.1" 200 987 "http://ed-test.activities.at/entry.php?id=10271&&ser=873407" "Mozilla/5.0 (Macintosh; Intel Mac OS X 10_12_3) AppleWebKit/602.4.8 (KHTML, like Gecko) Version/10.0.3 Safari/602.4.8"
88.117.172.254 - - [30/Mar/2017:13:32:08 +0200] "GET /gui/javascript/form_form.js?1490873528 HTTP/1.1" 200 16206 "http://ed-test.activities.at/entry.php?id=10271&&ser=873468" "Mozilla/5.0 (Macintosh; Intel Mac OS X 10_12_3) AppleWebKit/602.4.8 (KHTML, like Gecko) Version/10.0.3 Safari/602.4.8"
212.108.43.59 - - [30/Mar/2017:13:32:44 +0200] "GET /entry.php?id=10271&&ser=873503 HTTP/1.1" 200 987 "http://ed-test.activities.at/entry.php?id=10271&&ser=873442" "Mozilla/5.0 (Windows NT 10.0; Win64; x64) AppleWebKit/537.36 (KHTML, like Gecko) Chrome/56.0.2924.87 Safari/537.36"
212.108.43.59 - - [30/Mar/2017:13:32:44 +0200] "GET /gui/javascript/form_form.js?1490873564 HTTP/1.1" 200 16206 "http://ed-test.activities.at/entry.php?id=10271&&ser=873503" "Mozilla/5.0 (Windows NT 10.0; Win64; x64) AppleWebKit/537.36 (KHTML, like Gecko) Chrome/56.0.2924.87 Safari/537.36"
88.117.172.254 - - [30/Mar/2017:13:33:08 +0200] "GET /entry.php?id=10271&&ser=873528 HTTP/1.1" 200 987 "http://ed-test.activities.at/entry.php?id=10271&&ser=873468" "Mozilla/5.0 (Macintosh; Intel Mac OS X 10_12_3) AppleWebKit/602.4.8 (KHTML, like Gecko) Version/10.0.3 Safari/602.4.8"
88.117.172.254 - - [30/Mar/2017:13:33:09 +0200] "GET /gui/javascript/form_form.js?1490873589 HTTP/1.1" 200 16206 "http://ed-test.activities.at/entry.php?id=10271&&ser=873528" "Mozilla/5.0 (Macintosh; Intel Mac OS X 10_12_3) AppleWebKit/602.4.8 (KHTML, like Gecko) Version/10.0.3 Safari/602.4.8"
212.108.43.59 - - [30/Mar/2017:13:33:45 +0200] "GET /entry.php?id=10271&&ser=873564 HTTP/1.1" 200 987 "http://ed-test.activities.at/entry.php?id=10271&&ser=873503" "Mozilla/5.0 (Windows NT 10.0; Win64; x64) AppleWebKit/537.36 (KHTML, like Gecko) Chrome/56.0.2924.87 Safari/537.36"
212.108.43.59 - - [30/Mar/2017:13:33:45 +0200] "GET /gui/javascript/form_form.js?1490873625 HTTP/1.1" 200 16206 "http://ed-test.activities.at/entry.php?id=10271&&ser=873564" "Mozilla/5.0 (Windows NT 10.0; Win64; x64) AppleWebKit/537.36 (KHTML, like Gecko) Chrome/56.0.2924.87 Safari/537.36"
88.117.172.254 - - [30/Mar/2017:13:34:09 +0200] "GET /entry.php?id=10271&&ser=873589 HTTP/1.1" 200 987 "http://ed-test.activities.at/entry.php?id=10271&&ser=873528" "Mozilla/5.0 (Macintosh; Intel Mac OS X 10_12_3) AppleWebKit/602.4.8 (KHTML, like Gecko) Version/10.0.3 Safari/602.4.8"
88.117.172.254 - - [30/Mar/2017:13:34:09 +0200] "GET /gui/javascript/form_form.js?1490873649 HTTP/1.1" 200 16206 "http://ed-test.activities.at/entry.php?id=10271&&ser=873589" "Mozilla/5.0 (Macintosh; Intel Mac OS X 10_12_3) AppleWebKit/602.4.8 (KHTML, like Gecko) Version/10.0.3 Safari/602.4.8"
212.108.43.59 - - [30/Mar/2017:13:34:46 +0200] "GET /entry.php?id=10271&&ser=873625 HTTP/1.1" 200 987 "http://ed-test.activities.at/entry.php?id=10271&&ser=873564" "Mozilla/5.0 (Windows NT 10.0; Win64; x64) AppleWebKit/537.36 (KHTML, like Gecko) Chrome/56.0.2924.87 Safari/537.36"
212.108.43.59 - - [30/Mar/2017:13:34:46 +0200] "GET /gui/javascript/form_form.js?1490873686 HTTP/1.1" 200 16206 "http://ed-test.activities.at/entry.php?id=10271&&ser=873625" "Mozilla/5.0 (Windows NT 10.0; Win64; x64) AppleWebKit/537.36 (KHTML, like Gecko) Chrome/56.0.2924.87 Safari/537.36"
88.117.172.254 - - [30/Mar/2017:13:35:09 +0200] "GET /entry.php?id=10271&&ser=873649 HTTP/1.1" 200 987 "http://ed-test.activities.at/entry.php?id=10271&&ser=873589" "Mozilla/5.0 (Macintosh; Intel Mac OS X 10_12_3) AppleWebKit/602.4.8 (KHTML, like Gecko) Version/10.0.3 Safari/602.4.8"
88.117.172.254 - - [30/Mar/2017:13:35:09 +0200] "GET /gui/javascript/form_form.js?1490873709 HTTP/1.1" 200 16206 "http://ed-test.activities.at/entry.php?id=10271&&ser=873649" "Mozilla/5.0 (Macintosh; Intel Mac OS X 10_12_3) AppleWebKit/602.4.8 (KHTML, like Gecko) Version/10.0.3 Safari/602.4.8"
212.108.43.59 - - [30/Mar/2017:13:35:47 +0200] "GET /entry.php?id=10271&&ser=873686 HTTP/1.1" 200 987 "http://ed-test.activities.at/entry.php?id=10271&&ser=873625" "Mozilla/5.0 (Windows NT 10.0; Win64; x64) AppleWebKit/537.36 (KHTML, like Gecko) Chrome/56.0.2924.87 Safari/537.36"
212.108.43.59 - - [30/Mar/2017:13:35:47 +0200] "GET /gui/javascript/form_form.js?1490873747 HTTP/1.1" 200 16206 "http://ed-test.activities.at/entry.php?id=10271&&ser=873686" "Mozilla/5.0 (Windows NT 10.0; Win64; x64) AppleWebKit/537.36 (KHTML, like Gecko) Chrome/56.0.2924.87 Safari/537.36"
88.117.172.254 - - [30/Mar/2017:13:36:10 +0200] "GET /entry.php?id=10271&&ser=873709 HTTP/1.1" 200 987 "http://ed-test.activities.at/entry.php?id=10271&&ser=873649" "Mozilla/5.0 (Macintosh; Intel Mac OS X 10_12_3) AppleWebKit/602.4.8 (KHTML, like Gecko) Version/10.0.3 Safari/602.4.8"
88.117.172.254 - - [30/Mar/2017:13:36:10 +0200] "GET /gui/javascript/form_form.js?1490873770 HTTP/1.1" 200 16206 "http://ed-test.activities.at/entry.php?id=10271&&ser=873709" "Mozilla/5.0 (Macintosh; Intel Mac OS X 10_12_3) AppleWebKit/602.4.8 (KHTML, like Gecko) Version/10.0.3 Safari/602.4.8"
212.108.43.59 - - [30/Mar/2017:13:36:48 +0200] "GET /entry.php?id=10271&&ser=873747 HTTP/1.1" 200 986 "http://ed-test.activities.at/entry.php?id=10271&&ser=873686" "Mozilla/5.0 (Windows NT 10.0; Win64; x64) AppleWebKit/537.36 (KHTML, like Gecko) Chrome/56.0.2924.87 Safari/537.36"
212.108.43.59 - - [30/Mar/2017:13:36:48 +0200] "GET /gui/javascript/form_form.js?1490873808 HTTP/1.1" 200 16206 "http://ed-test.activities.at/entry.php?id=10271&&ser=873747" "Mozilla/5.0 (Windows NT 10.0; Win64; x64) AppleWebKit/537.36 (KHTML, like Gecko) Chrome/56.0.2924.87 Safari/537.36"
88.117.172.254 - - [30/Mar/2017:13:37:10 +0200] "GET /entry.php?id=10271&&ser=873770 HTTP/1.1" 200 986 "http://ed-test.activities.at/entry.php?id=10271&&ser=873709" "Mozilla/5.0 (Macintosh; Intel Mac OS X 10_12_3) AppleWebKit/602.4.8 (KHTML, like Gecko) Version/10.0.3 Safari/602.4.8"
88.117.172.254 - - [30/Mar/2017:13:37:10 +0200] "GET /gui/javascript/form_form.js?1490873830 HTTP/1.1" 200 16206 "http://ed-test.activities.at/entry.php?id=10271&&ser=873770" "Mozilla/5.0 (Macintosh; Intel Mac OS X 10_12_3) AppleWebKit/602.4.8 (KHTML, like Gecko) Version/10.0.3 Safari/602.4.8"
212.108.43.59 - - [30/Mar/2017:13:37:49 +0200] "GET /entry.php?id=10271&&ser=873808 HTTP/1.1" 200 987 "http://ed-test.activities.at/entry.php?id=10271&&ser=873747" "Mozilla/5.0 (Windows NT 10.0; Win64; x64) AppleWebKit/537.36 (KHTML, like Gecko) Chrome/56.0.2924.87 Safari/537.36"
212.108.43.59 - - [30/Mar/2017:13:37:49 +0200] "GET /gui/javascript/form_form.js?1490873869 HTTP/1.1" 200 16206 "http://ed-test.activities.at/entry.php?id=10271&&ser=873808" "Mozilla/5.0 (Windows NT 10.0; Win64; x64) AppleWebKit/537.36 (KHTML, like Gecko) Chrome/56.0.2924.87 Safari/537.36"
88.117.172.254 - - [30/Mar/2017:13:38:10 +0200] "GET /entry.php?id=10271&&ser=873830 HTTP/1.1" 200 986 "http://ed-test.activities.at/entry.php?id=10271&&ser=873770" "Mozilla/5.0 (Macintosh; Intel Mac OS X 10_12_3) AppleWebKit/602.4.8 (KHTML, like Gecko) Version/10.0.3 Safari/602.4.8"
88.117.172.254 - - [30/Mar/2017:13:38:11 +0200] "GET /gui/javascript/form_form.js?1490873891 HTTP/1.1" 200 16206 "http://ed-test.activities.at/entry.php?id=10271&&ser=873830" "Mozilla/5.0 (Macintosh; Intel Mac OS X 10_12_3) AppleWebKit/602.4.8 (KHTML, like Gecko) Version/10.0.3 Safari/602.4.8"
212.108.43.59 - - [30/Mar/2017:13:38:50 +0200] "GET /entry.php?id=10271&&ser=873869 HTTP/1.1" 200 987 "http://ed-test.activities.at/entry.php?id=10271&&ser=873808" "Mozilla/5.0 (Windows NT 10.0; Win64; x64) AppleWebKit/537.36 (KHTML, like Gecko) Chrome/56.0.2924.87 Safari/537.36"
212.108.43.59 - - [30/Mar/2017:13:38:50 +0200] "GET /gui/javascript/form_form.js?1490873930 HTTP/1.1" 200 16206 "http://ed-test.activities.at/entry.php?id=10271&&ser=873869" "Mozilla/5.0 (Windows NT 10.0; Win64; x64) AppleWebKit/537.36 (KHTML, like Gecko) Chrome/56.0.2924.87 Safari/537.36"
88.117.172.254 - - [30/Mar/2017:13:39:11 +0200] "GET /entry.php?id=10271&&ser=873891 HTTP/1.1" 200 986 "http://ed-test.activities.at/entry.php?id=10271&&ser=873830" "Mozilla/5.0 (Macintosh; Intel Mac OS X 10_12_3) AppleWebKit/602.4.8 (KHTML, like Gecko) Version/10.0.3 Safari/602.4.8"
88.117.172.254 - - [30/Mar/2017:13:39:11 +0200] "GET /gui/javascript/form_form.js?1490873951 HTTP/1.1" 200 16206 "http://ed-test.activities.at/entry.php?id=10271&&ser=873891" "Mozilla/5.0 (Macintosh; Intel Mac OS X 10_12_3) AppleWebKit/602.4.8 (KHTML, like Gecko) Version/10.0.3 Safari/602.4.8"
212.108.43.59 - - [30/Mar/2017:13:39:51 +0200] "GET /entry.php?id=10271&&ser=873930 HTTP/1.1" 200 986 "http://ed-test.activities.at/entry.php?id=10271&&ser=873869" "Mozilla/5.0 (Windows NT 10.0; Win64; x64) AppleWebKit/537.36 (KHTML, like Gecko) Chrome/56.0.2924.87 Safari/537.36"
212.108.43.59 - - [30/Mar/2017:13:39:51 +0200] "GET /gui/javascript/form_form.js?1490873991 HTTP/1.1" 200 16206 "http://ed-test.activities.at/entry.php?id=10271&&ser=873930" "Mozilla/5.0 (Windows NT 10.0; Win64; x64) AppleWebKit/537.36 (KHTML, like Gecko) Chrome/56.0.2924.87 Safari/537.36"
88.117.172.254 - - [30/Mar/2017:13:40:12 +0200] "GET /entry.php?id=10271&&ser=873951 HTTP/1.1" 200 986 "http://ed-test.activities.at/entry.php?id=10271&&ser=873891" "Mozilla/5.0 (Macintosh; Intel Mac OS X 10_12_3) AppleWebKit/602.4.8 (KHTML, like Gecko) Version/10.0.3 Safari/602.4.8"
88.117.172.254 - - [30/Mar/2017:13:40:12 +0200] "GET /gui/javascript/form_form.js?1490874012 HTTP/1.1" 200 16206 "http://ed-test.activities.at/entry.php?id=10271&&ser=873951" "Mozilla/5.0 (Macintosh; Intel Mac OS X 10_12_3) AppleWebKit/602.4.8 (KHTML, like Gecko) Version/10.0.3 Safari/602.4.8"
212.108.43.59 - - [30/Mar/2017:13:40:52 +0200] "GET /entry.php?id=10271&&ser=873991 HTTP/1.1" 200 987 "http://ed-test.activities.at/entry.php?id=10271&&ser=873930" "Mozilla/5.0 (Windows NT 10.0; Win64; x64) AppleWebKit/537.36 (KHTML, like Gecko) Chrome/56.0.2924.87 Safari/537.36"
212.108.43.59 - - [30/Mar/2017:13:40:52 +0200] "GET /gui/javascript/form_form.js?1490874052 HTTP/1.1" 200 16206 "http://ed-test.activities.at/entry.php?id=10271&&ser=873991" "Mozilla/5.0 (Windows NT 10.0; Win64; x64) AppleWebKit/537.36 (KHTML, like Gecko) Chrome/56.0.2924.87 Safari/537.36"
88.117.172.254 - - [30/Mar/2017:13:41:12 +0200] "GET /entry.php?id=10271&&ser=874012 HTTP/1.1" 200 987 "http://ed-test.activities.at/entry.php?id=10271&&ser=873951" "Mozilla/5.0 (Macintosh; Intel Mac OS X 10_12_3) AppleWebKit/602.4.8 (KHTML, like Gecko) Version/10.0.3 Safari/602.4.8"
88.117.172.254 - - [30/Mar/2017:13:41:12 +0200] "GET /gui/javascript/form_form.js?1490874072 HTTP/1.1" 200 16206 "http://ed-test.activities.at/entry.php?id=10271&&ser=874012" "Mozilla/5.0 (Macintosh; Intel Mac OS X 10_12_3) AppleWebKit/602.4.8 (KHTML, like Gecko) Version/10.0.3 Safari/602.4.8"
212.108.43.59 - - [30/Mar/2017:13:41:53 +0200] "GET /entry.php?id=10271&&ser=874052 HTTP/1.1" 200 986 "http://ed-test.activities.at/entry.php?id=10271&&ser=873991" "Mozilla/5.0 (Windows NT 10.0; Win64; x64) AppleWebKit/537.36 (KHTML, like Gecko) Chrome/56.0.2924.87 Safari/537.36"
212.108.43.59 - - [30/Mar/2017:13:41:53 +0200] "GET /gui/javascript/form_form.js?1490874113 HTTP/1.1" 200 16206 "http://ed-test.activities.at/entry.php?id=10271&&ser=874052" "Mozilla/5.0 (Windows NT 10.0; Win64; x64) AppleWebKit/537.36 (KHTML, like Gecko) Chrome/56.0.2924.87 Safari/537.36"
88.117.172.254 - - [30/Mar/2017:13:42:12 +0200] "GET /entry.php?id=10271&&ser=874072 HTTP/1.1" 200 987 "http://ed-test.activities.at/entry.php?id=10271&&ser=874012" "Mozilla/5.0 (Macintosh; Intel Mac OS X 10_12_3) AppleWebKit/602.4.8 (KHTML, like Gecko) Version/10.0.3 Safari/602.4.8"
88.117.172.254 - - [30/Mar/2017:13:42:13 +0200] "GET /gui/javascript/form_form.js?1490874133 HTTP/1.1" 200 16206 "http://ed-test.activities.at/entry.php?id=10271&&ser=874072" "Mozilla/5.0 (Macintosh; Intel Mac OS X 10_12_3) AppleWebKit/602.4.8 (KHTML, like Gecko) Version/10.0.3 Safari/602.4.8"
212.108.43.59 - - [30/Mar/2017:13:42:54 +0200] "GET /entry.php?id=10271&&ser=874113 HTTP/1.1" 200 987 "http://ed-test.activities.at/entry.php?id=10271&&ser=874052" "Mozilla/5.0 (Windows NT 10.0; Win64; x64) AppleWebKit/537.36 (KHTML, like Gecko) Chrome/56.0.2924.87 Safari/537.36"
212.108.43.59 - - [30/Mar/2017:13:42:54 +0200] "GET /gui/javascript/form_form.js?1490874174 HTTP/1.1" 200 16206 "http://ed-test.activities.at/entry.php?id=10271&&ser=874113" "Mozilla/5.0 (Windows NT 10.0; Win64; x64) AppleWebKit/537.36 (KHTML, like Gecko) Chrome/56.0.2924.87 Safari/537.36"
88.117.172.254 - - [30/Mar/2017:13:43:13 +0200] "GET /entry.php?id=10271&&ser=874133 HTTP/1.1" 200 987 "http://ed-test.activities.at/entry.php?id=10271&&ser=874072" "Mozilla/5.0 (Macintosh; Intel Mac OS X 10_12_3) AppleWebKit/602.4.8 (KHTML, like Gecko) Version/10.0.3 Safari/602.4.8"
88.117.172.254 - - [30/Mar/2017:13:43:13 +0200] "GET /gui/javascript/form_form.js?1490874193 HTTP/1.1" 200 16206 "http://ed-test.activities.at/entry.php?id=10271&&ser=874133" "Mozilla/5.0 (Macintosh; Intel Mac OS X 10_12_3) AppleWebKit/602.4.8 (KHTML, like Gecko) Version/10.0.3 Safari/602.4.8"
212.108.43.59 - - [30/Mar/2017:13:43:55 +0200] "GET /entry.php?id=10271&&ser=874174 HTTP/1.1" 200 986 "http://ed-test.activities.at/entry.php?id=10271&&ser=874113" "Mozilla/5.0 (Windows NT 10.0; Win64; x64) AppleWebKit/537.36 (KHTML, like Gecko) Chrome/56.0.2924.87 Safari/537.36"
212.108.43.59 - - [30/Mar/2017:13:43:55 +0200] "GET /gui/javascript/form_form.js?1490874235 HTTP/1.1" 200 16206 "http://ed-test.activities.at/entry.php?id=10271&&ser=874174" "Mozilla/5.0 (Windows NT 10.0; Win64; x64) AppleWebKit/537.36 (KHTML, like Gecko) Chrome/56.0.2924.87 Safari/537.36"
88.117.172.254 - - [30/Mar/2017:13:44:13 +0200] "GET /entry.php?id=10271&&ser=874193 HTTP/1.1" 200 987 "http://ed-test.activities.at/entry.php?id=10271&&ser=874133" "Mozilla/5.0 (Macintosh; Intel Mac OS X 10_12_3) AppleWebKit/602.4.8 (KHTML, like Gecko) Version/10.0.3 Safari/602.4.8"
88.117.172.254 - - [30/Mar/2017:13:44:13 +0200] "GET /gui/javascript/form_form.js?1490874253 HTTP/1.1" 200 16206 "http://ed-test.activities.at/entry.php?id=10271&&ser=874193" "Mozilla/5.0 (Macintosh; Intel Mac OS X 10_12_3) AppleWebKit/602.4.8 (KHTML, like Gecko) Version/10.0.3 Safari/602.4.8"
212.108.43.59 - - [30/Mar/2017:13:44:56 +0200] "GET /entry.php?id=10271&&ser=874235 HTTP/1.1" 200 987 "http://ed-test.activities.at/entry.php?id=10271&&ser=874174" "Mozilla/5.0 (Windows NT 10.0; Win64; x64) AppleWebKit/537.36 (KHTML, like Gecko) Chrome/56.0.2924.87 Safari/537.36"
212.108.43.59 - - [30/Mar/2017:13:44:56 +0200] "GET /gui/javascript/form_form.js?1490874296 HTTP/1.1" 200 16206 "http://ed-test.activities.at/entry.php?id=10271&&ser=874235" "Mozilla/5.0 (Windows NT 10.0; Win64; x64) AppleWebKit/537.36 (KHTML, like Gecko) Chrome/56.0.2924.87 Safari/537.36"
88.117.172.254 - - [30/Mar/2017:13:45:14 +0200] "GET /entry.php?id=10271&&ser=874253 HTTP/1.1" 200 986 "http://ed-test.activities.at/entry.php?id=10271&&ser=874193" "Mozilla/5.0 (Macintosh; Intel Mac OS X 10_12_3) AppleWebKit/602.4.8 (KHTML, like Gecko) Version/10.0.3 Safari/602.4.8"
88.117.172.254 - - [30/Mar/2017:13:45:14 +0200] "GET /gui/javascript/form_form.js?1490874314 HTTP/1.1" 200 16206 "http://ed-test.activities.at/entry.php?id=10271&&ser=874253" "Mozilla/5.0 (Macintosh; Intel Mac OS X 10_12_3) AppleWebKit/602.4.8 (KHTML, like Gecko) Version/10.0.3 Safari/602.4.8"
88.117.172.254 - - [30/Mar/2017:13:45:43 +0200] "GET / HTTP/1.1" 200 382 "-" "Mozilla/5.0 (Macintosh; Intel Mac OS X 10_12_3) AppleWebKit/602.4.8 (KHTML, like Gecko) Version/10.0.3 Safari/602.4.8"
88.117.172.254 - - [30/Mar/2017:13:45:43 +0200] "GET /layout.php HTTP/1.1" 200 913 "http://ed-test.activities.at/" "Mozilla/5.0 (Macintosh; Intel Mac OS X 10_12_3) AppleWebKit/602.4.8 (KHTML, like Gecko) Version/10.0.3 Safari/602.4.8"
88.117.172.254 - - [30/Mar/2017:13:45:43 +0200] "GET /entry.php?id=10270 HTTP/1.1" 200 908 "http://ed-test.activities.at/layout.php" "Mozilla/5.0 (Macintosh; Intel Mac OS X 10_12_3) AppleWebKit/602.4.8 (KHTML, like Gecko) Version/10.0.3 Safari/602.4.8"
88.117.172.254 - - [30/Mar/2017:13:45:43 +0200] "GET /gui/javascript/form_form.js?1490874343 HTTP/1.1" 200 16206 "http://ed-test.activities.at/entry.php?id=10270" "Mozilla/5.0 (Macintosh; Intel Mac OS X 10_12_3) AppleWebKit/602.4.8 (KHTML, like Gecko) Version/10.0.3 Safari/602.4.8"
88.117.172.254 - - [30/Mar/2017:13:45:43 +0200] "GET /entry.php?id=10272 HTTP/1.1" 200 1159 "http://ed-test.activities.at/layout.php" "Mozilla/5.0 (Macintosh; Intel Mac OS X 10_12_3) AppleWebKit/602.4.8 (KHTML, like Gecko) Version/10.0.3 Safari/602.4.8"
88.117.172.254 - - [30/Mar/2017:13:45:43 +0200] "GET /entry.php?id=11412 HTTP/1.1" 200 1763 "http://ed-test.activities.at/layout.php" "Mozilla/5.0 (Macintosh; Intel Mac OS X 10_12_3) AppleWebKit/602.4.8 (KHTML, like Gecko) Version/10.0.3 Safari/602.4.8"
88.117.172.254 - - [30/Mar/2017:13:45:43 +0200] "GET /entry.php?id=10273 HTTP/1.1" 200 2031 "http://ed-test.activities.at/layout.php" "Mozilla/5.0 (Macintosh; Intel Mac OS X 10_12_3) AppleWebKit/602.4.8 (KHTML, like Gecko) Version/10.0.3 Safari/602.4.8"
88.117.172.254 - - [30/Mar/2017:13:45:43 +0200] "GET /framework/webfx/style/toolbar/images/cbback.gif HTTP/1.1" 404 318 "http://ed-test.activities.at/entry.php?id=10273" "Mozilla/5.0 (Macintosh; Intel Mac OS X 10_12_3) AppleWebKit/602.4.8 (KHTML, like Gecko) Version/10.0.3 Safari/602.4.8"
88.117.172.254 - - [30/Mar/2017:13:45:43 +0200] "GET /entry.php?id=10271& HTTP/1.1" 200 987 "http://ed-test.activities.at/entry.php?id=10272" "Mozilla/5.0 (Macintosh; Intel Mac OS X 10_12_3) AppleWebKit/602.4.8 (KHTML, like Gecko) Version/10.0.3 Safari/602.4.8"
88.117.172.254 - - [30/Mar/2017:13:45:43 +0200] "GET /entry.php?id=10270&__app__=10006038 HTTP/1.1" 200 1649 "http://ed-test.activities.at/entry.php?id=10273" "Mozilla/5.0 (Macintosh; Intel Mac OS X 10_12_3) AppleWebKit/602.4.8 (KHTML, like Gecko) Version/10.0.3 Safari/602.4.8"
88.117.172.254 - - [30/Mar/2017:13:45:43 +0200] "GET /entry.php?id=10287 HTTP/1.1" 200 2172 "http://ed-test.activities.at/entry.php?id=11412" "Mozilla/5.0 (Macintosh; Intel Mac OS X 10_12_3) AppleWebKit/602.4.8 (KHTML, like Gecko) Version/10.0.3 Safari/602.4.8"
