212.108.43.59 - - [30/Mar/2017:13:47:30 +0200] "GET /framework/webfx/javascript/tinymce/plugins/anchor/plugin.min.js HTTP/1.1" 200 338 "http://ed-test.activities.at/entry.php?id=11684" "Mozilla/5.0 (Windows NT 10.0; Win64; x64) AppleWebKit/537.36 (KHTML, like Gecko) Chrome/56.0.2924.87 Safari/537.36"
212.108.43.59 - - [30/Mar/2017:13:47:30 +0200] "GET /framework/webfx/javascript/tinymce/plugins/searchreplace/plugin.min.js HTTP/1.1" 200 2568 "http://ed-test.activities.at/entry.php?id=11684" "Mozilla/5.0 (Windows NT 10.0; Win64; x64) AppleWebKit/537.36 (KHTML, like Gecko) Chrome/56.0.2924.87 Safari/537.36"
212.108.43.59 - - [30/Mar/2017:13:47:30 +0200] "GET /framework/webfx/javascript/tinymce/plugins/visualblocks/plugin.min.js HTTP/1.1" 200 523 "http://ed-test.activities.at/entry.php?id=11684" "Mozilla/5.0 (Windows NT 10.0; Win64; x64) AppleWebKit/537.36 (KHTML, like Gecko) Chrome/56.0.2924.87 Safari/537.36"
212.108.43.59 - - [30/Mar/2017:13:47:30 +0200] "GET /framework/webfx/javascript/tinymce/plugins/pagebreak/plugin.min.js HTTP/1.1" 200 636 "http://ed-test.activities.at/entry.php?id=11684" "Mozilla/5.0 (Windows NT 10.0; Win64; x64) AppleWebKit/537.36 (KHTML, like Gecko) Chrome/56.0.2924.87 Safari/537.36"
212.108.43.59 - - [30/Mar/2017:13:47:30 +0200] "GET /framework/webfx/javascript/tinymce/plugins/nonbreaking/plugin.min.js HTTP/1.1" 200 371 "http://ed-test.activities.at/entry.php?id=11684" "Mozilla/5.0 (Windows NT 10.0; Win64; x64) AppleWebKit/537.36 (KHTML, like Gecko) Chrome/56.0.2924.87 Safari/537.36"
212.108.43.59 - - [30/Mar/2017:13:47:30 +0200] "GET /framework/webfx/javascript/tinymce/plugins/contextmenu/plugin.min.js HTTP/1.1" 200 542 "http://ed-test.activities.at/entry.php?id=11684" "Mozilla/5.0 (Windows NT 10.0; Win64; x64) AppleWebKit/537.36 (KHTML, like Gecko) Chrome/56.0.2924.87 Safari/537.36"
212.108.43.59 - - [30/Mar/2017:13:47:30 +0200] "GET /framework/webfx/javascript/tinymce/plugins/template/plugin.min.js HTTP/1.1" 200 1703 "http://ed-test.activities.at/entry.php?id=11684" "Mozilla/5.0 (Windows NT 10.0; Win64; x64) AppleWebKit/537.36 (KHTML, like Gecko) Chrome/56.0.2924.87 Safari/537.36"
212.108.43.59 - - [30/Mar/2017:13:47:30 +0200] "GET /framework/webfx/javascript/tinymce/plugins/textcolor/plugin.min.js HTTP/1.1" 200 1636 "http://ed-test.activities.at/entry.php?id=11684" "Mozilla/5.0 (Windows NT 10.0; Win64; x64) AppleWebKit/537.36 (KHTML, like Gecko) Chrome/56.0.2924.87 Safari/537.36"
212.108.43.59 - - [30/Mar/2017:13:47:30 +0200] "GET /framework/webfx/javascript/tinymce/plugins/colorpicker/plugin.min.js HTTP/1.1" 200 613 "http://ed-test.activities.at/entry.php?id=11684" "Mozilla/5.0 (Windows NT 10.0; Win64; x64) AppleWebKit/537.36 (KHTML, like Gecko) Chrome/56.0.2924.87 Safari/537.36"
212.108.43.59 - - [30/Mar/2017:13:47:30 +0200] "GET /framework/webfx/javascript/tinymce/plugins/paste/plugin.min.js HTTP/1.1" 200 6164 "http://ed-test.activities.at/entry.php?id=11684" "Mozilla/5.0 (Windows NT 10.0; Win64; x64) AppleWebKit/537.36 (KHTML, like Gecko) Chrome/56.0.2924.87 Safari/537.36"
212.108.43.59 - - [30/Mar/2017:13:47:30 +0200] "GET /framework/webfx/javascript/tinymce/plugins/link/plugin.min.js HTTP/1.1" 200 1939 "http://ed-test.activities.at/entry.php?id=11684" "Mozilla/5.0 (Windows NT 10.0; Win64; x64) AppleWebKit/537.36 (KHTML, like Gecko) Chrome/56.0.2924.87 Safari/537.36"
212.108.43.59 - - [30/Mar/2017:13:47:30 +0200] "GET /framework/webfx/javascript/tinymce/plugins/image/plugin.min.js HTTP/1.1" 200 2240 "http://ed-test.activities.at/entry.php?id=11684" "Mozilla/5.0 (Windows NT 10.0; Win64; x64) AppleWebKit/537.36 (KHTML, like Gecko) Chrome/56.0.2924.87 Safari/537.36"
212.108.43.59 - - [30/Mar/2017:13:47:31 +0200] "GET /framework/webfx/javascript/tinymce/skins/lightgray/skin.min.css HTTP/1.1" 200 6110 "http://ed-test.activities.at/entry.php?id=11684" "Mozilla/5.0 (Windows NT 10.0; Win64; x64) AppleWebKit/537.36 (KHTML, like Gecko) Chrome/56.0.2924.87 Safari/537.36"
212.108.43.59 - - [30/Mar/2017:13:47:31 +0200] "GET /framework/webfx/javascript/tinymce/skins/lightgray/content.min.css HTTP/1.1" 404 329 "http://ed-test.activities.at/entry.php?id=11684" "Mozilla/5.0 (Windows NT 10.0; Win64; x64) AppleWebKit/537.36 (KHTML, like Gecko) Chrome/56.0.2924.87 Safari/537.36"
212.108.43.59 - - [30/Mar/2017:13:47:31 +0200] "GET /framework/webfx/javascript/tinymce/skins/lightgray/fonts/tinymce-small.woff HTTP/1.1" 200 7848 "http://ed-test.activities.at/framework/webfx/javascript/tinymce/skins/lightgray/skin.min.css" "Mozilla/5.0 (Windows NT 10.0; Win64; x64) AppleWebKit/537.36 (KHTML, like Gecko) Chrome/56.0.2924.87 Safari/537.36"
212.108.43.59 - - [30/Mar/2017:13:47:36 +0200] "GET /entry.php?id=10711&chooserview=PinEditimages&view=PinEditimages HTTP/1.1" 200 1716 "http://ed-test.activities.at/entry.php?id=11684" "Mozilla/5.0 (Windows NT 10.0; Win64; x64) AppleWebKit/537.36 (KHTML, like Gecko) Chrome/56.0.2924.87 Safari/537.36"
212.108.43.59 - - [30/Mar/2017:13:47:36 +0200] "GET /gui/javascript/form_binary.js HTTP/1.1" 200 3410 "http://ed-test.activities.at/entry.php?id=10711&chooserview=PinEditimages&view=PinEditimages" "Mozilla/5.0 (Windows NT 10.0; Win64; x64) AppleWebKit/537.36 (KHTML, like Gecko) Chrome/56.0.2924.87 Safari/537.36"
212.108.43.59 - - [30/Mar/2017:13:47:36 +0200] "GET /gui/javascript/form_form.js?1490874456 HTTP/1.1" 200 16206 "http://ed-test.activities.at/entry.php?id=10711&chooserview=PinEditimages&view=PinEditimages" "Mozilla/5.0 (Windows NT 10.0; Win64; x64) AppleWebKit/537.36 (KHTML, like Gecko) Chrome/56.0.2924.87 Safari/537.36"
212.108.43.59 - - [30/Mar/2017:13:47:36 +0200] "GET /gui/javascript/jquery/js/ui.splitter.js HTTP/1.1" 200 3473 "http://ed-test.activities.at/entry.php?id=10711&chooserview=PinEditimages&view=PinEditimages" "Mozilla/5.0 (Windows NT 10.0; Win64; x64) AppleWebKit/537.36 (KHTML, like Gecko) Chrome/56.0.2924.87 Safari/537.36"
212.108.43.59 - - [30/Mar/2017:13:47:36 +0200] "GET /entry.php?id=10676&title=Ressourcenverwaltung HTTP/1.1" 200 1395 "http://ed-test.activities.at/entry.php?id=10711&chooserview=PinEditimages&view=PinEditimages" "Mozilla/5.0 (Windows NT 10.0; Win64; x64) AppleWebKit/537.36 (KHTML, like Gecko) Chrome/56.0.2924.87 Safari/537.36"
212.108.43.59 - - [30/Mar/2017:13:47:36 +0200] "GET /entry.php?id=10703&&but=&object=&class=&tag=&value=&chooserview=PinEditimages&function=&setlist=&t_width=&t_height=&view=PinEditimages HTTP/1.1" 200 2540 "http://ed-test.activities.at/entry.php?id=10711&chooserview=PinEditimages&view=PinEditimages" "Mozilla/5.0 (Windows NT 10.0; Win64; x64) AppleWebKit/537.36 (KHTML, like Gecko) Chrome/56.0.2924.87 Safari/537.36"
212.108.43.59 - - [30/Mar/2017:13:47:37 +0200] "GET /entry.php?id=10776&form=10547&name=list& HTTP/1.1" 200 1290 "http://ed-test.activities.at/entry.php?id=10703&&but=&object=&class=&tag=&value=&chooserview=PinEditimages&function=&setlist=&t_width=&t_height=&view=PinEditimages" "Mozilla/5.0 (Windows NT 10.0; Win64; x64) AppleWebKit/537.36 (KHTML, like Gecko) Chrome/56.0.2924.87 Safari/537.36"
212.108.43.59 - - [30/Mar/2017:13:47:36 +0200] "GET /entry.php?id=10704&&but=&object=&class=&tag=&value=&chooserview=PinEditimages&function=&setlist=&t_width=&t_height=&view=PinEditimages HTTP/1.1" 200 2881 "http://ed-test.activities.at/entry.php?id=10711&chooserview=PinEditimages&view=PinEditimages" "Mozilla/5.0 (Windows NT 10.0; Win64; x64) AppleWebKit/537.36 (KHTML, like Gecko) Chrome/56.0.2924.87 Safari/537.36"
212.108.43.59 - - [30/Mar/2017:13:47:37 +0200] "GET /entry.php?id=10778&form=10547&name=list& HTTP/1.1" 200 3000 "http://ed-test.activities.at/entry.php?id=10703&&but=&object=&class=&tag=&value=&chooserview=PinEditimages&function=&setlist=&t_width=&t_height=&view=PinEditimages" "Mozilla/5.0 (Windows NT 10.0; Win64; x64) AppleWebKit/537.36 (KHTML, like Gecko) Chrome/56.0.2924.87 Safari/537.36"
212.108.43.59 - - [30/Mar/2017:13:47:37 +0200] "GET /gui/javascript/form_form.js?1490874457 HTTP/1.1" 200 16206 "http://ed-test.activities.at/entry.php?id=10704&&but=&object=&class=&tag=&value=&chooserview=PinEditimages&function=&setlist=&t_width=&t_height=&view=PinEditimages" "Mozilla/5.0 (Windows NT 10.0; Win64; x64) AppleWebKit/537.36 (KHTML, like Gecko) Chrome/56.0.2924.87 Safari/537.36"
212.108.43.59 - - [30/Mar/2017:13:47:37 +0200] "GET /entry.php?id=10776&form=10549&name=list& HTTP/1.1" 200 1546 "http://ed-test.activities.at/entry.php?id=10704&&but=&object=&class=&tag=&value=&chooserview=PinEditimages&function=&setlist=&t_width=&t_height=&view=PinEditimages" "Mozilla/5.0 (Windows NT 10.0; Win64; x64) AppleWebKit/537.36 (KHTML, like Gecko) Chrome/56.0.2924.87 Safari/537.36"
212.108.43.59 - - [30/Mar/2017:13:47:37 +0200] "GET /entry.php?id=10778&form=10549&name=list& HTTP/1.1" 200 2599 "http://ed-test.activities.at/entry.php?id=10704&&but=&object=&class=&tag=&value=&chooserview=PinEditimages&function=&setlist=&t_width=&t_height=&view=PinEditimages" "Mozilla/5.0 (Windows NT 10.0; Win64; x64) AppleWebKit/537.36 (KHTML, like Gecko) Chrome/56.0.2924.87 Safari/537.36"
212.108.43.59 - - [30/Mar/2017:13:47:37 +0200] "GET /gui/images/icons/disabled_view_grid.gif HTTP/1.1" 200 399 "http://ed-test.activities.at/entry.php?id=10776&form=10549&name=list&" "Mozilla/5.0 (Windows NT 10.0; Win64; x64) AppleWebKit/537.36 (KHTML, like Gecko) Chrome/56.0.2924.87 Safari/537.36"
212.108.43.59 - - [30/Mar/2017:13:47:40 +0200] "GET /gui/javascript/jquery/css/gui-themes/images/ui-icons_000000_256x240_ev.png HTTP/1.1" 200 11218 "http://ed-test.activities.at/gui/javascript/jquery/css/gui-themes/custom.min.css" "Mozilla/5.0 (Windows NT 10.0; Win64; x64) AppleWebKit/537.36 (KHTML, like Gecko) Chrome/56.0.2924.87 Safari/537.36"
212.108.43.59 - - [30/Mar/2017:13:47:59 +0200] "GET /entry.php?id=10271&&ser=874418 HTTP/1.1" 200 986 "http://ed-test.activities.at/entry.php?id=10271&&ser=874357" "Mozilla/5.0 (Windows NT 10.0; Win64; x64) AppleWebKit/537.36 (KHTML, like Gecko) Chrome/56.0.2924.87 Safari/537.36"
212.108.43.59 - - [30/Mar/2017:13:47:59 +0200] "GET /gui/javascript/form_form.js?1490874479 HTTP/1.1" 200 16206 "http://ed-test.activities.at/entry.php?id=10271&&ser=874418" "Mozilla/5.0 (Windows NT 10.0; Win64; x64) AppleWebKit/537.36 (KHTML, like Gecko) Chrome/56.0.2924.87 Safari/537.36"
212.108.43.59 - - [30/Mar/2017:13:48:14 +0200] "GET /entry.php?id=10271&&ser=874433 HTTP/1.1" 200 987 "http://ed-test.activities.at/entry.php?id=10271&&ser=874373" "Mozilla/5.0 (Windows NT 10.0; Win64; x64) AppleWebKit/537.36 (KHTML, like Gecko) Chrome/56.0.2924.87 Safari/537.36"
212.108.43.59 - - [30/Mar/2017:13:48:14 +0200] "GET /gui/javascript/form_form.js?1490874494 HTTP/1.1" 200 16206 "http://ed-test.activities.at/entry.php?id=10271&&ser=874433" "Mozilla/5.0 (Windows NT 10.0; Win64; x64) AppleWebKit/537.36 (KHTML, like Gecko) Chrome/56.0.2924.87 Safari/537.36"
88.117.172.254 - - [30/Mar/2017:13:48:15 +0200] "GET /entry.php?id=10271&&ser=874435 HTTP/1.1" 200 987 "http://ed-test.activities.at/entry.php?id=10271&&ser=874374" "Mozilla/5.0 (Macintosh; Intel Mac OS X 10_12_3) AppleWebKit/602.4.8 (KHTML, like Gecko) Version/10.0.3 Safari/602.4.8"
88.117.172.254 - - [30/Mar/2017:13:48:15 +0200] "GET /gui/javascript/form_form.js?1490874495 HTTP/1.1" 200 16206 "http://ed-test.activities.at/entry.php?id=10271&&ser=874435" "Mozilla/5.0 (Macintosh; Intel Mac OS X 10_12_3) AppleWebKit/602.4.8 (KHTML, like Gecko) Version/10.0.3 Safari/602.4.8"
88.117.172.254 - - [30/Mar/2017:13:48:23 +0200] "GET /gui/javascript/jquery/css/gui-themes/images/ui-icons_72a7cf_256x240_ev.png HTTP/1.1" 200 6036 "http://ed-test.activities.at/entry.php?id=11412" "Mozilla/5.0 (Macintosh; Intel Mac OS X 10_12_3) AppleWebKit/602.4.8 (KHTML, like Gecko) Version/10.0.3 Safari/602.4.8"
88.117.172.254 - - [30/Mar/2017:13:48:23 +0200] "GET /gui/javascript/jquery/css/gui-themes/images/ui-icons_ffffff_256x240_ev.png HTTP/1.1" 200 6912 "http://ed-test.activities.at/entry.php?id=11412" "Mozilla/5.0 (Macintosh; Intel Mac OS X 10_12_3) AppleWebKit/602.4.8 (KHTML, like Gecko) Version/10.0.3 Safari/602.4.8"
88.117.172.254 - - [30/Mar/2017:13:48:23 +0200] "GET /gui/javascript/jquery/css/gui-themes/images/ui-bg_flat_100_808080_40x100.png HTTP/1.1" 200 209 "http://ed-test.activities.at/entry.php?id=11412" "Mozilla/5.0 (Macintosh; Intel Mac OS X 10_12_3) AppleWebKit/602.4.8 (KHTML, like Gecko) Version/10.0.3 Safari/602.4.8"
88.117.172.254 - - [30/Mar/2017:13:48:23 +0200] "GET /gui/javascript/jquery/css/gui-themes/images/ui-bg_flat_90_eeeeee_40x100.png HTTP/1.1" 200 180 "http://ed-test.activities.at/entry.php?id=11412" "Mozilla/5.0 (Macintosh; Intel Mac OS X 10_12_3) AppleWebKit/602.4.8 (KHTML, like Gecko) Version/10.0.3 Safari/602.4.8"
88.117.172.254 - - [30/Mar/2017:13:48:23 +0200] "GET /entry.php?id=11681&chooserview=editnewmenueitem&hidetitle=true&object=10288501 HTTP/1.1" 200 348 "http://ed-test.activities.at/entry.php?id=11412" "Mozilla/5.0 (Macintosh; Intel Mac OS X 10_12_3) AppleWebKit/602.4.8 (KHTML, like Gecko) Version/10.0.3 Safari/602.4.8"
88.117.172.254 - - [30/Mar/2017:13:48:23 +0200] "GET /entry.php?id=11683&chooserview=editnewmenueitem&object=10288501& HTTP/1.1" 200 2679 "http://ed-test.activities.at/entry.php?id=11681&chooserview=editnewmenueitem&hidetitle=true&object=10288501" "Mozilla/5.0 (Macintosh; Intel Mac OS X 10_12_3) AppleWebKit/602.4.8 (KHTML, like Gecko) Version/10.0.3 Safari/602.4.8"
88.117.172.254 - - [30/Mar/2017:13:48:24 +0200] "GET /gui/javascript/form_ed_training_course.js HTTP/1.1" 200 1951 "http://ed-test.activities.at/entry.php?id=11683&chooserview=editnewmenueitem&object=10288501&" "Mozilla/5.0 (Macintosh; Intel Mac OS X 10_12_3) AppleWebKit/602.4.8 (KHTML, like Gecko) Version/10.0.3 Safari/602.4.8"
88.117.172.254 - - [30/Mar/2017:13:48:24 +0200] "GET /framework/webfx/javascript/scrolltable/scrolltableIframe.js HTTP/1.1" 200 9641 "http://ed-test.activities.at/entry.php?id=11683&chooserview=editnewmenueitem&object=10288501&" "Mozilla/5.0 (Macintosh; Intel Mac OS X 10_12_3) AppleWebKit/602.4.8 (KHTML, like Gecko) Version/10.0.3 Safari/602.4.8"
88.117.172.254 - - [30/Mar/2017:13:48:24 +0200] "GET /gui/javascript/form_form.js?1490874503 HTTP/1.1" 200 16206 "http://ed-test.activities.at/entry.php?id=11683&chooserview=editnewmenueitem&object=10288501&" "Mozilla/5.0 (Macintosh; Intel Mac OS X 10_12_3) AppleWebKit/602.4.8 (KHTML, like Gecko) Version/10.0.3 Safari/602.4.8"
212.108.43.59 - - [30/Mar/2017:13:48:24 +0200] "GET /entry.php?id=11681&chooserview=editnewmenueitem&hidetitle=true&object=10288501 HTTP/1.1" 200 348 "http://ed-test.activities.at/entry.php?id=11412" "Mozilla/5.0 (Windows NT 10.0; Win64; x64) AppleWebKit/537.36 (KHTML, like Gecko) Chrome/56.0.2924.87 Safari/537.36"
88.117.172.254 - - [30/Mar/2017:13:48:23 +0200] "GET /entry.php?id=11684&chooserview=editnewmenueitem&object=10288501& HTTP/1.1" 200 3939 "http://ed-test.activities.at/entry.php?id=11681&chooserview=editnewmenueitem&hidetitle=true&object=10288501" "Mozilla/5.0 (Macintosh; Intel Mac OS X 10_12_3) AppleWebKit/602.4.8 (KHTML, like Gecko) Version/10.0.3 Safari/602.4.8"
88.117.172.254 - - [30/Mar/2017:13:48:24 +0200] "GET /gui/javascript/form_form.js?1490874504 HTTP/1.1" 200 16206 "http://ed-test.activities.at/entry.php?id=11684&chooserview=editnewmenueitem&object=10288501&" "Mozilla/5.0 (Macintosh; Intel Mac OS X 10_12_3) AppleWebKit/602.4.8 (KHTML, like Gecko) Version/10.0.3 Safari/602.4.8"
88.117.172.254 - - [30/Mar/2017:13:48:24 +0200] "GET /entry.php?id=10778&form=11508&name=list& HTTP/1.1" 200 4640 "http://ed-test.activities.at/entry.php?id=11683&chooserview=editnewmenueitem&object=10288501&" "Mozilla/5.0 (Macintosh; Intel Mac OS X 10_12_3) AppleWebKit/602.4.8 (KHTML, like Gecko) Version/10.0.3 Safari/602.4.8"
88.117.172.254 - - [30/Mar/2017:13:48:24 +0200] "GET /framework/icons/fwx_trans.gif HTTP/1.1" 200 43 "http://ed-test.activities.at/entry.php?id=10778&form=11508&name=list&" "Mozilla/5.0 (Macintosh; Intel Mac OS X 10_12_3) AppleWebKit/602.4.8 (KHTML, like Gecko) Version/10.0.3 Safari/602.4.8"
88.117.172.254 - - [30/Mar/2017:13:48:24 +0200] "GET /gui/images/icons/information.gif HTTP/1.1" 200 1025 "http://ed-test.activities.at/entry.php?id=10778&form=11508&name=list&" "Mozilla/5.0 (Macintosh; Intel Mac OS X 10_12_3) AppleWebKit/602.4.8 (KHTML, like Gecko) Version/10.0.3 Safari/602.4.8"
88.117.172.254 - - [30/Mar/2017:13:48:24 +0200] "GET /gui/images/icons/disabled_delete.gif HTTP/1.1" 200 86 "http://ed-test.activities.at/entry.php?id=11684&chooserview=editnewmenueitem&object=10288501&" "Mozilla/5.0 (Macintosh; Intel Mac OS X 10_12_3) AppleWebKit/602.4.8 (KHTML, like Gecko) Version/10.0.3 Safari/602.4.8"
88.117.172.254 - - [30/Mar/2017:13:48:24 +0200] "GET /entry.php?id=10776&form=11508&name=list& HTTP/1.1" 200 1808 "http://ed-test.activities.at/entry.php?id=11683&chooserview=editnewmenueitem&object=10288501&" "Mozilla/5.0 (Macintosh; Intel Mac OS X 10_12_3) AppleWebKit/602.4.8 (KHTML, like Gecko) Version/10.0.3 Safari/602.4.8"
88.117.172.254 - - [30/Mar/2017:13:48:24 +0200] "GET /gui/images/icons/filter_on.gif HTTP/1.1" 200 316 "http://ed-test.activities.at/entry.php?id=10776&form=11508&name=list&" "Mozilla/5.0 (Macintosh; Intel Mac OS X 10_12_3) AppleWebKit/602.4.8 (KHTML, like Gecko) Version/10.0.3 Safari/602.4.8"
88.117.172.254 - - [30/Mar/2017:13:48:24 +0200] "GET /framework/icons/sortUp.gif HTTP/1.1" 200 53 "http://ed-test.activities.at/entry.php?id=10776&form=11508&name=list&" "Mozilla/5.0 (Macintosh; Intel Mac OS X 10_12_3) AppleWebKit/602.4.8 (KHTML, like Gecko) Version/10.0.3 Safari/602.4.8"
212.108.43.59 - - [30/Mar/2017:13:48:24 +0200] "GET /entry.php?id=11684&chooserview=editnewmenueitem&object=10288501& HTTP/1.1" 200 3939 "http://ed-test.activities.at/entry.php?id=11681&chooserview=editnewmenueitem&hidetitle=true&object=10288501" "Mozilla/5.0 (Windows NT 10.0; Win64; x64) AppleWebKit/537.36 (KHTML, like Gecko) Chrome/56.0.2924.87 Safari/537.36"
212.108.43.59 - - [30/Mar/2017:13:48:24 +0200] "GET /gui/javascript/form_form.js?1490874504 HTTP/1.1" 200 16206 "http://ed-test.activities.at/entry.php?id=11684&chooserview=editnewmenueitem&object=10288501&" "Mozilla/5.0 (Windows NT 10.0; Win64; x64) AppleWebKit/537.36 (KHTML, like Gecko) Chrome/56.0.2924.87 Safari/537.36"
212.108.43.59 - - [30/Mar/2017:13:48:24 +0200] "GET /entry.php?id=11683&chooserview=editnewmenueitem&object=10288501& HTTP/1.1" 200 2680 "http://ed-test.activities.at/entry.php?id=11681&chooserview=editnewmenueitem&hidetitle=true&object=10288501" "Mozilla/5.0 (Windows NT 10.0; Win64; x64) AppleWebKit/537.36 (KHTML, like Gecko) Chrome/56.0.2924.87 Safari/537.36"
212.108.43.59 - - [30/Mar/2017:13:48:25 +0200] "GET /gui/javascript/form_form.js?1490874505 HTTP/1.1" 200 16206 "http://ed-test.activities.at/entry.php?id=11683&chooserview=editnewmenueitem&object=10288501&" "Mozilla/5.0 (Windows NT 10.0; Win64; x64) AppleWebKit/537.36 (KHTML, like Gecko) Chrome/56.0.2924.87 Safari/537.36"
212.108.43.59 - - [30/Mar/2017:13:48:25 +0200] "GET /entry.php?id=10776&form=11508&name=list& HTTP/1.1" 200 1808 "http://ed-test.activities.at/entry.php?id=11683&chooserview=editnewmenueitem&object=10288501&" "Mozilla/5.0 (Windows NT 10.0; Win64; x64) AppleWebKit/537.36 (KHTML, like Gecko) Chrome/56.0.2924.87 Safari/537.36"
212.108.43.59 - - [30/Mar/2017:13:48:25 +0200] "GET /entry.php?id=10778&form=11508&name=list& HTTP/1.1" 200 4640 "http://ed-test.activities.at/entry.php?id=11683&chooserview=editnewmenueitem&object=10288501&" "Mozilla/5.0 (Windows NT 10.0; Win64; x64) AppleWebKit/537.36 (KHTML, like Gecko) Chrome/56.0.2924.87 Safari/537.36"
212.108.43.59 - - [30/Mar/2017:13:48:38 +0200] "POST /entry.php?id=11684 HTTP/1.1" 200 3400 "http://ed-test.activities.at/entry.php?id=11684&chooserview=editnewmenueitem&object=10288501&" "Mozilla/5.0 (Windows NT 10.0; Win64; x64) AppleWebKit/537.36 (KHTML, like Gecko) Chrome/56.0.2924.87 Safari/537.36"
212.108.43.59 - - [30/Mar/2017:13:48:39 +0200] "GET /gui/javascript/form_form.js?1490874519 HTTP/1.1" 200 16206 "http://ed-test.activities.at/entry.php?id=11684" "Mozilla/5.0 (Windows NT 10.0; Win64; x64) AppleWebKit/537.36 (KHTML, like Gecko) Chrome/56.0.2924.87 Safari/537.36"
212.108.43.59 - - [30/Mar/2017:13:48:39 +0200] "GET /framework/webfx/javascript/tinymce/skins/lightgray/content.min.css HTTP/1.1" 404 329 "http://ed-test.activities.at/entry.php?id=11684" "Mozilla/5.0 (Windows NT 10.0; Win64; x64) AppleWebKit/537.36 (KHTML, like Gecko) Chrome/56.0.2924.87 Safari/537.36"
88.117.172.254 - - [30/Mar/2017:13:48:39 +0200] "POST /entry.php?id=11684 HTTP/1.1" 200 3399 "http://ed-test.activities.at/entry.php?id=11684&chooserview=editnewmenueitem&object=10288501&" "Mozilla/5.0 (Macintosh; Intel Mac OS X 10_12_3) AppleWebKit/602.4.8 (KHTML, like Gecko) Version/10.0.3 Safari/602.4.8"
88.117.172.254 - - [30/Mar/2017:13:48:40 +0200] "GET /framework/webfx/javascript/tinymce/tinyEdit.js HTTP/1.1" 200 1251 "http://ed-test.activities.at/entry.php?id=11684" "Mozilla/5.0 (Macintosh; Intel Mac OS X 10_12_3) AppleWebKit/602.4.8 (KHTML, like Gecko) Version/10.0.3 Safari/602.4.8"
88.117.172.254 - - [30/Mar/2017:13:48:40 +0200] "GET /gui/javascript/form_form.js?1490874520 HTTP/1.1" 200 16206 "http://ed-test.activities.at/entry.php?id=11684" "Mozilla/5.0 (Macintosh; Intel Mac OS X 10_12_3) AppleWebKit/602.4.8 (KHTML, like Gecko) Version/10.0.3 Safari/602.4.8"
88.117.172.254 - - [30/Mar/2017:13:48:40 +0200] "GET /framework/webfx/javascript/tinymce/tinymce.min.js HTTP/1.1" 200 101898 "http://ed-test.activities.at/entry.php?id=11684" "Mozilla/5.0 (Macintosh; Intel Mac OS X 10_12_3) AppleWebKit/602.4.8 (KHTML, like Gecko) Version/10.0.3 Safari/602.4.8"
88.117.172.254 - - [30/Mar/2017:13:48:40 +0200] "GET /framework/webfx/javascript/tinymce/langs/de.js HTTP/1.1" 200 3001 "http://ed-test.activities.at/entry.php?id=11684" "Mozilla/5.0 (Macintosh; Intel Mac OS X 10_12_3) AppleWebKit/602.4.8 (KHTML, like Gecko) Version/10.0.3 Safari/602.4.8"
88.117.172.254 - - [30/Mar/2017:13:48:40 +0200] "GET /framework/webfx/javascript/tinymce/themes/modern/theme.min.js HTTP/1.1" 200 2636 "http://ed-test.activities.at/entry.php?id=11684" "Mozilla/5.0 (Macintosh; Intel Mac OS X 10_12_3) AppleWebKit/602.4.8 (KHTML, like Gecko) Version/10.0.3 Safari/602.4.8"
88.117.172.254 - - [30/Mar/2017:13:48:40 +0200] "GET /framework/webfx/javascript/tinymce/plugins/advlist/plugin.min.js HTTP/1.1" 200 613 "http://ed-test.activities.at/entry.php?id=11684" "Mozilla/5.0 (Macintosh; Intel Mac OS X 10_12_3) AppleWebKit/602.4.8 (KHTML, like Gecko) Version/10.0.3 Safari/602.4.8"
88.117.172.254 - - [30/Mar/2017:13:48:40 +0200] "GET /framework/webfx/javascript/tinymce/plugins/lists/plugin.min.js HTTP/1.1" 200 2642 "http://ed-test.activities.at/entry.php?id=11684" "Mozilla/5.0 (Macintosh; Intel Mac OS X 10_12_3) AppleWebKit/602.4.8 (KHTML, like Gecko) Version/10.0.3 Safari/602.4.8"
88.117.172.254 - - [30/Mar/2017:13:48:40 +0200] "GET /framework/webfx/javascript/tinymce/plugins/hr/plugin.min.js HTTP/1.1" 200 191 "http://ed-test.activities.at/entry.php?id=11684" "Mozilla/5.0 (Macintosh; Intel Mac OS X 10_12_3) AppleWebKit/602.4.8 (KHTML, like Gecko) Version/10.0.3 Safari/602.4.8"
88.117.172.254 - - [30/Mar/2017:13:48:40 +0200] "GET /framework/webfx/javascript/tinymce/plugins/preview/plugin.min.js HTTP/1.1" 200 734 "http://ed-test.activities.at/entry.php?id=11684" "Mozilla/5.0 (Macintosh; Intel Mac OS X 10_12_3) AppleWebKit/602.4.8 (KHTML, like Gecko) Version/10.0.3 Safari/602.4.8"
88.117.172.254 - - [30/Mar/2017:13:48:40 +0200] "GET /framework/webfx/javascript/tinymce/plugins/anchor/plugin.min.js HTTP/1.1" 200 338 "http://ed-test.activities.at/entry.php?id=11684" "Mozilla/5.0 (Macintosh; Intel Mac OS X 10_12_3) AppleWebKit/602.4.8 (KHTML, like Gecko) Version/10.0.3 Safari/602.4.8"
88.117.172.254 - - [30/Mar/2017:13:48:40 +0200] "GET /framework/webfx/javascript/tinymce/plugins/pagebreak/plugin.min.js HTTP/1.1" 200 636 "http://ed-test.activities.at/entry.php?id=11684" "Mozilla/5.0 (Macintosh; Intel Mac OS X 10_12_3) AppleWebKit/602.4.8 (KHTML, like Gecko) Version/10.0.3 Safari/602.4.8"
88.117.172.254 - - [30/Mar/2017:13:48:40 +0200] "GET /framework/webfx/javascript/tinymce/plugins/searchreplace/plugin.min.js HTTP/1.1" 200 2568 "http://ed-test.activities.at/entry.php?id=11684" "Mozilla/5.0 (Macintosh; Intel Mac OS X 10_12_3) AppleWebKit/602.4.8 (KHTML, like Gecko) Version/10.0.3 Safari/602.4.8"
88.117.172.254 - - [30/Mar/2017:13:48:40 +0200] "GET /framework/webfx/javascript/tinymce/plugins/wordcount/plugin.min.js HTTP/1.1" 200 524 "http://ed-test.activities.at/entry.php?id=11684" "Mozilla/5.0 (Macintosh; Intel Mac OS X 10_12_3) AppleWebKit/602.4.8 (KHTML, like Gecko) Version/10.0.3 Safari/602.4.8"
88.117.172.254 - - [30/Mar/2017:13:48:40 +0200] "GET /framework/webfx/javascript/tinymce/plugins/visualchars/plugin.min.js HTTP/1.1" 200 602 "http://ed-test.activities.at/entry.php?id=11684" "Mozilla/5.0 (Macintosh; Intel Mac OS X 10_12_3) AppleWebKit/602.4.8 (KHTML, like Gecko) Version/10.0.3 Safari/602.4.8"
88.117.172.254 - - [30/Mar/2017:13:48:40 +0200] "GET /framework/webfx/javascript/tinymce/plugins/visualblocks/plugin.min.js HTTP/1.1" 200 523 "http://ed-test.activities.at/entry.php?id=11684" "Mozilla/5.0 (Macintosh; Intel Mac OS X 10_12_3) AppleWebKit/602.4.8 (KHTML, like Gecko) Version/10.0.3 Safari/602.4.8"
88.117.172.254 - - [30/Mar/2017:13:48:40 +0200] "GET /framework/webfx/javascript/tinymce/plugins/nonbreaking/plugin.min.js HTTP/1.1" 200 371 "http://ed-test.activities.at/entry.php?id=11684" "Mozilla/5.0 (Macintosh; Intel Mac OS X 10_12_3) AppleWebKit/602.4.8 (KHTML, like Gecko) Version/10.0.3 Safari/602.4.8"
88.117.172.254 - - [30/Mar/2017:13:48:40 +0200] "GET /framework/webfx/javascript/tinymce/plugins/contextmenu/plugin.min.js HTTP/1.1" 200 542 "http://ed-test.activities.at/entry.php?id=11684" "Mozilla/5.0 (Macintosh; Intel Mac OS X 10_12_3) AppleWebKit/602.4.8 (KHTML, like Gecko) Version/10.0.3 Safari/602.4.8"
88.117.172.254 - - [30/Mar/2017:13:48:40 +0200] "GET /framework/webfx/javascript/tinymce/plugins/template/plugin.min.js HTTP/1.1" 200 1703 "http://ed-test.activities.at/entry.php?id=11684" "Mozilla/5.0 (Macintosh; Intel Mac OS X 10_12_3) AppleWebKit/602.4.8 (KHTML, like Gecko) Version/10.0.3 Safari/602.4.8"
88.117.172.254 - - [30/Mar/2017:13:48:40 +0200] "GET /framework/webfx/javascript/tinymce/plugins/textcolor/plugin.min.js HTTP/1.1" 200 1636 "http://ed-test.activities.at/entry.php?id=11684" "Mozilla/5.0 (Macintosh; Intel Mac OS X 10_12_3) AppleWebKit/602.4.8 (KHTML, like Gecko) Version/10.0.3 Safari/602.4.8"
88.117.172.254 - - [30/Mar/2017:13:48:40 +0200] "GET /framework/webfx/javascript/tinymce/plugins/paste/plugin.min.js HTTP/1.1" 200 6164 "http://ed-test.activities.at/entry.php?id=11684" "Mozilla/5.0 (Macintosh; Intel Mac OS X 10_12_3) AppleWebKit/602.4.8 (KHTML, like Gecko) Version/10.0.3 Safari/602.4.8"
88.117.172.254 - - [30/Mar/2017:13:48:40 +0200] "GET /framework/webfx/javascript/tinymce/plugins/colorpicker/plugin.min.js HTTP/1.1" 200 613 "http://ed-test.activities.at/entry.php?id=11684" "Mozilla/5.0 (Macintosh; Intel Mac OS X 10_12_3) AppleWebKit/602.4.8 (KHTML, like Gecko) Version/10.0.3 Safari/602.4.8"
88.117.172.254 - - [30/Mar/2017:13:48:40 +0200] "GET /framework/webfx/javascript/tinymce/plugins/image/plugin.min.js HTTP/1.1" 200 2240 "http://ed-test.activities.at/entry.php?id=11684" "Mozilla/5.0 (Macintosh; Intel Mac OS X 10_12_3) AppleWebKit/602.4.8 (KHTML, like Gecko) Version/10.0.3 Safari/602.4.8"
88.117.172.254 - - [30/Mar/2017:13:48:40 +0200] "GET /framework/webfx/javascript/tinymce/plugins/link/plugin.min.js HTTP/1.1" 200 1939 "http://ed-test.activities.at/entry.php?id=11684" "Mozilla/5.0 (Macintosh; Intel Mac OS X 10_12_3) AppleWebKit/602.4.8 (KHTML, like Gecko) Version/10.0.3 Safari/602.4.8"
88.117.172.254 - - [30/Mar/2017:13:48:40 +0200] "GET /framework/webfx/javascript/tinymce/skins/lightgray/skin.min.css HTTP/1.1" 200 6110 "http://ed-test.activities.at/entry.php?id=11684" "Mozilla/5.0 (Macintosh; Intel Mac OS X 10_12_3) AppleWebKit/602.4.8 (KHTML, like Gecko) Version/10.0.3 Safari/602.4.8"
88.117.172.254 - - [30/Mar/2017:13:48:40 +0200] "GET /framework/webfx/javascript/tinymce/skins/lightgray/content.min.css HTTP/1.1" 404 329 "-" "Mozilla/5.0 (Macintosh; Intel Mac OS X 10_12_3) AppleWebKit/602.4.8 (KHTML, like Gecko) Version/10.0.3 Safari/602.4.8"
88.117.172.254 - - [30/Mar/2017:13:48:41 +0200] "GET /framework/webfx/javascript/tinymce/skins/lightgray/fonts/tinymce-small.woff HTTP/1.1" 200 7848 "http://ed-test.activities.at/entry.php?id=11684" "Mozilla/5.0 (Macintosh; Intel Mac OS X 10_12_3) AppleWebKit/602.4.8 (KHTML, like Gecko) Version/10.0.3 Safari/602.4.8"
212.108.43.59 - - [30/Mar/2017:13:48:41 +0200] "POST /entry.php?id=11684 HTTP/1.1" 200 3115 "http://ed-test.activities.at/entry.php?id=11684" "Mozilla/5.0 (Windows NT 10.0; Win64; x64) AppleWebKit/537.36 (KHTML, like Gecko) Chrome/56.0.2924.87 Safari/537.36"
212.108.43.59 - - [30/Mar/2017:13:48:41 +0200] "GET /gui/javascript/form_form.js?1490874521 HTTP/1.1" 200 16206 "http://ed-test.activities.at/entry.php?id=11684" "Mozilla/5.0 (Windows NT 10.0; Win64; x64) AppleWebKit/537.36 (KHTML, like Gecko) Chrome/56.0.2924.87 Safari/537.36"
212.108.43.59 - - [30/Mar/2017:13:48:41 +0200] "GET /entry.php?id=10776&form=11506&name=image_list& HTTP/1.1" 200 1538 "http://ed-test.activities.at/entry.php?id=11684" "Mozilla/5.0 (Windows NT 10.0; Win64; x64) AppleWebKit/537.36 (KHTML, like Gecko) Chrome/56.0.2924.87 Safari/537.36"
212.108.43.59 - - [30/Mar/2017:13:48:41 +0200] "GET /entry.php?id=10778&form=11506&name=image_list& HTTP/1.1" 200 2502 "http://ed-test.activities.at/entry.php?id=11684" "Mozilla/5.0 (Windows NT 10.0; Win64; x64) AppleWebKit/537.36 (KHTML, like Gecko) Chrome/56.0.2924.87 Safari/537.36"
212.108.43.59 - - [30/Mar/2017:13:48:42 +0200] "POST /entry.php?id=11684 HTTP/1.1" 200 3400 "http://ed-test.activities.at/entry.php?id=11684" "Mozilla/5.0 (Windows NT 10.0; Win64; x64) AppleWebKit/537.36 (KHTML, like Gecko) Chrome/56.0.2924.87 Safari/537.36"
212.108.43.59 - - [30/Mar/2017:13:48:43 +0200] "GET /gui/javascript/form_form.js?1490874523 HTTP/1.1" 200 16206 "http://ed-test.activities.at/entry.php?id=11684" "Mozilla/5.0 (Windows NT 10.0; Win64; x64) AppleWebKit/537.36 (KHTML, like Gecko) Chrome/56.0.2924.87 Safari/537.36"
212.108.43.59 - - [30/Mar/2017:13:48:43 +0200] "GET /framework/webfx/javascript/tinymce/skins/lightgray/content.min.css HTTP/1.1" 404 329 "http://ed-test.activities.at/entry.php?id=11684" "Mozilla/5.0 (Windows NT 10.0; Win64; x64) AppleWebKit/537.36 (KHTML, like Gecko) Chrome/56.0.2924.87 Safari/537.36"
88.117.172.254 - - [30/Mar/2017:13:48:48 +0200] "POST /entry.php?id=11684 HTTP/1.1" 200 3116 "http://ed-test.activities.at/entry.php?id=11684" "Mozilla/5.0 (Macintosh; Intel Mac OS X 10_12_3) AppleWebKit/602.4.8 (KHTML, like Gecko) Version/10.0.3 Safari/602.4.8"
88.117.172.254 - - [30/Mar/2017:13:48:48 +0200] "GET /gui/javascript/form_form.js?1490874528 HTTP/1.1" 200 16206 "http://ed-test.activities.at/entry.php?id=11684" "Mozilla/5.0 (Macintosh; Intel Mac OS X 10_12_3) AppleWebKit/602.4.8 (KHTML, like Gecko) Version/10.0.3 Safari/602.4.8"
88.117.172.254 - - [30/Mar/2017:13:48:48 +0200] "GET /entry.php?id=10778&form=11506&name=image_list& HTTP/1.1" 200 2502 "http://ed-test.activities.at/entry.php?id=11684" "Mozilla/5.0 (Macintosh; Intel Mac OS X 10_12_3) AppleWebKit/602.4.8 (KHTML, like Gecko) Version/10.0.3 Safari/602.4.8"
88.117.172.254 - - [30/Mar/2017:13:48:48 +0200] "GET /entry.php?id=10776&form=11506&name=image_list& HTTP/1.1" 200 1538 "http://ed-test.activities.at/entry.php?id=11684" "Mozilla/5.0 (Macintosh; Intel Mac OS X 10_12_3) AppleWebKit/602.4.8 (KHTML, like Gecko) Version/10.0.3 Safari/602.4.8"
88.117.172.254 - - [30/Mar/2017:13:48:51 +0200] "POST /entry.php?id=11684 HTTP/1.1" 200 3399 "http://ed-test.activities.at/entry.php?id=11684" "Mozilla/5.0 (Macintosh; Intel Mac OS X 10_12_3) AppleWebKit/602.4.8 (KHTML, like Gecko) Version/10.0.3 Safari/602.4.8"
88.117.172.254 - - [30/Mar/2017:13:48:52 +0200] "GET /gui/javascript/form_form.js?1490874532 HTTP/1.1" 200 16206 "http://ed-test.activities.at/entry.php?id=11684" "Mozilla/5.0 (Macintosh; Intel Mac OS X 10_12_3) AppleWebKit/602.4.8 (KHTML, like Gecko) Version/10.0.3 Safari/602.4.8"
88.117.172.254 - - [30/Mar/2017:13:48:52 +0200] "GET /framework/webfx/javascript/tinymce/skins/lightgray/content.min.css HTTP/1.1" 404 329 "-" "Mozilla/5.0 (Macintosh; Intel Mac OS X 10_12_3) AppleWebKit/602.4.8 (KHTML, like Gecko) Version/10.0.3 Safari/602.4.8"
212.108.43.59 - - [30/Mar/2017:13:48:55 +0200] "POST /entry.php?id=11684 HTTP/1.1" 200 3116 "http://ed-test.activities.at/entry.php?id=11684" "Mozilla/5.0 (Windows NT 10.0; Win64; x64) AppleWebKit/537.36 (KHTML, like Gecko) Chrome/56.0.2924.87 Safari/537.36"
212.108.43.59 - - [30/Mar/2017:13:48:56 +0200] "GET /gui/javascript/form_form.js?1490874535 HTTP/1.1" 200 16206 "http://ed-test.activities.at/entry.php?id=11684" "Mozilla/5.0 (Windows NT 10.0; Win64; x64) AppleWebKit/537.36 (KHTML, like Gecko) Chrome/56.0.2924.87 Safari/537.36"
212.108.43.59 - - [30/Mar/2017:13:48:56 +0200] "GET /entry.php?id=10778&form=11506&name=image_list& HTTP/1.1" 200 2502 "http://ed-test.activities.at/entry.php?id=11684" "Mozilla/5.0 (Windows NT 10.0; Win64; x64) AppleWebKit/537.36 (KHTML, like Gecko) Chrome/56.0.2924.87 Safari/537.36"
212.108.43.59 - - [30/Mar/2017:13:48:56 +0200] "GET /entry.php?id=10776&form=11506&name=image_list& HTTP/1.1" 200 1538 "http://ed-test.activities.at/entry.php?id=11684" "Mozilla/5.0 (Windows NT 10.0; Win64; x64) AppleWebKit/537.36 (KHTML, like Gecko) Chrome/56.0.2924.87 Safari/537.36"
88.117.172.254 - - [30/Mar/2017:13:48:57 +0200] "POST /entry.php?id=11684 HTTP/1.1" 200 3099 "http://ed-test.activities.at/entry.php?id=11684" "Mozilla/5.0 (Macintosh; Intel Mac OS X 10_12_3) AppleWebKit/602.4.8 (KHTML, like Gecko) Version/10.0.3 Safari/602.4.8"
212.108.43.59 - - [30/Mar/2017:13:48:57 +0200] "POST /entry.php?id=11684 HTTP/1.1" 200 3399 "http://ed-test.activities.at/entry.php?id=11684" "Mozilla/5.0 (Windows NT 10.0; Win64; x64) AppleWebKit/537.36 (KHTML, like Gecko) Chrome/56.0.2924.87 Safari/537.36"
88.117.172.254 - - [30/Mar/2017:13:48:58 +0200] "GET /gui/javascript/form_form.js?1490874537 HTTP/1.1" 200 16206 "http://ed-test.activities.at/entry.php?id=11684" "Mozilla/5.0 (Macintosh; Intel Mac OS X 10_12_3) AppleWebKit/602.4.8 (KHTML, like Gecko) Version/10.0.3 Safari/602.4.8"
212.108.43.59 - - [30/Mar/2017:13:48:58 +0200] "GET /gui/javascript/form_form.js?1490874538 HTTP/1.1" 200 16206 "http://ed-test.activities.at/entry.php?id=11684" "Mozilla/5.0 (Windows NT 10.0; Win64; x64) AppleWebKit/537.36 (KHTML, like Gecko) Chrome/56.0.2924.87 Safari/537.36"
88.117.172.254 - - [30/Mar/2017:13:48:58 +0200] "GET /entry.php?id=10778&form=11506&name=binarie_list& HTTP/1.1" 200 2495 "http://ed-test.activities.at/entry.php?id=11684" "Mozilla/5.0 (Macintosh; Intel Mac OS X 10_12_3) AppleWebKit/602.4.8 (KHTML, like Gecko) Version/10.0.3 Safari/602.4.8"
212.108.43.59 - - [30/Mar/2017:13:48:58 +0200] "GET /framework/webfx/javascript/tinymce/skins/lightgray/content.min.css HTTP/1.1" 404 329 "http://ed-test.activities.at/entry.php?id=11684" "Mozilla/5.0 (Windows NT 10.0; Win64; x64) AppleWebKit/537.36 (KHTML, like Gecko) Chrome/56.0.2924.87 Safari/537.36"
88.117.172.254 - - [30/Mar/2017:13:48:58 +0200] "GET /entry.php?id=10776&form=11506&name=binarie_list& HTTP/1.1" 200 1529 "http://ed-test.activities.at/entry.php?id=11684" "Mozilla/5.0 (Macintosh; Intel Mac OS X 10_12_3) AppleWebKit/602.4.8 (KHTML, like Gecko) Version/10.0.3 Safari/602.4.8"
212.108.43.59 - - [30/Mar/2017:13:48:59 +0200] "GET /entry.php?id=10711&chooserview=PinEditimages&view=PinEditimages HTTP/1.1" 200 1720 "http://ed-test.activities.at/entry.php?id=11684" "Mozilla/5.0 (Windows NT 10.0; Win64; x64) AppleWebKit/537.36 (KHTML, like Gecko) Chrome/56.0.2924.87 Safari/537.36"
212.108.43.59 - - [30/Mar/2017:13:48:59 +0200] "GET /gui/javascript/form_form.js?1490874539 HTTP/1.1" 200 16206 "http://ed-test.activities.at/entry.php?id=10711&chooserview=PinEditimages&view=PinEditimages" "Mozilla/5.0 (Windows NT 10.0; Win64; x64) AppleWebKit/537.36 (KHTML, like Gecko) Chrome/56.0.2924.87 Safari/537.36"
212.108.43.59 - - [30/Mar/2017:13:49:00 +0200] "GET /entry.php?id=10703&&but=&object=&class=&tag=&value=&chooserview=PinEditimages&function=&setlist=&t_width=&t_height=&view=PinEditimages HTTP/1.1" 200 2541 "http://ed-test.activities.at/entry.php?id=10711&chooserview=PinEditimages&view=PinEditimages" "Mozilla/5.0 (Windows NT 10.0; Win64; x64) AppleWebKit/537.36 (KHTML, like Gecko) Chrome/56.0.2924.87 Safari/537.36"
212.108.43.59 - - [30/Mar/2017:13:49:00 +0200] "GET /entry.php?id=10676&title=Ressourcenverwaltung HTTP/1.1" 200 1395 "http://ed-test.activities.at/entry.php?id=10711&chooserview=PinEditimages&view=PinEditimages" "Mozilla/5.0 (Windows NT 10.0; Win64; x64) AppleWebKit/537.36 (KHTML, like Gecko) Chrome/56.0.2924.87 Safari/537.36"
212.108.43.59 - - [30/Mar/2017:13:49:00 +0200] "GET /gui/javascript/form_form.js?1490874540 HTTP/1.1" 200 16206 "http://ed-test.activities.at/entry.php?id=10703&&but=&object=&class=&tag=&value=&chooserview=PinEditimages&function=&setlist=&t_width=&t_height=&view=PinEditimages" "Mozilla/5.0 (Windows NT 10.0; Win64; x64) AppleWebKit/537.36 (KHTML, like Gecko) Chrome/56.0.2924.87 Safari/537.36"
212.108.43.59 - - [30/Mar/2017:13:49:00 +0200] "GET /entry.php?id=10271&&ser=874479 HTTP/1.1" 200 987 "http://ed-test.activities.at/entry.php?id=10271&&ser=874418" "Mozilla/5.0 (Windows NT 10.0; Win64; x64) AppleWebKit/537.36 (KHTML, like Gecko) Chrome/56.0.2924.87 Safari/537.36"
212.108.43.59 - - [30/Mar/2017:13:49:00 +0200] "GET /entry.php?id=10704&&but=&object=&class=&tag=&value=&chooserview=PinEditimages&function=&setlist=&t_width=&t_height=&view=PinEditimages HTTP/1.1" 200 2882 "http://ed-test.activities.at/entry.php?id=10711&chooserview=PinEditimages&view=PinEditimages" "Mozilla/5.0 (Windows NT 10.0; Win64; x64) AppleWebKit/537.36 (KHTML, like Gecko) Chrome/56.0.2924.87 Safari/537.36"
88.117.172.254 - - [30/Mar/2017:13:49:00 +0200] "POST /entry.php?id=11684 HTTP/1.1" 200 3116 "http://ed-test.activities.at/entry.php?id=11684" "Mozilla/5.0 (Macintosh; Intel Mac OS X 10_12_3) AppleWebKit/602.4.8 (KHTML, like Gecko) Version/10.0.3 Safari/602.4.8"
212.108.43.59 - - [30/Mar/2017:13:49:00 +0200] "GET /entry.php?id=10776&form=10547&name=list& HTTP/1.1" 200 1290 "http://ed-test.activities.at/entry.php?id=10703&&but=&object=&class=&tag=&value=&chooserview=PinEditimages&function=&setlist=&t_width=&t_height=&view=PinEditimages" "Mozilla/5.0 (Windows NT 10.0; Win64; x64) AppleWebKit/537.36 (KHTML, like Gecko) Chrome/56.0.2924.87 Safari/537.36"
212.108.43.59 - - [30/Mar/2017:13:49:00 +0200] "GET /entry.php?id=10778&form=10547&name=list& HTTP/1.1" 200 3000 "http://ed-test.activities.at/entry.php?id=10703&&but=&object=&class=&tag=&value=&chooserview=PinEditimages&function=&setlist=&t_width=&t_height=&view=PinEditimages" "Mozilla/5.0 (Windows NT 10.0; Win64; x64) AppleWebKit/537.36 (KHTML, like Gecko) Chrome/56.0.2924.87 Safari/537.36"
88.117.172.254 - - [30/Mar/2017:13:49:00 +0200] "GET /gui/javascript/form_form.js?1490874540 HTTP/1.1" 200 16206 "http://ed-test.activities.at/entry.php?id=11684" "Mozilla/5.0 (Macintosh; Intel Mac OS X 10_12_3) AppleWebKit/602.4.8 (KHTML, like Gecko) Version/10.0.3 Safari/602.4.8"
212.108.43.59 - - [30/Mar/2017:13:49:01 +0200] "GET /entry.php?id=10776&form=10549&name=list& HTTP/1.1" 200 1546 "http://ed-test.activities.at/entry.php?id=10704&&but=&object=&class=&tag=&value=&chooserview=PinEditimages&function=&setlist=&t_width=&t_height=&view=PinEditimages" "Mozilla/5.0 (Windows NT 10.0; Win64; x64) AppleWebKit/537.36 (KHTML, like Gecko) Chrome/56.0.2924.87 Safari/537.36"
212.108.43.59 - - [30/Mar/2017:13:49:01 +0200] "GET /entry.php?id=10778&form=10549&name=list& HTTP/1.1" 200 2599 "http://ed-test.activities.at/entry.php?id=10704&&but=&object=&class=&tag=&value=&chooserview=PinEditimages&function=&setlist=&t_width=&t_height=&view=PinEditimages" "Mozilla/5.0 (Windows NT 10.0; Win64; x64) AppleWebKit/537.36 (KHTML, like Gecko) Chrome/56.0.2924.87 Safari/537.36"
88.117.172.254 - - [30/Mar/2017:13:49:01 +0200] "GET /entry.php?id=10778&form=11506&name=image_list& HTTP/1.1" 200 2502 "http://ed-test.activities.at/entry.php?id=11684" "Mozilla/5.0 (Macintosh; Intel Mac OS X 10_12_3) AppleWebKit/602.4.8 (KHTML, like Gecko) Version/10.0.3 Safari/602.4.8"
88.117.172.254 - - [30/Mar/2017:13:49:01 +0200] "GET /entry.php?id=10776&form=11506&name=image_list& HTTP/1.1" 200 1538 "http://ed-test.activities.at/entry.php?id=11684" "Mozilla/5.0 (Macintosh; Intel Mac OS X 10_12_3) AppleWebKit/602.4.8 (KHTML, like Gecko) Version/10.0.3 Safari/602.4.8"
88.117.172.254 - - [30/Mar/2017:13:49:02 +0200] "GET /gui/javascript/jquery/css/gui-themes/images/ui-icons_000000_256x240_ev.png HTTP/1.1" 200 11218 "http://ed-test.activities.at/entry.php?id=11412" "Mozilla/5.0 (Macintosh; Intel Mac OS X 10_12_3) AppleWebKit/602.4.8 (KHTML, like Gecko) Version/10.0.3 Safari/602.4.8"
212.108.43.59 - - [30/Mar/2017:13:49:14 +0200] "POST /entry.php?id=11684 HTTP/1.1" 200 3117 "http://ed-test.activities.at/entry.php?id=11684" "Mozilla/5.0 (Windows NT 10.0; Win64; x64) AppleWebKit/537.36 (KHTML, like Gecko) Chrome/56.0.2924.87 Safari/537.36"
212.108.43.59 - - [30/Mar/2017:13:49:14 +0200] "GET /entry.php?id=10271&&ser=874494 HTTP/1.1" 200 987 "http://ed-test.activities.at/entry.php?id=10271&&ser=874433" "Mozilla/5.0 (Windows NT 10.0; Win64; x64) AppleWebKit/537.36 (KHTML, like Gecko) Chrome/56.0.2924.87 Safari/537.36"
212.108.43.59 - - [30/Mar/2017:13:49:15 +0200] "GET /gui/javascript/form_form.js?1490874555 HTTP/1.1" 200 16206 "http://ed-test.activities.at/entry.php?id=11684" "Mozilla/5.0 (Windows NT 10.0; Win64; x64) AppleWebKit/537.36 (KHTML, like Gecko) Chrome/56.0.2924.87 Safari/537.36"
212.108.43.59 - - [30/Mar/2017:13:49:15 +0200] "GET /entry.php?id=10776&form=11506&name=image_list& HTTP/1.1" 200 1538 "http://ed-test.activities.at/entry.php?id=11684" "Mozilla/5.0 (Windows NT 10.0; Win64; x64) AppleWebKit/537.36 (KHTML, like Gecko) Chrome/56.0.2924.87 Safari/537.36"
212.108.43.59 - - [30/Mar/2017:13:49:15 +0200] "GET /entry.php?id=10778&form=11506&name=image_list& HTTP/1.1" 200 2502 "http://ed-test.activities.at/entry.php?id=11684" "Mozilla/5.0 (Windows NT 10.0; Win64; x64) AppleWebKit/537.36 (KHTML, like Gecko) Chrome/56.0.2924.87 Safari/537.36"
88.117.172.254 - - [30/Mar/2017:13:49:15 +0200] "GET /entry.php?id=10271&&ser=874495 HTTP/1.1" 200 987 "http://ed-test.activities.at/entry.php?id=10271&&ser=874435" "Mozilla/5.0 (Macintosh; Intel Mac OS X 10_12_3) AppleWebKit/602.4.8 (KHTML, like Gecko) Version/10.0.3 Safari/602.4.8"
88.117.172.254 - - [30/Mar/2017:13:49:15 +0200] "GET /gui/javascript/form_form.js?1490874555 HTTP/1.1" 200 16206 "http://ed-test.activities.at/entry.php?id=10271&&ser=874495" "Mozilla/5.0 (Macintosh; Intel Mac OS X 10_12_3) AppleWebKit/602.4.8 (KHTML, like Gecko) Version/10.0.3 Safari/602.4.8"
212.108.43.59 - - [30/Mar/2017:13:49:16 +0200] "POST /entry.php?id=11684 HTTP/1.1" 200 3400 "http://ed-test.activities.at/entry.php?id=11684" "Mozilla/5.0 (Windows NT 10.0; Win64; x64) AppleWebKit/537.36 (KHTML, like Gecko) Chrome/56.0.2924.87 Safari/537.36"
212.108.43.59 - - [30/Mar/2017:13:49:17 +0200] "GET /gui/javascript/form_form.js?1490874557 HTTP/1.1" 200 16206 "http://ed-test.activities.at/entry.php?id=11684" "Mozilla/5.0 (Windows NT 10.0; Win64; x64) AppleWebKit/537.36 (KHTML, like Gecko) Chrome/56.0.2924.87 Safari/537.36"
212.108.43.59 - - [30/Mar/2017:13:49:17 +0200] "GET /framework/webfx/javascript/tinymce/skins/lightgray/content.min.css HTTP/1.1" 404 329 "http://ed-test.activities.at/entry.php?id=11684" "Mozilla/5.0 (Windows NT 10.0; Win64; x64) AppleWebKit/537.36 (KHTML, like Gecko) Chrome/56.0.2924.87 Safari/537.36"
88.117.172.254 - - [30/Mar/2017:13:49:18 +0200] "GET /entry.php?id=11681&chooserview=editnewmenueitem&hidetitle=true&object=10288501 HTTP/1.1" 200 348 "http://ed-test.activities.at/entry.php?id=11412" "Mozilla/5.0 (Macintosh; Intel Mac OS X 10_12_3) AppleWebKit/602.4.8 (KHTML, like Gecko) Version/10.0.3 Safari/602.4.8"
88.117.172.254 - - [30/Mar/2017:13:49:19 +0200] "GET /entry.php?id=11683&chooserview=editnewmenueitem&object=10288501& HTTP/1.1" 200 2679 "http://ed-test.activities.at/entry.php?id=11681&chooserview=editnewmenueitem&hidetitle=true&object=10288501" "Mozilla/5.0 (Macintosh; Intel Mac OS X 10_12_3) AppleWebKit/602.4.8 (KHTML, like Gecko) Version/10.0.3 Safari/602.4.8"
88.117.172.254 - - [30/Mar/2017:13:49:19 +0200] "GET /gui/javascript/form_form.js?1490874559 HTTP/1.1" 200 16206 "http://ed-test.activities.at/entry.php?id=11683&chooserview=editnewmenueitem&object=10288501&" "Mozilla/5.0 (Macintosh; Intel Mac OS X 10_12_3) AppleWebKit/602.4.8 (KHTML, like Gecko) Version/10.0.3 Safari/602.4.8"
88.117.172.254 - - [30/Mar/2017:13:49:19 +0200] "GET /entry.php?id=11684&chooserview=editnewmenueitem&object=10288501& HTTP/1.1" 200 3939 "http://ed-test.activities.at/entry.php?id=11681&chooserview=editnewmenueitem&hidetitle=true&object=10288501" "Mozilla/5.0 (Macintosh; Intel Mac OS X 10_12_3) AppleWebKit/602.4.8 (KHTML, like Gecko) Version/10.0.3 Safari/602.4.8"
88.117.172.254 - - [30/Mar/2017:13:49:19 +0200] "GET /entry.php?id=10776&form=11508&name=list& HTTP/1.1" 200 1808 "http://ed-test.activities.at/entry.php?id=11683&chooserview=editnewmenueitem&object=10288501&" "Mozilla/5.0 (Macintosh; Intel Mac OS X 10_12_3) AppleWebKit/602.4.8 (KHTML, like Gecko) Version/10.0.3 Safari/602.4.8"
88.117.172.254 - - [30/Mar/2017:13:49:19 +0200] "GET /entry.php?id=10778&form=11508&name=list& HTTP/1.1" 200 4640 "http://ed-test.activities.at/entry.php?id=11683&chooserview=editnewmenueitem&object=10288501&" "Mozilla/5.0 (Macintosh; Intel Mac OS X 10_12_3) AppleWebKit/602.4.8 (KHTML, like Gecko) Version/10.0.3 Safari/602.4.8"
88.117.172.254 - - [30/Mar/2017:13:49:23 +0200] "POST /entry.php?id=11684 HTTP/1.1" 200 3399 "http://ed-test.activities.at/entry.php?id=11684&chooserview=editnewmenueitem&object=10288501&" "Mozilla/5.0 (Macintosh; Intel Mac OS X 10_12_3) AppleWebKit/602.4.8 (KHTML, like Gecko) Version/10.0.3 Safari/602.4.8"
88.117.172.254 - - [30/Mar/2017:13:49:24 +0200] "GET /gui/javascript/form_form.js?1490874564 HTTP/1.1" 200 16206 "http://ed-test.activities.at/entry.php?id=11684" "Mozilla/5.0 (Macintosh; Intel Mac OS X 10_12_3) AppleWebKit/602.4.8 (KHTML, like Gecko) Version/10.0.3 Safari/602.4.8"
88.117.172.254 - - [30/Mar/2017:13:49:24 +0200] "GET /framework/webfx/javascript/tinymce/skins/lightgray/content.min.css HTTP/1.1" 404 329 "-" "Mozilla/5.0 (Macintosh; Intel Mac OS X 10_12_3) AppleWebKit/602.4.8 (KHTML, like Gecko) Version/10.0.3 Safari/602.4.8"
212.108.43.59 - - [30/Mar/2017:13:49:25 +0200] "GET /entry.php?id=10711&chooserview=PinEditimages&view=PinEditimages HTTP/1.1" 200 1717 "http://ed-test.activities.at/entry.php?id=11684" "Mozilla/5.0 (Windows NT 10.0; Win64; x64) AppleWebKit/537.36 (KHTML, like Gecko) Chrome/56.0.2924.87 Safari/537.36"
212.108.43.59 - - [30/Mar/2017:13:49:25 +0200] "GET /gui/javascript/form_form.js?1490874565 HTTP/1.1" 200 16206 "http://ed-test.activities.at/entry.php?id=10711&chooserview=PinEditimages&view=PinEditimages" "Mozilla/5.0 (Windows NT 10.0; Win64; x64) AppleWebKit/537.36 (KHTML, like Gecko) Chrome/56.0.2924.87 Safari/537.36"
212.108.43.59 - - [30/Mar/2017:13:49:25 +0200] "GET /entry.php?id=10676&title=Ressourcenverwaltung HTTP/1.1" 200 1395 "http://ed-test.activities.at/entry.php?id=10711&chooserview=PinEditimages&view=PinEditimages" "Mozilla/5.0 (Windows NT 10.0; Win64; x64) AppleWebKit/537.36 (KHTML, like Gecko) Chrome/56.0.2924.87 Safari/537.36"
212.108.43.59 - - [30/Mar/2017:13:49:25 +0200] "GET /entry.php?id=10704&&but=&object=&class=&tag=&value=&chooserview=PinEditimages&function=&setlist=&t_width=&t_height=&view=PinEditimages HTTP/1.1" 200 2882 "http://ed-test.activities.at/entry.php?id=10711&chooserview=PinEditimages&view=PinEditimages" "Mozilla/5.0 (Windows NT 10.0; Win64; x64) AppleWebKit/537.36 (KHTML, like Gecko) Chrome/56.0.2924.87 Safari/537.36"
212.108.43.59 - - [30/Mar/2017:13:49:25 +0200] "GET /entry.php?id=10703&&but=&object=&class=&tag=&value=&chooserview=PinEditimages&function=&setlist=&t_width=&t_height=&view=PinEditimages HTTP/1.1" 200 2541 "http://ed-test.activities.at/entry.php?id=10711&chooserview=PinEditimages&view=PinEditimages" "Mozilla/5.0 (Windows NT 10.0; Win64; x64) AppleWebKit/537.36 (KHTML, like Gecko) Chrome/56.0.2924.87 Safari/537.36"
212.108.43.59 - - [30/Mar/2017:13:49:26 +0200] "GET /gui/javascript/form_form.js?1490874566 HTTP/1.1" 200 16206 "http://ed-test.activities.at/entry.php?id=10703&&but=&object=&class=&tag=&value=&chooserview=PinEditimages&function=&setlist=&t_width=&t_height=&view=PinEditimages" "Mozilla/5.0 (Windows NT 10.0; Win64; x64) AppleWebKit/537.36 (KHTML, like Gecko) Chrome/56.0.2924.87 Safari/537.36"
212.108.43.59 - - [30/Mar/2017:13:49:26 +0200] "GET /entry.php?id=10776&form=10549&name=list& HTTP/1.1" 200 1546 "http://ed-test.activities.at/entry.php?id=10704&&but=&object=&class=&tag=&value=&chooserview=PinEditimages&function=&setlist=&t_width=&t_height=&view=PinEditimages" "Mozilla/5.0 (Windows NT 10.0; Win64; x64) AppleWebKit/537.36 (KHTML, like Gecko) Chrome/56.0.2924.87 Safari/537.36"
212.108.43.59 - - [30/Mar/2017:13:49:26 +0200] "GET /entry.php?id=10778&form=10549&name=list& HTTP/1.1" 200 2599 "http://ed-test.activities.at/entry.php?id=10704&&but=&object=&class=&tag=&value=&chooserview=PinEditimages&function=&setlist=&t_width=&t_height=&view=PinEditimages" "Mozilla/5.0 (Windows NT 10.0; Win64; x64) AppleWebKit/537.36 (KHTML, like Gecko) Chrome/56.0.2924.87 Safari/537.36"
