212.108.43.59 - - [30/Mar/2017:13:58:42 +0200] "GET /binaries/easy-drivers-portal/20160825fluechtlingsprojektwien-045jpg.jpg HTTP/1.1" 200 1606302 "http://ed-test.activities.at/entry.php?id=11684" "Mozilla/5.0 (Windows NT 10.0; Win64; x64) AppleWebKit/537.36 (KHTML, like Gecko) Chrome/56.0.2924.87 Safari/537.36"
212.108.43.59 - - [30/Mar/2017:13:58:43 +0200] "GET /binaries/easy-drivers-portal/klima-umwelt-schutz-auszeichnungjpg.jpg HTTP/1.1" 200 713351 "http://ed-test.activities.at/entry.php?id=11684" "Mozilla/5.0 (Windows NT 10.0; Win64; x64) AppleWebKit/537.36 (KHTML, like Gecko) Chrome/56.0.2924.87 Safari/537.36"
212.108.43.59 - - [30/Mar/2017:13:58:48 +0200] "GET /entry.php?id=11681 HTTP/1.1" 200 328 "http://ed-test.activities.at/entry.php?id=10270&__app__=10006038" "Mozilla/5.0 (Windows NT 10.0; Win64; x64) AppleWebKit/537.36 (KHTML, like Gecko) Chrome/56.0.2924.87 Safari/537.36"
212.108.43.59 - - [30/Mar/2017:13:58:48 +0200] "GET /entry.php?id=10676&&title=Contentverwaltung HTTP/1.1" 200 1391 "http://ed-test.activities.at/entry.php?id=11681" "Mozilla/5.0 (Windows NT 10.0; Win64; x64) AppleWebKit/537.36 (KHTML, like Gecko) Chrome/56.0.2924.87 Safari/537.36"
212.108.43.59 - - [30/Mar/2017:13:58:49 +0200] "GET /gui/javascript/form_form.js?1490875128 HTTP/1.1" 200 16206 "http://ed-test.activities.at/entry.php?id=10676&&title=Contentverwaltung" "Mozilla/5.0 (Windows NT 10.0; Win64; x64) AppleWebKit/537.36 (KHTML, like Gecko) Chrome/56.0.2924.87 Safari/537.36"
212.108.43.59 - - [30/Mar/2017:13:58:48 +0200] "GET /entry.php?id=11684& HTTP/1.1" 200 3804 "http://ed-test.activities.at/entry.php?id=11681" "Mozilla/5.0 (Windows NT 10.0; Win64; x64) AppleWebKit/537.36 (KHTML, like Gecko) Chrome/56.0.2924.87 Safari/537.36"
212.108.43.59 - - [30/Mar/2017:13:58:49 +0200] "GET /gui/javascript/form_form.js?1490875129 HTTP/1.1" 200 16206 "http://ed-test.activities.at/entry.php?id=11684&" "Mozilla/5.0 (Windows NT 10.0; Win64; x64) AppleWebKit/537.36 (KHTML, like Gecko) Chrome/56.0.2924.87 Safari/537.36"
212.108.43.59 - - [30/Mar/2017:13:58:49 +0200] "GET /gui/images/icons/disabled_information.gif HTTP/1.1" 200 624 "http://ed-test.activities.at/entry.php?id=11684&" "Mozilla/5.0 (Windows NT 10.0; Win64; x64) AppleWebKit/537.36 (KHTML, like Gecko) Chrome/56.0.2924.87 Safari/537.36"
212.108.43.59 - - [30/Mar/2017:13:58:48 +0200] "GET /entry.php?id=11683& HTTP/1.1" 200 2680 "http://ed-test.activities.at/entry.php?id=11681" "Mozilla/5.0 (Windows NT 10.0; Win64; x64) AppleWebKit/537.36 (KHTML, like Gecko) Chrome/56.0.2924.87 Safari/537.36"
212.108.43.59 - - [30/Mar/2017:13:58:49 +0200] "GET /entry.php?id=10776&form=11508&name=list& HTTP/1.1" 200 1895 "http://ed-test.activities.at/entry.php?id=11683&" "Mozilla/5.0 (Windows NT 10.0; Win64; x64) AppleWebKit/537.36 (KHTML, like Gecko) Chrome/56.0.2924.87 Safari/537.36"
212.108.43.59 - - [30/Mar/2017:13:58:49 +0200] "GET /entry.php?id=10778&form=11508&name=list& HTTP/1.1" 200 5032 "http://ed-test.activities.at/entry.php?id=11683&" "Mozilla/5.0 (Windows NT 10.0; Win64; x64) AppleWebKit/537.36 (KHTML, like Gecko) Chrome/56.0.2924.87 Safari/537.36"
212.108.43.59 - - [30/Mar/2017:13:58:50 +0200] "GET /gui/images/icons/note_msg_icon.gif HTTP/1.1" 200 1022 "http://ed-test.activities.at/entry.php?id=10778&form=11508&name=list&" "Mozilla/5.0 (Windows NT 10.0; Win64; x64) AppleWebKit/537.36 (KHTML, like Gecko) Chrome/56.0.2924.87 Safari/537.36"
212.108.43.59 - - [30/Mar/2017:13:58:50 +0200] "GET /gui/images/icons/disable_light.gif HTTP/1.1" 200 616 "http://ed-test.activities.at/entry.php?id=10776&form=11508&name=list&" "Mozilla/5.0 (Windows NT 10.0; Win64; x64) AppleWebKit/537.36 (KHTML, like Gecko) Chrome/56.0.2924.87 Safari/537.36"
88.117.172.254 - - [30/Mar/2017:13:59:05 +0200] "GET /entry.php?id=11681 HTTP/1.1" 200 328 "http://ed-test.activities.at/entry.php?id=10270&__app__=10006038" "Mozilla/5.0 (Macintosh; Intel Mac OS X 10_12_3) AppleWebKit/602.4.8 (KHTML, like Gecko) Version/10.0.3 Safari/602.4.8"
212.108.43.59 - - [30/Mar/2017:13:59:10 +0200] "GET /entry.php?id=10271&&ser=875089 HTTP/1.1" 200 986 "http://ed-test.activities.at/entry.php?id=10271&&ser=875028" "Mozilla/5.0 (Windows NT 10.0; Win64; x64) AppleWebKit/537.36 (KHTML, like Gecko) Chrome/56.0.2924.87 Safari/537.36"
212.108.43.59 - - [30/Mar/2017:13:59:10 +0200] "GET /gui/javascript/form_form.js?1490875150 HTTP/1.1" 200 16206 "http://ed-test.activities.at/entry.php?id=10271&&ser=875089" "Mozilla/5.0 (Windows NT 10.0; Win64; x64) AppleWebKit/537.36 (KHTML, like Gecko) Chrome/56.0.2924.87 Safari/537.36"
88.117.172.254 - - [30/Mar/2017:13:59:16 +0200] "GET /entry.php?id=10676&&title=Contentverwaltung HTTP/1.1" 200 1391 "http://ed-test.activities.at/entry.php?id=11681" "Mozilla/5.0 (Macintosh; Intel Mac OS X 10_12_3) AppleWebKit/602.4.8 (KHTML, like Gecko) Version/10.0.3 Safari/602.4.8"
88.117.172.254 - - [30/Mar/2017:13:59:16 +0200] "GET /entry.php?id=11683& HTTP/1.1" 200 2680 "http://ed-test.activities.at/entry.php?id=11681" "Mozilla/5.0 (Macintosh; Intel Mac OS X 10_12_3) AppleWebKit/602.4.8 (KHTML, like Gecko) Version/10.0.3 Safari/602.4.8"
88.117.172.254 - - [30/Mar/2017:13:59:16 +0200] "GET /entry.php?id=11684& HTTP/1.1" 200 3803 "http://ed-test.activities.at/entry.php?id=11681" "Mozilla/5.0 (Macintosh; Intel Mac OS X 10_12_3) AppleWebKit/602.4.8 (KHTML, like Gecko) Version/10.0.3 Safari/602.4.8"
88.117.172.254 - - [30/Mar/2017:13:59:17 +0200] "GET /gui/javascript/form_form.js?1490875156 HTTP/1.1" 200 16206 "http://ed-test.activities.at/entry.php?id=10676&&title=Contentverwaltung" "Mozilla/5.0 (Macintosh; Intel Mac OS X 10_12_3) AppleWebKit/602.4.8 (KHTML, like Gecko) Version/10.0.3 Safari/602.4.8"
212.108.43.59 - - [30/Mar/2017:13:59:19 +0200] "GET /entry.php?id=10271&&ser=875099 HTTP/1.1" 200 987 "http://ed-test.activities.at/entry.php?id=10271&&ser=875038" "Mozilla/5.0 (Windows NT 10.0; Win64; x64) AppleWebKit/537.36 (KHTML, like Gecko) Chrome/56.0.2924.87 Safari/537.36"
212.108.43.59 - - [30/Mar/2017:13:59:19 +0200] "GET /gui/javascript/form_form.js?1490875159 HTTP/1.1" 200 16206 "http://ed-test.activities.at/entry.php?id=10271&&ser=875099" "Mozilla/5.0 (Windows NT 10.0; Win64; x64) AppleWebKit/537.36 (KHTML, like Gecko) Chrome/56.0.2924.87 Safari/537.36"
88.117.172.254 - - [30/Mar/2017:13:59:20 +0200] "GET /entry.php?id=10271&&ser=875100 HTTP/1.1" 200 986 "http://ed-test.activities.at/entry.php?id=10271&&ser=875039" "Mozilla/5.0 (Macintosh; Intel Mac OS X 10_12_3) AppleWebKit/602.4.8 (KHTML, like Gecko) Version/10.0.3 Safari/602.4.8"
88.117.172.254 - - [30/Mar/2017:13:59:24 +0200] "GET /gui/javascript/form_form.js?1490875160 HTTP/1.1" 200 16206 "http://ed-test.activities.at/entry.php?id=10271&&ser=875100" "Mozilla/5.0 (Macintosh; Intel Mac OS X 10_12_3) AppleWebKit/602.4.8 (KHTML, like Gecko) Version/10.0.3 Safari/602.4.8"
88.117.172.254 - - [30/Mar/2017:13:59:40 +0200] "GET /gui/images/icons/disabled_information.gif HTTP/1.1" 200 624 "http://ed-test.activities.at/entry.php?id=11684&" "Mozilla/5.0 (Macintosh; Intel Mac OS X 10_12_3) AppleWebKit/602.4.8 (KHTML, like Gecko) Version/10.0.3 Safari/602.4.8"
88.117.172.254 - - [30/Mar/2017:13:59:40 +0200] "GET /entry.php?id=10776&form=11508&name=list& HTTP/1.1" 200 1895 "http://ed-test.activities.at/entry.php?id=11683&" "Mozilla/5.0 (Macintosh; Intel Mac OS X 10_12_3) AppleWebKit/602.4.8 (KHTML, like Gecko) Version/10.0.3 Safari/602.4.8"
88.117.172.254 - - [30/Mar/2017:13:59:40 +0200] "GET /entry.php?id=10778&form=11508&name=list& HTTP/1.1" 200 5032 "http://ed-test.activities.at/entry.php?id=11683&" "Mozilla/5.0 (Macintosh; Intel Mac OS X 10_12_3) AppleWebKit/602.4.8 (KHTML, like Gecko) Version/10.0.3 Safari/602.4.8"
88.117.172.254 - - [30/Mar/2017:13:59:41 +0200] "GET /gui/images/icons/note_msg_icon.gif HTTP/1.1" 200 1022 "http://ed-test.activities.at/entry.php?id=10778&form=11508&name=list&" "Mozilla/5.0 (Macintosh; Intel Mac OS X 10_12_3) AppleWebKit/602.4.8 (KHTML, like Gecko) Version/10.0.3 Safari/602.4.8"
212.108.43.59 - - [30/Mar/2017:13:59:41 +0200] "GET /entry.php?id=10287&login=1 HTTP/1.1" 200 2173 "http://ed-test.activities.at/entry.php?id=10273" "Mozilla/5.0 (Windows NT 10.0; Win64; x64) AppleWebKit/537.36 (KHTML, like Gecko) Chrome/56.0.2924.87 Safari/537.36"
212.108.43.59 - - [30/Mar/2017:13:59:42 +0200] "GET /gui/javascript/form_form.js?1490875181 HTTP/1.1" 200 16206 "http://ed-test.activities.at/entry.php?id=10287&login=1" "Mozilla/5.0 (Windows NT 10.0; Win64; x64) AppleWebKit/537.36 (KHTML, like Gecko) Chrome/56.0.2924.87 Safari/537.36"
88.117.172.254 - - [30/Mar/2017:13:59:42 +0200] "GET /gui/images/icons/disable_light.gif HTTP/1.1" 200 616 "http://ed-test.activities.at/entry.php?id=10776&form=11508&name=list&" "Mozilla/5.0 (Macintosh; Intel Mac OS X 10_12_3) AppleWebKit/602.4.8 (KHTML, like Gecko) Version/10.0.3 Safari/602.4.8"
212.108.43.59 - - [30/Mar/2017:13:59:45 +0200] "POST /entry.php?id=10287& HTTP/1.1" 200 2250 "http://ed-test.activities.at/entry.php?id=10287&login=1" "Mozilla/5.0 (Windows NT 10.0; Win64; x64) AppleWebKit/537.36 (KHTML, like Gecko) Chrome/56.0.2924.87 Safari/537.36"
212.108.43.59 - - [30/Mar/2017:13:59:45 +0200] "GET /gui/javascript/form_form.js?1490875185 HTTP/1.1" 200 16206 "http://ed-test.activities.at/entry.php?id=10287&" "Mozilla/5.0 (Windows NT 10.0; Win64; x64) AppleWebKit/537.36 (KHTML, like Gecko) Chrome/56.0.2924.87 Safari/537.36"
212.108.43.59 - - [30/Mar/2017:13:59:45 +0200] "GET /entry.php?id=10271&&ser=875099 HTTP/1.1" 200 986 "http://ed-test.activities.at/entry.php?id=10271&&ser=875099" "Mozilla/5.0 (Windows NT 10.0; Win64; x64) AppleWebKit/537.36 (KHTML, like Gecko) Chrome/56.0.2924.87 Safari/537.36"
212.108.43.59 - - [30/Mar/2017:13:59:46 +0200] "GET /gui/javascript/jquery/css/gui-themes/custom.min.css HTTP/1.1" 304 - "http://ed-test.activities.at/entry.php?id=10271&&ser=875099" "Mozilla/5.0 (Windows NT 10.0; Win64; x64) AppleWebKit/537.36 (KHTML, like Gecko) Chrome/56.0.2924.87 Safari/537.36"
212.108.43.59 - - [30/Mar/2017:13:59:46 +0200] "GET /gui/javascript/jquery/css/gui-themes/ui.spinner.css HTTP/1.1" 304 - "http://ed-test.activities.at/entry.php?id=10271&&ser=875099" "Mozilla/5.0 (Windows NT 10.0; Win64; x64) AppleWebKit/537.36 (KHTML, like Gecko) Chrome/56.0.2924.87 Safari/537.36"
212.108.43.59 - - [30/Mar/2017:13:59:46 +0200] "GET /gui/javascript/jquery/css/gui-themes/jquery.tooltip.css HTTP/1.1" 304 - "http://ed-test.activities.at/entry.php?id=10271&&ser=875099" "Mozilla/5.0 (Windows NT 10.0; Win64; x64) AppleWebKit/537.36 (KHTML, like Gecko) Chrome/56.0.2924.87 Safari/537.36"
212.108.43.59 - - [30/Mar/2017:13:59:46 +0200] "GET /gui/styles/tmplDefault.css HTTP/1.1" 304 - "http://ed-test.activities.at/entry.php?id=10271&&ser=875099" "Mozilla/5.0 (Windows NT 10.0; Win64; x64) AppleWebKit/537.36 (KHTML, like Gecko) Chrome/56.0.2924.87 Safari/537.36"
212.108.43.59 - - [30/Mar/2017:13:59:46 +0200] "GET /gui/javascript/jquery/js/jquery-1.8.2.js HTTP/1.1" 304 - "http://ed-test.activities.at/entry.php?id=10271&&ser=875099" "Mozilla/5.0 (Windows NT 10.0; Win64; x64) AppleWebKit/537.36 (KHTML, like Gecko) Chrome/56.0.2924.87 Safari/537.36"
212.108.43.59 - - [30/Mar/2017:13:59:46 +0200] "GET /gui/javascript/jquery/js/jquery-ui-1.9.0.custom.min.js HTTP/1.1" 304 - "http://ed-test.activities.at/entry.php?id=10271&&ser=875099" "Mozilla/5.0 (Windows NT 10.0; Win64; x64) AppleWebKit/537.36 (KHTML, like Gecko) Chrome/56.0.2924.87 Safari/537.36"
212.108.43.59 - - [30/Mar/2017:13:59:46 +0200] "GET /gui/javascript/jquery/jquery-tooltip/jquery.tooltip.min.js HTTP/1.1" 304 - "http://ed-test.activities.at/entry.php?id=10271&&ser=875099" "Mozilla/5.0 (Windows NT 10.0; Win64; x64) AppleWebKit/537.36 (KHTML, like Gecko) Chrome/56.0.2924.87 Safari/537.36"
212.108.43.59 - - [30/Mar/2017:13:59:46 +0200] "GET /gui/javascript/form_form.js?1490875186 HTTP/1.1" 200 16206 "http://ed-test.activities.at/entry.php?id=10271&&ser=875099" "Mozilla/5.0 (Windows NT 10.0; Win64; x64) AppleWebKit/537.36 (KHTML, like Gecko) Chrome/56.0.2924.87 Safari/537.36"
212.108.43.59 - - [30/Mar/2017:13:59:47 +0200] "GET /entry.php?id=11681 HTTP/1.1" 200 328 "http://ed-test.activities.at/entry.php?id=10270&__app__=10006038" "Mozilla/5.0 (Windows NT 10.0; Win64; x64) AppleWebKit/537.36 (KHTML, like Gecko) Chrome/56.0.2924.87 Safari/537.36"
212.108.43.59 - - [30/Mar/2017:13:59:48 +0200] "GET /entry.php?id=11683& HTTP/1.1" 200 2680 "http://ed-test.activities.at/entry.php?id=11681" "Mozilla/5.0 (Windows NT 10.0; Win64; x64) AppleWebKit/537.36 (KHTML, like Gecko) Chrome/56.0.2924.87 Safari/537.36"
212.108.43.59 - - [30/Mar/2017:13:59:48 +0200] "GET /entry.php?id=10676&&title=Contentverwaltung HTTP/1.1" 200 1391 "http://ed-test.activities.at/entry.php?id=11681" "Mozilla/5.0 (Windows NT 10.0; Win64; x64) AppleWebKit/537.36 (KHTML, like Gecko) Chrome/56.0.2924.87 Safari/537.36"
212.108.43.59 - - [30/Mar/2017:13:59:48 +0200] "GET /gui/javascript/form_form.js?1490875188 HTTP/1.1" 200 16206 "http://ed-test.activities.at/entry.php?id=11683&" "Mozilla/5.0 (Windows NT 10.0; Win64; x64) AppleWebKit/537.36 (KHTML, like Gecko) Chrome/56.0.2924.87 Safari/537.36"
212.108.43.59 - - [30/Mar/2017:13:59:48 +0200] "GET /entry.php?id=11684& HTTP/1.1" 200 3804 "http://ed-test.activities.at/entry.php?id=11681" "Mozilla/5.0 (Windows NT 10.0; Win64; x64) AppleWebKit/537.36 (KHTML, like Gecko) Chrome/56.0.2924.87 Safari/537.36"
212.108.43.59 - - [30/Mar/2017:13:59:48 +0200] "GET /entry.php?id=10776&form=11508&name=list& HTTP/1.1" 200 1895 "http://ed-test.activities.at/entry.php?id=11683&" "Mozilla/5.0 (Windows NT 10.0; Win64; x64) AppleWebKit/537.36 (KHTML, like Gecko) Chrome/56.0.2924.87 Safari/537.36"
212.108.43.59 - - [30/Mar/2017:13:59:48 +0200] "GET /entry.php?id=10778&form=11508&name=list& HTTP/1.1" 200 4789 "http://ed-test.activities.at/entry.php?id=11683&" "Mozilla/5.0 (Windows NT 10.0; Win64; x64) AppleWebKit/537.36 (KHTML, like Gecko) Chrome/56.0.2924.87 Safari/537.36"
212.108.43.59 - - [30/Mar/2017:13:59:51 +0200] "GET /framework/icons/rowselect.gif HTTP/1.1" 200 67 "http://ed-test.activities.at/entry.php?id=10778&form=11508&name=list&" "Mozilla/5.0 (Windows NT 10.0; Win64; x64) AppleWebKit/537.36 (KHTML, like Gecko) Chrome/56.0.2924.87 Safari/537.36"
212.108.43.59 - - [30/Mar/2017:13:59:51 +0200] "POST /entry.php?id=11684 HTTP/1.1" 200 3958 "http://ed-test.activities.at/entry.php?id=11684&" "Mozilla/5.0 (Windows NT 10.0; Win64; x64) AppleWebKit/537.36 (KHTML, like Gecko) Chrome/56.0.2924.87 Safari/537.36"
212.108.43.59 - - [30/Mar/2017:13:59:52 +0200] "GET /gui/javascript/form_form.js?1490875192 HTTP/1.1" 200 16206 "http://ed-test.activities.at/entry.php?id=11684" "Mozilla/5.0 (Windows NT 10.0; Win64; x64) AppleWebKit/537.36 (KHTML, like Gecko) Chrome/56.0.2924.87 Safari/537.36"
88.117.172.254 - - [30/Mar/2017:13:59:56 +0200] "GET /entry.php?id=11679 HTTP/1.1" 200 312 "http://ed-test.activities.at/entry.php?id=10270&__app__=10006038" "Mozilla/5.0 (Macintosh; Intel Mac OS X 10_12_3) AppleWebKit/602.4.8 (KHTML, like Gecko) Version/10.0.3 Safari/602.4.8"
212.108.43.59 - - [30/Mar/2017:13:59:59 +0200] "POST /entry.php?id=11684 HTTP/1.1" 200 8466 "http://ed-test.activities.at/entry.php?id=11684" "Mozilla/5.0 (Windows NT 10.0; Win64; x64) AppleWebKit/537.36 (KHTML, like Gecko) Chrome/56.0.2924.87 Safari/537.36"
212.108.43.59 - - [30/Mar/2017:14:00:00 +0200] "GET /gui/javascript/form_form.js?1490875200 HTTP/1.1" 200 16206 "http://ed-test.activities.at/entry.php?id=11684" "Mozilla/5.0 (Windows NT 10.0; Win64; x64) AppleWebKit/537.36 (KHTML, like Gecko) Chrome/56.0.2924.87 Safari/537.36"
212.108.43.59 - - [30/Mar/2017:14:00:01 +0200] "GET /framework/webfx/javascript/tinymce/skins/lightgray/content.min.css HTTP/1.1" 404 329 "http://ed-test.activities.at/entry.php?id=11684" "Mozilla/5.0 (Windows NT 10.0; Win64; x64) AppleWebKit/537.36 (KHTML, like Gecko) Chrome/56.0.2924.87 Safari/537.36"
88.117.172.254 - - [30/Mar/2017:14:00:00 +0200] "GET /entry.php?id=11679 HTTP/1.1" 200 312 "http://ed-test.activities.at/entry.php?id=10270&__app__=10006038" "Mozilla/5.0 (Macintosh; Intel Mac OS X 10_12_3) AppleWebKit/602.4.8 (KHTML, like Gecko) Version/10.0.3 Safari/602.4.8"
88.117.172.254 - - [30/Mar/2017:14:00:02 +0200] "GET /entry.php?id=10676&title=Portal& HTTP/1.1" 200 1386 "http://ed-test.activities.at/entry.php?id=11679" "Mozilla/5.0 (Macintosh; Intel Mac OS X 10_12_3) AppleWebKit/602.4.8 (KHTML, like Gecko) Version/10.0.3 Safari/602.4.8"
88.117.172.254 - - [30/Mar/2017:14:00:02 +0200] "GET /entry.php?id=11677& HTTP/1.1" 200 4370 "http://ed-test.activities.at/entry.php?id=11679" "Mozilla/5.0 (Macintosh; Intel Mac OS X 10_12_3) AppleWebKit/602.4.8 (KHTML, like Gecko) Version/10.0.3 Safari/602.4.8"
88.117.172.254 - - [30/Mar/2017:14:00:02 +0200] "GET /entry.php?id=11678& HTTP/1.1" 200 4416 "http://ed-test.activities.at/entry.php?id=11679" "Mozilla/5.0 (Macintosh; Intel Mac OS X 10_12_3) AppleWebKit/602.4.8 (KHTML, like Gecko) Version/10.0.3 Safari/602.4.8"
88.117.172.254 - - [30/Mar/2017:14:00:04 +0200] "GET /gui/javascript/form_form.js?1490875203 HTTP/1.1" 200 16206 "http://ed-test.activities.at/entry.php?id=10676&title=Portal&" "Mozilla/5.0 (Macintosh; Intel Mac OS X 10_12_3) AppleWebKit/602.4.8 (KHTML, like Gecko) Version/10.0.3 Safari/602.4.8"
88.117.172.254 - - [30/Mar/2017:14:00:05 +0200] "GET /activities/framework/KoolControls/KoolAjax/koolajax.php?e3cb4ce6183119e509d607087d8b8a8b HTTP/1.1" 200 4079 "http://ed-test.activities.at/entry.php?id=11678&" "Mozilla/5.0 (Macintosh; Intel Mac OS X 10_12_3) AppleWebKit/602.4.8 (KHTML, like Gecko) Version/10.0.3 Safari/602.4.8"
88.117.172.254 - - [30/Mar/2017:14:00:05 +0200] "GET /gui/javascript/form_form.js?1490875204 HTTP/1.1" 200 16206 "http://ed-test.activities.at/entry.php?id=11677&" "Mozilla/5.0 (Macintosh; Intel Mac OS X 10_12_3) AppleWebKit/602.4.8 (KHTML, like Gecko) Version/10.0.3 Safari/602.4.8"
212.108.43.59 - - [30/Mar/2017:14:00:08 +0200] "GET /framework/webfx/javascript/tinymce/skins/lightgray/content.min.css HTTP/1.1" 404 329 "-" "Mozilla/5.0 (Windows NT 10.0; Win64; x64) AppleWebKit/537.36 (KHTML, like Gecko) Chrome/56.0.2924.87 Safari/537.36"
212.108.43.59 - - [30/Mar/2017:14:00:10 +0200] "GET /entry.php?id=10921&chooserview=PinEditimages&view=PinEditimages HTTP/1.1" 200 447 "http://ed-test.activities.at/entry.php?id=11684" "Mozilla/5.0 (Windows NT 10.0; Win64; x64) AppleWebKit/537.36 (KHTML, like Gecko) Chrome/56.0.2924.87 Safari/537.36"
212.108.43.59 - - [30/Mar/2017:14:00:10 +0200] "GET /entry.php?id=10676&&title=Link%20Verwaltung HTTP/1.1" 200 1391 "http://ed-test.activities.at/entry.php?id=10921&chooserview=PinEditimages&view=PinEditimages" "Mozilla/5.0 (Windows NT 10.0; Win64; x64) AppleWebKit/537.36 (KHTML, like Gecko) Chrome/56.0.2924.87 Safari/537.36"
212.108.43.59 - - [30/Mar/2017:14:00:10 +0200] "GET /gui/javascript/form_form.js?1490875210 HTTP/1.1" 200 16206 "http://ed-test.activities.at/entry.php?id=10676&&title=Link%20Verwaltung" "Mozilla/5.0 (Windows NT 10.0; Win64; x64) AppleWebKit/537.36 (KHTML, like Gecko) Chrome/56.0.2924.87 Safari/537.36"
212.108.43.59 - - [30/Mar/2017:14:00:10 +0200] "GET /entry.php?id=10918&&view=chooser&but=&object=&class=&tag=&value=&chooserview=PinEditimages&function=&setlist= HTTP/1.1" 200 2400 "http://ed-test.activities.at/entry.php?id=10921&chooserview=PinEditimages&view=PinEditimages" "Mozilla/5.0 (Windows NT 10.0; Win64; x64) AppleWebKit/537.36 (KHTML, like Gecko) Chrome/56.0.2924.87 Safari/537.36"
212.108.43.59 - - [30/Mar/2017:14:00:11 +0200] "GET /gui/javascript/form_extlink.js HTTP/1.1" 200 945 "http://ed-test.activities.at/entry.php?id=10918&&view=chooser&but=&object=&class=&tag=&value=&chooserview=PinEditimages&function=&setlist=" "Mozilla/5.0 (Windows NT 10.0; Win64; x64) AppleWebKit/537.36 (KHTML, like Gecko) Chrome/56.0.2924.87 Safari/537.36"
212.108.43.59 - - [30/Mar/2017:14:00:11 +0200] "GET /gui/javascript/form_form.js?1490875211 HTTP/1.1" 200 16206 "http://ed-test.activities.at/entry.php?id=10918&&view=chooser&but=&object=&class=&tag=&value=&chooserview=PinEditimages&function=&setlist=" "Mozilla/5.0 (Windows NT 10.0; Win64; x64) AppleWebKit/537.36 (KHTML, like Gecko) Chrome/56.0.2924.87 Safari/537.36"
212.108.43.59 - - [30/Mar/2017:14:00:10 +0200] "GET /entry.php?id=10917&&but=&object=&class=&tag=&value=&chooserview=PinEditimages&function=&setlist= HTTP/1.1" 200 2105 "http://ed-test.activities.at/entry.php?id=10921&chooserview=PinEditimages&view=PinEditimages" "Mozilla/5.0 (Windows NT 10.0; Win64; x64) AppleWebKit/537.36 (KHTML, like Gecko) Chrome/56.0.2924.87 Safari/537.36"
212.108.43.59 - - [30/Mar/2017:14:00:11 +0200] "GET /entry.php?id=10271&&ser=875150 HTTP/1.1" 200 986 "http://ed-test.activities.at/entry.php?id=10271&&ser=875089" "Mozilla/5.0 (Windows NT 10.0; Win64; x64) AppleWebKit/537.36 (KHTML, like Gecko) Chrome/56.0.2924.87 Safari/537.36"
212.108.43.59 - - [30/Mar/2017:14:00:11 +0200] "GET /entry.php?id=10778&form=10756&name=list& HTTP/1.1" 200 3953 "http://ed-test.activities.at/entry.php?id=10918&&view=chooser&but=&object=&class=&tag=&value=&chooserview=PinEditimages&function=&setlist=" "Mozilla/5.0 (Windows NT 10.0; Win64; x64) AppleWebKit/537.36 (KHTML, like Gecko) Chrome/56.0.2924.87 Safari/537.36"
212.108.43.59 - - [30/Mar/2017:14:00:11 +0200] "GET /entry.php?id=10776&form=10756&name=list& HTTP/1.1" 200 1461 "http://ed-test.activities.at/entry.php?id=10918&&view=chooser&but=&object=&class=&tag=&value=&chooserview=PinEditimages&function=&setlist=" "Mozilla/5.0 (Windows NT 10.0; Win64; x64) AppleWebKit/537.36 (KHTML, like Gecko) Chrome/56.0.2924.87 Safari/537.36"
212.108.43.59 - - [30/Mar/2017:14:00:11 +0200] "GET /favicon.ico HTTP/1.1" 404 290 "http://ed-test.activities.at/entry.php?id=10921&chooserview=PinEditimages&view=PinEditimages" "Mozilla/5.0 (Windows NT 10.0; Win64; x64) AppleWebKit/537.36 (KHTML, like Gecko) Chrome/56.0.2924.87 Safari/537.36"
88.117.172.254 - - [30/Mar/2017:14:00:14 +0200] "GET /activities/framework/KoolControls/KoolTreeView/kooltreeview.php?d75f5c3ea8687722343577ce58f93a04 HTTP/1.1" 200 5055 "http://ed-test.activities.at/entry.php?id=11678&" "Mozilla/5.0 (Macintosh; Intel Mac OS X 10_12_3) AppleWebKit/602.4.8 (KHTML, like Gecko) Version/10.0.3 Safari/602.4.8"
88.117.172.254 - - [30/Mar/2017:14:00:14 +0200] "GET /entry.php?id=11618&&object=&item=&emu_class= HTTP/1.1" 200 1698 "http://ed-test.activities.at/entry.php?id=11677&" "Mozilla/5.0 (Macintosh; Intel Mac OS X 10_12_3) AppleWebKit/602.4.8 (KHTML, like Gecko) Version/10.0.3 Safari/602.4.8"
88.117.172.254 - - [30/Mar/2017:14:00:16 +0200] "POST /entry.php?id=11677 HTTP/1.1" 200 5141 "http://ed-test.activities.at/entry.php?id=11677&" "Mozilla/5.0 (Macintosh; Intel Mac OS X 10_12_3) AppleWebKit/602.4.8 (KHTML, like Gecko) Version/10.0.3 Safari/602.4.8"
88.117.172.254 - - [30/Mar/2017:14:00:20 +0200] "GET /gui/javascript/form_form.js?1490875217 HTTP/1.1" 200 16206 "http://ed-test.activities.at/entry.php?id=11677" "Mozilla/5.0 (Macintosh; Intel Mac OS X 10_12_3) AppleWebKit/602.4.8 (KHTML, like Gecko) Version/10.0.3 Safari/602.4.8"
88.117.172.254 - - [30/Mar/2017:14:00:39 +0200] "GET /entry.php?id=10271&&ser=875160 HTTP/1.1" 200 987 "http://ed-test.activities.at/entry.php?id=10271&&ser=875100" "Mozilla/5.0 (Macintosh; Intel Mac OS X 10_12_3) AppleWebKit/602.4.8 (KHTML, like Gecko) Version/10.0.3 Safari/602.4.8"
88.117.172.254 - - [30/Mar/2017:14:00:39 +0200] "GET /gui/javascript/form_form.js?1490875239 HTTP/1.1" 200 16206 "http://ed-test.activities.at/entry.php?id=10271&&ser=875160" "Mozilla/5.0 (Macintosh; Intel Mac OS X 10_12_3) AppleWebKit/602.4.8 (KHTML, like Gecko) Version/10.0.3 Safari/602.4.8"
212.108.43.59 - - [30/Mar/2017:14:00:46 +0200] "GET /entry.php?id=10271&&ser=875186 HTTP/1.1" 200 987 "http://ed-test.activities.at/entry.php?id=10271&&ser=875099" "Mozilla/5.0 (Windows NT 10.0; Win64; x64) AppleWebKit/537.36 (KHTML, like Gecko) Chrome/56.0.2924.87 Safari/537.36"
212.108.43.59 - - [30/Mar/2017:14:00:46 +0200] "GET /gui/javascript/form_form.js?1490875246 HTTP/1.1" 200 16206 "http://ed-test.activities.at/entry.php?id=10271&&ser=875186" "Mozilla/5.0 (Windows NT 10.0; Win64; x64) AppleWebKit/537.36 (KHTML, like Gecko) Chrome/56.0.2924.87 Safari/537.36"
212.108.43.59 - - [30/Mar/2017:14:01:12 +0200] "GET /entry.php?id=10271&&ser=875211 HTTP/1.1" 200 987 "http://ed-test.activities.at/entry.php?id=10271&&ser=875150" "Mozilla/5.0 (Windows NT 10.0; Win64; x64) AppleWebKit/537.36 (KHTML, like Gecko) Chrome/56.0.2924.87 Safari/537.36"
212.108.43.59 - - [30/Mar/2017:14:01:12 +0200] "GET /gui/javascript/form_form.js?1490875272 HTTP/1.1" 200 16206 "http://ed-test.activities.at/entry.php?id=10271&&ser=875211" "Mozilla/5.0 (Windows NT 10.0; Win64; x64) AppleWebKit/537.36 (KHTML, like Gecko) Chrome/56.0.2924.87 Safari/537.36"
88.117.172.254 - - [30/Mar/2017:14:01:39 +0200] "GET /entry.php?id=10271&&ser=875239 HTTP/1.1" 200 986 "http://ed-test.activities.at/entry.php?id=10271&&ser=875160" "Mozilla/5.0 (Macintosh; Intel Mac OS X 10_12_3) AppleWebKit/602.4.8 (KHTML, like Gecko) Version/10.0.3 Safari/602.4.8"
88.117.172.254 - - [30/Mar/2017:14:01:40 +0200] "GET /gui/javascript/form_form.js?1490875300 HTTP/1.1" 200 16206 "http://ed-test.activities.at/entry.php?id=10271&&ser=875239" "Mozilla/5.0 (Macintosh; Intel Mac OS X 10_12_3) AppleWebKit/602.4.8 (KHTML, like Gecko) Version/10.0.3 Safari/602.4.8"
212.108.43.59 - - [30/Mar/2017:14:01:46 +0200] "GET /entry.php?id=10271&&ser=875246 HTTP/1.1" 200 986 "http://ed-test.activities.at/entry.php?id=10271&&ser=875186" "Mozilla/5.0 (Windows NT 10.0; Win64; x64) AppleWebKit/537.36 (KHTML, like Gecko) Chrome/56.0.2924.87 Safari/537.36"
212.108.43.59 - - [30/Mar/2017:14:01:46 +0200] "GET /gui/javascript/form_form.js?1490875306 HTTP/1.1" 200 16206 "http://ed-test.activities.at/entry.php?id=10271&&ser=875246" "Mozilla/5.0 (Windows NT 10.0; Win64; x64) AppleWebKit/537.36 (KHTML, like Gecko) Chrome/56.0.2924.87 Safari/537.36"
212.108.43.59 - - [30/Mar/2017:14:02:13 +0200] "GET /entry.php?id=10271&&ser=875272 HTTP/1.1" 200 987 "http://ed-test.activities.at/entry.php?id=10271&&ser=875211" "Mozilla/5.0 (Windows NT 10.0; Win64; x64) AppleWebKit/537.36 (KHTML, like Gecko) Chrome/56.0.2924.87 Safari/537.36"
212.108.43.59 - - [30/Mar/2017:14:02:13 +0200] "GET /gui/javascript/form_form.js?1490875333 HTTP/1.1" 200 16206 "http://ed-test.activities.at/entry.php?id=10271&&ser=875272" "Mozilla/5.0 (Windows NT 10.0; Win64; x64) AppleWebKit/537.36 (KHTML, like Gecko) Chrome/56.0.2924.87 Safari/537.36"
88.117.172.254 - - [30/Mar/2017:14:02:40 +0200] "GET /entry.php?id=10271&&ser=875300 HTTP/1.1" 200 987 "http://ed-test.activities.at/entry.php?id=10271&&ser=875239" "Mozilla/5.0 (Macintosh; Intel Mac OS X 10_12_3) AppleWebKit/602.4.8 (KHTML, like Gecko) Version/10.0.3 Safari/602.4.8"
88.117.172.254 - - [30/Mar/2017:14:02:40 +0200] "GET /gui/javascript/form_form.js?1490875360 HTTP/1.1" 200 16206 "http://ed-test.activities.at/entry.php?id=10271&&ser=875300" "Mozilla/5.0 (Macintosh; Intel Mac OS X 10_12_3) AppleWebKit/602.4.8 (KHTML, like Gecko) Version/10.0.3 Safari/602.4.8"
212.108.43.59 - - [30/Mar/2017:14:02:47 +0200] "GET /entry.php?id=10271&&ser=875306 HTTP/1.1" 200 987 "http://ed-test.activities.at/entry.php?id=10271&&ser=875246" "Mozilla/5.0 (Windows NT 10.0; Win64; x64) AppleWebKit/537.36 (KHTML, like Gecko) Chrome/56.0.2924.87 Safari/537.36"
212.108.43.59 - - [30/Mar/2017:14:02:47 +0200] "GET /gui/javascript/form_form.js?1490875367 HTTP/1.1" 200 16206 "http://ed-test.activities.at/entry.php?id=10271&&ser=875306" "Mozilla/5.0 (Windows NT 10.0; Win64; x64) AppleWebKit/537.36 (KHTML, like Gecko) Chrome/56.0.2924.87 Safari/537.36"
212.108.43.59 - - [30/Mar/2017:14:03:14 +0200] "GET /entry.php?id=10271&&ser=875333 HTTP/1.1" 200 987 "http://ed-test.activities.at/entry.php?id=10271&&ser=875272" "Mozilla/5.0 (Windows NT 10.0; Win64; x64) AppleWebKit/537.36 (KHTML, like Gecko) Chrome/56.0.2924.87 Safari/537.36"
212.108.43.59 - - [30/Mar/2017:14:03:14 +0200] "GET /gui/javascript/form_form.js?1490875394 HTTP/1.1" 200 16206 "http://ed-test.activities.at/entry.php?id=10271&&ser=875333" "Mozilla/5.0 (Windows NT 10.0; Win64; x64) AppleWebKit/537.36 (KHTML, like Gecko) Chrome/56.0.2924.87 Safari/537.36"
88.117.172.254 - - [30/Mar/2017:14:03:40 +0200] "GET /entry.php?id=10271&&ser=875360 HTTP/1.1" 200 987 "http://ed-test.activities.at/entry.php?id=10271&&ser=875300" "Mozilla/5.0 (Macintosh; Intel Mac OS X 10_12_3) AppleWebKit/602.4.8 (KHTML, like Gecko) Version/10.0.3 Safari/602.4.8"
88.117.172.254 - - [30/Mar/2017:14:03:40 +0200] "GET /gui/javascript/form_form.js?1490875420 HTTP/1.1" 200 16206 "http://ed-test.activities.at/entry.php?id=10271&&ser=875360" "Mozilla/5.0 (Macintosh; Intel Mac OS X 10_12_3) AppleWebKit/602.4.8 (KHTML, like Gecko) Version/10.0.3 Safari/602.4.8"
212.108.43.59 - - [30/Mar/2017:14:03:47 +0200] "GET /entry.php?id=10271&&ser=875367 HTTP/1.1" 200 987 "http://ed-test.activities.at/entry.php?id=10271&&ser=875306" "Mozilla/5.0 (Windows NT 10.0; Win64; x64) AppleWebKit/537.36 (KHTML, like Gecko) Chrome/56.0.2924.87 Safari/537.36"
212.108.43.59 - - [30/Mar/2017:14:03:47 +0200] "GET /gui/javascript/form_form.js?1490875427 HTTP/1.1" 200 16206 "http://ed-test.activities.at/entry.php?id=10271&&ser=875367" "Mozilla/5.0 (Windows NT 10.0; Win64; x64) AppleWebKit/537.36 (KHTML, like Gecko) Chrome/56.0.2924.87 Safari/537.36"
212.108.43.59 - - [30/Mar/2017:14:04:15 +0200] "GET /entry.php?id=10271&&ser=875394 HTTP/1.1" 200 987 "http://ed-test.activities.at/entry.php?id=10271&&ser=875333" "Mozilla/5.0 (Windows NT 10.0; Win64; x64) AppleWebKit/537.36 (KHTML, like Gecko) Chrome/56.0.2924.87 Safari/537.36"
212.108.43.59 - - [30/Mar/2017:14:04:15 +0200] "GET /gui/javascript/form_form.js?1490875455 HTTP/1.1" 200 16206 "http://ed-test.activities.at/entry.php?id=10271&&ser=875394" "Mozilla/5.0 (Windows NT 10.0; Win64; x64) AppleWebKit/537.36 (KHTML, like Gecko) Chrome/56.0.2924.87 Safari/537.36"
88.117.172.254 - - [30/Mar/2017:14:04:41 +0200] "GET /entry.php?id=10271&&ser=875420 HTTP/1.1" 200 986 "http://ed-test.activities.at/entry.php?id=10271&&ser=875360" "Mozilla/5.0 (Macintosh; Intel Mac OS X 10_12_3) AppleWebKit/602.4.8 (KHTML, like Gecko) Version/10.0.3 Safari/602.4.8"
88.117.172.254 - - [30/Mar/2017:14:04:41 +0200] "GET /gui/javascript/form_form.js?1490875481 HTTP/1.1" 200 16206 "http://ed-test.activities.at/entry.php?id=10271&&ser=875420" "Mozilla/5.0 (Macintosh; Intel Mac OS X 10_12_3) AppleWebKit/602.4.8 (KHTML, like Gecko) Version/10.0.3 Safari/602.4.8"
212.108.43.59 - - [30/Mar/2017:14:04:47 +0200] "GET /entry.php?id=10271&&ser=875427 HTTP/1.1" 200 986 "http://ed-test.activities.at/entry.php?id=10271&&ser=875367" "Mozilla/5.0 (Windows NT 10.0; Win64; x64) AppleWebKit/537.36 (KHTML, like Gecko) Chrome/56.0.2924.87 Safari/537.36"
212.108.43.59 - - [30/Mar/2017:14:04:48 +0200] "GET /gui/javascript/form_form.js?1490875488 HTTP/1.1" 200 16206 "http://ed-test.activities.at/entry.php?id=10271&&ser=875427" "Mozilla/5.0 (Windows NT 10.0; Win64; x64) AppleWebKit/537.36 (KHTML, like Gecko) Chrome/56.0.2924.87 Safari/537.36"
212.108.43.59 - - [30/Mar/2017:14:05:16 +0200] "GET /entry.php?id=10271&&ser=875455 HTTP/1.1" 200 987 "http://ed-test.activities.at/entry.php?id=10271&&ser=875394" "Mozilla/5.0 (Windows NT 10.0; Win64; x64) AppleWebKit/537.36 (KHTML, like Gecko) Chrome/56.0.2924.87 Safari/537.36"
212.108.43.59 - - [30/Mar/2017:14:05:16 +0200] "GET /gui/javascript/form_form.js?1490875516 HTTP/1.1" 200 16206 "http://ed-test.activities.at/entry.php?id=10271&&ser=875455" "Mozilla/5.0 (Windows NT 10.0; Win64; x64) AppleWebKit/537.36 (KHTML, like Gecko) Chrome/56.0.2924.87 Safari/537.36"
88.117.172.254 - - [30/Mar/2017:14:05:22 +0200] "POST /entry.php?id=10287& HTTP/1.1" 200 2427 "http://ed-test.activities.at/entry.php?id=10287&" "Mozilla/5.0 (Macintosh; Intel Mac OS X 10_12_3) AppleWebKit/602.4.8 (KHTML, like Gecko) Version/10.0.3 Safari/602.4.8"
88.117.172.254 - - [30/Mar/2017:14:05:22 +0200] "GET /gui/javascript/form_form.js?1490875522 HTTP/1.1" 200 16206 "http://ed-test.activities.at/entry.php?id=10287&" "Mozilla/5.0 (Macintosh; Intel Mac OS X 10_12_3) AppleWebKit/602.4.8 (KHTML, like Gecko) Version/10.0.3 Safari/602.4.8"
88.117.172.254 - - [30/Mar/2017:14:05:23 +0200] "GET /entry.php?id=10270& HTTP/1.1" 200 908 "http://ed-test.activities.at/entry.php?id=10287&" "Mozilla/5.0 (Macintosh; Intel Mac OS X 10_12_3) AppleWebKit/602.4.8 (KHTML, like Gecko) Version/10.0.3 Safari/602.4.8"
88.117.172.254 - - [30/Mar/2017:14:05:23 +0200] "GET /entry.php?id=10273&logout=true& HTTP/1.1" 200 1912 "http://ed-test.activities.at/entry.php?id=10287&" "Mozilla/5.0 (Macintosh; Intel Mac OS X 10_12_3) AppleWebKit/602.4.8 (KHTML, like Gecko) Version/10.0.3 Safari/602.4.8"
88.117.172.254 - - [30/Mar/2017:14:05:23 +0200] "GET /gui/javascript/form_form.js?1490875523 HTTP/1.1" 200 16206 "http://ed-test.activities.at/entry.php?id=10270&" "Mozilla/5.0 (Macintosh; Intel Mac OS X 10_12_3) AppleWebKit/602.4.8 (KHTML, like Gecko) Version/10.0.3 Safari/602.4.8"
212.108.43.59 - - [30/Mar/2017:14:05:48 +0200] "GET /entry.php?id=10271&&ser=875488 HTTP/1.1" 200 987 "http://ed-test.activities.at/entry.php?id=10271&&ser=875427" "Mozilla/5.0 (Windows NT 10.0; Win64; x64) AppleWebKit/537.36 (KHTML, like Gecko) Chrome/56.0.2924.87 Safari/537.36"
212.108.43.59 - - [30/Mar/2017:14:05:48 +0200] "GET /gui/javascript/form_form.js?1490875548 HTTP/1.1" 200 16206 "http://ed-test.activities.at/entry.php?id=10271&&ser=875488" "Mozilla/5.0 (Windows NT 10.0; Win64; x64) AppleWebKit/537.36 (KHTML, like Gecko) Chrome/56.0.2924.87 Safari/537.36"
212.108.43.59 - - [30/Mar/2017:14:06:17 +0200] "GET /entry.php?id=10271&&ser=875516 HTTP/1.1" 200 987 "http://ed-test.activities.at/entry.php?id=10271&&ser=875455" "Mozilla/5.0 (Windows NT 10.0; Win64; x64) AppleWebKit/537.36 (KHTML, like Gecko) Chrome/56.0.2924.87 Safari/537.36"
212.108.43.59 - - [30/Mar/2017:14:06:17 +0200] "GET /gui/javascript/form_form.js?1490875577 HTTP/1.1" 200 16206 "http://ed-test.activities.at/entry.php?id=10271&&ser=875516" "Mozilla/5.0 (Windows NT 10.0; Win64; x64) AppleWebKit/537.36 (KHTML, like Gecko) Chrome/56.0.2924.87 Safari/537.36"
212.108.43.59 - - [30/Mar/2017:14:06:48 +0200] "GET /entry.php?id=10271&&ser=875548 HTTP/1.1" 200 986 "http://ed-test.activities.at/entry.php?id=10271&&ser=875488" "Mozilla/5.0 (Windows NT 10.0; Win64; x64) AppleWebKit/537.36 (KHTML, like Gecko) Chrome/56.0.2924.87 Safari/537.36"
212.108.43.59 - - [30/Mar/2017:14:06:48 +0200] "GET /gui/javascript/form_form.js?1490875608 HTTP/1.1" 200 16206 "http://ed-test.activities.at/entry.php?id=10271&&ser=875548" "Mozilla/5.0 (Windows NT 10.0; Win64; x64) AppleWebKit/537.36 (KHTML, like Gecko) Chrome/56.0.2924.87 Safari/537.36"
212.108.43.59 - - [30/Mar/2017:14:07:18 +0200] "GET /entry.php?id=10271&&ser=875577 HTTP/1.1" 200 987 "http://ed-test.activities.at/entry.php?id=10271&&ser=875516" "Mozilla/5.0 (Windows NT 10.0; Win64; x64) AppleWebKit/537.36 (KHTML, like Gecko) Chrome/56.0.2924.87 Safari/537.36"
212.108.43.59 - - [30/Mar/2017:14:07:18 +0200] "GET /gui/javascript/form_form.js?1490875638 HTTP/1.1" 200 16206 "http://ed-test.activities.at/entry.php?id=10271&&ser=875577" "Mozilla/5.0 (Windows NT 10.0; Win64; x64) AppleWebKit/537.36 (KHTML, like Gecko) Chrome/56.0.2924.87 Safari/537.36"
212.108.43.59 - - [30/Mar/2017:14:07:49 +0200] "GET /entry.php?id=10271&&ser=875608 HTTP/1.1" 200 987 "http://ed-test.activities.at/entry.php?id=10271&&ser=875548" "Mozilla/5.0 (Windows NT 10.0; Win64; x64) AppleWebKit/537.36 (KHTML, like Gecko) Chrome/56.0.2924.87 Safari/537.36"
212.108.43.59 - - [30/Mar/2017:14:07:49 +0200] "GET /gui/javascript/form_form.js?1490875669 HTTP/1.1" 200 16206 "http://ed-test.activities.at/entry.php?id=10271&&ser=875608" "Mozilla/5.0 (Windows NT 10.0; Win64; x64) AppleWebKit/537.36 (KHTML, like Gecko) Chrome/56.0.2924.87 Safari/537.36"
212.108.43.59 - - [30/Mar/2017:14:08:19 +0200] "GET /entry.php?id=10271&&ser=875638 HTTP/1.1" 200 987 "http://ed-test.activities.at/entry.php?id=10271&&ser=875577" "Mozilla/5.0 (Windows NT 10.0; Win64; x64) AppleWebKit/537.36 (KHTML, like Gecko) Chrome/56.0.2924.87 Safari/537.36"
212.108.43.59 - - [30/Mar/2017:14:08:19 +0200] "GET /gui/javascript/form_form.js?1490875699 HTTP/1.1" 200 16206 "http://ed-test.activities.at/entry.php?id=10271&&ser=875638" "Mozilla/5.0 (Windows NT 10.0; Win64; x64) AppleWebKit/537.36 (KHTML, like Gecko) Chrome/56.0.2924.87 Safari/537.36"
212.108.43.59 - - [30/Mar/2017:14:08:49 +0200] "GET /entry.php?id=10271&&ser=875669 HTTP/1.1" 200 987 "http://ed-test.activities.at/entry.php?id=10271&&ser=875608" "Mozilla/5.0 (Windows NT 10.0; Win64; x64) AppleWebKit/537.36 (KHTML, like Gecko) Chrome/56.0.2924.87 Safari/537.36"
212.108.43.59 - - [30/Mar/2017:14:08:49 +0200] "GET /gui/javascript/form_form.js?1490875729 HTTP/1.1" 200 16206 "http://ed-test.activities.at/entry.php?id=10271&&ser=875669" "Mozilla/5.0 (Windows NT 10.0; Win64; x64) AppleWebKit/537.36 (KHTML, like Gecko) Chrome/56.0.2924.87 Safari/537.36"
212.108.43.59 - - [30/Mar/2017:14:09:20 +0200] "GET /entry.php?id=10271&&ser=875699 HTTP/1.1" 200 987 "http://ed-test.activities.at/entry.php?id=10271&&ser=875638" "Mozilla/5.0 (Windows NT 10.0; Win64; x64) AppleWebKit/537.36 (KHTML, like Gecko) Chrome/56.0.2924.87 Safari/537.36"
212.108.43.59 - - [30/Mar/2017:14:09:20 +0200] "GET /gui/javascript/form_form.js?1490875760 HTTP/1.1" 200 16206 "http://ed-test.activities.at/entry.php?id=10271&&ser=875699" "Mozilla/5.0 (Windows NT 10.0; Win64; x64) AppleWebKit/537.36 (KHTML, like Gecko) Chrome/56.0.2924.87 Safari/537.36"
212.108.43.59 - - [30/Mar/2017:14:09:49 +0200] "GET /entry.php?id=10271&&ser=875729 HTTP/1.1" 200 987 "http://ed-test.activities.at/entry.php?id=10271&&ser=875669" "Mozilla/5.0 (Windows NT 10.0; Win64; x64) AppleWebKit/537.36 (KHTML, like Gecko) Chrome/56.0.2924.87 Safari/537.36"
212.108.43.59 - - [30/Mar/2017:14:09:50 +0200] "GET /gui/javascript/form_form.js?1490875790 HTTP/1.1" 200 16206 "http://ed-test.activities.at/entry.php?id=10271&&ser=875729" "Mozilla/5.0 (Windows NT 10.0; Win64; x64) AppleWebKit/537.36 (KHTML, like Gecko) Chrome/56.0.2924.87 Safari/537.36"
212.108.43.59 - - [30/Mar/2017:14:10:21 +0200] "GET /entry.php?id=10271&&ser=875760 HTTP/1.1" 200 986 "http://ed-test.activities.at/entry.php?id=10271&&ser=875699" "Mozilla/5.0 (Windows NT 10.0; Win64; x64) AppleWebKit/537.36 (KHTML, like Gecko) Chrome/56.0.2924.87 Safari/537.36"
212.108.43.59 - - [30/Mar/2017:14:10:21 +0200] "GET /gui/javascript/form_form.js?1490875821 HTTP/1.1" 200 16206 "http://ed-test.activities.at/entry.php?id=10271&&ser=875760" "Mozilla/5.0 (Windows NT 10.0; Win64; x64) AppleWebKit/537.36 (KHTML, like Gecko) Chrome/56.0.2924.87 Safari/537.36"
212.108.43.59 - - [30/Mar/2017:14:10:50 +0200] "GET /entry.php?id=10271&&ser=875790 HTTP/1.1" 200 986 "http://ed-test.activities.at/entry.php?id=10271&&ser=875729" "Mozilla/5.0 (Windows NT 10.0; Win64; x64) AppleWebKit/537.36 (KHTML, like Gecko) Chrome/56.0.2924.87 Safari/537.36"
212.108.43.59 - - [30/Mar/2017:14:10:50 +0200] "GET /gui/javascript/form_form.js?1490875850 HTTP/1.1" 200 16206 "http://ed-test.activities.at/entry.php?id=10271&&ser=875790" "Mozilla/5.0 (Windows NT 10.0; Win64; x64) AppleWebKit/537.36 (KHTML, like Gecko) Chrome/56.0.2924.87 Safari/537.36"
212.108.43.59 - - [30/Mar/2017:14:11:22 +0200] "GET /entry.php?id=10271&&ser=875821 HTTP/1.1" 200 986 "http://ed-test.activities.at/entry.php?id=10271&&ser=875760" "Mozilla/5.0 (Windows NT 10.0; Win64; x64) AppleWebKit/537.36 (KHTML, like Gecko) Chrome/56.0.2924.87 Safari/537.36"
212.108.43.59 - - [30/Mar/2017:14:11:22 +0200] "GET /gui/javascript/form_form.js?1490875882 HTTP/1.1" 200 16206 "http://ed-test.activities.at/entry.php?id=10271&&ser=875821" "Mozilla/5.0 (Windows NT 10.0; Win64; x64) AppleWebKit/537.36 (KHTML, like Gecko) Chrome/56.0.2924.87 Safari/537.36"
212.108.43.59 - - [30/Mar/2017:14:11:50 +0200] "GET /entry.php?id=10271&&ser=875850 HTTP/1.1" 200 986 "http://ed-test.activities.at/entry.php?id=10271&&ser=875790" "Mozilla/5.0 (Windows NT 10.0; Win64; x64) AppleWebKit/537.36 (KHTML, like Gecko) Chrome/56.0.2924.87 Safari/537.36"
212.108.43.59 - - [30/Mar/2017:14:11:51 +0200] "GET /gui/javascript/form_form.js?1490875910 HTTP/1.1" 200 16206 "http://ed-test.activities.at/entry.php?id=10271&&ser=875850" "Mozilla/5.0 (Windows NT 10.0; Win64; x64) AppleWebKit/537.36 (KHTML, like Gecko) Chrome/56.0.2924.87 Safari/537.36"
212.108.43.59 - - [30/Mar/2017:14:12:23 +0200] "GET /entry.php?id=10271&&ser=875882 HTTP/1.1" 200 987 "http://ed-test.activities.at/entry.php?id=10271&&ser=875821" "Mozilla/5.0 (Windows NT 10.0; Win64; x64) AppleWebKit/537.36 (KHTML, like Gecko) Chrome/56.0.2924.87 Safari/537.36"
212.108.43.59 - - [30/Mar/2017:14:12:23 +0200] "GET /gui/javascript/form_form.js?1490875943 HTTP/1.1" 200 16206 "http://ed-test.activities.at/entry.php?id=10271&&ser=875882" "Mozilla/5.0 (Windows NT 10.0; Win64; x64) AppleWebKit/537.36 (KHTML, like Gecko) Chrome/56.0.2924.87 Safari/537.36"
212.108.43.59 - - [30/Mar/2017:14:12:51 +0200] "GET /entry.php?id=10271&&ser=875910 HTTP/1.1" 200 986 "http://ed-test.activities.at/entry.php?id=10271&&ser=875850" "Mozilla/5.0 (Windows NT 10.0; Win64; x64) AppleWebKit/537.36 (KHTML, like Gecko) Chrome/56.0.2924.87 Safari/537.36"
212.108.43.59 - - [30/Mar/2017:14:12:51 +0200] "GET /gui/javascript/form_form.js?1490875971 HTTP/1.1" 200 16206 "http://ed-test.activities.at/entry.php?id=10271&&ser=875910" "Mozilla/5.0 (Windows NT 10.0; Win64; x64) AppleWebKit/537.36 (KHTML, like Gecko) Chrome/56.0.2924.87 Safari/537.36"
212.108.43.59 - - [30/Mar/2017:14:13:24 +0200] "GET /entry.php?id=10271&&ser=875943 HTTP/1.1" 200 987 "http://ed-test.activities.at/entry.php?id=10271&&ser=875882" "Mozilla/5.0 (Windows NT 10.0; Win64; x64) AppleWebKit/537.36 (KHTML, like Gecko) Chrome/56.0.2924.87 Safari/537.36"
212.108.43.59 - - [30/Mar/2017:14:13:24 +0200] "GET /gui/javascript/form_form.js?1490876004 HTTP/1.1" 200 16206 "http://ed-test.activities.at/entry.php?id=10271&&ser=875943" "Mozilla/5.0 (Windows NT 10.0; Win64; x64) AppleWebKit/537.36 (KHTML, like Gecko) Chrome/56.0.2924.87 Safari/537.36"
212.108.43.59 - - [30/Mar/2017:14:13:51 +0200] "GET /entry.php?id=10271&&ser=875971 HTTP/1.1" 200 986 "http://ed-test.activities.at/entry.php?id=10271&&ser=875910" "Mozilla/5.0 (Windows NT 10.0; Win64; x64) AppleWebKit/537.36 (KHTML, like Gecko) Chrome/56.0.2924.87 Safari/537.36"
212.108.43.59 - - [30/Mar/2017:14:13:51 +0200] "GET /gui/javascript/form_form.js?1490876031 HTTP/1.1" 200 16206 "http://ed-test.activities.at/entry.php?id=10271&&ser=875971" "Mozilla/5.0 (Windows NT 10.0; Win64; x64) AppleWebKit/537.36 (KHTML, like Gecko) Chrome/56.0.2924.87 Safari/537.36"
212.108.43.59 - - [30/Mar/2017:14:14:25 +0200] "GET /entry.php?id=10271&&ser=876004 HTTP/1.1" 200 986 "http://ed-test.activities.at/entry.php?id=10271&&ser=875943" "Mozilla/5.0 (Windows NT 10.0; Win64; x64) AppleWebKit/537.36 (KHTML, like Gecko) Chrome/56.0.2924.87 Safari/537.36"
212.108.43.59 - - [30/Mar/2017:14:14:25 +0200] "GET /gui/javascript/form_form.js?1490876065 HTTP/1.1" 200 16206 "http://ed-test.activities.at/entry.php?id=10271&&ser=876004" "Mozilla/5.0 (Windows NT 10.0; Win64; x64) AppleWebKit/537.36 (KHTML, like Gecko) Chrome/56.0.2924.87 Safari/537.36"
212.108.43.59 - - [30/Mar/2017:14:14:51 +0200] "GET /entry.php?id=10271&&ser=876031 HTTP/1.1" 200 987 "http://ed-test.activities.at/entry.php?id=10271&&ser=875971" "Mozilla/5.0 (Windows NT 10.0; Win64; x64) AppleWebKit/537.36 (KHTML, like Gecko) Chrome/56.0.2924.87 Safari/537.36"
212.108.43.59 - - [30/Mar/2017:14:14:52 +0200] "GET /gui/javascript/form_form.js?1490876092 HTTP/1.1" 200 16206 "http://ed-test.activities.at/entry.php?id=10271&&ser=876031" "Mozilla/5.0 (Windows NT 10.0; Win64; x64) AppleWebKit/537.36 (KHTML, like Gecko) Chrome/56.0.2924.87 Safari/537.36"
212.108.43.59 - - [30/Mar/2017:14:15:26 +0200] "GET /entry.php?id=10271&&ser=876065 HTTP/1.1" 200 987 "http://ed-test.activities.at/entry.php?id=10271&&ser=876004" "Mozilla/5.0 (Windows NT 10.0; Win64; x64) AppleWebKit/537.36 (KHTML, like Gecko) Chrome/56.0.2924.87 Safari/537.36"
212.108.43.59 - - [30/Mar/2017:14:15:26 +0200] "GET /gui/javascript/form_form.js?1490876126 HTTP/1.1" 200 16206 "http://ed-test.activities.at/entry.php?id=10271&&ser=876065" "Mozilla/5.0 (Windows NT 10.0; Win64; x64) AppleWebKit/537.36 (KHTML, like Gecko) Chrome/56.0.2924.87 Safari/537.36"
212.108.43.59 - - [30/Mar/2017:14:15:52 +0200] "GET /entry.php?id=10271&&ser=876092 HTTP/1.1" 200 987 "http://ed-test.activities.at/entry.php?id=10271&&ser=876031" "Mozilla/5.0 (Windows NT 10.0; Win64; x64) AppleWebKit/537.36 (KHTML, like Gecko) Chrome/56.0.2924.87 Safari/537.36"
212.108.43.59 - - [30/Mar/2017:14:15:52 +0200] "GET /gui/javascript/form_form.js?1490876152 HTTP/1.1" 200 16206 "http://ed-test.activities.at/entry.php?id=10271&&ser=876092" "Mozilla/5.0 (Windows NT 10.0; Win64; x64) AppleWebKit/537.36 (KHTML, like Gecko) Chrome/56.0.2924.87 Safari/537.36"
212.108.43.59 - - [30/Mar/2017:14:16:27 +0200] "GET /entry.php?id=10271&&ser=876126 HTTP/1.1" 200 986 "http://ed-test.activities.at/entry.php?id=10271&&ser=876065" "Mozilla/5.0 (Windows NT 10.0; Win64; x64) AppleWebKit/537.36 (KHTML, like Gecko) Chrome/56.0.2924.87 Safari/537.36"
212.108.43.59 - - [30/Mar/2017:14:16:27 +0200] "GET /gui/javascript/form_form.js?1490876187 HTTP/1.1" 200 16206 "http://ed-test.activities.at/entry.php?id=10271&&ser=876126" "Mozilla/5.0 (Windows NT 10.0; Win64; x64) AppleWebKit/537.36 (KHTML, like Gecko) Chrome/56.0.2924.87 Safari/537.36"
212.108.43.59 - - [30/Mar/2017:14:16:52 +0200] "GET /entry.php?id=10271&&ser=876152 HTTP/1.1" 200 987 "http://ed-test.activities.at/entry.php?id=10271&&ser=876092" "Mozilla/5.0 (Windows NT 10.0; Win64; x64) AppleWebKit/537.36 (KHTML, like Gecko) Chrome/56.0.2924.87 Safari/537.36"
212.108.43.59 - - [30/Mar/2017:14:16:53 +0200] "GET /gui/javascript/form_form.js?1490876212 HTTP/1.1" 200 16206 "http://ed-test.activities.at/entry.php?id=10271&&ser=876152" "Mozilla/5.0 (Windows NT 10.0; Win64; x64) AppleWebKit/537.36 (KHTML, like Gecko) Chrome/56.0.2924.87 Safari/537.36"
212.108.43.59 - - [30/Mar/2017:14:17:28 +0200] "GET /entry.php?id=10271&&ser=876187 HTTP/1.1" 200 987 "http://ed-test.activities.at/entry.php?id=10271&&ser=876126" "Mozilla/5.0 (Windows NT 10.0; Win64; x64) AppleWebKit/537.36 (KHTML, like Gecko) Chrome/56.0.2924.87 Safari/537.36"
212.108.43.59 - - [30/Mar/2017:14:17:28 +0200] "GET /gui/javascript/form_form.js?1490876248 HTTP/1.1" 200 16206 "http://ed-test.activities.at/entry.php?id=10271&&ser=876187" "Mozilla/5.0 (Windows NT 10.0; Win64; x64) AppleWebKit/537.36 (KHTML, like Gecko) Chrome/56.0.2924.87 Safari/537.36"
212.108.43.59 - - [30/Mar/2017:14:17:53 +0200] "GET /entry.php?id=10271&&ser=876212 HTTP/1.1" 200 987 "http://ed-test.activities.at/entry.php?id=10271&&ser=876152" "Mozilla/5.0 (Windows NT 10.0; Win64; x64) AppleWebKit/537.36 (KHTML, like Gecko) Chrome/56.0.2924.87 Safari/537.36"
212.108.43.59 - - [30/Mar/2017:14:17:53 +0200] "GET /gui/javascript/form_form.js?1490876273 HTTP/1.1" 200 16206 "http://ed-test.activities.at/entry.php?id=10271&&ser=876212" "Mozilla/5.0 (Windows NT 10.0; Win64; x64) AppleWebKit/537.36 (KHTML, like Gecko) Chrome/56.0.2924.87 Safari/537.36"
212.108.43.59 - - [30/Mar/2017:14:17:58 +0200] "GET /entry.php?id=10441&UIN=11becd0f91f8d7f4d240f3178e75b93e HTTP/1.1" 200 1172 "http://ed-test.activities.at/layout.php" "Mozilla/5.0 (Windows NT 10.0; Win64; x64) AppleWebKit/537.36 (KHTML, like Gecko) Chrome/56.0.2924.87 Safari/537.36"
212.108.43.59 - - [30/Mar/2017:14:17:58 +0200] "GET /gui/javascript/form_form.js?1490876278 HTTP/1.1" 200 16206 "http://ed-test.activities.at/entry.php?id=10441&UIN=11becd0f91f8d7f4d240f3178e75b93e" "Mozilla/5.0 (Windows NT 10.0; Win64; x64) AppleWebKit/537.36 (KHTML, like Gecko) Chrome/56.0.2924.87 Safari/537.36"
212.108.43.59 - - [30/Mar/2017:14:18:29 +0200] "GET /entry.php?id=10271&&ser=876248 HTTP/1.1" 200 934 "http://ed-test.activities.at/entry.php?id=10271&&ser=876187" "Mozilla/5.0 (Windows NT 10.0; Win64; x64) AppleWebKit/537.36 (KHTML, like Gecko) Chrome/56.0.2924.87 Safari/537.36"
212.108.43.59 - - [30/Mar/2017:14:18:29 +0200] "GET /gui/javascript/form_form.js?1490876309 HTTP/1.1" 200 16206 "http://ed-test.activities.at/entry.php?id=10271&&ser=876248" "Mozilla/5.0 (Windows NT 10.0; Win64; x64) AppleWebKit/537.36 (KHTML, like Gecko) Chrome/56.0.2924.87 Safari/537.36"