213.86.241.133 - - [14/Apr/2016:11:29:51 +0200] "GET /entry.php?id=10776&form=11500&name=list& HTTP/1.1" 200 2402 "http://easydrivers.activities.at/entry.php?id=11675&" "Mozilla/5.0 (Windows NT 6.3; WOW64; Trident/7.0; Touch; MALCJS; rv:11.0) like Gecko"
213.86.241.133 - - [14/Apr/2016:11:29:51 +0200] "GET /entry.php?id=10778&form=11500&name=list& HTTP/1.1" 200 2636 "http://easydrivers.activities.at/entry.php?id=11675&" "Mozilla/5.0 (Windows NT 6.3; WOW64; Trident/7.0; Touch; MALCJS; rv:11.0) like Gecko"
213.86.241.133 - - [14/Apr/2016:11:29:52 +0200] "GET /gui/images/icons/information.gif HTTP/1.1" 200 1025 "http://easydrivers.activities.at/entry.php?id=10776&form=11500&name=list&" "Mozilla/5.0 (Windows NT 6.3; WOW64; Trident/7.0; Touch; MALCJS; rv:11.0) like Gecko"
213.86.241.133 - - [14/Apr/2016:11:29:52 +0200] "GET /gui/images/icons/calendar.png HTTP/1.1" 200 675 "http://easydrivers.activities.at/entry.php?id=10776&form=11500&name=list&" "Mozilla/5.0 (Windows NT 6.3; WOW64; Trident/7.0; Touch; MALCJS; rv:11.0) like Gecko"
213.86.241.133 - - [14/Apr/2016:11:29:54 +0200] "GET /entry.php?id=11681 HTTP/1.1" 200 328 "http://easydrivers.activities.at/entry.php?id=11412" "Mozilla/5.0 (Windows NT 6.3; WOW64; Trident/7.0; Touch; MALCJS; rv:11.0) like Gecko"
213.86.241.133 - - [14/Apr/2016:11:29:54 +0200] "GET /entry.php?id=10676&&title=Contentverwaltung HTTP/1.1" 200 1392 "http://easydrivers.activities.at/entry.php?id=11681" "Mozilla/5.0 (Windows NT 6.3; WOW64; Trident/7.0; Touch; MALCJS; rv:11.0) like Gecko"
213.86.241.133 - - [14/Apr/2016:11:29:54 +0200] "GET /gui/javascript/form_form.js?1460626194 HTTP/1.1" 200 16206 "http://easydrivers.activities.at/entry.php?id=10676&&title=Contentverwaltung" "Mozilla/5.0 (Windows NT 6.3; WOW64; Trident/7.0; Touch; MALCJS; rv:11.0) like Gecko"
213.86.241.133 - - [14/Apr/2016:11:29:54 +0200] "GET /entry.php?id=11683& HTTP/1.1" 200 2681 "http://easydrivers.activities.at/entry.php?id=11681" "Mozilla/5.0 (Windows NT 6.3; WOW64; Trident/7.0; Touch; MALCJS; rv:11.0) like Gecko"
213.86.241.133 - - [14/Apr/2016:11:29:54 +0200] "GET /entry.php?id=11684& HTTP/1.1" 200 3806 "http://easydrivers.activities.at/entry.php?id=11681" "Mozilla/5.0 (Windows NT 6.3; WOW64; Trident/7.0; Touch; MALCJS; rv:11.0) like Gecko"
213.86.241.133 - - [14/Apr/2016:11:29:55 +0200] "GET /entry.php?id=10778&form=11508&name=list& HTTP/1.1" 200 3283 "http://easydrivers.activities.at/entry.php?id=11683&" "Mozilla/5.0 (Windows NT 6.3; WOW64; Trident/7.0; Touch; MALCJS; rv:11.0) like Gecko"
213.86.241.133 - - [14/Apr/2016:11:29:55 +0200] "GET /gui/javascript/form_form.js?1460626195 HTTP/1.1" 200 16206 "http://easydrivers.activities.at/entry.php?id=11684&" "Mozilla/5.0 (Windows NT 6.3; WOW64; Trident/7.0; Touch; MALCJS; rv:11.0) like Gecko"
213.86.241.133 - - [14/Apr/2016:11:29:55 +0200] "GET /gui/images/icons/disabled_information.gif HTTP/1.1" 200 624 "http://easydrivers.activities.at/entry.php?id=11684&" "Mozilla/5.0 (Windows NT 6.3; WOW64; Trident/7.0; Touch; MALCJS; rv:11.0) like Gecko"
213.86.241.133 - - [14/Apr/2016:11:29:55 +0200] "GET /entry.php?id=10776&form=11508&name=list& HTTP/1.1" 200 1894 "http://easydrivers.activities.at/entry.php?id=11683&" "Mozilla/5.0 (Windows NT 6.3; WOW64; Trident/7.0; Touch; MALCJS; rv:11.0) like Gecko"
213.86.241.133 - - [14/Apr/2016:11:29:57 +0200] "GET /entry.php?id=11679 HTTP/1.1" 200 312 "http://easydrivers.activities.at/entry.php?id=11412" "Mozilla/5.0 (Windows NT 6.3; WOW64; Trident/7.0; Touch; MALCJS; rv:11.0) like Gecko"
213.86.241.133 - - [14/Apr/2016:11:29:57 +0200] "GET /entry.php?id=10676&title=Portal& HTTP/1.1" 200 1387 "http://easydrivers.activities.at/entry.php?id=11679" "Mozilla/5.0 (Windows NT 6.3; WOW64; Trident/7.0; Touch; MALCJS; rv:11.0) like Gecko"
213.86.241.133 - - [14/Apr/2016:11:29:57 +0200] "GET /gui/javascript/form_form.js?1460626197 HTTP/1.1" 200 16206 "http://easydrivers.activities.at/entry.php?id=10676&title=Portal&" "Mozilla/5.0 (Windows NT 6.3; WOW64; Trident/7.0; Touch; MALCJS; rv:11.0) like Gecko"
213.86.241.133 - - [14/Apr/2016:11:29:57 +0200] "GET /entry.php?id=11678& HTTP/1.1" 200 3269 "http://easydrivers.activities.at/entry.php?id=11679" "Mozilla/5.0 (Windows NT 6.3; WOW64; Trident/7.0; Touch; MALCJS; rv:11.0) like Gecko"
213.86.241.133 - - [14/Apr/2016:11:29:57 +0200] "GET /activities/framework/KoolControls/KoolAjax/koolajax.php?8436e354c842500aba3cbaf0584c0c24 HTTP/1.1" 200 4079 "http://easydrivers.activities.at/entry.php?id=11678&" "Mozilla/5.0 (Windows NT 6.3; WOW64; Trident/7.0; Touch; MALCJS; rv:11.0) like Gecko"
213.86.241.133 - - [14/Apr/2016:11:29:57 +0200] "GET /activities/framework/KoolControls/KoolTreeView/kooltreeview.php?c7cd9180e88ffef8e70f13526bb4f5f7 HTTP/1.1" 200 5055 "http://easydrivers.activities.at/entry.php?id=11678&" "Mozilla/5.0 (Windows NT 6.3; WOW64; Trident/7.0; Touch; MALCJS; rv:11.0) like Gecko"
213.86.241.133 - - [14/Apr/2016:11:29:57 +0200] "GET /entry.php?id=11677& HTTP/1.1" 200 4361 "http://easydrivers.activities.at/entry.php?id=11679" "Mozilla/5.0 (Windows NT 6.3; WOW64; Trident/7.0; Touch; MALCJS; rv:11.0) like Gecko"
213.86.241.133 - - [14/Apr/2016:11:29:58 +0200] "GET /gui/javascript/form_form.js?1460626198 HTTP/1.1" 200 16206 "http://easydrivers.activities.at/entry.php?id=11677&" "Mozilla/5.0 (Windows NT 6.3; WOW64; Trident/7.0; Touch; MALCJS; rv:11.0) like Gecko"
213.86.241.133 - - [14/Apr/2016:11:29:58 +0200] "GET /entry.php?id=11618&&object=&item=&emu_class= HTTP/1.1" 200 1694 "http://easydrivers.activities.at/entry.php?id=11677&" "Mozilla/5.0 (Windows NT 6.3; WOW64; Trident/7.0; Touch; MALCJS; rv:11.0) like Gecko"
213.86.241.133 - - [14/Apr/2016:11:30:00 +0200] "POST /entry.php?id=11677 HTTP/1.1" 200 4360 "http://easydrivers.activities.at/entry.php?id=11677&" "Mozilla/5.0 (Windows NT 6.3; WOW64; Trident/7.0; Touch; MALCJS; rv:11.0) like Gecko"
213.86.241.133 - - [14/Apr/2016:11:30:01 +0200] "GET /gui/javascript/form_form.js?1460626201 HTTP/1.1" 200 16206 "http://easydrivers.activities.at/entry.php?id=11677" "Mozilla/5.0 (Windows NT 6.3; WOW64; Trident/7.0; Touch; MALCJS; rv:11.0) like Gecko"
213.86.241.133 - - [14/Apr/2016:11:30:01 +0200] "GET /entry.php?id=11618&&object=&item=&emu_class= HTTP/1.1" 200 1693 "http://easydrivers.activities.at/entry.php?id=11677" "Mozilla/5.0 (Windows NT 6.3; WOW64; Trident/7.0; Touch; MALCJS; rv:11.0) like Gecko"
213.86.241.133 - - [14/Apr/2016:11:30:08 +0200] "GET /entry.php?id=11664 HTTP/1.1" 200 343 "http://easydrivers.activities.at/entry.php?id=11412" "Mozilla/5.0 (Windows NT 6.3; WOW64; Trident/7.0; Touch; MALCJS; rv:11.0) like Gecko"
213.86.241.133 - - [14/Apr/2016:11:30:08 +0200] "GET /entry.php?id=10676&&title=Standorte HTTP/1.1" 200 1388 "http://easydrivers.activities.at/entry.php?id=11664" "Mozilla/5.0 (Windows NT 6.3; WOW64; Trident/7.0; Touch; MALCJS; rv:11.0) like Gecko"
213.86.241.133 - - [14/Apr/2016:11:30:09 +0200] "GET /gui/javascript/form_form.js?1460626208 HTTP/1.1" 200 16206 "http://easydrivers.activities.at/entry.php?id=10676&&title=Standorte" "Mozilla/5.0 (Windows NT 6.3; WOW64; Trident/7.0; Touch; MALCJS; rv:11.0) like Gecko"
213.86.241.133 - - [14/Apr/2016:11:30:08 +0200] "GET /entry.php?id=11665& HTTP/1.1" 200 2316 "http://easydrivers.activities.at/entry.php?id=11664" "Mozilla/5.0 (Windows NT 6.3; WOW64; Trident/7.0; Touch; MALCJS; rv:11.0) like Gecko"
213.86.241.133 - - [14/Apr/2016:11:30:09 +0200] "GET /gui/javascript/form_ed_addresses.js HTTP/1.1" 200 2295 "http://easydrivers.activities.at/entry.php?id=11665&" "Mozilla/5.0 (Windows NT 6.3; WOW64; Trident/7.0; Touch; MALCJS; rv:11.0) like Gecko"
213.86.241.133 - - [14/Apr/2016:11:30:09 +0200] "GET /gui/javascript/form_form.js?1460626209 HTTP/1.1" 200 16206 "http://easydrivers.activities.at/entry.php?id=11665&" "Mozilla/5.0 (Windows NT 6.3; WOW64; Trident/7.0; Touch; MALCJS; rv:11.0) like Gecko"
213.86.241.133 - - [14/Apr/2016:11:30:08 +0200] "GET /entry.php?id=11697& HTTP/1.1" 200 2601 "http://easydrivers.activities.at/entry.php?id=11664" "Mozilla/5.0 (Windows NT 6.3; WOW64; Trident/7.0; Touch; MALCJS; rv:11.0) like Gecko"
213.86.241.133 - - [14/Apr/2016:11:30:08 +0200] "GET /entry.php?id=11666& HTTP/1.1" 200 3706 "http://easydrivers.activities.at/entry.php?id=11664" "Mozilla/5.0 (Windows NT 6.3; WOW64; Trident/7.0; Touch; MALCJS; rv:11.0) like Gecko"
213.86.241.133 - - [14/Apr/2016:11:30:09 +0200] "GET /entry.php?id=10778&form=11490&name=list& HTTP/1.1" 200 2765 "http://easydrivers.activities.at/entry.php?id=11665&" "Mozilla/5.0 (Windows NT 6.3; WOW64; Trident/7.0; Touch; MALCJS; rv:11.0) like Gecko"
213.86.241.133 - - [14/Apr/2016:11:30:09 +0200] "GET /entry.php?id=10776&form=11490&name=list& HTTP/1.1" 200 2009 "http://easydrivers.activities.at/entry.php?id=11665&" "Mozilla/5.0 (Windows NT 6.3; WOW64; Trident/7.0; Touch; MALCJS; rv:11.0) like Gecko"
213.86.241.133 - - [14/Apr/2016:11:30:09 +0200] "GET /gui/images/icons/email.gif HTTP/1.1" 200 937 "http://easydrivers.activities.at/entry.php?id=11666&" "Mozilla/5.0 (Windows NT 6.3; WOW64; Trident/7.0; Touch; MALCJS; rv:11.0) like Gecko"
213.86.241.133 - - [14/Apr/2016:11:30:09 +0200] "GET /gui/images/icons/user_admin.png HTTP/1.1" 200 875 "http://easydrivers.activities.at/entry.php?id=10778&form=11490&name=list&" "Mozilla/5.0 (Windows NT 6.3; WOW64; Trident/7.0; Touch; MALCJS; rv:11.0) like Gecko"
213.86.241.133 - - [14/Apr/2016:11:30:09 +0200] "GET /gui/images/icons/disabled_user_admin.png HTTP/1.1" 200 770 "http://easydrivers.activities.at/entry.php?id=10776&form=11490&name=list&" "Mozilla/5.0 (Windows NT 6.3; WOW64; Trident/7.0; Touch; MALCJS; rv:11.0) like Gecko"
213.86.241.133 - - [14/Apr/2016:11:30:10 +0200] "GET /framework/icons/rowselect.gif HTTP/1.1" 200 67 "http://easydrivers.activities.at/entry.php?id=10778&form=11490&name=list&" "Mozilla/5.0 (Windows NT 6.3; WOW64; Trident/7.0; Touch; MALCJS; rv:11.0) like Gecko"
213.86.241.133 - - [14/Apr/2016:11:30:09 +0200] "GET /entry.php?id=10776&form=11522&name=list& HTTP/1.1" 200 2259 "http://easydrivers.activities.at/entry.php?id=11697&" "Mozilla/5.0 (Windows NT 6.3; WOW64; Trident/7.0; Touch; MALCJS; rv:11.0) like Gecko"
213.86.241.133 - - [14/Apr/2016:11:30:09 +0200] "GET /entry.php?id=10778&form=11522&name=list& HTTP/1.1" 200 3255 "http://easydrivers.activities.at/entry.php?id=11697&" "Mozilla/5.0 (Windows NT 6.3; WOW64; Trident/7.0; Touch; MALCJS; rv:11.0) like Gecko"
213.86.241.133 - - [14/Apr/2016:11:30:10 +0200] "GET /gui/images/icons/user_link.png HTTP/1.1" 200 905 "http://easydrivers.activities.at/entry.php?id=10776&form=11522&name=list&" "Mozilla/5.0 (Windows NT 6.3; WOW64; Trident/7.0; Touch; MALCJS; rv:11.0) like Gecko"
213.86.241.133 - - [14/Apr/2016:11:30:10 +0200] "GET /gui/images/icons/user_add.png HTTP/1.1" 200 746 "http://easydrivers.activities.at/entry.php?id=10776&form=11522&name=list&" "Mozilla/5.0 (Windows NT 6.3; WOW64; Trident/7.0; Touch; MALCJS; rv:11.0) like Gecko"
213.86.241.133 - - [14/Apr/2016:11:30:10 +0200] "GET /gui/images/icons/group.gif HTTP/1.1" 200 1014 "http://easydrivers.activities.at/entry.php?id=10776&form=11522&name=list&" "Mozilla/5.0 (Windows NT 6.3; WOW64; Trident/7.0; Touch; MALCJS; rv:11.0) like Gecko"
213.86.241.133 - - [14/Apr/2016:11:30:10 +0200] "GET /gui/images/icons/user_edit.png HTTP/1.1" 200 833 "http://easydrivers.activities.at/entry.php?id=10776&form=11522&name=list&" "Mozilla/5.0 (Windows NT 6.3; WOW64; Trident/7.0; Touch; MALCJS; rv:11.0) like Gecko"
213.86.241.133 - - [14/Apr/2016:11:30:11 +0200] "GET /entry.php?id=11670 HTTP/1.1" 200 320 "http://easydrivers.activities.at/entry.php?id=11412" "Mozilla/5.0 (Windows NT 6.3; WOW64; Trident/7.0; Touch; MALCJS; rv:11.0) like Gecko"
213.86.241.133 - - [14/Apr/2016:11:30:11 +0200] "GET /entry.php?id=10676&&title=Produkte HTTP/1.1" 200 1388 "http://easydrivers.activities.at/entry.php?id=11670" "Mozilla/5.0 (Windows NT 6.3; WOW64; Trident/7.0; Touch; MALCJS; rv:11.0) like Gecko"
213.86.241.133 - - [14/Apr/2016:11:30:11 +0200] "GET /gui/javascript/form_form.js?1460626211 HTTP/1.1" 200 16206 "http://easydrivers.activities.at/entry.php?id=10676&&title=Produkte" "Mozilla/5.0 (Windows NT 6.3; WOW64; Trident/7.0; Touch; MALCJS; rv:11.0) like Gecko"
213.86.241.133 - - [14/Apr/2016:11:30:11 +0200] "GET /entry.php?id=11668& HTTP/1.1" 200 3367 "http://easydrivers.activities.at/entry.php?id=11670" "Mozilla/5.0 (Windows NT 6.3; WOW64; Trident/7.0; Touch; MALCJS; rv:11.0) like Gecko"
213.86.241.133 - - [14/Apr/2016:11:30:12 +0200] "GET /gui/javascript/form_ed_articles.js HTTP/1.1" 200 2191 "http://easydrivers.activities.at/entry.php?id=11668&" "Mozilla/5.0 (Windows NT 6.3; WOW64; Trident/7.0; Touch; MALCJS; rv:11.0) like Gecko"
213.86.241.133 - - [14/Apr/2016:11:30:12 +0200] "GET /gui/javascript/form_form.js?1460626212 HTTP/1.1" 200 16206 "http://easydrivers.activities.at/entry.php?id=11668&" "Mozilla/5.0 (Windows NT 6.3; WOW64; Trident/7.0; Touch; MALCJS; rv:11.0) like Gecko"
213.86.241.133 - - [14/Apr/2016:11:30:11 +0200] "GET /entry.php?id=11669& HTTP/1.1" 200 2282 "http://easydrivers.activities.at/entry.php?id=11670" "Mozilla/5.0 (Windows NT 6.3; WOW64; Trident/7.0; Touch; MALCJS; rv:11.0) like Gecko"
213.86.241.133 - - [14/Apr/2016:11:30:12 +0200] "GET /entry.php?id=10778&form=11493&name=list& HTTP/1.1" 200 2487 "http://easydrivers.activities.at/entry.php?id=11668&" "Mozilla/5.0 (Windows NT 6.3; WOW64; Trident/7.0; Touch; MALCJS; rv:11.0) like Gecko"
213.86.241.133 - - [14/Apr/2016:11:30:12 +0200] "GET /entry.php?id=10776&form=11493&name=list& HTTP/1.1" 200 1487 "http://easydrivers.activities.at/entry.php?id=11668&" "Mozilla/5.0 (Windows NT 6.3; WOW64; Trident/7.0; Touch; MALCJS; rv:11.0) like Gecko"
213.86.241.133 - - [14/Apr/2016:11:30:12 +0200] "GET /entry.php?id=10776&form=11494&name=list& HTTP/1.1" 200 1990 "http://easydrivers.activities.at/entry.php?id=11669&" "Mozilla/5.0 (Windows NT 6.3; WOW64; Trident/7.0; Touch; MALCJS; rv:11.0) like Gecko"
213.86.241.133 - - [14/Apr/2016:11:30:12 +0200] "GET /entry.php?id=10778&form=11494&name=list& HTTP/1.1" 200 4860 "http://easydrivers.activities.at/entry.php?id=11669&" "Mozilla/5.0 (Windows NT 6.3; WOW64; Trident/7.0; Touch; MALCJS; rv:11.0) like Gecko"
213.208.136.109 - - [14/Apr/2016:11:30:16 +0200] "GET /entry.php?id=10271&&ser=626156 HTTP/1.1" 200 990 "http://ed.activities.at/entry.php?id=10271&&ser=626096" "Mozilla/5.0 (Windows NT 5.1; rv:45.0) Gecko/20100101 Firefox/45.0"
213.208.136.109 - - [14/Apr/2016:11:30:16 +0200] "GET /gui/javascript/form_form.js?1460626216 HTTP/1.1" 200 16206 "http://ed.activities.at/entry.php?id=10271&&ser=626156" "Mozilla/5.0 (Windows NT 5.1; rv:45.0) Gecko/20100101 Firefox/45.0"
213.86.241.133 - - [14/Apr/2016:11:30:21 +0200] "GET /entry.php?id=11693 HTTP/1.1" 200 2505 "http://easydrivers.activities.at/entry.php?id=11412" "Mozilla/5.0 (Windows NT 6.3; WOW64; Trident/7.0; Touch; MALCJS; rv:11.0) like Gecko"
213.86.241.133 - - [14/Apr/2016:11:30:21 +0200] "GET /gui/javascript/form_form.js?1460626221 HTTP/1.1" 200 16206 "http://easydrivers.activities.at/entry.php?id=11693" "Mozilla/5.0 (Windows NT 6.3; WOW64; Trident/7.0; Touch; MALCJS; rv:11.0) like Gecko"
213.86.241.133 - - [14/Apr/2016:11:30:21 +0200] "GET /entry.php?id=10776&form=11518&name=list& HTTP/1.1" 200 1408 "http://easydrivers.activities.at/entry.php?id=11693" "Mozilla/5.0 (Windows NT 6.3; WOW64; Trident/7.0; Touch; MALCJS; rv:11.0) like Gecko"
213.86.241.133 - - [14/Apr/2016:11:30:21 +0200] "GET /entry.php?id=10778&form=11518&name=list& HTTP/1.1" 200 3944 "http://easydrivers.activities.at/entry.php?id=11693" "Mozilla/5.0 (Windows NT 6.3; WOW64; Trident/7.0; Touch; MALCJS; rv:11.0) like Gecko"
213.86.241.133 - - [14/Apr/2016:11:30:24 +0200] "GET /entry.php?id=11681 HTTP/1.1" 200 328 "http://easydrivers.activities.at/entry.php?id=11412" "Mozilla/5.0 (Windows NT 6.3; WOW64; Trident/7.0; Touch; MALCJS; rv:11.0) like Gecko"
213.86.241.133 - - [14/Apr/2016:11:30:25 +0200] "GET /entry.php?id=10676&&title=Contentverwaltung HTTP/1.1" 200 1392 "http://easydrivers.activities.at/entry.php?id=11681" "Mozilla/5.0 (Windows NT 6.3; WOW64; Trident/7.0; Touch; MALCJS; rv:11.0) like Gecko"
213.86.241.133 - - [14/Apr/2016:11:30:25 +0200] "GET /gui/javascript/form_form.js?1460626225 HTTP/1.1" 200 16206 "http://easydrivers.activities.at/entry.php?id=10676&&title=Contentverwaltung" "Mozilla/5.0 (Windows NT 6.3; WOW64; Trident/7.0; Touch; MALCJS; rv:11.0) like Gecko"
213.86.241.133 - - [14/Apr/2016:11:30:25 +0200] "GET /entry.php?id=11683& HTTP/1.1" 200 2681 "http://easydrivers.activities.at/entry.php?id=11681" "Mozilla/5.0 (Windows NT 6.3; WOW64; Trident/7.0; Touch; MALCJS; rv:11.0) like Gecko"
213.86.241.133 - - [14/Apr/2016:11:30:25 +0200] "GET /entry.php?id=11684& HTTP/1.1" 200 3805 "http://easydrivers.activities.at/entry.php?id=11681" "Mozilla/5.0 (Windows NT 6.3; WOW64; Trident/7.0; Touch; MALCJS; rv:11.0) like Gecko"
213.86.241.133 - - [14/Apr/2016:11:30:25 +0200] "GET /entry.php?id=10776&form=11508&name=list& HTTP/1.1" 200 1894 "http://easydrivers.activities.at/entry.php?id=11683&" "Mozilla/5.0 (Windows NT 6.3; WOW64; Trident/7.0; Touch; MALCJS; rv:11.0) like Gecko"
213.86.241.133 - - [14/Apr/2016:11:30:25 +0200] "GET /entry.php?id=10778&form=11508&name=list& HTTP/1.1" 200 3283 "http://easydrivers.activities.at/entry.php?id=11683&" "Mozilla/5.0 (Windows NT 6.3; WOW64; Trident/7.0; Touch; MALCJS; rv:11.0) like Gecko"
213.86.241.133 - - [14/Apr/2016:11:30:29 +0200] "GET /entry.php?id=11674 HTTP/1.1" 200 321 "http://easydrivers.activities.at/entry.php?id=11412" "Mozilla/5.0 (Windows NT 6.3; WOW64; Trident/7.0; Touch; MALCJS; rv:11.0) like Gecko"
213.86.241.133 - - [14/Apr/2016:11:30:29 +0200] "GET /entry.php?id=10676&&title=Aktionen HTTP/1.1" 200 1388 "http://easydrivers.activities.at/entry.php?id=11674" "Mozilla/5.0 (Windows NT 6.3; WOW64; Trident/7.0; Touch; MALCJS; rv:11.0) like Gecko"
213.86.241.133 - - [14/Apr/2016:11:30:30 +0200] "GET /gui/javascript/form_form.js?1460626230 HTTP/1.1" 200 16206 "http://easydrivers.activities.at/entry.php?id=10676&&title=Aktionen" "Mozilla/5.0 (Windows NT 6.3; WOW64; Trident/7.0; Touch; MALCJS; rv:11.0) like Gecko"
213.86.241.133 - - [14/Apr/2016:11:30:29 +0200] "GET /entry.php?id=11676& HTTP/1.1" 200 4381 "http://easydrivers.activities.at/entry.php?id=11674" "Mozilla/5.0 (Windows NT 6.3; WOW64; Trident/7.0; Touch; MALCJS; rv:11.0) like Gecko"
213.86.241.133 - - [14/Apr/2016:11:30:29 +0200] "GET /entry.php?id=11675& HTTP/1.1" 200 2632 "http://easydrivers.activities.at/entry.php?id=11674" "Mozilla/5.0 (Windows NT 6.3; WOW64; Trident/7.0; Touch; MALCJS; rv:11.0) like Gecko"
213.86.241.133 - - [14/Apr/2016:11:30:29 +0200] "GET /entry.php?id=10271&&ser=626169 HTTP/1.1" 200 987 "http://easydrivers.activities.at/entry.php?id=10272" "Mozilla/5.0 (Windows NT 6.3; WOW64; Trident/7.0; Touch; MALCJS; rv:11.0) like Gecko"
213.86.241.133 - - [14/Apr/2016:11:30:31 +0200] "GET /entry.php?id=10776&form=11500&name=list& HTTP/1.1" 200 2402 "http://easydrivers.activities.at/entry.php?id=11675&" "Mozilla/5.0 (Windows NT 6.3; WOW64; Trident/7.0; Touch; MALCJS; rv:11.0) like Gecko"
213.86.241.133 - - [14/Apr/2016:11:30:31 +0200] "GET /entry.php?id=10778&form=11500&name=list& HTTP/1.1" 200 2636 "http://easydrivers.activities.at/entry.php?id=11675&" "Mozilla/5.0 (Windows NT 6.3; WOW64; Trident/7.0; Touch; MALCJS; rv:11.0) like Gecko"
213.86.241.133 - - [14/Apr/2016:11:30:33 +0200] "GET /entry.php?id=11673 HTTP/1.1" 200 358 "http://easydrivers.activities.at/entry.php?id=11412" "Mozilla/5.0 (Windows NT 6.3; WOW64; Trident/7.0; Touch; MALCJS; rv:11.0) like Gecko"
213.86.241.133 - - [14/Apr/2016:11:30:34 +0200] "GET /entry.php?id=10676&&title=F\xfchrerscheinkurse HTTP/1.1" 200 1396 "http://easydrivers.activities.at/entry.php?id=11673" "Mozilla/5.0 (Windows NT 6.3; WOW64; Trident/7.0; Touch; MALCJS; rv:11.0) like Gecko"
213.86.241.133 - - [14/Apr/2016:11:30:34 +0200] "GET /gui/javascript/form_form.js?1460626234 HTTP/1.1" 200 16206 "http://easydrivers.activities.at/entry.php?id=10676&&title=F\xc3\xbchrerscheinkurse" "Mozilla/5.0 (Windows NT 6.3; WOW64; Trident/7.0; Touch; MALCJS; rv:11.0) like Gecko"
213.86.241.133 - - [14/Apr/2016:11:30:34 +0200] "GET /entry.php?id=11694& HTTP/1.1" 200 3210 "http://easydrivers.activities.at/entry.php?id=11673" "Mozilla/5.0 (Windows NT 6.3; WOW64; Trident/7.0; Touch; MALCJS; rv:11.0) like Gecko"
213.86.241.133 - - [14/Apr/2016:11:30:35 +0200] "GET /activities/framework/KoolControls/KoolAjax/koolajax.php?8436e354c842500aba3cbaf0584c0c24 HTTP/1.1" 200 4079 "http://easydrivers.activities.at/entry.php?id=11694&" "Mozilla/5.0 (Windows NT 6.3; WOW64; Trident/7.0; Touch; MALCJS; rv:11.0) like Gecko"
213.86.241.133 - - [14/Apr/2016:11:30:35 +0200] "GET /activities/framework/KoolControls/KoolTreeView/kooltreeview.php?c7cd9180e88ffef8e70f13526bb4f5f7 HTTP/1.1" 200 5055 "http://easydrivers.activities.at/entry.php?id=11694&" "Mozilla/5.0 (Windows NT 6.3; WOW64; Trident/7.0; Touch; MALCJS; rv:11.0) like Gecko"
213.86.241.133 - - [14/Apr/2016:11:30:34 +0200] "GET /entry.php?id=11672& HTTP/1.1" 200 2691 "http://easydrivers.activities.at/entry.php?id=11673" "Mozilla/5.0 (Windows NT 6.3; WOW64; Trident/7.0; Touch; MALCJS; rv:11.0) like Gecko"
213.86.241.133 - - [14/Apr/2016:11:30:35 +0200] "GET /gui/javascript/form_form.js?1460626235 HTTP/1.1" 200 16206 "http://easydrivers.activities.at/entry.php?id=11672&" "Mozilla/5.0 (Windows NT 6.3; WOW64; Trident/7.0; Touch; MALCJS; rv:11.0) like Gecko"
213.86.241.133 - - [14/Apr/2016:11:30:34 +0200] "GET /entry.php?id=11671& HTTP/1.1" 200 4535 "http://easydrivers.activities.at/entry.php?id=11673" "Mozilla/5.0 (Windows NT 6.3; WOW64; Trident/7.0; Touch; MALCJS; rv:11.0) like Gecko"
213.86.241.133 - - [14/Apr/2016:11:30:35 +0200] "GET /entry.php?id=10776&form=11497&name=list& HTTP/1.1" 200 1943 "http://easydrivers.activities.at/entry.php?id=11672&" "Mozilla/5.0 (Windows NT 6.3; WOW64; Trident/7.0; Touch; MALCJS; rv:11.0) like Gecko"
213.86.241.133 - - [14/Apr/2016:11:30:35 +0200] "GET /entry.php?id=10778&form=11497&name=list& HTTP/1.1" 200 9294 "http://easydrivers.activities.at/entry.php?id=11672&" "Mozilla/5.0 (Windows NT 6.3; WOW64; Trident/7.0; Touch; MALCJS; rv:11.0) like Gecko"
213.86.241.133 - - [14/Apr/2016:11:30:36 +0200] "GET /entry.php?id=10776&form=11496&name=list& HTTP/1.1" 200 1526 "http://easydrivers.activities.at/entry.php?id=11671&" "Mozilla/5.0 (Windows NT 6.3; WOW64; Trident/7.0; Touch; MALCJS; rv:11.0) like Gecko"
213.86.241.133 - - [14/Apr/2016:11:30:36 +0200] "GET /entry.php?id=10778&form=11496&name=list& HTTP/1.1" 200 2493 "http://easydrivers.activities.at/entry.php?id=11671&" "Mozilla/5.0 (Windows NT 6.3; WOW64; Trident/7.0; Touch; MALCJS; rv:11.0) like Gecko"
213.86.241.133 - - [14/Apr/2016:11:30:38 +0200] "GET /entry.php?id=11679 HTTP/1.1" 200 312 "http://easydrivers.activities.at/entry.php?id=11412" "Mozilla/5.0 (Windows NT 6.3; WOW64; Trident/7.0; Touch; MALCJS; rv:11.0) like Gecko"
213.86.241.133 - - [14/Apr/2016:11:30:38 +0200] "GET /entry.php?id=10676&title=Portal& HTTP/1.1" 200 1387 "http://easydrivers.activities.at/entry.php?id=11679" "Mozilla/5.0 (Windows NT 6.3; WOW64; Trident/7.0; Touch; MALCJS; rv:11.0) like Gecko"
213.86.241.133 - - [14/Apr/2016:11:30:39 +0200] "GET /gui/javascript/form_form.js?1460626238 HTTP/1.1" 200 16206 "http://easydrivers.activities.at/entry.php?id=10676&title=Portal&" "Mozilla/5.0 (Windows NT 6.3; WOW64; Trident/7.0; Touch; MALCJS; rv:11.0) like Gecko"
213.86.241.133 - - [14/Apr/2016:11:30:38 +0200] "GET /entry.php?id=11678& HTTP/1.1" 200 3269 "http://easydrivers.activities.at/entry.php?id=11679" "Mozilla/5.0 (Windows NT 6.3; WOW64; Trident/7.0; Touch; MALCJS; rv:11.0) like Gecko"
213.86.241.133 - - [14/Apr/2016:11:30:39 +0200] "GET /activities/framework/KoolControls/KoolAjax/koolajax.php?8436e354c842500aba3cbaf0584c0c24 HTTP/1.1" 200 4079 "http://easydrivers.activities.at/entry.php?id=11678&" "Mozilla/5.0 (Windows NT 6.3; WOW64; Trident/7.0; Touch; MALCJS; rv:11.0) like Gecko"
213.86.241.133 - - [14/Apr/2016:11:30:39 +0200] "GET /gui/javascript/form_form.js?1460626239 HTTP/1.1" 200 16206 "http://easydrivers.activities.at/entry.php?id=11678&" "Mozilla/5.0 (Windows NT 6.3; WOW64; Trident/7.0; Touch; MALCJS; rv:11.0) like Gecko"
213.86.241.133 - - [14/Apr/2016:11:30:38 +0200] "GET /entry.php?id=11677& HTTP/1.1" 200 4361 "http://easydrivers.activities.at/entry.php?id=11679" "Mozilla/5.0 (Windows NT 6.3; WOW64; Trident/7.0; Touch; MALCJS; rv:11.0) like Gecko"
213.86.241.133 - - [14/Apr/2016:11:30:39 +0200] "GET /activities/framework/KoolControls/KoolTreeView/kooltreeview.php?c7cd9180e88ffef8e70f13526bb4f5f7 HTTP/1.1" 200 5055 "http://easydrivers.activities.at/entry.php?id=11678&" "Mozilla/5.0 (Windows NT 6.3; WOW64; Trident/7.0; Touch; MALCJS; rv:11.0) like Gecko"
213.86.241.133 - - [14/Apr/2016:11:30:39 +0200] "GET /entry.php?id=11618&&object=&item=&emu_class= HTTP/1.1" 200 1694 "http://easydrivers.activities.at/entry.php?id=11677&" "Mozilla/5.0 (Windows NT 6.3; WOW64; Trident/7.0; Touch; MALCJS; rv:11.0) like Gecko"
213.86.241.133 - - [14/Apr/2016:11:30:40 +0200] "POST /entry.php?id=11677 HTTP/1.1" 200 4401 "http://easydrivers.activities.at/entry.php?id=11677&" "Mozilla/5.0 (Windows NT 6.3; WOW64; Trident/7.0; Touch; MALCJS; rv:11.0) like Gecko"
213.86.241.133 - - [14/Apr/2016:11:30:40 +0200] "GET /gui/images/icons/wizard.png HTTP/1.1" 200 724 "http://easydrivers.activities.at/entry.php?id=11677" "Mozilla/5.0 (Windows NT 6.3; WOW64; Trident/7.0; Touch; MALCJS; rv:11.0) like Gecko"
213.86.241.133 - - [14/Apr/2016:11:30:40 +0200] "GET /gui/javascript/form_form.js?1460626240 HTTP/1.1" 200 16206 "http://easydrivers.activities.at/entry.php?id=11677" "Mozilla/5.0 (Windows NT 6.3; WOW64; Trident/7.0; Touch; MALCJS; rv:11.0) like Gecko"
213.86.241.133 - - [14/Apr/2016:11:30:46 +0200] "POST /entry.php?id=11677 HTTP/1.1" 200 4579 "http://easydrivers.activities.at/entry.php?id=11677" "Mozilla/5.0 (Windows NT 6.3; WOW64; Trident/7.0; Touch; MALCJS; rv:11.0) like Gecko"
213.86.241.133 - - [14/Apr/2016:11:30:47 +0200] "GET /gui/javascript/form_form.js?1460626247 HTTP/1.1" 200 16206 "http://easydrivers.activities.at/entry.php?id=11677" "Mozilla/5.0 (Windows NT 6.3; WOW64; Trident/7.0; Touch; MALCJS; rv:11.0) like Gecko"
213.86.241.133 - - [14/Apr/2016:11:30:48 +0200] "GET /gui/javascript/jquery/css/gui-themes/images/ui-bg_flat_80_ece9d8_40x100.png HTTP/1.1" 200 183 "http://easydrivers.activities.at/entry.php?id=11677" "Mozilla/5.0 (Windows NT 6.3; WOW64; Trident/7.0; Touch; MALCJS; rv:11.0) like Gecko"
213.86.241.133 - - [14/Apr/2016:11:30:48 +0200] "GET /gui/javascript/jquery/css/gui-themes/images/ui-icons_000000_256x240_ev.png HTTP/1.1" 200 11218 "http://easydrivers.activities.at/entry.php?id=11677" "Mozilla/5.0 (Windows NT 6.3; WOW64; Trident/7.0; Touch; MALCJS; rv:11.0) like Gecko"
213.86.241.133 - - [14/Apr/2016:11:30:49 +0200] "POST /entry.php?id=11677 HTTP/1.1" 200 3212 "http://easydrivers.activities.at/entry.php?id=11677" "Mozilla/5.0 (Windows NT 6.3; WOW64; Trident/7.0; Touch; MALCJS; rv:11.0) like Gecko"
213.86.241.133 - - [14/Apr/2016:11:30:50 +0200] "GET /gui/javascript/form_form.js?1460626250 HTTP/1.1" 200 16206 "http://easydrivers.activities.at/entry.php?id=11677" "Mozilla/5.0 (Windows NT 6.3; WOW64; Trident/7.0; Touch; MALCJS; rv:11.0) like Gecko"
213.86.241.133 - - [14/Apr/2016:11:30:50 +0200] "GET /entry.php?id=10776&form=11502&name=list& HTTP/1.1" 200 1475 "http://easydrivers.activities.at/entry.php?id=11677" "Mozilla/5.0 (Windows NT 6.3; WOW64; Trident/7.0; Touch; MALCJS; rv:11.0) like Gecko"
213.86.241.133 - - [14/Apr/2016:11:30:50 +0200] "GET /entry.php?id=10778&form=11502&name=list& HTTP/1.1" 200 3817 "http://easydrivers.activities.at/entry.php?id=11677" "Mozilla/5.0 (Windows NT 6.3; WOW64; Trident/7.0; Touch; MALCJS; rv:11.0) like Gecko"
213.86.241.133 - - [14/Apr/2016:11:30:50 +0200] "GET /gui/images/icons/disabled_edit.gif HTTP/1.1" 200 408 "http://easydrivers.activities.at/entry.php?id=10778&form=11502&name=list&" "Mozilla/5.0 (Windows NT 6.3; WOW64; Trident/7.0; Touch; MALCJS; rv:11.0) like Gecko"
213.86.241.133 - - [14/Apr/2016:11:30:50 +0200] "GET /gui/images/icons/lupe.png HTTP/1.1" 200 723 "http://easydrivers.activities.at/entry.php?id=10776&form=11502&name=list&" "Mozilla/5.0 (Windows NT 6.3; WOW64; Trident/7.0; Touch; MALCJS; rv:11.0) like Gecko"
213.86.241.133 - - [14/Apr/2016:11:31:04 +0200] "GET /entry.php?id=11685&object=10230383&site=10201431&item=10222016 HTTP/1.1" 200 3658 "http://easydrivers.activities.at/entry.php?id=11412" "Mozilla/5.0 (Windows NT 6.3; WOW64; Trident/7.0; Touch; MALCJS; rv:11.0) like Gecko"
213.86.241.133 - - [14/Apr/2016:11:31:05 +0200] "GET /gui/javascript/jquery/css/gui-themes/images/ui-icons_ffffff_256x240_ev.png HTTP/1.1" 200 6912 "http://easydrivers.activities.at/entry.php?id=11412" "Mozilla/5.0 (Windows NT 6.3; WOW64; Trident/7.0; Touch; MALCJS; rv:11.0) like Gecko"
213.86.241.133 - - [14/Apr/2016:11:31:05 +0200] "GET /gui/javascript/jquery/css/gui-themes/images/ui-icons_72a7cf_256x240_ev.png HTTP/1.1" 200 6036 "http://easydrivers.activities.at/entry.php?id=11412" "Mozilla/5.0 (Windows NT 6.3; WOW64; Trident/7.0; Touch; MALCJS; rv:11.0) like Gecko"
213.86.241.133 - - [14/Apr/2016:11:31:06 +0200] "GET /gui/javascript/jquery/css/gui-themes/images/ui-bg_flat_100_808080_40x100.png HTTP/1.1" 200 209 "http://easydrivers.activities.at/entry.php?id=11412" "Mozilla/5.0 (Windows NT 6.3; WOW64; Trident/7.0; Touch; MALCJS; rv:11.0) like Gecko"
213.86.241.133 - - [14/Apr/2016:11:31:06 +0200] "GET /gui/javascript/jquery/css/gui-themes/images/ui-bg_flat_90_eeeeee_40x100.png HTTP/1.1" 200 180 "http://easydrivers.activities.at/entry.php?id=11412" "Mozilla/5.0 (Windows NT 6.3; WOW64; Trident/7.0; Touch; MALCJS; rv:11.0) like Gecko"
213.86.241.133 - - [14/Apr/2016:11:31:06 +0200] "GET /cache/emu/images/easy-drivers-linz-ebelsberg10267558/2011col0031jpg_145_90_0.jpg HTTP/1.1" 200 2453 "http://easydrivers.activities.at/entry.php?id=11685&object=10230383&site=10201431&item=10222016" "Mozilla/5.0 (Windows NT 6.3; WOW64; Trident/7.0; Touch; MALCJS; rv:11.0) like Gecko"
213.86.241.133 - - [14/Apr/2016:11:31:06 +0200] "GET /gui/images/icons/delete.gif HTTP/1.1" 200 86 "http://easydrivers.activities.at/entry.php?id=11685&object=10230383&site=10201431&item=10222016" "Mozilla/5.0 (Windows NT 6.3; WOW64; Trident/7.0; Touch; MALCJS; rv:11.0) like Gecko"
213.86.241.133 - - [14/Apr/2016:11:31:06 +0200] "GET /gui/javascript/form_form.js?1460626265 HTTP/1.1" 200 16206 "http://easydrivers.activities.at/entry.php?id=11685&object=10230383&site=10201431&item=10222016" "Mozilla/5.0 (Windows NT 6.3; WOW64; Trident/7.0; Touch; MALCJS; rv:11.0) like Gecko"
213.208.136.109 - - [14/Apr/2016:11:31:16 +0200] "GET /entry.php?id=10271&&ser=626216 HTTP/1.1" 200 990 "http://ed.activities.at/entry.php?id=10271&&ser=626156" "Mozilla/5.0 (Windows NT 5.1; rv:45.0) Gecko/20100101 Firefox/45.0"
213.208.136.109 - - [14/Apr/2016:11:31:17 +0200] "GET /gui/javascript/form_form.js?1460626277 HTTP/1.1" 200 16206 "http://ed.activities.at/entry.php?id=10271&&ser=626216" "Mozilla/5.0 (Windows NT 5.1; rv:45.0) Gecko/20100101 Firefox/45.0"
213.86.241.133 - - [14/Apr/2016:11:31:31 +0200] "GET /entry.php?id=10271&&ser=626230 HTTP/1.1" 200 987 "http://easydrivers.activities.at/entry.php?id=10272" "Mozilla/5.0 (Windows NT 6.3; WOW64; Trident/7.0; Touch; MALCJS; rv:11.0) like Gecko"
213.86.241.133 - - [14/Apr/2016:11:31:31 +0200] "GET /gui/javascript/form_form.js?1460626291 HTTP/1.1" 200 16206 "http://easydrivers.activities.at/entry.php?id=10271&&ser=626230" "Mozilla/5.0 (Windows NT 6.3; WOW64; Trident/7.0; Touch; MALCJS; rv:11.0) like Gecko"
213.86.241.133 - - [14/Apr/2016:11:31:42 +0200] "POST /entry.php?id=11685 HTTP/1.1" 200 3747 "http://easydrivers.activities.at/entry.php?id=11685&object=10230383&site=10201431&item=10222016" "Mozilla/5.0 (Windows NT 6.3; WOW64; Trident/7.0; Touch; MALCJS; rv:11.0) like Gecko"
213.86.241.133 - - [14/Apr/2016:11:31:43 +0200] "GET /gui/javascript/form_form.js?1460626303 HTTP/1.1" 200 16206 "http://easydrivers.activities.at/entry.php?id=11685" "Mozilla/5.0 (Windows NT 6.3; WOW64; Trident/7.0; Touch; MALCJS; rv:11.0) like Gecko"
213.86.241.133 - - [14/Apr/2016:11:31:51 +0200] "GET /entry.php?id=11685&object=10230385&site=10201431&item=10222016 HTTP/1.1" 200 3548 "http://easydrivers.activities.at/entry.php?id=11412" "Mozilla/5.0 (Windows NT 6.3; WOW64; Trident/7.0; Touch; MALCJS; rv:11.0) like Gecko"
213.86.241.133 - - [14/Apr/2016:11:31:51 +0200] "GET /gui/javascript/form_form.js?1460626311 HTTP/1.1" 200 16206 "http://easydrivers.activities.at/entry.php?id=11685&object=10230385&site=10201431&item=10222016" "Mozilla/5.0 (Windows NT 6.3; WOW64; Trident/7.0; Touch; MALCJS; rv:11.0) like Gecko"
213.86.241.133 - - [14/Apr/2016:11:31:59 +0200] "GET /entry.php?id=11685&object=10230386&site=10201431&item=10222016 HTTP/1.1" 200 3514 "http://easydrivers.activities.at/entry.php?id=11412" "Mozilla/5.0 (Windows NT 6.3; WOW64; Trident/7.0; Touch; MALCJS; rv:11.0) like Gecko"
213.86.241.133 - - [14/Apr/2016:11:31:59 +0200] "GET /gui/javascript/form_form.js?1460626319 HTTP/1.1" 200 16206 "http://easydrivers.activities.at/entry.php?id=11685&object=10230386&site=10201431&item=10222016" "Mozilla/5.0 (Windows NT 6.3; WOW64; Trident/7.0; Touch; MALCJS; rv:11.0) like Gecko"
213.208.136.109 - - [14/Apr/2016:11:32:17 +0200] "GET /entry.php?id=10271&&ser=626277 HTTP/1.1" 200 990 "http://ed.activities.at/entry.php?id=10271&&ser=626216" "Mozilla/5.0 (Windows NT 5.1; rv:45.0) Gecko/20100101 Firefox/45.0"
213.208.136.109 - - [14/Apr/2016:11:32:17 +0200] "GET /gui/javascript/form_form.js?1460626337 HTTP/1.1" 200 16206 "http://ed.activities.at/entry.php?id=10271&&ser=626277" "Mozilla/5.0 (Windows NT 5.1; rv:45.0) Gecko/20100101 Firefox/45.0"
213.86.241.133 - - [14/Apr/2016:11:32:31 +0200] "GET /entry.php?id=10271&&ser=626291 HTTP/1.1" 200 989 "http://easydrivers.activities.at/entry.php?id=10272" "Mozilla/5.0 (Windows NT 6.3; WOW64; Trident/7.0; Touch; MALCJS; rv:11.0) like Gecko"
213.86.241.133 - - [14/Apr/2016:11:32:32 +0200] "GET /gui/javascript/form_form.js?1460626352 HTTP/1.1" 200 16206 "http://easydrivers.activities.at/entry.php?id=10271&&ser=626291" "Mozilla/5.0 (Windows NT 6.3; WOW64; Trident/7.0; Touch; MALCJS; rv:11.0) like Gecko"
213.86.241.133 - - [14/Apr/2016:11:33:00 +0200] "GET /entry.php?id=11685&object=10230385&site=10201431&item=10222016 HTTP/1.1" 200 3548 "http://easydrivers.activities.at/entry.php?id=11412" "Mozilla/5.0 (Windows NT 6.3; WOW64; Trident/7.0; Touch; MALCJS; rv:11.0) like Gecko"
213.86.241.133 - - [14/Apr/2016:11:33:00 +0200] "GET /gui/javascript/form_form.js?1460626380 HTTP/1.1" 200 16206 "http://easydrivers.activities.at/entry.php?id=11685&object=10230385&site=10201431&item=10222016" "Mozilla/5.0 (Windows NT 6.3; WOW64; Trident/7.0; Touch; MALCJS; rv:11.0) like Gecko"
213.86.241.133 - - [14/Apr/2016:11:33:09 +0200] "GET /entry.php?id=11685&object=10230384&site=10201431&item=10222016 HTTP/1.1" 200 3543 "http://easydrivers.activities.at/entry.php?id=11412" "Mozilla/5.0 (Windows NT 6.3; WOW64; Trident/7.0; Touch; MALCJS; rv:11.0) like Gecko"
213.86.241.133 - - [14/Apr/2016:11:33:09 +0200] "GET /gui/javascript/form_form.js?1460626389 HTTP/1.1" 200 16206 "http://easydrivers.activities.at/entry.php?id=11685&object=10230384&site=10201431&item=10222016" "Mozilla/5.0 (Windows NT 6.3; WOW64; Trident/7.0; Touch; MALCJS; rv:11.0) like Gecko"
213.208.136.109 - - [14/Apr/2016:11:33:17 +0200] "GET /entry.php?id=10271&&ser=626337 HTTP/1.1" 200 990 "http://ed.activities.at/entry.php?id=10271&&ser=626277" "Mozilla/5.0 (Windows NT 5.1; rv:45.0) Gecko/20100101 Firefox/45.0"
213.208.136.109 - - [14/Apr/2016:11:33:17 +0200] "GET /gui/javascript/form_form.js?1460626397 HTTP/1.1" 200 16206 "http://ed.activities.at/entry.php?id=10271&&ser=626337" "Mozilla/5.0 (Windows NT 5.1; rv:45.0) Gecko/20100101 Firefox/45.0"
213.86.241.133 - - [14/Apr/2016:11:33:32 +0200] "GET /entry.php?id=10271&&ser=626351 HTTP/1.1" 200 987 "http://easydrivers.activities.at/entry.php?id=10272" "Mozilla/5.0 (Windows NT 6.3; WOW64; Trident/7.0; Touch; MALCJS; rv:11.0) like Gecko"
213.86.241.133 - - [14/Apr/2016:11:33:32 +0200] "GET /gui/javascript/form_form.js?1460626412 HTTP/1.1" 200 16206 "http://easydrivers.activities.at/entry.php?id=10271&&ser=626351" "Mozilla/5.0 (Windows NT 6.3; WOW64; Trident/7.0; Touch; MALCJS; rv:11.0) like Gecko"
213.86.241.133 - - [14/Apr/2016:11:33:59 +0200] "POST /entry.php?id=11685 HTTP/1.1" 200 3639 "http://easydrivers.activities.at/entry.php?id=11685&object=10230384&site=10201431&item=10222016" "Mozilla/5.0 (Windows NT 6.3; WOW64; Trident/7.0; Touch; MALCJS; rv:11.0) like Gecko"
213.86.241.133 - - [14/Apr/2016:11:34:00 +0200] "GET /gui/javascript/form_form.js?1460626439 HTTP/1.1" 200 16206 "http://easydrivers.activities.at/entry.php?id=11685" "Mozilla/5.0 (Windows NT 6.3; WOW64; Trident/7.0; Touch; MALCJS; rv:11.0) like Gecko"
213.86.241.133 - - [14/Apr/2016:11:34:08 +0200] "POST /entry.php?id=11677 HTTP/1.1" 200 3313 "http://easydrivers.activities.at/entry.php?id=10778&form=11502&name=list&" "Mozilla/5.0 (Windows NT 6.3; WOW64; Trident/7.0; Touch; MALCJS; rv:11.0) like Gecko"
213.86.241.133 - - [14/Apr/2016:11:34:09 +0200] "GET /gui/javascript/form_form.js?1460626449 HTTP/1.1" 200 16206 "http://easydrivers.activities.at/entry.php?id=11677" "Mozilla/5.0 (Windows NT 6.3; WOW64; Trident/7.0; Touch; MALCJS; rv:11.0) like Gecko"
213.86.241.133 - - [14/Apr/2016:11:34:09 +0200] "GET /entry.php?id=10776&form=11502&name=list& HTTP/1.1" 200 1475 "http://easydrivers.activities.at/entry.php?id=11677" "Mozilla/5.0 (Windows NT 6.3; WOW64; Trident/7.0; Touch; MALCJS; rv:11.0) like Gecko"
213.86.241.133 - - [14/Apr/2016:11:34:09 +0200] "GET /entry.php?id=10778&form=11502&name=list& HTTP/1.1" 200 3821 "http://easydrivers.activities.at/entry.php?id=11677" "Mozilla/5.0 (Windows NT 6.3; WOW64; Trident/7.0; Touch; MALCJS; rv:11.0) like Gecko"
213.86.241.133 - - [14/Apr/2016:11:34:13 +0200] "POST /entry.php?id=11677 HTTP/1.1" 200 4398 "http://easydrivers.activities.at/entry.php?id=11677" "Mozilla/5.0 (Windows NT 6.3; WOW64; Trident/7.0; Touch; MALCJS; rv:11.0) like Gecko"
213.86.241.133 - - [14/Apr/2016:11:34:14 +0200] "GET /gui/javascript/form_form.js?1460626454 HTTP/1.1" 200 16206 "http://easydrivers.activities.at/entry.php?id=11677" "Mozilla/5.0 (Windows NT 6.3; WOW64; Trident/7.0; Touch; MALCJS; rv:11.0) like Gecko"
213.208.136.109 - - [14/Apr/2016:11:34:17 +0200] "GET /entry.php?id=10271&&ser=626397 HTTP/1.1" 200 990 "http://ed.activities.at/entry.php?id=10271&&ser=626337" "Mozilla/5.0 (Windows NT 5.1; rv:45.0) Gecko/20100101 Firefox/45.0"
213.208.136.109 - - [14/Apr/2016:11:34:17 +0200] "GET /gui/javascript/form_form.js?1460626457 HTTP/1.1" 200 16206 "http://ed.activities.at/entry.php?id=10271&&ser=626397" "Mozilla/5.0 (Windows NT 5.1; rv:45.0) Gecko/20100101 Firefox/45.0"
213.86.241.133 - - [14/Apr/2016:11:34:32 +0200] "GET /entry.php?id=10271&&ser=626412 HTTP/1.1" 200 987 "http://easydrivers.activities.at/entry.php?id=10272" "Mozilla/5.0 (Windows NT 6.3; WOW64; Trident/7.0; Touch; MALCJS; rv:11.0) like Gecko"
213.86.241.133 - - [14/Apr/2016:11:34:32 +0200] "GET /gui/javascript/form_form.js?1460626472 HTTP/1.1" 200 16206 "http://easydrivers.activities.at/entry.php?id=10271&&ser=626412" "Mozilla/5.0 (Windows NT 6.3; WOW64; Trident/7.0; Touch; MALCJS; rv:11.0) like Gecko"
213.208.136.109 - - [14/Apr/2016:11:35:17 +0200] "GET /entry.php?id=10271&&ser=626457 HTTP/1.1" 200 990 "http://ed.activities.at/entry.php?id=10271&&ser=626397" "Mozilla/5.0 (Windows NT 5.1; rv:45.0) Gecko/20100101 Firefox/45.0"
213.208.136.109 - - [14/Apr/2016:11:35:18 +0200] "GET /gui/javascript/form_form.js?1460626518 HTTP/1.1" 200 16206 "http://ed.activities.at/entry.php?id=10271&&ser=626457" "Mozilla/5.0 (Windows NT 5.1; rv:45.0) Gecko/20100101 Firefox/45.0"
213.86.241.133 - - [14/Apr/2016:11:35:33 +0200] "GET /entry.php?id=10271&&ser=626472 HTTP/1.1" 200 988 "http://easydrivers.activities.at/entry.php?id=10272" "Mozilla/5.0 (Windows NT 6.3; WOW64; Trident/7.0; Touch; MALCJS; rv:11.0) like Gecko"
213.86.241.133 - - [14/Apr/2016:11:35:33 +0200] "GET /gui/javascript/form_form.js?1460626533 HTTP/1.1" 200 16206 "http://easydrivers.activities.at/entry.php?id=10271&&ser=626472" "Mozilla/5.0 (Windows NT 6.3; WOW64; Trident/7.0; Touch; MALCJS; rv:11.0) like Gecko"
213.208.136.109 - - [14/Apr/2016:11:36:18 +0200] "GET /entry.php?id=10271&&ser=626518 HTTP/1.1" 200 989 "http://ed.activities.at/entry.php?id=10271&&ser=626457" "Mozilla/5.0 (Windows NT 5.1; rv:45.0) Gecko/20100101 Firefox/45.0"
213.208.136.109 - - [14/Apr/2016:11:36:18 +0200] "GET /gui/javascript/form_form.js?1460626578 HTTP/1.1" 200 16206 "http://ed.activities.at/entry.php?id=10271&&ser=626518" "Mozilla/5.0 (Windows NT 5.1; rv:45.0) Gecko/20100101 Firefox/45.0"
213.86.241.133 - - [14/Apr/2016:11:36:33 +0200] "GET /entry.php?id=10271&&ser=626533 HTTP/1.1" 200 988 "http://easydrivers.activities.at/entry.php?id=10272" "Mozilla/5.0 (Windows NT 6.3; WOW64; Trident/7.0; Touch; MALCJS; rv:11.0) like Gecko"
213.86.241.133 - - [14/Apr/2016:11:36:33 +0200] "GET /gui/javascript/form_form.js?1460626593 HTTP/1.1" 200 16206 "http://easydrivers.activities.at/entry.php?id=10271&&ser=626533" "Mozilla/5.0 (Windows NT 6.3; WOW64; Trident/7.0; Touch; MALCJS; rv:11.0) like Gecko"
213.208.136.109 - - [14/Apr/2016:11:37:18 +0200] "GET /entry.php?id=10271&&ser=626578 HTTP/1.1" 200 990 "http://ed.activities.at/entry.php?id=10271&&ser=626518" "Mozilla/5.0 (Windows NT 5.1; rv:45.0) Gecko/20100101 Firefox/45.0"
213.208.136.109 - - [14/Apr/2016:11:37:19 +0200] "GET /gui/javascript/form_form.js?1460626638 HTTP/1.1" 200 16206 "http://ed.activities.at/entry.php?id=10271&&ser=626578" "Mozilla/5.0 (Windows NT 5.1; rv:45.0) Gecko/20100101 Firefox/45.0"
213.86.241.133 - - [14/Apr/2016:11:37:34 +0200] "GET /entry.php?id=10271&&ser=626593 HTTP/1.1" 200 988 "http://easydrivers.activities.at/entry.php?id=10272" "Mozilla/5.0 (Windows NT 6.3; WOW64; Trident/7.0; Touch; MALCJS; rv:11.0) like Gecko"
213.86.241.133 - - [14/Apr/2016:11:37:34 +0200] "GET /gui/javascript/form_form.js?1460626654 HTTP/1.1" 200 16206 "http://easydrivers.activities.at/entry.php?id=10271&&ser=626593" "Mozilla/5.0 (Windows NT 6.3; WOW64; Trident/7.0; Touch; MALCJS; rv:11.0) like Gecko"
213.208.136.109 - - [14/Apr/2016:11:38:19 +0200] "GET /entry.php?id=10271&&ser=626638 HTTP/1.1" 200 990 "http://ed.activities.at/entry.php?id=10271&&ser=626578" "Mozilla/5.0 (Windows NT 5.1; rv:45.0) Gecko/20100101 Firefox/45.0"
213.208.136.109 - - [14/Apr/2016:11:38:19 +0200] "GET /gui/javascript/form_form.js?1460626699 HTTP/1.1" 200 16206 "http://ed.activities.at/entry.php?id=10271&&ser=626638" "Mozilla/5.0 (Windows NT 5.1; rv:45.0) Gecko/20100101 Firefox/45.0"
213.86.241.133 - - [14/Apr/2016:11:38:34 +0200] "GET /entry.php?id=10271&&ser=626654 HTTP/1.1" 200 988 "http://easydrivers.activities.at/entry.php?id=10272" "Mozilla/5.0 (Windows NT 6.3; WOW64; Trident/7.0; Touch; MALCJS; rv:11.0) like Gecko"
213.86.241.133 - - [14/Apr/2016:11:38:34 +0200] "GET /gui/javascript/form_form.js?1460626714 HTTP/1.1" 200 16206 "http://easydrivers.activities.at/entry.php?id=10271&&ser=626654" "Mozilla/5.0 (Windows NT 6.3; WOW64; Trident/7.0; Touch; MALCJS; rv:11.0) like Gecko"
213.208.136.109 - - [14/Apr/2016:11:39:19 +0200] "GET /entry.php?id=10271&&ser=626699 HTTP/1.1" 200 990 "http://ed.activities.at/entry.php?id=10271&&ser=626638" "Mozilla/5.0 (Windows NT 5.1; rv:45.0) Gecko/20100101 Firefox/45.0"
213.208.136.109 - - [14/Apr/2016:11:39:20 +0200] "GET /gui/javascript/form_form.js?1460626759 HTTP/1.1" 200 16206 "http://ed.activities.at/entry.php?id=10271&&ser=626699" "Mozilla/5.0 (Windows NT 5.1; rv:45.0) Gecko/20100101 Firefox/45.0"
213.86.241.133 - - [14/Apr/2016:11:39:34 +0200] "GET /entry.php?id=10271&&ser=626714 HTTP/1.1" 200 988 "http://easydrivers.activities.at/entry.php?id=10272" "Mozilla/5.0 (Windows NT 6.3; WOW64; Trident/7.0; Touch; MALCJS; rv:11.0) like Gecko"
213.86.241.133 - - [14/Apr/2016:11:39:36 +0200] "GET /gui/javascript/form_form.js?1460626775 HTTP/1.1" 200 16206 "http://easydrivers.activities.at/entry.php?id=10271&&ser=626714" "Mozilla/5.0 (Windows NT 6.3; WOW64; Trident/7.0; Touch; MALCJS; rv:11.0) like Gecko"
213.208.136.109 - - [14/Apr/2016:11:40:20 +0200] "GET /entry.php?id=10271&&ser=626759 HTTP/1.1" 200 989 "http://ed.activities.at/entry.php?id=10271&&ser=626699" "Mozilla/5.0 (Windows NT 5.1; rv:45.0) Gecko/20100101 Firefox/45.0"
213.208.136.109 - - [14/Apr/2016:11:40:20 +0200] "GET /gui/javascript/form_form.js?1460626820 HTTP/1.1" 200 16206 "http://ed.activities.at/entry.php?id=10271&&ser=626759" "Mozilla/5.0 (Windows NT 5.1; rv:45.0) Gecko/20100101 Firefox/45.0"
213.208.136.109 - - [14/Apr/2016:11:41:20 +0200] "GET /entry.php?id=10271&&ser=626820 HTTP/1.1" 200 990 "http://ed.activities.at/entry.php?id=10271&&ser=626759" "Mozilla/5.0 (Windows NT 5.1; rv:45.0) Gecko/20100101 Firefox/45.0"
213.208.136.109 - - [14/Apr/2016:11:41:21 +0200] "GET /gui/javascript/form_form.js?1460626880 HTTP/1.1" 200 16206 "http://ed.activities.at/entry.php?id=10271&&ser=626820" "Mozilla/5.0 (Windows NT 5.1; rv:45.0) Gecko/20100101 Firefox/45.0"
213.86.241.133 - - [14/Apr/2016:11:41:38 +0200] "GET /entry.php?id=10271&&ser=626775 HTTP/1.1" 200 988 "http://easydrivers.activities.at/entry.php?id=10272" "Mozilla/5.0 (Windows NT 6.3; WOW64; Trident/7.0; Touch; MALCJS; rv:11.0) like Gecko"
213.86.241.133 - - [14/Apr/2016:11:41:38 +0200] "GET /gui/javascript/form_form.js?1460626898 HTTP/1.1" 200 16206 "http://easydrivers.activities.at/entry.php?id=10271&&ser=626775" "Mozilla/5.0 (Windows NT 6.3; WOW64; Trident/7.0; Touch; MALCJS; rv:11.0) like Gecko"
213.86.241.133 - - [14/Apr/2016:11:41:38 +0200] "GET /gui/images/emptybar.gif HTTP/1.1" 200 89 "http://easydrivers.activities.at/entry.php?id=10272" "Mozilla/5.0 (Windows NT 6.3; WOW64; Trident/7.0; Touch; MALCJS; rv:11.0) like Gecko"
213.208.136.109 - - [14/Apr/2016:11:42:21 +0200] "GET /entry.php?id=10271&&ser=626880 HTTP/1.1" 200 990 "http://ed.activities.at/entry.php?id=10271&&ser=626820" "Mozilla/5.0 (Windows NT 5.1; rv:45.0) Gecko/20100101 Firefox/45.0"
213.208.136.109 - - [14/Apr/2016:11:42:21 +0200] "GET /gui/javascript/form_form.js?1460626941 HTTP/1.1" 200 16206 "http://ed.activities.at/entry.php?id=10271&&ser=626880" "Mozilla/5.0 (Windows NT 5.1; rv:45.0) Gecko/20100101 Firefox/45.0"
213.86.241.133 - - [14/Apr/2016:11:42:38 +0200] "GET /entry.php?id=10271&&ser=626898 HTTP/1.1" 200 988 "http://easydrivers.activities.at/entry.php?id=10272" "Mozilla/5.0 (Windows NT 6.3; WOW64; Trident/7.0; Touch; MALCJS; rv:11.0) like Gecko"
213.86.241.133 - - [14/Apr/2016:11:42:38 +0200] "GET /gui/javascript/form_form.js?1460626958 HTTP/1.1" 200 16206 "http://easydrivers.activities.at/entry.php?id=10271&&ser=626898" "Mozilla/5.0 (Windows NT 6.3; WOW64; Trident/7.0; Touch; MALCJS; rv:11.0) like Gecko"
213.208.136.109 - - [14/Apr/2016:11:43:21 +0200] "GET /entry.php?id=10271&&ser=626941 HTTP/1.1" 200 989 "http://ed.activities.at/entry.php?id=10271&&ser=626880" "Mozilla/5.0 (Windows NT 5.1; rv:45.0) Gecko/20100101 Firefox/45.0"
213.208.136.109 - - [14/Apr/2016:11:43:21 +0200] "GET /gui/javascript/form_form.js?1460627001 HTTP/1.1" 200 16206 "http://ed.activities.at/entry.php?id=10271&&ser=626941" "Mozilla/5.0 (Windows NT 5.1; rv:45.0) Gecko/20100101 Firefox/45.0"
213.86.241.133 - - [14/Apr/2016:11:43:36 +0200] "POST /entry.php?id=11678 HTTP/1.1" 200 3324 "http://easydrivers.activities.at/entry.php?id=11678&" "Mozilla/5.0 (Windows NT 6.3; WOW64; Trident/7.0; Touch; MALCJS; rv:11.0) like Gecko"
213.86.241.133 - - [14/Apr/2016:11:43:37 +0200] "GET /activities/framework/KoolControls/KoolAjax/koolajax.php?8436e354c842500aba3cbaf0584c0c24 HTTP/1.1" 200 4079 "http://easydrivers.activities.at/entry.php?id=11678" "Mozilla/5.0 (Windows NT 6.3; WOW64; Trident/7.0; Touch; MALCJS; rv:11.0) like Gecko"
213.86.241.133 - - [14/Apr/2016:11:43:37 +0200] "GET /activities/framework/KoolControls/KoolTreeView/icons/website.gif HTTP/1.1" 200 1049 "http://easydrivers.activities.at/entry.php?id=11678" "Mozilla/5.0 (Windows NT 6.3; WOW64; Trident/7.0; Touch; MALCJS; rv:11.0) like Gecko"
213.86.241.133 - - [14/Apr/2016:11:43:37 +0200] "GET /activities/framework/KoolControls/KoolTreeView/icons/square_greenS.gif HTTP/1.1" 200 541 "http://easydrivers.activities.at/entry.php?id=11678" "Mozilla/5.0 (Windows NT 6.3; WOW64; Trident/7.0; Touch; MALCJS; rv:11.0) like Gecko"
213.86.241.133 - - [14/Apr/2016:11:43:37 +0200] "GET /activities/framework/KoolControls/KoolTreeView/icons/square_greyS.gif HTTP/1.1" 200 342 "http://easydrivers.activities.at/entry.php?id=11678" "Mozilla/5.0 (Windows NT 6.3; WOW64; Trident/7.0; Touch; MALCJS; rv:11.0) like Gecko"
213.86.241.133 - - [14/Apr/2016:11:43:37 +0200] "GET /gui/images/icons/website_modified.gif HTTP/1.1" 200 1060 "http://easydrivers.activities.at/entry.php?id=11678" "Mozilla/5.0 (Windows NT 6.3; WOW64; Trident/7.0; Touch; MALCJS; rv:11.0) like Gecko"
213.86.241.133 - - [14/Apr/2016:11:43:37 +0200] "GET /gui/images/icons/square_yellowS.gif HTTP/1.1" 200 541 "http://easydrivers.activities.at/entry.php?id=11678" "Mozilla/5.0 (Windows NT 6.3; WOW64; Trident/7.0; Touch; MALCJS; rv:11.0) like Gecko"
213.86.241.133 - - [14/Apr/2016:11:43:37 +0200] "GET /gui/images/icons/square_greenS.gif HTTP/1.1" 200 541 "http://easydrivers.activities.at/entry.php?id=11678" "Mozilla/5.0 (Windows NT 6.3; WOW64; Trident/7.0; Touch; MALCJS; rv:11.0) like Gecko"
213.86.241.133 - - [14/Apr/2016:11:43:37 +0200] "GET /gui/images/icons/square_greyS.gif HTTP/1.1" 200 342 "http://easydrivers.activities.at/entry.php?id=11678" "Mozilla/5.0 (Windows NT 6.3; WOW64; Trident/7.0; Touch; MALCJS; rv:11.0) like Gecko"
