213.86.241.133 - - [19/Apr/2016:16:41:54 +0200] "POST /entry.php?id=11671 HTTP/1.1" 200 4534 "http://easydrivers.activities.at/entry.php?id=11671" "Mozilla/5.0 (Windows NT 6.1; WOW64; Trident/7.0; rv:11.0) like Gecko"
213.86.241.133 - - [19/Apr/2016:16:41:55 +0200] "GET /gui/javascript/form_form.js?1461076915 HTTP/1.1" 200 16206 "http://easydrivers.activities.at/entry.php?id=11671" "Mozilla/5.0 (Windows NT 6.1; WOW64; Trident/7.0; rv:11.0) like Gecko"
213.86.241.133 - - [19/Apr/2016:16:41:55 +0200] "GET /entry.php?id=10778&form=11496&name=list& HTTP/1.1" 200 2492 "http://easydrivers.activities.at/entry.php?id=11671" "Mozilla/5.0 (Windows NT 6.1; WOW64; Trident/7.0; rv:11.0) like Gecko"
213.86.241.133 - - [19/Apr/2016:16:41:55 +0200] "GET /entry.php?id=10776&form=11496&name=list& HTTP/1.1" 200 1526 "http://easydrivers.activities.at/entry.php?id=11671" "Mozilla/5.0 (Windows NT 6.1; WOW64; Trident/7.0; rv:11.0) like Gecko"
213.86.241.133 - - [19/Apr/2016:16:42:00 +0200] "GET /entry.php?id=10287&login=1 HTTP/1.1" 200 1874 "http://easydrivers.activities.at/entry.php?id=10273&" "Mozilla/5.0 (Windows NT 6.1; WOW64; Trident/7.0; rv:11.0) like Gecko"
213.86.241.133 - - [19/Apr/2016:16:42:00 +0200] "GET /gui/javascript/form_form.js?1461076920 HTTP/1.1" 200 16206 "http://easydrivers.activities.at/entry.php?id=10287&login=1" "Mozilla/5.0 (Windows NT 6.1; WOW64; Trident/7.0; rv:11.0) like Gecko"
213.86.241.133 - - [19/Apr/2016:16:42:02 +0200] "POST /entry.php?id=10287& HTTP/1.1" 200 2426 "http://easydrivers.activities.at/entry.php?id=10287&login=1" "Mozilla/5.0 (Windows NT 6.1; WOW64; Trident/7.0; rv:11.0) like Gecko"
213.86.241.133 - - [19/Apr/2016:16:42:02 +0200] "GET /gui/javascript/form_form.js?1461076922 HTTP/1.1" 200 16206 "http://easydrivers.activities.at/entry.php?id=10287&" "Mozilla/5.0 (Windows NT 6.1; WOW64; Trident/7.0; rv:11.0) like Gecko"
213.86.241.133 - - [19/Apr/2016:16:42:03 +0200] "GET /entry.php?id=10270& HTTP/1.1" 200 909 "http://easydrivers.activities.at/entry.php?id=10287&" "Mozilla/5.0 (Windows NT 6.1; WOW64; Trident/7.0; rv:11.0) like Gecko"
213.86.241.133 - - [19/Apr/2016:16:42:03 +0200] "GET /entry.php?id=10273&logout=true& HTTP/1.1" 200 1911 "http://easydrivers.activities.at/entry.php?id=10287&" "Mozilla/5.0 (Windows NT 6.1; WOW64; Trident/7.0; rv:11.0) like Gecko"
213.86.241.133 - - [19/Apr/2016:16:42:03 +0200] "GET /gui/javascript/form_form.js?1461076923 HTTP/1.1" 200 16206 "http://easydrivers.activities.at/entry.php?id=10270&" "Mozilla/5.0 (Windows NT 6.1; WOW64; Trident/7.0; rv:11.0) like Gecko"
93.83.181.50 - - [19/Apr/2016:16:42:10 +0200] "GET /entry.php?id=10271&&ser=76869 HTTP/1.1" 200 987 "http://ed.activities.at/entry.php?id=10271&&ser=76809" "Mozilla/5.0 (Windows NT 6.1; WOW64) AppleWebKit/537.36 (KHTML, like Gecko) Chrome/49.0.2623.112 Safari/537.36"
93.83.181.50 - - [19/Apr/2016:16:42:10 +0200] "GET /gui/javascript/form_form.js?1461076930 HTTP/1.1" 200 16206 "http://ed.activities.at/entry.php?id=10271&&ser=76869" "Mozilla/5.0 (Windows NT 6.1; WOW64) AppleWebKit/537.36 (KHTML, like Gecko) Chrome/49.0.2623.112 Safari/537.36"
93.83.181.50 - - [19/Apr/2016:16:43:10 +0200] "GET /entry.php?id=10271&&ser=76930 HTTP/1.1" 200 987 "http://ed.activities.at/entry.php?id=10271&&ser=76869" "Mozilla/5.0 (Windows NT 6.1; WOW64) AppleWebKit/537.36 (KHTML, like Gecko) Chrome/49.0.2623.112 Safari/537.36"
93.83.181.50 - - [19/Apr/2016:16:43:10 +0200] "GET /gui/javascript/form_form.js?1461076990 HTTP/1.1" 200 16206 "http://ed.activities.at/entry.php?id=10271&&ser=76930" "Mozilla/5.0 (Windows NT 6.1; WOW64) AppleWebKit/537.36 (KHTML, like Gecko) Chrome/49.0.2623.112 Safari/537.36"
213.86.241.133 - - [19/Apr/2016:16:44:00 +0200] "GET / HTTP/1.1" 200 382 "-" "Mozilla/5.0 (Windows NT 6.1; WOW64; Trident/7.0; rv:11.0) like Gecko"
213.86.241.133 - - [19/Apr/2016:16:44:01 +0200] "GET /layout.php HTTP/1.1" 200 915 "-" "Mozilla/5.0 (Windows NT 6.1; WOW64; Trident/7.0; rv:11.0) like Gecko"
213.86.241.133 - - [19/Apr/2016:16:44:01 +0200] "GET /entry.php?id=10270 HTTP/1.1" 200 908 "http://easydrivers.activities.at/layout.php" "Mozilla/5.0 (Windows NT 6.1; WOW64; Trident/7.0; rv:11.0) like Gecko"
213.86.241.133 - - [19/Apr/2016:16:44:01 +0200] "GET /entry.php?id=10273 HTTP/1.1" 200 1931 "http://easydrivers.activities.at/layout.php" "Mozilla/5.0 (Windows NT 6.1; WOW64; Trident/7.0; rv:11.0) like Gecko"
213.86.241.133 - - [19/Apr/2016:16:44:01 +0200] "GET /entry.php?id=10272 HTTP/1.1" 200 1189 "http://easydrivers.activities.at/layout.php" "Mozilla/5.0 (Windows NT 6.1; WOW64; Trident/7.0; rv:11.0) like Gecko"
213.86.241.133 - - [19/Apr/2016:16:44:01 +0200] "GET /gui/javascript/form_form.js?1461077041 HTTP/1.1" 200 16206 "http://easydrivers.activities.at/entry.php?id=10270" "Mozilla/5.0 (Windows NT 6.1; WOW64; Trident/7.0; rv:11.0) like Gecko"
213.86.241.133 - - [19/Apr/2016:16:44:01 +0200] "GET /entry.php?id=11412 HTTP/1.1" 200 1759 "http://easydrivers.activities.at/layout.php" "Mozilla/5.0 (Windows NT 6.1; WOW64; Trident/7.0; rv:11.0) like Gecko"
213.86.241.133 - - [19/Apr/2016:16:44:01 +0200] "GET /entry.php?id=10271&UIN=d207be4aeca8b57a9626cc76a713a519 HTTP/1.1" 200 934 "http://easydrivers.activities.at/entry.php?id=10272" "Mozilla/5.0 (Windows NT 6.1; WOW64; Trident/7.0; rv:11.0) like Gecko"
213.86.241.133 - - [19/Apr/2016:16:44:01 +0200] "GET /entry.php?id=10287 HTTP/1.1" 200 2411 "http://easydrivers.activities.at/entry.php?id=11412" "Mozilla/5.0 (Windows NT 6.1; WOW64; Trident/7.0; rv:11.0) like Gecko"
213.86.241.133 - - [19/Apr/2016:16:44:02 +0200] "GET /entry.php?id=10270& HTTP/1.1" 200 909 "http://easydrivers.activities.at/entry.php?id=10287" "Mozilla/5.0 (Windows NT 6.1; WOW64; Trident/7.0; rv:11.0) like Gecko"
213.86.241.133 - - [19/Apr/2016:16:44:02 +0200] "GET /entry.php?id=10273& HTTP/1.1" 200 1901 "http://easydrivers.activities.at/entry.php?id=10287" "Mozilla/5.0 (Windows NT 6.1; WOW64; Trident/7.0; rv:11.0) like Gecko"
213.86.241.133 - - [19/Apr/2016:16:44:02 +0200] "GET /gui/javascript/form_form.js?1461077042 HTTP/1.1" 200 16206 "http://easydrivers.activities.at/entry.php?id=10270&" "Mozilla/5.0 (Windows NT 6.1; WOW64; Trident/7.0; rv:11.0) like Gecko"
93.83.181.50 - - [19/Apr/2016:16:44:11 +0200] "GET /entry.php?id=10271&&ser=76990 HTTP/1.1" 200 986 "http://ed.activities.at/entry.php?id=10271&&ser=76930" "Mozilla/5.0 (Windows NT 6.1; WOW64) AppleWebKit/537.36 (KHTML, like Gecko) Chrome/49.0.2623.112 Safari/537.36"
93.83.181.50 - - [19/Apr/2016:16:44:11 +0200] "GET /gui/javascript/form_form.js?1461077051 HTTP/1.1" 200 16206 "http://ed.activities.at/entry.php?id=10271&&ser=76990" "Mozilla/5.0 (Windows NT 6.1; WOW64) AppleWebKit/537.36 (KHTML, like Gecko) Chrome/49.0.2623.112 Safari/537.36"
213.86.241.133 - - [19/Apr/2016:16:44:11 +0200] "POST /entry.php?id=10287& HTTP/1.1" 200 1987 "http://easydrivers.activities.at/entry.php?id=10287" "Mozilla/5.0 (Windows NT 6.1; WOW64; Trident/7.0; rv:11.0) like Gecko"
213.86.241.133 - - [19/Apr/2016:16:44:12 +0200] "GET /gui/javascript/form_form.js?1461077052 HTTP/1.1" 200 16206 "http://easydrivers.activities.at/entry.php?id=10287&" "Mozilla/5.0 (Windows NT 6.1; WOW64; Trident/7.0; rv:11.0) like Gecko"
213.86.241.133 - - [19/Apr/2016:16:44:12 +0200] "GET /entry.php?id=10271&UIN=d207be4aeca8b57a9626cc76a713a519 HTTP/1.1" 200 987 "http://easydrivers.activities.at/entry.php?id=10272" "Mozilla/5.0 (Windows NT 6.1; WOW64; Trident/7.0; rv:11.0) like Gecko"
213.86.241.133 - - [19/Apr/2016:16:44:12 +0200] "GET /gui/javascript/jquery/css/gui-themes/ui.spinner.css HTTP/1.1" 304 - "http://easydrivers.activities.at/entry.php?id=10271&UIN=d207be4aeca8b57a9626cc76a713a519" "Mozilla/5.0 (Windows NT 6.1; WOW64; Trident/7.0; rv:11.0) like Gecko"
213.86.241.133 - - [19/Apr/2016:16:44:12 +0200] "GET /gui/javascript/jquery/css/gui-themes/custom.min.css HTTP/1.1" 304 - "http://easydrivers.activities.at/entry.php?id=10271&UIN=d207be4aeca8b57a9626cc76a713a519" "Mozilla/5.0 (Windows NT 6.1; WOW64; Trident/7.0; rv:11.0) like Gecko"
213.86.241.133 - - [19/Apr/2016:16:44:12 +0200] "GET /gui/javascript/jquery/css/gui-themes/jquery.tooltip.css HTTP/1.1" 304 - "http://easydrivers.activities.at/entry.php?id=10271&UIN=d207be4aeca8b57a9626cc76a713a519" "Mozilla/5.0 (Windows NT 6.1; WOW64; Trident/7.0; rv:11.0) like Gecko"
213.86.241.133 - - [19/Apr/2016:16:44:12 +0200] "GET /gui/javascript/jquery/js/jquery-1.8.2.js HTTP/1.1" 304 - "http://easydrivers.activities.at/entry.php?id=10271&UIN=d207be4aeca8b57a9626cc76a713a519" "Mozilla/5.0 (Windows NT 6.1; WOW64; Trident/7.0; rv:11.0) like Gecko"
213.86.241.133 - - [19/Apr/2016:16:44:12 +0200] "GET /gui/styles/tmplDefault.css HTTP/1.1" 304 - "http://easydrivers.activities.at/entry.php?id=10271&UIN=d207be4aeca8b57a9626cc76a713a519" "Mozilla/5.0 (Windows NT 6.1; WOW64; Trident/7.0; rv:11.0) like Gecko"
213.86.241.133 - - [19/Apr/2016:16:44:12 +0200] "GET /gui/javascript/form_form.js?1461077052 HTTP/1.1" 304 - "http://easydrivers.activities.at/entry.php?id=10271&UIN=d207be4aeca8b57a9626cc76a713a519" "Mozilla/5.0 (Windows NT 6.1; WOW64; Trident/7.0; rv:11.0) like Gecko"
213.86.241.133 - - [19/Apr/2016:16:44:12 +0200] "GET /gui/javascript/jquery/js/jquery-ui-1.9.0.custom.min.js HTTP/1.1" 304 - "http://easydrivers.activities.at/entry.php?id=10271&UIN=d207be4aeca8b57a9626cc76a713a519" "Mozilla/5.0 (Windows NT 6.1; WOW64; Trident/7.0; rv:11.0) like Gecko"
213.86.241.133 - - [19/Apr/2016:16:44:12 +0200] "GET /gui/javascript/jquery/jquery-tooltip/jquery.tooltip.min.js HTTP/1.1" 304 - "http://easydrivers.activities.at/entry.php?id=10271&UIN=d207be4aeca8b57a9626cc76a713a519" "Mozilla/5.0 (Windows NT 6.1; WOW64; Trident/7.0; rv:11.0) like Gecko"
213.86.241.133 - - [19/Apr/2016:16:44:12 +0200] "GET /entry.php?id=10273& HTTP/1.1" 200 2014 "http://easydrivers.activities.at/entry.php?id=10287&" "Mozilla/5.0 (Windows NT 6.1; WOW64; Trident/7.0; rv:11.0) like Gecko"
213.86.241.133 - - [19/Apr/2016:16:44:13 +0200] "GET /framework/webfx/style/toolbar/images/cbback.gif HTTP/1.1" 404 319 "http://easydrivers.activities.at/entry.php?id=10273&" "Mozilla/5.0 (Windows NT 6.1; WOW64; Trident/7.0; rv:11.0) like Gecko"
213.86.241.133 - - [19/Apr/2016:16:44:13 +0200] "GET /entry.php?id=10270&__app__=10006038 HTTP/1.1" 200 1649 "http://easydrivers.activities.at/entry.php?id=10273&" "Mozilla/5.0 (Windows NT 6.1; WOW64; Trident/7.0; rv:11.0) like Gecko"
213.86.241.133 - - [19/Apr/2016:16:44:13 +0200] "GET /gui/javascript/form_form.js?1461077053 HTTP/1.1" 200 16206 "http://easydrivers.activities.at/entry.php?id=10270&__app__=10006038" "Mozilla/5.0 (Windows NT 6.1; WOW64; Trident/7.0; rv:11.0) like Gecko"
213.86.241.133 - - [19/Apr/2016:16:44:13 +0200] "GET /undefined HTTP/1.1" 404 290 "http://easydrivers.activities.at/entry.php?id=10270&__app__=10006038" "Mozilla/5.0 (Windows NT 6.1; WOW64; Trident/7.0; rv:11.0) like Gecko"
213.86.241.133 - - [19/Apr/2016:16:44:14 +0200] "GET /entry.php?id=11673 HTTP/1.1" 200 358 "http://easydrivers.activities.at/entry.php?id=10270&__app__=10006038" "Mozilla/5.0 (Windows NT 6.1; WOW64; Trident/7.0; rv:11.0) like Gecko"
213.86.241.133 - - [19/Apr/2016:16:44:15 +0200] "GET /entry.php?id=10676&&title=F\xfchrerscheinkurse HTTP/1.1" 200 1395 "http://easydrivers.activities.at/entry.php?id=11673" "Mozilla/5.0 (Windows NT 6.1; WOW64; Trident/7.0; rv:11.0) like Gecko"
213.86.241.133 - - [19/Apr/2016:16:44:15 +0200] "GET /gui/javascript/form_form.js?1461077055 HTTP/1.1" 200 16206 "http://easydrivers.activities.at/entry.php?id=10676&&title=F\xc3\xbchrerscheinkurse" "Mozilla/5.0 (Windows NT 6.1; WOW64; Trident/7.0; rv:11.0) like Gecko"
213.86.241.133 - - [19/Apr/2016:16:44:15 +0200] "GET /entry.php?id=11694& HTTP/1.1" 200 3252 "http://easydrivers.activities.at/entry.php?id=11673" "Mozilla/5.0 (Windows NT 6.1; WOW64; Trident/7.0; rv:11.0) like Gecko"
213.86.241.133 - - [19/Apr/2016:16:44:15 +0200] "GET /activities/framework/KoolControls/KoolAjax/koolajax.php?8436e354c842500aba3cbaf0584c0c24 HTTP/1.1" 200 4079 "http://easydrivers.activities.at/entry.php?id=11694&" "Mozilla/5.0 (Windows NT 6.1; WOW64; Trident/7.0; rv:11.0) like Gecko"
213.86.241.133 - - [19/Apr/2016:16:44:16 +0200] "GET /activities/framework/KoolControls/KoolTreeView/kooltreeview.php?c7cd9180e88ffef8e70f13526bb4f5f7 HTTP/1.1" 200 5055 "http://easydrivers.activities.at/entry.php?id=11694&" "Mozilla/5.0 (Windows NT 6.1; WOW64; Trident/7.0; rv:11.0) like Gecko"
213.86.241.133 - - [19/Apr/2016:16:44:15 +0200] "GET /entry.php?id=11672& HTTP/1.1" 200 2690 "http://easydrivers.activities.at/entry.php?id=11673" "Mozilla/5.0 (Windows NT 6.1; WOW64; Trident/7.0; rv:11.0) like Gecko"
213.86.241.133 - - [19/Apr/2016:16:44:16 +0200] "GET /gui/javascript/form_form.js?1461077056 HTTP/1.1" 200 16206 "http://easydrivers.activities.at/entry.php?id=11672&" "Mozilla/5.0 (Windows NT 6.1; WOW64; Trident/7.0; rv:11.0) like Gecko"
213.86.241.133 - - [19/Apr/2016:16:44:15 +0200] "GET /entry.php?id=11671& HTTP/1.1" 200 4533 "http://easydrivers.activities.at/entry.php?id=11673" "Mozilla/5.0 (Windows NT 6.1; WOW64; Trident/7.0; rv:11.0) like Gecko"
213.86.241.133 - - [19/Apr/2016:16:44:16 +0200] "GET /entry.php?id=10778&form=11497&name=list& HTTP/1.1" 200 7558 "http://easydrivers.activities.at/entry.php?id=11672&" "Mozilla/5.0 (Windows NT 6.1; WOW64; Trident/7.0; rv:11.0) like Gecko"
213.86.241.133 - - [19/Apr/2016:16:44:16 +0200] "GET /entry.php?id=10776&form=11497&name=list& HTTP/1.1" 200 1942 "http://easydrivers.activities.at/entry.php?id=11672&" "Mozilla/5.0 (Windows NT 6.1; WOW64; Trident/7.0; rv:11.0) like Gecko"
213.86.241.133 - - [19/Apr/2016:16:44:16 +0200] "GET /entry.php?id=10776&form=11496&name=list& HTTP/1.1" 200 1526 "http://easydrivers.activities.at/entry.php?id=11671&" "Mozilla/5.0 (Windows NT 6.1; WOW64; Trident/7.0; rv:11.0) like Gecko"
213.86.241.133 - - [19/Apr/2016:16:44:16 +0200] "GET /entry.php?id=10778&form=11496&name=list& HTTP/1.1" 200 2493 "http://easydrivers.activities.at/entry.php?id=11671&" "Mozilla/5.0 (Windows NT 6.1; WOW64; Trident/7.0; rv:11.0) like Gecko"
213.86.241.133 - - [19/Apr/2016:16:44:25 +0200] "POST /entry.php?id=11672 HTTP/1.1" 200 2702 "http://easydrivers.activities.at/entry.php?id=11672&" "Mozilla/5.0 (Windows NT 6.1; WOW64; Trident/7.0; rv:11.0) like Gecko"
213.86.241.133 - - [19/Apr/2016:16:44:25 +0200] "GET /gui/javascript/form_form.js?1461077065 HTTP/1.1" 200 16206 "http://easydrivers.activities.at/entry.php?id=11672" "Mozilla/5.0 (Windows NT 6.1; WOW64; Trident/7.0; rv:11.0) like Gecko"
213.86.241.133 - - [19/Apr/2016:16:44:25 +0200] "GET /entry.php?id=10776&form=11497&name=list& HTTP/1.1" 200 1940 "http://easydrivers.activities.at/entry.php?id=11672" "Mozilla/5.0 (Windows NT 6.1; WOW64; Trident/7.0; rv:11.0) like Gecko"
213.86.241.133 - - [19/Apr/2016:16:44:25 +0200] "GET /entry.php?id=10778&form=11497&name=list& HTTP/1.1" 200 2921 "http://easydrivers.activities.at/entry.php?id=11672" "Mozilla/5.0 (Windows NT 6.1; WOW64; Trident/7.0; rv:11.0) like Gecko"
213.86.241.133 - - [19/Apr/2016:16:44:40 +0200] "POST /entry.php?id=11671 HTTP/1.1" 200 4751 "http://easydrivers.activities.at/entry.php?id=11671&" "Mozilla/5.0 (Windows NT 6.1; WOW64; Trident/7.0; rv:11.0) like Gecko"
213.86.241.133 - - [19/Apr/2016:16:44:40 +0200] "GET /gui/javascript/form_form.js?1461077080 HTTP/1.1" 200 16206 "http://easydrivers.activities.at/entry.php?id=11671" "Mozilla/5.0 (Windows NT 6.1; WOW64; Trident/7.0; rv:11.0) like Gecko"
213.86.241.133 - - [19/Apr/2016:16:44:40 +0200] "GET /entry.php?id=10776&form=11496&name=list& HTTP/1.1" 200 1519 "http://easydrivers.activities.at/entry.php?id=11671" "Mozilla/5.0 (Windows NT 6.1; WOW64; Trident/7.0; rv:11.0) like Gecko"
213.86.241.133 - - [19/Apr/2016:16:44:40 +0200] "GET /entry.php?id=10778&form=11496&name=list& HTTP/1.1" 200 5728 "http://easydrivers.activities.at/entry.php?id=11671" "Mozilla/5.0 (Windows NT 6.1; WOW64; Trident/7.0; rv:11.0) like Gecko"
213.86.241.133 - - [19/Apr/2016:16:44:55 +0200] "POST /entry.php?id=11671 HTTP/1.1" 200 4620 "http://easydrivers.activities.at/entry.php?id=11671" "Mozilla/5.0 (Windows NT 6.1; WOW64; Trident/7.0; rv:11.0) like Gecko"
213.86.241.133 - - [19/Apr/2016:16:44:56 +0200] "GET /gui/javascript/form_form.js?1461077096 HTTP/1.1" 200 16206 "http://easydrivers.activities.at/entry.php?id=11671" "Mozilla/5.0 (Windows NT 6.1; WOW64; Trident/7.0; rv:11.0) like Gecko"
213.86.241.133 - - [19/Apr/2016:16:44:56 +0200] "GET /entry.php?id=10778&form=11496&name=list& HTTP/1.1" 200 2492 "http://easydrivers.activities.at/entry.php?id=11671" "Mozilla/5.0 (Windows NT 6.1; WOW64; Trident/7.0; rv:11.0) like Gecko"
213.86.241.133 - - [19/Apr/2016:16:44:56 +0200] "GET /entry.php?id=10776&form=11496&name=list& HTTP/1.1" 200 1526 "http://easydrivers.activities.at/entry.php?id=11671" "Mozilla/5.0 (Windows NT 6.1; WOW64; Trident/7.0; rv:11.0) like Gecko"
213.86.241.133 - - [19/Apr/2016:16:45:02 +0200] "POST /entry.php?id=11671 HTTP/1.1" 200 4736 "http://easydrivers.activities.at/entry.php?id=11671" "Mozilla/5.0 (Windows NT 6.1; WOW64; Trident/7.0; rv:11.0) like Gecko"
213.86.241.133 - - [19/Apr/2016:16:45:02 +0200] "GET /gui/javascript/form_form.js?1461077102 HTTP/1.1" 200 16206 "http://easydrivers.activities.at/entry.php?id=11671" "Mozilla/5.0 (Windows NT 6.1; WOW64; Trident/7.0; rv:11.0) like Gecko"
213.86.241.133 - - [19/Apr/2016:16:45:02 +0200] "GET /entry.php?id=10776&form=11496&name=list& HTTP/1.1" 200 1519 "http://easydrivers.activities.at/entry.php?id=11671" "Mozilla/5.0 (Windows NT 6.1; WOW64; Trident/7.0; rv:11.0) like Gecko"
213.86.241.133 - - [19/Apr/2016:16:45:02 +0200] "GET /entry.php?id=10778&form=11496&name=list& HTTP/1.1" 200 5720 "http://easydrivers.activities.at/entry.php?id=11671" "Mozilla/5.0 (Windows NT 6.1; WOW64; Trident/7.0; rv:11.0) like Gecko"
213.86.241.133 - - [19/Apr/2016:16:45:06 +0200] "POST /entry.php?id=11671 HTTP/1.1" 200 4610 "http://easydrivers.activities.at/entry.php?id=11671" "Mozilla/5.0 (Windows NT 6.1; WOW64; Trident/7.0; rv:11.0) like Gecko"
213.86.241.133 - - [19/Apr/2016:16:45:07 +0200] "GET /gui/javascript/form_form.js?1461077106 HTTP/1.1" 200 16206 "http://easydrivers.activities.at/entry.php?id=11671" "Mozilla/5.0 (Windows NT 6.1; WOW64; Trident/7.0; rv:11.0) like Gecko"
213.86.241.133 - - [19/Apr/2016:16:45:07 +0200] "GET /entry.php?id=10778&form=11496&name=list& HTTP/1.1" 200 5590 "http://easydrivers.activities.at/entry.php?id=11671" "Mozilla/5.0 (Windows NT 6.1; WOW64; Trident/7.0; rv:11.0) like Gecko"
213.86.241.133 - - [19/Apr/2016:16:45:07 +0200] "GET /entry.php?id=10776&form=11496&name=list& HTTP/1.1" 200 1519 "http://easydrivers.activities.at/entry.php?id=11671" "Mozilla/5.0 (Windows NT 6.1; WOW64; Trident/7.0; rv:11.0) like Gecko"
93.83.181.50 - - [19/Apr/2016:16:45:11 +0200] "GET /entry.php?id=10271&&ser=77051 HTTP/1.1" 200 986 "http://ed.activities.at/entry.php?id=10271&&ser=76990" "Mozilla/5.0 (Windows NT 6.1; WOW64) AppleWebKit/537.36 (KHTML, like Gecko) Chrome/49.0.2623.112 Safari/537.36"
93.83.181.50 - - [19/Apr/2016:16:45:11 +0200] "GET /gui/javascript/form_form.js?1461077111 HTTP/1.1" 200 16206 "http://ed.activities.at/entry.php?id=10271&&ser=77051" "Mozilla/5.0 (Windows NT 6.1; WOW64) AppleWebKit/537.36 (KHTML, like Gecko) Chrome/49.0.2623.112 Safari/537.36"
213.86.241.133 - - [19/Apr/2016:16:45:13 +0200] "GET /entry.php?id=10271&&ser=77052 HTTP/1.1" 200 986 "http://easydrivers.activities.at/entry.php?id=10271&UIN=d207be4aeca8b57a9626cc76a713a519" "Mozilla/5.0 (Windows NT 6.1; WOW64; Trident/7.0; rv:11.0) like Gecko"
213.86.241.133 - - [19/Apr/2016:16:45:13 +0200] "GET /gui/javascript/form_form.js?1461077113 HTTP/1.1" 200 16206 "http://easydrivers.activities.at/entry.php?id=10271&&ser=77052" "Mozilla/5.0 (Windows NT 6.1; WOW64; Trident/7.0; rv:11.0) like Gecko"
93.83.181.50 - - [19/Apr/2016:16:46:11 +0200] "GET /entry.php?id=10271&&ser=77111 HTTP/1.1" 200 987 "http://ed.activities.at/entry.php?id=10271&&ser=77051" "Mozilla/5.0 (Windows NT 6.1; WOW64) AppleWebKit/537.36 (KHTML, like Gecko) Chrome/49.0.2623.112 Safari/537.36"
93.83.181.50 - - [19/Apr/2016:16:46:12 +0200] "GET /gui/javascript/form_form.js?1461077172 HTTP/1.1" 200 16206 "http://ed.activities.at/entry.php?id=10271&&ser=77111" "Mozilla/5.0 (Windows NT 6.1; WOW64) AppleWebKit/537.36 (KHTML, like Gecko) Chrome/49.0.2623.112 Safari/537.36"
213.86.241.133 - - [19/Apr/2016:16:46:13 +0200] "GET /entry.php?id=10271&&ser=77113 HTTP/1.1" 200 987 "http://easydrivers.activities.at/entry.php?id=10271&&ser=77052" "Mozilla/5.0 (Windows NT 6.1; WOW64; Trident/7.0; rv:11.0) like Gecko"
213.86.241.133 - - [19/Apr/2016:16:46:13 +0200] "GET /gui/javascript/form_form.js?1461077173 HTTP/1.1" 200 16206 "http://easydrivers.activities.at/entry.php?id=10271&&ser=77113" "Mozilla/5.0 (Windows NT 6.1; WOW64; Trident/7.0; rv:11.0) like Gecko"
213.86.241.133 - - [19/Apr/2016:16:46:56 +0200] "POST /entry.php?id=11671 HTTP/1.1" 200 4954 "http://easydrivers.activities.at/entry.php?id=11671" "Mozilla/5.0 (Windows NT 6.1; WOW64; Trident/7.0; rv:11.0) like Gecko"
213.86.241.133 - - [19/Apr/2016:16:46:57 +0200] "GET /gui/javascript/form_form.js?1461077217 HTTP/1.1" 200 16206 "http://easydrivers.activities.at/entry.php?id=11671" "Mozilla/5.0 (Windows NT 6.1; WOW64; Trident/7.0; rv:11.0) like Gecko"
213.86.241.133 - - [19/Apr/2016:16:46:57 +0200] "GET /entry.php?id=10776&form=11496&name=list& HTTP/1.1" 200 1519 "http://easydrivers.activities.at/entry.php?id=11671" "Mozilla/5.0 (Windows NT 6.1; WOW64; Trident/7.0; rv:11.0) like Gecko"
213.86.241.133 - - [19/Apr/2016:16:46:57 +0200] "GET /entry.php?id=10778&form=11496&name=list& HTTP/1.1" 200 5728 "http://easydrivers.activities.at/entry.php?id=11671" "Mozilla/5.0 (Windows NT 6.1; WOW64; Trident/7.0; rv:11.0) like Gecko"
93.83.181.50 - - [19/Apr/2016:16:47:12 +0200] "GET /entry.php?id=10271&&ser=77172 HTTP/1.1" 200 987 "http://ed.activities.at/entry.php?id=10271&&ser=77111" "Mozilla/5.0 (Windows NT 6.1; WOW64) AppleWebKit/537.36 (KHTML, like Gecko) Chrome/49.0.2623.112 Safari/537.36"
93.83.181.50 - - [19/Apr/2016:16:47:12 +0200] "GET /gui/javascript/form_form.js?1461077232 HTTP/1.1" 200 16206 "http://ed.activities.at/entry.php?id=10271&&ser=77172" "Mozilla/5.0 (Windows NT 6.1; WOW64) AppleWebKit/537.36 (KHTML, like Gecko) Chrome/49.0.2623.112 Safari/537.36"
213.86.241.133 - - [19/Apr/2016:16:47:13 +0200] "GET /entry.php?id=10271&&ser=77173 HTTP/1.1" 200 987 "http://easydrivers.activities.at/entry.php?id=10271&&ser=77113" "Mozilla/5.0 (Windows NT 6.1; WOW64; Trident/7.0; rv:11.0) like Gecko"
213.86.241.133 - - [19/Apr/2016:16:47:14 +0200] "GET /gui/javascript/form_form.js?1461077234 HTTP/1.1" 200 16206 "http://easydrivers.activities.at/entry.php?id=10271&&ser=77173" "Mozilla/5.0 (Windows NT 6.1; WOW64; Trident/7.0; rv:11.0) like Gecko"
213.86.241.133 - - [19/Apr/2016:16:47:14 +0200] "POST /entry.php?id=11672 HTTP/1.1" 200 2703 "http://easydrivers.activities.at/entry.php?id=11672" "Mozilla/5.0 (Windows NT 6.1; WOW64; Trident/7.0; rv:11.0) like Gecko"
213.86.241.133 - - [19/Apr/2016:16:47:14 +0200] "GET /entry.php?id=10778&form=11497&name=list& HTTP/1.1" 200 2991 "http://easydrivers.activities.at/entry.php?id=11672" "Mozilla/5.0 (Windows NT 6.1; WOW64; Trident/7.0; rv:11.0) like Gecko"
213.86.241.133 - - [19/Apr/2016:16:47:14 +0200] "GET /entry.php?id=10776&form=11497&name=list& HTTP/1.1" 200 1940 "http://easydrivers.activities.at/entry.php?id=11672" "Mozilla/5.0 (Windows NT 6.1; WOW64; Trident/7.0; rv:11.0) like Gecko"
213.86.241.133 - - [19/Apr/2016:16:47:19 +0200] "POST /entry.php?id=11671 HTTP/1.1" 200 4609 "http://easydrivers.activities.at/entry.php?id=11671" "Mozilla/5.0 (Windows NT 6.1; WOW64; Trident/7.0; rv:11.0) like Gecko"
213.86.241.133 - - [19/Apr/2016:16:47:20 +0200] "GET /gui/javascript/form_form.js?1461077240 HTTP/1.1" 200 16206 "http://easydrivers.activities.at/entry.php?id=11671" "Mozilla/5.0 (Windows NT 6.1; WOW64; Trident/7.0; rv:11.0) like Gecko"
213.86.241.133 - - [19/Apr/2016:16:47:20 +0200] "GET /entry.php?id=10776&form=11496&name=list& HTTP/1.1" 200 1519 "http://easydrivers.activities.at/entry.php?id=11671" "Mozilla/5.0 (Windows NT 6.1; WOW64; Trident/7.0; rv:11.0) like Gecko"
213.86.241.133 - - [19/Apr/2016:16:47:20 +0200] "GET /entry.php?id=10778&form=11496&name=list& HTTP/1.1" 200 5590 "http://easydrivers.activities.at/entry.php?id=11671" "Mozilla/5.0 (Windows NT 6.1; WOW64; Trident/7.0; rv:11.0) like Gecko"
93.83.181.50 - - [19/Apr/2016:16:48:12 +0200] "GET /entry.php?id=10271&&ser=77232 HTTP/1.1" 200 987 "http://ed.activities.at/entry.php?id=10271&&ser=77172" "Mozilla/5.0 (Windows NT 6.1; WOW64) AppleWebKit/537.36 (KHTML, like Gecko) Chrome/49.0.2623.112 Safari/537.36"
93.83.181.50 - - [19/Apr/2016:16:48:13 +0200] "GET /gui/javascript/form_form.js?1461077293 HTTP/1.1" 200 16206 "http://ed.activities.at/entry.php?id=10271&&ser=77232" "Mozilla/5.0 (Windows NT 6.1; WOW64) AppleWebKit/537.36 (KHTML, like Gecko) Chrome/49.0.2623.112 Safari/537.36"
213.86.241.133 - - [19/Apr/2016:16:48:14 +0200] "GET /entry.php?id=10271&&ser=77234 HTTP/1.1" 200 987 "http://easydrivers.activities.at/entry.php?id=10271&&ser=77173" "Mozilla/5.0 (Windows NT 6.1; WOW64; Trident/7.0; rv:11.0) like Gecko"
213.86.241.133 - - [19/Apr/2016:16:48:14 +0200] "GET /gui/javascript/form_form.js?1461077294 HTTP/1.1" 200 16206 "http://easydrivers.activities.at/entry.php?id=10271&&ser=77234" "Mozilla/5.0 (Windows NT 6.1; WOW64; Trident/7.0; rv:11.0) like Gecko"
213.86.241.133 - - [19/Apr/2016:16:48:31 +0200] "POST /entry.php?id=11671 HTTP/1.1" 200 4959 "http://easydrivers.activities.at/entry.php?id=11671" "Mozilla/5.0 (Windows NT 6.1; WOW64; Trident/7.0; rv:11.0) like Gecko"
213.86.241.133 - - [19/Apr/2016:16:48:32 +0200] "GET /gui/javascript/form_form.js?1461077312 HTTP/1.1" 200 16206 "http://easydrivers.activities.at/entry.php?id=11671" "Mozilla/5.0 (Windows NT 6.1; WOW64; Trident/7.0; rv:11.0) like Gecko"
213.86.241.133 - - [19/Apr/2016:16:48:32 +0200] "GET /entry.php?id=10776&form=11496&name=list& HTTP/1.1" 200 1519 "http://easydrivers.activities.at/entry.php?id=11671" "Mozilla/5.0 (Windows NT 6.1; WOW64; Trident/7.0; rv:11.0) like Gecko"
213.86.241.133 - - [19/Apr/2016:16:48:32 +0200] "GET /entry.php?id=10778&form=11496&name=list& HTTP/1.1" 200 5728 "http://easydrivers.activities.at/entry.php?id=11671" "Mozilla/5.0 (Windows NT 6.1; WOW64; Trident/7.0; rv:11.0) like Gecko"
213.86.241.133 - - [19/Apr/2016:16:48:47 +0200] "POST /entry.php?id=11672 HTTP/1.1" 200 2703 "http://easydrivers.activities.at/entry.php?id=11672" "Mozilla/5.0 (Windows NT 6.1; WOW64; Trident/7.0; rv:11.0) like Gecko"
213.86.241.133 - - [19/Apr/2016:16:48:48 +0200] "GET /gui/javascript/form_form.js?1461077328 HTTP/1.1" 200 16206 "http://easydrivers.activities.at/entry.php?id=11672" "Mozilla/5.0 (Windows NT 6.1; WOW64; Trident/7.0; rv:11.0) like Gecko"
213.86.241.133 - - [19/Apr/2016:16:48:48 +0200] "GET /entry.php?id=10776&form=11497&name=list& HTTP/1.1" 200 1940 "http://easydrivers.activities.at/entry.php?id=11672" "Mozilla/5.0 (Windows NT 6.1; WOW64; Trident/7.0; rv:11.0) like Gecko"
213.86.241.133 - - [19/Apr/2016:16:48:48 +0200] "GET /entry.php?id=10778&form=11497&name=list& HTTP/1.1" 200 2973 "http://easydrivers.activities.at/entry.php?id=11672" "Mozilla/5.0 (Windows NT 6.1; WOW64; Trident/7.0; rv:11.0) like Gecko"
213.86.241.133 - - [19/Apr/2016:16:48:51 +0200] "POST /entry.php?id=11671 HTTP/1.1" 200 4610 "http://easydrivers.activities.at/entry.php?id=11671" "Mozilla/5.0 (Windows NT 6.1; WOW64; Trident/7.0; rv:11.0) like Gecko"
213.86.241.133 - - [19/Apr/2016:16:48:52 +0200] "GET /gui/javascript/form_form.js?1461077332 HTTP/1.1" 200 16206 "http://easydrivers.activities.at/entry.php?id=11671" "Mozilla/5.0 (Windows NT 6.1; WOW64; Trident/7.0; rv:11.0) like Gecko"
213.86.241.133 - - [19/Apr/2016:16:48:52 +0200] "GET /entry.php?id=10776&form=11496&name=list& HTTP/1.1" 200 1519 "http://easydrivers.activities.at/entry.php?id=11671" "Mozilla/5.0 (Windows NT 6.1; WOW64; Trident/7.0; rv:11.0) like Gecko"
213.86.241.133 - - [19/Apr/2016:16:48:52 +0200] "GET /entry.php?id=10778&form=11496&name=list& HTTP/1.1" 200 5590 "http://easydrivers.activities.at/entry.php?id=11671" "Mozilla/5.0 (Windows NT 6.1; WOW64; Trident/7.0; rv:11.0) like Gecko"
93.83.181.50 - - [19/Apr/2016:16:49:13 +0200] "GET /entry.php?id=10271&&ser=77293 HTTP/1.1" 200 987 "http://ed.activities.at/entry.php?id=10271&&ser=77232" "Mozilla/5.0 (Windows NT 6.1; WOW64) AppleWebKit/537.36 (KHTML, like Gecko) Chrome/49.0.2623.112 Safari/537.36"
93.83.181.50 - - [19/Apr/2016:16:49:13 +0200] "GET /gui/javascript/form_form.js?1461077353 HTTP/1.1" 200 16206 "http://ed.activities.at/entry.php?id=10271&&ser=77293" "Mozilla/5.0 (Windows NT 6.1; WOW64) AppleWebKit/537.36 (KHTML, like Gecko) Chrome/49.0.2623.112 Safari/537.36"
213.86.241.133 - - [19/Apr/2016:16:49:14 +0200] "GET /entry.php?id=10271&&ser=77294 HTTP/1.1" 200 987 "http://easydrivers.activities.at/entry.php?id=10271&&ser=77234" "Mozilla/5.0 (Windows NT 6.1; WOW64; Trident/7.0; rv:11.0) like Gecko"
213.86.241.133 - - [19/Apr/2016:16:49:14 +0200] "GET /gui/javascript/form_form.js?1461077354 HTTP/1.1" 200 16206 "http://easydrivers.activities.at/entry.php?id=10271&&ser=77294" "Mozilla/5.0 (Windows NT 6.1; WOW64; Trident/7.0; rv:11.0) like Gecko"
213.86.241.133 - - [19/Apr/2016:16:49:53 +0200] "POST /entry.php?id=11671 HTTP/1.1" 200 4953 "http://easydrivers.activities.at/entry.php?id=11671" "Mozilla/5.0 (Windows NT 6.1; WOW64; Trident/7.0; rv:11.0) like Gecko"
213.86.241.133 - - [19/Apr/2016:16:49:54 +0200] "GET /gui/javascript/form_form.js?1461077394 HTTP/1.1" 200 16206 "http://easydrivers.activities.at/entry.php?id=11671" "Mozilla/5.0 (Windows NT 6.1; WOW64; Trident/7.0; rv:11.0) like Gecko"
213.86.241.133 - - [19/Apr/2016:16:49:54 +0200] "GET /entry.php?id=10776&form=11496&name=list& HTTP/1.1" 200 1519 "http://easydrivers.activities.at/entry.php?id=11671" "Mozilla/5.0 (Windows NT 6.1; WOW64; Trident/7.0; rv:11.0) like Gecko"
213.86.241.133 - - [19/Apr/2016:16:49:54 +0200] "GET /entry.php?id=10778&form=11496&name=list& HTTP/1.1" 200 5728 "http://easydrivers.activities.at/entry.php?id=11671" "Mozilla/5.0 (Windows NT 6.1; WOW64; Trident/7.0; rv:11.0) like Gecko"
213.86.241.133 - - [19/Apr/2016:16:50:06 +0200] "POST /entry.php?id=11672 HTTP/1.1" 200 2702 "http://easydrivers.activities.at/entry.php?id=11672" "Mozilla/5.0 (Windows NT 6.1; WOW64; Trident/7.0; rv:11.0) like Gecko"
213.86.241.133 - - [19/Apr/2016:16:50:07 +0200] "GET /gui/javascript/form_form.js?1461077407 HTTP/1.1" 200 16206 "http://easydrivers.activities.at/entry.php?id=11672" "Mozilla/5.0 (Windows NT 6.1; WOW64; Trident/7.0; rv:11.0) like Gecko"
213.86.241.133 - - [19/Apr/2016:16:50:07 +0200] "GET /entry.php?id=10776&form=11497&name=list& HTTP/1.1" 200 1940 "http://easydrivers.activities.at/entry.php?id=11672" "Mozilla/5.0 (Windows NT 6.1; WOW64; Trident/7.0; rv:11.0) like Gecko"
213.86.241.133 - - [19/Apr/2016:16:50:07 +0200] "GET /entry.php?id=10778&form=11497&name=list& HTTP/1.1" 200 2905 "http://easydrivers.activities.at/entry.php?id=11672" "Mozilla/5.0 (Windows NT 6.1; WOW64; Trident/7.0; rv:11.0) like Gecko"
93.83.181.50 - - [19/Apr/2016:16:50:13 +0200] "GET /entry.php?id=10271&&ser=77353 HTTP/1.1" 200 987 "http://ed.activities.at/entry.php?id=10271&&ser=77293" "Mozilla/5.0 (Windows NT 6.1; WOW64) AppleWebKit/537.36 (KHTML, like Gecko) Chrome/49.0.2623.112 Safari/537.36"
93.83.181.50 - - [19/Apr/2016:16:50:14 +0200] "GET /gui/javascript/form_form.js?1461077413 HTTP/1.1" 200 16206 "http://ed.activities.at/entry.php?id=10271&&ser=77353" "Mozilla/5.0 (Windows NT 6.1; WOW64) AppleWebKit/537.36 (KHTML, like Gecko) Chrome/49.0.2623.112 Safari/537.36"
213.86.241.133 - - [19/Apr/2016:16:50:14 +0200] "POST /entry.php?id=11671 HTTP/1.1" 200 4610 "http://easydrivers.activities.at/entry.php?id=11671" "Mozilla/5.0 (Windows NT 6.1; WOW64; Trident/7.0; rv:11.0) like Gecko"
213.86.241.133 - - [19/Apr/2016:16:50:15 +0200] "GET /gui/javascript/form_form.js?1461077415 HTTP/1.1" 200 16206 "http://easydrivers.activities.at/entry.php?id=11671" "Mozilla/5.0 (Windows NT 6.1; WOW64; Trident/7.0; rv:11.0) like Gecko"
213.86.241.133 - - [19/Apr/2016:16:50:15 +0200] "GET /entry.php?id=10271&&ser=77354 HTTP/1.1" 200 986 "http://easydrivers.activities.at/entry.php?id=10271&&ser=77294" "Mozilla/5.0 (Windows NT 6.1; WOW64; Trident/7.0; rv:11.0) like Gecko"
213.86.241.133 - - [19/Apr/2016:16:50:15 +0200] "GET /entry.php?id=10776&form=11496&name=list& HTTP/1.1" 200 1519 "http://easydrivers.activities.at/entry.php?id=11671" "Mozilla/5.0 (Windows NT 6.1; WOW64; Trident/7.0; rv:11.0) like Gecko"
213.86.241.133 - - [19/Apr/2016:16:50:15 +0200] "GET /entry.php?id=10778&form=11496&name=list& HTTP/1.1" 200 5590 "http://easydrivers.activities.at/entry.php?id=11671" "Mozilla/5.0 (Windows NT 6.1; WOW64; Trident/7.0; rv:11.0) like Gecko"
93.83.181.50 - - [19/Apr/2016:16:51:14 +0200] "GET /entry.php?id=10271&&ser=77413 HTTP/1.1" 200 987 "http://ed.activities.at/entry.php?id=10271&&ser=77353" "Mozilla/5.0 (Windows NT 6.1; WOW64) AppleWebKit/537.36 (KHTML, like Gecko) Chrome/49.0.2623.112 Safari/537.36"
93.83.181.50 - - [19/Apr/2016:16:51:14 +0200] "GET /gui/javascript/form_form.js?1461077474 HTTP/1.1" 200 16206 "http://ed.activities.at/entry.php?id=10271&&ser=77413" "Mozilla/5.0 (Windows NT 6.1; WOW64) AppleWebKit/537.36 (KHTML, like Gecko) Chrome/49.0.2623.112 Safari/537.36"
213.86.241.133 - - [19/Apr/2016:16:51:16 +0200] "GET /entry.php?id=10271&&ser=77415 HTTP/1.1" 200 987 "http://easydrivers.activities.at/entry.php?id=10271&&ser=77354" "Mozilla/5.0 (Windows NT 6.1; WOW64; Trident/7.0; rv:11.0) like Gecko"
213.86.241.133 - - [19/Apr/2016:16:51:16 +0200] "GET /gui/javascript/form_form.js?1461077476 HTTP/1.1" 200 16206 "http://easydrivers.activities.at/entry.php?id=10271&&ser=77415" "Mozilla/5.0 (Windows NT 6.1; WOW64; Trident/7.0; rv:11.0) like Gecko"
213.86.241.133 - - [19/Apr/2016:16:51:45 +0200] "POST /entry.php?id=11671 HTTP/1.1" 200 4958 "http://easydrivers.activities.at/entry.php?id=11671" "Mozilla/5.0 (Windows NT 6.1; WOW64; Trident/7.0; rv:11.0) like Gecko"
213.86.241.133 - - [19/Apr/2016:16:51:45 +0200] "GET /gui/javascript/form_form.js?1461077505 HTTP/1.1" 200 16206 "http://easydrivers.activities.at/entry.php?id=11671" "Mozilla/5.0 (Windows NT 6.1; WOW64; Trident/7.0; rv:11.0) like Gecko"
213.86.241.133 - - [19/Apr/2016:16:51:46 +0200] "GET /entry.php?id=10776&form=11496&name=list& HTTP/1.1" 200 1519 "http://easydrivers.activities.at/entry.php?id=11671" "Mozilla/5.0 (Windows NT 6.1; WOW64; Trident/7.0; rv:11.0) like Gecko"
213.86.241.133 - - [19/Apr/2016:16:51:46 +0200] "GET /entry.php?id=10778&form=11496&name=list& HTTP/1.1" 200 5728 "http://easydrivers.activities.at/entry.php?id=11671" "Mozilla/5.0 (Windows NT 6.1; WOW64; Trident/7.0; rv:11.0) like Gecko"
213.86.241.133 - - [19/Apr/2016:16:51:51 +0200] "POST /entry.php?id=11672 HTTP/1.1" 200 2702 "http://easydrivers.activities.at/entry.php?id=11672" "Mozilla/5.0 (Windows NT 6.1; WOW64; Trident/7.0; rv:11.0) like Gecko"
213.86.241.133 - - [19/Apr/2016:16:51:51 +0200] "GET /gui/javascript/form_form.js?1461077511 HTTP/1.1" 200 16206 "http://easydrivers.activities.at/entry.php?id=11672" "Mozilla/5.0 (Windows NT 6.1; WOW64; Trident/7.0; rv:11.0) like Gecko"
213.86.241.133 - - [19/Apr/2016:16:51:51 +0200] "GET /entry.php?id=10776&form=11497&name=list& HTTP/1.1" 200 1940 "http://easydrivers.activities.at/entry.php?id=11672" "Mozilla/5.0 (Windows NT 6.1; WOW64; Trident/7.0; rv:11.0) like Gecko"
213.86.241.133 - - [19/Apr/2016:16:51:51 +0200] "GET /entry.php?id=10778&form=11497&name=list& HTTP/1.1" 200 2989 "http://easydrivers.activities.at/entry.php?id=11672" "Mozilla/5.0 (Windows NT 6.1; WOW64; Trident/7.0; rv:11.0) like Gecko"
213.86.241.133 - - [19/Apr/2016:16:52:04 +0200] "POST /entry.php?id=11671 HTTP/1.1" 200 4750 "http://easydrivers.activities.at/entry.php?id=11671" "Mozilla/5.0 (Windows NT 6.1; WOW64; Trident/7.0; rv:11.0) like Gecko"
213.86.241.133 - - [19/Apr/2016:16:52:05 +0200] "GET /gui/javascript/form_form.js?1461077525 HTTP/1.1" 200 16206 "http://easydrivers.activities.at/entry.php?id=11671" "Mozilla/5.0 (Windows NT 6.1; WOW64; Trident/7.0; rv:11.0) like Gecko"
213.86.241.133 - - [19/Apr/2016:16:52:05 +0200] "GET /entry.php?id=10778&form=11496&name=list& HTTP/1.1" 200 5728 "http://easydrivers.activities.at/entry.php?id=11671" "Mozilla/5.0 (Windows NT 6.1; WOW64; Trident/7.0; rv:11.0) like Gecko"
213.86.241.133 - - [19/Apr/2016:16:52:05 +0200] "GET /entry.php?id=10776&form=11496&name=list& HTTP/1.1" 200 1519 "http://easydrivers.activities.at/entry.php?id=11671" "Mozilla/5.0 (Windows NT 6.1; WOW64; Trident/7.0; rv:11.0) like Gecko"
213.86.241.133 - - [19/Apr/2016:16:52:12 +0200] "POST /entry.php?id=11671 HTTP/1.1" 200 4622 "http://easydrivers.activities.at/entry.php?id=11671" "Mozilla/5.0 (Windows NT 6.1; WOW64; Trident/7.0; rv:11.0) like Gecko"
213.86.241.133 - - [19/Apr/2016:16:52:13 +0200] "GET /gui/javascript/form_form.js?1461077533 HTTP/1.1" 200 16206 "http://easydrivers.activities.at/entry.php?id=11671" "Mozilla/5.0 (Windows NT 6.1; WOW64; Trident/7.0; rv:11.0) like Gecko"
213.86.241.133 - - [19/Apr/2016:16:52:13 +0200] "GET /entry.php?id=10776&form=11496&name=list& HTTP/1.1" 200 1526 "http://easydrivers.activities.at/entry.php?id=11671" "Mozilla/5.0 (Windows NT 6.1; WOW64; Trident/7.0; rv:11.0) like Gecko"
213.86.241.133 - - [19/Apr/2016:16:52:13 +0200] "GET /entry.php?id=10778&form=11496&name=list& HTTP/1.1" 200 2492 "http://easydrivers.activities.at/entry.php?id=11671" "Mozilla/5.0 (Windows NT 6.1; WOW64; Trident/7.0; rv:11.0) like Gecko"
93.83.181.50 - - [19/Apr/2016:16:52:14 +0200] "GET /entry.php?id=10271&&ser=77474 HTTP/1.1" 200 987 "http://ed.activities.at/entry.php?id=10271&&ser=77413" "Mozilla/5.0 (Windows NT 6.1; WOW64) AppleWebKit/537.36 (KHTML, like Gecko) Chrome/49.0.2623.112 Safari/537.36"
93.83.181.50 - - [19/Apr/2016:16:52:14 +0200] "GET /gui/javascript/form_form.js?1461077534 HTTP/1.1" 200 16206 "http://ed.activities.at/entry.php?id=10271&&ser=77474" "Mozilla/5.0 (Windows NT 6.1; WOW64) AppleWebKit/537.36 (KHTML, like Gecko) Chrome/49.0.2623.112 Safari/537.36"
213.86.241.133 - - [19/Apr/2016:16:52:16 +0200] "GET /entry.php?id=10271&&ser=77476 HTTP/1.1" 200 987 "http://easydrivers.activities.at/entry.php?id=10271&&ser=77415" "Mozilla/5.0 (Windows NT 6.1; WOW64; Trident/7.0; rv:11.0) like Gecko"
213.86.241.133 - - [19/Apr/2016:16:52:16 +0200] "GET /gui/javascript/form_form.js?1461077536 HTTP/1.1" 200 16206 "http://easydrivers.activities.at/entry.php?id=10271&&ser=77476" "Mozilla/5.0 (Windows NT 6.1; WOW64; Trident/7.0; rv:11.0) like Gecko"
213.86.241.133 - - [19/Apr/2016:16:52:19 +0200] "POST /entry.php?id=11671 HTTP/1.1" 200 4612 "http://easydrivers.activities.at/entry.php?id=11671" "Mozilla/5.0 (Windows NT 6.1; WOW64; Trident/7.0; rv:11.0) like Gecko"
213.86.241.133 - - [19/Apr/2016:16:52:19 +0200] "GET /gui/javascript/form_form.js?1461077539 HTTP/1.1" 200 16206 "http://easydrivers.activities.at/entry.php?id=11671" "Mozilla/5.0 (Windows NT 6.1; WOW64; Trident/7.0; rv:11.0) like Gecko"
213.86.241.133 - - [19/Apr/2016:16:52:19 +0200] "GET /entry.php?id=10778&form=11496&name=list& HTTP/1.1" 200 5590 "http://easydrivers.activities.at/entry.php?id=11671" "Mozilla/5.0 (Windows NT 6.1; WOW64; Trident/7.0; rv:11.0) like Gecko"
213.86.241.133 - - [19/Apr/2016:16:52:19 +0200] "GET /entry.php?id=10776&form=11496&name=list& HTTP/1.1" 200 1519 "http://easydrivers.activities.at/entry.php?id=11671" "Mozilla/5.0 (Windows NT 6.1; WOW64; Trident/7.0; rv:11.0) like Gecko"
213.86.241.133 - - [19/Apr/2016:16:53:00 +0200] "POST /entry.php?id=11671 HTTP/1.1" 200 4951 "http://easydrivers.activities.at/entry.php?id=11671" "Mozilla/5.0 (Windows NT 6.1; WOW64; Trident/7.0; rv:11.0) like Gecko"
213.86.241.133 - - [19/Apr/2016:16:53:01 +0200] "GET /gui/javascript/form_form.js?1461077581 HTTP/1.1" 200 16206 "http://easydrivers.activities.at/entry.php?id=11671" "Mozilla/5.0 (Windows NT 6.1; WOW64; Trident/7.0; rv:11.0) like Gecko"
213.86.241.133 - - [19/Apr/2016:16:53:01 +0200] "GET /entry.php?id=10778&form=11496&name=list& HTTP/1.1" 200 5728 "http://easydrivers.activities.at/entry.php?id=11671" "Mozilla/5.0 (Windows NT 6.1; WOW64; Trident/7.0; rv:11.0) like Gecko"
213.86.241.133 - - [19/Apr/2016:16:53:01 +0200] "GET /entry.php?id=10776&form=11496&name=list& HTTP/1.1" 200 1519 "http://easydrivers.activities.at/entry.php?id=11671" "Mozilla/5.0 (Windows NT 6.1; WOW64; Trident/7.0; rv:11.0) like Gecko"
213.86.241.133 - - [19/Apr/2016:16:53:11 +0200] "GET /entry.php?id=10287&login=1 HTTP/1.1" 200 1873 "http://easydrivers.activities.at/entry.php?id=10273&" "Mozilla/5.0 (Windows NT 6.1; WOW64; Trident/7.0; rv:11.0) like Gecko"
213.86.241.133 - - [19/Apr/2016:16:53:11 +0200] "GET /gui/javascript/form_form.js?1461077591 HTTP/1.1" 200 16206 "http://easydrivers.activities.at/entry.php?id=10287&login=1" "Mozilla/5.0 (Windows NT 6.1; WOW64; Trident/7.0; rv:11.0) like Gecko"
213.86.241.133 - - [19/Apr/2016:16:53:12 +0200] "POST /entry.php?id=10287& HTTP/1.1" 200 2426 "http://easydrivers.activities.at/entry.php?id=10287&login=1" "Mozilla/5.0 (Windows NT 6.1; WOW64; Trident/7.0; rv:11.0) like Gecko"
213.86.241.133 - - [19/Apr/2016:16:53:13 +0200] "GET /gui/javascript/form_form.js?1461077593 HTTP/1.1" 200 16206 "http://easydrivers.activities.at/entry.php?id=10287&" "Mozilla/5.0 (Windows NT 6.1; WOW64; Trident/7.0; rv:11.0) like Gecko"
213.86.241.133 - - [19/Apr/2016:16:53:13 +0200] "GET /entry.php?id=10270& HTTP/1.1" 200 908 "http://easydrivers.activities.at/entry.php?id=10287&" "Mozilla/5.0 (Windows NT 6.1; WOW64; Trident/7.0; rv:11.0) like Gecko"
213.86.241.133 - - [19/Apr/2016:16:53:13 +0200] "GET /entry.php?id=10273&logout=true& HTTP/1.1" 200 1912 "http://easydrivers.activities.at/entry.php?id=10287&" "Mozilla/5.0 (Windows NT 6.1; WOW64; Trident/7.0; rv:11.0) like Gecko"
93.83.181.50 - - [19/Apr/2016:16:53:15 +0200] "GET /entry.php?id=10271&&ser=77534 HTTP/1.1" 200 987 "http://ed.activities.at/entry.php?id=10271&&ser=77474" "Mozilla/5.0 (Windows NT 6.1; WOW64) AppleWebKit/537.36 (KHTML, like Gecko) Chrome/49.0.2623.112 Safari/537.36"
93.83.181.50 - - [19/Apr/2016:16:53:15 +0200] "GET /gui/javascript/form_form.js?1461077595 HTTP/1.1" 200 16206 "http://ed.activities.at/entry.php?id=10271&&ser=77534" "Mozilla/5.0 (Windows NT 6.1; WOW64) AppleWebKit/537.36 (KHTML, like Gecko) Chrome/49.0.2623.112 Safari/537.36"
93.83.181.50 - - [19/Apr/2016:16:54:15 +0200] "GET /entry.php?id=10271&&ser=77595 HTTP/1.1" 200 987 "http://ed.activities.at/entry.php?id=10271&&ser=77534" "Mozilla/5.0 (Windows NT 6.1; WOW64) AppleWebKit/537.36 (KHTML, like Gecko) Chrome/49.0.2623.112 Safari/537.36"
93.83.181.50 - - [19/Apr/2016:16:54:15 +0200] "GET /gui/javascript/form_form.js?1461077655 HTTP/1.1" 200 16206 "http://ed.activities.at/entry.php?id=10271&&ser=77595" "Mozilla/5.0 (Windows NT 6.1; WOW64) AppleWebKit/537.36 (KHTML, like Gecko) Chrome/49.0.2623.112 Safari/537.36"
93.83.181.50 - - [19/Apr/2016:16:55:16 +0200] "GET /entry.php?id=10271&&ser=77655 HTTP/1.1" 200 987 "http://ed.activities.at/entry.php?id=10271&&ser=77595" "Mozilla/5.0 (Windows NT 6.1; WOW64) AppleWebKit/537.36 (KHTML, like Gecko) Chrome/49.0.2623.112 Safari/537.36"
93.83.181.50 - - [19/Apr/2016:16:55:16 +0200] "GET /gui/javascript/form_form.js?1461077716 HTTP/1.1" 200 16206 "http://ed.activities.at/entry.php?id=10271&&ser=77655" "Mozilla/5.0 (Windows NT 6.1; WOW64) AppleWebKit/537.36 (KHTML, like Gecko) Chrome/49.0.2623.112 Safari/537.36"
93.83.181.50 - - [19/Apr/2016:16:56:16 +0200] "GET /entry.php?id=10271&&ser=77716 HTTP/1.1" 200 986 "http://ed.activities.at/entry.php?id=10271&&ser=77655" "Mozilla/5.0 (Windows NT 6.1; WOW64) AppleWebKit/537.36 (KHTML, like Gecko) Chrome/49.0.2623.112 Safari/537.36"
93.83.181.50 - - [19/Apr/2016:16:56:16 +0200] "GET /gui/javascript/form_form.js?1461077776 HTTP/1.1" 200 16206 "http://ed.activities.at/entry.php?id=10271&&ser=77716" "Mozilla/5.0 (Windows NT 6.1; WOW64) AppleWebKit/537.36 (KHTML, like Gecko) Chrome/49.0.2623.112 Safari/537.36"
213.86.241.133 - - [19/Apr/2016:16:56:33 +0200] "GET / HTTP/1.1" 200 382 "-" "Mozilla/5.0 (Windows NT 6.1; WOW64; Trident/7.0; rv:11.0) like Gecko"
213.86.241.133 - - [19/Apr/2016:16:56:33 +0200] "GET /layout.php HTTP/1.1" 200 914 "-" "Mozilla/5.0 (Windows NT 6.1; WOW64; Trident/7.0; rv:11.0) like Gecko"
213.86.241.133 - - [19/Apr/2016:16:56:33 +0200] "GET /entry.php?id=10270 HTTP/1.1" 200 909 "http://easydrivers.activities.at/layout.php" "Mozilla/5.0 (Windows NT 6.1; WOW64; Trident/7.0; rv:11.0) like Gecko"
213.86.241.133 - - [19/Apr/2016:16:56:33 +0200] "GET /entry.php?id=10272 HTTP/1.1" 200 1189 "http://easydrivers.activities.at/layout.php" "Mozilla/5.0 (Windows NT 6.1; WOW64; Trident/7.0; rv:11.0) like Gecko"
213.86.241.133 - - [19/Apr/2016:16:56:33 +0200] "GET /entry.php?id=10273 HTTP/1.1" 200 1931 "http://easydrivers.activities.at/layout.php" "Mozilla/5.0 (Windows NT 6.1; WOW64; Trident/7.0; rv:11.0) like Gecko"
213.86.241.133 - - [19/Apr/2016:16:56:33 +0200] "GET /gui/javascript/form_form.js?1461077793 HTTP/1.1" 200 16206 "http://easydrivers.activities.at/entry.php?id=10270" "Mozilla/5.0 (Windows NT 6.1; WOW64; Trident/7.0; rv:11.0) like Gecko"
213.86.241.133 - - [19/Apr/2016:16:56:33 +0200] "GET /entry.php?id=11412 HTTP/1.1" 200 1759 "http://easydrivers.activities.at/layout.php" "Mozilla/5.0 (Windows NT 6.1; WOW64; Trident/7.0; rv:11.0) like Gecko"
213.86.241.133 - - [19/Apr/2016:16:56:34 +0200] "GET /entry.php?id=10271&UIN=992cdadaa96972013b6db8bb826a05c9 HTTP/1.1" 200 934 "http://easydrivers.activities.at/entry.php?id=10272" "Mozilla/5.0 (Windows NT 6.1; WOW64; Trident/7.0; rv:11.0) like Gecko"
213.86.241.133 - - [19/Apr/2016:16:56:34 +0200] "GET /gui/javascript/form_form.js?1461077794 HTTP/1.1" 200 16206 "http://easydrivers.activities.at/entry.php?id=10271&UIN=992cdadaa96972013b6db8bb826a05c9" "Mozilla/5.0 (Windows NT 6.1; WOW64; Trident/7.0; rv:11.0) like Gecko"
213.86.241.133 - - [19/Apr/2016:16:56:34 +0200] "GET /entry.php?id=10287 HTTP/1.1" 200 2412 "http://easydrivers.activities.at/entry.php?id=11412" "Mozilla/5.0 (Windows NT 6.1; WOW64; Trident/7.0; rv:11.0) like Gecko"
213.86.241.133 - - [19/Apr/2016:16:56:34 +0200] "GET /entry.php?id=10270& HTTP/1.1" 200 909 "http://easydrivers.activities.at/entry.php?id=10287" "Mozilla/5.0 (Windows NT 6.1; WOW64; Trident/7.0; rv:11.0) like Gecko"
213.86.241.133 - - [19/Apr/2016:16:56:34 +0200] "GET /entry.php?id=10273& HTTP/1.1" 200 1901 "http://easydrivers.activities.at/entry.php?id=10287" "Mozilla/5.0 (Windows NT 6.1; WOW64; Trident/7.0; rv:11.0) like Gecko"
93.83.181.50 - - [19/Apr/2016:16:57:17 +0200] "GET /entry.php?id=10271&&ser=77776 HTTP/1.1" 200 987 "http://ed.activities.at/entry.php?id=10271&&ser=77716" "Mozilla/5.0 (Windows NT 6.1; WOW64) AppleWebKit/537.36 (KHTML, like Gecko) Chrome/49.0.2623.112 Safari/537.36"
93.83.181.50 - - [19/Apr/2016:16:57:17 +0200] "GET /gui/javascript/form_form.js?1461077837 HTTP/1.1" 200 16206 "http://ed.activities.at/entry.php?id=10271&&ser=77776" "Mozilla/5.0 (Windows NT 6.1; WOW64) AppleWebKit/537.36 (KHTML, like Gecko) Chrome/49.0.2623.112 Safari/537.36"
93.83.181.50 - - [19/Apr/2016:16:58:18 +0200] "GET /entry.php?id=10271&&ser=77837 HTTP/1.1" 200 987 "http://ed.activities.at/entry.php?id=10271&&ser=77776" "Mozilla/5.0 (Windows NT 6.1; WOW64) AppleWebKit/537.36 (KHTML, like Gecko) Chrome/49.0.2623.112 Safari/537.36"
93.83.181.50 - - [19/Apr/2016:16:58:18 +0200] "GET /gui/javascript/form_form.js?1461077898 HTTP/1.1" 200 16206 "http://ed.activities.at/entry.php?id=10271&&ser=77837" "Mozilla/5.0 (Windows NT 6.1; WOW64) AppleWebKit/537.36 (KHTML, like Gecko) Chrome/49.0.2623.112 Safari/537.36"
93.83.181.50 - - [19/Apr/2016:16:59:19 +0200] "GET /entry.php?id=10271&&ser=77898 HTTP/1.1" 200 987 "http://ed.activities.at/entry.php?id=10271&&ser=77837" "Mozilla/5.0 (Windows NT 6.1; WOW64) AppleWebKit/537.36 (KHTML, like Gecko) Chrome/49.0.2623.112 Safari/537.36"
93.83.181.50 - - [19/Apr/2016:16:59:19 +0200] "GET /gui/javascript/form_form.js?1461077959 HTTP/1.1" 200 16206 "http://ed.activities.at/entry.php?id=10271&&ser=77898" "Mozilla/5.0 (Windows NT 6.1; WOW64) AppleWebKit/537.36 (KHTML, like Gecko) Chrome/49.0.2623.112 Safari/537.36"
213.86.241.133 - - [19/Apr/2016:16:59:33 +0200] "POST /entry.php?id=10287& HTTP/1.1" 200 2382 "http://easydrivers.activities.at/entry.php?id=10287" "Mozilla/5.0 (Windows NT 6.1; WOW64; Trident/7.0; rv:11.0) like Gecko"
213.86.241.133 - - [19/Apr/2016:16:59:34 +0200] "GET /gui/javascript/form_form.js?1461077974 HTTP/1.1" 200 16206 "http://easydrivers.activities.at/entry.php?id=10287&" "Mozilla/5.0 (Windows NT 6.1; WOW64; Trident/7.0; rv:11.0) like Gecko"
93.83.181.50 - - [19/Apr/2016:17:00:20 +0200] "GET /entry.php?id=10271&&ser=77959 HTTP/1.1" 200 986 "http://ed.activities.at/entry.php?id=10271&&ser=77898" "Mozilla/5.0 (Windows NT 6.1; WOW64) AppleWebKit/537.36 (KHTML, like Gecko) Chrome/49.0.2623.112 Safari/537.36"
93.83.181.50 - - [19/Apr/2016:17:00:20 +0200] "GET /gui/javascript/form_form.js?1461078020 HTTP/1.1" 200 16206 "http://ed.activities.at/entry.php?id=10271&&ser=77959" "Mozilla/5.0 (Windows NT 6.1; WOW64) AppleWebKit/537.36 (KHTML, like Gecko) Chrome/49.0.2623.112 Safari/537.36"
93.83.181.50 - - [19/Apr/2016:17:01:20 +0200] "GET /entry.php?id=10271&&ser=78020 HTTP/1.1" 200 987 "http://ed.activities.at/entry.php?id=10271&&ser=77959" "Mozilla/5.0 (Windows NT 6.1; WOW64) AppleWebKit/537.36 (KHTML, like Gecko) Chrome/49.0.2623.112 Safari/537.36"
93.83.181.50 - - [19/Apr/2016:17:01:21 +0200] "GET /gui/javascript/form_form.js?1461078080 HTTP/1.1" 200 16206 "http://ed.activities.at/entry.php?id=10271&&ser=78020" "Mozilla/5.0 (Windows NT 6.1; WOW64) AppleWebKit/537.36 (KHTML, like Gecko) Chrome/49.0.2623.112 Safari/537.36"
