213.163.226.237 - - [02/May/2016:10:20:26 +0200] "GET /entry.php?id=10271&&ser=177165 HTTP/1.1" 200 987 "http://easydrivers.activities.at/entry.php?id=10271&&ser=177104" "Mozilla/5.0 (Windows NT 10.0; WOW64) AppleWebKit/537.36 (KHTML, like Gecko) Chrome/49.0.2623.112 Safari/537.36"
213.163.226.237 - - [02/May/2016:10:20:26 +0200] "GET /gui/javascript/form_form.js?1462177226 HTTP/1.1" 200 16206 "http://easydrivers.activities.at/entry.php?id=10271&&ser=177165" "Mozilla/5.0 (Windows NT 10.0; WOW64) AppleWebKit/537.36 (KHTML, like Gecko) Chrome/49.0.2623.112 Safari/537.36"
213.208.136.109 - - [02/May/2016:10:20:31 +0200] "GET /test.php HTTP/1.1" 200 10632 "-" "Mozilla/5.0 (Windows NT 5.1) AppleWebKit/537.36 (KHTML, like Gecko) Chrome/49.0.2623.112 Safari/537.36"
213.208.136.109 - - [02/May/2016:10:20:31 +0200] "GET /test.php?=PHPE9568F34-D428-11d2-A769-00AA001ACF42 HTTP/1.1" 200 2547 "http://ed.activities.at/test.php" "Mozilla/5.0 (Windows NT 5.1) AppleWebKit/537.36 (KHTML, like Gecko) Chrome/49.0.2623.112 Safari/537.36"
213.208.136.109 - - [02/May/2016:10:20:31 +0200] "GET /test.php?=PHPE9568F35-D428-11d2-A769-00AA001ACF42 HTTP/1.1" 200 2169 "http://ed.activities.at/test.php" "Mozilla/5.0 (Windows NT 5.1) AppleWebKit/537.36 (KHTML, like Gecko) Chrome/49.0.2623.112 Safari/537.36"
213.208.136.109 - - [02/May/2016:10:20:31 +0200] "GET /test.php?=SUHO8567F54-D428-14d2-A769-00DA302A5F18 HTTP/1.1" 200 2794 "http://ed.activities.at/test.php" "Mozilla/5.0 (Windows NT 5.1) AppleWebKit/537.36 (KHTML, like Gecko) Chrome/49.0.2623.112 Safari/537.36"
213.208.136.109 - - [02/May/2016:10:20:31 +0200] "GET /favicon.ico HTTP/1.1" 404 287 "http://ed.activities.at/test.php" "Mozilla/5.0 (Windows NT 5.1) AppleWebKit/537.36 (KHTML, like Gecko) Chrome/49.0.2623.112 Safari/537.36"
213.86.241.133 - - [02/May/2016:10:21:15 +0200] "GET / HTTP/1.1" 200 382 "-" "Mozilla/5.0 (Windows NT 6.1; WOW64; Trident/7.0; rv:11.0) like Gecko"
213.86.241.133 - - [02/May/2016:10:21:16 +0200] "GET /layout.php HTTP/1.1" 200 916 "-" "Mozilla/5.0 (Windows NT 6.1; WOW64; Trident/7.0; rv:11.0) like Gecko"
213.86.241.133 - - [02/May/2016:10:21:16 +0200] "GET /gui/javascript/form_form.js HTTP/1.1" 304 - "http://easydrivers.activities.at/layout.php" "Mozilla/5.0 (Windows NT 6.1; WOW64; Trident/7.0; rv:11.0) like Gecko"
213.86.241.133 - - [02/May/2016:10:21:16 +0200] "GET /entry.php?id=10270 HTTP/1.1" 200 909 "http://easydrivers.activities.at/layout.php" "Mozilla/5.0 (Windows NT 6.1; WOW64; Trident/7.0; rv:11.0) like Gecko"
213.86.241.133 - - [02/May/2016:10:21:16 +0200] "GET /entry.php?id=10272 HTTP/1.1" 200 1189 "http://easydrivers.activities.at/layout.php" "Mozilla/5.0 (Windows NT 6.1; WOW64; Trident/7.0; rv:11.0) like Gecko"
213.86.241.133 - - [02/May/2016:10:21:16 +0200] "GET /entry.php?id=10273 HTTP/1.1" 200 1934 "http://easydrivers.activities.at/layout.php" "Mozilla/5.0 (Windows NT 6.1; WOW64; Trident/7.0; rv:11.0) like Gecko"
213.86.241.133 - - [02/May/2016:10:21:16 +0200] "GET /entry.php?id=11412 HTTP/1.1" 200 1759 "http://easydrivers.activities.at/layout.php" "Mozilla/5.0 (Windows NT 6.1; WOW64; Trident/7.0; rv:11.0) like Gecko"
213.86.241.133 - - [02/May/2016:10:21:16 +0200] "GET /gui/javascript/form_form.js?1462177276 HTTP/1.1" 200 16206 "http://easydrivers.activities.at/entry.php?id=10270" "Mozilla/5.0 (Windows NT 6.1; WOW64; Trident/7.0; rv:11.0) like Gecko"
213.86.241.133 - - [02/May/2016:10:21:16 +0200] "GET /entry.php?id=10271&UIN=11cb8dfa0f43fde20915bb14e4b226e1 HTTP/1.1" 200 935 "http://easydrivers.activities.at/entry.php?id=10272" "Mozilla/5.0 (Windows NT 6.1; WOW64; Trident/7.0; rv:11.0) like Gecko"
213.86.241.133 - - [02/May/2016:10:21:17 +0200] "GET /gui/javascript/form_form.js?1462177277 HTTP/1.1" 200 16206 "http://easydrivers.activities.at/entry.php?id=10271&UIN=11cb8dfa0f43fde20915bb14e4b226e1" "Mozilla/5.0 (Windows NT 6.1; WOW64; Trident/7.0; rv:11.0) like Gecko"
213.86.241.133 - - [02/May/2016:10:21:17 +0200] "GET /entry.php?id=10287 HTTP/1.1" 200 2412 "http://easydrivers.activities.at/entry.php?id=11412" "Mozilla/5.0 (Windows NT 6.1; WOW64; Trident/7.0; rv:11.0) like Gecko"
213.86.241.133 - - [02/May/2016:10:21:17 +0200] "GET /entry.php?id=10273& HTTP/1.1" 200 1903 "http://easydrivers.activities.at/entry.php?id=10287" "Mozilla/5.0 (Windows NT 6.1; WOW64; Trident/7.0; rv:11.0) like Gecko"
213.86.241.133 - - [02/May/2016:10:21:17 +0200] "GET /entry.php?id=10270& HTTP/1.1" 200 909 "http://easydrivers.activities.at/entry.php?id=10287" "Mozilla/5.0 (Windows NT 6.1; WOW64; Trident/7.0; rv:11.0) like Gecko"
213.163.226.237 - - [02/May/2016:10:21:27 +0200] "GET /entry.php?id=10271&&ser=177226 HTTP/1.1" 200 987 "http://easydrivers.activities.at/entry.php?id=10271&&ser=177165" "Mozilla/5.0 (Windows NT 10.0; WOW64) AppleWebKit/537.36 (KHTML, like Gecko) Chrome/49.0.2623.112 Safari/537.36"
213.163.226.237 - - [02/May/2016:10:21:27 +0200] "GET /gui/javascript/form_form.js?1462177287 HTTP/1.1" 200 16206 "http://easydrivers.activities.at/entry.php?id=10271&&ser=177226" "Mozilla/5.0 (Windows NT 10.0; WOW64) AppleWebKit/537.36 (KHTML, like Gecko) Chrome/49.0.2623.112 Safari/537.36"
213.86.241.133 - - [02/May/2016:10:21:28 +0200] "POST /entry.php?id=10287& HTTP/1.1" 200 1988 "http://easydrivers.activities.at/entry.php?id=10287" "Mozilla/5.0 (Windows NT 6.1; WOW64; Trident/7.0; rv:11.0) like Gecko"
213.86.241.133 - - [02/May/2016:10:21:29 +0200] "GET /gui/javascript/form_form.js?1462177289 HTTP/1.1" 200 16206 "http://easydrivers.activities.at/entry.php?id=10287&" "Mozilla/5.0 (Windows NT 6.1; WOW64; Trident/7.0; rv:11.0) like Gecko"
213.86.241.133 - - [02/May/2016:10:21:29 +0200] "GET /entry.php?id=10271&UIN=11cb8dfa0f43fde20915bb14e4b226e1 HTTP/1.1" 200 989 "http://easydrivers.activities.at/entry.php?id=10272" "Mozilla/5.0 (Windows NT 6.1; WOW64; Trident/7.0; rv:11.0) like Gecko"
213.86.241.133 - - [02/May/2016:10:21:29 +0200] "GET /entry.php?id=10273& HTTP/1.1" 200 2011 "http://easydrivers.activities.at/entry.php?id=10287&" "Mozilla/5.0 (Windows NT 6.1; WOW64; Trident/7.0; rv:11.0) like Gecko"
213.86.241.133 - - [02/May/2016:10:21:30 +0200] "GET /gui/javascript/jquery/css/gui-themes/ui.spinner.css HTTP/1.1" 304 - "http://easydrivers.activities.at/entry.php?id=10271&UIN=11cb8dfa0f43fde20915bb14e4b226e1" "Mozilla/5.0 (Windows NT 6.1; WOW64; Trident/7.0; rv:11.0) like Gecko"
213.86.241.133 - - [02/May/2016:10:21:30 +0200] "GET /gui/javascript/jquery/css/gui-themes/custom.min.css HTTP/1.1" 304 - "http://easydrivers.activities.at/entry.php?id=10271&UIN=11cb8dfa0f43fde20915bb14e4b226e1" "Mozilla/5.0 (Windows NT 6.1; WOW64; Trident/7.0; rv:11.0) like Gecko"
213.86.241.133 - - [02/May/2016:10:21:30 +0200] "GET /gui/javascript/jquery/css/gui-themes/jquery.tooltip.css HTTP/1.1" 304 - "http://easydrivers.activities.at/entry.php?id=10271&UIN=11cb8dfa0f43fde20915bb14e4b226e1" "Mozilla/5.0 (Windows NT 6.1; WOW64; Trident/7.0; rv:11.0) like Gecko"
213.86.241.133 - - [02/May/2016:10:21:30 +0200] "GET /gui/styles/tmplDefault.css HTTP/1.1" 304 - "http://easydrivers.activities.at/entry.php?id=10271&UIN=11cb8dfa0f43fde20915bb14e4b226e1" "Mozilla/5.0 (Windows NT 6.1; WOW64; Trident/7.0; rv:11.0) like Gecko"
213.86.241.133 - - [02/May/2016:10:21:30 +0200] "GET /gui/javascript/jquery/jquery-tooltip/jquery.tooltip.min.js HTTP/1.1" 304 - "http://easydrivers.activities.at/entry.php?id=10271&UIN=11cb8dfa0f43fde20915bb14e4b226e1" "Mozilla/5.0 (Windows NT 6.1; WOW64; Trident/7.0; rv:11.0) like Gecko"
213.86.241.133 - - [02/May/2016:10:21:30 +0200] "GET /gui/javascript/jquery/js/jquery-1.8.2.js HTTP/1.1" 304 - "http://easydrivers.activities.at/entry.php?id=10271&UIN=11cb8dfa0f43fde20915bb14e4b226e1" "Mozilla/5.0 (Windows NT 6.1; WOW64; Trident/7.0; rv:11.0) like Gecko"
213.86.241.133 - - [02/May/2016:10:21:30 +0200] "GET /gui/javascript/jquery/js/jquery-ui-1.9.0.custom.min.js HTTP/1.1" 304 - "http://easydrivers.activities.at/entry.php?id=10271&UIN=11cb8dfa0f43fde20915bb14e4b226e1" "Mozilla/5.0 (Windows NT 6.1; WOW64; Trident/7.0; rv:11.0) like Gecko"
213.86.241.133 - - [02/May/2016:10:21:30 +0200] "GET /gui/javascript/form_form.js?1462177290 HTTP/1.1" 200 16206 "http://easydrivers.activities.at/entry.php?id=10271&UIN=11cb8dfa0f43fde20915bb14e4b226e1" "Mozilla/5.0 (Windows NT 6.1; WOW64; Trident/7.0; rv:11.0) like Gecko"
213.86.241.133 - - [02/May/2016:10:21:30 +0200] "GET /gui/javascript/form_form.js?1462177290 HTTP/1.1" 200 16206 "http://easydrivers.activities.at/entry.php?id=10273&" "Mozilla/5.0 (Windows NT 6.1; WOW64; Trident/7.0; rv:11.0) like Gecko"
213.86.241.133 - - [02/May/2016:10:21:30 +0200] "GET /framework/webfx/style/toolbar/images/cbback.gif HTTP/1.1" 404 319 "http://easydrivers.activities.at/entry.php?id=10273&" "Mozilla/5.0 (Windows NT 6.1; WOW64; Trident/7.0; rv:11.0) like Gecko"
213.86.241.133 - - [02/May/2016:10:21:30 +0200] "GET /entry.php?id=10270&__app__=10006038 HTTP/1.1" 200 1649 "http://easydrivers.activities.at/entry.php?id=10273&" "Mozilla/5.0 (Windows NT 6.1; WOW64; Trident/7.0; rv:11.0) like Gecko"
213.86.241.133 - - [02/May/2016:10:21:31 +0200] "GET /undefined HTTP/1.1" 404 290 "http://easydrivers.activities.at/entry.php?id=10270&__app__=10006038" "Mozilla/5.0 (Windows NT 6.1; WOW64; Trident/7.0; rv:11.0) like Gecko"
213.86.241.133 - - [02/May/2016:10:21:34 +0200] "GET /entry.php?id=11679 HTTP/1.1" 200 312 "http://easydrivers.activities.at/entry.php?id=10270&__app__=10006038" "Mozilla/5.0 (Windows NT 6.1; WOW64; Trident/7.0; rv:11.0) like Gecko"
213.86.241.133 - - [02/May/2016:10:21:34 +0200] "GET /entry.php?id=11677& HTTP/1.1" 200 4359 "http://easydrivers.activities.at/entry.php?id=11679" "Mozilla/5.0 (Windows NT 6.1; WOW64; Trident/7.0; rv:11.0) like Gecko"
213.86.241.133 - - [02/May/2016:10:21:34 +0200] "GET /gui/javascript/jquery/js/jquery.friendurl.js HTTP/1.1" 304 - "http://easydrivers.activities.at/entry.php?id=11677&" "Mozilla/5.0 (Windows NT 6.1; WOW64; Trident/7.0; rv:11.0) like Gecko"
213.86.241.133 - - [02/May/2016:10:21:34 +0200] "GET /gui/javascript/form_form.js?1462177294 HTTP/1.1" 200 16206 "http://easydrivers.activities.at/entry.php?id=11677&" "Mozilla/5.0 (Windows NT 6.1; WOW64; Trident/7.0; rv:11.0) like Gecko"
213.86.241.133 - - [02/May/2016:10:21:34 +0200] "GET /entry.php?id=10676&title=Portal& HTTP/1.1" 200 1386 "http://easydrivers.activities.at/entry.php?id=11679" "Mozilla/5.0 (Windows NT 6.1; WOW64; Trident/7.0; rv:11.0) like Gecko"
213.86.241.133 - - [02/May/2016:10:21:34 +0200] "GET /entry.php?id=11678& HTTP/1.1" 200 3170 "http://easydrivers.activities.at/entry.php?id=11679" "Mozilla/5.0 (Windows NT 6.1; WOW64; Trident/7.0; rv:11.0) like Gecko"
213.86.241.133 - - [02/May/2016:10:21:35 +0200] "GET /activities/framework/KoolControls/KoolAjax/koolajax.php?8436e354c842500aba3cbaf0584c0c24 HTTP/1.1" 200 4079 "http://easydrivers.activities.at/entry.php?id=11678&" "Mozilla/5.0 (Windows NT 6.1; WOW64; Trident/7.0; rv:11.0) like Gecko"
213.86.241.133 - - [02/May/2016:10:21:35 +0200] "GET /gui/javascript/form_form.js?1462177295 HTTP/1.1" 200 16206 "http://easydrivers.activities.at/entry.php?id=11678&" "Mozilla/5.0 (Windows NT 6.1; WOW64; Trident/7.0; rv:11.0) like Gecko"
213.86.241.133 - - [02/May/2016:10:21:35 +0200] "GET /entry.php?id=11618&&object=&item=&emu_class= HTTP/1.1" 200 1694 "http://easydrivers.activities.at/entry.php?id=11677&" "Mozilla/5.0 (Windows NT 6.1; WOW64; Trident/7.0; rv:11.0) like Gecko"
213.86.241.133 - - [02/May/2016:10:21:35 +0200] "GET /activities/framework/KoolControls/KoolTreeView/kooltreeview.php?c7cd9180e88ffef8e70f13526bb4f5f7 HTTP/1.1" 200 5055 "http://easydrivers.activities.at/entry.php?id=11678&" "Mozilla/5.0 (Windows NT 6.1; WOW64; Trident/7.0; rv:11.0) like Gecko"
213.86.241.133 - - [02/May/2016:10:21:36 +0200] "POST /entry.php?id=11677 HTTP/1.1" 200 4386 "http://easydrivers.activities.at/entry.php?id=11677&" "Mozilla/5.0 (Windows NT 6.1; WOW64; Trident/7.0; rv:11.0) like Gecko"
213.86.241.133 - - [02/May/2016:10:21:36 +0200] "GET /gui/javascript/form_form.js?1462177296 HTTP/1.1" 200 16206 "http://easydrivers.activities.at/entry.php?id=11677" "Mozilla/5.0 (Windows NT 6.1; WOW64; Trident/7.0; rv:11.0) like Gecko"
213.86.241.133 - - [02/May/2016:10:21:36 +0200] "POST /entry.php?id=11677 HTTP/1.1" 200 4385 "http://easydrivers.activities.at/entry.php?id=11677" "Mozilla/5.0 (Windows NT 6.1; WOW64; Trident/7.0; rv:11.0) like Gecko"
213.86.241.133 - - [02/May/2016:10:21:37 +0200] "GET /gui/javascript/form_form.js?1462177297 HTTP/1.1" 200 16206 "http://easydrivers.activities.at/entry.php?id=11677" "Mozilla/5.0 (Windows NT 6.1; WOW64; Trident/7.0; rv:11.0) like Gecko"
213.86.241.133 - - [02/May/2016:10:21:39 +0200] "POST /entry.php?id=11677 HTTP/1.1" 200 3210 "http://easydrivers.activities.at/entry.php?id=11677" "Mozilla/5.0 (Windows NT 6.1; WOW64; Trident/7.0; rv:11.0) like Gecko"
213.86.241.133 - - [02/May/2016:10:21:40 +0200] "GET /gui/javascript/form_form.js?1462177299 HTTP/1.1" 200 16206 "http://easydrivers.activities.at/entry.php?id=11677" "Mozilla/5.0 (Windows NT 6.1; WOW64; Trident/7.0; rv:11.0) like Gecko"
213.86.241.133 - - [02/May/2016:10:21:40 +0200] "GET /entry.php?id=10778&form=11502&name=list& HTTP/1.1" 200 3833 "http://easydrivers.activities.at/entry.php?id=11677" "Mozilla/5.0 (Windows NT 6.1; WOW64; Trident/7.0; rv:11.0) like Gecko"
213.86.241.133 - - [02/May/2016:10:21:40 +0200] "GET /entry.php?id=10776&form=11502&name=list& HTTP/1.1" 200 1475 "http://easydrivers.activities.at/entry.php?id=11677" "Mozilla/5.0 (Windows NT 6.1; WOW64; Trident/7.0; rv:11.0) like Gecko"
213.86.241.133 - - [02/May/2016:10:21:43 +0200] "GET /entry.php?id=11685&object=10230522&site=10201431&item=10221997 HTTP/1.1" 200 3609 "http://easydrivers.activities.at/entry.php?id=11412" "Mozilla/5.0 (Windows NT 6.1; WOW64; Trident/7.0; rv:11.0) like Gecko"
213.86.241.133 - - [02/May/2016:10:21:44 +0200] "GET /gui/javascript/form_form.js?1462177303 HTTP/1.1" 200 16206 "http://easydrivers.activities.at/entry.php?id=11685&object=10230522&site=10201431&item=10221997" "Mozilla/5.0 (Windows NT 6.1; WOW64; Trident/7.0; rv:11.0) like Gecko"
213.163.226.237 - - [02/May/2016:10:22:27 +0200] "GET /entry.php?id=10271&&ser=177287 HTTP/1.1" 200 987 "http://easydrivers.activities.at/entry.php?id=10271&&ser=177226" "Mozilla/5.0 (Windows NT 10.0; WOW64) AppleWebKit/537.36 (KHTML, like Gecko) Chrome/49.0.2623.112 Safari/537.36"
213.163.226.237 - - [02/May/2016:10:22:28 +0200] "GET /gui/javascript/form_form.js?1462177347 HTTP/1.1" 200 16206 "http://easydrivers.activities.at/entry.php?id=10271&&ser=177287" "Mozilla/5.0 (Windows NT 10.0; WOW64) AppleWebKit/537.36 (KHTML, like Gecko) Chrome/49.0.2623.112 Safari/537.36"
213.86.241.133 - - [02/May/2016:10:22:30 +0200] "GET /entry.php?id=10271&&ser=177289 HTTP/1.1" 200 987 "http://easydrivers.activities.at/entry.php?id=10271&UIN=11cb8dfa0f43fde20915bb14e4b226e1" "Mozilla/5.0 (Windows NT 6.1; WOW64; Trident/7.0; rv:11.0) like Gecko"
213.86.241.133 - - [02/May/2016:10:22:30 +0200] "GET /gui/javascript/form_form.js?1462177350 HTTP/1.1" 200 16206 "http://easydrivers.activities.at/entry.php?id=10271&&ser=177289" "Mozilla/5.0 (Windows NT 6.1; WOW64; Trident/7.0; rv:11.0) like Gecko"
213.86.241.133 - - [02/May/2016:10:23:07 +0200] "POST /entry.php?id=11685 HTTP/1.1" 200 3695 "http://easydrivers.activities.at/entry.php?id=11685&object=10230522&site=10201431&item=10221997" "Mozilla/5.0 (Windows NT 6.1; WOW64; Trident/7.0; rv:11.0) like Gecko"
213.86.241.133 - - [02/May/2016:10:23:08 +0200] "GET /gui/javascript/form_form.js?1462177388 HTTP/1.1" 200 16206 "http://easydrivers.activities.at/entry.php?id=11685" "Mozilla/5.0 (Windows NT 6.1; WOW64; Trident/7.0; rv:11.0) like Gecko"
213.163.226.237 - - [02/May/2016:10:23:28 +0200] "GET /entry.php?id=10271&&ser=177347 HTTP/1.1" 200 987 "http://easydrivers.activities.at/entry.php?id=10271&&ser=177287" "Mozilla/5.0 (Windows NT 10.0; WOW64) AppleWebKit/537.36 (KHTML, like Gecko) Chrome/49.0.2623.112 Safari/537.36"
213.163.226.237 - - [02/May/2016:10:23:29 +0200] "GET /gui/javascript/form_form.js?1462177408 HTTP/1.1" 200 16206 "http://easydrivers.activities.at/entry.php?id=10271&&ser=177347" "Mozilla/5.0 (Windows NT 10.0; WOW64) AppleWebKit/537.36 (KHTML, like Gecko) Chrome/49.0.2623.112 Safari/537.36"
213.86.241.133 - - [02/May/2016:10:23:31 +0200] "GET /entry.php?id=10271&&ser=177350 HTTP/1.1" 200 987 "http://easydrivers.activities.at/entry.php?id=10271&&ser=177289" "Mozilla/5.0 (Windows NT 6.1; WOW64; Trident/7.0; rv:11.0) like Gecko"
213.86.241.133 - - [02/May/2016:10:23:31 +0200] "GET /gui/javascript/form_form.js?1462177411 HTTP/1.1" 200 16206 "http://easydrivers.activities.at/entry.php?id=10271&&ser=177350" "Mozilla/5.0 (Windows NT 6.1; WOW64; Trident/7.0; rv:11.0) like Gecko"
213.163.226.237 - - [02/May/2016:10:24:29 +0200] "GET /entry.php?id=10271&&ser=177408 HTTP/1.1" 200 987 "http://easydrivers.activities.at/entry.php?id=10271&&ser=177347" "Mozilla/5.0 (Windows NT 10.0; WOW64) AppleWebKit/537.36 (KHTML, like Gecko) Chrome/49.0.2623.112 Safari/537.36"
213.163.226.237 - - [02/May/2016:10:24:30 +0200] "GET /gui/javascript/form_form.js?1462177469 HTTP/1.1" 200 16206 "http://easydrivers.activities.at/entry.php?id=10271&&ser=177408" "Mozilla/5.0 (Windows NT 10.0; WOW64) AppleWebKit/537.36 (KHTML, like Gecko) Chrome/49.0.2623.112 Safari/537.36"
213.86.241.133 - - [02/May/2016:10:24:31 +0200] "GET /entry.php?id=10271&&ser=177411 HTTP/1.1" 200 987 "http://easydrivers.activities.at/entry.php?id=10271&&ser=177350" "Mozilla/5.0 (Windows NT 6.1; WOW64; Trident/7.0; rv:11.0) like Gecko"
213.86.241.133 - - [02/May/2016:10:24:32 +0200] "GET /gui/javascript/form_form.js?1462177472 HTTP/1.1" 200 16206 "http://easydrivers.activities.at/entry.php?id=10271&&ser=177411" "Mozilla/5.0 (Windows NT 6.1; WOW64; Trident/7.0; rv:11.0) like Gecko"
213.163.226.237 - - [02/May/2016:10:25:30 +0200] "GET /entry.php?id=10271&&ser=177469 HTTP/1.1" 200 987 "http://easydrivers.activities.at/entry.php?id=10271&&ser=177408" "Mozilla/5.0 (Windows NT 10.0; WOW64) AppleWebKit/537.36 (KHTML, like Gecko) Chrome/49.0.2623.112 Safari/537.36"
213.163.226.237 - - [02/May/2016:10:25:30 +0200] "GET /gui/javascript/form_form.js?1462177530 HTTP/1.1" 200 16206 "http://easydrivers.activities.at/entry.php?id=10271&&ser=177469" "Mozilla/5.0 (Windows NT 10.0; WOW64) AppleWebKit/537.36 (KHTML, like Gecko) Chrome/49.0.2623.112 Safari/537.36"
213.86.241.133 - - [02/May/2016:10:25:32 +0200] "GET /entry.php?id=10271&&ser=177472 HTTP/1.1" 200 987 "http://easydrivers.activities.at/entry.php?id=10271&&ser=177411" "Mozilla/5.0 (Windows NT 6.1; WOW64; Trident/7.0; rv:11.0) like Gecko"
213.86.241.133 - - [02/May/2016:10:25:33 +0200] "GET /gui/javascript/form_form.js?1462177533 HTTP/1.1" 200 16206 "http://easydrivers.activities.at/entry.php?id=10271&&ser=177472" "Mozilla/5.0 (Windows NT 6.1; WOW64; Trident/7.0; rv:11.0) like Gecko"
213.163.226.237 - - [02/May/2016:10:26:31 +0200] "GET /entry.php?id=10271&&ser=177530 HTTP/1.1" 200 987 "http://easydrivers.activities.at/entry.php?id=10271&&ser=177469" "Mozilla/5.0 (Windows NT 10.0; WOW64) AppleWebKit/537.36 (KHTML, like Gecko) Chrome/49.0.2623.112 Safari/537.36"
213.163.226.237 - - [02/May/2016:10:26:31 +0200] "GET /gui/javascript/form_form.js?1462177591 HTTP/1.1" 200 16206 "http://easydrivers.activities.at/entry.php?id=10271&&ser=177530" "Mozilla/5.0 (Windows NT 10.0; WOW64) AppleWebKit/537.36 (KHTML, like Gecko) Chrome/49.0.2623.112 Safari/537.36"
213.86.241.133 - - [02/May/2016:10:26:33 +0200] "GET /entry.php?id=10271&&ser=177533 HTTP/1.1" 200 987 "http://easydrivers.activities.at/entry.php?id=10271&&ser=177472" "Mozilla/5.0 (Windows NT 6.1; WOW64; Trident/7.0; rv:11.0) like Gecko"
213.86.241.133 - - [02/May/2016:10:26:34 +0200] "GET /gui/javascript/form_form.js?1462177593 HTTP/1.1" 200 16206 "http://easydrivers.activities.at/entry.php?id=10271&&ser=177533" "Mozilla/5.0 (Windows NT 6.1; WOW64; Trident/7.0; rv:11.0) like Gecko"
213.163.226.237 - - [02/May/2016:10:27:32 +0200] "GET /entry.php?id=10271&&ser=177591 HTTP/1.1" 200 987 "http://easydrivers.activities.at/entry.php?id=10271&&ser=177530" "Mozilla/5.0 (Windows NT 10.0; WOW64) AppleWebKit/537.36 (KHTML, like Gecko) Chrome/49.0.2623.112 Safari/537.36"
213.163.226.237 - - [02/May/2016:10:27:32 +0200] "GET /gui/javascript/form_form.js?1462177652 HTTP/1.1" 200 16206 "http://easydrivers.activities.at/entry.php?id=10271&&ser=177591" "Mozilla/5.0 (Windows NT 10.0; WOW64) AppleWebKit/537.36 (KHTML, like Gecko) Chrome/49.0.2623.112 Safari/537.36"
213.86.241.133 - - [02/May/2016:10:27:34 +0200] "GET /entry.php?id=10271&&ser=177593 HTTP/1.1" 200 987 "http://easydrivers.activities.at/entry.php?id=10271&&ser=177533" "Mozilla/5.0 (Windows NT 6.1; WOW64; Trident/7.0; rv:11.0) like Gecko"
213.86.241.133 - - [02/May/2016:10:27:34 +0200] "GET /gui/javascript/form_form.js?1462177654 HTTP/1.1" 200 16206 "http://easydrivers.activities.at/entry.php?id=10271&&ser=177593" "Mozilla/5.0 (Windows NT 6.1; WOW64; Trident/7.0; rv:11.0) like Gecko"
213.163.226.237 - - [02/May/2016:10:28:32 +0200] "GET /entry.php?id=10271&&ser=177652 HTTP/1.1" 200 988 "http://easydrivers.activities.at/entry.php?id=10271&&ser=177591" "Mozilla/5.0 (Windows NT 10.0; WOW64) AppleWebKit/537.36 (KHTML, like Gecko) Chrome/49.0.2623.112 Safari/537.36"
213.163.226.237 - - [02/May/2016:10:28:33 +0200] "GET /gui/javascript/form_form.js?1462177712 HTTP/1.1" 200 16206 "http://easydrivers.activities.at/entry.php?id=10271&&ser=177652" "Mozilla/5.0 (Windows NT 10.0; WOW64) AppleWebKit/537.36 (KHTML, like Gecko) Chrome/49.0.2623.112 Safari/537.36"
213.86.241.133 - - [02/May/2016:10:28:34 +0200] "GET /entry.php?id=10271&&ser=177654 HTTP/1.1" 200 987 "http://easydrivers.activities.at/entry.php?id=10271&&ser=177593" "Mozilla/5.0 (Windows NT 6.1; WOW64; Trident/7.0; rv:11.0) like Gecko"
213.86.241.133 - - [02/May/2016:10:28:35 +0200] "GET /gui/javascript/form_form.js?1462177715 HTTP/1.1" 200 16206 "http://easydrivers.activities.at/entry.php?id=10271&&ser=177654" "Mozilla/5.0 (Windows NT 6.1; WOW64; Trident/7.0; rv:11.0) like Gecko"
213.163.226.237 - - [02/May/2016:10:29:33 +0200] "GET /entry.php?id=10271&&ser=177712 HTTP/1.1" 200 986 "http://easydrivers.activities.at/entry.php?id=10271&&ser=177652" "Mozilla/5.0 (Windows NT 10.0; WOW64) AppleWebKit/537.36 (KHTML, like Gecko) Chrome/49.0.2623.112 Safari/537.36"
213.163.226.237 - - [02/May/2016:10:29:34 +0200] "GET /gui/javascript/form_form.js?1462177773 HTTP/1.1" 200 16206 "http://easydrivers.activities.at/entry.php?id=10271&&ser=177712" "Mozilla/5.0 (Windows NT 10.0; WOW64) AppleWebKit/537.36 (KHTML, like Gecko) Chrome/49.0.2623.112 Safari/537.36"
213.86.241.133 - - [02/May/2016:10:29:35 +0200] "GET /entry.php?id=10271&&ser=177715 HTTP/1.1" 200 987 "http://easydrivers.activities.at/entry.php?id=10271&&ser=177654" "Mozilla/5.0 (Windows NT 6.1; WOW64; Trident/7.0; rv:11.0) like Gecko"
213.86.241.133 - - [02/May/2016:10:29:36 +0200] "GET /gui/javascript/form_form.js?1462177776 HTTP/1.1" 200 16206 "http://easydrivers.activities.at/entry.php?id=10271&&ser=177715" "Mozilla/5.0 (Windows NT 6.1; WOW64; Trident/7.0; rv:11.0) like Gecko"
213.86.241.133 - - [02/May/2016:10:30:25 +0200] "GET /entry.php?id=11686&object=10230522&site=10201431 HTTP/1.1" 200 1737 "http://easydrivers.activities.at/entry.php?id=11412" "Mozilla/5.0 (Windows NT 6.1; WOW64; Trident/7.0; rv:11.0) like Gecko"
213.86.241.133 - - [02/May/2016:10:30:25 +0200] "GET /gui/javascript/form_form.js?1462177825 HTTP/1.1" 200 16206 "http://easydrivers.activities.at/entry.php?id=11686&object=10230522&site=10201431" "Mozilla/5.0 (Windows NT 6.1; WOW64; Trident/7.0; rv:11.0) like Gecko"
213.163.226.237 - - [02/May/2016:10:30:34 +0200] "GET /entry.php?id=10271&&ser=177773 HTTP/1.1" 200 987 "http://easydrivers.activities.at/entry.php?id=10271&&ser=177712" "Mozilla/5.0 (Windows NT 10.0; WOW64) AppleWebKit/537.36 (KHTML, like Gecko) Chrome/49.0.2623.112 Safari/537.36"
213.163.226.237 - - [02/May/2016:10:30:34 +0200] "GET /gui/javascript/form_form.js?1462177834 HTTP/1.1" 200 16206 "http://easydrivers.activities.at/entry.php?id=10271&&ser=177773" "Mozilla/5.0 (Windows NT 10.0; WOW64) AppleWebKit/537.36 (KHTML, like Gecko) Chrome/49.0.2623.112 Safari/537.36"
213.86.241.133 - - [02/May/2016:10:30:36 +0200] "GET /entry.php?id=10271&&ser=177775 HTTP/1.1" 200 987 "http://easydrivers.activities.at/entry.php?id=10271&&ser=177715" "Mozilla/5.0 (Windows NT 6.1; WOW64; Trident/7.0; rv:11.0) like Gecko"
213.86.241.133 - - [02/May/2016:10:30:36 +0200] "GET /gui/javascript/form_form.js?1462177836 HTTP/1.1" 200 16206 "http://easydrivers.activities.at/entry.php?id=10271&&ser=177775" "Mozilla/5.0 (Windows NT 6.1; WOW64; Trident/7.0; rv:11.0) like Gecko"
213.86.241.133 - - [02/May/2016:10:30:40 +0200] "GET /entry.php?id=11685&object=10230522&site=10201431&item=10221997 HTTP/1.1" 200 3609 "http://easydrivers.activities.at/entry.php?id=11412" "Mozilla/5.0 (Windows NT 6.1; WOW64; Trident/7.0; rv:11.0) like Gecko"
213.86.241.133 - - [02/May/2016:10:30:40 +0200] "GET /gui/javascript/form_form.js?1462177840 HTTP/1.1" 200 16206 "http://easydrivers.activities.at/entry.php?id=11685&object=10230522&site=10201431&item=10221997" "Mozilla/5.0 (Windows NT 6.1; WOW64; Trident/7.0; rv:11.0) like Gecko"
213.86.241.133 - - [02/May/2016:10:31:22 +0200] "POST /entry.php?id=11677 HTTP/1.1" 200 4617 "http://easydrivers.activities.at/entry.php?id=11677" "Mozilla/5.0 (Windows NT 6.1; WOW64; Trident/7.0; rv:11.0) like Gecko"
213.86.241.133 - - [02/May/2016:10:31:22 +0200] "GET /gui/images/icons/information.gif HTTP/1.1" 200 1025 "http://easydrivers.activities.at/entry.php?id=11677" "Mozilla/5.0 (Windows NT 6.1; WOW64; Trident/7.0; rv:11.0) like Gecko"
213.86.241.133 - - [02/May/2016:10:31:22 +0200] "GET /gui/javascript/form_form.js?1462177882 HTTP/1.1" 200 16206 "http://easydrivers.activities.at/entry.php?id=11677" "Mozilla/5.0 (Windows NT 6.1; WOW64; Trident/7.0; rv:11.0) like Gecko"
213.86.241.133 - - [02/May/2016:10:31:27 +0200] "POST /entry.php?id=11677 HTTP/1.1" 200 4386 "http://easydrivers.activities.at/entry.php?id=11677" "Mozilla/5.0 (Windows NT 6.1; WOW64; Trident/7.0; rv:11.0) like Gecko"
213.86.241.133 - - [02/May/2016:10:31:28 +0200] "GET /gui/javascript/form_form.js?1462177887 HTTP/1.1" 200 16206 "http://easydrivers.activities.at/entry.php?id=11677" "Mozilla/5.0 (Windows NT 6.1; WOW64; Trident/7.0; rv:11.0) like Gecko"
213.86.241.133 - - [02/May/2016:10:31:33 +0200] "POST /entry.php?id=11678 HTTP/1.1" 200 3222 "http://easydrivers.activities.at/entry.php?id=11678&" "Mozilla/5.0 (Windows NT 6.1; WOW64; Trident/7.0; rv:11.0) like Gecko"
213.86.241.133 - - [02/May/2016:10:31:33 +0200] "GET /activities/framework/KoolControls/KoolAjax/koolajax.php?8436e354c842500aba3cbaf0584c0c24 HTTP/1.1" 200 4079 "http://easydrivers.activities.at/entry.php?id=11678" "Mozilla/5.0 (Windows NT 6.1; WOW64; Trident/7.0; rv:11.0) like Gecko"
213.86.241.133 - - [02/May/2016:10:31:33 +0200] "GET /gui/javascript/form_form.js?1462177893 HTTP/1.1" 200 16206 "http://easydrivers.activities.at/entry.php?id=11678" "Mozilla/5.0 (Windows NT 6.1; WOW64; Trident/7.0; rv:11.0) like Gecko"
213.86.241.133 - - [02/May/2016:10:31:33 +0200] "GET /activities/framework/KoolControls/KoolTreeView/kooltreeview.php?c7cd9180e88ffef8e70f13526bb4f5f7 HTTP/1.1" 200 5055 "http://easydrivers.activities.at/entry.php?id=11678" "Mozilla/5.0 (Windows NT 6.1; WOW64; Trident/7.0; rv:11.0) like Gecko"
213.86.241.133 - - [02/May/2016:10:31:34 +0200] "POST /entry.php?id=11677 HTTP/1.1" 200 4389 "http://easydrivers.activities.at/entry.php?id=11677" "Mozilla/5.0 (Windows NT 6.1; WOW64; Trident/7.0; rv:11.0) like Gecko"
213.86.241.133 - - [02/May/2016:10:31:35 +0200] "GET /gui/javascript/form_form.js?1462177895 HTTP/1.1" 200 16206 "http://easydrivers.activities.at/entry.php?id=11677" "Mozilla/5.0 (Windows NT 6.1; WOW64; Trident/7.0; rv:11.0) like Gecko"
213.163.226.237 - - [02/May/2016:10:31:35 +0200] "GET /entry.php?id=10271&&ser=177834 HTTP/1.1" 200 987 "http://easydrivers.activities.at/entry.php?id=10271&&ser=177773" "Mozilla/5.0 (Windows NT 10.0; WOW64) AppleWebKit/537.36 (KHTML, like Gecko) Chrome/49.0.2623.112 Safari/537.36"
213.163.226.237 - - [02/May/2016:10:31:35 +0200] "GET /gui/javascript/form_form.js?1462177895 HTTP/1.1" 200 16206 "http://easydrivers.activities.at/entry.php?id=10271&&ser=177834" "Mozilla/5.0 (Windows NT 10.0; WOW64) AppleWebKit/537.36 (KHTML, like Gecko) Chrome/49.0.2623.112 Safari/537.36"
213.86.241.133 - - [02/May/2016:10:31:36 +0200] "GET /entry.php?id=10271&&ser=177836 HTTP/1.1" 200 987 "http://easydrivers.activities.at/entry.php?id=10271&&ser=177775" "Mozilla/5.0 (Windows NT 6.1; WOW64; Trident/7.0; rv:11.0) like Gecko"
213.86.241.133 - - [02/May/2016:10:31:36 +0200] "GET /gui/javascript/form_form.js?1462177896 HTTP/1.1" 200 16206 "http://easydrivers.activities.at/entry.php?id=10271&&ser=177836" "Mozilla/5.0 (Windows NT 6.1; WOW64; Trident/7.0; rv:11.0) like Gecko"
213.86.241.133 - - [02/May/2016:10:32:12 +0200] "POST /entry.php?id=11677 HTTP/1.1" 200 3211 "http://easydrivers.activities.at/entry.php?id=11677" "Mozilla/5.0 (Windows NT 6.1; WOW64; Trident/7.0; rv:11.0) like Gecko"
213.86.241.133 - - [02/May/2016:10:32:12 +0200] "GET /gui/javascript/form_form.js?1462177932 HTTP/1.1" 200 16206 "http://easydrivers.activities.at/entry.php?id=11677" "Mozilla/5.0 (Windows NT 6.1; WOW64; Trident/7.0; rv:11.0) like Gecko"
213.86.241.133 - - [02/May/2016:10:32:12 +0200] "GET /entry.php?id=10776&form=11502&name=list& HTTP/1.1" 200 1475 "http://easydrivers.activities.at/entry.php?id=11677" "Mozilla/5.0 (Windows NT 6.1; WOW64; Trident/7.0; rv:11.0) like Gecko"
213.86.241.133 - - [02/May/2016:10:32:12 +0200] "GET /entry.php?id=10778&form=11502&name=list& HTTP/1.1" 200 3833 "http://easydrivers.activities.at/entry.php?id=11677" "Mozilla/5.0 (Windows NT 6.1; WOW64; Trident/7.0; rv:11.0) like Gecko"
213.86.241.133 - - [02/May/2016:10:32:14 +0200] "GET /entry.php?id=11685&object=10230522&site=10201431&item=10221997 HTTP/1.1" 200 3609 "http://easydrivers.activities.at/entry.php?id=11412" "Mozilla/5.0 (Windows NT 6.1; WOW64; Trident/7.0; rv:11.0) like Gecko"
213.86.241.133 - - [02/May/2016:10:32:15 +0200] "GET /gui/javascript/form_form.js?1462177935 HTTP/1.1" 200 16206 "http://easydrivers.activities.at/entry.php?id=11685&object=10230522&site=10201431&item=10221997" "Mozilla/5.0 (Windows NT 6.1; WOW64; Trident/7.0; rv:11.0) like Gecko"
213.163.226.237 - - [02/May/2016:10:32:35 +0200] "GET /entry.php?id=10271&&ser=177895 HTTP/1.1" 200 987 "http://easydrivers.activities.at/entry.php?id=10271&&ser=177834" "Mozilla/5.0 (Windows NT 10.0; WOW64) AppleWebKit/537.36 (KHTML, like Gecko) Chrome/49.0.2623.112 Safari/537.36"
213.163.226.237 - - [02/May/2016:10:32:36 +0200] "GET /gui/javascript/form_form.js?1462177956 HTTP/1.1" 200 16206 "http://easydrivers.activities.at/entry.php?id=10271&&ser=177895" "Mozilla/5.0 (Windows NT 10.0; WOW64) AppleWebKit/537.36 (KHTML, like Gecko) Chrome/49.0.2623.112 Safari/537.36"
213.86.241.133 - - [02/May/2016:10:32:36 +0200] "GET /entry.php?id=10271&&ser=177896 HTTP/1.1" 200 987 "http://easydrivers.activities.at/entry.php?id=10271&&ser=177836" "Mozilla/5.0 (Windows NT 6.1; WOW64; Trident/7.0; rv:11.0) like Gecko"
213.86.241.133 - - [02/May/2016:10:32:37 +0200] "GET /gui/javascript/form_form.js?1462177957 HTTP/1.1" 200 16206 "http://easydrivers.activities.at/entry.php?id=10271&&ser=177896" "Mozilla/5.0 (Windows NT 6.1; WOW64; Trident/7.0; rv:11.0) like Gecko"
213.86.241.133 - - [02/May/2016:10:32:50 +0200] "POST /entry.php?id=11685 HTTP/1.1" 200 3696 "http://easydrivers.activities.at/entry.php?id=11685&object=10230522&site=10201431&item=10221997" "Mozilla/5.0 (Windows NT 6.1; WOW64; Trident/7.0; rv:11.0) like Gecko"
213.86.241.133 - - [02/May/2016:10:32:50 +0200] "GET /gui/javascript/form_form.js?1462177970 HTTP/1.1" 200 16206 "http://easydrivers.activities.at/entry.php?id=11685" "Mozilla/5.0 (Windows NT 6.1; WOW64; Trident/7.0; rv:11.0) like Gecko"
213.86.241.133 - - [02/May/2016:10:33:17 +0200] "POST /entry.php?id=11677 HTTP/1.1" 200 4616 "http://easydrivers.activities.at/entry.php?id=11677" "Mozilla/5.0 (Windows NT 6.1; WOW64; Trident/7.0; rv:11.0) like Gecko"
213.86.241.133 - - [02/May/2016:10:33:17 +0200] "GET /gui/javascript/form_form.js?1462177997 HTTP/1.1" 200 16206 "http://easydrivers.activities.at/entry.php?id=11677" "Mozilla/5.0 (Windows NT 6.1; WOW64; Trident/7.0; rv:11.0) like Gecko"
213.86.241.133 - - [02/May/2016:10:33:19 +0200] "POST /entry.php?id=11677 HTTP/1.1" 200 4388 "http://easydrivers.activities.at/entry.php?id=11677" "Mozilla/5.0 (Windows NT 6.1; WOW64; Trident/7.0; rv:11.0) like Gecko"
213.86.241.133 - - [02/May/2016:10:33:19 +0200] "GET /gui/javascript/form_form.js?1462177999 HTTP/1.1" 200 16206 "http://easydrivers.activities.at/entry.php?id=11677" "Mozilla/5.0 (Windows NT 6.1; WOW64; Trident/7.0; rv:11.0) like Gecko"
213.86.241.133 - - [02/May/2016:10:33:21 +0200] "POST /entry.php?id=11678 HTTP/1.1" 200 3221 "http://easydrivers.activities.at/entry.php?id=11678" "Mozilla/5.0 (Windows NT 6.1; WOW64; Trident/7.0; rv:11.0) like Gecko"
213.86.241.133 - - [02/May/2016:10:33:22 +0200] "GET /activities/framework/KoolControls/KoolAjax/koolajax.php?8436e354c842500aba3cbaf0584c0c24 HTTP/1.1" 200 4079 "http://easydrivers.activities.at/entry.php?id=11678" "Mozilla/5.0 (Windows NT 6.1; WOW64; Trident/7.0; rv:11.0) like Gecko"
213.86.241.133 - - [02/May/2016:10:33:22 +0200] "GET /gui/javascript/form_form.js?1462178002 HTTP/1.1" 200 16206 "http://easydrivers.activities.at/entry.php?id=11678" "Mozilla/5.0 (Windows NT 6.1; WOW64; Trident/7.0; rv:11.0) like Gecko"
213.86.241.133 - - [02/May/2016:10:33:22 +0200] "GET /activities/framework/KoolControls/KoolTreeView/kooltreeview.php?c7cd9180e88ffef8e70f13526bb4f5f7 HTTP/1.1" 200 5055 "http://easydrivers.activities.at/entry.php?id=11678" "Mozilla/5.0 (Windows NT 6.1; WOW64; Trident/7.0; rv:11.0) like Gecko"
213.86.241.133 - - [02/May/2016:10:33:23 +0200] "POST /entry.php?id=11677 HTTP/1.1" 200 4390 "http://easydrivers.activities.at/entry.php?id=11677" "Mozilla/5.0 (Windows NT 6.1; WOW64; Trident/7.0; rv:11.0) like Gecko"
213.86.241.133 - - [02/May/2016:10:33:24 +0200] "GET /gui/javascript/form_form.js?1462178003 HTTP/1.1" 200 16206 "http://easydrivers.activities.at/entry.php?id=11677" "Mozilla/5.0 (Windows NT 6.1; WOW64; Trident/7.0; rv:11.0) like Gecko"
213.163.226.237 - - [02/May/2016:10:33:36 +0200] "GET /entry.php?id=10271&&ser=177956 HTTP/1.1" 200 987 "http://easydrivers.activities.at/entry.php?id=10271&&ser=177895" "Mozilla/5.0 (Windows NT 10.0; WOW64) AppleWebKit/537.36 (KHTML, like Gecko) Chrome/49.0.2623.112 Safari/537.36"
213.163.226.237 - - [02/May/2016:10:33:37 +0200] "GET /gui/javascript/form_form.js?1462178016 HTTP/1.1" 200 16206 "http://easydrivers.activities.at/entry.php?id=10271&&ser=177956" "Mozilla/5.0 (Windows NT 10.0; WOW64) AppleWebKit/537.36 (KHTML, like Gecko) Chrome/49.0.2623.112 Safari/537.36"
213.86.241.133 - - [02/May/2016:10:33:37 +0200] "GET /entry.php?id=10271&&ser=177957 HTTP/1.1" 200 987 "http://easydrivers.activities.at/entry.php?id=10271&&ser=177896" "Mozilla/5.0 (Windows NT 6.1; WOW64; Trident/7.0; rv:11.0) like Gecko"
213.86.241.133 - - [02/May/2016:10:33:37 +0200] "GET /gui/javascript/form_form.js?1462178017 HTTP/1.1" 200 16206 "http://easydrivers.activities.at/entry.php?id=10271&&ser=177957" "Mozilla/5.0 (Windows NT 6.1; WOW64; Trident/7.0; rv:11.0) like Gecko"
213.86.241.133 - - [02/May/2016:10:33:54 +0200] "GET /entry.php?id=11673 HTTP/1.1" 200 358 "http://easydrivers.activities.at/entry.php?id=10270&__app__=10006038" "Mozilla/5.0 (Windows NT 6.1; WOW64; Trident/7.0; rv:11.0) like Gecko"
213.86.241.133 - - [02/May/2016:10:33:55 +0200] "GET /entry.php?id=10676&&title=F\xfchrerscheinkurse HTTP/1.1" 200 1396 "http://easydrivers.activities.at/entry.php?id=11673" "Mozilla/5.0 (Windows NT 6.1; WOW64; Trident/7.0; rv:11.0) like Gecko"
213.86.241.133 - - [02/May/2016:10:33:55 +0200] "GET /gui/javascript/form_form.js?1462178035 HTTP/1.1" 200 16206 "http://easydrivers.activities.at/entry.php?id=10676&&title=F\xc3\xbchrerscheinkurse" "Mozilla/5.0 (Windows NT 6.1; WOW64; Trident/7.0; rv:11.0) like Gecko"
213.86.241.133 - - [02/May/2016:10:33:55 +0200] "GET /entry.php?id=11672& HTTP/1.1" 200 2692 "http://easydrivers.activities.at/entry.php?id=11673" "Mozilla/5.0 (Windows NT 6.1; WOW64; Trident/7.0; rv:11.0) like Gecko"
213.86.241.133 - - [02/May/2016:10:33:55 +0200] "GET /gui/javascript/form_ed_training_course.js HTTP/1.1" 304 - "http://easydrivers.activities.at/entry.php?id=11672&" "Mozilla/5.0 (Windows NT 6.1; WOW64; Trident/7.0; rv:11.0) like Gecko"
213.86.241.133 - - [02/May/2016:10:33:55 +0200] "GET /entry.php?id=11671& HTTP/1.1" 200 4534 "http://easydrivers.activities.at/entry.php?id=11673" "Mozilla/5.0 (Windows NT 6.1; WOW64; Trident/7.0; rv:11.0) like Gecko"
213.86.241.133 - - [02/May/2016:10:33:56 +0200] "GET /gui/javascript/form_form.js?1462178036 HTTP/1.1" 200 16206 "http://easydrivers.activities.at/entry.php?id=11671&" "Mozilla/5.0 (Windows NT 6.1; WOW64; Trident/7.0; rv:11.0) like Gecko"
213.86.241.133 - - [02/May/2016:10:33:55 +0200] "GET /entry.php?id=11694& HTTP/1.1" 200 3254 "http://easydrivers.activities.at/entry.php?id=11673" "Mozilla/5.0 (Windows NT 6.1; WOW64; Trident/7.0; rv:11.0) like Gecko"
213.86.241.133 - - [02/May/2016:10:33:56 +0200] "GET /activities/framework/KoolControls/KoolAjax/koolajax.php?8436e354c842500aba3cbaf0584c0c24 HTTP/1.1" 200 4079 "http://easydrivers.activities.at/entry.php?id=11694&" "Mozilla/5.0 (Windows NT 6.1; WOW64; Trident/7.0; rv:11.0) like Gecko"
213.86.241.133 - - [02/May/2016:10:33:56 +0200] "GET /activities/framework/KoolControls/KoolTreeView/kooltreeview.php?c7cd9180e88ffef8e70f13526bb4f5f7 HTTP/1.1" 200 5055 "http://easydrivers.activities.at/entry.php?id=11694&" "Mozilla/5.0 (Windows NT 6.1; WOW64; Trident/7.0; rv:11.0) like Gecko"
213.86.241.133 - - [02/May/2016:10:33:55 +0200] "GET /entry.php?id=10776&form=11497&name=list& HTTP/1.1" 200 1941 "http://easydrivers.activities.at/entry.php?id=11672&" "Mozilla/5.0 (Windows NT 6.1; WOW64; Trident/7.0; rv:11.0) like Gecko"
213.86.241.133 - - [02/May/2016:10:33:56 +0200] "GET /entry.php?id=10778&form=11496&name=list& HTTP/1.1" 200 2493 "http://easydrivers.activities.at/entry.php?id=11671&" "Mozilla/5.0 (Windows NT 6.1; WOW64; Trident/7.0; rv:11.0) like Gecko"
213.86.241.133 - - [02/May/2016:10:33:55 +0200] "GET /entry.php?id=10778&form=11497&name=list& HTTP/1.1" 200 9291 "http://easydrivers.activities.at/entry.php?id=11672&" "Mozilla/5.0 (Windows NT 6.1; WOW64; Trident/7.0; rv:11.0) like Gecko"
213.86.241.133 - - [02/May/2016:10:33:56 +0200] "GET /entry.php?id=10776&form=11496&name=list& HTTP/1.1" 200 1526 "http://easydrivers.activities.at/entry.php?id=11671&" "Mozilla/5.0 (Windows NT 6.1; WOW64; Trident/7.0; rv:11.0) like Gecko"
213.86.241.133 - - [02/May/2016:10:33:57 +0200] "GET /entry.php?id=11679 HTTP/1.1" 200 312 "http://easydrivers.activities.at/entry.php?id=10270&__app__=10006038" "Mozilla/5.0 (Windows NT 6.1; WOW64; Trident/7.0; rv:11.0) like Gecko"
213.86.241.133 - - [02/May/2016:10:33:58 +0200] "GET /entry.php?id=10676&title=Portal& HTTP/1.1" 200 1386 "http://easydrivers.activities.at/entry.php?id=11679" "Mozilla/5.0 (Windows NT 6.1; WOW64; Trident/7.0; rv:11.0) like Gecko"
213.86.241.133 - - [02/May/2016:10:33:58 +0200] "GET /gui/javascript/form_form.js?1462178038 HTTP/1.1" 200 16206 "http://easydrivers.activities.at/entry.php?id=10676&title=Portal&" "Mozilla/5.0 (Windows NT 6.1; WOW64; Trident/7.0; rv:11.0) like Gecko"
213.86.241.133 - - [02/May/2016:10:33:58 +0200] "GET /entry.php?id=11678& HTTP/1.1" 200 3168 "http://easydrivers.activities.at/entry.php?id=11679" "Mozilla/5.0 (Windows NT 6.1; WOW64; Trident/7.0; rv:11.0) like Gecko"
213.86.241.133 - - [02/May/2016:10:33:58 +0200] "GET /activities/framework/KoolControls/KoolAjax/koolajax.php?8436e354c842500aba3cbaf0584c0c24 HTTP/1.1" 200 4079 "http://easydrivers.activities.at/entry.php?id=11678&" "Mozilla/5.0 (Windows NT 6.1; WOW64; Trident/7.0; rv:11.0) like Gecko"
213.86.241.133 - - [02/May/2016:10:33:58 +0200] "GET /activities/framework/KoolControls/KoolTreeView/kooltreeview.php?c7cd9180e88ffef8e70f13526bb4f5f7 HTTP/1.1" 200 5055 "http://easydrivers.activities.at/entry.php?id=11678&" "Mozilla/5.0 (Windows NT 6.1; WOW64; Trident/7.0; rv:11.0) like Gecko"
213.86.241.133 - - [02/May/2016:10:33:58 +0200] "GET /entry.php?id=11677& HTTP/1.1" 200 4361 "http://easydrivers.activities.at/entry.php?id=11679" "Mozilla/5.0 (Windows NT 6.1; WOW64; Trident/7.0; rv:11.0) like Gecko"
213.86.241.133 - - [02/May/2016:10:33:59 +0200] "GET /gui/javascript/form_form.js?1462178039 HTTP/1.1" 200 16206 "http://easydrivers.activities.at/entry.php?id=11677&" "Mozilla/5.0 (Windows NT 6.1; WOW64; Trident/7.0; rv:11.0) like Gecko"
213.86.241.133 - - [02/May/2016:10:33:59 +0200] "GET /entry.php?id=11618&&object=&item=&emu_class= HTTP/1.1" 200 1694 "http://easydrivers.activities.at/entry.php?id=11677&" "Mozilla/5.0 (Windows NT 6.1; WOW64; Trident/7.0; rv:11.0) like Gecko"
213.86.241.133 - - [02/May/2016:10:34:04 +0200] "GET /entry.php?id=11679 HTTP/1.1" 200 312 "http://easydrivers.activities.at/entry.php?id=10270&__app__=10006038" "Mozilla/5.0 (Windows NT 6.1; WOW64; Trident/7.0; rv:11.0) like Gecko"
213.86.241.133 - - [02/May/2016:10:34:04 +0200] "GET /entry.php?id=11678& HTTP/1.1" 200 3168 "http://easydrivers.activities.at/entry.php?id=11679" "Mozilla/5.0 (Windows NT 6.1; WOW64; Trident/7.0; rv:11.0) like Gecko"
213.86.241.133 - - [02/May/2016:10:34:05 +0200] "GET /activities/framework/KoolControls/KoolAjax/koolajax.php?8436e354c842500aba3cbaf0584c0c24 HTTP/1.1" 200 4079 "http://easydrivers.activities.at/entry.php?id=11678&" "Mozilla/5.0 (Windows NT 6.1; WOW64; Trident/7.0; rv:11.0) like Gecko"
213.86.241.133 - - [02/May/2016:10:34:05 +0200] "GET /gui/javascript/form_form.js?1462178044 HTTP/1.1" 200 16206 "http://easydrivers.activities.at/entry.php?id=11678&" "Mozilla/5.0 (Windows NT 6.1; WOW64; Trident/7.0; rv:11.0) like Gecko"
213.86.241.133 - - [02/May/2016:10:34:04 +0200] "GET /entry.php?id=10676&title=Portal& HTTP/1.1" 200 1387 "http://easydrivers.activities.at/entry.php?id=11679" "Mozilla/5.0 (Windows NT 6.1; WOW64; Trident/7.0; rv:11.0) like Gecko"
213.86.241.133 - - [02/May/2016:10:34:05 +0200] "GET /activities/framework/KoolControls/KoolTreeView/kooltreeview.php?c7cd9180e88ffef8e70f13526bb4f5f7 HTTP/1.1" 200 5055 "http://easydrivers.activities.at/entry.php?id=11678&" "Mozilla/5.0 (Windows NT 6.1; WOW64; Trident/7.0; rv:11.0) like Gecko"
213.86.241.133 - - [02/May/2016:10:34:05 +0200] "GET /gui/javascript/form_form.js?1462178045 HTTP/1.1" 200 16206 "http://easydrivers.activities.at/entry.php?id=10676&title=Portal&" "Mozilla/5.0 (Windows NT 6.1; WOW64; Trident/7.0; rv:11.0) like Gecko"
213.86.241.133 - - [02/May/2016:10:34:04 +0200] "GET /entry.php?id=11677& HTTP/1.1" 200 4363 "http://easydrivers.activities.at/entry.php?id=11679" "Mozilla/5.0 (Windows NT 6.1; WOW64; Trident/7.0; rv:11.0) like Gecko"
213.86.241.133 - - [02/May/2016:10:34:05 +0200] "GET /entry.php?id=11618&&object=&item=&emu_class= HTTP/1.1" 200 1695 "http://easydrivers.activities.at/entry.php?id=11677&" "Mozilla/5.0 (Windows NT 6.1; WOW64; Trident/7.0; rv:11.0) like Gecko"
213.86.241.133 - - [02/May/2016:10:34:10 +0200] "POST /entry.php?id=11677 HTTP/1.1" 200 5090 "http://easydrivers.activities.at/entry.php?id=11677&" "Mozilla/5.0 (Windows NT 6.1; WOW64; Trident/7.0; rv:11.0) like Gecko"
213.86.241.133 - - [02/May/2016:10:34:10 +0200] "GET /gui/javascript/form_form.js?1462178050 HTTP/1.1" 200 16206 "http://easydrivers.activities.at/entry.php?id=11677" "Mozilla/5.0 (Windows NT 6.1; WOW64; Trident/7.0; rv:11.0) like Gecko"
213.163.226.237 - - [02/May/2016:10:34:37 +0200] "GET /entry.php?id=10271&&ser=178016 HTTP/1.1" 200 987 "http://easydrivers.activities.at/entry.php?id=10271&&ser=177956" "Mozilla/5.0 (Windows NT 10.0; WOW64) AppleWebKit/537.36 (KHTML, like Gecko) Chrome/49.0.2623.112 Safari/537.36"
213.163.226.237 - - [02/May/2016:10:34:38 +0200] "GET /gui/javascript/form_form.js?1462178077 HTTP/1.1" 200 16206 "http://easydrivers.activities.at/entry.php?id=10271&&ser=178016" "Mozilla/5.0 (Windows NT 10.0; WOW64) AppleWebKit/537.36 (KHTML, like Gecko) Chrome/49.0.2623.112 Safari/537.36"
213.86.241.133 - - [02/May/2016:10:34:38 +0200] "GET /entry.php?id=10271&&ser=178017 HTTP/1.1" 200 987 "http://easydrivers.activities.at/entry.php?id=10271&&ser=177957" "Mozilla/5.0 (Windows NT 6.1; WOW64; Trident/7.0; rv:11.0) like Gecko"
213.86.241.133 - - [02/May/2016:10:34:38 +0200] "GET /gui/javascript/form_form.js?1462178078 HTTP/1.1" 200 16206 "http://easydrivers.activities.at/entry.php?id=10271&&ser=178017" "Mozilla/5.0 (Windows NT 6.1; WOW64; Trident/7.0; rv:11.0) like Gecko"
213.163.226.237 - - [02/May/2016:10:35:38 +0200] "GET /entry.php?id=10271&&ser=178077 HTTP/1.1" 200 987 "http://easydrivers.activities.at/entry.php?id=10271&&ser=178016" "Mozilla/5.0 (Windows NT 10.0; WOW64) AppleWebKit/537.36 (KHTML, like Gecko) Chrome/49.0.2623.112 Safari/537.36"
213.163.226.237 - - [02/May/2016:10:35:38 +0200] "GET /gui/javascript/form_form.js?1462178138 HTTP/1.1" 200 16206 "http://easydrivers.activities.at/entry.php?id=10271&&ser=178077" "Mozilla/5.0 (Windows NT 10.0; WOW64) AppleWebKit/537.36 (KHTML, like Gecko) Chrome/49.0.2623.112 Safari/537.36"
213.86.241.133 - - [02/May/2016:10:35:38 +0200] "GET /entry.php?id=10271&&ser=178078 HTTP/1.1" 200 987 "http://easydrivers.activities.at/entry.php?id=10271&&ser=178017" "Mozilla/5.0 (Windows NT 6.1; WOW64; Trident/7.0; rv:11.0) like Gecko"
213.86.241.133 - - [02/May/2016:10:35:39 +0200] "GET /gui/javascript/form_form.js?1462178138 HTTP/1.1" 200 16206 "http://easydrivers.activities.at/entry.php?id=10271&&ser=178078" "Mozilla/5.0 (Windows NT 6.1; WOW64; Trident/7.0; rv:11.0) like Gecko"
213.86.241.133 - - [02/May/2016:10:36:32 +0200] "GET /entry.php?id=10287&login=1 HTTP/1.1" 200 1874 "http://easydrivers.activities.at/entry.php?id=10273&" "Mozilla/5.0 (Windows NT 6.1; WOW64; Trident/7.0; rv:11.0) like Gecko"
213.86.241.133 - - [02/May/2016:10:36:33 +0200] "GET /gui/javascript/form_form.js?1462178193 HTTP/1.1" 200 16206 "http://easydrivers.activities.at/entry.php?id=10287&login=1" "Mozilla/5.0 (Windows NT 6.1; WOW64; Trident/7.0; rv:11.0) like Gecko"
213.86.241.133 - - [02/May/2016:10:36:34 +0200] "POST /entry.php?id=10287& HTTP/1.1" 200 2427 "http://easydrivers.activities.at/entry.php?id=10287&login=1" "Mozilla/5.0 (Windows NT 6.1; WOW64; Trident/7.0; rv:11.0) like Gecko"
213.86.241.133 - - [02/May/2016:10:36:35 +0200] "GET /gui/javascript/form_form.js?1462178195 HTTP/1.1" 200 16206 "http://easydrivers.activities.at/entry.php?id=10287&" "Mozilla/5.0 (Windows NT 6.1; WOW64; Trident/7.0; rv:11.0) like Gecko"
213.86.241.133 - - [02/May/2016:10:36:35 +0200] "GET /entry.php?id=10270& HTTP/1.1" 200 908 "http://easydrivers.activities.at/entry.php?id=10287&" "Mozilla/5.0 (Windows NT 6.1; WOW64; Trident/7.0; rv:11.0) like Gecko"
213.86.241.133 - - [02/May/2016:10:36:35 +0200] "GET /entry.php?id=10273&logout=true& HTTP/1.1" 200 1913 "http://easydrivers.activities.at/entry.php?id=10287&" "Mozilla/5.0 (Windows NT 6.1; WOW64; Trident/7.0; rv:11.0) like Gecko"
213.163.226.237 - - [02/May/2016:10:36:39 +0200] "GET /entry.php?id=10271&&ser=178138 HTTP/1.1" 200 986 "http://easydrivers.activities.at/entry.php?id=10271&&ser=178077" "Mozilla/5.0 (Windows NT 10.0; WOW64) AppleWebKit/537.36 (KHTML, like Gecko) Chrome/49.0.2623.112 Safari/537.36"
213.163.226.237 - - [02/May/2016:10:36:39 +0200] "GET /gui/javascript/form_form.js?1462178199 HTTP/1.1" 200 16206 "http://easydrivers.activities.at/entry.php?id=10271&&ser=178138" "Mozilla/5.0 (Windows NT 10.0; WOW64) AppleWebKit/537.36 (KHTML, like Gecko) Chrome/49.0.2623.112 Safari/537.36"
213.163.226.237 - - [02/May/2016:10:37:39 +0200] "GET /entry.php?id=10271&&ser=178199 HTTP/1.1" 200 987 "http://easydrivers.activities.at/entry.php?id=10271&&ser=178138" "Mozilla/5.0 (Windows NT 10.0; WOW64) AppleWebKit/537.36 (KHTML, like Gecko) Chrome/49.0.2623.112 Safari/537.36"
213.163.226.237 - - [02/May/2016:10:37:40 +0200] "GET /gui/javascript/form_form.js?1462178260 HTTP/1.1" 200 16206 "http://easydrivers.activities.at/entry.php?id=10271&&ser=178199" "Mozilla/5.0 (Windows NT 10.0; WOW64) AppleWebKit/537.36 (KHTML, like Gecko) Chrome/49.0.2623.112 Safari/537.36"
213.163.226.237 - - [02/May/2016:10:38:40 +0200] "GET /entry.php?id=10271&&ser=178260 HTTP/1.1" 200 987 "http://easydrivers.activities.at/entry.php?id=10271&&ser=178199" "Mozilla/5.0 (Windows NT 10.0; WOW64) AppleWebKit/537.36 (KHTML, like Gecko) Chrome/49.0.2623.112 Safari/537.36"
213.163.226.237 - - [02/May/2016:10:38:41 +0200] "GET /gui/javascript/form_form.js?1462178320 HTTP/1.1" 200 16206 "http://easydrivers.activities.at/entry.php?id=10271&&ser=178260" "Mozilla/5.0 (Windows NT 10.0; WOW64) AppleWebKit/537.36 (KHTML, like Gecko) Chrome/49.0.2623.112 Safari/537.36"
213.163.226.237 - - [02/May/2016:10:39:41 +0200] "GET /entry.php?id=10271&&ser=178320 HTTP/1.1" 200 987 "http://easydrivers.activities.at/entry.php?id=10271&&ser=178260" "Mozilla/5.0 (Windows NT 10.0; WOW64) AppleWebKit/537.36 (KHTML, like Gecko) Chrome/49.0.2623.112 Safari/537.36"
213.163.226.237 - - [02/May/2016:10:39:41 +0200] "GET /gui/javascript/form_form.js?1462178381 HTTP/1.1" 200 16206 "http://easydrivers.activities.at/entry.php?id=10271&&ser=178320" "Mozilla/5.0 (Windows NT 10.0; WOW64) AppleWebKit/537.36 (KHTML, like Gecko) Chrome/49.0.2623.112 Safari/537.36"
213.163.226.237 - - [02/May/2016:10:40:42 +0200] "GET /entry.php?id=10271&&ser=178381 HTTP/1.1" 200 987 "http://easydrivers.activities.at/entry.php?id=10271&&ser=178320" "Mozilla/5.0 (Windows NT 10.0; WOW64) AppleWebKit/537.36 (KHTML, like Gecko) Chrome/49.0.2623.112 Safari/537.36"
