188.23.58.48 - - [19/May/2016:17:15:39 +0200] "GET /entry.php?id=10778&form=11499&name=image_list& HTTP/1.1" 200 3012 "http://ed.activities.at/entry.php?id=11676" "Mozilla/5.0 (Windows NT 6.1; WOW64; rv:46.0) Gecko/20100101 Firefox/46.0"
188.23.58.48 - - [19/May/2016:17:15:42 +0200] "POST /entry.php?id=11676 HTTP/1.1" 200 3091 "http://ed.activities.at/entry.php?id=11676" "Mozilla/5.0 (Windows NT 6.1; WOW64; rv:46.0) Gecko/20100101 Firefox/46.0"
188.23.58.48 - - [19/May/2016:17:15:43 +0200] "GET /gui/javascript/form_form.js?1463670943 HTTP/1.1" 200 16206 "http://ed.activities.at/entry.php?id=11676" "Mozilla/5.0 (Windows NT 6.1; WOW64; rv:46.0) Gecko/20100101 Firefox/46.0"
188.23.58.48 - - [19/May/2016:17:15:43 +0200] "GET /entry.php?id=10776&form=11499&name=binarie_list& HTTP/1.1" 200 1529 "http://ed.activities.at/entry.php?id=11676" "Mozilla/5.0 (Windows NT 6.1; WOW64; rv:46.0) Gecko/20100101 Firefox/46.0"
188.23.58.48 - - [19/May/2016:17:15:43 +0200] "GET /entry.php?id=10778&form=11499&name=binarie_list& HTTP/1.1" 200 2495 "http://ed.activities.at/entry.php?id=11676" "Mozilla/5.0 (Windows NT 6.1; WOW64; rv:46.0) Gecko/20100101 Firefox/46.0"
188.23.58.48 - - [19/May/2016:17:15:47 +0200] "GET /entry.php?id=10711&object=10278793&chooserview=contetbinaries&view=contetbinaries HTTP/1.1" 200 1725 "http://ed.activities.at/entry.php?id=11676" "Mozilla/5.0 (Windows NT 6.1; WOW64; rv:46.0) Gecko/20100101 Firefox/46.0"
188.23.58.48 - - [19/May/2016:17:15:48 +0200] "GET /gui/javascript/form_form.js?1463670948 HTTP/1.1" 200 16206 "http://ed.activities.at/entry.php?id=10711&object=10278793&chooserview=contetbinaries&view=contetbinaries" "Mozilla/5.0 (Windows NT 6.1; WOW64; rv:46.0) Gecko/20100101 Firefox/46.0"
188.23.58.48 - - [19/May/2016:17:15:48 +0200] "GET /entry.php?id=10703&&but=&object=10278793&class=&tag=&value=&chooserview=contetbinaries&function=&setlist=&t_width=&t_height=&view=contetbinaries HTTP/1.1" 200 2541 "http://ed.activities.at/entry.php?id=10711&object=10278793&chooserview=contetbinaries&view=contetbinaries" "Mozilla/5.0 (Windows NT 6.1; WOW64; rv:46.0) Gecko/20100101 Firefox/46.0"
188.23.58.48 - - [19/May/2016:17:15:48 +0200] "GET /entry.php?id=10676&title=Ressourcenverwaltung HTTP/1.1" 200 1395 "http://ed.activities.at/entry.php?id=10711&object=10278793&chooserview=contetbinaries&view=contetbinaries" "Mozilla/5.0 (Windows NT 6.1; WOW64; rv:46.0) Gecko/20100101 Firefox/46.0"
188.23.58.48 - - [19/May/2016:17:15:48 +0200] "GET /entry.php?id=10704&&but=&object=10278793&class=&tag=&value=&chooserview=contetbinaries&function=&setlist=&t_width=&t_height=&view=contetbinaries HTTP/1.1" 200 2950 "http://ed.activities.at/entry.php?id=10711&object=10278793&chooserview=contetbinaries&view=contetbinaries" "Mozilla/5.0 (Windows NT 6.1; WOW64; rv:46.0) Gecko/20100101 Firefox/46.0"
188.23.58.48 - - [19/May/2016:17:15:49 +0200] "GET /gui/javascript/form_form.js?1463670949 HTTP/1.1" 200 16206 "http://ed.activities.at/entry.php?id=10704&&but=&object=10278793&class=&tag=&value=&chooserview=contetbinaries&function=&setlist=&t_width=&t_height=&view=contetbinaries" "Mozilla/5.0 (Windows NT 6.1; WOW64; rv:46.0) Gecko/20100101 Firefox/46.0"
188.23.58.48 - - [19/May/2016:17:15:49 +0200] "GET /entry.php?id=10776&form=10547&name=list& HTTP/1.1" 200 1290 "http://ed.activities.at/entry.php?id=10703&&but=&object=10278793&class=&tag=&value=&chooserview=contetbinaries&function=&setlist=&t_width=&t_height=&view=contetbinaries" "Mozilla/5.0 (Windows NT 6.1; WOW64; rv:46.0) Gecko/20100101 Firefox/46.0"
188.23.58.48 - - [19/May/2016:17:15:49 +0200] "GET /entry.php?id=10778&form=10547&name=list& HTTP/1.1" 200 3149 "http://ed.activities.at/entry.php?id=10703&&but=&object=10278793&class=&tag=&value=&chooserview=contetbinaries&function=&setlist=&t_width=&t_height=&view=contetbinaries" "Mozilla/5.0 (Windows NT 6.1; WOW64; rv:46.0) Gecko/20100101 Firefox/46.0"
188.23.58.48 - - [19/May/2016:17:15:50 +0200] "GET /entry.php?id=10776&form=10549&name=list& HTTP/1.1" 200 1646 "http://ed.activities.at/entry.php?id=10704&&but=&object=10278793&class=&tag=&value=&chooserview=contetbinaries&function=&setlist=&t_width=&t_height=&view=contetbinaries" "Mozilla/5.0 (Windows NT 6.1; WOW64; rv:46.0) Gecko/20100101 Firefox/46.0"
188.23.58.48 - - [19/May/2016:17:15:50 +0200] "GET /entry.php?id=10778&form=10549&name=list& HTTP/1.1" 200 2813 "http://ed.activities.at/entry.php?id=10704&&but=&object=10278793&class=&tag=&value=&chooserview=contetbinaries&function=&setlist=&t_width=&t_height=&view=contetbinaries" "Mozilla/5.0 (Windows NT 6.1; WOW64; rv:46.0) Gecko/20100101 Firefox/46.0"
188.23.58.48 - - [19/May/2016:17:15:54 +0200] "POST /entry.php?id=10704 HTTP/1.1" 200 3014 "http://ed.activities.at/entry.php?id=10704&&but=&object=10278793&class=&tag=&value=&chooserview=contetbinaries&function=&setlist=&t_width=&t_height=&view=contetbinaries" "Mozilla/5.0 (Windows NT 6.1; WOW64; rv:46.0) Gecko/20100101 Firefox/46.0"
188.23.58.48 - - [19/May/2016:17:15:54 +0200] "GET /gui/javascript/form_form.js?1463670954 HTTP/1.1" 200 16206 "http://ed.activities.at/entry.php?id=10704" "Mozilla/5.0 (Windows NT 6.1; WOW64; rv:46.0) Gecko/20100101 Firefox/46.0"
188.23.58.48 - - [19/May/2016:17:15:55 +0200] "GET /entry.php?id=10776&form=10549&name=list& HTTP/1.1" 200 1701 "http://ed.activities.at/entry.php?id=10704" "Mozilla/5.0 (Windows NT 6.1; WOW64; rv:46.0) Gecko/20100101 Firefox/46.0"
188.23.58.48 - - [19/May/2016:17:15:55 +0200] "GET /entry.php?id=10778&form=10549&name=list& HTTP/1.1" 200 6366 "http://ed.activities.at/entry.php?id=10704" "Mozilla/5.0 (Windows NT 6.1; WOW64; rv:46.0) Gecko/20100101 Firefox/46.0"
188.23.58.48 - - [19/May/2016:17:16:00 +0200] "GET /entry.php?id=11687&uploadmode=list&object=false&mode=list&mime=10015787&listview=list HTTP/1.1" 200 2396 "http://ed.activities.at/entry.php?id=10711&object=10278793&chooserview=contetbinaries&view=contetbinaries" "Mozilla/5.0 (Windows NT 6.1; WOW64; rv:46.0) Gecko/20100101 Firefox/46.0"
188.23.58.48 - - [19/May/2016:17:16:00 +0200] "GET /gui/javascript/form_form.js?1463670960 HTTP/1.1" 200 16206 "http://ed.activities.at/entry.php?id=11687&uploadmode=list&object=false&mode=list&mime=10015787&listview=list" "Mozilla/5.0 (Windows NT 6.1; WOW64; rv:46.0) Gecko/20100101 Firefox/46.0"
188.23.58.48 - - [19/May/2016:17:16:21 +0200] "GET /entry.php?id=10271&&ser=670920 HTTP/1.1" 200 986 "http://ed.activities.at/entry.php?id=10271&UIN=0ecf51db1996d6b569df769155451516" "Mozilla/5.0 (Windows NT 6.1; WOW64; rv:46.0) Gecko/20100101 Firefox/46.0"
188.23.58.48 - - [19/May/2016:17:16:21 +0200] "GET /gui/javascript/form_form.js?1463670981 HTTP/1.1" 200 16206 "http://ed.activities.at/entry.php?id=10271&&ser=670920" "Mozilla/5.0 (Windows NT 6.1; WOW64; rv:46.0) Gecko/20100101 Firefox/46.0"
188.23.58.48 - - [19/May/2016:17:16:22 +0200] "GET /gui/javascript/jquery/css/gui-themes/images/ui-icons_2e83ff_256x240_ev.png HTTP/1.1" 200 6035 "http://ed.activities.at/gui/javascript/jquery/css/gui-themes/custom.min.css" "Mozilla/5.0 (Windows NT 6.1; WOW64; rv:46.0) Gecko/20100101 Firefox/46.0"
188.23.58.48 - - [19/May/2016:17:16:22 +0200] "POST /entry.php?id=11687&ajaxaction=binary HTTP/1.1" 200 128 "http://ed.activities.at/entry.php?id=11687&uploadmode=list&object=false&mode=list&mime=10015787&listview=list" "Mozilla/5.0 (Windows NT 6.1; WOW64; rv:46.0) Gecko/20100101 Firefox/46.0"
188.23.58.48 - - [19/May/2016:17:16:24 +0200] "GET /gui/javascript/jquery/css/gui-themes/images/ui-bg_flat_15_cd0a0a_40x100.png HTTP/1.1" 200 181 "http://ed.activities.at/gui/javascript/jquery/css/gui-themes/custom.min.css" "Mozilla/5.0 (Windows NT 6.1; WOW64; rv:46.0) Gecko/20100101 Firefox/46.0"
188.23.58.48 - - [19/May/2016:17:17:12 +0200] "GET /entry.php?id=11687&uploadmode=list&object=false&mode=list&mime=10015787&listview=list HTTP/1.1" 200 2396 "http://ed.activities.at/entry.php?id=10711&object=10278793&chooserview=contetbinaries&view=contetbinaries" "Mozilla/5.0 (Windows NT 6.1; WOW64; rv:46.0) Gecko/20100101 Firefox/46.0"
188.23.58.48 - - [19/May/2016:17:17:12 +0200] "GET /gui/javascript/form_form.js?1463671032 HTTP/1.1" 200 16206 "http://ed.activities.at/entry.php?id=11687&uploadmode=list&object=false&mode=list&mime=10015787&listview=list" "Mozilla/5.0 (Windows NT 6.1; WOW64; rv:46.0) Gecko/20100101 Firefox/46.0"
188.23.58.48 - - [19/May/2016:17:17:21 +0200] "GET /entry.php?id=10271&&ser=670981 HTTP/1.1" 200 987 "http://ed.activities.at/entry.php?id=10271&&ser=670920" "Mozilla/5.0 (Windows NT 6.1; WOW64; rv:46.0) Gecko/20100101 Firefox/46.0"
188.23.58.48 - - [19/May/2016:17:17:22 +0200] "GET /gui/javascript/form_form.js?1463671042 HTTP/1.1" 200 16206 "http://ed.activities.at/entry.php?id=10271&&ser=670981" "Mozilla/5.0 (Windows NT 6.1; WOW64; rv:46.0) Gecko/20100101 Firefox/46.0"
188.23.58.48 - - [19/May/2016:17:18:22 +0200] "GET /entry.php?id=10271&&ser=671042 HTTP/1.1" 200 986 "http://ed.activities.at/entry.php?id=10271&&ser=670981" "Mozilla/5.0 (Windows NT 6.1; WOW64; rv:46.0) Gecko/20100101 Firefox/46.0"
188.23.58.48 - - [19/May/2016:17:18:23 +0200] "GET /gui/javascript/form_form.js?1463671102 HTTP/1.1" 200 16206 "http://ed.activities.at/entry.php?id=10271&&ser=671042" "Mozilla/5.0 (Windows NT 6.1; WOW64; rv:46.0) Gecko/20100101 Firefox/46.0"
188.23.58.48 - - [19/May/2016:17:18:36 +0200] "POST /entry.php?id=11687&ajaxaction=binary HTTP/1.1" 200 278 "http://ed.activities.at/entry.php?id=11687&uploadmode=list&object=false&mode=list&mime=10015787&listview=list" "Mozilla/5.0 (Windows NT 6.1; WOW64; rv:46.0) Gecko/20100101 Firefox/46.0"
188.23.58.48 - - [19/May/2016:17:19:23 +0200] "GET /entry.php?id=10271&&ser=671102 HTTP/1.1" 200 987 "http://ed.activities.at/entry.php?id=10271&&ser=671042" "Mozilla/5.0 (Windows NT 6.1; WOW64; rv:46.0) Gecko/20100101 Firefox/46.0"
188.23.58.48 - - [19/May/2016:17:19:24 +0200] "GET /gui/javascript/form_form.js?1463671163 HTTP/1.1" 200 16206 "http://ed.activities.at/entry.php?id=10271&&ser=671102" "Mozilla/5.0 (Windows NT 6.1; WOW64; rv:46.0) Gecko/20100101 Firefox/46.0"
188.23.58.48 - - [19/May/2016:17:20:24 +0200] "GET /entry.php?id=10271&&ser=671163 HTTP/1.1" 200 987 "http://ed.activities.at/entry.php?id=10271&&ser=671102" "Mozilla/5.0 (Windows NT 6.1; WOW64; rv:46.0) Gecko/20100101 Firefox/46.0"
188.23.58.48 - - [19/May/2016:17:20:24 +0200] "GET /gui/javascript/form_form.js?1463671224 HTTP/1.1" 200 16206 "http://ed.activities.at/entry.php?id=10271&&ser=671163" "Mozilla/5.0 (Windows NT 6.1; WOW64; rv:46.0) Gecko/20100101 Firefox/46.0"
77.119.129.24 - - [19/May/2016:18:12:41 +0200] "GET / HTTP/1.1" 200 382 "-" "Mozilla/5.0 (Macintosh; Intel Mac OS X 10_11_5) AppleWebKit/601.6.17 (KHTML, like Gecko)"
77.119.129.24 - - [19/May/2016:18:12:41 +0200] "GET /activities.ico HTTP/1.1" 304 - "-" "Safari/11601.6.17 CFNetwork/760.5.1 Darwin/15.5.0 (x86_64)"
77.119.129.24 - - [19/May/2016:18:12:41 +0200] "GET /apple-touch-icon-precomposed.png HTTP/1.1" 404 307 "-" "Safari/11601.6.17 CFNetwork/760.5.1 Darwin/15.5.0 (x86_64)"
77.119.129.24 - - [19/May/2016:18:12:41 +0200] "GET /apple-touch-icon.png HTTP/1.1" 404 299 "-" "Safari/11601.6.17 CFNetwork/760.5.1 Darwin/15.5.0 (x86_64)"
77.119.129.24 - - [19/May/2016:18:12:42 +0200] "GET / HTTP/1.1" 200 382 "-" "Mozilla/5.0 (iPhone; CPU iPhone OS 9_3 like Mac OS X) AppleWebKit/601.1.46 (KHTML, like Gecko) Version/9.0 Mobile/13E188a Safari/601.1"
77.119.129.24 - - [19/May/2016:18:12:42 +0200] "GET /apple-touch-icon-precomposed.png HTTP/1.1" 404 307 "-" "Safari/11601.6.17 CFNetwork/760.5.1 Darwin/15.5.0 (x86_64)"
77.119.129.24 - - [19/May/2016:18:12:42 +0200] "GET /apple-touch-icon.png HTTP/1.1" 404 299 "-" "Safari/11601.6.17 CFNetwork/760.5.1 Darwin/15.5.0 (x86_64)"
188.23.58.48 - - [19/May/2016:18:13:05 +0200] "GET /entry.php?id=10271&&ser=671224 HTTP/1.1" 200 986 "http://ed.activities.at/entry.php?id=10271&&ser=671163" "Mozilla/5.0 (Windows NT 6.1; WOW64; rv:46.0) Gecko/20100101 Firefox/46.0"
188.23.58.48 - - [19/May/2016:18:13:07 +0200] "GET /gui/javascript/form_form.js?1463674385 HTTP/1.1" 200 16206 "http://ed.activities.at/entry.php?id=10271&&ser=671224" "Mozilla/5.0 (Windows NT 6.1; WOW64; rv:46.0) Gecko/20100101 Firefox/46.0"
188.23.58.48 - - [19/May/2016:18:13:19 +0200] "POST /entry.php?id=10703 HTTP/1.1" 200 3531 "http://ed.activities.at/entry.php?id=10703&&but=&object=10278793&class=&tag=&value=&chooserview=contetbinaries&function=&setlist=&t_width=&t_height=&view=contetbinaries" "Mozilla/5.0 (Windows NT 6.1; WOW64; rv:46.0) Gecko/20100101 Firefox/46.0"
188.23.58.48 - - [19/May/2016:18:13:19 +0200] "GET /activities/framework/KoolControls/KoolAjax/koolajax.php?8436e354c842500aba3cbaf0584c0c24 HTTP/1.1" 200 4079 "http://ed.activities.at/entry.php?id=10703" "Mozilla/5.0 (Windows NT 6.1; WOW64; rv:46.0) Gecko/20100101 Firefox/46.0"
188.23.58.48 - - [19/May/2016:18:13:19 +0200] "GET /gui/javascript/form_form.js?1463674399 HTTP/1.1" 200 16206 "http://ed.activities.at/entry.php?id=10703" "Mozilla/5.0 (Windows NT 6.1; WOW64; rv:46.0) Gecko/20100101 Firefox/46.0"
188.23.58.48 - - [19/May/2016:18:13:20 +0200] "GET /activities/framework/KoolControls/KoolTreeView/icons/Folder.gif HTTP/1.1" 200 267 "http://ed.activities.at/entry.php?id=10703" "Mozilla/5.0 (Windows NT 6.1; WOW64; rv:46.0) Gecko/20100101 Firefox/46.0"
188.23.58.48 - - [19/May/2016:18:13:20 +0200] "GET /activities/framework/KoolControls/KoolTreeView/icons/square_blueS.gif HTTP/1.1" 200 540 "http://ed.activities.at/entry.php?id=10703" "Mozilla/5.0 (Windows NT 6.1; WOW64; rv:46.0) Gecko/20100101 Firefox/46.0"
188.23.58.48 - - [19/May/2016:18:13:20 +0200] "GET /activities/framework/KoolControls/KoolTreeView/icons/bullet_star.png HTTP/1.1" 200 331 "http://ed.activities.at/entry.php?id=10703" "Mozilla/5.0 (Windows NT 6.1; WOW64; rv:46.0) Gecko/20100101 Firefox/46.0"
188.23.58.48 - - [19/May/2016:18:13:21 +0200] "GET /activities/framework/KoolControls/KoolTreeView/styles/default/default.css HTTP/1.1" 200 1099 "http://ed.activities.at/entry.php?id=10703" "Mozilla/5.0 (Windows NT 6.1; WOW64; rv:46.0) Gecko/20100101 Firefox/46.0"
188.23.58.48 - - [19/May/2016:18:13:21 +0200] "GET /activities/framework/KoolControls/KoolTreeView/kooltreeview.php?c7cd9180e88ffef8e70f13526bb4f5f7 HTTP/1.1" 200 5055 "http://ed.activities.at/entry.php?id=10703" "Mozilla/5.0 (Windows NT 6.1; WOW64; rv:46.0) Gecko/20100101 Firefox/46.0"
213.86.241.133 - - [19/May/2016:18:13:26 +0200] "POST /entry.php?id=10287& HTTP/1.1" 200 1989 "http://easydrivers.activities.at/entry.php?id=10287" "Mozilla/5.0 (Windows NT 6.1; WOW64; Trident/7.0; rv:11.0) like Gecko"
213.86.241.133 - - [19/May/2016:18:13:27 +0200] "GET /gui/javascript/form_form.js?1463674407 HTTP/1.1" 200 16206 "http://easydrivers.activities.at/entry.php?id=10287&" "Mozilla/5.0 (Windows NT 6.1; WOW64; Trident/7.0; rv:11.0) like Gecko"
213.86.241.133 - - [19/May/2016:18:13:27 +0200] "GET /entry.php?id=10271&UIN=dbe4e45a4fb19ac3f0d238d5945410e2 HTTP/1.1" 200 986 "http://easydrivers.activities.at/entry.php?id=10272" "Mozilla/5.0 (Windows NT 6.1; WOW64; Trident/7.0; rv:11.0) like Gecko"
213.86.241.133 - - [19/May/2016:18:13:27 +0200] "GET /gui/javascript/jquery/css/gui-themes/custom.min.css HTTP/1.1" 304 - "http://easydrivers.activities.at/entry.php?id=10271&UIN=dbe4e45a4fb19ac3f0d238d5945410e2" "Mozilla/5.0 (Windows NT 6.1; WOW64; Trident/7.0; rv:11.0) like Gecko"
213.86.241.133 - - [19/May/2016:18:13:27 +0200] "GET /gui/javascript/jquery/css/gui-themes/ui.spinner.css HTTP/1.1" 304 - "http://easydrivers.activities.at/entry.php?id=10271&UIN=dbe4e45a4fb19ac3f0d238d5945410e2" "Mozilla/5.0 (Windows NT 6.1; WOW64; Trident/7.0; rv:11.0) like Gecko"
213.86.241.133 - - [19/May/2016:18:13:27 +0200] "GET /gui/javascript/form_form.js?1463674407 HTTP/1.1" 304 - "http://easydrivers.activities.at/entry.php?id=10271&UIN=dbe4e45a4fb19ac3f0d238d5945410e2" "Mozilla/5.0 (Windows NT 6.1; WOW64; Trident/7.0; rv:11.0) like Gecko"
213.86.241.133 - - [19/May/2016:18:13:27 +0200] "GET /gui/styles/tmplDefault.css HTTP/1.1" 304 - "http://easydrivers.activities.at/entry.php?id=10271&UIN=dbe4e45a4fb19ac3f0d238d5945410e2" "Mozilla/5.0 (Windows NT 6.1; WOW64; Trident/7.0; rv:11.0) like Gecko"
213.86.241.133 - - [19/May/2016:18:13:27 +0200] "GET /gui/javascript/jquery/css/gui-themes/jquery.tooltip.css HTTP/1.1" 304 - "http://easydrivers.activities.at/entry.php?id=10271&UIN=dbe4e45a4fb19ac3f0d238d5945410e2" "Mozilla/5.0 (Windows NT 6.1; WOW64; Trident/7.0; rv:11.0) like Gecko"
213.86.241.133 - - [19/May/2016:18:13:27 +0200] "GET /gui/javascript/jquery/js/jquery-1.8.2.js HTTP/1.1" 304 - "http://easydrivers.activities.at/entry.php?id=10271&UIN=dbe4e45a4fb19ac3f0d238d5945410e2" "Mozilla/5.0 (Windows NT 6.1; WOW64; Trident/7.0; rv:11.0) like Gecko"
213.86.241.133 - - [19/May/2016:18:13:27 +0200] "GET /gui/javascript/jquery/js/jquery-ui-1.9.0.custom.min.js HTTP/1.1" 304 - "http://easydrivers.activities.at/entry.php?id=10271&UIN=dbe4e45a4fb19ac3f0d238d5945410e2" "Mozilla/5.0 (Windows NT 6.1; WOW64; Trident/7.0; rv:11.0) like Gecko"
213.86.241.133 - - [19/May/2016:18:13:27 +0200] "GET /gui/javascript/jquery/jquery-tooltip/jquery.tooltip.min.js HTTP/1.1" 304 - "http://easydrivers.activities.at/entry.php?id=10271&UIN=dbe4e45a4fb19ac3f0d238d5945410e2" "Mozilla/5.0 (Windows NT 6.1; WOW64; Trident/7.0; rv:11.0) like Gecko"
213.86.241.133 - - [19/May/2016:18:13:27 +0200] "GET /entry.php?id=10273& HTTP/1.1" 200 2015 "http://easydrivers.activities.at/entry.php?id=10287&" "Mozilla/5.0 (Windows NT 6.1; WOW64; Trident/7.0; rv:11.0) like Gecko"
213.86.241.133 - - [19/May/2016:18:13:28 +0200] "GET /framework/webfx/style/toolbar/images/cbback.gif HTTP/1.1" 404 319 "http://easydrivers.activities.at/entry.php?id=10273&" "Mozilla/5.0 (Windows NT 6.1; WOW64; Trident/7.0; rv:11.0) like Gecko"
213.86.241.133 - - [19/May/2016:18:13:28 +0200] "GET /entry.php?id=10270&__app__=10006038 HTTP/1.1" 200 1649 "http://easydrivers.activities.at/entry.php?id=10273&" "Mozilla/5.0 (Windows NT 6.1; WOW64; Trident/7.0; rv:11.0) like Gecko"
213.86.241.133 - - [19/May/2016:18:13:28 +0200] "GET /gui/javascript/form_form.js?1463674408 HTTP/1.1" 200 16206 "http://easydrivers.activities.at/entry.php?id=10270&__app__=10006038" "Mozilla/5.0 (Windows NT 6.1; WOW64; Trident/7.0; rv:11.0) like Gecko"
213.86.241.133 - - [19/May/2016:18:13:28 +0200] "GET /undefined HTTP/1.1" 404 290 "http://easydrivers.activities.at/entry.php?id=10270&__app__=10006038" "Mozilla/5.0 (Windows NT 6.1; WOW64; Trident/7.0; rv:11.0) like Gecko"
188.23.58.48 - - [19/May/2016:18:13:32 +0200] "POST /entry.php?id=11676 HTTP/1.1" 200 3110 "http://ed.activities.at/entry.php?id=11676" "Mozilla/5.0 (Windows NT 6.1; WOW64; rv:46.0) Gecko/20100101 Firefox/46.0"
188.23.58.48 - - [19/May/2016:18:13:32 +0200] "GET /gui/javascript/form_form.js?1463674412 HTTP/1.1" 200 16206 "http://ed.activities.at/entry.php?id=11676" "Mozilla/5.0 (Windows NT 6.1; WOW64; rv:46.0) Gecko/20100101 Firefox/46.0"
188.23.58.48 - - [19/May/2016:18:13:34 +0200] "GET /entry.php?id=10776&form=11499&name=image_list& HTTP/1.1" 200 1531 "http://ed.activities.at/entry.php?id=11676" "Mozilla/5.0 (Windows NT 6.1; WOW64; rv:46.0) Gecko/20100101 Firefox/46.0"
188.23.58.48 - - [19/May/2016:18:13:34 +0200] "GET /entry.php?id=10778&form=11499&name=image_list& HTTP/1.1" 200 3012 "http://ed.activities.at/entry.php?id=11676" "Mozilla/5.0 (Windows NT 6.1; WOW64; rv:46.0) Gecko/20100101 Firefox/46.0"
188.23.58.48 - - [19/May/2016:18:13:47 +0200] "GET /entry.php?id=11150&object=10278367 HTTP/1.1" 200 2227 "http://ed.activities.at/entry.php?id=10778&form=11499&name=image_list&" "Mozilla/5.0 (Windows NT 6.1; WOW64; rv:46.0) Gecko/20100101 Firefox/46.0"
188.23.58.48 - - [19/May/2016:18:13:47 +0200] "GET /gui/javascript/form_form.js?1463674427 HTTP/1.1" 200 16206 "http://ed.activities.at/entry.php?id=11150&object=10278367" "Mozilla/5.0 (Windows NT 6.1; WOW64; rv:46.0) Gecko/20100101 Firefox/46.0"
213.86.241.133 - - [19/May/2016:18:13:48 +0200] "GET /entry.php?id=11679 HTTP/1.1" 200 312 "http://easydrivers.activities.at/entry.php?id=10270&__app__=10006038" "Mozilla/5.0 (Windows NT 6.1; WOW64; Trident/7.0; rv:11.0) like Gecko"
213.86.241.133 - - [19/May/2016:18:13:49 +0200] "GET /entry.php?id=11678& HTTP/1.1" 200 3167 "http://easydrivers.activities.at/entry.php?id=11679" "Mozilla/5.0 (Windows NT 6.1; WOW64; Trident/7.0; rv:11.0) like Gecko"
213.86.241.133 - - [19/May/2016:18:13:49 +0200] "GET /gui/javascript/form_form.js?1463674429 HTTP/1.1" 200 16206 "http://easydrivers.activities.at/entry.php?id=11678&" "Mozilla/5.0 (Windows NT 6.1; WOW64; Trident/7.0; rv:11.0) like Gecko"
213.86.241.133 - - [19/May/2016:18:13:49 +0200] "GET /activities/framework/KoolControls/KoolAjax/koolajax.php?8436e354c842500aba3cbaf0584c0c24 HTTP/1.1" 200 4079 "http://easydrivers.activities.at/entry.php?id=11678&" "Mozilla/5.0 (Windows NT 6.1; WOW64; Trident/7.0; rv:11.0) like Gecko"
213.86.241.133 - - [19/May/2016:18:13:49 +0200] "GET /entry.php?id=10676&title=Portal& HTTP/1.1" 200 1386 "http://easydrivers.activities.at/entry.php?id=11679" "Mozilla/5.0 (Windows NT 6.1; WOW64; Trident/7.0; rv:11.0) like Gecko"
213.86.241.133 - - [19/May/2016:18:13:49 +0200] "GET /activities/framework/KoolControls/KoolTreeView/kooltreeview.php?c7cd9180e88ffef8e70f13526bb4f5f7 HTTP/1.1" 200 5055 "http://easydrivers.activities.at/entry.php?id=11678&" "Mozilla/5.0 (Windows NT 6.1; WOW64; Trident/7.0; rv:11.0) like Gecko"
213.86.241.133 - - [19/May/2016:18:13:49 +0200] "GET /entry.php?id=11677& HTTP/1.1" 200 4359 "http://easydrivers.activities.at/entry.php?id=11679" "Mozilla/5.0 (Windows NT 6.1; WOW64; Trident/7.0; rv:11.0) like Gecko"
213.86.241.133 - - [19/May/2016:18:13:50 +0200] "GET /gui/javascript/form_form.js?1463674430 HTTP/1.1" 200 16206 "http://easydrivers.activities.at/entry.php?id=11677&" "Mozilla/5.0 (Windows NT 6.1; WOW64; Trident/7.0; rv:11.0) like Gecko"
213.86.241.133 - - [19/May/2016:18:13:50 +0200] "GET /entry.php?id=11618&&object=&item=&emu_class= HTTP/1.1" 200 1694 "http://easydrivers.activities.at/entry.php?id=11677&" "Mozilla/5.0 (Windows NT 6.1; WOW64; Trident/7.0; rv:11.0) like Gecko"
213.86.241.133 - - [19/May/2016:18:13:53 +0200] "POST /entry.php?id=11677 HTTP/1.1" 200 4389 "http://easydrivers.activities.at/entry.php?id=11677&" "Mozilla/5.0 (Windows NT 6.1; WOW64; Trident/7.0; rv:11.0) like Gecko"
213.86.241.133 - - [19/May/2016:18:13:53 +0200] "GET /gui/javascript/form_form.js?1463674433 HTTP/1.1" 200 16206 "http://easydrivers.activities.at/entry.php?id=11677" "Mozilla/5.0 (Windows NT 6.1; WOW64; Trident/7.0; rv:11.0) like Gecko"
188.23.58.48 - - [19/May/2016:18:13:53 +0200] "POST /entry.php?id=11676 HTTP/1.1" 200 3500 "http://ed.activities.at/entry.php?id=11676" "Mozilla/5.0 (Windows NT 6.1; WOW64; rv:46.0) Gecko/20100101 Firefox/46.0"
188.23.58.48 - - [19/May/2016:18:13:54 +0200] "GET /gui/javascript/form_form.js?1463674434 HTTP/1.1" 200 16206 "http://ed.activities.at/entry.php?id=11676" "Mozilla/5.0 (Windows NT 6.1; WOW64; rv:46.0) Gecko/20100101 Firefox/46.0"
188.23.58.48 - - [19/May/2016:18:13:54 +0200] "GET /entry.php?id=10778&form=11499&name=image_list& HTTP/1.1" 200 2502 "http://ed.activities.at/entry.php?id=11676" "Mozilla/5.0 (Windows NT 6.1; WOW64; rv:46.0) Gecko/20100101 Firefox/46.0"
188.23.58.48 - - [19/May/2016:18:13:54 +0200] "GET /entry.php?id=10776&form=11499&name=image_list& HTTP/1.1" 200 1538 "http://ed.activities.at/entry.php?id=11676" "Mozilla/5.0 (Windows NT 6.1; WOW64; rv:46.0) Gecko/20100101 Firefox/46.0"
213.86.241.133 - - [19/May/2016:18:13:56 +0200] "POST /entry.php?id=11677 HTTP/1.1" 200 3210 "http://easydrivers.activities.at/entry.php?id=11677" "Mozilla/5.0 (Windows NT 6.1; WOW64; Trident/7.0; rv:11.0) like Gecko"
213.86.241.133 - - [19/May/2016:18:13:56 +0200] "GET /gui/javascript/form_form.js?1463674436 HTTP/1.1" 200 16206 "http://easydrivers.activities.at/entry.php?id=11677" "Mozilla/5.0 (Windows NT 6.1; WOW64; Trident/7.0; rv:11.0) like Gecko"
213.86.241.133 - - [19/May/2016:18:13:56 +0200] "GET /entry.php?id=10776&form=11502&name=list& HTTP/1.1" 200 1475 "http://easydrivers.activities.at/entry.php?id=11677" "Mozilla/5.0 (Windows NT 6.1; WOW64; Trident/7.0; rv:11.0) like Gecko"
213.86.241.133 - - [19/May/2016:18:13:56 +0200] "GET /entry.php?id=10778&form=11502&name=list& HTTP/1.1" 200 3837 "http://easydrivers.activities.at/entry.php?id=11677" "Mozilla/5.0 (Windows NT 6.1; WOW64; Trident/7.0; rv:11.0) like Gecko"
188.23.58.48 - - [19/May/2016:18:14:00 +0200] "POST /entry.php?id=11676 HTTP/1.1" 200 3096 "http://ed.activities.at/entry.php?id=11676" "Mozilla/5.0 (Windows NT 6.1; WOW64; rv:46.0) Gecko/20100101 Firefox/46.0"
188.23.58.48 - - [19/May/2016:18:14:01 +0200] "GET /gui/javascript/form_form.js?1463674441 HTTP/1.1" 200 16206 "http://ed.activities.at/entry.php?id=11676" "Mozilla/5.0 (Windows NT 6.1; WOW64; rv:46.0) Gecko/20100101 Firefox/46.0"
188.23.58.48 - - [19/May/2016:18:14:01 +0200] "GET /entry.php?id=10778&form=11499&name=binarie_list& HTTP/1.1" 200 2495 "http://ed.activities.at/entry.php?id=11676" "Mozilla/5.0 (Windows NT 6.1; WOW64; rv:46.0) Gecko/20100101 Firefox/46.0"
188.23.58.48 - - [19/May/2016:18:14:01 +0200] "GET /entry.php?id=10776&form=11499&name=binarie_list& HTTP/1.1" 200 1529 "http://ed.activities.at/entry.php?id=11676" "Mozilla/5.0 (Windows NT 6.1; WOW64; rv:46.0) Gecko/20100101 Firefox/46.0"
188.23.58.48 - - [19/May/2016:18:14:04 +0200] "POST /entry.php?id=11676 HTTP/1.1" 200 3116 "http://ed.activities.at/entry.php?id=11676" "Mozilla/5.0 (Windows NT 6.1; WOW64; rv:46.0) Gecko/20100101 Firefox/46.0"
188.23.58.48 - - [19/May/2016:18:14:04 +0200] "GET /gui/javascript/form_form.js?1463674444 HTTP/1.1" 200 16206 "http://ed.activities.at/entry.php?id=11676" "Mozilla/5.0 (Windows NT 6.1; WOW64; rv:46.0) Gecko/20100101 Firefox/46.0"
188.23.58.48 - - [19/May/2016:18:14:05 +0200] "GET /entry.php?id=10776&form=11499&name=image_list& HTTP/1.1" 200 1538 "http://ed.activities.at/entry.php?id=11676" "Mozilla/5.0 (Windows NT 6.1; WOW64; rv:46.0) Gecko/20100101 Firefox/46.0"
188.23.58.48 - - [19/May/2016:18:14:05 +0200] "GET /entry.php?id=10778&form=11499&name=image_list& HTTP/1.1" 200 2502 "http://ed.activities.at/entry.php?id=11676" "Mozilla/5.0 (Windows NT 6.1; WOW64; rv:46.0) Gecko/20100101 Firefox/46.0"
213.86.241.133 - - [19/May/2016:18:14:07 +0200] "GET /entry.php?id=11686&object=10230523&site=10201431 HTTP/1.1" 200 1773 "http://easydrivers.activities.at/entry.php?id=11412" "Mozilla/5.0 (Windows NT 6.1; WOW64; Trident/7.0; rv:11.0) like Gecko"
213.86.241.133 - - [19/May/2016:18:14:08 +0200] "GET /cache/emu/images/easy-drivers-perg10244068/jetztanmeldenjpg_160_90_0.jpg HTTP/1.1" 200 4162 "http://easydrivers.activities.at/entry.php?id=11686&object=10230523&site=10201431" "Mozilla/5.0 (Windows NT 6.1; WOW64; Trident/7.0; rv:11.0) like Gecko"
213.86.241.133 - - [19/May/2016:18:14:08 +0200] "GET /gui/javascript/form_form.js?1463674447 HTTP/1.1" 200 16206 "http://easydrivers.activities.at/entry.php?id=11686&object=10230523&site=10201431" "Mozilla/5.0 (Windows NT 6.1; WOW64; Trident/7.0; rv:11.0) like Gecko"
188.23.58.48 - - [19/May/2016:18:14:08 +0200] "GET /entry.php?id=10711&object=10278793&chooserview=contetimages&view=contetimages HTTP/1.1" 200 1724 "http://ed.activities.at/entry.php?id=11676" "Mozilla/5.0 (Windows NT 6.1; WOW64; rv:46.0) Gecko/20100101 Firefox/46.0"
188.23.58.48 - - [19/May/2016:18:14:09 +0200] "GET /gui/javascript/form_form.js?1463674448 HTTP/1.1" 200 16206 "http://ed.activities.at/entry.php?id=10711&object=10278793&chooserview=contetimages&view=contetimages" "Mozilla/5.0 (Windows NT 6.1; WOW64; rv:46.0) Gecko/20100101 Firefox/46.0"
188.23.58.48 - - [19/May/2016:18:14:09 +0200] "GET /entry.php?id=10676&title=Ressourcenverwaltung HTTP/1.1" 200 1396 "http://ed.activities.at/entry.php?id=10711&object=10278793&chooserview=contetimages&view=contetimages" "Mozilla/5.0 (Windows NT 6.1; WOW64; rv:46.0) Gecko/20100101 Firefox/46.0"
188.23.58.48 - - [19/May/2016:18:14:09 +0200] "GET /gui/javascript/form_form.js?1463674449 HTTP/1.1" 200 16206 "http://ed.activities.at/entry.php?id=10676&title=Ressourcenverwaltung" "Mozilla/5.0 (Windows NT 6.1; WOW64; rv:46.0) Gecko/20100101 Firefox/46.0"
188.23.58.48 - - [19/May/2016:18:14:09 +0200] "GET /entry.php?id=10703&&but=&object=10278793&class=&tag=&value=&chooserview=contetimages&function=&setlist=&t_width=&t_height=&view=contetimages HTTP/1.1" 200 2540 "http://ed.activities.at/entry.php?id=10711&object=10278793&chooserview=contetimages&view=contetimages" "Mozilla/5.0 (Windows NT 6.1; WOW64; rv:46.0) Gecko/20100101 Firefox/46.0"
188.23.58.48 - - [19/May/2016:18:14:09 +0200] "GET /entry.php?id=10704&&but=&object=10278793&class=&tag=&value=&chooserview=contetimages&function=&setlist=&t_width=&t_height=&view=contetimages HTTP/1.1" 200 3056 "http://ed.activities.at/entry.php?id=10711&object=10278793&chooserview=contetimages&view=contetimages" "Mozilla/5.0 (Windows NT 6.1; WOW64; rv:46.0) Gecko/20100101 Firefox/46.0"
188.23.58.48 - - [19/May/2016:18:14:10 +0200] "GET /gui/javascript/form_form.js?1463674450 HTTP/1.1" 200 16206 "http://ed.activities.at/entry.php?id=10704&&but=&object=10278793&class=&tag=&value=&chooserview=contetimages&function=&setlist=&t_width=&t_height=&view=contetimages" "Mozilla/5.0 (Windows NT 6.1; WOW64; rv:46.0) Gecko/20100101 Firefox/46.0"
188.23.58.48 - - [19/May/2016:18:14:10 +0200] "GET /entry.php?id=10776&form=10547&name=list& HTTP/1.1" 200 1290 "http://ed.activities.at/entry.php?id=10703&&but=&object=10278793&class=&tag=&value=&chooserview=contetimages&function=&setlist=&t_width=&t_height=&view=contetimages" "Mozilla/5.0 (Windows NT 6.1; WOW64; rv:46.0) Gecko/20100101 Firefox/46.0"
188.23.58.48 - - [19/May/2016:18:14:10 +0200] "GET /entry.php?id=10778&form=10547&name=list& HTTP/1.1" 200 3004 "http://ed.activities.at/entry.php?id=10703&&but=&object=10278793&class=&tag=&value=&chooserview=contetimages&function=&setlist=&t_width=&t_height=&view=contetimages" "Mozilla/5.0 (Windows NT 6.1; WOW64; rv:46.0) Gecko/20100101 Firefox/46.0"
188.23.58.48 - - [19/May/2016:18:14:10 +0200] "GET /entry.php?id=10776&form=10549&name=list& HTTP/1.1" 200 1702 "http://ed.activities.at/entry.php?id=10704&&but=&object=10278793&class=&tag=&value=&chooserview=contetimages&function=&setlist=&t_width=&t_height=&view=contetimages" "Mozilla/5.0 (Windows NT 6.1; WOW64; rv:46.0) Gecko/20100101 Firefox/46.0"
188.23.58.48 - - [19/May/2016:18:14:10 +0200] "GET /entry.php?id=10778&form=10549&name=list& HTTP/1.1" 200 9564 "http://ed.activities.at/entry.php?id=10704&&but=&object=10278793&class=&tag=&value=&chooserview=contetimages&function=&setlist=&t_width=&t_height=&view=contetimages" "Mozilla/5.0 (Windows NT 6.1; WOW64; rv:46.0) Gecko/20100101 Firefox/46.0"
188.23.58.48 - - [19/May/2016:18:14:10 +0200] "GET /entry.php?id=10777&form=10549&name=list& HTTP/1.1" 200 1340 "http://ed.activities.at/entry.php?id=10704&&but=&object=10278793&class=&tag=&value=&chooserview=contetimages&function=&setlist=&t_width=&t_height=&view=contetimages" "Mozilla/5.0 (Windows NT 6.1; WOW64; rv:46.0) Gecko/20100101 Firefox/46.0"
188.23.58.48 - - [19/May/2016:18:14:17 +0200] "GET /entry.php?id=10271&&ser=674385 HTTP/1.1" 200 986 "http://ed.activities.at/entry.php?id=10271&&ser=671224" "Mozilla/5.0 (Windows NT 6.1; WOW64; rv:46.0) Gecko/20100101 Firefox/46.0"
188.23.58.48 - - [19/May/2016:18:14:17 +0200] "GET /gui/javascript/form_form.js?1463674457 HTTP/1.1" 200 16206 "http://ed.activities.at/entry.php?id=10271&&ser=674385" "Mozilla/5.0 (Windows NT 6.1; WOW64; rv:46.0) Gecko/20100101 Firefox/46.0"
213.86.241.133 - - [19/May/2016:18:14:18 +0200] "GET /entry.php?id=11686&object=10230523&site=10201431 HTTP/1.1" 200 1772 "http://easydrivers.activities.at/entry.php?id=11412" "Mozilla/5.0 (Windows NT 6.1; WOW64; Trident/7.0; rv:11.0) like Gecko"
213.86.241.133 - - [19/May/2016:18:14:19 +0200] "GET /gui/javascript/form_form.js?1463674459 HTTP/1.1" 200 16206 "http://easydrivers.activities.at/entry.php?id=11686&object=10230523&site=10201431" "Mozilla/5.0 (Windows NT 6.1; WOW64; Trident/7.0; rv:11.0) like Gecko"
188.23.58.48 - - [19/May/2016:18:14:26 +0200] "GET /entry.php?id=11150&object=10278377 HTTP/1.1" 200 2226 "http://ed.activities.at/entry.php?id=10778&form=10549&name=list&" "Mozilla/5.0 (Windows NT 6.1; WOW64; rv:46.0) Gecko/20100101 Firefox/46.0"
188.23.58.48 - - [19/May/2016:18:14:27 +0200] "GET /gui/javascript/form_form.js?1463674466 HTTP/1.1" 200 16206 "http://ed.activities.at/entry.php?id=11150&object=10278377" "Mozilla/5.0 (Windows NT 6.1; WOW64; rv:46.0) Gecko/20100101 Firefox/46.0"
188.23.58.48 - - [19/May/2016:18:14:27 +0200] "GET /cache/emu/images/easy-drivers-krems10278377/bmw-i8-1jpg_200_133_0.jpg HTTP/1.1" 200 6784 "http://ed.activities.at/entry.php?id=11150&object=10278377" "Mozilla/5.0 (Windows NT 6.1; WOW64; rv:46.0) Gecko/20100101 Firefox/46.0"
213.86.241.133 - - [19/May/2016:18:14:27 +0200] "GET /entry.php?id=10271&&ser=674407 HTTP/1.1" 200 987 "http://easydrivers.activities.at/entry.php?id=10271&UIN=dbe4e45a4fb19ac3f0d238d5945410e2" "Mozilla/5.0 (Windows NT 6.1; WOW64; Trident/7.0; rv:11.0) like Gecko"
213.86.241.133 - - [19/May/2016:18:14:28 +0200] "GET /gui/javascript/form_form.js?1463674468 HTTP/1.1" 200 16206 "http://easydrivers.activities.at/entry.php?id=10271&&ser=674407" "Mozilla/5.0 (Windows NT 6.1; WOW64; Trident/7.0; rv:11.0) like Gecko"
213.86.241.133 - - [19/May/2016:18:14:28 +0200] "GET /entry.php?id=11685&object=10230523&site=10201431&item=10221997 HTTP/1.1" 200 3618 "http://easydrivers.activities.at/entry.php?id=11412" "Mozilla/5.0 (Windows NT 6.1; WOW64; Trident/7.0; rv:11.0) like Gecko"
188.23.58.48 - - [19/May/2016:18:14:35 +0200] "GET /entry.php?id=11150&object=10278374 HTTP/1.1" 200 2231 "http://ed.activities.at/entry.php?id=10778&form=10549&name=list&" "Mozilla/5.0 (Windows NT 6.1; WOW64; rv:46.0) Gecko/20100101 Firefox/46.0"
188.23.58.48 - - [19/May/2016:18:14:35 +0200] "GET /gui/javascript/form_form.js?1463674475 HTTP/1.1" 200 16206 "http://ed.activities.at/entry.php?id=11150&object=10278374" "Mozilla/5.0 (Windows NT 6.1; WOW64; rv:46.0) Gecko/20100101 Firefox/46.0"
188.23.58.48 - - [19/May/2016:18:14:36 +0200] "GET /cache/emu/images/easy-drivers-krems10278374/er_200_133_0.jpg HTTP/1.1" 304 - "http://ed.activities.at/entry.php?id=11150&object=10278374" "Mozilla/5.0 (Windows NT 6.1; WOW64; rv:46.0) Gecko/20100101 Firefox/46.0"
188.23.58.48 - - [19/May/2016:18:14:43 +0200] "GET /entry.php?id=11150&object=10274497 HTTP/1.1" 200 2224 "http://ed.activities.at/entry.php?id=10778&form=10549&name=list&" "Mozilla/5.0 (Windows NT 6.1; WOW64; rv:46.0) Gecko/20100101 Firefox/46.0"
188.23.58.48 - - [19/May/2016:18:14:44 +0200] "GET /gui/javascript/form_form.js?1463674484 HTTP/1.1" 200 16206 "http://ed.activities.at/entry.php?id=11150&object=10274497" "Mozilla/5.0 (Windows NT 6.1; WOW64; rv:46.0) Gecko/20100101 Firefox/46.0"
188.23.58.48 - - [19/May/2016:18:14:44 +0200] "GET /cache/emu/images/easy-drivers-krems10274497/gallery-2jpg_200_136_0.jpg HTTP/1.1" 200 6865 "http://ed.activities.at/entry.php?id=11150&object=10274497" "Mozilla/5.0 (Windows NT 6.1; WOW64; rv:46.0) Gecko/20100101 Firefox/46.0"
213.86.241.133 - - [19/May/2016:18:14:50 +0200] "POST /entry.php?id=11685 HTTP/1.1" 200 3617 "http://easydrivers.activities.at/entry.php?id=11685&object=10230523&site=10201431&item=10221997" "Mozilla/5.0 (Windows NT 6.1; WOW64; Trident/7.0; rv:11.0) like Gecko"
213.86.241.133 - - [19/May/2016:18:14:51 +0200] "GET /gui/javascript/form_form.js?1463674491 HTTP/1.1" 200 16206 "http://easydrivers.activities.at/entry.php?id=11685" "Mozilla/5.0 (Windows NT 6.1; WOW64; Trident/7.0; rv:11.0) like Gecko"
213.86.241.133 - - [19/May/2016:18:14:56 +0200] "GET /entry.php?id=11686&object=10230522&site=10201431 HTTP/1.1" 200 1746 "http://easydrivers.activities.at/entry.php?id=11412" "Mozilla/5.0 (Windows NT 6.1; WOW64; Trident/7.0; rv:11.0) like Gecko"
213.86.241.133 - - [19/May/2016:18:14:56 +0200] "GET /gui/javascript/form_form.js?1463674496 HTTP/1.1" 200 16206 "http://easydrivers.activities.at/entry.php?id=11686&object=10230522&site=10201431" "Mozilla/5.0 (Windows NT 6.1; WOW64; Trident/7.0; rv:11.0) like Gecko"
213.86.241.133 - - [19/May/2016:18:15:06 +0200] "GET /entry.php?id=11685&object=10230522&site=10201431&item=10221997 HTTP/1.1" 200 3617 "http://easydrivers.activities.at/entry.php?id=11412" "Mozilla/5.0 (Windows NT 6.1; WOW64; Trident/7.0; rv:11.0) like Gecko"
213.86.241.133 - - [19/May/2016:18:15:06 +0200] "GET /gui/javascript/form_form.js?1463674506 HTTP/1.1" 200 16206 "http://easydrivers.activities.at/entry.php?id=11685&object=10230522&site=10201431&item=10221997" "Mozilla/5.0 (Windows NT 6.1; WOW64; Trident/7.0; rv:11.0) like Gecko"
188.23.58.48 - - [19/May/2016:18:15:18 +0200] "GET /entry.php?id=10271&&ser=674457 HTTP/1.1" 200 987 "http://ed.activities.at/entry.php?id=10271&&ser=674385" "Mozilla/5.0 (Windows NT 6.1; WOW64; rv:46.0) Gecko/20100101 Firefox/46.0"
188.23.58.48 - - [19/May/2016:18:15:18 +0200] "GET /gui/javascript/form_form.js?1463674518 HTTP/1.1" 200 16206 "http://ed.activities.at/entry.php?id=10271&&ser=674457" "Mozilla/5.0 (Windows NT 6.1; WOW64; rv:46.0) Gecko/20100101 Firefox/46.0"
213.86.241.133 - - [19/May/2016:18:15:29 +0200] "GET /entry.php?id=10271&&ser=674468 HTTP/1.1" 200 987 "http://easydrivers.activities.at/entry.php?id=10271&&ser=674407" "Mozilla/5.0 (Windows NT 6.1; WOW64; Trident/7.0; rv:11.0) like Gecko"
213.86.241.133 - - [19/May/2016:18:15:29 +0200] "GET /gui/javascript/form_form.js?1463674529 HTTP/1.1" 200 16206 "http://easydrivers.activities.at/entry.php?id=10271&&ser=674468" "Mozilla/5.0 (Windows NT 6.1; WOW64; Trident/7.0; rv:11.0) like Gecko"
188.23.58.48 - - [19/May/2016:18:16:19 +0200] "GET /entry.php?id=10271&&ser=674518 HTTP/1.1" 200 987 "http://ed.activities.at/entry.php?id=10271&&ser=674457" "Mozilla/5.0 (Windows NT 6.1; WOW64; rv:46.0) Gecko/20100101 Firefox/46.0"
188.23.58.48 - - [19/May/2016:18:16:19 +0200] "GET /gui/javascript/form_form.js?1463674579 HTTP/1.1" 200 16206 "http://ed.activities.at/entry.php?id=10271&&ser=674518" "Mozilla/5.0 (Windows NT 6.1; WOW64; rv:46.0) Gecko/20100101 Firefox/46.0"
213.86.241.133 - - [19/May/2016:18:16:29 +0200] "GET /entry.php?id=10271&&ser=674529 HTTP/1.1" 200 987 "http://easydrivers.activities.at/entry.php?id=10271&&ser=674468" "Mozilla/5.0 (Windows NT 6.1; WOW64; Trident/7.0; rv:11.0) like Gecko"
213.86.241.133 - - [19/May/2016:18:16:29 +0200] "GET /gui/javascript/form_form.js?1463674589 HTTP/1.1" 200 16206 "http://easydrivers.activities.at/entry.php?id=10271&&ser=674529" "Mozilla/5.0 (Windows NT 6.1; WOW64; Trident/7.0; rv:11.0) like Gecko"
188.23.58.48 - - [19/May/2016:18:17:20 +0200] "GET /entry.php?id=10271&&ser=674579 HTTP/1.1" 200 988 "http://ed.activities.at/entry.php?id=10271&&ser=674518" "Mozilla/5.0 (Windows NT 6.1; WOW64; rv:46.0) Gecko/20100101 Firefox/46.0"
188.23.58.48 - - [19/May/2016:18:17:20 +0200] "GET /gui/javascript/form_form.js?1463674640 HTTP/1.1" 200 16206 "http://ed.activities.at/entry.php?id=10271&&ser=674579" "Mozilla/5.0 (Windows NT 6.1; WOW64; rv:46.0) Gecko/20100101 Firefox/46.0"
213.86.241.133 - - [19/May/2016:18:17:29 +0200] "GET /entry.php?id=10271&&ser=674589 HTTP/1.1" 200 988 "http://easydrivers.activities.at/entry.php?id=10271&&ser=674529" "Mozilla/5.0 (Windows NT 6.1; WOW64; Trident/7.0; rv:11.0) like Gecko"
213.86.241.133 - - [19/May/2016:18:17:30 +0200] "GET /gui/javascript/form_form.js?1463674649 HTTP/1.1" 200 16206 "http://easydrivers.activities.at/entry.php?id=10271&&ser=674589" "Mozilla/5.0 (Windows NT 6.1; WOW64; Trident/7.0; rv:11.0) like Gecko"
188.23.58.48 - - [19/May/2016:18:18:21 +0200] "GET /entry.php?id=10271&&ser=674640 HTTP/1.1" 200 987 "http://ed.activities.at/entry.php?id=10271&&ser=674579" "Mozilla/5.0 (Windows NT 6.1; WOW64; rv:46.0) Gecko/20100101 Firefox/46.0"
188.23.58.48 - - [19/May/2016:18:18:21 +0200] "GET /gui/javascript/form_form.js?1463674701 HTTP/1.1" 200 16206 "http://ed.activities.at/entry.php?id=10271&&ser=674640" "Mozilla/5.0 (Windows NT 6.1; WOW64; rv:46.0) Gecko/20100101 Firefox/46.0"
213.86.241.133 - - [19/May/2016:18:18:30 +0200] "GET /entry.php?id=10271&&ser=674649 HTTP/1.1" 200 987 "http://easydrivers.activities.at/entry.php?id=10271&&ser=674589" "Mozilla/5.0 (Windows NT 6.1; WOW64; Trident/7.0; rv:11.0) like Gecko"
213.86.241.133 - - [19/May/2016:18:18:30 +0200] "GET /gui/javascript/form_form.js?1463674710 HTTP/1.1" 200 16206 "http://easydrivers.activities.at/entry.php?id=10271&&ser=674649" "Mozilla/5.0 (Windows NT 6.1; WOW64; Trident/7.0; rv:11.0) like Gecko"
188.23.58.48 - - [19/May/2016:18:19:22 +0200] "GET /entry.php?id=10271&&ser=674701 HTTP/1.1" 200 988 "http://ed.activities.at/entry.php?id=10271&&ser=674640" "Mozilla/5.0 (Windows NT 6.1; WOW64; rv:46.0) Gecko/20100101 Firefox/46.0"
188.23.58.48 - - [19/May/2016:18:19:22 +0200] "GET /gui/javascript/form_form.js?1463674762 HTTP/1.1" 200 16206 "http://ed.activities.at/entry.php?id=10271&&ser=674701" "Mozilla/5.0 (Windows NT 6.1; WOW64; rv:46.0) Gecko/20100101 Firefox/46.0"
213.86.241.133 - - [19/May/2016:18:19:30 +0200] "GET /entry.php?id=10271&&ser=674710 HTTP/1.1" 200 987 "http://easydrivers.activities.at/entry.php?id=10271&&ser=674649" "Mozilla/5.0 (Windows NT 6.1; WOW64; Trident/7.0; rv:11.0) like Gecko"
213.86.241.133 - - [19/May/2016:18:19:30 +0200] "GET /gui/javascript/form_form.js?1463674770 HTTP/1.1" 200 16206 "http://easydrivers.activities.at/entry.php?id=10271&&ser=674710" "Mozilla/5.0 (Windows NT 6.1; WOW64; Trident/7.0; rv:11.0) like Gecko"
213.86.241.133 - - [19/May/2016:18:19:39 +0200] "POST /entry.php?id=11685 HTTP/1.1" 200 3617 "http://easydrivers.activities.at/entry.php?id=11685&object=10230522&site=10201431&item=10221997" "Mozilla/5.0 (Windows NT 6.1; WOW64; Trident/7.0; rv:11.0) like Gecko"
213.86.241.133 - - [19/May/2016:18:19:39 +0200] "GET /gui/javascript/form_form.js?1463674779 HTTP/1.1" 200 16206 "http://easydrivers.activities.at/entry.php?id=11685" "Mozilla/5.0 (Windows NT 6.1; WOW64; Trident/7.0; rv:11.0) like Gecko"
213.86.241.133 - - [19/May/2016:18:20:03 +0200] "GET /entry.php?id=11685&object=10230523&site=10201431&item=10221997 HTTP/1.1" 200 3617 "http://easydrivers.activities.at/entry.php?id=11412" "Mozilla/5.0 (Windows NT 6.1; WOW64; Trident/7.0; rv:11.0) like Gecko"
213.86.241.133 - - [19/May/2016:18:20:03 +0200] "GET /gui/javascript/form_form.js?1463674803 HTTP/1.1" 200 16206 "http://easydrivers.activities.at/entry.php?id=11685&object=10230523&site=10201431&item=10221997" "Mozilla/5.0 (Windows NT 6.1; WOW64; Trident/7.0; rv:11.0) like Gecko"
188.23.58.48 - - [19/May/2016:18:20:23 +0200] "GET /entry.php?id=10271&&ser=674762 HTTP/1.1" 200 987 "http://ed.activities.at/entry.php?id=10271&&ser=674701" "Mozilla/5.0 (Windows NT 6.1; WOW64; rv:46.0) Gecko/20100101 Firefox/46.0"
188.23.58.48 - - [19/May/2016:18:20:23 +0200] "GET /gui/javascript/form_form.js?1463674823 HTTP/1.1" 200 16206 "http://ed.activities.at/entry.php?id=10271&&ser=674762" "Mozilla/5.0 (Windows NT 6.1; WOW64; rv:46.0) Gecko/20100101 Firefox/46.0"
213.86.241.133 - - [19/May/2016:18:20:30 +0200] "GET /entry.php?id=10271&&ser=674770 HTTP/1.1" 200 987 "http://easydrivers.activities.at/entry.php?id=10271&&ser=674710" "Mozilla/5.0 (Windows NT 6.1; WOW64; Trident/7.0; rv:11.0) like Gecko"
213.86.241.133 - - [19/May/2016:18:20:31 +0200] "GET /gui/javascript/form_form.js?1463674831 HTTP/1.1" 200 16206 "http://easydrivers.activities.at/entry.php?id=10271&&ser=674770" "Mozilla/5.0 (Windows NT 6.1; WOW64; Trident/7.0; rv:11.0) like Gecko"
188.23.58.48 - - [19/May/2016:18:21:24 +0200] "GET /entry.php?id=10271&&ser=674823 HTTP/1.1" 200 987 "http://ed.activities.at/entry.php?id=10271&&ser=674762" "Mozilla/5.0 (Windows NT 6.1; WOW64; rv:46.0) Gecko/20100101 Firefox/46.0"
188.23.58.48 - - [19/May/2016:18:21:24 +0200] "GET /gui/javascript/form_form.js?1463674884 HTTP/1.1" 200 16206 "http://ed.activities.at/entry.php?id=10271&&ser=674823" "Mozilla/5.0 (Windows NT 6.1; WOW64; rv:46.0) Gecko/20100101 Firefox/46.0"
213.86.241.133 - - [19/May/2016:18:21:31 +0200] "GET /entry.php?id=10271&&ser=674831 HTTP/1.1" 200 987 "http://easydrivers.activities.at/entry.php?id=10271&&ser=674770" "Mozilla/5.0 (Windows NT 6.1; WOW64; Trident/7.0; rv:11.0) like Gecko"
213.86.241.133 - - [19/May/2016:18:21:31 +0200] "GET /gui/javascript/form_form.js?1463674891 HTTP/1.1" 200 16206 "http://easydrivers.activities.at/entry.php?id=10271&&ser=674831" "Mozilla/5.0 (Windows NT 6.1; WOW64; Trident/7.0; rv:11.0) like Gecko"
213.86.241.133 - - [19/May/2016:18:21:40 +0200] "GET /entry.php?id=11685&object=10230523&site=10201431&item=10221997 HTTP/1.1" 200 3618 "http://easydrivers.activities.at/entry.php?id=11412" "Mozilla/5.0 (Windows NT 6.1; WOW64; Trident/7.0; rv:11.0) like Gecko"
213.86.241.133 - - [19/May/2016:18:21:40 +0200] "GET /gui/javascript/form_form.js?1463674900 HTTP/1.1" 200 16206 "http://easydrivers.activities.at/entry.php?id=11685&object=10230523&site=10201431&item=10221997" "Mozilla/5.0 (Windows NT 6.1; WOW64; Trident/7.0; rv:11.0) like Gecko"
213.86.241.133 - - [19/May/2016:18:21:53 +0200] "GET /entry.php?id=11685&object=10230522&site=10201431&item=10221997 HTTP/1.1" 200 3614 "http://easydrivers.activities.at/entry.php?id=11412" "Mozilla/5.0 (Windows NT 6.1; WOW64; Trident/7.0; rv:11.0) like Gecko"
213.86.241.133 - - [19/May/2016:18:21:53 +0200] "GET /gui/javascript/form_form.js?1463674913 HTTP/1.1" 200 16206 "http://easydrivers.activities.at/entry.php?id=11685&object=10230522&site=10201431&item=10221997" "Mozilla/5.0 (Windows NT 6.1; WOW64; Trident/7.0; rv:11.0) like Gecko"
213.86.241.133 - - [19/May/2016:18:22:05 +0200] "GET /entry.php?id=11685&object=10230523&site=10201431&item=10221997 HTTP/1.1" 200 3618 "http://easydrivers.activities.at/entry.php?id=11412" "Mozilla/5.0 (Windows NT 6.1; WOW64; Trident/7.0; rv:11.0) like Gecko"
213.86.241.133 - - [19/May/2016:18:22:06 +0200] "GET /gui/javascript/form_form.js?1463674926 HTTP/1.1" 200 16206 "http://easydrivers.activities.at/entry.php?id=11685&object=10230523&site=10201431&item=10221997" "Mozilla/5.0 (Windows NT 6.1; WOW64; Trident/7.0; rv:11.0) like Gecko"
188.23.58.48 - - [19/May/2016:18:22:24 +0200] "GET /entry.php?id=10271&&ser=674884 HTTP/1.1" 200 987 "http://ed.activities.at/entry.php?id=10271&&ser=674823" "Mozilla/5.0 (Windows NT 6.1; WOW64; rv:46.0) Gecko/20100101 Firefox/46.0"
188.23.58.48 - - [19/May/2016:18:22:25 +0200] "GET /gui/javascript/form_form.js?1463674945 HTTP/1.1" 200 16206 "http://ed.activities.at/entry.php?id=10271&&ser=674884" "Mozilla/5.0 (Windows NT 6.1; WOW64; rv:46.0) Gecko/20100101 Firefox/46.0"
213.86.241.133 - - [19/May/2016:18:22:31 +0200] "GET /entry.php?id=10271&&ser=674891 HTTP/1.1" 200 987 "http://easydrivers.activities.at/entry.php?id=10271&&ser=674831" "Mozilla/5.0 (Windows NT 6.1; WOW64; Trident/7.0; rv:11.0) like Gecko"
213.86.241.133 - - [19/May/2016:18:22:31 +0200] "GET /gui/javascript/form_form.js?1463674951 HTTP/1.1" 200 16206 "http://easydrivers.activities.at/entry.php?id=10271&&ser=674891" "Mozilla/5.0 (Windows NT 6.1; WOW64; Trident/7.0; rv:11.0) like Gecko"
213.86.241.133 - - [19/May/2016:18:23:09 +0200] "POST /entry.php?id=11685 HTTP/1.1" 200 3698 "http://easydrivers.activities.at/entry.php?id=11685&object=10230523&site=10201431&item=10221997" "Mozilla/5.0 (Windows NT 6.1; WOW64; Trident/7.0; rv:11.0) like Gecko"
213.86.241.133 - - [19/May/2016:18:23:10 +0200] "GET /gui/javascript/form_form.js?1463674990 HTTP/1.1" 200 16206 "http://easydrivers.activities.at/entry.php?id=11685" "Mozilla/5.0 (Windows NT 6.1; WOW64; Trident/7.0; rv:11.0) like Gecko"
188.23.58.48 - - [19/May/2016:18:23:25 +0200] "GET /entry.php?id=10271&&ser=674945 HTTP/1.1" 200 986 "http://ed.activities.at/entry.php?id=10271&&ser=674884" "Mozilla/5.0 (Windows NT 6.1; WOW64; rv:46.0) Gecko/20100101 Firefox/46.0"
188.23.58.48 - - [19/May/2016:18:23:26 +0200] "GET /gui/javascript/form_form.js?1463675005 HTTP/1.1" 200 16206 "http://ed.activities.at/entry.php?id=10271&&ser=674945" "Mozilla/5.0 (Windows NT 6.1; WOW64; rv:46.0) Gecko/20100101 Firefox/46.0"
213.86.241.133 - - [19/May/2016:18:23:32 +0200] "GET /entry.php?id=10271&&ser=674951 HTTP/1.1" 200 987 "http://easydrivers.activities.at/entry.php?id=10271&&ser=674891" "Mozilla/5.0 (Windows NT 6.1; WOW64; Trident/7.0; rv:11.0) like Gecko"
213.86.241.133 - - [19/May/2016:18:23:32 +0200] "GET /gui/javascript/form_form.js?1463675012 HTTP/1.1" 200 16206 "http://easydrivers.activities.at/entry.php?id=10271&&ser=674951" "Mozilla/5.0 (Windows NT 6.1; WOW64; Trident/7.0; rv:11.0) like Gecko"
213.86.241.133 - - [19/May/2016:18:23:49 +0200] "GET /entry.php?id=11686&object=10230525&site=10201431 HTTP/1.1" 200 1731 "http://easydrivers.activities.at/entry.php?id=11412" "Mozilla/5.0 (Windows NT 6.1; WOW64; Trident/7.0; rv:11.0) like Gecko"
213.86.241.133 - - [19/May/2016:18:23:50 +0200] "GET /cache/emu/images/easy-drivers-perg10278788/santanderteilzahlung-kombo-cmykjpg_160_77_0.jpg HTTP/1.1" 200 3956 "http://easydrivers.activities.at/entry.php?id=11686&object=10230525&site=10201431" "Mozilla/5.0 (Windows NT 6.1; WOW64; Trident/7.0; rv:11.0) like Gecko"
213.86.241.133 - - [19/May/2016:18:23:50 +0200] "GET /gui/javascript/form_form.js?1463675029 HTTP/1.1" 200 16206 "http://easydrivers.activities.at/entry.php?id=11686&object=10230525&site=10201431" "Mozilla/5.0 (Windows NT 6.1; WOW64; Trident/7.0; rv:11.0) like Gecko"
213.86.241.133 - - [19/May/2016:18:24:24 +0200] "GET /entry.php?id=11686&object=10227331&site=10201431 HTTP/1.1" 200 1716 "http://easydrivers.activities.at/entry.php?id=11412" "Mozilla/5.0 (Windows NT 6.1; WOW64; Trident/7.0; rv:11.0) like Gecko"
213.86.241.133 - - [19/May/2016:18:24:24 +0200] "GET /binaries/easy-drivers-portal/widget-icon-trainingpng.png HTTP/1.1" 200 2662 "http://easydrivers.activities.at/entry.php?id=11686&object=10227331&site=10201431" "Mozilla/5.0 (Windows NT 6.1; WOW64; Trident/7.0; rv:11.0) like Gecko"
