212.108.43.59 - - [04/Jul/2016:13:59:40 +0200] "GET /gui/images/icons/order.gif HTTP/1.1" 200 353 "http://ed.activities.at/entry.php?id=10778&form=11408&name=list&" "Mozilla/5.0 (Macintosh; Intel Mac OS X 10_10_5) AppleWebKit/601.6.17 (KHTML, like Gecko) Version/9.1.1 Safari/601.6.17"
212.108.43.59 - - [04/Jul/2016:13:59:40 +0200] "GET /gui/images/icons/no_order.gif HTTP/1.1" 200 595 "http://ed.activities.at/entry.php?id=10778&form=11408&name=list&" "Mozilla/5.0 (Macintosh; Intel Mac OS X 10_10_5) AppleWebKit/601.6.17 (KHTML, like Gecko) Version/9.1.1 Safari/601.6.17"
212.108.43.59 - - [04/Jul/2016:13:59:45 +0200] "POST /entry.php?id=11584 HTTP/1.1" 200 3143 "http://ed.activities.at/entry.php?id=11584" "Mozilla/5.0 (Macintosh; Intel Mac OS X 10_10_5) AppleWebKit/601.6.17 (KHTML, like Gecko) Version/9.1.1 Safari/601.6.17"
212.108.43.59 - - [04/Jul/2016:13:59:46 +0200] "GET /gui/javascript/form_form.js?1467633586 HTTP/1.1" 200 16206 "http://ed.activities.at/entry.php?id=11584" "Mozilla/5.0 (Macintosh; Intel Mac OS X 10_10_5) AppleWebKit/601.6.17 (KHTML, like Gecko) Version/9.1.1 Safari/601.6.17"
212.108.43.59 - - [04/Jul/2016:13:59:46 +0200] "GET /entry.php?id=10683 HTTP/1.1" 200 990 "http://ed.activities.at/entry.php?id=11584" "Mozilla/5.0 (Macintosh; Intel Mac OS X 10_10_5) AppleWebKit/601.6.17 (KHTML, like Gecko) Version/9.1.1 Safari/601.6.17"
212.108.43.59 - - [04/Jul/2016:13:59:46 +0200] "GET /entry.php?id=10776&form=11408&name=list& HTTP/1.1" 200 1598 "http://ed.activities.at/entry.php?id=11584" "Mozilla/5.0 (Macintosh; Intel Mac OS X 10_10_5) AppleWebKit/601.6.17 (KHTML, like Gecko) Version/9.1.1 Safari/601.6.17"
212.108.43.59 - - [04/Jul/2016:13:59:46 +0200] "GET /entry.php?id=10778&form=11408&name=list& HTTP/1.1" 200 3708 "http://ed.activities.at/entry.php?id=11584" "Mozilla/5.0 (Macintosh; Intel Mac OS X 10_10_5) AppleWebKit/601.6.17 (KHTML, like Gecko) Version/9.1.1 Safari/601.6.17"
212.108.43.59 - - [04/Jul/2016:14:00:06 +0200] "GET /entry.php?id=10271&&ser=633546 HTTP/1.1" 200 988 "http://ed.activities.at/entry.php?id=10271&&ser=633486" "Mozilla/5.0 (Macintosh; Intel Mac OS X 10_10_5) AppleWebKit/601.6.17 (KHTML, like Gecko) Version/9.1.1 Safari/601.6.17"
212.108.43.59 - - [04/Jul/2016:14:00:06 +0200] "GET /gui/javascript/form_form.js?1467633606 HTTP/1.1" 200 16206 "http://ed.activities.at/entry.php?id=10271&&ser=633546" "Mozilla/5.0 (Macintosh; Intel Mac OS X 10_10_5) AppleWebKit/601.6.17 (KHTML, like Gecko) Version/9.1.1 Safari/601.6.17"
212.108.43.59 - - [04/Jul/2016:14:01:06 +0200] "GET /entry.php?id=10271&&ser=633606 HTTP/1.1" 200 988 "http://ed.activities.at/entry.php?id=10271&&ser=633546" "Mozilla/5.0 (Macintosh; Intel Mac OS X 10_10_5) AppleWebKit/601.6.17 (KHTML, like Gecko) Version/9.1.1 Safari/601.6.17"
212.108.43.59 - - [04/Jul/2016:14:01:06 +0200] "GET /gui/javascript/form_form.js?1467633666 HTTP/1.1" 200 16206 "http://ed.activities.at/entry.php?id=10271&&ser=633606" "Mozilla/5.0 (Macintosh; Intel Mac OS X 10_10_5) AppleWebKit/601.6.17 (KHTML, like Gecko) Version/9.1.1 Safari/601.6.17"
212.108.43.59 - - [04/Jul/2016:14:02:07 +0200] "GET /entry.php?id=10271&&ser=633666 HTTP/1.1" 200 987 "http://ed.activities.at/entry.php?id=10271&&ser=633606" "Mozilla/5.0 (Macintosh; Intel Mac OS X 10_10_5) AppleWebKit/601.6.17 (KHTML, like Gecko) Version/9.1.1 Safari/601.6.17"
212.108.43.59 - - [04/Jul/2016:14:02:07 +0200] "GET /gui/javascript/form_form.js?1467633727 HTTP/1.1" 200 16206 "http://ed.activities.at/entry.php?id=10271&&ser=633666" "Mozilla/5.0 (Macintosh; Intel Mac OS X 10_10_5) AppleWebKit/601.6.17 (KHTML, like Gecko) Version/9.1.1 Safari/601.6.17"
212.108.43.59 - - [04/Jul/2016:14:03:07 +0200] "GET /entry.php?id=10271&&ser=633727 HTTP/1.1" 200 987 "http://ed.activities.at/entry.php?id=10271&&ser=633666" "Mozilla/5.0 (Macintosh; Intel Mac OS X 10_10_5) AppleWebKit/601.6.17 (KHTML, like Gecko) Version/9.1.1 Safari/601.6.17"
212.108.43.59 - - [04/Jul/2016:14:03:07 +0200] "GET /gui/javascript/form_form.js?1467633787 HTTP/1.1" 200 16206 "http://ed.activities.at/entry.php?id=10271&&ser=633727" "Mozilla/5.0 (Macintosh; Intel Mac OS X 10_10_5) AppleWebKit/601.6.17 (KHTML, like Gecko) Version/9.1.1 Safari/601.6.17"
213.208.136.109 - - [04/Jul/2016:14:04:00 +0200] "GET / HTTP/1.1" 200 382 "-" "Mozilla/5.0 (Windows NT 5.1; rv:47.0) Gecko/20100101 Firefox/47.0"
213.208.136.109 - - [04/Jul/2016:14:04:01 +0200] "GET /layout.php HTTP/1.1" 200 910 "http://ed.activities.at/" "Mozilla/5.0 (Windows NT 5.1; rv:47.0) Gecko/20100101 Firefox/47.0"
213.208.136.109 - - [04/Jul/2016:14:04:01 +0200] "GET /entry.php?id=10270 HTTP/1.1" 200 909 "http://ed.activities.at/layout.php" "Mozilla/5.0 (Windows NT 5.1; rv:47.0) Gecko/20100101 Firefox/47.0"
213.208.136.109 - - [04/Jul/2016:14:04:01 +0200] "GET /entry.php?id=10273 HTTP/1.1" 200 1901 "http://ed.activities.at/layout.php" "Mozilla/5.0 (Windows NT 5.1; rv:47.0) Gecko/20100101 Firefox/47.0"
213.208.136.109 - - [04/Jul/2016:14:04:01 +0200] "GET /gui/javascript/form_form.js?1467633841 HTTP/1.1" 200 16206 "http://ed.activities.at/entry.php?id=10270" "Mozilla/5.0 (Windows NT 5.1; rv:47.0) Gecko/20100101 Firefox/47.0"
213.208.136.109 - - [04/Jul/2016:14:04:01 +0200] "GET /entry.php?id=10272 HTTP/1.1" 200 1159 "http://ed.activities.at/layout.php" "Mozilla/5.0 (Windows NT 5.1; rv:47.0) Gecko/20100101 Firefox/47.0"
213.208.136.109 - - [04/Jul/2016:14:04:01 +0200] "GET /entry.php?id=11412 HTTP/1.1" 200 1759 "http://ed.activities.at/layout.php" "Mozilla/5.0 (Windows NT 5.1; rv:47.0) Gecko/20100101 Firefox/47.0"
213.208.136.109 - - [04/Jul/2016:14:04:02 +0200] "GET /entry.php?id=10287 HTTP/1.1" 200 2401 "http://ed.activities.at/entry.php?id=11412" "Mozilla/5.0 (Windows NT 5.1; rv:47.0) Gecko/20100101 Firefox/47.0"
213.208.136.109 - - [04/Jul/2016:14:04:02 +0200] "GET /gui/javascript/form_form.js?1467633842 HTTP/1.1" 200 16206 "http://ed.activities.at/entry.php?id=10287" "Mozilla/5.0 (Windows NT 5.1; rv:47.0) Gecko/20100101 Firefox/47.0"
213.208.136.109 - - [04/Jul/2016:14:04:02 +0200] "GET /entry.php?id=10271& HTTP/1.1" 200 934 "http://ed.activities.at/entry.php?id=10272" "Mozilla/5.0 (Windows NT 5.1; rv:47.0) Gecko/20100101 Firefox/47.0"
213.208.136.109 - - [04/Jul/2016:14:04:02 +0200] "GET /entry.php?id=10270& HTTP/1.1" 200 908 "http://ed.activities.at/entry.php?id=10287" "Mozilla/5.0 (Windows NT 5.1; rv:47.0) Gecko/20100101 Firefox/47.0"
213.208.136.109 - - [04/Jul/2016:14:04:02 +0200] "GET /entry.php?id=10273& HTTP/1.1" 200 1903 "http://ed.activities.at/entry.php?id=10287" "Mozilla/5.0 (Windows NT 5.1; rv:47.0) Gecko/20100101 Firefox/47.0"
213.208.136.109 - - [04/Jul/2016:14:04:05 +0200] "POST /entry.php?id=10287& HTTP/1.1" 200 3065 "http://ed.activities.at/entry.php?id=10287" "Mozilla/5.0 (Windows NT 5.1; rv:47.0) Gecko/20100101 Firefox/47.0"
213.208.136.109 - - [04/Jul/2016:14:04:06 +0200] "GET /gui/javascript/form_form.js?1467633846 HTTP/1.1" 200 16206 "http://ed.activities.at/entry.php?id=10287&" "Mozilla/5.0 (Windows NT 5.1; rv:47.0) Gecko/20100101 Firefox/47.0"
213.208.136.109 - - [04/Jul/2016:14:04:06 +0200] "GET /entry.php?id=10273& HTTP/1.1" 200 2179 "http://ed.activities.at/entry.php?id=10287&" "Mozilla/5.0 (Windows NT 5.1; rv:47.0) Gecko/20100101 Firefox/47.0"
213.208.136.109 - - [04/Jul/2016:14:04:06 +0200] "GET /framework/webfx/style/toolbar/images/cbback.gif HTTP/1.1" 404 314 "http://ed.activities.at/framework/webfx/style/toolbar/cb2.css" "Mozilla/5.0 (Windows NT 5.1; rv:47.0) Gecko/20100101 Firefox/47.0"
213.208.136.109 - - [04/Jul/2016:14:04:06 +0200] "GET /entry.php?id=10270&__app__=223323 HTTP/1.1" 200 2442 "http://ed.activities.at/entry.php?id=10273&" "Mozilla/5.0 (Windows NT 5.1; rv:47.0) Gecko/20100101 Firefox/47.0"
213.208.136.109 - - [04/Jul/2016:14:04:06 +0200] "GET /entry.php?id=10271& HTTP/1.1" 200 991 "http://ed.activities.at/entry.php?id=10272" "Mozilla/5.0 (Windows NT 5.1; rv:47.0) Gecko/20100101 Firefox/47.0"
213.208.136.109 - - [04/Jul/2016:14:04:07 +0200] "GET /gui/javascript/jquery/css/gui-themes/custom.min.css HTTP/1.1" 304 - "http://ed.activities.at/entry.php?id=10271&" "Mozilla/5.0 (Windows NT 5.1; rv:47.0) Gecko/20100101 Firefox/47.0"
213.208.136.109 - - [04/Jul/2016:14:04:07 +0200] "GET /gui/javascript/jquery/css/gui-themes/ui.spinner.css HTTP/1.1" 304 - "http://ed.activities.at/entry.php?id=10271&" "Mozilla/5.0 (Windows NT 5.1; rv:47.0) Gecko/20100101 Firefox/47.0"
213.208.136.109 - - [04/Jul/2016:14:04:07 +0200] "GET /gui/javascript/jquery/css/gui-themes/jquery.tooltip.css HTTP/1.1" 304 - "http://ed.activities.at/entry.php?id=10271&" "Mozilla/5.0 (Windows NT 5.1; rv:47.0) Gecko/20100101 Firefox/47.0"
213.208.136.109 - - [04/Jul/2016:14:04:07 +0200] "GET /gui/styles/tmplDefault.css HTTP/1.1" 304 - "http://ed.activities.at/entry.php?id=10271&" "Mozilla/5.0 (Windows NT 5.1; rv:47.0) Gecko/20100101 Firefox/47.0"
213.208.136.109 - - [04/Jul/2016:14:04:07 +0200] "GET /gui/javascript/jquery/js/jquery-1.8.2.js HTTP/1.1" 304 - "http://ed.activities.at/entry.php?id=10271&" "Mozilla/5.0 (Windows NT 5.1; rv:47.0) Gecko/20100101 Firefox/47.0"
213.208.136.109 - - [04/Jul/2016:14:04:07 +0200] "GET /gui/javascript/form_form.js?1467633847 HTTP/1.1" 200 16206 "http://ed.activities.at/entry.php?id=10270&__app__=223323" "Mozilla/5.0 (Windows NT 5.1; rv:47.0) Gecko/20100101 Firefox/47.0"
213.208.136.109 - - [04/Jul/2016:14:04:07 +0200] "GET /gui/javascript/jquery/js/jquery-ui-1.9.0.custom.min.js HTTP/1.1" 304 - "http://ed.activities.at/entry.php?id=10271&" "Mozilla/5.0 (Windows NT 5.1; rv:47.0) Gecko/20100101 Firefox/47.0"
213.208.136.109 - - [04/Jul/2016:14:04:07 +0200] "GET /gui/javascript/jquery/jquery-tooltip/jquery.tooltip.min.js HTTP/1.1" 304 - "http://ed.activities.at/entry.php?id=10271&" "Mozilla/5.0 (Windows NT 5.1; rv:47.0) Gecko/20100101 Firefox/47.0"
213.208.136.109 - - [04/Jul/2016:14:04:07 +0200] "GET /gui/javascript/form_form.js?1467633847 HTTP/1.1" 304 - "http://ed.activities.at/entry.php?id=10271&" "Mozilla/5.0 (Windows NT 5.1; rv:47.0) Gecko/20100101 Firefox/47.0"
213.208.136.109 - - [04/Jul/2016:14:04:07 +0200] "GET /undefined HTTP/1.1" 404 285 "http://ed.activities.at/entry.php?id=10270&__app__=223323" "Mozilla/5.0 (Windows NT 5.1; rv:47.0) Gecko/20100101 Firefox/47.0"
212.108.43.59 - - [04/Jul/2016:14:04:08 +0200] "GET /entry.php?id=10271&&ser=633787 HTTP/1.1" 200 987 "http://ed.activities.at/entry.php?id=10271&&ser=633727" "Mozilla/5.0 (Macintosh; Intel Mac OS X 10_10_5) AppleWebKit/601.6.17 (KHTML, like Gecko) Version/9.1.1 Safari/601.6.17"
212.108.43.59 - - [04/Jul/2016:14:04:08 +0200] "GET /gui/javascript/form_form.js?1467633848 HTTP/1.1" 200 16206 "http://ed.activities.at/entry.php?id=10271&&ser=633787" "Mozilla/5.0 (Macintosh; Intel Mac OS X 10_10_5) AppleWebKit/601.6.17 (KHTML, like Gecko) Version/9.1.1 Safari/601.6.17"
213.208.136.109 - - [04/Jul/2016:14:04:14 +0200] "GET /entry.php?id=10270&&__app__=10006038 HTTP/1.1" 200 2054 "http://ed.activities.at/entry.php?id=10273&" "Mozilla/5.0 (Windows NT 5.1; rv:47.0) Gecko/20100101 Firefox/47.0"
213.208.136.109 - - [04/Jul/2016:14:04:14 +0200] "GET /gui/javascript/form_form.js?1467633854 HTTP/1.1" 200 16206 "http://ed.activities.at/entry.php?id=10270&&__app__=10006038" "Mozilla/5.0 (Windows NT 5.1; rv:47.0) Gecko/20100101 Firefox/47.0"
213.208.136.109 - - [04/Jul/2016:14:04:14 +0200] "GET /undefined HTTP/1.1" 404 285 "http://ed.activities.at/entry.php?id=10270&&__app__=10006038" "Mozilla/5.0 (Windows NT 5.1; rv:47.0) Gecko/20100101 Firefox/47.0"
213.208.136.109 - - [04/Jul/2016:14:04:17 +0200] "GET /entry.php?id=10270&&__app__=223323 HTTP/1.1" 200 2442 "http://ed.activities.at/entry.php?id=10273&" "Mozilla/5.0 (Windows NT 5.1; rv:47.0) Gecko/20100101 Firefox/47.0"
213.208.136.109 - - [04/Jul/2016:14:04:17 +0200] "GET /gui/javascript/form_form.js?1467633857 HTTP/1.1" 200 16206 "http://ed.activities.at/entry.php?id=10270&&__app__=223323" "Mozilla/5.0 (Windows NT 5.1; rv:47.0) Gecko/20100101 Firefox/47.0"
213.208.136.109 - - [04/Jul/2016:14:04:17 +0200] "GET /undefined HTTP/1.1" 404 285 "http://ed.activities.at/entry.php?id=10270&&__app__=223323" "Mozilla/5.0 (Windows NT 5.1; rv:47.0) Gecko/20100101 Firefox/47.0"
213.208.136.109 - - [04/Jul/2016:14:05:07 +0200] "GET /entry.php?id=10271&&ser=633846 HTTP/1.1" 200 989 "http://ed.activities.at/entry.php?id=10271&" "Mozilla/5.0 (Windows NT 5.1; rv:47.0) Gecko/20100101 Firefox/47.0"
213.208.136.109 - - [04/Jul/2016:14:05:07 +0200] "GET /gui/javascript/form_form.js?1467633907 HTTP/1.1" 200 16206 "http://ed.activities.at/entry.php?id=10271&&ser=633846" "Mozilla/5.0 (Windows NT 5.1; rv:47.0) Gecko/20100101 Firefox/47.0"
212.108.43.59 - - [04/Jul/2016:14:05:09 +0200] "GET /entry.php?id=10271&&ser=633848 HTTP/1.1" 200 987 "http://ed.activities.at/entry.php?id=10271&&ser=633787" "Mozilla/5.0 (Macintosh; Intel Mac OS X 10_10_5) AppleWebKit/601.6.17 (KHTML, like Gecko) Version/9.1.1 Safari/601.6.17"
212.108.43.59 - - [04/Jul/2016:14:05:09 +0200] "GET /gui/javascript/form_form.js?1467633909 HTTP/1.1" 200 16206 "http://ed.activities.at/entry.php?id=10271&&ser=633848" "Mozilla/5.0 (Macintosh; Intel Mac OS X 10_10_5) AppleWebKit/601.6.17 (KHTML, like Gecko) Version/9.1.1 Safari/601.6.17"
213.208.136.109 - - [04/Jul/2016:14:06:07 +0200] "GET /entry.php?id=10271&&ser=633907 HTTP/1.1" 200 990 "http://ed.activities.at/entry.php?id=10271&&ser=633846" "Mozilla/5.0 (Windows NT 5.1; rv:47.0) Gecko/20100101 Firefox/47.0"
213.208.136.109 - - [04/Jul/2016:14:06:08 +0200] "GET /gui/javascript/form_form.js?1467633968 HTTP/1.1" 200 16206 "http://ed.activities.at/entry.php?id=10271&&ser=633907" "Mozilla/5.0 (Windows NT 5.1; rv:47.0) Gecko/20100101 Firefox/47.0"
212.108.43.59 - - [04/Jul/2016:14:06:10 +0200] "GET /entry.php?id=10271&&ser=633909 HTTP/1.1" 200 987 "http://ed.activities.at/entry.php?id=10271&&ser=633848" "Mozilla/5.0 (Macintosh; Intel Mac OS X 10_10_5) AppleWebKit/601.6.17 (KHTML, like Gecko) Version/9.1.1 Safari/601.6.17"
212.108.43.59 - - [04/Jul/2016:14:06:10 +0200] "GET /gui/javascript/form_form.js?1467633970 HTTP/1.1" 200 16206 "http://ed.activities.at/entry.php?id=10271&&ser=633909" "Mozilla/5.0 (Macintosh; Intel Mac OS X 10_10_5) AppleWebKit/601.6.17 (KHTML, like Gecko) Version/9.1.1 Safari/601.6.17"
213.208.136.109 - - [04/Jul/2016:14:07:08 +0200] "GET /entry.php?id=10271&&ser=633968 HTTP/1.1" 200 990 "http://ed.activities.at/entry.php?id=10271&&ser=633907" "Mozilla/5.0 (Windows NT 5.1; rv:47.0) Gecko/20100101 Firefox/47.0"
213.208.136.109 - - [04/Jul/2016:14:07:08 +0200] "GET /gui/javascript/form_form.js?1467634028 HTTP/1.1" 200 16206 "http://ed.activities.at/entry.php?id=10271&&ser=633968" "Mozilla/5.0 (Windows NT 5.1; rv:47.0) Gecko/20100101 Firefox/47.0"
212.108.43.59 - - [04/Jul/2016:14:07:11 +0200] "GET /entry.php?id=10271&&ser=633970 HTTP/1.1" 200 987 "http://ed.activities.at/entry.php?id=10271&&ser=633909" "Mozilla/5.0 (Macintosh; Intel Mac OS X 10_10_5) AppleWebKit/601.6.17 (KHTML, like Gecko) Version/9.1.1 Safari/601.6.17"
212.108.43.59 - - [04/Jul/2016:14:07:11 +0200] "GET /gui/javascript/form_form.js?1467634031 HTTP/1.1" 200 16206 "http://ed.activities.at/entry.php?id=10271&&ser=633970" "Mozilla/5.0 (Macintosh; Intel Mac OS X 10_10_5) AppleWebKit/601.6.17 (KHTML, like Gecko) Version/9.1.1 Safari/601.6.17"
213.208.136.109 - - [04/Jul/2016:14:08:08 +0200] "GET /entry.php?id=10271&&ser=634028 HTTP/1.1" 200 990 "http://ed.activities.at/entry.php?id=10271&&ser=633968" "Mozilla/5.0 (Windows NT 5.1; rv:47.0) Gecko/20100101 Firefox/47.0"
213.208.136.109 - - [04/Jul/2016:14:08:09 +0200] "GET /gui/javascript/form_form.js?1467634089 HTTP/1.1" 200 16206 "http://ed.activities.at/entry.php?id=10271&&ser=634028" "Mozilla/5.0 (Windows NT 5.1; rv:47.0) Gecko/20100101 Firefox/47.0"
212.108.43.59 - - [04/Jul/2016:14:08:11 +0200] "GET /entry.php?id=10271&&ser=634031 HTTP/1.1" 200 987 "http://ed.activities.at/entry.php?id=10271&&ser=633970" "Mozilla/5.0 (Macintosh; Intel Mac OS X 10_10_5) AppleWebKit/601.6.17 (KHTML, like Gecko) Version/9.1.1 Safari/601.6.17"
212.108.43.59 - - [04/Jul/2016:14:08:12 +0200] "GET /gui/javascript/form_form.js?1467634091 HTTP/1.1" 200 16206 "http://ed.activities.at/entry.php?id=10271&&ser=634031" "Mozilla/5.0 (Macintosh; Intel Mac OS X 10_10_5) AppleWebKit/601.6.17 (KHTML, like Gecko) Version/9.1.1 Safari/601.6.17"
213.208.136.109 - - [04/Jul/2016:14:09:09 +0200] "GET /entry.php?id=10271&&ser=634089 HTTP/1.1" 200 990 "http://ed.activities.at/entry.php?id=10271&&ser=634028" "Mozilla/5.0 (Windows NT 5.1; rv:47.0) Gecko/20100101 Firefox/47.0"
213.208.136.109 - - [04/Jul/2016:14:09:09 +0200] "GET /gui/javascript/form_form.js?1467634149 HTTP/1.1" 200 16206 "http://ed.activities.at/entry.php?id=10271&&ser=634089" "Mozilla/5.0 (Windows NT 5.1; rv:47.0) Gecko/20100101 Firefox/47.0"
212.108.43.59 - - [04/Jul/2016:14:09:12 +0200] "GET /entry.php?id=10271&&ser=634091 HTTP/1.1" 200 987 "http://ed.activities.at/entry.php?id=10271&&ser=634031" "Mozilla/5.0 (Macintosh; Intel Mac OS X 10_10_5) AppleWebKit/601.6.17 (KHTML, like Gecko) Version/9.1.1 Safari/601.6.17"
212.108.43.59 - - [04/Jul/2016:14:09:12 +0200] "GET /gui/javascript/form_form.js?1467634152 HTTP/1.1" 200 16206 "http://ed.activities.at/entry.php?id=10271&&ser=634091" "Mozilla/5.0 (Macintosh; Intel Mac OS X 10_10_5) AppleWebKit/601.6.17 (KHTML, like Gecko) Version/9.1.1 Safari/601.6.17"
213.208.136.109 - - [04/Jul/2016:14:10:09 +0200] "GET /entry.php?id=10271&&ser=634149 HTTP/1.1" 200 990 "http://ed.activities.at/entry.php?id=10271&&ser=634089" "Mozilla/5.0 (Windows NT 5.1; rv:47.0) Gecko/20100101 Firefox/47.0"
213.208.136.109 - - [04/Jul/2016:14:10:09 +0200] "GET /gui/javascript/form_form.js?1467634209 HTTP/1.1" 200 16206 "http://ed.activities.at/entry.php?id=10271&&ser=634149" "Mozilla/5.0 (Windows NT 5.1; rv:47.0) Gecko/20100101 Firefox/47.0"
212.108.43.59 - - [04/Jul/2016:14:10:12 +0200] "GET /entry.php?id=10271&&ser=634152 HTTP/1.1" 200 987 "http://ed.activities.at/entry.php?id=10271&&ser=634091" "Mozilla/5.0 (Macintosh; Intel Mac OS X 10_10_5) AppleWebKit/601.6.17 (KHTML, like Gecko) Version/9.1.1 Safari/601.6.17"
212.108.43.59 - - [04/Jul/2016:14:10:12 +0200] "GET /gui/javascript/form_form.js?1467634212 HTTP/1.1" 200 16206 "http://ed.activities.at/entry.php?id=10271&&ser=634152" "Mozilla/5.0 (Macintosh; Intel Mac OS X 10_10_5) AppleWebKit/601.6.17 (KHTML, like Gecko) Version/9.1.1 Safari/601.6.17"
213.208.136.109 - - [04/Jul/2016:14:11:09 +0200] "GET /entry.php?id=10271&&ser=634209 HTTP/1.1" 200 990 "http://ed.activities.at/entry.php?id=10271&&ser=634149" "Mozilla/5.0 (Windows NT 5.1; rv:47.0) Gecko/20100101 Firefox/47.0"
213.208.136.109 - - [04/Jul/2016:14:11:10 +0200] "GET /gui/javascript/form_form.js?1467634270 HTTP/1.1" 200 16206 "http://ed.activities.at/entry.php?id=10271&&ser=634209" "Mozilla/5.0 (Windows NT 5.1; rv:47.0) Gecko/20100101 Firefox/47.0"
212.108.43.59 - - [04/Jul/2016:14:11:12 +0200] "GET /entry.php?id=10271&&ser=634212 HTTP/1.1" 200 987 "http://ed.activities.at/entry.php?id=10271&&ser=634152" "Mozilla/5.0 (Macintosh; Intel Mac OS X 10_10_5) AppleWebKit/601.6.17 (KHTML, like Gecko) Version/9.1.1 Safari/601.6.17"
212.108.43.59 - - [04/Jul/2016:14:11:12 +0200] "GET /gui/javascript/form_form.js?1467634272 HTTP/1.1" 200 16206 "http://ed.activities.at/entry.php?id=10271&&ser=634212" "Mozilla/5.0 (Macintosh; Intel Mac OS X 10_10_5) AppleWebKit/601.6.17 (KHTML, like Gecko) Version/9.1.1 Safari/601.6.17"
213.208.136.109 - - [04/Jul/2016:14:12:10 +0200] "GET /entry.php?id=10271&&ser=634270 HTTP/1.1" 200 990 "http://ed.activities.at/entry.php?id=10271&&ser=634209" "Mozilla/5.0 (Windows NT 5.1; rv:47.0) Gecko/20100101 Firefox/47.0"
213.208.136.109 - - [04/Jul/2016:14:12:10 +0200] "GET /gui/javascript/form_form.js?1467634330 HTTP/1.1" 200 16206 "http://ed.activities.at/entry.php?id=10271&&ser=634270" "Mozilla/5.0 (Windows NT 5.1; rv:47.0) Gecko/20100101 Firefox/47.0"
212.108.43.59 - - [04/Jul/2016:14:12:13 +0200] "GET /entry.php?id=10271&&ser=634272 HTTP/1.1" 200 988 "http://ed.activities.at/entry.php?id=10271&&ser=634212" "Mozilla/5.0 (Macintosh; Intel Mac OS X 10_10_5) AppleWebKit/601.6.17 (KHTML, like Gecko) Version/9.1.1 Safari/601.6.17"
212.108.43.59 - - [04/Jul/2016:14:12:13 +0200] "GET /gui/javascript/form_form.js?1467634333 HTTP/1.1" 200 16206 "http://ed.activities.at/entry.php?id=10271&&ser=634272" "Mozilla/5.0 (Macintosh; Intel Mac OS X 10_10_5) AppleWebKit/601.6.17 (KHTML, like Gecko) Version/9.1.1 Safari/601.6.17"
213.208.136.109 - - [04/Jul/2016:14:13:10 +0200] "GET /entry.php?id=10271&&ser=634330 HTTP/1.1" 200 989 "http://ed.activities.at/entry.php?id=10271&&ser=634270" "Mozilla/5.0 (Windows NT 5.1; rv:47.0) Gecko/20100101 Firefox/47.0"
213.208.136.109 - - [04/Jul/2016:14:13:11 +0200] "GET /gui/javascript/form_form.js?1467634391 HTTP/1.1" 200 16206 "http://ed.activities.at/entry.php?id=10271&&ser=634330" "Mozilla/5.0 (Windows NT 5.1; rv:47.0) Gecko/20100101 Firefox/47.0"
212.108.43.59 - - [04/Jul/2016:14:13:14 +0200] "GET /entry.php?id=10271&&ser=634333 HTTP/1.1" 200 987 "http://ed.activities.at/entry.php?id=10271&&ser=634272" "Mozilla/5.0 (Macintosh; Intel Mac OS X 10_10_5) AppleWebKit/601.6.17 (KHTML, like Gecko) Version/9.1.1 Safari/601.6.17"
212.108.43.59 - - [04/Jul/2016:14:13:14 +0200] "GET /gui/javascript/form_form.js?1467634394 HTTP/1.1" 200 16206 "http://ed.activities.at/entry.php?id=10271&&ser=634333" "Mozilla/5.0 (Macintosh; Intel Mac OS X 10_10_5) AppleWebKit/601.6.17 (KHTML, like Gecko) Version/9.1.1 Safari/601.6.17"
213.208.136.109 - - [04/Jul/2016:14:14:11 +0200] "GET /entry.php?id=10271&&ser=634391 HTTP/1.1" 200 989 "http://ed.activities.at/entry.php?id=10271&&ser=634330" "Mozilla/5.0 (Windows NT 5.1; rv:47.0) Gecko/20100101 Firefox/47.0"
213.208.136.109 - - [04/Jul/2016:14:14:11 +0200] "GET /gui/javascript/form_form.js?1467634451 HTTP/1.1" 200 16206 "http://ed.activities.at/entry.php?id=10271&&ser=634391" "Mozilla/5.0 (Windows NT 5.1; rv:47.0) Gecko/20100101 Firefox/47.0"
212.108.43.59 - - [04/Jul/2016:14:14:14 +0200] "GET /entry.php?id=10271&&ser=634394 HTTP/1.1" 200 988 "http://ed.activities.at/entry.php?id=10271&&ser=634333" "Mozilla/5.0 (Macintosh; Intel Mac OS X 10_10_5) AppleWebKit/601.6.17 (KHTML, like Gecko) Version/9.1.1 Safari/601.6.17"
212.108.43.59 - - [04/Jul/2016:14:14:14 +0200] "GET /gui/javascript/form_form.js?1467634454 HTTP/1.1" 200 16206 "http://ed.activities.at/entry.php?id=10271&&ser=634394" "Mozilla/5.0 (Macintosh; Intel Mac OS X 10_10_5) AppleWebKit/601.6.17 (KHTML, like Gecko) Version/9.1.1 Safari/601.6.17"
213.208.136.109 - - [04/Jul/2016:14:15:11 +0200] "GET /entry.php?id=10271&&ser=634451 HTTP/1.1" 200 989 "http://ed.activities.at/entry.php?id=10271&&ser=634391" "Mozilla/5.0 (Windows NT 5.1; rv:47.0) Gecko/20100101 Firefox/47.0"
213.208.136.109 - - [04/Jul/2016:14:15:11 +0200] "GET /gui/javascript/form_form.js?1467634511 HTTP/1.1" 200 16206 "http://ed.activities.at/entry.php?id=10271&&ser=634451" "Mozilla/5.0 (Windows NT 5.1; rv:47.0) Gecko/20100101 Firefox/47.0"
212.108.43.59 - - [04/Jul/2016:14:15:14 +0200] "GET /entry.php?id=10271&&ser=634454 HTTP/1.1" 200 987 "http://ed.activities.at/entry.php?id=10271&&ser=634394" "Mozilla/5.0 (Macintosh; Intel Mac OS X 10_10_5) AppleWebKit/601.6.17 (KHTML, like Gecko) Version/9.1.1 Safari/601.6.17"
212.108.43.59 - - [04/Jul/2016:14:15:15 +0200] "GET /gui/javascript/form_form.js?1467634515 HTTP/1.1" 200 16206 "http://ed.activities.at/entry.php?id=10271&&ser=634454" "Mozilla/5.0 (Macintosh; Intel Mac OS X 10_10_5) AppleWebKit/601.6.17 (KHTML, like Gecko) Version/9.1.1 Safari/601.6.17"
213.208.136.109 - - [04/Jul/2016:14:16:12 +0200] "GET /entry.php?id=10271&&ser=634511 HTTP/1.1" 200 990 "http://ed.activities.at/entry.php?id=10271&&ser=634451" "Mozilla/5.0 (Windows NT 5.1; rv:47.0) Gecko/20100101 Firefox/47.0"
213.208.136.109 - - [04/Jul/2016:14:16:12 +0200] "GET /gui/javascript/form_form.js?1467634572 HTTP/1.1" 200 16206 "http://ed.activities.at/entry.php?id=10271&&ser=634511" "Mozilla/5.0 (Windows NT 5.1; rv:47.0) Gecko/20100101 Firefox/47.0"
212.108.43.59 - - [04/Jul/2016:14:16:15 +0200] "GET /entry.php?id=10271&&ser=634515 HTTP/1.1" 200 987 "http://ed.activities.at/entry.php?id=10271&&ser=634454" "Mozilla/5.0 (Macintosh; Intel Mac OS X 10_10_5) AppleWebKit/601.6.17 (KHTML, like Gecko) Version/9.1.1 Safari/601.6.17"
212.108.43.59 - - [04/Jul/2016:14:16:15 +0200] "GET /gui/javascript/form_form.js?1467634575 HTTP/1.1" 200 16206 "http://ed.activities.at/entry.php?id=10271&&ser=634515" "Mozilla/5.0 (Macintosh; Intel Mac OS X 10_10_5) AppleWebKit/601.6.17 (KHTML, like Gecko) Version/9.1.1 Safari/601.6.17"
213.208.136.109 - - [04/Jul/2016:14:17:12 +0200] "GET /entry.php?id=10271&&ser=634572 HTTP/1.1" 200 991 "http://ed.activities.at/entry.php?id=10271&&ser=634511" "Mozilla/5.0 (Windows NT 5.1; rv:47.0) Gecko/20100101 Firefox/47.0"
213.208.136.109 - - [04/Jul/2016:14:17:12 +0200] "GET /gui/javascript/form_form.js?1467634632 HTTP/1.1" 200 16206 "http://ed.activities.at/entry.php?id=10271&&ser=634572" "Mozilla/5.0 (Windows NT 5.1; rv:47.0) Gecko/20100101 Firefox/47.0"
212.108.43.59 - - [04/Jul/2016:14:17:15 +0200] "GET /entry.php?id=10271&&ser=634575 HTTP/1.1" 200 988 "http://ed.activities.at/entry.php?id=10271&&ser=634515" "Mozilla/5.0 (Macintosh; Intel Mac OS X 10_10_5) AppleWebKit/601.6.17 (KHTML, like Gecko) Version/9.1.1 Safari/601.6.17"
212.108.43.59 - - [04/Jul/2016:14:17:15 +0200] "GET /gui/javascript/form_form.js?1467634635 HTTP/1.1" 200 16206 "http://ed.activities.at/entry.php?id=10271&&ser=634575" "Mozilla/5.0 (Macintosh; Intel Mac OS X 10_10_5) AppleWebKit/601.6.17 (KHTML, like Gecko) Version/9.1.1 Safari/601.6.17"
213.208.136.109 - - [04/Jul/2016:14:18:12 +0200] "GET /entry.php?id=10271&&ser=634632 HTTP/1.1" 200 991 "http://ed.activities.at/entry.php?id=10271&&ser=634572" "Mozilla/5.0 (Windows NT 5.1; rv:47.0) Gecko/20100101 Firefox/47.0"
213.208.136.109 - - [04/Jul/2016:14:18:13 +0200] "GET /gui/javascript/form_form.js?1467634693 HTTP/1.1" 200 16206 "http://ed.activities.at/entry.php?id=10271&&ser=634632" "Mozilla/5.0 (Windows NT 5.1; rv:47.0) Gecko/20100101 Firefox/47.0"
212.108.43.59 - - [04/Jul/2016:14:18:15 +0200] "GET /entry.php?id=10271&&ser=634635 HTTP/1.1" 200 988 "http://ed.activities.at/entry.php?id=10271&&ser=634575" "Mozilla/5.0 (Macintosh; Intel Mac OS X 10_10_5) AppleWebKit/601.6.17 (KHTML, like Gecko) Version/9.1.1 Safari/601.6.17"
212.108.43.59 - - [04/Jul/2016:14:18:16 +0200] "GET /gui/javascript/form_form.js?1467634696 HTTP/1.1" 200 16206 "http://ed.activities.at/entry.php?id=10271&&ser=634635" "Mozilla/5.0 (Macintosh; Intel Mac OS X 10_10_5) AppleWebKit/601.6.17 (KHTML, like Gecko) Version/9.1.1 Safari/601.6.17"
213.208.136.109 - - [04/Jul/2016:14:19:13 +0200] "GET /entry.php?id=10271&&ser=634693 HTTP/1.1" 200 990 "http://ed.activities.at/entry.php?id=10271&&ser=634632" "Mozilla/5.0 (Windows NT 5.1; rv:47.0) Gecko/20100101 Firefox/47.0"
213.208.136.109 - - [04/Jul/2016:14:19:13 +0200] "GET /gui/javascript/form_form.js?1467634753 HTTP/1.1" 200 16206 "http://ed.activities.at/entry.php?id=10271&&ser=634693" "Mozilla/5.0 (Windows NT 5.1; rv:47.0) Gecko/20100101 Firefox/47.0"
212.108.43.59 - - [04/Jul/2016:14:19:16 +0200] "GET /entry.php?id=10271&&ser=634696 HTTP/1.1" 200 988 "http://ed.activities.at/entry.php?id=10271&&ser=634635" "Mozilla/5.0 (Macintosh; Intel Mac OS X 10_10_5) AppleWebKit/601.6.17 (KHTML, like Gecko) Version/9.1.1 Safari/601.6.17"
212.108.43.59 - - [04/Jul/2016:14:19:16 +0200] "GET /gui/javascript/form_form.js?1467634756 HTTP/1.1" 200 16206 "http://ed.activities.at/entry.php?id=10271&&ser=634696" "Mozilla/5.0 (Macintosh; Intel Mac OS X 10_10_5) AppleWebKit/601.6.17 (KHTML, like Gecko) Version/9.1.1 Safari/601.6.17"
213.208.136.109 - - [04/Jul/2016:14:20:13 +0200] "GET /entry.php?id=10271&&ser=634753 HTTP/1.1" 200 990 "http://ed.activities.at/entry.php?id=10271&&ser=634693" "Mozilla/5.0 (Windows NT 5.1; rv:47.0) Gecko/20100101 Firefox/47.0"
213.208.136.109 - - [04/Jul/2016:14:20:13 +0200] "GET /gui/javascript/form_form.js?1467634813 HTTP/1.1" 200 16206 "http://ed.activities.at/entry.php?id=10271&&ser=634753" "Mozilla/5.0 (Windows NT 5.1; rv:47.0) Gecko/20100101 Firefox/47.0"
212.108.43.59 - - [04/Jul/2016:14:20:16 +0200] "GET /entry.php?id=10271&&ser=634756 HTTP/1.1" 200 988 "http://ed.activities.at/entry.php?id=10271&&ser=634696" "Mozilla/5.0 (Macintosh; Intel Mac OS X 10_10_5) AppleWebKit/601.6.17 (KHTML, like Gecko) Version/9.1.1 Safari/601.6.17"
212.108.43.59 - - [04/Jul/2016:14:20:16 +0200] "GET /gui/javascript/form_form.js?1467634816 HTTP/1.1" 200 16206 "http://ed.activities.at/entry.php?id=10271&&ser=634756" "Mozilla/5.0 (Macintosh; Intel Mac OS X 10_10_5) AppleWebKit/601.6.17 (KHTML, like Gecko) Version/9.1.1 Safari/601.6.17"
213.208.136.109 - - [04/Jul/2016:14:21:14 +0200] "GET /entry.php?id=10271&&ser=634813 HTTP/1.1" 200 990 "http://ed.activities.at/entry.php?id=10271&&ser=634753" "Mozilla/5.0 (Windows NT 5.1; rv:47.0) Gecko/20100101 Firefox/47.0"
213.208.136.109 - - [04/Jul/2016:14:21:14 +0200] "GET /gui/javascript/form_form.js?1467634874 HTTP/1.1" 200 16206 "http://ed.activities.at/entry.php?id=10271&&ser=634813" "Mozilla/5.0 (Windows NT 5.1; rv:47.0) Gecko/20100101 Firefox/47.0"
212.108.43.59 - - [04/Jul/2016:14:21:16 +0200] "GET /entry.php?id=10271&&ser=634816 HTTP/1.1" 200 988 "http://ed.activities.at/entry.php?id=10271&&ser=634756" "Mozilla/5.0 (Macintosh; Intel Mac OS X 10_10_5) AppleWebKit/601.6.17 (KHTML, like Gecko) Version/9.1.1 Safari/601.6.17"
212.108.43.59 - - [04/Jul/2016:14:21:16 +0200] "GET /gui/javascript/form_form.js?1467634876 HTTP/1.1" 200 16206 "http://ed.activities.at/entry.php?id=10271&&ser=634816" "Mozilla/5.0 (Macintosh; Intel Mac OS X 10_10_5) AppleWebKit/601.6.17 (KHTML, like Gecko) Version/9.1.1 Safari/601.6.17"
213.208.136.109 - - [04/Jul/2016:14:22:14 +0200] "GET /entry.php?id=10271&&ser=634874 HTTP/1.1" 200 990 "http://ed.activities.at/entry.php?id=10271&&ser=634813" "Mozilla/5.0 (Windows NT 5.1; rv:47.0) Gecko/20100101 Firefox/47.0"
213.208.136.109 - - [04/Jul/2016:14:22:14 +0200] "GET /gui/javascript/form_form.js?1467634934 HTTP/1.1" 200 16206 "http://ed.activities.at/entry.php?id=10271&&ser=634874" "Mozilla/5.0 (Windows NT 5.1; rv:47.0) Gecko/20100101 Firefox/47.0"
212.108.43.59 - - [04/Jul/2016:14:22:17 +0200] "GET /entry.php?id=10271&&ser=634876 HTTP/1.1" 200 987 "http://ed.activities.at/entry.php?id=10271&&ser=634816" "Mozilla/5.0 (Macintosh; Intel Mac OS X 10_10_5) AppleWebKit/601.6.17 (KHTML, like Gecko) Version/9.1.1 Safari/601.6.17"
212.108.43.59 - - [04/Jul/2016:14:22:17 +0200] "GET /gui/javascript/form_form.js?1467634937 HTTP/1.1" 200 16206 "http://ed.activities.at/entry.php?id=10271&&ser=634876" "Mozilla/5.0 (Macintosh; Intel Mac OS X 10_10_5) AppleWebKit/601.6.17 (KHTML, like Gecko) Version/9.1.1 Safari/601.6.17"
213.208.136.109 - - [04/Jul/2016:14:23:14 +0200] "GET /entry.php?id=10271&&ser=634934 HTTP/1.1" 200 990 "http://ed.activities.at/entry.php?id=10271&&ser=634874" "Mozilla/5.0 (Windows NT 5.1; rv:47.0) Gecko/20100101 Firefox/47.0"
213.208.136.109 - - [04/Jul/2016:14:23:15 +0200] "GET /gui/javascript/form_form.js?1467634995 HTTP/1.1" 200 16206 "http://ed.activities.at/entry.php?id=10271&&ser=634934" "Mozilla/5.0 (Windows NT 5.1; rv:47.0) Gecko/20100101 Firefox/47.0"
212.108.43.59 - - [04/Jul/2016:14:23:17 +0200] "GET /entry.php?id=10271&&ser=634937 HTTP/1.1" 200 987 "http://ed.activities.at/entry.php?id=10271&&ser=634876" "Mozilla/5.0 (Macintosh; Intel Mac OS X 10_10_5) AppleWebKit/601.6.17 (KHTML, like Gecko) Version/9.1.1 Safari/601.6.17"
212.108.43.59 - - [04/Jul/2016:14:23:17 +0200] "GET /gui/javascript/form_form.js?1467634997 HTTP/1.1" 200 16206 "http://ed.activities.at/entry.php?id=10271&&ser=634937" "Mozilla/5.0 (Macintosh; Intel Mac OS X 10_10_5) AppleWebKit/601.6.17 (KHTML, like Gecko) Version/9.1.1 Safari/601.6.17"
213.208.136.109 - - [04/Jul/2016:14:24:15 +0200] "GET /entry.php?id=10271&&ser=634995 HTTP/1.1" 200 990 "http://ed.activities.at/entry.php?id=10271&&ser=634934" "Mozilla/5.0 (Windows NT 5.1; rv:47.0) Gecko/20100101 Firefox/47.0"
213.208.136.109 - - [04/Jul/2016:14:24:15 +0200] "GET /gui/javascript/form_form.js?1467635055 HTTP/1.1" 200 16206 "http://ed.activities.at/entry.php?id=10271&&ser=634995" "Mozilla/5.0 (Windows NT 5.1; rv:47.0) Gecko/20100101 Firefox/47.0"
212.108.43.59 - - [04/Jul/2016:14:24:17 +0200] "GET /entry.php?id=10271&&ser=634997 HTTP/1.1" 200 987 "http://ed.activities.at/entry.php?id=10271&&ser=634937" "Mozilla/5.0 (Macintosh; Intel Mac OS X 10_10_5) AppleWebKit/601.6.17 (KHTML, like Gecko) Version/9.1.1 Safari/601.6.17"
212.108.43.59 - - [04/Jul/2016:14:24:17 +0200] "GET /gui/javascript/form_form.js?1467635057 HTTP/1.1" 200 16206 "http://ed.activities.at/entry.php?id=10271&&ser=634997" "Mozilla/5.0 (Macintosh; Intel Mac OS X 10_10_5) AppleWebKit/601.6.17 (KHTML, like Gecko) Version/9.1.1 Safari/601.6.17"
213.208.136.109 - - [04/Jul/2016:14:25:15 +0200] "GET /entry.php?id=10271&&ser=635055 HTTP/1.1" 200 990 "http://ed.activities.at/entry.php?id=10271&&ser=634995" "Mozilla/5.0 (Windows NT 5.1; rv:47.0) Gecko/20100101 Firefox/47.0"
213.208.136.109 - - [04/Jul/2016:14:25:15 +0200] "GET /gui/javascript/form_form.js?1467635115 HTTP/1.1" 200 16206 "http://ed.activities.at/entry.php?id=10271&&ser=635055" "Mozilla/5.0 (Windows NT 5.1; rv:47.0) Gecko/20100101 Firefox/47.0"
212.108.43.59 - - [04/Jul/2016:14:25:17 +0200] "GET /entry.php?id=10271&&ser=635057 HTTP/1.1" 200 987 "http://ed.activities.at/entry.php?id=10271&&ser=634997" "Mozilla/5.0 (Macintosh; Intel Mac OS X 10_10_5) AppleWebKit/601.6.17 (KHTML, like Gecko) Version/9.1.1 Safari/601.6.17"
212.108.43.59 - - [04/Jul/2016:14:25:18 +0200] "GET /gui/javascript/form_form.js?1467635118 HTTP/1.1" 200 16206 "http://ed.activities.at/entry.php?id=10271&&ser=635057" "Mozilla/5.0 (Macintosh; Intel Mac OS X 10_10_5) AppleWebKit/601.6.17 (KHTML, like Gecko) Version/9.1.1 Safari/601.6.17"
213.208.136.109 - - [04/Jul/2016:14:25:42 +0200] "GET /entry.php?id=10466 HTTP/1.1" 200 2476 "http://ed.activities.at/entry.php?id=10270&&__app__=223323" "Mozilla/5.0 (Windows NT 5.1; rv:47.0) Gecko/20100101 Firefox/47.0"
213.208.136.109 - - [04/Jul/2016:14:25:42 +0200] "GET /gui/javascript/form_form.js?1467635142 HTTP/1.1" 200 16206 "http://ed.activities.at/entry.php?id=10466" "Mozilla/5.0 (Windows NT 5.1; rv:47.0) Gecko/20100101 Firefox/47.0"
213.208.136.109 - - [04/Jul/2016:14:25:43 +0200] "GET /entry.php?id=10776&form=10353&name=logfiles& HTTP/1.1" 200 1551 "http://ed.activities.at/entry.php?id=10466" "Mozilla/5.0 (Windows NT 5.1; rv:47.0) Gecko/20100101 Firefox/47.0"
213.208.136.109 - - [04/Jul/2016:14:25:43 +0200] "GET /entry.php?id=10778&form=10353&name=logfiles& HTTP/1.1" 200 2413 "http://ed.activities.at/entry.php?id=10466" "Mozilla/5.0 (Windows NT 5.1; rv:47.0) Gecko/20100101 Firefox/47.0"
213.208.136.109 - - [04/Jul/2016:14:25:45 +0200] "POST /entry.php?id=10466 HTTP/1.1" 200 2691 "http://ed.activities.at/entry.php?id=10466" "Mozilla/5.0 (Windows NT 5.1; rv:47.0) Gecko/20100101 Firefox/47.0"
213.208.136.109 - - [04/Jul/2016:14:25:45 +0200] "GET /gui/javascript/form_form.js?1467635145 HTTP/1.1" 200 16206 "http://ed.activities.at/entry.php?id=10466" "Mozilla/5.0 (Windows NT 5.1; rv:47.0) Gecko/20100101 Firefox/47.0"
213.208.136.109 - - [04/Jul/2016:14:25:45 +0200] "GET /entry.php?id=10778&form=10353&name=logfiles& HTTP/1.1" 200 2718 "http://ed.activities.at/entry.php?id=10466" "Mozilla/5.0 (Windows NT 5.1; rv:47.0) Gecko/20100101 Firefox/47.0"
213.208.136.109 - - [04/Jul/2016:14:25:45 +0200] "GET /entry.php?id=10776&form=10353&name=logfiles& HTTP/1.1" 200 1551 "http://ed.activities.at/entry.php?id=10466" "Mozilla/5.0 (Windows NT 5.1; rv:47.0) Gecko/20100101 Firefox/47.0"
213.208.136.109 - - [04/Jul/2016:14:25:50 +0200] "POST /entry.php?id=10466 HTTP/1.1" 200 3282 "http://ed.activities.at/entry.php?id=10466" "Mozilla/5.0 (Windows NT 5.1; rv:47.0) Gecko/20100101 Firefox/47.0"
213.208.136.109 - - [04/Jul/2016:14:25:50 +0200] "GET /gui/javascript/form_form.js?1467635150 HTTP/1.1" 200 16206 "http://ed.activities.at/entry.php?id=10466" "Mozilla/5.0 (Windows NT 5.1; rv:47.0) Gecko/20100101 Firefox/47.0"
213.208.136.109 - - [04/Jul/2016:14:25:50 +0200] "GET /entry.php?id=10776&form=10353&name=logfiles& HTTP/1.1" 200 1551 "http://ed.activities.at/entry.php?id=10466" "Mozilla/5.0 (Windows NT 5.1; rv:47.0) Gecko/20100101 Firefox/47.0"
213.208.136.109 - - [04/Jul/2016:14:25:50 +0200] "GET /entry.php?id=10778&form=10353&name=logfiles& HTTP/1.1" 200 2728 "http://ed.activities.at/entry.php?id=10466" "Mozilla/5.0 (Windows NT 5.1; rv:47.0) Gecko/20100101 Firefox/47.0"
213.208.136.109 - - [04/Jul/2016:14:25:54 +0200] "POST /entry.php?id=10466 HTTP/1.1" 200 2691 "http://ed.activities.at/entry.php?id=10466" "Mozilla/5.0 (Windows NT 5.1; rv:47.0) Gecko/20100101 Firefox/47.0"
213.208.136.109 - - [04/Jul/2016:14:25:54 +0200] "GET /gui/javascript/form_form.js?1467635154 HTTP/1.1" 200 16206 "http://ed.activities.at/entry.php?id=10466" "Mozilla/5.0 (Windows NT 5.1; rv:47.0) Gecko/20100101 Firefox/47.0"
213.208.136.109 - - [04/Jul/2016:14:25:55 +0200] "GET /entry.php?id=10778&form=10353&name=logfiles& HTTP/1.1" 200 2635 "http://ed.activities.at/entry.php?id=10466" "Mozilla/5.0 (Windows NT 5.1; rv:47.0) Gecko/20100101 Firefox/47.0"
213.208.136.109 - - [04/Jul/2016:14:25:55 +0200] "GET /entry.php?id=10776&form=10353&name=logfiles& HTTP/1.1" 200 1551 "http://ed.activities.at/entry.php?id=10466" "Mozilla/5.0 (Windows NT 5.1; rv:47.0) Gecko/20100101 Firefox/47.0"
213.208.136.109 - - [04/Jul/2016:14:26:00 +0200] "POST /entry.php?id=10466 HTTP/1.1" 200 2499 "http://ed.activities.at/entry.php?id=10466" "Mozilla/5.0 (Windows NT 5.1; rv:47.0) Gecko/20100101 Firefox/47.0"
213.208.136.109 - - [04/Jul/2016:14:26:01 +0200] "GET /gui/javascript/form_form.js?1467635161 HTTP/1.1" 200 16206 "http://ed.activities.at/entry.php?id=10466" "Mozilla/5.0 (Windows NT 5.1; rv:47.0) Gecko/20100101 Firefox/47.0"
213.208.136.109 - - [04/Jul/2016:14:26:01 +0200] "GET /entry.php?id=10776&form=10353&name=logfiles& HTTP/1.1" 200 1551 "http://ed.activities.at/entry.php?id=10466" "Mozilla/5.0 (Windows NT 5.1; rv:47.0) Gecko/20100101 Firefox/47.0"
213.208.136.109 - - [04/Jul/2016:14:26:01 +0200] "GET /entry.php?id=10778&form=10353&name=logfiles& HTTP/1.1" 200 2413 "http://ed.activities.at/entry.php?id=10466" "Mozilla/5.0 (Windows NT 5.1; rv:47.0) Gecko/20100101 Firefox/47.0"
213.208.136.109 - - [04/Jul/2016:14:26:15 +0200] "GET /entry.php?id=10271&&ser=635115 HTTP/1.1" 200 990 "http://ed.activities.at/entry.php?id=10271&&ser=635055" "Mozilla/5.0 (Windows NT 5.1; rv:47.0) Gecko/20100101 Firefox/47.0"
213.208.136.109 - - [04/Jul/2016:14:26:15 +0200] "GET /gui/javascript/form_form.js?1467635175 HTTP/1.1" 200 16206 "http://ed.activities.at/entry.php?id=10271&&ser=635115" "Mozilla/5.0 (Windows NT 5.1; rv:47.0) Gecko/20100101 Firefox/47.0"
212.108.43.59 - - [04/Jul/2016:14:26:18 +0200] "GET /entry.php?id=10271&&ser=635118 HTTP/1.1" 200 987 "http://ed.activities.at/entry.php?id=10271&&ser=635057" "Mozilla/5.0 (Macintosh; Intel Mac OS X 10_10_5) AppleWebKit/601.6.17 (KHTML, like Gecko) Version/9.1.1 Safari/601.6.17"
212.108.43.59 - - [04/Jul/2016:14:26:18 +0200] "GET /gui/javascript/form_form.js?1467635178 HTTP/1.1" 200 16206 "http://ed.activities.at/entry.php?id=10271&&ser=635118" "Mozilla/5.0 (Macintosh; Intel Mac OS X 10_10_5) AppleWebKit/601.6.17 (KHTML, like Gecko) Version/9.1.1 Safari/601.6.17"
213.208.136.109 - - [04/Jul/2016:14:26:33 +0200] "POST /entry.php?id=10466 HTTP/1.1" 200 2627 "http://ed.activities.at/entry.php?id=10466" "Mozilla/5.0 (Windows NT 5.1; rv:47.0) Gecko/20100101 Firefox/47.0"
213.208.136.109 - - [04/Jul/2016:14:26:34 +0200] "GET /gui/javascript/form_form.js?1467635194 HTTP/1.1" 200 16206 "http://ed.activities.at/entry.php?id=10466" "Mozilla/5.0 (Windows NT 5.1; rv:47.0) Gecko/20100101 Firefox/47.0"
213.208.136.109 - - [04/Jul/2016:14:26:34 +0200] "GET /entry.php?id=10776&form=10353&name=logfiles& HTTP/1.1" 200 1551 "http://ed.activities.at/entry.php?id=10466" "Mozilla/5.0 (Windows NT 5.1; rv:47.0) Gecko/20100101 Firefox/47.0"
213.208.136.109 - - [04/Jul/2016:14:26:34 +0200] "GET /entry.php?id=10778&form=10353&name=logfiles& HTTP/1.1" 200 2634 "http://ed.activities.at/entry.php?id=10466" "Mozilla/5.0 (Windows NT 5.1; rv:47.0) Gecko/20100101 Firefox/47.0"
213.208.136.109 - - [04/Jul/2016:14:27:15 +0200] "GET /entry.php?id=10271&&ser=635175 HTTP/1.1" 200 989 "http://ed.activities.at/entry.php?id=10271&&ser=635115" "Mozilla/5.0 (Windows NT 5.1; rv:47.0) Gecko/20100101 Firefox/47.0"
213.208.136.109 - - [04/Jul/2016:14:27:15 +0200] "GET /gui/javascript/form_form.js?1467635235 HTTP/1.1" 200 16206 "http://ed.activities.at/entry.php?id=10271&&ser=635175" "Mozilla/5.0 (Windows NT 5.1; rv:47.0) Gecko/20100101 Firefox/47.0"
212.108.43.59 - - [04/Jul/2016:14:27:18 +0200] "GET /entry.php?id=10271&&ser=635178 HTTP/1.1" 200 987 "http://ed.activities.at/entry.php?id=10271&&ser=635118" "Mozilla/5.0 (Macintosh; Intel Mac OS X 10_10_5) AppleWebKit/601.6.17 (KHTML, like Gecko) Version/9.1.1 Safari/601.6.17"
212.108.43.59 - - [04/Jul/2016:14:27:19 +0200] "GET /gui/javascript/form_form.js?1467635238 HTTP/1.1" 200 16206 "http://ed.activities.at/entry.php?id=10271&&ser=635178" "Mozilla/5.0 (Macintosh; Intel Mac OS X 10_10_5) AppleWebKit/601.6.17 (KHTML, like Gecko) Version/9.1.1 Safari/601.6.17"
213.208.136.109 - - [04/Jul/2016:14:28:15 +0200] "GET /entry.php?id=10271&&ser=635235 HTTP/1.1" 200 990 "http://ed.activities.at/entry.php?id=10271&&ser=635175" "Mozilla/5.0 (Windows NT 5.1; rv:47.0) Gecko/20100101 Firefox/47.0"
213.208.136.109 - - [04/Jul/2016:14:28:15 +0200] "GET /gui/javascript/form_form.js?1467635295 HTTP/1.1" 200 16206 "http://ed.activities.at/entry.php?id=10271&&ser=635235" "Mozilla/5.0 (Windows NT 5.1; rv:47.0) Gecko/20100101 Firefox/47.0"
212.108.43.59 - - [04/Jul/2016:14:28:19 +0200] "GET /entry.php?id=10271&&ser=635238 HTTP/1.1" 200 987 "http://ed.activities.at/entry.php?id=10271&&ser=635178" "Mozilla/5.0 (Macintosh; Intel Mac OS X 10_10_5) AppleWebKit/601.6.17 (KHTML, like Gecko) Version/9.1.1 Safari/601.6.17"
212.108.43.59 - - [04/Jul/2016:14:28:19 +0200] "GET /gui/javascript/form_form.js?1467635299 HTTP/1.1" 200 16206 "http://ed.activities.at/entry.php?id=10271&&ser=635238" "Mozilla/5.0 (Macintosh; Intel Mac OS X 10_10_5) AppleWebKit/601.6.17 (KHTML, like Gecko) Version/9.1.1 Safari/601.6.17"
213.208.136.109 - - [04/Jul/2016:14:29:15 +0200] "GET /entry.php?id=10271&&ser=635295 HTTP/1.1" 200 991 "http://ed.activities.at/entry.php?id=10271&&ser=635235" "Mozilla/5.0 (Windows NT 5.1; rv:47.0) Gecko/20100101 Firefox/47.0"
213.208.136.109 - - [04/Jul/2016:14:29:15 +0200] "GET /gui/javascript/form_form.js?1467635355 HTTP/1.1" 200 16206 "http://ed.activities.at/entry.php?id=10271&&ser=635295" "Mozilla/5.0 (Windows NT 5.1; rv:47.0) Gecko/20100101 Firefox/47.0"
212.108.43.59 - - [04/Jul/2016:14:29:19 +0200] "GET /entry.php?id=10271&&ser=635299 HTTP/1.1" 200 987 "http://ed.activities.at/entry.php?id=10271&&ser=635238" "Mozilla/5.0 (Macintosh; Intel Mac OS X 10_10_5) AppleWebKit/601.6.17 (KHTML, like Gecko) Version/9.1.1 Safari/601.6.17"
212.108.43.59 - - [04/Jul/2016:14:29:19 +0200] "GET /gui/javascript/form_form.js?1467635359 HTTP/1.1" 200 16206 "http://ed.activities.at/entry.php?id=10271&&ser=635299" "Mozilla/5.0 (Macintosh; Intel Mac OS X 10_10_5) AppleWebKit/601.6.17 (KHTML, like Gecko) Version/9.1.1 Safari/601.6.17"
213.208.136.109 - - [04/Jul/2016:14:30:16 +0200] "GET /entry.php?id=10271&&ser=635355 HTTP/1.1" 200 990 "http://ed.activities.at/entry.php?id=10271&&ser=635295" "Mozilla/5.0 (Windows NT 5.1; rv:47.0) Gecko/20100101 Firefox/47.0"
213.208.136.109 - - [04/Jul/2016:14:30:16 +0200] "GET /gui/javascript/form_form.js?1467635416 HTTP/1.1" 200 16206 "http://ed.activities.at/entry.php?id=10271&&ser=635355" "Mozilla/5.0 (Windows NT 5.1; rv:47.0) Gecko/20100101 Firefox/47.0"
212.108.43.59 - - [04/Jul/2016:14:30:20 +0200] "GET /entry.php?id=10271&&ser=635359 HTTP/1.1" 200 987 "http://ed.activities.at/entry.php?id=10271&&ser=635299" "Mozilla/5.0 (Macintosh; Intel Mac OS X 10_10_5) AppleWebKit/601.6.17 (KHTML, like Gecko) Version/9.1.1 Safari/601.6.17"
212.108.43.59 - - [04/Jul/2016:14:30:20 +0200] "GET /gui/javascript/form_form.js?1467635420 HTTP/1.1" 200 16206 "http://ed.activities.at/entry.php?id=10271&&ser=635359" "Mozilla/5.0 (Macintosh; Intel Mac OS X 10_10_5) AppleWebKit/601.6.17 (KHTML, like Gecko) Version/9.1.1 Safari/601.6.17"
213.208.136.109 - - [04/Jul/2016:14:31:16 +0200] "GET /entry.php?id=10271&&ser=635416 HTTP/1.1" 200 991 "http://ed.activities.at/entry.php?id=10271&&ser=635355" "Mozilla/5.0 (Windows NT 5.1; rv:47.0) Gecko/20100101 Firefox/47.0"
213.208.136.109 - - [04/Jul/2016:14:31:16 +0200] "GET /gui/javascript/form_form.js?1467635476 HTTP/1.1" 200 16206 "http://ed.activities.at/entry.php?id=10271&&ser=635416" "Mozilla/5.0 (Windows NT 5.1; rv:47.0) Gecko/20100101 Firefox/47.0"
212.108.43.59 - - [04/Jul/2016:14:31:21 +0200] "GET /entry.php?id=10271&&ser=635420 HTTP/1.1" 200 987 "http://ed.activities.at/entry.php?id=10271&&ser=635359" "Mozilla/5.0 (Macintosh; Intel Mac OS X 10_10_5) AppleWebKit/601.6.17 (KHTML, like Gecko) Version/9.1.1 Safari/601.6.17"
212.108.43.59 - - [04/Jul/2016:14:31:21 +0200] "GET /gui/javascript/form_form.js?1467635481 HTTP/1.1" 200 16206 "http://ed.activities.at/entry.php?id=10271&&ser=635420" "Mozilla/5.0 (Macintosh; Intel Mac OS X 10_10_5) AppleWebKit/601.6.17 (KHTML, like Gecko) Version/9.1.1 Safari/601.6.17"
213.208.136.109 - - [04/Jul/2016:14:31:52 +0200] "POST /entry.php?id=10466 HTTP/1.1" 200 2764 "http://ed.activities.at/entry.php?id=10466" "Mozilla/5.0 (Windows NT 5.1; rv:47.0) Gecko/20100101 Firefox/47.0"
213.208.136.109 - - [04/Jul/2016:14:31:52 +0200] "GET /gui/javascript/form_form.js?1467635512 HTTP/1.1" 200 16206 "http://ed.activities.at/entry.php?id=10466" "Mozilla/5.0 (Windows NT 5.1; rv:47.0) Gecko/20100101 Firefox/47.0"
213.208.136.109 - - [04/Jul/2016:14:31:53 +0200] "GET /entry.php?id=10776&form=10353&name=logfiles& HTTP/1.1" 200 1551 "http://ed.activities.at/entry.php?id=10466" "Mozilla/5.0 (Windows NT 5.1; rv:47.0) Gecko/20100101 Firefox/47.0"
213.208.136.109 - - [04/Jul/2016:14:31:53 +0200] "GET /entry.php?id=10778&form=10353&name=logfiles& HTTP/1.1" 200 2636 "http://ed.activities.at/entry.php?id=10466" "Mozilla/5.0 (Windows NT 5.1; rv:47.0) Gecko/20100101 Firefox/47.0"
213.208.136.109 - - [04/Jul/2016:14:32:16 +0200] "GET /entry.php?id=10271&&ser=635476 HTTP/1.1" 200 991 "http://ed.activities.at/entry.php?id=10271&&ser=635416" "Mozilla/5.0 (Windows NT 5.1; rv:47.0) Gecko/20100101 Firefox/47.0"
213.208.136.109 - - [04/Jul/2016:14:32:16 +0200] "GET /gui/javascript/form_form.js?1467635536 HTTP/1.1" 200 16206 "http://ed.activities.at/entry.php?id=10271&&ser=635476" "Mozilla/5.0 (Windows NT 5.1; rv:47.0) Gecko/20100101 Firefox/47.0"
212.108.43.59 - - [04/Jul/2016:14:32:22 +0200] "GET /entry.php?id=10271&&ser=635481 HTTP/1.1" 200 987 "http://ed.activities.at/entry.php?id=10271&&ser=635420" "Mozilla/5.0 (Macintosh; Intel Mac OS X 10_10_5) AppleWebKit/601.6.17 (KHTML, like Gecko) Version/9.1.1 Safari/601.6.17"
212.108.43.59 - - [04/Jul/2016:14:32:22 +0200] "GET /gui/javascript/form_form.js?1467635542 HTTP/1.1" 200 16206 "http://ed.activities.at/entry.php?id=10271&&ser=635481" "Mozilla/5.0 (Macintosh; Intel Mac OS X 10_10_5) AppleWebKit/601.6.17 (KHTML, like Gecko) Version/9.1.1 Safari/601.6.17"
213.208.136.109 - - [04/Jul/2016:14:32:47 +0200] "POST /entry.php?id=10466 HTTP/1.1" 200 2500 "http://ed.activities.at/entry.php?id=10466" "Mozilla/5.0 (Windows NT 5.1; rv:47.0) Gecko/20100101 Firefox/47.0"
213.208.136.109 - - [04/Jul/2016:14:32:48 +0200] "GET /gui/javascript/form_form.js?1467635568 HTTP/1.1" 200 16206 "http://ed.activities.at/entry.php?id=10466" "Mozilla/5.0 (Windows NT 5.1; rv:47.0) Gecko/20100101 Firefox/47.0"
213.208.136.109 - - [04/Jul/2016:14:32:48 +0200] "GET /entry.php?id=10776&form=10353&name=logfiles& HTTP/1.1" 200 1551 "http://ed.activities.at/entry.php?id=10466" "Mozilla/5.0 (Windows NT 5.1; rv:47.0) Gecko/20100101 Firefox/47.0"
213.208.136.109 - - [04/Jul/2016:14:32:48 +0200] "GET /entry.php?id=10778&form=10353&name=logfiles& HTTP/1.1" 200 2413 "http://ed.activities.at/entry.php?id=10466" "Mozilla/5.0 (Windows NT 5.1; rv:47.0) Gecko/20100101 Firefox/47.0"
213.208.136.109 - - [04/Jul/2016:14:32:53 +0200] "POST /entry.php?id=10466 HTTP/1.1" 200 2580 "http://ed.activities.at/entry.php?id=10466" "Mozilla/5.0 (Windows NT 5.1; rv:47.0) Gecko/20100101 Firefox/47.0"
213.208.136.109 - - [04/Jul/2016:14:32:54 +0200] "GET /gui/javascript/form_form.js?1467635574 HTTP/1.1" 200 16206 "http://ed.activities.at/entry.php?id=10466" "Mozilla/5.0 (Windows NT 5.1; rv:47.0) Gecko/20100101 Firefox/47.0"
213.208.136.109 - - [04/Jul/2016:14:32:54 +0200] "GET /entry.php?id=10776&form=10353&name=logfiles& HTTP/1.1" 200 1551 "http://ed.activities.at/entry.php?id=10466" "Mozilla/5.0 (Windows NT 5.1; rv:47.0) Gecko/20100101 Firefox/47.0"
213.208.136.109 - - [04/Jul/2016:14:32:54 +0200] "GET /entry.php?id=10778&form=10353&name=logfiles& HTTP/1.1" 200 2635 "http://ed.activities.at/entry.php?id=10466" "Mozilla/5.0 (Windows NT 5.1; rv:47.0) Gecko/20100101 Firefox/47.0"
213.208.136.109 - - [04/Jul/2016:14:33:16 +0200] "GET /entry.php?id=10271&&ser=635536 HTTP/1.1" 200 991 "http://ed.activities.at/entry.php?id=10271&&ser=635476" "Mozilla/5.0 (Windows NT 5.1; rv:47.0) Gecko/20100101 Firefox/47.0"
213.208.136.109 - - [04/Jul/2016:14:33:16 +0200] "GET /gui/javascript/form_form.js?1467635596 HTTP/1.1" 200 16206 "http://ed.activities.at/entry.php?id=10271&&ser=635536" "Mozilla/5.0 (Windows NT 5.1; rv:47.0) Gecko/20100101 Firefox/47.0"
