188.22.126.224 - - [21/Jul/2016:10:51:57 +0200] "GET /activities/framework/KoolControls/KoolTreeView/styles/default/v.gif HTTP/1.1" 200 1940 "http://ed.activities.at/activities/framework/KoolControls/KoolTreeView/styles/default/default.css" "Mozilla/5.0 (Windows NT 6.3; WOW64; rv:48.0) Gecko/20100101 Firefox/48.0"
188.22.126.224 - - [21/Jul/2016:10:51:57 +0200] "GET /activities/framework/KoolControls/KoolTreeView/styles/default/horizon.gif HTTP/1.1" 200 844 "http://ed.activities.at/activities/framework/KoolControls/KoolTreeView/styles/default/default.css" "Mozilla/5.0 (Windows NT 6.3; WOW64; rv:48.0) Gecko/20100101 Firefox/48.0"
188.22.126.224 - - [21/Jul/2016:10:51:57 +0200] "GET /activities/framework/KoolControls/KoolTreeView/styles/default/mid.gif HTTP/1.1" 200 71 "http://ed.activities.at/activities/framework/KoolControls/KoolTreeView/styles/default/default.css" "Mozilla/5.0 (Windows NT 6.3; WOW64; rv:48.0) Gecko/20100101 Firefox/48.0"
188.22.126.224 - - [21/Jul/2016:10:51:57 +0200] "GET /entry.php?id=11618&&object=&item=&emu_class= HTTP/1.1" 200 1695 "http://ed.activities.at/entry.php?id=11677&" "Mozilla/5.0 (Windows NT 6.3; WOW64; rv:48.0) Gecko/20100101 Firefox/48.0"
188.22.126.224 - - [21/Jul/2016:10:51:57 +0200] "POST /entry.php?id=11677 HTTP/1.1" 200 4407 "http://ed.activities.at/entry.php?id=11677&" "Mozilla/5.0 (Windows NT 6.3; WOW64; rv:48.0) Gecko/20100101 Firefox/48.0"
188.22.126.224 - - [21/Jul/2016:10:51:58 +0200] "GET /gui/javascript/form_form.js?1469091118 HTTP/1.1" 200 16206 "http://ed.activities.at/entry.php?id=11677" "Mozilla/5.0 (Windows NT 6.3; WOW64; rv:48.0) Gecko/20100101 Firefox/48.0"
188.22.126.224 - - [21/Jul/2016:10:51:58 +0200] "GET /gui/images/icons/wizard.png HTTP/1.1" 200 724 "http://ed.activities.at/entry.php?id=11677" "Mozilla/5.0 (Windows NT 6.3; WOW64; rv:48.0) Gecko/20100101 Firefox/48.0"
188.22.126.224 - - [21/Jul/2016:10:51:58 +0200] "POST /entry.php?id=11677 HTTP/1.1" 200 4407 "http://ed.activities.at/entry.php?id=11677" "Mozilla/5.0 (Windows NT 6.3; WOW64; rv:48.0) Gecko/20100101 Firefox/48.0"
188.22.126.224 - - [21/Jul/2016:10:51:59 +0200] "GET /gui/javascript/form_form.js?1469091119 HTTP/1.1" 200 16206 "http://ed.activities.at/entry.php?id=11677" "Mozilla/5.0 (Windows NT 6.3; WOW64; rv:48.0) Gecko/20100101 Firefox/48.0"
188.22.126.224 - - [21/Jul/2016:10:52:00 +0200] "GET /entry.php?id=11664 HTTP/1.1" 200 343 "http://ed.activities.at/entry.php?id=10270&__app__=10006038" "Mozilla/5.0 (Windows NT 6.3; WOW64; rv:48.0) Gecko/20100101 Firefox/48.0"
188.22.126.224 - - [21/Jul/2016:10:52:01 +0200] "GET /entry.php?id=10676&&title=Standorte HTTP/1.1" 200 1388 "http://ed.activities.at/entry.php?id=11664" "Mozilla/5.0 (Windows NT 6.3; WOW64; rv:48.0) Gecko/20100101 Firefox/48.0"
188.22.126.224 - - [21/Jul/2016:10:52:01 +0200] "GET /entry.php?id=11665& HTTP/1.1" 200 2316 "http://ed.activities.at/entry.php?id=11664" "Mozilla/5.0 (Windows NT 6.3; WOW64; rv:48.0) Gecko/20100101 Firefox/48.0"
188.22.126.224 - - [21/Jul/2016:10:52:01 +0200] "GET /entry.php?id=11697& HTTP/1.1" 200 2600 "http://ed.activities.at/entry.php?id=11664" "Mozilla/5.0 (Windows NT 6.3; WOW64; rv:48.0) Gecko/20100101 Firefox/48.0"
188.22.126.224 - - [21/Jul/2016:10:52:01 +0200] "GET /gui/javascript/form_form.js?1469091121 HTTP/1.1" 200 16206 "http://ed.activities.at/entry.php?id=10676&&title=Standorte" "Mozilla/5.0 (Windows NT 6.3; WOW64; rv:48.0) Gecko/20100101 Firefox/48.0"
188.22.126.224 - - [21/Jul/2016:10:52:02 +0200] "GET /gui/javascript/form_ed_addresses.js HTTP/1.1" 200 2295 "http://ed.activities.at/entry.php?id=11665&" "Mozilla/5.0 (Windows NT 6.3; WOW64; rv:48.0) Gecko/20100101 Firefox/48.0"
188.22.126.224 - - [21/Jul/2016:10:52:02 +0200] "GET /framework/webfx/javascript/scrolltable/scrolltableIframe.js HTTP/1.1" 200 9641 "http://ed.activities.at/entry.php?id=11665&" "Mozilla/5.0 (Windows NT 6.3; WOW64; rv:48.0) Gecko/20100101 Firefox/48.0"
188.22.126.224 - - [21/Jul/2016:10:52:01 +0200] "GET /entry.php?id=11666& HTTP/1.1" 200 3712 "http://ed.activities.at/entry.php?id=11664" "Mozilla/5.0 (Windows NT 6.3; WOW64; rv:48.0) Gecko/20100101 Firefox/48.0"
188.22.126.224 - - [21/Jul/2016:10:52:02 +0200] "GET /gui/images/icons/ajax_loading.gif HTTP/1.1" 200 1542 "http://ed.activities.at/entry.php?id=11665&" "Mozilla/5.0 (Windows NT 6.3; WOW64; rv:48.0) Gecko/20100101 Firefox/48.0"
188.22.126.224 - - [21/Jul/2016:10:52:02 +0200] "GET /entry.php?id=10776&form=11522&name=list& HTTP/1.1" 200 2260 "http://ed.activities.at/entry.php?id=11697&" "Mozilla/5.0 (Windows NT 6.3; WOW64; rv:48.0) Gecko/20100101 Firefox/48.0"
188.22.126.224 - - [21/Jul/2016:10:52:02 +0200] "GET /entry.php?id=10778&form=11522&name=list& HTTP/1.1" 200 3127 "http://ed.activities.at/entry.php?id=11697&" "Mozilla/5.0 (Windows NT 6.3; WOW64; rv:48.0) Gecko/20100101 Firefox/48.0"
188.22.126.224 - - [21/Jul/2016:10:52:02 +0200] "GET /gui/javascript/form_form.js?1469091122 HTTP/1.1" 200 16206 "http://ed.activities.at/entry.php?id=11666&" "Mozilla/5.0 (Windows NT 6.3; WOW64; rv:48.0) Gecko/20100101 Firefox/48.0"
188.22.126.224 - - [21/Jul/2016:10:52:02 +0200] "GET /gui/images/icons/user_add.png HTTP/1.1" 200 746 "http://ed.activities.at/entry.php?id=10776&form=11522&name=list&" "Mozilla/5.0 (Windows NT 6.3; WOW64; rv:48.0) Gecko/20100101 Firefox/48.0"
188.22.126.224 - - [21/Jul/2016:10:52:02 +0200] "GET /gui/images/icons/filter_on.gif HTTP/1.1" 200 316 "http://ed.activities.at/entry.php?id=10776&form=11522&name=list&" "Mozilla/5.0 (Windows NT 6.3; WOW64; rv:48.0) Gecko/20100101 Firefox/48.0"
188.22.126.224 - - [21/Jul/2016:10:52:02 +0200] "GET /entry.php?id=10776&form=11490&name=list& HTTP/1.1" 200 2009 "http://ed.activities.at/entry.php?id=11665&" "Mozilla/5.0 (Windows NT 6.3; WOW64; rv:48.0) Gecko/20100101 Firefox/48.0"
188.22.126.224 - - [21/Jul/2016:10:52:02 +0200] "GET /entry.php?id=10778&form=11490&name=list& HTTP/1.1" 200 3093 "http://ed.activities.at/entry.php?id=11665&" "Mozilla/5.0 (Windows NT 6.3; WOW64; rv:48.0) Gecko/20100101 Firefox/48.0"
188.22.126.224 - - [21/Jul/2016:10:52:02 +0200] "GET /gui/images/icons/disable_light.gif HTTP/1.1" 200 616 "http://ed.activities.at/entry.php?id=10776&form=11522&name=list&" "Mozilla/5.0 (Windows NT 6.3; WOW64; rv:48.0) Gecko/20100101 Firefox/48.0"
188.22.126.224 - - [21/Jul/2016:10:52:02 +0200] "GET /gui/images/icons/email.gif HTTP/1.1" 200 937 "http://ed.activities.at/entry.php?id=11666&" "Mozilla/5.0 (Windows NT 6.3; WOW64; rv:48.0) Gecko/20100101 Firefox/48.0"
188.22.126.224 - - [21/Jul/2016:10:52:02 +0200] "GET /gui/images/icons/user_link.png HTTP/1.1" 200 905 "http://ed.activities.at/entry.php?id=10776&form=11522&name=list&" "Mozilla/5.0 (Windows NT 6.3; WOW64; rv:48.0) Gecko/20100101 Firefox/48.0"
188.22.126.224 - - [21/Jul/2016:10:52:03 +0200] "GET /gui/images/icons/group.gif HTTP/1.1" 200 1014 "http://ed.activities.at/entry.php?id=10776&form=11522&name=list&" "Mozilla/5.0 (Windows NT 6.3; WOW64; rv:48.0) Gecko/20100101 Firefox/48.0"
188.22.126.224 - - [21/Jul/2016:10:52:03 +0200] "GET /gui/images/icons/lupe.gif HTTP/1.1" 200 324 "http://ed.activities.at/entry.php?id=10776&form=11522&name=list&" "Mozilla/5.0 (Windows NT 6.3; WOW64; rv:48.0) Gecko/20100101 Firefox/48.0"
188.22.126.224 - - [21/Jul/2016:10:52:03 +0200] "GET /framework/icons/fwx_trans.gif HTTP/1.1" 200 43 "http://ed.activities.at/entry.php?id=10778&form=11522&name=list&" "Mozilla/5.0 (Windows NT 6.3; WOW64; rv:48.0) Gecko/20100101 Firefox/48.0"
188.22.126.224 - - [21/Jul/2016:10:52:03 +0200] "GET /gui/images/icons/user_edit.png HTTP/1.1" 200 833 "http://ed.activities.at/entry.php?id=10776&form=11522&name=list&" "Mozilla/5.0 (Windows NT 6.3; WOW64; rv:48.0) Gecko/20100101 Firefox/48.0"
188.22.126.224 - - [21/Jul/2016:10:52:03 +0200] "GET /gui/images/icons/note_msg_icon.gif HTTP/1.1" 200 1022 "http://ed.activities.at/entry.php?id=10778&form=11522&name=list&" "Mozilla/5.0 (Windows NT 6.3; WOW64; rv:48.0) Gecko/20100101 Firefox/48.0"
188.22.126.224 - - [21/Jul/2016:10:52:03 +0200] "GET /gui/images/icons/disabled_user_admin.png HTTP/1.1" 200 770 "http://ed.activities.at/entry.php?id=10776&form=11490&name=list&" "Mozilla/5.0 (Windows NT 6.3; WOW64; rv:48.0) Gecko/20100101 Firefox/48.0"
188.22.126.224 - - [21/Jul/2016:10:52:03 +0200] "GET /gui/images/icons/user_admin.png HTTP/1.1" 200 875 "http://ed.activities.at/entry.php?id=10778&form=11490&name=list&" "Mozilla/5.0 (Windows NT 6.3; WOW64; rv:48.0) Gecko/20100101 Firefox/48.0"
188.22.126.224 - - [21/Jul/2016:10:52:03 +0200] "GET /framework/icons/rowselect.gif HTTP/1.1" 200 67 "http://ed.activities.at/entry.php?id=10778&form=11490&name=list&" "Mozilla/5.0 (Windows NT 6.3; WOW64; rv:48.0) Gecko/20100101 Firefox/48.0"
188.22.126.224 - - [21/Jul/2016:10:52:11 +0200] "POST /entry.php?id=11666 HTTP/1.1" 200 3638 "http://ed.activities.at/entry.php?id=11666&" "Mozilla/5.0 (Windows NT 6.3; WOW64; rv:48.0) Gecko/20100101 Firefox/48.0"
188.22.126.224 - - [21/Jul/2016:10:52:11 +0200] "GET /gui/javascript/form_form.js?1469091131 HTTP/1.1" 200 16206 "http://ed.activities.at/entry.php?id=11666" "Mozilla/5.0 (Windows NT 6.3; WOW64; rv:48.0) Gecko/20100101 Firefox/48.0"
188.22.126.224 - - [21/Jul/2016:10:52:11 +0200] "GET /gui/images/icons/delete.gif HTTP/1.1" 200 86 "http://ed.activities.at/entry.php?id=11666" "Mozilla/5.0 (Windows NT 6.3; WOW64; rv:48.0) Gecko/20100101 Firefox/48.0"
188.22.126.224 - - [21/Jul/2016:10:52:11 +0200] "GET /gui/images/icons/disabled_delete.gif HTTP/1.1" 200 86 "http://ed.activities.at/entry.php?id=11666" "Mozilla/5.0 (Windows NT 6.3; WOW64; rv:48.0) Gecko/20100101 Firefox/48.0"
188.22.126.224 - - [21/Jul/2016:10:52:13 +0200] "POST /entry.php?id=11666 HTTP/1.1" 200 2349 "http://ed.activities.at/entry.php?id=11666" "Mozilla/5.0 (Windows NT 6.3; WOW64; rv:48.0) Gecko/20100101 Firefox/48.0"
188.22.126.224 - - [21/Jul/2016:10:52:13 +0200] "GET /gui/javascript/form_form.js?1469091133 HTTP/1.1" 200 16206 "http://ed.activities.at/entry.php?id=11666" "Mozilla/5.0 (Windows NT 6.3; WOW64; rv:48.0) Gecko/20100101 Firefox/48.0"
188.22.126.224 - - [21/Jul/2016:10:52:13 +0200] "GET /entry.php?id=10646&&object=10221881&hiddetabs=true HTTP/1.1" 200 2157 "http://ed.activities.at/entry.php?id=11666" "Mozilla/5.0 (Windows NT 6.3; WOW64; rv:48.0) Gecko/20100101 Firefox/48.0"
188.22.126.224 - - [21/Jul/2016:10:52:14 +0200] "GET /gui/javascript/form_bu_mandator_property.js HTTP/1.1" 200 247 "http://ed.activities.at/entry.php?id=10646&&object=10221881&hiddetabs=true" "Mozilla/5.0 (Windows NT 6.3; WOW64; rv:48.0) Gecko/20100101 Firefox/48.0"
188.22.126.224 - - [21/Jul/2016:10:52:14 +0200] "GET /gui/javascript/form_form.js?1469091134 HTTP/1.1" 200 16206 "http://ed.activities.at/entry.php?id=10646&&object=10221881&hiddetabs=true" "Mozilla/5.0 (Windows NT 6.3; WOW64; rv:48.0) Gecko/20100101 Firefox/48.0"
188.22.126.224 - - [21/Jul/2016:10:52:14 +0200] "GET /entry.php?id=10776&form=10490&name=list& HTTP/1.1" 200 1426 "http://ed.activities.at/entry.php?id=10646&&object=10221881&hiddetabs=true" "Mozilla/5.0 (Windows NT 6.3; WOW64; rv:48.0) Gecko/20100101 Firefox/48.0"
188.22.126.224 - - [21/Jul/2016:10:52:14 +0200] "GET /entry.php?id=10778&form=10490&name=list& HTTP/1.1" 200 2935 "http://ed.activities.at/entry.php?id=10646&&object=10221881&hiddetabs=true" "Mozilla/5.0 (Windows NT 6.3; WOW64; rv:48.0) Gecko/20100101 Firefox/48.0"
188.22.126.224 - - [21/Jul/2016:10:52:14 +0200] "GET /gui/images/icons/help.gif HTTP/1.1" 200 139 "http://ed.activities.at/entry.php?id=10778&form=10490&name=list&" "Mozilla/5.0 (Windows NT 6.3; WOW64; rv:48.0) Gecko/20100101 Firefox/48.0"
188.22.126.224 - - [21/Jul/2016:10:52:19 +0200] "POST /entry.php?id=11666 HTTP/1.1" 200 3711 "http://ed.activities.at/entry.php?id=11666" "Mozilla/5.0 (Windows NT 6.3; WOW64; rv:48.0) Gecko/20100101 Firefox/48.0"
188.22.126.224 - - [21/Jul/2016:10:52:19 +0200] "GET /gui/javascript/form_form.js?1469091139 HTTP/1.1" 200 16206 "http://ed.activities.at/entry.php?id=11666" "Mozilla/5.0 (Windows NT 6.3; WOW64; rv:48.0) Gecko/20100101 Firefox/48.0"
188.23.103.13 - - [21/Jul/2016:10:52:38 +0200] "GET /entry.php?id=10271&&ser=91098 HTTP/1.1" 200 987 "http://ed.activities.at/entry.php?id=10272" "Mozilla/5.0 (Windows NT 6.1; WOW64; Trident/7.0; rv:11.0) like Gecko"
188.23.103.13 - - [21/Jul/2016:10:52:39 +0200] "GET /gui/javascript/form_form.js?1469091159 HTTP/1.1" 200 16206 "http://ed.activities.at/entry.php?id=10271&&ser=91098" "Mozilla/5.0 (Windows NT 6.1; WOW64; Trident/7.0; rv:11.0) like Gecko"
188.22.126.224 - - [21/Jul/2016:10:52:50 +0200] "GET /entry.php?id=10271&&ser=91109 HTTP/1.1" 200 987 "http://ed.activities.at/entry.php?id=10271&" "Mozilla/5.0 (Windows NT 6.3; WOW64; rv:48.0) Gecko/20100101 Firefox/48.0"
188.22.126.224 - - [21/Jul/2016:10:52:50 +0200] "GET /gui/javascript/form_form.js?1469091170 HTTP/1.1" 200 16206 "http://ed.activities.at/entry.php?id=10271&&ser=91109" "Mozilla/5.0 (Windows NT 6.3; WOW64; rv:48.0) Gecko/20100101 Firefox/48.0"
188.23.103.13 - - [21/Jul/2016:10:53:39 +0200] "GET /entry.php?id=10271&&ser=91159 HTTP/1.1" 200 987 "http://ed.activities.at/entry.php?id=10272" "Mozilla/5.0 (Windows NT 6.1; WOW64; Trident/7.0; rv:11.0) like Gecko"
188.23.103.13 - - [21/Jul/2016:10:53:39 +0200] "GET /gui/javascript/form_form.js?1469091219 HTTP/1.1" 200 16206 "http://ed.activities.at/entry.php?id=10271&&ser=91159" "Mozilla/5.0 (Windows NT 6.1; WOW64; Trident/7.0; rv:11.0) like Gecko"
188.22.126.224 - - [21/Jul/2016:10:53:51 +0200] "GET /entry.php?id=10271&&ser=91170 HTTP/1.1" 200 986 "http://ed.activities.at/entry.php?id=10271&&ser=91109" "Mozilla/5.0 (Windows NT 6.3; WOW64; rv:48.0) Gecko/20100101 Firefox/48.0"
188.22.126.224 - - [21/Jul/2016:10:53:51 +0200] "GET /gui/javascript/form_form.js?1469091231 HTTP/1.1" 200 16206 "http://ed.activities.at/entry.php?id=10271&&ser=91170" "Mozilla/5.0 (Windows NT 6.3; WOW64; rv:48.0) Gecko/20100101 Firefox/48.0"
188.22.126.224 - - [21/Jul/2016:10:54:23 +0200] "POST /entry.php?id=11666 HTTP/1.1" 200 3934 "http://ed.activities.at/entry.php?id=11666" "Mozilla/5.0 (Windows NT 6.3; WOW64; rv:48.0) Gecko/20100101 Firefox/48.0"
188.22.126.224 - - [21/Jul/2016:10:54:25 +0200] "GET /gui/javascript/form_form.js?1469091264 HTTP/1.1" 200 16206 "http://ed.activities.at/entry.php?id=11666" "Mozilla/5.0 (Windows NT 6.3; WOW64; rv:48.0) Gecko/20100101 Firefox/48.0"
188.23.103.13 - - [21/Jul/2016:10:54:39 +0200] "GET /entry.php?id=10271&&ser=91219 HTTP/1.1" 200 987 "http://ed.activities.at/entry.php?id=10272" "Mozilla/5.0 (Windows NT 6.1; WOW64; Trident/7.0; rv:11.0) like Gecko"
188.23.103.13 - - [21/Jul/2016:10:54:39 +0200] "GET /gui/javascript/form_form.js?1469091279 HTTP/1.1" 200 16206 "http://ed.activities.at/entry.php?id=10271&&ser=91219" "Mozilla/5.0 (Windows NT 6.1; WOW64; Trident/7.0; rv:11.0) like Gecko"
188.22.126.224 - - [21/Jul/2016:10:54:40 +0200] "POST /entry.php?id=11666 HTTP/1.1" 200 3703 "http://ed.activities.at/entry.php?id=11666" "Mozilla/5.0 (Windows NT 6.3; WOW64; rv:48.0) Gecko/20100101 Firefox/48.0"
188.22.126.224 - - [21/Jul/2016:10:54:41 +0200] "GET /gui/javascript/form_form.js?1469091280 HTTP/1.1" 200 16206 "http://ed.activities.at/entry.php?id=11666" "Mozilla/5.0 (Windows NT 6.3; WOW64; rv:48.0) Gecko/20100101 Firefox/48.0"
188.22.126.224 - - [21/Jul/2016:10:54:40 +0200] "POST /entry.php?id=11697 HTTP/1.1" 200 2600 "http://ed.activities.at/entry.php?id=11697&" "Mozilla/5.0 (Windows NT 6.3; WOW64; rv:48.0) Gecko/20100101 Firefox/48.0"
188.22.126.224 - - [21/Jul/2016:10:54:41 +0200] "GET /gui/javascript/form_form.js?1469091281 HTTP/1.1" 200 16206 "http://ed.activities.at/entry.php?id=11697" "Mozilla/5.0 (Windows NT 6.3; WOW64; rv:48.0) Gecko/20100101 Firefox/48.0"
188.22.126.224 - - [21/Jul/2016:10:54:41 +0200] "GET /entry.php?id=10776&form=11522&name=list& HTTP/1.1" 200 2256 "http://ed.activities.at/entry.php?id=11697" "Mozilla/5.0 (Windows NT 6.3; WOW64; rv:48.0) Gecko/20100101 Firefox/48.0"
188.22.126.224 - - [21/Jul/2016:10:54:41 +0200] "GET /entry.php?id=10778&form=11522&name=list& HTTP/1.1" 200 3135 "http://ed.activities.at/entry.php?id=11697" "Mozilla/5.0 (Windows NT 6.3; WOW64; rv:48.0) Gecko/20100101 Firefox/48.0"
188.22.126.224 - - [21/Jul/2016:10:54:51 +0200] "GET /entry.php?id=10271&&ser=91231 HTTP/1.1" 200 986 "http://ed.activities.at/entry.php?id=10271&&ser=91170" "Mozilla/5.0 (Windows NT 6.3; WOW64; rv:48.0) Gecko/20100101 Firefox/48.0"
188.22.126.224 - - [21/Jul/2016:10:54:51 +0200] "GET /gui/javascript/form_form.js?1469091291 HTTP/1.1" 200 16206 "http://ed.activities.at/entry.php?id=10271&&ser=91231" "Mozilla/5.0 (Windows NT 6.3; WOW64; rv:48.0) Gecko/20100101 Firefox/48.0"
188.23.103.13 - - [21/Jul/2016:10:55:40 +0200] "GET /entry.php?id=10271&&ser=91279 HTTP/1.1" 200 987 "http://ed.activities.at/entry.php?id=10272" "Mozilla/5.0 (Windows NT 6.1; WOW64; Trident/7.0; rv:11.0) like Gecko"
188.23.103.13 - - [21/Jul/2016:10:55:40 +0200] "GET /gui/javascript/form_form.js?1469091340 HTTP/1.1" 200 16206 "http://ed.activities.at/entry.php?id=10271&&ser=91279" "Mozilla/5.0 (Windows NT 6.1; WOW64; Trident/7.0; rv:11.0) like Gecko"
188.22.126.224 - - [21/Jul/2016:10:55:51 +0200] "POST /entry.php?id=11666 HTTP/1.1" 200 3910 "http://ed.activities.at/entry.php?id=11666" "Mozilla/5.0 (Windows NT 6.3; WOW64; rv:48.0) Gecko/20100101 Firefox/48.0"
188.22.126.224 - - [21/Jul/2016:10:55:52 +0200] "GET /entry.php?id=10271&&ser=91291 HTTP/1.1" 200 987 "http://ed.activities.at/entry.php?id=10271&&ser=91231" "Mozilla/5.0 (Windows NT 6.3; WOW64; rv:48.0) Gecko/20100101 Firefox/48.0"
188.22.126.224 - - [21/Jul/2016:10:55:52 +0200] "GET /gui/javascript/form_form.js?1469091352 HTTP/1.1" 200 16206 "http://ed.activities.at/entry.php?id=11666" "Mozilla/5.0 (Windows NT 6.3; WOW64; rv:48.0) Gecko/20100101 Firefox/48.0"
188.23.103.13 - - [21/Jul/2016:10:56:40 +0200] "GET /entry.php?id=10271&&ser=91340 HTTP/1.1" 200 987 "http://ed.activities.at/entry.php?id=10272" "Mozilla/5.0 (Windows NT 6.1; WOW64; Trident/7.0; rv:11.0) like Gecko"
188.23.103.13 - - [21/Jul/2016:10:56:40 +0200] "GET /gui/javascript/form_form.js?1469091400 HTTP/1.1" 200 16206 "http://ed.activities.at/entry.php?id=10271&&ser=91340" "Mozilla/5.0 (Windows NT 6.1; WOW64; Trident/7.0; rv:11.0) like Gecko"
188.22.126.224 - - [21/Jul/2016:10:56:53 +0200] "GET /entry.php?id=10271&&ser=91352 HTTP/1.1" 200 987 "http://ed.activities.at/entry.php?id=10271&&ser=91291" "Mozilla/5.0 (Windows NT 6.3; WOW64; rv:48.0) Gecko/20100101 Firefox/48.0"
188.22.126.224 - - [21/Jul/2016:10:56:53 +0200] "GET /gui/javascript/form_form.js?1469091413 HTTP/1.1" 200 16206 "http://ed.activities.at/entry.php?id=10271&&ser=91352" "Mozilla/5.0 (Windows NT 6.3; WOW64; rv:48.0) Gecko/20100101 Firefox/48.0"
188.22.126.224 - - [21/Jul/2016:10:57:02 +0200] "POST /entry.php?id=11666 HTTP/1.1" 200 3757 "http://ed.activities.at/entry.php?id=11666" "Mozilla/5.0 (Windows NT 6.3; WOW64; rv:48.0) Gecko/20100101 Firefox/48.0"
188.22.126.224 - - [21/Jul/2016:10:57:02 +0200] "GET /gui/javascript/form_form.js?1469091422 HTTP/1.1" 200 16206 "http://ed.activities.at/entry.php?id=11666" "Mozilla/5.0 (Windows NT 6.3; WOW64; rv:48.0) Gecko/20100101 Firefox/48.0"
188.22.126.224 - - [21/Jul/2016:10:57:02 +0200] "POST /entry.php?id=11697 HTTP/1.1" 200 2602 "http://ed.activities.at/entry.php?id=11697" "Mozilla/5.0 (Windows NT 6.3; WOW64; rv:48.0) Gecko/20100101 Firefox/48.0"
188.22.126.224 - - [21/Jul/2016:10:57:03 +0200] "GET /gui/javascript/form_form.js?1469091423 HTTP/1.1" 200 16206 "http://ed.activities.at/entry.php?id=11697" "Mozilla/5.0 (Windows NT 6.3; WOW64; rv:48.0) Gecko/20100101 Firefox/48.0"
188.22.126.224 - - [21/Jul/2016:10:57:03 +0200] "GET /entry.php?id=10776&form=11522&name=list& HTTP/1.1" 200 2260 "http://ed.activities.at/entry.php?id=11697" "Mozilla/5.0 (Windows NT 6.3; WOW64; rv:48.0) Gecko/20100101 Firefox/48.0"
188.22.126.224 - - [21/Jul/2016:10:57:03 +0200] "GET /entry.php?id=10778&form=11522&name=list& HTTP/1.1" 200 3135 "http://ed.activities.at/entry.php?id=11697" "Mozilla/5.0 (Windows NT 6.3; WOW64; rv:48.0) Gecko/20100101 Firefox/48.0"
188.22.126.224 - - [21/Jul/2016:10:57:17 +0200] "POST /entry.php?id=11666 HTTP/1.1" 200 3933 "http://ed.activities.at/entry.php?id=11666" "Mozilla/5.0 (Windows NT 6.3; WOW64; rv:48.0) Gecko/20100101 Firefox/48.0"
188.22.126.224 - - [21/Jul/2016:10:57:18 +0200] "GET /gui/javascript/form_form.js?1469091438 HTTP/1.1" 200 16206 "http://ed.activities.at/entry.php?id=11666" "Mozilla/5.0 (Windows NT 6.3; WOW64; rv:48.0) Gecko/20100101 Firefox/48.0"
188.23.103.13 - - [21/Jul/2016:10:57:41 +0200] "GET /entry.php?id=10271&&ser=91400 HTTP/1.1" 200 985 "http://ed.activities.at/entry.php?id=10272" "Mozilla/5.0 (Windows NT 6.1; WOW64; Trident/7.0; rv:11.0) like Gecko"
188.23.103.13 - - [21/Jul/2016:10:57:41 +0200] "GET /gui/javascript/form_form.js?1469091461 HTTP/1.1" 200 16206 "http://ed.activities.at/entry.php?id=10271&&ser=91400" "Mozilla/5.0 (Windows NT 6.1; WOW64; Trident/7.0; rv:11.0) like Gecko"
188.22.126.224 - - [21/Jul/2016:10:57:42 +0200] "POST /entry.php?id=11666 HTTP/1.1" 200 3930 "http://ed.activities.at/entry.php?id=11666" "Mozilla/5.0 (Windows NT 6.3; WOW64; rv:48.0) Gecko/20100101 Firefox/48.0"
188.22.126.224 - - [21/Jul/2016:10:57:43 +0200] "GET /gui/javascript/form_form.js?1469091463 HTTP/1.1" 200 16206 "http://ed.activities.at/entry.php?id=11666" "Mozilla/5.0 (Windows NT 6.3; WOW64; rv:48.0) Gecko/20100101 Firefox/48.0"
188.22.126.224 - - [21/Jul/2016:10:57:54 +0200] "GET /entry.php?id=10271&&ser=91413 HTTP/1.1" 200 987 "http://ed.activities.at/entry.php?id=10271&&ser=91352" "Mozilla/5.0 (Windows NT 6.3; WOW64; rv:48.0) Gecko/20100101 Firefox/48.0"
188.22.126.224 - - [21/Jul/2016:10:57:54 +0200] "GET /gui/javascript/form_form.js?1469091474 HTTP/1.1" 200 16206 "http://ed.activities.at/entry.php?id=10271&&ser=91413" "Mozilla/5.0 (Windows NT 6.3; WOW64; rv:48.0) Gecko/20100101 Firefox/48.0"
188.22.126.224 - - [21/Jul/2016:10:58:07 +0200] "POST /entry.php?id=11666 HTTP/1.1" 200 3928 "http://ed.activities.at/entry.php?id=11666" "Mozilla/5.0 (Windows NT 6.3; WOW64; rv:48.0) Gecko/20100101 Firefox/48.0"
188.22.126.224 - - [21/Jul/2016:10:58:08 +0200] "GET /gui/javascript/form_form.js?1469091488 HTTP/1.1" 200 16206 "http://ed.activities.at/entry.php?id=11666" "Mozilla/5.0 (Windows NT 6.3; WOW64; rv:48.0) Gecko/20100101 Firefox/48.0"
188.22.126.224 - - [21/Jul/2016:10:58:23 +0200] "POST /entry.php?id=11666 HTTP/1.1" 200 3925 "http://ed.activities.at/entry.php?id=11666" "Mozilla/5.0 (Windows NT 6.3; WOW64; rv:48.0) Gecko/20100101 Firefox/48.0"
188.22.126.224 - - [21/Jul/2016:10:58:24 +0200] "GET /gui/javascript/form_form.js?1469091503 HTTP/1.1" 200 16206 "http://ed.activities.at/entry.php?id=11666" "Mozilla/5.0 (Windows NT 6.3; WOW64; rv:48.0) Gecko/20100101 Firefox/48.0"
188.23.103.13 - - [21/Jul/2016:10:58:41 +0200] "GET /entry.php?id=10271&&ser=91461 HTTP/1.1" 200 986 "http://ed.activities.at/entry.php?id=10272" "Mozilla/5.0 (Windows NT 6.1; WOW64; Trident/7.0; rv:11.0) like Gecko"
188.23.103.13 - - [21/Jul/2016:10:58:41 +0200] "GET /gui/javascript/form_form.js?1469091521 HTTP/1.1" 200 16206 "http://ed.activities.at/entry.php?id=10271&&ser=91461" "Mozilla/5.0 (Windows NT 6.1; WOW64; Trident/7.0; rv:11.0) like Gecko"
188.22.126.224 - - [21/Jul/2016:10:58:54 +0200] "GET /entry.php?id=10271&&ser=91474 HTTP/1.1" 200 987 "http://ed.activities.at/entry.php?id=10271&&ser=91413" "Mozilla/5.0 (Windows NT 6.3; WOW64; rv:48.0) Gecko/20100101 Firefox/48.0"
188.22.126.224 - - [21/Jul/2016:10:58:55 +0200] "GET /gui/javascript/form_form.js?1469091534 HTTP/1.1" 200 16206 "http://ed.activities.at/entry.php?id=10271&&ser=91474" "Mozilla/5.0 (Windows NT 6.3; WOW64; rv:48.0) Gecko/20100101 Firefox/48.0"
188.23.103.13 - - [21/Jul/2016:10:59:41 +0200] "GET /entry.php?id=10271&&ser=91521 HTTP/1.1" 200 987 "http://ed.activities.at/entry.php?id=10272" "Mozilla/5.0 (Windows NT 6.1; WOW64; Trident/7.0; rv:11.0) like Gecko"
188.23.103.13 - - [21/Jul/2016:10:59:42 +0200] "GET /gui/javascript/form_form.js?1469091582 HTTP/1.1" 200 16206 "http://ed.activities.at/entry.php?id=10271&&ser=91521" "Mozilla/5.0 (Windows NT 6.1; WOW64; Trident/7.0; rv:11.0) like Gecko"
188.22.126.224 - - [21/Jul/2016:10:59:55 +0200] "GET /entry.php?id=10271&&ser=91534 HTTP/1.1" 200 987 "http://ed.activities.at/entry.php?id=10271&&ser=91474" "Mozilla/5.0 (Windows NT 6.3; WOW64; rv:48.0) Gecko/20100101 Firefox/48.0"
188.22.126.224 - - [21/Jul/2016:10:59:55 +0200] "GET /gui/javascript/form_form.js?1469091595 HTTP/1.1" 200 16206 "http://ed.activities.at/entry.php?id=10271&&ser=91534" "Mozilla/5.0 (Windows NT 6.3; WOW64; rv:48.0) Gecko/20100101 Firefox/48.0"
188.23.103.13 - - [21/Jul/2016:11:00:42 +0200] "GET /entry.php?id=10271&&ser=91582 HTTP/1.1" 200 987 "http://ed.activities.at/entry.php?id=10272" "Mozilla/5.0 (Windows NT 6.1; WOW64; Trident/7.0; rv:11.0) like Gecko"
188.23.103.13 - - [21/Jul/2016:11:00:42 +0200] "GET /gui/javascript/form_form.js?1469091642 HTTP/1.1" 200 16206 "http://ed.activities.at/entry.php?id=10271&&ser=91582" "Mozilla/5.0 (Windows NT 6.1; WOW64; Trident/7.0; rv:11.0) like Gecko"
188.22.126.224 - - [21/Jul/2016:11:00:55 +0200] "GET /entry.php?id=10271&&ser=91595 HTTP/1.1" 200 988 "http://ed.activities.at/entry.php?id=10271&&ser=91534" "Mozilla/5.0 (Windows NT 6.3; WOW64; rv:48.0) Gecko/20100101 Firefox/48.0"
188.22.126.224 - - [21/Jul/2016:11:00:56 +0200] "GET /gui/javascript/form_form.js?1469091656 HTTP/1.1" 200 16206 "http://ed.activities.at/entry.php?id=10271&&ser=91595" "Mozilla/5.0 (Windows NT 6.3; WOW64; rv:48.0) Gecko/20100101 Firefox/48.0"
188.23.103.13 - - [21/Jul/2016:11:01:42 +0200] "GET /entry.php?id=10271&&ser=91642 HTTP/1.1" 200 987 "http://ed.activities.at/entry.php?id=10272" "Mozilla/5.0 (Windows NT 6.1; WOW64; Trident/7.0; rv:11.0) like Gecko"
188.23.103.13 - - [21/Jul/2016:11:01:43 +0200] "GET /gui/javascript/form_form.js?1469091703 HTTP/1.1" 200 16206 "http://ed.activities.at/entry.php?id=10271&&ser=91642" "Mozilla/5.0 (Windows NT 6.1; WOW64; Trident/7.0; rv:11.0) like Gecko"
188.22.126.224 - - [21/Jul/2016:11:01:56 +0200] "GET /entry.php?id=10271&&ser=91656 HTTP/1.1" 200 987 "http://ed.activities.at/entry.php?id=10271&&ser=91595" "Mozilla/5.0 (Windows NT 6.3; WOW64; rv:48.0) Gecko/20100101 Firefox/48.0"
188.22.126.224 - - [21/Jul/2016:11:01:56 +0200] "GET /gui/javascript/form_form.js?1469091716 HTTP/1.1" 200 16206 "http://ed.activities.at/entry.php?id=10271&&ser=91656" "Mozilla/5.0 (Windows NT 6.3; WOW64; rv:48.0) Gecko/20100101 Firefox/48.0"
188.22.126.224 - - [21/Jul/2016:11:02:38 +0200] "POST /entry.php?id=11666 HTTP/1.1" 200 3732 "http://ed.activities.at/entry.php?id=11666" "Mozilla/5.0 (Windows NT 6.3; WOW64; rv:48.0) Gecko/20100101 Firefox/48.0"
188.22.126.224 - - [21/Jul/2016:11:02:39 +0200] "GET /gui/javascript/form_form.js?1469091758 HTTP/1.1" 200 16206 "http://ed.activities.at/entry.php?id=11666" "Mozilla/5.0 (Windows NT 6.3; WOW64; rv:48.0) Gecko/20100101 Firefox/48.0"
188.22.126.224 - - [21/Jul/2016:11:02:38 +0200] "POST /entry.php?id=11697 HTTP/1.1" 200 2602 "http://ed.activities.at/entry.php?id=11697" "Mozilla/5.0 (Windows NT 6.3; WOW64; rv:48.0) Gecko/20100101 Firefox/48.0"
188.22.126.224 - - [21/Jul/2016:11:02:39 +0200] "GET /gui/javascript/form_form.js?1469091759 HTTP/1.1" 200 16206 "http://ed.activities.at/entry.php?id=11697" "Mozilla/5.0 (Windows NT 6.3; WOW64; rv:48.0) Gecko/20100101 Firefox/48.0"
188.22.126.224 - - [21/Jul/2016:11:02:39 +0200] "GET /entry.php?id=10776&form=11522&name=list& HTTP/1.1" 200 2256 "http://ed.activities.at/entry.php?id=11697" "Mozilla/5.0 (Windows NT 6.3; WOW64; rv:48.0) Gecko/20100101 Firefox/48.0"
188.22.126.224 - - [21/Jul/2016:11:02:39 +0200] "GET /entry.php?id=10778&form=11522&name=list& HTTP/1.1" 200 3135 "http://ed.activities.at/entry.php?id=11697" "Mozilla/5.0 (Windows NT 6.3; WOW64; rv:48.0) Gecko/20100101 Firefox/48.0"
188.23.103.13 - - [21/Jul/2016:11:02:43 +0200] "GET /entry.php?id=10271&&ser=91703 HTTP/1.1" 200 987 "http://ed.activities.at/entry.php?id=10272" "Mozilla/5.0 (Windows NT 6.1; WOW64; Trident/7.0; rv:11.0) like Gecko"
188.23.103.13 - - [21/Jul/2016:11:02:43 +0200] "GET /gui/javascript/form_form.js?1469091763 HTTP/1.1" 200 16206 "http://ed.activities.at/entry.php?id=10271&&ser=91703" "Mozilla/5.0 (Windows NT 6.1; WOW64; Trident/7.0; rv:11.0) like Gecko"
188.22.126.224 - - [21/Jul/2016:11:02:57 +0200] "GET /entry.php?id=10271&&ser=91716 HTTP/1.1" 200 987 "http://ed.activities.at/entry.php?id=10271&&ser=91656" "Mozilla/5.0 (Windows NT 6.3; WOW64; rv:48.0) Gecko/20100101 Firefox/48.0"
188.22.126.224 - - [21/Jul/2016:11:02:57 +0200] "GET /gui/javascript/form_form.js?1469091777 HTTP/1.1" 200 16206 "http://ed.activities.at/entry.php?id=10271&&ser=91716" "Mozilla/5.0 (Windows NT 6.3; WOW64; rv:48.0) Gecko/20100101 Firefox/48.0"
188.22.126.224 - - [21/Jul/2016:11:03:14 +0200] "POST /entry.php?id=11666 HTTP/1.1" 200 3904 "http://ed.activities.at/entry.php?id=11666" "Mozilla/5.0 (Windows NT 6.3; WOW64; rv:48.0) Gecko/20100101 Firefox/48.0"
188.22.126.224 - - [21/Jul/2016:11:03:15 +0200] "GET /gui/javascript/form_form.js?1469091795 HTTP/1.1" 200 16206 "http://ed.activities.at/entry.php?id=11666" "Mozilla/5.0 (Windows NT 6.3; WOW64; rv:48.0) Gecko/20100101 Firefox/48.0"
188.23.103.13 - - [21/Jul/2016:11:03:43 +0200] "GET /entry.php?id=10271&&ser=91763 HTTP/1.1" 200 986 "http://ed.activities.at/entry.php?id=10272" "Mozilla/5.0 (Windows NT 6.1; WOW64; Trident/7.0; rv:11.0) like Gecko"
188.23.103.13 - - [21/Jul/2016:11:03:43 +0200] "GET /gui/javascript/form_form.js?1469091823 HTTP/1.1" 200 16206 "http://ed.activities.at/entry.php?id=10271&&ser=91763" "Mozilla/5.0 (Windows NT 6.1; WOW64; Trident/7.0; rv:11.0) like Gecko"
188.22.126.224 - - [21/Jul/2016:11:03:57 +0200] "GET /entry.php?id=10271&&ser=91777 HTTP/1.1" 200 987 "http://ed.activities.at/entry.php?id=10271&&ser=91716" "Mozilla/5.0 (Windows NT 6.3; WOW64; rv:48.0) Gecko/20100101 Firefox/48.0"
188.22.126.224 - - [21/Jul/2016:11:03:58 +0200] "GET /gui/javascript/form_form.js?1469091837 HTTP/1.1" 200 16206 "http://ed.activities.at/entry.php?id=10271&&ser=91777" "Mozilla/5.0 (Windows NT 6.3; WOW64; rv:48.0) Gecko/20100101 Firefox/48.0"
188.23.103.13 - - [21/Jul/2016:11:04:44 +0200] "GET /entry.php?id=10271&&ser=91823 HTTP/1.1" 200 986 "http://ed.activities.at/entry.php?id=10272" "Mozilla/5.0 (Windows NT 6.1; WOW64; Trident/7.0; rv:11.0) like Gecko"
188.23.103.13 - - [21/Jul/2016:11:04:44 +0200] "GET /gui/javascript/form_form.js?1469091884 HTTP/1.1" 200 16206 "http://ed.activities.at/entry.php?id=10271&&ser=91823" "Mozilla/5.0 (Windows NT 6.1; WOW64; Trident/7.0; rv:11.0) like Gecko"
188.22.126.224 - - [21/Jul/2016:11:04:58 +0200] "GET /entry.php?id=10271&&ser=91837 HTTP/1.1" 200 987 "http://ed.activities.at/entry.php?id=10271&&ser=91777" "Mozilla/5.0 (Windows NT 6.3; WOW64; rv:48.0) Gecko/20100101 Firefox/48.0"
188.22.126.224 - - [21/Jul/2016:11:04:58 +0200] "GET /gui/javascript/form_form.js?1469091898 HTTP/1.1" 200 16206 "http://ed.activities.at/entry.php?id=10271&&ser=91837" "Mozilla/5.0 (Windows NT 6.3; WOW64; rv:48.0) Gecko/20100101 Firefox/48.0"
188.23.103.13 - - [21/Jul/2016:11:05:44 +0200] "GET /entry.php?id=10271&&ser=91884 HTTP/1.1" 200 986 "http://ed.activities.at/entry.php?id=10272" "Mozilla/5.0 (Windows NT 6.1; WOW64; Trident/7.0; rv:11.0) like Gecko"
188.23.103.13 - - [21/Jul/2016:11:05:44 +0200] "GET /gui/javascript/form_form.js?1469091944 HTTP/1.1" 200 16206 "http://ed.activities.at/entry.php?id=10271&&ser=91884" "Mozilla/5.0 (Windows NT 6.1; WOW64; Trident/7.0; rv:11.0) like Gecko"
188.22.126.224 - - [21/Jul/2016:11:05:58 +0200] "GET /entry.php?id=10271&&ser=91898 HTTP/1.1" 200 987 "http://ed.activities.at/entry.php?id=10271&&ser=91837" "Mozilla/5.0 (Windows NT 6.3; WOW64; rv:48.0) Gecko/20100101 Firefox/48.0"
188.22.126.224 - - [21/Jul/2016:11:05:59 +0200] "GET /gui/javascript/form_form.js?1469091959 HTTP/1.1" 200 16206 "http://ed.activities.at/entry.php?id=10271&&ser=91898" "Mozilla/5.0 (Windows NT 6.3; WOW64; rv:48.0) Gecko/20100101 Firefox/48.0"
188.23.103.13 - - [21/Jul/2016:11:06:45 +0200] "GET /entry.php?id=10271&&ser=91944 HTTP/1.1" 200 987 "http://ed.activities.at/entry.php?id=10272" "Mozilla/5.0 (Windows NT 6.1; WOW64; Trident/7.0; rv:11.0) like Gecko"
188.23.103.13 - - [21/Jul/2016:11:06:45 +0200] "GET /gui/javascript/form_form.js?1469092005 HTTP/1.1" 200 16206 "http://ed.activities.at/entry.php?id=10271&&ser=91944" "Mozilla/5.0 (Windows NT 6.1; WOW64; Trident/7.0; rv:11.0) like Gecko"
188.22.126.224 - - [21/Jul/2016:11:06:59 +0200] "GET /entry.php?id=10271&&ser=91959 HTTP/1.1" 200 987 "http://ed.activities.at/entry.php?id=10271&&ser=91898" "Mozilla/5.0 (Windows NT 6.3; WOW64; rv:48.0) Gecko/20100101 Firefox/48.0"
188.22.126.224 - - [21/Jul/2016:11:07:00 +0200] "GET /gui/javascript/form_form.js?1469092019 HTTP/1.1" 200 16206 "http://ed.activities.at/entry.php?id=10271&&ser=91959" "Mozilla/5.0 (Windows NT 6.3; WOW64; rv:48.0) Gecko/20100101 Firefox/48.0"
188.23.103.13 - - [21/Jul/2016:11:07:45 +0200] "GET /entry.php?id=10271&&ser=92005 HTTP/1.1" 200 986 "http://ed.activities.at/entry.php?id=10272" "Mozilla/5.0 (Windows NT 6.1; WOW64; Trident/7.0; rv:11.0) like Gecko"
188.23.103.13 - - [21/Jul/2016:11:07:45 +0200] "GET /gui/javascript/form_form.js?1469092065 HTTP/1.1" 200 16206 "http://ed.activities.at/entry.php?id=10271&&ser=92005" "Mozilla/5.0 (Windows NT 6.1; WOW64; Trident/7.0; rv:11.0) like Gecko"
188.22.126.224 - - [21/Jul/2016:11:08:00 +0200] "GET /entry.php?id=10271&&ser=92019 HTTP/1.1" 200 987 "http://ed.activities.at/entry.php?id=10271&&ser=91959" "Mozilla/5.0 (Windows NT 6.3; WOW64; rv:48.0) Gecko/20100101 Firefox/48.0"
188.22.126.224 - - [21/Jul/2016:11:08:00 +0200] "GET /gui/javascript/form_form.js?1469092080 HTTP/1.1" 200 16206 "http://ed.activities.at/entry.php?id=10271&&ser=92019" "Mozilla/5.0 (Windows NT 6.3; WOW64; rv:48.0) Gecko/20100101 Firefox/48.0"
188.23.103.13 - - [21/Jul/2016:11:08:45 +0200] "GET /entry.php?id=10271&&ser=92065 HTTP/1.1" 200 987 "http://ed.activities.at/entry.php?id=10272" "Mozilla/5.0 (Windows NT 6.1; WOW64; Trident/7.0; rv:11.0) like Gecko"
188.23.103.13 - - [21/Jul/2016:11:08:46 +0200] "GET /gui/javascript/form_form.js?1469092126 HTTP/1.1" 200 16206 "http://ed.activities.at/entry.php?id=10271&&ser=92065" "Mozilla/5.0 (Windows NT 6.1; WOW64; Trident/7.0; rv:11.0) like Gecko"
188.22.126.224 - - [21/Jul/2016:11:09:01 +0200] "GET /entry.php?id=10271&&ser=92080 HTTP/1.1" 200 986 "http://ed.activities.at/entry.php?id=10271&&ser=92019" "Mozilla/5.0 (Windows NT 6.3; WOW64; rv:48.0) Gecko/20100101 Firefox/48.0"
188.22.126.224 - - [21/Jul/2016:11:09:01 +0200] "GET /gui/javascript/form_form.js?1469092141 HTTP/1.1" 200 16206 "http://ed.activities.at/entry.php?id=10271&&ser=92080" "Mozilla/5.0 (Windows NT 6.3; WOW64; rv:48.0) Gecko/20100101 Firefox/48.0"
188.23.103.13 - - [21/Jul/2016:11:09:46 +0200] "GET /entry.php?id=10271&&ser=92126 HTTP/1.1" 200 987 "http://ed.activities.at/entry.php?id=10272" "Mozilla/5.0 (Windows NT 6.1; WOW64; Trident/7.0; rv:11.0) like Gecko"
188.23.103.13 - - [21/Jul/2016:11:09:49 +0200] "GET /gui/javascript/form_form.js?1469092186 HTTP/1.1" 200 16206 "http://ed.activities.at/entry.php?id=10271&&ser=92126" "Mozilla/5.0 (Windows NT 6.1; WOW64; Trident/7.0; rv:11.0) like Gecko"
188.22.126.224 - - [21/Jul/2016:11:10:01 +0200] "GET /entry.php?id=10271&&ser=92141 HTTP/1.1" 200 987 "http://ed.activities.at/entry.php?id=10271&&ser=92080" "Mozilla/5.0 (Windows NT 6.3; WOW64; rv:48.0) Gecko/20100101 Firefox/48.0"
188.22.126.224 - - [21/Jul/2016:11:10:02 +0200] "GET /gui/javascript/form_form.js?1469092201 HTTP/1.1" 200 16206 "http://ed.activities.at/entry.php?id=10271&&ser=92141" "Mozilla/5.0 (Windows NT 6.3; WOW64; rv:48.0) Gecko/20100101 Firefox/48.0"
188.23.103.13 - - [21/Jul/2016:11:10:49 +0200] "GET /entry.php?id=10271&&ser=92186 HTTP/1.1" 200 987 "http://ed.activities.at/entry.php?id=10272" "Mozilla/5.0 (Windows NT 6.1; WOW64; Trident/7.0; rv:11.0) like Gecko"
188.23.103.13 - - [21/Jul/2016:11:10:49 +0200] "GET /gui/javascript/form_form.js?1469092249 HTTP/1.1" 200 16206 "http://ed.activities.at/entry.php?id=10271&&ser=92186" "Mozilla/5.0 (Windows NT 6.1; WOW64; Trident/7.0; rv:11.0) like Gecko"
188.22.126.224 - - [21/Jul/2016:11:11:02 +0200] "GET /entry.php?id=10271&&ser=92201 HTTP/1.1" 200 987 "http://ed.activities.at/entry.php?id=10271&&ser=92141" "Mozilla/5.0 (Windows NT 6.3; WOW64; rv:48.0) Gecko/20100101 Firefox/48.0"
188.22.126.224 - - [21/Jul/2016:11:11:02 +0200] "GET /gui/javascript/form_form.js?1469092262 HTTP/1.1" 200 16206 "http://ed.activities.at/entry.php?id=10271&&ser=92201" "Mozilla/5.0 (Windows NT 6.3; WOW64; rv:48.0) Gecko/20100101 Firefox/48.0"
188.23.103.13 - - [21/Jul/2016:11:11:50 +0200] "GET /entry.php?id=10271&&ser=92249 HTTP/1.1" 200 987 "http://ed.activities.at/entry.php?id=10272" "Mozilla/5.0 (Windows NT 6.1; WOW64; Trident/7.0; rv:11.0) like Gecko"
188.23.103.13 - - [21/Jul/2016:11:11:50 +0200] "GET /gui/javascript/form_form.js?1469092310 HTTP/1.1" 200 16206 "http://ed.activities.at/entry.php?id=10271&&ser=92249" "Mozilla/5.0 (Windows NT 6.1; WOW64; Trident/7.0; rv:11.0) like Gecko"
188.22.126.224 - - [21/Jul/2016:11:12:02 +0200] "GET /entry.php?id=10271&&ser=92262 HTTP/1.1" 200 987 "http://ed.activities.at/entry.php?id=10271&&ser=92201" "Mozilla/5.0 (Windows NT 6.3; WOW64; rv:48.0) Gecko/20100101 Firefox/48.0"
188.22.126.224 - - [21/Jul/2016:11:12:03 +0200] "GET /gui/javascript/form_form.js?1469092323 HTTP/1.1" 200 16206 "http://ed.activities.at/entry.php?id=10271&&ser=92262" "Mozilla/5.0 (Windows NT 6.3; WOW64; rv:48.0) Gecko/20100101 Firefox/48.0"
188.23.103.13 - - [21/Jul/2016:11:12:50 +0200] "GET /entry.php?id=10271&&ser=92310 HTTP/1.1" 200 987 "http://ed.activities.at/entry.php?id=10272" "Mozilla/5.0 (Windows NT 6.1; WOW64; Trident/7.0; rv:11.0) like Gecko"
188.23.103.13 - - [21/Jul/2016:11:12:50 +0200] "GET /gui/javascript/form_form.js?1469092370 HTTP/1.1" 200 16206 "http://ed.activities.at/entry.php?id=10271&&ser=92310" "Mozilla/5.0 (Windows NT 6.1; WOW64; Trident/7.0; rv:11.0) like Gecko"
188.22.126.224 - - [21/Jul/2016:11:13:03 +0200] "GET /entry.php?id=10271&&ser=92323 HTTP/1.1" 200 987 "http://ed.activities.at/entry.php?id=10271&&ser=92262" "Mozilla/5.0 (Windows NT 6.3; WOW64; rv:48.0) Gecko/20100101 Firefox/48.0"
188.22.126.224 - - [21/Jul/2016:11:13:03 +0200] "GET /gui/javascript/form_form.js?1469092383 HTTP/1.1" 200 16206 "http://ed.activities.at/entry.php?id=10271&&ser=92323" "Mozilla/5.0 (Windows NT 6.3; WOW64; rv:48.0) Gecko/20100101 Firefox/48.0"
188.23.103.13 - - [21/Jul/2016:11:13:50 +0200] "GET /entry.php?id=10271&&ser=92370 HTTP/1.1" 200 986 "http://ed.activities.at/entry.php?id=10272" "Mozilla/5.0 (Windows NT 6.1; WOW64; Trident/7.0; rv:11.0) like Gecko"
188.23.103.13 - - [21/Jul/2016:11:13:51 +0200] "GET /gui/javascript/form_form.js?1469092431 HTTP/1.1" 200 16206 "http://ed.activities.at/entry.php?id=10271&&ser=92370" "Mozilla/5.0 (Windows NT 6.1; WOW64; Trident/7.0; rv:11.0) like Gecko"
188.22.126.224 - - [21/Jul/2016:11:14:04 +0200] "GET /entry.php?id=10271&&ser=92383 HTTP/1.1" 200 987 "http://ed.activities.at/entry.php?id=10271&&ser=92323" "Mozilla/5.0 (Windows NT 6.3; WOW64; rv:48.0) Gecko/20100101 Firefox/48.0"
188.22.126.224 - - [21/Jul/2016:11:14:04 +0200] "GET /gui/javascript/form_form.js?1469092444 HTTP/1.1" 200 16206 "http://ed.activities.at/entry.php?id=10271&&ser=92383" "Mozilla/5.0 (Windows NT 6.3; WOW64; rv:48.0) Gecko/20100101 Firefox/48.0"
188.23.103.13 - - [21/Jul/2016:11:14:51 +0200] "GET /entry.php?id=10271&&ser=92431 HTTP/1.1" 200 986 "http://ed.activities.at/entry.php?id=10272" "Mozilla/5.0 (Windows NT 6.1; WOW64; Trident/7.0; rv:11.0) like Gecko"
188.23.103.13 - - [21/Jul/2016:11:14:54 +0200] "GET /gui/javascript/form_form.js?1469092491 HTTP/1.1" 200 16206 "http://ed.activities.at/entry.php?id=10271&&ser=92431" "Mozilla/5.0 (Windows NT 6.1; WOW64; Trident/7.0; rv:11.0) like Gecko"
188.22.126.224 - - [21/Jul/2016:11:15:04 +0200] "GET /entry.php?id=10271&&ser=92444 HTTP/1.1" 200 986 "http://ed.activities.at/entry.php?id=10271&&ser=92383" "Mozilla/5.0 (Windows NT 6.3; WOW64; rv:48.0) Gecko/20100101 Firefox/48.0"
188.22.126.224 - - [21/Jul/2016:11:15:05 +0200] "GET /gui/javascript/form_form.js?1469092504 HTTP/1.1" 200 16206 "http://ed.activities.at/entry.php?id=10271&&ser=92444" "Mozilla/5.0 (Windows NT 6.3; WOW64; rv:48.0) Gecko/20100101 Firefox/48.0"
188.23.103.13 - - [21/Jul/2016:11:15:54 +0200] "GET /entry.php?id=10271&&ser=92491 HTTP/1.1" 200 987 "http://ed.activities.at/entry.php?id=10272" "Mozilla/5.0 (Windows NT 6.1; WOW64; Trident/7.0; rv:11.0) like Gecko"
188.23.103.13 - - [21/Jul/2016:11:15:57 +0200] "GET /gui/javascript/form_form.js?1469092554 HTTP/1.1" 200 16206 "http://ed.activities.at/entry.php?id=10271&&ser=92491" "Mozilla/5.0 (Windows NT 6.1; WOW64; Trident/7.0; rv:11.0) like Gecko"
188.22.126.224 - - [21/Jul/2016:11:16:05 +0200] "GET /entry.php?id=10271&&ser=92504 HTTP/1.1" 200 987 "http://ed.activities.at/entry.php?id=10271&&ser=92444" "Mozilla/5.0 (Windows NT 6.3; WOW64; rv:48.0) Gecko/20100101 Firefox/48.0"
188.22.126.224 - - [21/Jul/2016:11:16:05 +0200] "GET /gui/javascript/form_form.js?1469092565 HTTP/1.1" 200 16206 "http://ed.activities.at/entry.php?id=10271&&ser=92504" "Mozilla/5.0 (Windows NT 6.3; WOW64; rv:48.0) Gecko/20100101 Firefox/48.0"
188.23.103.13 - - [21/Jul/2016:11:16:57 +0200] "GET /entry.php?id=10271&&ser=92554 HTTP/1.1" 200 987 "http://ed.activities.at/entry.php?id=10272" "Mozilla/5.0 (Windows NT 6.1; WOW64; Trident/7.0; rv:11.0) like Gecko"
188.23.103.13 - - [21/Jul/2016:11:16:58 +0200] "GET /gui/javascript/form_form.js?1469092618 HTTP/1.1" 200 16206 "http://ed.activities.at/entry.php?id=10271&&ser=92554" "Mozilla/5.0 (Windows NT 6.1; WOW64; Trident/7.0; rv:11.0) like Gecko"
188.22.126.224 - - [21/Jul/2016:11:17:06 +0200] "GET /entry.php?id=10271&&ser=92565 HTTP/1.1" 200 987 "http://ed.activities.at/entry.php?id=10271&&ser=92504" "Mozilla/5.0 (Windows NT 6.3; WOW64; rv:48.0) Gecko/20100101 Firefox/48.0"
188.22.126.224 - - [21/Jul/2016:11:17:06 +0200] "GET /gui/javascript/form_form.js?1469092626 HTTP/1.1" 200 16206 "http://ed.activities.at/entry.php?id=10271&&ser=92565" "Mozilla/5.0 (Windows NT 6.3; WOW64; rv:48.0) Gecko/20100101 Firefox/48.0"
188.23.103.13 - - [21/Jul/2016:11:17:58 +0200] "GET /entry.php?id=10271&&ser=92618 HTTP/1.1" 200 987 "http://ed.activities.at/entry.php?id=10272" "Mozilla/5.0 (Windows NT 6.1; WOW64; Trident/7.0; rv:11.0) like Gecko"
188.23.103.13 - - [21/Jul/2016:11:17:58 +0200] "GET /gui/javascript/form_form.js?1469092678 HTTP/1.1" 200 16206 "http://ed.activities.at/entry.php?id=10271&&ser=92618" "Mozilla/5.0 (Windows NT 6.1; WOW64; Trident/7.0; rv:11.0) like Gecko"
188.22.126.224 - - [21/Jul/2016:11:18:06 +0200] "GET /entry.php?id=10271&&ser=92626 HTTP/1.1" 200 987 "http://ed.activities.at/entry.php?id=10271&&ser=92565" "Mozilla/5.0 (Windows NT 6.3; WOW64; rv:48.0) Gecko/20100101 Firefox/48.0"
188.22.126.224 - - [21/Jul/2016:11:18:07 +0200] "GET /gui/javascript/form_form.js?1469092687 HTTP/1.1" 200 16206 "http://ed.activities.at/entry.php?id=10271&&ser=92626" "Mozilla/5.0 (Windows NT 6.3; WOW64; rv:48.0) Gecko/20100101 Firefox/48.0"
188.23.103.13 - - [21/Jul/2016:11:18:58 +0200] "GET /entry.php?id=10271&&ser=92678 HTTP/1.1" 200 987 "http://ed.activities.at/entry.php?id=10272" "Mozilla/5.0 (Windows NT 6.1; WOW64; Trident/7.0; rv:11.0) like Gecko"
188.23.103.13 - - [21/Jul/2016:11:18:59 +0200] "GET /gui/javascript/form_form.js?1469092738 HTTP/1.1" 200 16206 "http://ed.activities.at/entry.php?id=10271&&ser=92678" "Mozilla/5.0 (Windows NT 6.1; WOW64; Trident/7.0; rv:11.0) like Gecko"
188.22.126.224 - - [21/Jul/2016:11:19:07 +0200] "GET /entry.php?id=10271&&ser=92687 HTTP/1.1" 200 986 "http://ed.activities.at/entry.php?id=10271&&ser=92626" "Mozilla/5.0 (Windows NT 6.3; WOW64; rv:48.0) Gecko/20100101 Firefox/48.0"
188.22.126.224 - - [21/Jul/2016:11:19:07 +0200] "GET /gui/javascript/form_form.js?1469092747 HTTP/1.1" 200 16206 "http://ed.activities.at/entry.php?id=10271&&ser=92687" "Mozilla/5.0 (Windows NT 6.3; WOW64; rv:48.0) Gecko/20100101 Firefox/48.0"
188.23.103.13 - - [21/Jul/2016:11:19:59 +0200] "GET /entry.php?id=10271&&ser=92738 HTTP/1.1" 200 987 "http://ed.activities.at/entry.php?id=10272" "Mozilla/5.0 (Windows NT 6.1; WOW64; Trident/7.0; rv:11.0) like Gecko"
188.23.103.13 - - [21/Jul/2016:11:19:59 +0200] "GET /gui/javascript/form_form.js?1469092799 HTTP/1.1" 200 16206 "http://ed.activities.at/entry.php?id=10271&&ser=92738" "Mozilla/5.0 (Windows NT 6.1; WOW64; Trident/7.0; rv:11.0) like Gecko"
188.22.126.224 - - [21/Jul/2016:11:20:08 +0200] "GET /entry.php?id=10271&&ser=92747 HTTP/1.1" 200 987 "http://ed.activities.at/entry.php?id=10271&&ser=92687" "Mozilla/5.0 (Windows NT 6.3; WOW64; rv:48.0) Gecko/20100101 Firefox/48.0"
188.22.126.224 - - [21/Jul/2016:11:20:08 +0200] "GET /gui/javascript/form_form.js?1469092808 HTTP/1.1" 200 16206 "http://ed.activities.at/entry.php?id=10271&&ser=92747" "Mozilla/5.0 (Windows NT 6.3; WOW64; rv:48.0) Gecko/20100101 Firefox/48.0"
188.23.103.13 - - [21/Jul/2016:11:20:59 +0200] "GET /entry.php?id=10271&&ser=92799 HTTP/1.1" 200 987 "http://ed.activities.at/entry.php?id=10272" "Mozilla/5.0 (Windows NT 6.1; WOW64; Trident/7.0; rv:11.0) like Gecko"
188.23.103.13 - - [21/Jul/2016:11:20:59 +0200] "GET /gui/javascript/form_form.js?1469092859 HTTP/1.1" 200 16206 "http://ed.activities.at/entry.php?id=10271&&ser=92799" "Mozilla/5.0 (Windows NT 6.1; WOW64; Trident/7.0; rv:11.0) like Gecko"
188.22.126.224 - - [21/Jul/2016:11:21:08 +0200] "GET /entry.php?id=10271&&ser=92808 HTTP/1.1" 200 987 "http://ed.activities.at/entry.php?id=10271&&ser=92747" "Mozilla/5.0 (Windows NT 6.3; WOW64; rv:48.0) Gecko/20100101 Firefox/48.0"
188.22.126.224 - - [21/Jul/2016:11:21:09 +0200] "GET /gui/javascript/form_form.js?1469092869 HTTP/1.1" 200 16206 "http://ed.activities.at/entry.php?id=10271&&ser=92808" "Mozilla/5.0 (Windows NT 6.3; WOW64; rv:48.0) Gecko/20100101 Firefox/48.0"
188.23.103.13 - - [21/Jul/2016:11:22:00 +0200] "GET /entry.php?id=10271&&ser=92859 HTTP/1.1" 200 987 "http://ed.activities.at/entry.php?id=10272" "Mozilla/5.0 (Windows NT 6.1; WOW64; Trident/7.0; rv:11.0) like Gecko"
188.23.103.13 - - [21/Jul/2016:11:22:00 +0200] "GET /gui/javascript/form_form.js?1469092920 HTTP/1.1" 200 16206 "http://ed.activities.at/entry.php?id=10271&&ser=92859" "Mozilla/5.0 (Windows NT 6.1; WOW64; Trident/7.0; rv:11.0) like Gecko"
188.22.126.224 - - [21/Jul/2016:11:22:09 +0200] "GET /entry.php?id=10271&&ser=92869 HTTP/1.1" 200 986 "http://ed.activities.at/entry.php?id=10271&&ser=92808" "Mozilla/5.0 (Windows NT 6.3; WOW64; rv:48.0) Gecko/20100101 Firefox/48.0"
188.22.126.224 - - [21/Jul/2016:11:22:10 +0200] "GET /gui/javascript/form_form.js?1469092929 HTTP/1.1" 200 16206 "http://ed.activities.at/entry.php?id=10271&&ser=92869" "Mozilla/5.0 (Windows NT 6.3; WOW64; rv:48.0) Gecko/20100101 Firefox/48.0"
188.23.103.13 - - [21/Jul/2016:11:23:00 +0200] "GET /entry.php?id=10271&&ser=92920 HTTP/1.1" 200 987 "http://ed.activities.at/entry.php?id=10272" "Mozilla/5.0 (Windows NT 6.1; WOW64; Trident/7.0; rv:11.0) like Gecko"
188.23.103.13 - - [21/Jul/2016:11:23:00 +0200] "GET /gui/javascript/form_form.js?1469092980 HTTP/1.1" 200 16206 "http://ed.activities.at/entry.php?id=10271&&ser=92920" "Mozilla/5.0 (Windows NT 6.1; WOW64; Trident/7.0; rv:11.0) like Gecko"
188.22.126.224 - - [21/Jul/2016:11:23:10 +0200] "GET /entry.php?id=10271&&ser=92929 HTTP/1.1" 200 987 "http://ed.activities.at/entry.php?id=10271&&ser=92869" "Mozilla/5.0 (Windows NT 6.3; WOW64; rv:48.0) Gecko/20100101 Firefox/48.0"
188.22.126.224 - - [21/Jul/2016:11:23:10 +0200] "GET /gui/javascript/form_form.js?1469092990 HTTP/1.1" 200 16206 "http://ed.activities.at/entry.php?id=10271&&ser=92929" "Mozilla/5.0 (Windows NT 6.3; WOW64; rv:48.0) Gecko/20100101 Firefox/48.0"
188.23.103.13 - - [21/Jul/2016:11:24:00 +0200] "GET /entry.php?id=10271&&ser=92980 HTTP/1.1" 200 986 "http://ed.activities.at/entry.php?id=10272" "Mozilla/5.0 (Windows NT 6.1; WOW64; Trident/7.0; rv:11.0) like Gecko"
188.23.103.13 - - [21/Jul/2016:11:24:01 +0200] "GET /gui/javascript/form_form.js?1469093041 HTTP/1.1" 200 16206 "http://ed.activities.at/entry.php?id=10271&&ser=92980" "Mozilla/5.0 (Windows NT 6.1; WOW64; Trident/7.0; rv:11.0) like Gecko"
188.22.126.224 - - [21/Jul/2016:11:24:11 +0200] "GET /entry.php?id=10271&&ser=92990 HTTP/1.1" 200 986 "http://ed.activities.at/entry.php?id=10271&&ser=92929" "Mozilla/5.0 (Windows NT 6.3; WOW64; rv:48.0) Gecko/20100101 Firefox/48.0"
188.22.126.224 - - [21/Jul/2016:11:24:11 +0200] "GET /gui/javascript/form_form.js?1469093051 HTTP/1.1" 200 16206 "http://ed.activities.at/entry.php?id=10271&&ser=92990" "Mozilla/5.0 (Windows NT 6.3; WOW64; rv:48.0) Gecko/20100101 Firefox/48.0"
188.23.103.13 - - [21/Jul/2016:11:25:01 +0200] "GET /entry.php?id=10271&&ser=93041 HTTP/1.1" 200 986 "http://ed.activities.at/entry.php?id=10272" "Mozilla/5.0 (Windows NT 6.1; WOW64; Trident/7.0; rv:11.0) like Gecko"
188.23.103.13 - - [21/Jul/2016:11:25:01 +0200] "GET /gui/javascript/form_form.js?1469093101 HTTP/1.1" 200 16206 "http://ed.activities.at/entry.php?id=10271&&ser=93041" "Mozilla/5.0 (Windows NT 6.1; WOW64; Trident/7.0; rv:11.0) like Gecko"
188.22.126.224 - - [21/Jul/2016:11:25:11 +0200] "GET /entry.php?id=10271&&ser=93051 HTTP/1.1" 200 987 "http://ed.activities.at/entry.php?id=10271&&ser=92990" "Mozilla/5.0 (Windows NT 6.3; WOW64; rv:48.0) Gecko/20100101 Firefox/48.0"
188.22.126.224 - - [21/Jul/2016:11:25:12 +0200] "GET /gui/javascript/form_form.js?1469093111 HTTP/1.1" 200 16206 "http://ed.activities.at/entry.php?id=10271&&ser=93051" "Mozilla/5.0 (Windows NT 6.3; WOW64; rv:48.0) Gecko/20100101 Firefox/48.0"
188.23.103.13 - - [21/Jul/2016:11:26:01 +0200] "GET /entry.php?id=10271&&ser=93101 HTTP/1.1" 200 987 "http://ed.activities.at/entry.php?id=10272" "Mozilla/5.0 (Windows NT 6.1; WOW64; Trident/7.0; rv:11.0) like Gecko"
