213.208.136.109 - - [04/Aug/2016:11:44:07 +0200] "GET /activities/framework/KoolControls/KoolTreeView/styles/default/L.gif HTTP/1.1" 200 67 "http://ed.activities.at/activities/framework/KoolControls/KoolTreeView/styles/default/default.css" "Mozilla/5.0 (Windows NT 5.1) AppleWebKit/537.36 (KHTML, like Gecko) Chrome/49.0.2623.112 Safari/537.36"
213.208.136.109 - - [04/Aug/2016:11:44:07 +0200] "GET /activities/framework/KoolControls/KoolTreeView/styles/default/pm.gif HTTP/1.1" 200 214 "http://ed.activities.at/activities/framework/KoolControls/KoolTreeView/styles/default/default.css" "Mozilla/5.0 (Windows NT 5.1) AppleWebKit/537.36 (KHTML, like Gecko) Chrome/49.0.2623.112 Safari/537.36"
212.108.43.59 - - [04/Aug/2016:11:44:08 +0200] "GET /gui/javascript/form_articlegroup.js?s=1212 HTTP/1.1" 200 3196 "http://ed.activities.at/entry.php?id=11584&" "Mozilla/5.0 (Macintosh; Intel Mac OS X 10.10; rv:47.0) Gecko/20100101 Firefox/47.0"
212.108.43.59 - - [04/Aug/2016:11:44:08 +0200] "GET /gui/javascript/form_form.js?1470303847 HTTP/1.1" 200 16206 "http://ed.activities.at/entry.php?id=11584&" "Mozilla/5.0 (Macintosh; Intel Mac OS X 10.10; rv:47.0) Gecko/20100101 Firefox/47.0"
212.108.43.59 - - [04/Aug/2016:11:44:08 +0200] "GET /framework/webfx/javascript/scrolltable/scrolltableIframe.js HTTP/1.1" 200 9641 "http://ed.activities.at/entry.php?id=11584&" "Mozilla/5.0 (Macintosh; Intel Mac OS X 10.10; rv:47.0) Gecko/20100101 Firefox/47.0"
212.108.43.59 - - [04/Aug/2016:11:44:08 +0200] "GET /activities/framework/fwx_trans.gif HTTP/1.1" 200 43 "http://ed.activities.at/entry.php?id=11584&" "Mozilla/5.0 (Macintosh; Intel Mac OS X 10.10; rv:47.0) Gecko/20100101 Firefox/47.0"
212.108.43.59 - - [04/Aug/2016:11:44:08 +0200] "GET /gui/images/icons/ajax_loading.gif HTTP/1.1" 200 1542 "http://ed.activities.at/entry.php?id=11584&" "Mozilla/5.0 (Macintosh; Intel Mac OS X 10.10; rv:47.0) Gecko/20100101 Firefox/47.0"
212.108.43.59 - - [04/Aug/2016:11:44:07 +0200] "GET /entry.php?id=11583& HTTP/1.1" 200 2996 "http://ed.activities.at/entry.php?id=11585" "Mozilla/5.0 (Macintosh; Intel Mac OS X 10.10; rv:47.0) Gecko/20100101 Firefox/47.0"
212.108.43.59 - - [04/Aug/2016:11:44:08 +0200] "GET /activities/framework/KoolControls/KoolAjax/koolajax.php?8436e354c842500aba3cbaf0584c0c24 HTTP/1.1" 200 4079 "http://ed.activities.at/entry.php?id=11583&" "Mozilla/5.0 (Macintosh; Intel Mac OS X 10.10; rv:47.0) Gecko/20100101 Firefox/47.0"
212.108.43.59 - - [04/Aug/2016:11:44:08 +0200] "GET /gui/javascript/form_form.js?1470303848 HTTP/1.1" 200 16206 "http://ed.activities.at/entry.php?id=11583&" "Mozilla/5.0 (Macintosh; Intel Mac OS X 10.10; rv:47.0) Gecko/20100101 Firefox/47.0"
213.208.136.109 - - [04/Aug/2016:11:44:07 +0200] "GET /entry.php?id=11584& HTTP/1.1" 200 4065 "http://ed.activities.at/entry.php?id=11585" "Mozilla/5.0 (Windows NT 5.1) AppleWebKit/537.36 (KHTML, like Gecko) Chrome/49.0.2623.112 Safari/537.36"
213.208.136.109 - - [04/Aug/2016:11:44:08 +0200] "GET /gui/javascript/form_form.js?1470303848 HTTP/1.1" 200 16206 "http://ed.activities.at/entry.php?id=11584&" "Mozilla/5.0 (Windows NT 5.1) AppleWebKit/537.36 (KHTML, like Gecko) Chrome/49.0.2623.112 Safari/537.36"
212.108.43.59 - - [04/Aug/2016:11:44:08 +0200] "GET /entry.php?id=10778&form=11408&name=list& HTTP/1.1" 200 2516 "http://ed.activities.at/entry.php?id=11584&" "Mozilla/5.0 (Macintosh; Intel Mac OS X 10.10; rv:47.0) Gecko/20100101 Firefox/47.0"
212.108.43.59 - - [04/Aug/2016:11:44:08 +0200] "GET /activities/framework/KoolControls/KoolTreeView/icons/square_yellowS.gif HTTP/1.1" 200 541 "http://ed.activities.at/entry.php?id=11583&" "Mozilla/5.0 (Macintosh; Intel Mac OS X 10.10; rv:47.0) Gecko/20100101 Firefox/47.0"
212.108.43.59 - - [04/Aug/2016:11:44:08 +0200] "GET /activities/framework/KoolControls/KoolTreeView/icons/i_artikelgruppen.gif HTTP/1.1" 200 1044 "http://ed.activities.at/entry.php?id=11583&" "Mozilla/5.0 (Macintosh; Intel Mac OS X 10.10; rv:47.0) Gecko/20100101 Firefox/47.0"
212.108.43.59 - - [04/Aug/2016:11:44:08 +0200] "GET /entry.php?id=10776&form=11408&name=list& HTTP/1.1" 200 1461 "http://ed.activities.at/entry.php?id=11584&" "Mozilla/5.0 (Macintosh; Intel Mac OS X 10.10; rv:47.0) Gecko/20100101 Firefox/47.0"
212.108.43.59 - - [04/Aug/2016:11:44:08 +0200] "GET /gui/images/icons/disabled_order.gif HTTP/1.1" 200 358 "http://ed.activities.at/entry.php?id=10778&form=11408&name=list&" "Mozilla/5.0 (Macintosh; Intel Mac OS X 10.10; rv:47.0) Gecko/20100101 Firefox/47.0"
212.108.43.59 - - [04/Aug/2016:11:44:08 +0200] "GET /activities/framework/KoolControls/KoolTreeView/kooltreeview.php?c7cd9180e88ffef8e70f13526bb4f5f7 HTTP/1.1" 200 5055 "http://ed.activities.at/entry.php?id=11583&" "Mozilla/5.0 (Macintosh; Intel Mac OS X 10.10; rv:47.0) Gecko/20100101 Firefox/47.0"
213.208.136.109 - - [04/Aug/2016:11:44:08 +0200] "GET /entry.php?id=10776&form=11408&name=list& HTTP/1.1" 200 1558 "http://ed.activities.at/entry.php?id=11584&" "Mozilla/5.0 (Windows NT 5.1) AppleWebKit/537.36 (KHTML, like Gecko) Chrome/49.0.2623.112 Safari/537.36"
213.208.136.109 - - [04/Aug/2016:11:44:08 +0200] "GET /entry.php?id=10778&form=11408&name=list& HTTP/1.1" 200 2516 "http://ed.activities.at/entry.php?id=11584&" "Mozilla/5.0 (Windows NT 5.1) AppleWebKit/537.36 (KHTML, like Gecko) Chrome/49.0.2623.112 Safari/537.36"
212.108.43.59 - - [04/Aug/2016:11:44:08 +0200] "GET /activities/framework/KoolControls/KoolTreeView/styles/default/default.css HTTP/1.1" 200 1099 "http://ed.activities.at/entry.php?id=11583&" "Mozilla/5.0 (Macintosh; Intel Mac OS X 10.10; rv:47.0) Gecko/20100101 Firefox/47.0"
212.108.43.59 - - [04/Aug/2016:11:44:08 +0200] "GET /framework/icons/fwx_trans.gif HTTP/1.1" 200 43 "http://ed.activities.at/entry.php?id=10778&form=11408&name=list&" "Mozilla/5.0 (Macintosh; Intel Mac OS X 10.10; rv:47.0) Gecko/20100101 Firefox/47.0"
212.108.43.59 - - [04/Aug/2016:11:44:08 +0200] "GET /framework/icons/sortUp.gif HTTP/1.1" 200 53 "http://ed.activities.at/entry.php?id=10776&form=11408&name=list&" "Mozilla/5.0 (Macintosh; Intel Mac OS X 10.10; rv:47.0) Gecko/20100101 Firefox/47.0"
213.208.136.109 - - [04/Aug/2016:11:44:08 +0200] "GET /gui/images/icons/disabled_order.gif HTTP/1.1" 200 358 "http://ed.activities.at/entry.php?id=10778&form=11408&name=list&" "Mozilla/5.0 (Windows NT 5.1) AppleWebKit/537.36 (KHTML, like Gecko) Chrome/49.0.2623.112 Safari/537.36"
212.108.43.59 - - [04/Aug/2016:11:44:08 +0200] "GET /activities/framework/KoolControls/KoolTreeView/styles/default/pm.gif HTTP/1.1" 200 214 "http://ed.activities.at/activities/framework/KoolControls/KoolTreeView/styles/default/default.css" "Mozilla/5.0 (Macintosh; Intel Mac OS X 10.10; rv:47.0) Gecko/20100101 Firefox/47.0"
212.108.43.59 - - [04/Aug/2016:11:44:08 +0200] "GET /activities/framework/KoolControls/KoolTreeView/styles/default/v.gif HTTP/1.1" 200 1940 "http://ed.activities.at/activities/framework/KoolControls/KoolTreeView/styles/default/default.css" "Mozilla/5.0 (Macintosh; Intel Mac OS X 10.10; rv:47.0) Gecko/20100101 Firefox/47.0"
212.108.43.59 - - [04/Aug/2016:11:44:08 +0200] "GET /activities/framework/KoolControls/KoolTreeView/styles/default/horizon.gif HTTP/1.1" 200 844 "http://ed.activities.at/activities/framework/KoolControls/KoolTreeView/styles/default/default.css" "Mozilla/5.0 (Macintosh; Intel Mac OS X 10.10; rv:47.0) Gecko/20100101 Firefox/47.0"
212.108.43.59 - - [04/Aug/2016:11:44:08 +0200] "GET /activities/framework/KoolControls/KoolTreeView/styles/default/mid.gif HTTP/1.1" 200 71 "http://ed.activities.at/activities/framework/KoolControls/KoolTreeView/styles/default/default.css" "Mozilla/5.0 (Macintosh; Intel Mac OS X 10.10; rv:47.0) Gecko/20100101 Firefox/47.0"
212.108.43.59 - - [04/Aug/2016:11:44:08 +0200] "GET /activities/framework/KoolControls/KoolTreeView/styles/default/L.gif HTTP/1.1" 200 67 "http://ed.activities.at/activities/framework/KoolControls/KoolTreeView/styles/default/default.css" "Mozilla/5.0 (Macintosh; Intel Mac OS X 10.10; rv:47.0) Gecko/20100101 Firefox/47.0"
213.208.136.109 - - [04/Aug/2016:11:44:16 +0200] "POST /entry.php?id=11584 HTTP/1.1" 200 4236 "http://ed.activities.at/entry.php?id=11584&" "Mozilla/5.0 (Windows NT 5.1) AppleWebKit/537.36 (KHTML, like Gecko) Chrome/49.0.2623.112 Safari/537.36"
212.108.43.59 - - [04/Aug/2016:11:44:16 +0200] "POST /entry.php?id=11584 HTTP/1.1" 200 4232 "http://ed.activities.at/entry.php?id=11584&" "Mozilla/5.0 (Macintosh; Intel Mac OS X 10.10; rv:47.0) Gecko/20100101 Firefox/47.0"
213.208.136.109 - - [04/Aug/2016:11:44:16 +0200] "GET /gui/javascript/form_form.js?1470303856 HTTP/1.1" 200 16206 "http://ed.activities.at/entry.php?id=11584" "Mozilla/5.0 (Windows NT 5.1) AppleWebKit/537.36 (KHTML, like Gecko) Chrome/49.0.2623.112 Safari/537.36"
212.108.43.59 - - [04/Aug/2016:11:44:16 +0200] "GET /gui/javascript/form_form.js?1470303856 HTTP/1.1" 200 16206 "http://ed.activities.at/entry.php?id=11584" "Mozilla/5.0 (Macintosh; Intel Mac OS X 10.10; rv:47.0) Gecko/20100101 Firefox/47.0"
213.208.136.109 - - [04/Aug/2016:11:44:16 +0200] "GET /entry.php?id=10778&form=11408&name=list& HTTP/1.1" 200 2696 "http://ed.activities.at/entry.php?id=11584" "Mozilla/5.0 (Windows NT 5.1) AppleWebKit/537.36 (KHTML, like Gecko) Chrome/49.0.2623.112 Safari/537.36"
213.208.136.109 - - [04/Aug/2016:11:44:17 +0200] "GET /gui/images/icons/order.gif HTTP/1.1" 200 353 "http://ed.activities.at/entry.php?id=10778&form=11408&name=list&" "Mozilla/5.0 (Windows NT 5.1) AppleWebKit/537.36 (KHTML, like Gecko) Chrome/49.0.2623.112 Safari/537.36"
213.208.136.109 - - [04/Aug/2016:11:44:16 +0200] "GET /entry.php?id=10776&form=11408&name=list& HTTP/1.1" 200 1584 "http://ed.activities.at/entry.php?id=11584" "Mozilla/5.0 (Windows NT 5.1) AppleWebKit/537.36 (KHTML, like Gecko) Chrome/49.0.2623.112 Safari/537.36"
212.108.43.59 - - [04/Aug/2016:11:44:16 +0200] "GET /entry.php?id=10776&form=11408&name=list& HTTP/1.1" 200 1506 "http://ed.activities.at/entry.php?id=11584" "Mozilla/5.0 (Macintosh; Intel Mac OS X 10.10; rv:47.0) Gecko/20100101 Firefox/47.0"
212.108.43.59 - - [04/Aug/2016:11:44:16 +0200] "GET /entry.php?id=10778&form=11408&name=list& HTTP/1.1" 200 2671 "http://ed.activities.at/entry.php?id=11584" "Mozilla/5.0 (Macintosh; Intel Mac OS X 10.10; rv:47.0) Gecko/20100101 Firefox/47.0"
212.108.43.59 - - [04/Aug/2016:11:44:17 +0200] "GET /gui/images/icons/order.gif HTTP/1.1" 200 353 "http://ed.activities.at/entry.php?id=10778&form=11408&name=list&" "Mozilla/5.0 (Macintosh; Intel Mac OS X 10.10; rv:47.0) Gecko/20100101 Firefox/47.0"
213.208.136.109 - - [04/Aug/2016:11:44:19 +0200] "POST /entry.php?id=11584 HTTP/1.1" 200 3143 "http://ed.activities.at/entry.php?id=11584" "Mozilla/5.0 (Windows NT 5.1) AppleWebKit/537.36 (KHTML, like Gecko) Chrome/49.0.2623.112 Safari/537.36"
213.208.136.109 - - [04/Aug/2016:11:44:19 +0200] "GET /gui/javascript/form_form.js?1470303859 HTTP/1.1" 200 16206 "http://ed.activities.at/entry.php?id=11584" "Mozilla/5.0 (Windows NT 5.1) AppleWebKit/537.36 (KHTML, like Gecko) Chrome/49.0.2623.112 Safari/537.36"
213.208.136.109 - - [04/Aug/2016:11:44:19 +0200] "GET /entry.php?id=10778&form=11408&name=list& HTTP/1.1" 200 2597 "http://ed.activities.at/entry.php?id=11584" "Mozilla/5.0 (Windows NT 5.1) AppleWebKit/537.36 (KHTML, like Gecko) Chrome/49.0.2623.112 Safari/537.36"
213.208.136.109 - - [04/Aug/2016:11:44:19 +0200] "GET /entry.php?id=10683 HTTP/1.1" 200 992 "http://ed.activities.at/entry.php?id=11584" "Mozilla/5.0 (Windows NT 5.1) AppleWebKit/537.36 (KHTML, like Gecko) Chrome/49.0.2623.112 Safari/537.36"
213.208.136.109 - - [04/Aug/2016:11:44:19 +0200] "GET /entry.php?id=10776&form=11408&name=list& HTTP/1.1" 200 1689 "http://ed.activities.at/entry.php?id=11584" "Mozilla/5.0 (Windows NT 5.1) AppleWebKit/537.36 (KHTML, like Gecko) Chrome/49.0.2623.112 Safari/537.36"
213.208.136.109 - - [04/Aug/2016:11:44:22 +0200] "POST /entry.php?id=11584 HTTP/1.1" 200 3144 "http://ed.activities.at/entry.php?id=11584" "Mozilla/5.0 (Windows NT 5.1) AppleWebKit/537.36 (KHTML, like Gecko) Chrome/49.0.2623.112 Safari/537.36"
213.208.136.109 - - [04/Aug/2016:11:44:23 +0200] "GET /gui/javascript/form_form.js?1470303863 HTTP/1.1" 200 16206 "http://ed.activities.at/entry.php?id=11584" "Mozilla/5.0 (Windows NT 5.1) AppleWebKit/537.36 (KHTML, like Gecko) Chrome/49.0.2623.112 Safari/537.36"
213.208.136.109 - - [04/Aug/2016:11:44:23 +0200] "GET /entry.php?id=10776&form=11408&name=list& HTTP/1.1" 200 1689 "http://ed.activities.at/entry.php?id=11584" "Mozilla/5.0 (Windows NT 5.1) AppleWebKit/537.36 (KHTML, like Gecko) Chrome/49.0.2623.112 Safari/537.36"
213.208.136.109 - - [04/Aug/2016:11:44:23 +0200] "GET /entry.php?id=10778&form=11408&name=list& HTTP/1.1" 200 2597 "http://ed.activities.at/entry.php?id=11584" "Mozilla/5.0 (Windows NT 5.1) AppleWebKit/537.36 (KHTML, like Gecko) Chrome/49.0.2623.112 Safari/537.36"
213.208.136.109 - - [04/Aug/2016:11:44:23 +0200] "GET /entry.php?id=10683 HTTP/1.1" 200 992 "http://ed.activities.at/entry.php?id=11584" "Mozilla/5.0 (Windows NT 5.1) AppleWebKit/537.36 (KHTML, like Gecko) Chrome/49.0.2623.112 Safari/537.36"
212.108.43.59 - - [04/Aug/2016:11:44:24 +0200] "GET /entry.php?id=10271&&ser=303803 HTTP/1.1" 200 987 "http://ed.activities.at/entry.php?id=10271&UIN=8d9a3a06bf1642006a481ae51692a71e" "Mozilla/5.0 (Macintosh; Intel Mac OS X 10.10; rv:47.0) Gecko/20100101 Firefox/47.0"
212.108.43.59 - - [04/Aug/2016:11:44:25 +0200] "GET /gui/javascript/form_form.js?1470303865 HTTP/1.1" 200 16206 "http://ed.activities.at/entry.php?id=10271&&ser=303803" "Mozilla/5.0 (Macintosh; Intel Mac OS X 10.10; rv:47.0) Gecko/20100101 Firefox/47.0"
213.208.136.109 - - [04/Aug/2016:11:44:24 +0200] "POST /entry.php?id=11584 HTTP/1.1" 200 3144 "http://ed.activities.at/entry.php?id=11584" "Mozilla/5.0 (Windows NT 5.1) AppleWebKit/537.36 (KHTML, like Gecko) Chrome/49.0.2623.112 Safari/537.36"
213.208.136.109 - - [04/Aug/2016:11:44:25 +0200] "GET /gui/javascript/form_form.js?1470303865 HTTP/1.1" 200 16206 "http://ed.activities.at/entry.php?id=11584" "Mozilla/5.0 (Windows NT 5.1) AppleWebKit/537.36 (KHTML, like Gecko) Chrome/49.0.2623.112 Safari/537.36"
213.208.136.109 - - [04/Aug/2016:11:44:25 +0200] "GET /entry.php?id=10683 HTTP/1.1" 200 992 "http://ed.activities.at/entry.php?id=11584" "Mozilla/5.0 (Windows NT 5.1) AppleWebKit/537.36 (KHTML, like Gecko) Chrome/49.0.2623.112 Safari/537.36"
213.208.136.109 - - [04/Aug/2016:11:44:25 +0200] "GET /entry.php?id=10776&form=11408&name=list& HTTP/1.1" 200 1689 "http://ed.activities.at/entry.php?id=11584" "Mozilla/5.0 (Windows NT 5.1) AppleWebKit/537.36 (KHTML, like Gecko) Chrome/49.0.2623.112 Safari/537.36"
213.208.136.109 - - [04/Aug/2016:11:44:25 +0200] "GET /entry.php?id=10778&form=11408&name=list& HTTP/1.1" 200 2597 "http://ed.activities.at/entry.php?id=11584" "Mozilla/5.0 (Windows NT 5.1) AppleWebKit/537.36 (KHTML, like Gecko) Chrome/49.0.2623.112 Safari/537.36"
213.208.136.109 - - [04/Aug/2016:11:44:26 +0200] "POST /entry.php?id=11584 HTTP/1.1" 200 3144 "http://ed.activities.at/entry.php?id=11584" "Mozilla/5.0 (Windows NT 5.1) AppleWebKit/537.36 (KHTML, like Gecko) Chrome/49.0.2623.112 Safari/537.36"
213.208.136.109 - - [04/Aug/2016:11:44:27 +0200] "GET /gui/javascript/form_form.js?1470303867 HTTP/1.1" 200 16206 "http://ed.activities.at/entry.php?id=11584" "Mozilla/5.0 (Windows NT 5.1) AppleWebKit/537.36 (KHTML, like Gecko) Chrome/49.0.2623.112 Safari/537.36"
213.208.136.109 - - [04/Aug/2016:11:44:27 +0200] "GET /entry.php?id=10683 HTTP/1.1" 200 992 "http://ed.activities.at/entry.php?id=11584" "Mozilla/5.0 (Windows NT 5.1) AppleWebKit/537.36 (KHTML, like Gecko) Chrome/49.0.2623.112 Safari/537.36"
213.208.136.109 - - [04/Aug/2016:11:44:27 +0200] "GET /entry.php?id=10778&form=11408&name=list& HTTP/1.1" 200 3823 "http://ed.activities.at/entry.php?id=11584" "Mozilla/5.0 (Windows NT 5.1) AppleWebKit/537.36 (KHTML, like Gecko) Chrome/49.0.2623.112 Safari/537.36"
213.208.136.109 - - [04/Aug/2016:11:44:27 +0200] "GET /entry.php?id=10776&form=11408&name=list& HTTP/1.1" 200 1693 "http://ed.activities.at/entry.php?id=11584" "Mozilla/5.0 (Windows NT 5.1) AppleWebKit/537.36 (KHTML, like Gecko) Chrome/49.0.2623.112 Safari/537.36"
213.208.136.109 - - [04/Aug/2016:11:44:30 +0200] "POST /entry.php?id=11584 HTTP/1.1" 200 3144 "http://ed.activities.at/entry.php?id=11584" "Mozilla/5.0 (Windows NT 5.1) AppleWebKit/537.36 (KHTML, like Gecko) Chrome/49.0.2623.112 Safari/537.36"
213.208.136.109 - - [04/Aug/2016:11:44:31 +0200] "GET /gui/javascript/form_form.js?1470303871 HTTP/1.1" 200 16206 "http://ed.activities.at/entry.php?id=11584" "Mozilla/5.0 (Windows NT 5.1) AppleWebKit/537.36 (KHTML, like Gecko) Chrome/49.0.2623.112 Safari/537.36"
213.208.136.109 - - [04/Aug/2016:11:44:31 +0200] "GET /entry.php?id=10683 HTTP/1.1" 200 992 "http://ed.activities.at/entry.php?id=11584" "Mozilla/5.0 (Windows NT 5.1) AppleWebKit/537.36 (KHTML, like Gecko) Chrome/49.0.2623.112 Safari/537.36"
213.208.136.109 - - [04/Aug/2016:11:44:31 +0200] "GET /entry.php?id=10776&form=11408&name=list& HTTP/1.1" 200 1693 "http://ed.activities.at/entry.php?id=11584" "Mozilla/5.0 (Windows NT 5.1) AppleWebKit/537.36 (KHTML, like Gecko) Chrome/49.0.2623.112 Safari/537.36"
213.208.136.109 - - [04/Aug/2016:11:44:31 +0200] "GET /entry.php?id=10778&form=11408&name=list& HTTP/1.1" 200 3742 "http://ed.activities.at/entry.php?id=11584" "Mozilla/5.0 (Windows NT 5.1) AppleWebKit/537.36 (KHTML, like Gecko) Chrome/49.0.2623.112 Safari/537.36"
213.208.136.109 - - [04/Aug/2016:11:44:31 +0200] "GET /cache/emu/images/easy-drivers-portal10227561/pkw2jpg_16_6.jpg HTTP/1.1" 200 755 "http://ed.activities.at/entry.php?id=10778&form=11408&name=list&" "Mozilla/5.0 (Windows NT 5.1) AppleWebKit/537.36 (KHTML, like Gecko) Chrome/49.0.2623.112 Safari/537.36"
213.208.136.109 - - [04/Aug/2016:11:44:31 +0200] "GET /cache/emu/images/easy-drivers-portal10227563/pkw1jpg_16_6.jpg HTTP/1.1" 200 748 "http://ed.activities.at/entry.php?id=10778&form=11408&name=list&" "Mozilla/5.0 (Windows NT 5.1) AppleWebKit/537.36 (KHTML, like Gecko) Chrome/49.0.2623.112 Safari/537.36"
213.208.136.109 - - [04/Aug/2016:11:44:31 +0200] "GET /cache/emu/images/easy-drivers-portal10227560/pkw3jpg_16_6.jpg HTTP/1.1" 200 753 "http://ed.activities.at/entry.php?id=10778&form=11408&name=list&" "Mozilla/5.0 (Windows NT 5.1) AppleWebKit/537.36 (KHTML, like Gecko) Chrome/49.0.2623.112 Safari/537.36"
213.208.136.109 - - [04/Aug/2016:11:44:31 +0200] "GET /cache/emu/images/easy-drivers-portal10227559/pkw5jpg_16_6_1.jpg HTTP/1.1" 200 756 "http://ed.activities.at/entry.php?id=10778&form=11408&name=list&" "Mozilla/5.0 (Windows NT 5.1) AppleWebKit/537.36 (KHTML, like Gecko) Chrome/49.0.2623.112 Safari/537.36"
213.208.136.109 - - [04/Aug/2016:11:44:31 +0200] "GET /cache/emu/images/easy-drivers-portal10227562/pkw4jpg_16_6.jpg HTTP/1.1" 200 756 "http://ed.activities.at/entry.php?id=10778&form=11408&name=list&" "Mozilla/5.0 (Windows NT 5.1) AppleWebKit/537.36 (KHTML, like Gecko) Chrome/49.0.2623.112 Safari/537.36"
213.208.136.109 - - [04/Aug/2016:11:44:31 +0200] "GET /cache/emu/images/easy-drivers-portal10227558/pkw6jpg_16_6.jpg HTTP/1.1" 200 758 "http://ed.activities.at/entry.php?id=10778&form=11408&name=list&" "Mozilla/5.0 (Windows NT 5.1) AppleWebKit/537.36 (KHTML, like Gecko) Chrome/49.0.2623.112 Safari/537.36"
212.108.43.59 - - [04/Aug/2016:11:44:32 +0200] "POST /entry.php?id=11584 HTTP/1.1" 200 4232 "http://ed.activities.at/entry.php?id=11584" "Mozilla/5.0 (Macintosh; Intel Mac OS X 10.10; rv:47.0) Gecko/20100101 Firefox/47.0"
212.108.43.59 - - [04/Aug/2016:11:44:33 +0200] "GET /gui/javascript/form_form.js?1470303873 HTTP/1.1" 200 16206 "http://ed.activities.at/entry.php?id=11584" "Mozilla/5.0 (Macintosh; Intel Mac OS X 10.10; rv:47.0) Gecko/20100101 Firefox/47.0"
212.108.43.59 - - [04/Aug/2016:11:44:33 +0200] "GET /entry.php?id=10778&form=11408&name=list& HTTP/1.1" 200 2802 "http://ed.activities.at/entry.php?id=11584" "Mozilla/5.0 (Macintosh; Intel Mac OS X 10.10; rv:47.0) Gecko/20100101 Firefox/47.0"
212.108.43.59 - - [04/Aug/2016:11:44:34 +0200] "GET /gui/images/icons/no_order.gif HTTP/1.1" 200 595 "http://ed.activities.at/entry.php?id=10778&form=11408&name=list&" "Mozilla/5.0 (Macintosh; Intel Mac OS X 10.10; rv:47.0) Gecko/20100101 Firefox/47.0"
212.108.43.59 - - [04/Aug/2016:11:44:33 +0200] "GET /entry.php?id=10776&form=11408&name=list& HTTP/1.1" 200 1507 "http://ed.activities.at/entry.php?id=11584" "Mozilla/5.0 (Macintosh; Intel Mac OS X 10.10; rv:47.0) Gecko/20100101 Firefox/47.0"
213.208.136.109 - - [04/Aug/2016:11:44:37 +0200] "GET /entry.php?id=10271&&ser=303818 HTTP/1.1" 200 989 "http://ed.activities.at/entry.php?id=10271&&ser=303755" "Mozilla/5.0 (Windows NT 5.1) AppleWebKit/537.36 (KHTML, like Gecko) Chrome/49.0.2623.112 Safari/537.36"
213.208.136.109 - - [04/Aug/2016:11:44:38 +0200] "GET /gui/javascript/form_form.js?1470303878 HTTP/1.1" 200 16206 "http://ed.activities.at/entry.php?id=10271&&ser=303818" "Mozilla/5.0 (Windows NT 5.1) AppleWebKit/537.36 (KHTML, like Gecko) Chrome/49.0.2623.112 Safari/537.36"
212.108.43.59 - - [04/Aug/2016:11:44:39 +0200] "POST /entry.php?id=11584 HTTP/1.1" 200 4232 "http://ed.activities.at/entry.php?id=11584" "Mozilla/5.0 (Macintosh; Intel Mac OS X 10.10; rv:47.0) Gecko/20100101 Firefox/47.0"
212.108.43.59 - - [04/Aug/2016:11:44:39 +0200] "GET /gui/javascript/form_form.js?1470303879 HTTP/1.1" 200 16206 "http://ed.activities.at/entry.php?id=11584" "Mozilla/5.0 (Macintosh; Intel Mac OS X 10.10; rv:47.0) Gecko/20100101 Firefox/47.0"
212.108.43.59 - - [04/Aug/2016:11:44:39 +0200] "GET /entry.php?id=10778&form=11408&name=list& HTTP/1.1" 200 2671 "http://ed.activities.at/entry.php?id=11584" "Mozilla/5.0 (Macintosh; Intel Mac OS X 10.10; rv:47.0) Gecko/20100101 Firefox/47.0"
212.108.43.59 - - [04/Aug/2016:11:44:39 +0200] "GET /entry.php?id=10776&form=11408&name=list& HTTP/1.1" 200 1506 "http://ed.activities.at/entry.php?id=11584" "Mozilla/5.0 (Macintosh; Intel Mac OS X 10.10; rv:47.0) Gecko/20100101 Firefox/47.0"
212.108.43.59 - - [04/Aug/2016:11:44:45 +0200] "POST /entry.php?id=11584 HTTP/1.1" 200 3140 "http://ed.activities.at/entry.php?id=11584" "Mozilla/5.0 (Macintosh; Intel Mac OS X 10.10; rv:47.0) Gecko/20100101 Firefox/47.0"
212.108.43.59 - - [04/Aug/2016:11:44:45 +0200] "GET /gui/javascript/form_form.js?1470303885 HTTP/1.1" 200 16206 "http://ed.activities.at/entry.php?id=11584" "Mozilla/5.0 (Macintosh; Intel Mac OS X 10.10; rv:47.0) Gecko/20100101 Firefox/47.0"
212.108.43.59 - - [04/Aug/2016:11:44:45 +0200] "GET /entry.php?id=10778&form=11408&name=list& HTTP/1.1" 200 2597 "http://ed.activities.at/entry.php?id=11584" "Mozilla/5.0 (Macintosh; Intel Mac OS X 10.10; rv:47.0) Gecko/20100101 Firefox/47.0"
212.108.43.59 - - [04/Aug/2016:11:44:45 +0200] "GET /entry.php?id=10683 HTTP/1.1" 200 990 "http://ed.activities.at/entry.php?id=11584" "Mozilla/5.0 (Macintosh; Intel Mac OS X 10.10; rv:47.0) Gecko/20100101 Firefox/47.0"
212.108.43.59 - - [04/Aug/2016:11:44:45 +0200] "GET /entry.php?id=10776&form=11408&name=list& HTTP/1.1" 200 1595 "http://ed.activities.at/entry.php?id=11584" "Mozilla/5.0 (Macintosh; Intel Mac OS X 10.10; rv:47.0) Gecko/20100101 Firefox/47.0"
212.108.43.59 - - [04/Aug/2016:11:44:46 +0200] "GET /gui/images/icons/disabled_view_grid.gif HTTP/1.1" 200 399 "http://ed.activities.at/entry.php?id=10776&form=11408&name=list&" "Mozilla/5.0 (Macintosh; Intel Mac OS X 10.10; rv:47.0) Gecko/20100101 Firefox/47.0"
212.108.43.59 - - [04/Aug/2016:11:44:46 +0200] "GET /gui/javascript/form_form.js?1470303886 HTTP/1.1" 200 16206 "http://ed.activities.at/entry.php?id=10683" "Mozilla/5.0 (Macintosh; Intel Mac OS X 10.10; rv:47.0) Gecko/20100101 Firefox/47.0"
212.108.43.59 - - [04/Aug/2016:11:44:46 +0200] "GET /gui/images/emulogo.jpg HTTP/1.1" 200 80752 "http://ed.activities.at/entry.php?id=10683" "Mozilla/5.0 (Macintosh; Intel Mac OS X 10.10; rv:47.0) Gecko/20100101 Firefox/47.0"
212.108.43.59 - - [04/Aug/2016:11:44:55 +0200] "POST /entry.php?id=11584 HTTP/1.1" 200 3143 "http://ed.activities.at/entry.php?id=11584" "Mozilla/5.0 (Macintosh; Intel Mac OS X 10.10; rv:47.0) Gecko/20100101 Firefox/47.0"
212.108.43.59 - - [04/Aug/2016:11:44:56 +0200] "GET /gui/javascript/form_form.js?1470303895 HTTP/1.1" 200 16206 "http://ed.activities.at/entry.php?id=11584" "Mozilla/5.0 (Macintosh; Intel Mac OS X 10.10; rv:47.0) Gecko/20100101 Firefox/47.0"
212.108.43.59 - - [04/Aug/2016:11:44:56 +0200] "GET /entry.php?id=10776&form=11408&name=list& HTTP/1.1" 200 1598 "http://ed.activities.at/entry.php?id=11584" "Mozilla/5.0 (Macintosh; Intel Mac OS X 10.10; rv:47.0) Gecko/20100101 Firefox/47.0"
212.108.43.59 - - [04/Aug/2016:11:44:56 +0200] "GET /gui/images/icons/view_grid.gif HTTP/1.1" 200 382 "http://ed.activities.at/entry.php?id=10776&form=11408&name=list&" "Mozilla/5.0 (Macintosh; Intel Mac OS X 10.10; rv:47.0) Gecko/20100101 Firefox/47.0"
212.108.43.59 - - [04/Aug/2016:11:44:56 +0200] "GET /entry.php?id=10683 HTTP/1.1" 200 990 "http://ed.activities.at/entry.php?id=11584" "Mozilla/5.0 (Macintosh; Intel Mac OS X 10.10; rv:47.0) Gecko/20100101 Firefox/47.0"
212.108.43.59 - - [04/Aug/2016:11:44:56 +0200] "GET /entry.php?id=10778&form=11408&name=list& HTTP/1.1" 200 3708 "http://ed.activities.at/entry.php?id=11584" "Mozilla/5.0 (Macintosh; Intel Mac OS X 10.10; rv:47.0) Gecko/20100101 Firefox/47.0"
212.108.43.59 - - [04/Aug/2016:11:44:56 +0200] "GET /cache/emu/images/easy-drivers-portal10227563/pkw1jpg_16_6.jpg HTTP/1.1" 200 748 "http://ed.activities.at/entry.php?id=10778&form=11408&name=list&" "Mozilla/5.0 (Macintosh; Intel Mac OS X 10.10; rv:47.0) Gecko/20100101 Firefox/47.0"
212.108.43.59 - - [04/Aug/2016:11:44:56 +0200] "GET /cache/emu/images/easy-drivers-portal10227560/pkw3jpg_16_6.jpg HTTP/1.1" 200 753 "http://ed.activities.at/entry.php?id=10778&form=11408&name=list&" "Mozilla/5.0 (Macintosh; Intel Mac OS X 10.10; rv:47.0) Gecko/20100101 Firefox/47.0"
212.108.43.59 - - [04/Aug/2016:11:44:56 +0200] "GET /cache/emu/images/easy-drivers-portal10227561/pkw2jpg_16_6.jpg HTTP/1.1" 200 755 "http://ed.activities.at/entry.php?id=10778&form=11408&name=list&" "Mozilla/5.0 (Macintosh; Intel Mac OS X 10.10; rv:47.0) Gecko/20100101 Firefox/47.0"
212.108.43.59 - - [04/Aug/2016:11:44:56 +0200] "GET /cache/emu/images/easy-drivers-portal10227559/pkw5jpg_16_6_1.jpg HTTP/1.1" 200 756 "http://ed.activities.at/entry.php?id=10778&form=11408&name=list&" "Mozilla/5.0 (Macintosh; Intel Mac OS X 10.10; rv:47.0) Gecko/20100101 Firefox/47.0"
212.108.43.59 - - [04/Aug/2016:11:44:56 +0200] "GET /cache/emu/images/easy-drivers-portal10227562/pkw4jpg_16_6.jpg HTTP/1.1" 200 756 "http://ed.activities.at/entry.php?id=10778&form=11408&name=list&" "Mozilla/5.0 (Macintosh; Intel Mac OS X 10.10; rv:47.0) Gecko/20100101 Firefox/47.0"
212.108.43.59 - - [04/Aug/2016:11:44:57 +0200] "GET /cache/emu/images/easy-drivers-portal10227558/pkw6jpg_16_6.jpg HTTP/1.1" 200 758 "http://ed.activities.at/entry.php?id=10778&form=11408&name=list&" "Mozilla/5.0 (Macintosh; Intel Mac OS X 10.10; rv:47.0) Gecko/20100101 Firefox/47.0"
212.108.43.59 - - [04/Aug/2016:11:44:57 +0200] "GET /framework/icons/rowup.gif HTTP/1.1" 200 60 "http://ed.activities.at/entry.php?id=10778&form=11408&name=list&" "Mozilla/5.0 (Macintosh; Intel Mac OS X 10.10; rv:47.0) Gecko/20100101 Firefox/47.0"
212.108.43.59 - - [04/Aug/2016:11:44:57 +0200] "GET /framework/icons/rowdown.gif HTTP/1.1" 200 60 "http://ed.activities.at/entry.php?id=10778&form=11408&name=list&" "Mozilla/5.0 (Macintosh; Intel Mac OS X 10.10; rv:47.0) Gecko/20100101 Firefox/47.0"
212.108.43.59 - - [04/Aug/2016:11:44:57 +0200] "GET /gui/javascript/form_form.js?1470303896 HTTP/1.1" 200 16206 "http://ed.activities.at/entry.php?id=10683" "Mozilla/5.0 (Macintosh; Intel Mac OS X 10.10; rv:47.0) Gecko/20100101 Firefox/47.0"
213.208.136.109 - - [04/Aug/2016:11:45:07 +0200] "GET /entry.php?id=11670 HTTP/1.1" 200 320 "http://ed.activities.at/entry.php?id=10270&&__app__=10006038" "Mozilla/5.0 (Windows NT 5.1) AppleWebKit/537.36 (KHTML, like Gecko) Chrome/49.0.2623.112 Safari/537.36"
213.208.136.109 - - [04/Aug/2016:11:45:08 +0200] "GET /entry.php?id=10676&&title=Produkte HTTP/1.1" 200 1391 "http://ed.activities.at/entry.php?id=11670" "Mozilla/5.0 (Windows NT 5.1) AppleWebKit/537.36 (KHTML, like Gecko) Chrome/49.0.2623.112 Safari/537.36"
213.208.136.109 - - [04/Aug/2016:11:45:08 +0200] "GET /gui/javascript/form_form.js?1470303908 HTTP/1.1" 200 16206 "http://ed.activities.at/entry.php?id=10676&&title=Produkte" "Mozilla/5.0 (Windows NT 5.1) AppleWebKit/537.36 (KHTML, like Gecko) Chrome/49.0.2623.112 Safari/537.36"
213.208.136.109 - - [04/Aug/2016:11:45:08 +0200] "GET /entry.php?id=11668& HTTP/1.1" 200 3241 "http://ed.activities.at/entry.php?id=11670" "Mozilla/5.0 (Windows NT 5.1) AppleWebKit/537.36 (KHTML, like Gecko) Chrome/49.0.2623.112 Safari/537.36"
213.208.136.109 - - [04/Aug/2016:11:45:09 +0200] "GET /gui/javascript/form_form.js?1470303909 HTTP/1.1" 200 16206 "http://ed.activities.at/entry.php?id=11668&" "Mozilla/5.0 (Windows NT 5.1) AppleWebKit/537.36 (KHTML, like Gecko) Chrome/49.0.2623.112 Safari/537.36"
213.208.136.109 - - [04/Aug/2016:11:45:08 +0200] "GET /entry.php?id=11669& HTTP/1.1" 200 2285 "http://ed.activities.at/entry.php?id=11670" "Mozilla/5.0 (Windows NT 5.1) AppleWebKit/537.36 (KHTML, like Gecko) Chrome/49.0.2623.112 Safari/537.36"
213.208.136.109 - - [04/Aug/2016:11:45:09 +0200] "GET /entry.php?id=10776&form=11494&name=list& HTTP/1.1" 200 2065 "http://ed.activities.at/entry.php?id=11669&" "Mozilla/5.0 (Windows NT 5.1) AppleWebKit/537.36 (KHTML, like Gecko) Chrome/49.0.2623.112 Safari/537.36"
213.208.136.109 - - [04/Aug/2016:11:45:09 +0200] "GET /entry.php?id=10778&form=11494&name=list& HTTP/1.1" 200 5124 "http://ed.activities.at/entry.php?id=11669&" "Mozilla/5.0 (Windows NT 5.1) AppleWebKit/537.36 (KHTML, like Gecko) Chrome/49.0.2623.112 Safari/537.36"
212.108.43.59 - - [04/Aug/2016:11:45:14 +0200] "GET /entry.php?id=11670 HTTP/1.1" 200 320 "http://ed.activities.at/entry.php?id=10270&__app__=10006038" "Mozilla/5.0 (Macintosh; Intel Mac OS X 10.10; rv:47.0) Gecko/20100101 Firefox/47.0"
212.108.43.59 - - [04/Aug/2016:11:45:14 +0200] "GET /entry.php?id=11670 HTTP/1.1" 200 320 "http://ed.activities.at/entry.php?id=10270&__app__=10006038" "Mozilla/5.0 (Macintosh; Intel Mac OS X 10.10; rv:47.0) Gecko/20100101 Firefox/47.0"
212.108.43.59 - - [04/Aug/2016:11:45:15 +0200] "GET /entry.php?id=11669& HTTP/1.1" 200 2281 "http://ed.activities.at/entry.php?id=11670" "Mozilla/5.0 (Macintosh; Intel Mac OS X 10.10; rv:47.0) Gecko/20100101 Firefox/47.0"
212.108.43.59 - - [04/Aug/2016:11:45:15 +0200] "GET /entry.php?id=10676&&title=Produkte HTTP/1.1" 200 1388 "http://ed.activities.at/entry.php?id=11670" "Mozilla/5.0 (Macintosh; Intel Mac OS X 10.10; rv:47.0) Gecko/20100101 Firefox/47.0"
212.108.43.59 - - [04/Aug/2016:11:45:15 +0200] "GET /entry.php?id=11668& HTTP/1.1" 200 3240 "http://ed.activities.at/entry.php?id=11670" "Mozilla/5.0 (Macintosh; Intel Mac OS X 10.10; rv:47.0) Gecko/20100101 Firefox/47.0"
212.108.43.59 - - [04/Aug/2016:11:45:15 +0200] "GET /entry.php?id=11670 HTTP/1.1" 200 320 "http://ed.activities.at/entry.php?id=10270&__app__=10006038" "Mozilla/5.0 (Macintosh; Intel Mac OS X 10.10; rv:47.0) Gecko/20100101 Firefox/47.0"
212.108.43.59 - - [04/Aug/2016:11:45:16 +0200] "GET /entry.php?id=10676&&title=Produkte HTTP/1.1" 200 1388 "http://ed.activities.at/entry.php?id=11670" "Mozilla/5.0 (Macintosh; Intel Mac OS X 10.10; rv:47.0) Gecko/20100101 Firefox/47.0"
212.108.43.59 - - [04/Aug/2016:11:45:16 +0200] "GET /gui/javascript/form_form.js?1470303916 HTTP/1.1" 200 16206 "http://ed.activities.at/entry.php?id=10676&&title=Produkte" "Mozilla/5.0 (Macintosh; Intel Mac OS X 10.10; rv:47.0) Gecko/20100101 Firefox/47.0"
212.108.43.59 - - [04/Aug/2016:11:45:16 +0200] "GET /entry.php?id=11669& HTTP/1.1" 200 2282 "http://ed.activities.at/entry.php?id=11670" "Mozilla/5.0 (Macintosh; Intel Mac OS X 10.10; rv:47.0) Gecko/20100101 Firefox/47.0"
212.108.43.59 - - [04/Aug/2016:11:45:16 +0200] "GET /gui/javascript/form_ed_articles.js HTTP/1.1" 200 2191 "http://ed.activities.at/entry.php?id=11669&" "Mozilla/5.0 (Macintosh; Intel Mac OS X 10.10; rv:47.0) Gecko/20100101 Firefox/47.0"
212.108.43.59 - - [04/Aug/2016:11:45:16 +0200] "GET /entry.php?id=11668& HTTP/1.1" 200 3239 "http://ed.activities.at/entry.php?id=11670" "Mozilla/5.0 (Macintosh; Intel Mac OS X 10.10; rv:47.0) Gecko/20100101 Firefox/47.0"
212.108.43.59 - - [04/Aug/2016:11:45:16 +0200] "GET /entry.php?id=10778&form=11494&name=list& HTTP/1.1" 200 4944 "http://ed.activities.at/entry.php?id=11669&" "Mozilla/5.0 (Macintosh; Intel Mac OS X 10.10; rv:47.0) Gecko/20100101 Firefox/47.0"
212.108.43.59 - - [04/Aug/2016:11:45:17 +0200] "GET /gui/images/icons/note_msg_icon.gif HTTP/1.1" 200 1022 "http://ed.activities.at/entry.php?id=10778&form=11494&name=list&" "Mozilla/5.0 (Macintosh; Intel Mac OS X 10.10; rv:47.0) Gecko/20100101 Firefox/47.0"
212.108.43.59 - - [04/Aug/2016:11:45:16 +0200] "GET /entry.php?id=10776&form=11494&name=list& HTTP/1.1" 200 1992 "http://ed.activities.at/entry.php?id=11669&" "Mozilla/5.0 (Macintosh; Intel Mac OS X 10.10; rv:47.0) Gecko/20100101 Firefox/47.0"
212.108.43.59 - - [04/Aug/2016:11:45:17 +0200] "GET /gui/images/icons/disable_light.gif HTTP/1.1" 200 616 "http://ed.activities.at/entry.php?id=10778&form=11494&name=list&" "Mozilla/5.0 (Macintosh; Intel Mac OS X 10.10; rv:47.0) Gecko/20100101 Firefox/47.0"
212.108.43.59 - - [04/Aug/2016:11:45:17 +0200] "GET /gui/images/icons/lupe.gif HTTP/1.1" 200 324 "http://ed.activities.at/entry.php?id=10776&form=11494&name=list&" "Mozilla/5.0 (Macintosh; Intel Mac OS X 10.10; rv:47.0) Gecko/20100101 Firefox/47.0"
212.108.43.59 - - [04/Aug/2016:11:45:17 +0200] "GET /gui/images/icons/filter_on.gif HTTP/1.1" 200 316 "http://ed.activities.at/entry.php?id=10776&form=11494&name=list&" "Mozilla/5.0 (Macintosh; Intel Mac OS X 10.10; rv:47.0) Gecko/20100101 Firefox/47.0"
213.208.136.109 - - [04/Aug/2016:11:45:19 +0200] "POST /entry.php?id=11668 HTTP/1.1" 200 3451 "http://ed.activities.at/entry.php?id=11668&" "Mozilla/5.0 (Windows NT 5.1) AppleWebKit/537.36 (KHTML, like Gecko) Chrome/49.0.2623.112 Safari/537.36"
213.208.136.109 - - [04/Aug/2016:11:45:19 +0200] "GET /gui/javascript/form_form.js?1470303919 HTTP/1.1" 200 16206 "http://ed.activities.at/entry.php?id=11668" "Mozilla/5.0 (Windows NT 5.1) AppleWebKit/537.36 (KHTML, like Gecko) Chrome/49.0.2623.112 Safari/537.36"
213.208.136.109 - - [04/Aug/2016:11:45:23 +0200] "POST /entry.php?id=11668 HTTP/1.1" 200 2277 "http://ed.activities.at/entry.php?id=11668" "Mozilla/5.0 (Windows NT 5.1) AppleWebKit/537.36 (KHTML, like Gecko) Chrome/49.0.2623.112 Safari/537.36"
213.208.136.109 - - [04/Aug/2016:11:45:24 +0200] "GET /gui/javascript/form_form.js?1470303924 HTTP/1.1" 200 16206 "http://ed.activities.at/entry.php?id=11668" "Mozilla/5.0 (Windows NT 5.1) AppleWebKit/537.36 (KHTML, like Gecko) Chrome/49.0.2623.112 Safari/537.36"
213.208.136.109 - - [04/Aug/2016:11:45:24 +0200] "GET /entry.php?id=10760&&hiddetitle=1&object=10225375&disablechange= HTTP/1.1" 200 2236 "http://ed.activities.at/entry.php?id=11668" "Mozilla/5.0 (Windows NT 5.1) AppleWebKit/537.36 (KHTML, like Gecko) Chrome/49.0.2623.112 Safari/537.36"
213.208.136.109 - - [04/Aug/2016:11:45:24 +0200] "GET /entry.php?id=10776&form=10605&name=list& HTTP/1.1" 200 1693 "http://ed.activities.at/entry.php?id=10760&&hiddetitle=1&object=10225375&disablechange=" "Mozilla/5.0 (Windows NT 5.1) AppleWebKit/537.36 (KHTML, like Gecko) Chrome/49.0.2623.112 Safari/537.36"
213.208.136.109 - - [04/Aug/2016:11:45:24 +0200] "GET /entry.php?id=10683 HTTP/1.1" 200 992 "http://ed.activities.at/entry.php?id=10760&&hiddetitle=1&object=10225375&disablechange=" "Mozilla/5.0 (Windows NT 5.1) AppleWebKit/537.36 (KHTML, like Gecko) Chrome/49.0.2623.112 Safari/537.36"
213.208.136.109 - - [04/Aug/2016:11:45:24 +0200] "GET /entry.php?id=10778&form=10605&name=list& HTTP/1.1" 200 3848 "http://ed.activities.at/entry.php?id=10760&&hiddetitle=1&object=10225375&disablechange=" "Mozilla/5.0 (Windows NT 5.1) AppleWebKit/537.36 (KHTML, like Gecko) Chrome/49.0.2623.112 Safari/537.36"
213.208.136.109 - - [04/Aug/2016:11:45:25 +0200] "GET /gui/javascript/form_form.js?1470303925 HTTP/1.1" 200 16206 "http://ed.activities.at/entry.php?id=10683" "Mozilla/5.0 (Windows NT 5.1) AppleWebKit/537.36 (KHTML, like Gecko) Chrome/49.0.2623.112 Safari/537.36"
212.108.43.59 - - [04/Aug/2016:11:45:25 +0200] "GET /entry.php?id=10271&&ser=303865 HTTP/1.1" 200 987 "http://ed.activities.at/entry.php?id=10271&&ser=303803" "Mozilla/5.0 (Macintosh; Intel Mac OS X 10.10; rv:47.0) Gecko/20100101 Firefox/47.0"
212.108.43.59 - - [04/Aug/2016:11:45:25 +0200] "GET /gui/javascript/form_form.js?1470303925 HTTP/1.1" 200 16206 "http://ed.activities.at/entry.php?id=10271&&ser=303865" "Mozilla/5.0 (Macintosh; Intel Mac OS X 10.10; rv:47.0) Gecko/20100101 Firefox/47.0"
213.208.136.109 - - [04/Aug/2016:11:45:37 +0200] "GET /entry.php?id=10271&&ser=303878 HTTP/1.1" 200 989 "http://ed.activities.at/entry.php?id=10271&&ser=303818" "Mozilla/5.0 (Windows NT 5.1) AppleWebKit/537.36 (KHTML, like Gecko) Chrome/49.0.2623.112 Safari/537.36"
213.208.136.109 - - [04/Aug/2016:11:45:37 +0200] "GET /gui/javascript/form_form.js?1470303937 HTTP/1.1" 200 16206 "http://ed.activities.at/entry.php?id=10271&&ser=303878" "Mozilla/5.0 (Windows NT 5.1) AppleWebKit/537.36 (KHTML, like Gecko) Chrome/49.0.2623.112 Safari/537.36"
212.108.43.59 - - [04/Aug/2016:11:46:25 +0200] "GET /entry.php?id=10271&&ser=303925 HTTP/1.1" 200 986 "http://ed.activities.at/entry.php?id=10271&&ser=303865" "Mozilla/5.0 (Macintosh; Intel Mac OS X 10.10; rv:47.0) Gecko/20100101 Firefox/47.0"
212.108.43.59 - - [04/Aug/2016:11:46:25 +0200] "GET /gui/javascript/form_form.js?1470303985 HTTP/1.1" 200 16206 "http://ed.activities.at/entry.php?id=10271&&ser=303925" "Mozilla/5.0 (Macintosh; Intel Mac OS X 10.10; rv:47.0) Gecko/20100101 Firefox/47.0"
213.208.136.109 - - [04/Aug/2016:11:46:37 +0200] "GET /entry.php?id=10271&&ser=303937 HTTP/1.1" 200 989 "http://ed.activities.at/entry.php?id=10271&&ser=303878" "Mozilla/5.0 (Windows NT 5.1) AppleWebKit/537.36 (KHTML, like Gecko) Chrome/49.0.2623.112 Safari/537.36"
213.208.136.109 - - [04/Aug/2016:11:46:38 +0200] "GET /gui/javascript/form_form.js?1470303998 HTTP/1.1" 200 16206 "http://ed.activities.at/entry.php?id=10271&&ser=303937" "Mozilla/5.0 (Windows NT 5.1) AppleWebKit/537.36 (KHTML, like Gecko) Chrome/49.0.2623.112 Safari/537.36"
212.108.43.59 - - [04/Aug/2016:11:46:38 +0200] "GET /entry.php?id=11585 HTTP/1.1" 200 229 "http://ed.activities.at/entry.php?id=10270&__app__=10006038" "Mozilla/5.0 (Macintosh; Intel Mac OS X 10.10; rv:47.0) Gecko/20100101 Firefox/47.0"
212.108.43.59 - - [04/Aug/2016:11:46:39 +0200] "GET /entry.php?id=10676&title=Artikelgruppen%20& HTTP/1.1" 200 1393 "http://ed.activities.at/entry.php?id=11585" "Mozilla/5.0 (Macintosh; Intel Mac OS X 10.10; rv:47.0) Gecko/20100101 Firefox/47.0"
212.108.43.59 - - [04/Aug/2016:11:46:39 +0200] "GET /gui/javascript/form_form.js?1470303999 HTTP/1.1" 200 16206 "http://ed.activities.at/entry.php?id=10676&title=Artikelgruppen%20&" "Mozilla/5.0 (Macintosh; Intel Mac OS X 10.10; rv:47.0) Gecko/20100101 Firefox/47.0"
212.108.43.59 - - [04/Aug/2016:11:46:39 +0200] "GET /entry.php?id=11584& HTTP/1.1" 200 4062 "http://ed.activities.at/entry.php?id=11585" "Mozilla/5.0 (Macintosh; Intel Mac OS X 10.10; rv:47.0) Gecko/20100101 Firefox/47.0"
212.108.43.59 - - [04/Aug/2016:11:46:39 +0200] "GET /entry.php?id=11583& HTTP/1.1" 200 2995 "http://ed.activities.at/entry.php?id=11585" "Mozilla/5.0 (Macintosh; Intel Mac OS X 10.10; rv:47.0) Gecko/20100101 Firefox/47.0"
212.108.43.59 - - [04/Aug/2016:11:46:40 +0200] "GET /activities/framework/KoolControls/KoolAjax/koolajax.php?8436e354c842500aba3cbaf0584c0c24 HTTP/1.1" 200 4079 "http://ed.activities.at/entry.php?id=11583&" "Mozilla/5.0 (Macintosh; Intel Mac OS X 10.10; rv:47.0) Gecko/20100101 Firefox/47.0"
212.108.43.59 - - [04/Aug/2016:11:46:40 +0200] "GET /gui/javascript/form_form.js?1470304000 HTTP/1.1" 200 16206 "http://ed.activities.at/entry.php?id=11583&" "Mozilla/5.0 (Macintosh; Intel Mac OS X 10.10; rv:47.0) Gecko/20100101 Firefox/47.0"
212.108.43.59 - - [04/Aug/2016:11:46:40 +0200] "GET /activities/framework/KoolControls/KoolTreeView/kooltreeview.php?c7cd9180e88ffef8e70f13526bb4f5f7 HTTP/1.1" 200 5055 "http://ed.activities.at/entry.php?id=11583&" "Mozilla/5.0 (Macintosh; Intel Mac OS X 10.10; rv:47.0) Gecko/20100101 Firefox/47.0"
212.108.43.59 - - [04/Aug/2016:11:46:48 +0200] "GET /entry.php?id=10778&form=11408&name=list& HTTP/1.1" 200 2516 "http://ed.activities.at/entry.php?id=11584&" "Mozilla/5.0 (Macintosh; Intel Mac OS X 10.10; rv:47.0) Gecko/20100101 Firefox/47.0"
212.108.43.59 - - [04/Aug/2016:11:46:48 +0200] "GET /entry.php?id=10776&form=11408&name=list& HTTP/1.1" 200 1461 "http://ed.activities.at/entry.php?id=11584&" "Mozilla/5.0 (Macintosh; Intel Mac OS X 10.10; rv:47.0) Gecko/20100101 Firefox/47.0"
212.108.43.59 - - [04/Aug/2016:11:46:54 +0200] "POST /entry.php?id=11584 HTTP/1.1" 200 4237 "http://ed.activities.at/entry.php?id=11584&" "Mozilla/5.0 (Macintosh; Intel Mac OS X 10.10; rv:47.0) Gecko/20100101 Firefox/47.0"
212.108.43.59 - - [04/Aug/2016:11:46:55 +0200] "GET /gui/javascript/form_form.js?1470304015 HTTP/1.1" 200 16206 "http://ed.activities.at/entry.php?id=11584" "Mozilla/5.0 (Macintosh; Intel Mac OS X 10.10; rv:47.0) Gecko/20100101 Firefox/47.0"
212.108.43.59 - - [04/Aug/2016:11:47:04 +0200] "GET /entry.php?id=10778&form=11408&name=list& HTTP/1.1" 200 2930 "http://ed.activities.at/entry.php?id=11584" "Mozilla/5.0 (Macintosh; Intel Mac OS X 10.10; rv:47.0) Gecko/20100101 Firefox/47.0"
212.108.43.59 - - [04/Aug/2016:11:47:04 +0200] "GET /entry.php?id=10776&form=11408&name=list& HTTP/1.1" 200 1507 "http://ed.activities.at/entry.php?id=11584" "Mozilla/5.0 (Macintosh; Intel Mac OS X 10.10; rv:47.0) Gecko/20100101 Firefox/47.0"
212.108.43.59 - - [04/Aug/2016:11:47:22 +0200] "POST /entry.php?id=11584 HTTP/1.1" 200 3142 "http://ed.activities.at/entry.php?id=11584" "Mozilla/5.0 (Macintosh; Intel Mac OS X 10.10; rv:47.0) Gecko/20100101 Firefox/47.0"
212.108.43.59 - - [04/Aug/2016:11:47:23 +0200] "GET /gui/javascript/form_form.js?1470304043 HTTP/1.1" 200 16206 "http://ed.activities.at/entry.php?id=11584" "Mozilla/5.0 (Macintosh; Intel Mac OS X 10.10; rv:47.0) Gecko/20100101 Firefox/47.0"
212.108.43.59 - - [04/Aug/2016:11:47:24 +0200] "GET /entry.php?id=10683 HTTP/1.1" 200 990 "http://ed.activities.at/entry.php?id=11584" "Mozilla/5.0 (Macintosh; Intel Mac OS X 10.10; rv:47.0) Gecko/20100101 Firefox/47.0"
212.108.43.59 - - [04/Aug/2016:11:47:23 +0200] "GET /entry.php?id=10776&form=11408&name=list& HTTP/1.1" 200 1598 "http://ed.activities.at/entry.php?id=11584" "Mozilla/5.0 (Macintosh; Intel Mac OS X 10.10; rv:47.0) Gecko/20100101 Firefox/47.0"
212.108.43.59 - - [04/Aug/2016:11:47:24 +0200] "GET /gui/javascript/form_form.js?1470304044 HTTP/1.1" 200 16206 "http://ed.activities.at/entry.php?id=10683" "Mozilla/5.0 (Macintosh; Intel Mac OS X 10.10; rv:47.0) Gecko/20100101 Firefox/47.0"
212.108.43.59 - - [04/Aug/2016:11:47:23 +0200] "GET /entry.php?id=10778&form=11408&name=list& HTTP/1.1" 200 3783 "http://ed.activities.at/entry.php?id=11584" "Mozilla/5.0 (Macintosh; Intel Mac OS X 10.10; rv:47.0) Gecko/20100101 Firefox/47.0"
212.108.43.59 - - [04/Aug/2016:11:47:24 +0200] "GET /cache/emu/images/easy-drivers-portal10227555/motorrad2jpg_16_6.jpg HTTP/1.1" 200 738 "http://ed.activities.at/entry.php?id=10778&form=11408&name=list&" "Mozilla/5.0 (Macintosh; Intel Mac OS X 10.10; rv:47.0) Gecko/20100101 Firefox/47.0"
212.108.43.59 - - [04/Aug/2016:11:47:24 +0200] "GET /cache/emu/images/easy-drivers-portal10227553/motorrad4jpg_16_6.jpg HTTP/1.1" 200 754 "http://ed.activities.at/entry.php?id=10778&form=11408&name=list&" "Mozilla/5.0 (Macintosh; Intel Mac OS X 10.10; rv:47.0) Gecko/20100101 Firefox/47.0"
212.108.43.59 - - [04/Aug/2016:11:47:24 +0200] "GET /cache/emu/images/easy-drivers-portal10227552/motorrad5jpg_16_6.jpg HTTP/1.1" 200 751 "http://ed.activities.at/entry.php?id=10778&form=11408&name=list&" "Mozilla/5.0 (Macintosh; Intel Mac OS X 10.10; rv:47.0) Gecko/20100101 Firefox/47.0"
212.108.43.59 - - [04/Aug/2016:11:47:24 +0200] "GET /cache/emu/images/easy-drivers-portal10227556/motorrad3jpg_16_6.jpg HTTP/1.1" 200 747 "http://ed.activities.at/entry.php?id=10778&form=11408&name=list&" "Mozilla/5.0 (Macintosh; Intel Mac OS X 10.10; rv:47.0) Gecko/20100101 Firefox/47.0"
212.108.43.59 - - [04/Aug/2016:11:47:24 +0200] "GET /cache/emu/images/easy-drivers-portal10227554/motorrad6jpg_16_6.jpg HTTP/1.1" 200 745 "http://ed.activities.at/entry.php?id=10778&form=11408&name=list&" "Mozilla/5.0 (Macintosh; Intel Mac OS X 10.10; rv:47.0) Gecko/20100101 Firefox/47.0"
212.108.43.59 - - [04/Aug/2016:11:47:24 +0200] "GET /cache/emu/images/easy-drivers-portal10227551/motorrad7jpg_16_6.jpg HTTP/1.1" 200 759 "http://ed.activities.at/entry.php?id=10778&form=11408&name=list&" "Mozilla/5.0 (Macintosh; Intel Mac OS X 10.10; rv:47.0) Gecko/20100101 Firefox/47.0"
212.108.43.59 - - [04/Aug/2016:11:47:24 +0200] "GET /cache/emu/images/easy-drivers-portal10227557/motorrad1jpg_16_6.jpg HTTP/1.1" 200 755 "http://ed.activities.at/entry.php?id=10778&form=11408&name=list&" "Mozilla/5.0 (Macintosh; Intel Mac OS X 10.10; rv:47.0) Gecko/20100101 Firefox/47.0"
212.108.43.59 - - [04/Aug/2016:11:47:26 +0200] "GET /entry.php?id=10271&&ser=303985 HTTP/1.1" 200 987 "http://ed.activities.at/entry.php?id=10271&&ser=303925" "Mozilla/5.0 (Macintosh; Intel Mac OS X 10.10; rv:47.0) Gecko/20100101 Firefox/47.0"
212.108.43.59 - - [04/Aug/2016:11:47:26 +0200] "GET /gui/javascript/form_form.js?1470304046 HTTP/1.1" 200 16206 "http://ed.activities.at/entry.php?id=10271&&ser=303985" "Mozilla/5.0 (Macintosh; Intel Mac OS X 10.10; rv:47.0) Gecko/20100101 Firefox/47.0"
213.208.136.109 - - [04/Aug/2016:11:47:38 +0200] "GET /entry.php?id=10271&&ser=303998 HTTP/1.1" 200 989 "http://ed.activities.at/entry.php?id=10271&&ser=303937" "Mozilla/5.0 (Windows NT 5.1) AppleWebKit/537.36 (KHTML, like Gecko) Chrome/49.0.2623.112 Safari/537.36"
213.208.136.109 - - [04/Aug/2016:11:47:38 +0200] "GET /gui/javascript/form_form.js?1470304058 HTTP/1.1" 200 16206 "http://ed.activities.at/entry.php?id=10271&&ser=303998" "Mozilla/5.0 (Windows NT 5.1) AppleWebKit/537.36 (KHTML, like Gecko) Chrome/49.0.2623.112 Safari/537.36"
212.108.43.59 - - [04/Aug/2016:11:47:53 +0200] "GET /entry.php?id=11664 HTTP/1.1" 200 343 "http://ed.activities.at/entry.php?id=10270&__app__=10006038" "Mozilla/5.0 (Macintosh; Intel Mac OS X 10.10; rv:47.0) Gecko/20100101 Firefox/47.0"
212.108.43.59 - - [04/Aug/2016:11:47:53 +0200] "GET /entry.php?id=10676&&title=Standorte HTTP/1.1" 200 1388 "http://ed.activities.at/entry.php?id=11664" "Mozilla/5.0 (Macintosh; Intel Mac OS X 10.10; rv:47.0) Gecko/20100101 Firefox/47.0"
212.108.43.59 - - [04/Aug/2016:11:47:54 +0200] "GET /gui/javascript/form_form.js?1470304074 HTTP/1.1" 200 16206 "http://ed.activities.at/entry.php?id=10676&&title=Standorte" "Mozilla/5.0 (Macintosh; Intel Mac OS X 10.10; rv:47.0) Gecko/20100101 Firefox/47.0"
212.108.43.59 - - [04/Aug/2016:11:47:53 +0200] "GET /entry.php?id=11666& HTTP/1.1" 200 3743 "http://ed.activities.at/entry.php?id=11664" "Mozilla/5.0 (Macintosh; Intel Mac OS X 10.10; rv:47.0) Gecko/20100101 Firefox/47.0"
212.108.43.59 - - [04/Aug/2016:11:47:54 +0200] "GET /gui/javascript/form_ed_addresses.js HTTP/1.1" 200 2295 "http://ed.activities.at/entry.php?id=11666&" "Mozilla/5.0 (Macintosh; Intel Mac OS X 10.10; rv:47.0) Gecko/20100101 Firefox/47.0"
212.108.43.59 - - [04/Aug/2016:11:47:54 +0200] "GET /gui/images/icons/disabled_email.gif HTTP/1.1" 200 940 "http://ed.activities.at/entry.php?id=11666&" "Mozilla/5.0 (Macintosh; Intel Mac OS X 10.10; rv:47.0) Gecko/20100101 Firefox/47.0"
212.108.43.59 - - [04/Aug/2016:11:47:53 +0200] "GET /entry.php?id=11697& HTTP/1.1" 200 2598 "http://ed.activities.at/entry.php?id=11664" "Mozilla/5.0 (Macintosh; Intel Mac OS X 10.10; rv:47.0) Gecko/20100101 Firefox/47.0"
212.108.43.59 - - [04/Aug/2016:11:47:53 +0200] "GET /entry.php?id=11665& HTTP/1.1" 200 2315 "http://ed.activities.at/entry.php?id=11664" "Mozilla/5.0 (Macintosh; Intel Mac OS X 10.10; rv:47.0) Gecko/20100101 Firefox/47.0"
212.108.43.59 - - [04/Aug/2016:11:47:55 +0200] "GET /gui/javascript/form_form.js?1470304075 HTTP/1.1" 200 16206 "http://ed.activities.at/entry.php?id=11665&" "Mozilla/5.0 (Macintosh; Intel Mac OS X 10.10; rv:47.0) Gecko/20100101 Firefox/47.0"
212.108.43.59 - - [04/Aug/2016:11:47:55 +0200] "GET /entry.php?id=10778&form=11522&name=list& HTTP/1.1" 200 29389 "http://ed.activities.at/entry.php?id=11697&" "Mozilla/5.0 (Macintosh; Intel Mac OS X 10.10; rv:47.0) Gecko/20100101 Firefox/47.0"
212.108.43.59 - - [04/Aug/2016:11:47:55 +0200] "GET /gui/images/icons/user_edit.png HTTP/1.1" 200 833 "http://ed.activities.at/entry.php?id=10778&form=11522&name=list&" "Mozilla/5.0 (Macintosh; Intel Mac OS X 10.10; rv:47.0) Gecko/20100101 Firefox/47.0"
212.108.43.59 - - [04/Aug/2016:11:47:55 +0200] "GET /gui/images/icons/group.gif HTTP/1.1" 200 1014 "http://ed.activities.at/entry.php?id=10778&form=11522&name=list&" "Mozilla/5.0 (Macintosh; Intel Mac OS X 10.10; rv:47.0) Gecko/20100101 Firefox/47.0"
212.108.43.59 - - [04/Aug/2016:11:47:55 +0200] "GET /entry.php?id=10776&form=11522&name=list& HTTP/1.1" 200 2255 "http://ed.activities.at/entry.php?id=11697&" "Mozilla/5.0 (Macintosh; Intel Mac OS X 10.10; rv:47.0) Gecko/20100101 Firefox/47.0"
212.108.43.59 - - [04/Aug/2016:11:47:55 +0200] "GET /gui/images/icons/user_link.png HTTP/1.1" 200 905 "http://ed.activities.at/entry.php?id=10776&form=11522&name=list&" "Mozilla/5.0 (Macintosh; Intel Mac OS X 10.10; rv:47.0) Gecko/20100101 Firefox/47.0"
