188.20.126.106 - - [06/Oct/2016:15:49:31 +0200] "GET /gui/javascript/form_form.js?1475761771 HTTP/1.1" 200 16206 "http://easydrivers.activities.at/entry.php?id=10271&&ser=761711" "Mozilla/5.0 (Windows NT 6.1; WOW64; rv:49.0) Gecko/20100101 Firefox/49.0"
178.191.107.114 - - [06/Oct/2016:15:49:34 +0200] "GET /entry.php?id=11681 HTTP/1.1" 200 328 "-" "Mozilla/5.0 (X11; Linux x86_64) AppleWebKit/537.36 (KHTML, like Gecko) Chrome/53.0.2785.8 Safari/537.36 OPR/40.0.2301.0 (Edition developer)"
178.191.107.114 - - [06/Oct/2016:15:49:35 +0200] "GET /entry.php?id=11683& HTTP/1.1" 200 2681 "-" "Mozilla/5.0 (X11; Linux x86_64) AppleWebKit/537.36 (KHTML, like Gecko) Chrome/53.0.2785.8 Safari/537.36 OPR/40.0.2301.0 (Edition developer)"
178.191.107.114 - - [06/Oct/2016:15:49:35 +0200] "GET /gui/javascript/form_ed_training_course.js HTTP/1.1" 200 1951 "-" "Mozilla/5.0 (X11; Linux x86_64) AppleWebKit/537.36 (KHTML, like Gecko) Chrome/53.0.2785.8 Safari/537.36 OPR/40.0.2301.0 (Edition developer)"
178.191.107.114 - - [06/Oct/2016:15:49:35 +0200] "GET /entry.php?id=10676&&title=Contentverwaltung HTTP/1.1" 200 1392 "-" "Mozilla/5.0 (X11; Linux x86_64) AppleWebKit/537.36 (KHTML, like Gecko) Chrome/53.0.2785.8 Safari/537.36 OPR/40.0.2301.0 (Edition developer)"
178.191.107.114 - - [06/Oct/2016:15:49:35 +0200] "GET /gui/javascript/form_form.js?1475761775 HTTP/1.1" 200 16206 "-" "Mozilla/5.0 (X11; Linux x86_64) AppleWebKit/537.36 (KHTML, like Gecko) Chrome/53.0.2785.8 Safari/537.36 OPR/40.0.2301.0 (Edition developer)"
178.191.107.114 - - [06/Oct/2016:15:49:35 +0200] "GET /entry.php?id=11684& HTTP/1.1" 200 3803 "-" "Mozilla/5.0 (X11; Linux x86_64) AppleWebKit/537.36 (KHTML, like Gecko) Chrome/53.0.2785.8 Safari/537.36 OPR/40.0.2301.0 (Edition developer)"
178.191.107.114 - - [06/Oct/2016:15:49:36 +0200] "GET /gui/javascript/form_form.js?1475761776 HTTP/1.1" 200 16206 "-" "Mozilla/5.0 (X11; Linux x86_64) AppleWebKit/537.36 (KHTML, like Gecko) Chrome/53.0.2785.8 Safari/537.36 OPR/40.0.2301.0 (Edition developer)"
178.191.107.114 - - [06/Oct/2016:15:49:36 +0200] "GET /gui/images/icons/disabled_delete.gif HTTP/1.1" 200 86 "-" "Mozilla/5.0 (X11; Linux x86_64) AppleWebKit/537.36 (KHTML, like Gecko) Chrome/53.0.2785.8 Safari/537.36 OPR/40.0.2301.0 (Edition developer)"
178.191.107.114 - - [06/Oct/2016:15:49:36 +0200] "GET /gui/images/icons/disabled_information.gif HTTP/1.1" 200 624 "-" "Mozilla/5.0 (X11; Linux x86_64) AppleWebKit/537.36 (KHTML, like Gecko) Chrome/53.0.2785.8 Safari/537.36 OPR/40.0.2301.0 (Edition developer)"
178.191.107.114 - - [06/Oct/2016:15:49:35 +0200] "GET /entry.php?id=10776&form=11508&name=list& HTTP/1.1" 200 1894 "-" "Mozilla/5.0 (X11; Linux x86_64) AppleWebKit/537.36 (KHTML, like Gecko) Chrome/53.0.2785.8 Safari/537.36 OPR/40.0.2301.0 (Edition developer)"
178.191.107.114 - - [06/Oct/2016:15:49:35 +0200] "GET /entry.php?id=10778&form=11508&name=list& HTTP/1.1" 200 3248 "-" "Mozilla/5.0 (X11; Linux x86_64) AppleWebKit/537.36 (KHTML, like Gecko) Chrome/53.0.2785.8 Safari/537.36 OPR/40.0.2301.0 (Edition developer)"
178.191.107.114 - - [06/Oct/2016:15:49:36 +0200] "GET /gui/images/icons/filter_on.gif HTTP/1.1" 200 316 "-" "Mozilla/5.0 (X11; Linux x86_64) AppleWebKit/537.36 (KHTML, like Gecko) Chrome/53.0.2785.8 Safari/537.36 OPR/40.0.2301.0 (Edition developer)"
178.191.107.114 - - [06/Oct/2016:15:49:36 +0200] "GET /gui/images/icons/disable_light.gif HTTP/1.1" 200 616 "-" "Mozilla/5.0 (X11; Linux x86_64) AppleWebKit/537.36 (KHTML, like Gecko) Chrome/53.0.2785.8 Safari/537.36 OPR/40.0.2301.0 (Edition developer)"
178.191.107.114 - - [06/Oct/2016:15:49:36 +0200] "GET /gui/images/icons/note_msg_icon.gif HTTP/1.1" 200 1022 "-" "Mozilla/5.0 (X11; Linux x86_64) AppleWebKit/537.36 (KHTML, like Gecko) Chrome/53.0.2785.8 Safari/537.36 OPR/40.0.2301.0 (Edition developer)"
188.20.126.106 - - [06/Oct/2016:15:49:42 +0200] "POST /entry.php?id=11671 HTTP/1.1" 200 4999 "http://easydrivers.activities.at/entry.php?id=11671" "Mozilla/5.0 (Windows NT 6.1; WOW64; rv:49.0) Gecko/20100101 Firefox/49.0"
188.20.126.106 - - [06/Oct/2016:15:49:43 +0200] "GET /gui/javascript/form_form.js?1475761783 HTTP/1.1" 200 16206 "http://easydrivers.activities.at/entry.php?id=11671" "Mozilla/5.0 (Windows NT 6.1; WOW64; rv:49.0) Gecko/20100101 Firefox/49.0"
178.191.107.114 - - [06/Oct/2016:15:49:42 +0200] "GET /entry.php?id=11664 HTTP/1.1" 200 343 "-" "Mozilla/5.0 (X11; Linux x86_64) AppleWebKit/537.36 (KHTML, like Gecko) Chrome/53.0.2785.8 Safari/537.36 OPR/40.0.2301.0 (Edition developer)"
188.20.126.106 - - [06/Oct/2016:15:49:43 +0200] "GET /entry.php?id=10776&form=11496&name=list& HTTP/1.1" 200 1519 "http://easydrivers.activities.at/entry.php?id=11671" "Mozilla/5.0 (Windows NT 6.1; WOW64; rv:49.0) Gecko/20100101 Firefox/49.0"
188.20.126.106 - - [06/Oct/2016:15:49:43 +0200] "GET /entry.php?id=10778&form=11496&name=list& HTTP/1.1" 200 5768 "http://easydrivers.activities.at/entry.php?id=11671" "Mozilla/5.0 (Windows NT 6.1; WOW64; rv:49.0) Gecko/20100101 Firefox/49.0"
178.191.107.114 - - [06/Oct/2016:15:49:43 +0200] "GET /entry.php?id=11666& HTTP/1.1" 200 3732 "-" "Mozilla/5.0 (X11; Linux x86_64) AppleWebKit/537.36 (KHTML, like Gecko) Chrome/53.0.2785.8 Safari/537.36 OPR/40.0.2301.0 (Edition developer)"
178.191.107.114 - - [06/Oct/2016:15:49:44 +0200] "GET /gui/javascript/form_ed_addresses.js HTTP/1.1" 200 2295 "-" "Mozilla/5.0 (X11; Linux x86_64) AppleWebKit/537.36 (KHTML, like Gecko) Chrome/53.0.2785.8 Safari/537.36 OPR/40.0.2301.0 (Edition developer)"
178.191.107.114 - - [06/Oct/2016:15:49:44 +0200] "GET /gui/javascript/form_form.js?1475761784 HTTP/1.1" 200 16206 "-" "Mozilla/5.0 (X11; Linux x86_64) AppleWebKit/537.36 (KHTML, like Gecko) Chrome/53.0.2785.8 Safari/537.36 OPR/40.0.2301.0 (Edition developer)"
178.191.107.114 - - [06/Oct/2016:15:49:43 +0200] "GET /entry.php?id=11665& HTTP/1.1" 200 2316 "-" "Mozilla/5.0 (X11; Linux x86_64) AppleWebKit/537.36 (KHTML, like Gecko) Chrome/53.0.2785.8 Safari/537.36 OPR/40.0.2301.0 (Edition developer)"
178.191.107.114 - - [06/Oct/2016:15:49:44 +0200] "GET /gui/images/icons/email.gif HTTP/1.1" 200 937 "-" "Mozilla/5.0 (X11; Linux x86_64) AppleWebKit/537.36 (KHTML, like Gecko) Chrome/53.0.2785.8 Safari/537.36 OPR/40.0.2301.0 (Edition developer)"
178.191.107.114 - - [06/Oct/2016:15:49:43 +0200] "GET /entry.php?id=10676&&title=Standorte HTTP/1.1" 200 1389 "-" "Mozilla/5.0 (X11; Linux x86_64) AppleWebKit/537.36 (KHTML, like Gecko) Chrome/53.0.2785.8 Safari/537.36 OPR/40.0.2301.0 (Edition developer)"
178.191.107.114 - - [06/Oct/2016:15:49:43 +0200] "GET /entry.php?id=11697& HTTP/1.1" 200 2603 "-" "Mozilla/5.0 (X11; Linux x86_64) AppleWebKit/537.36 (KHTML, like Gecko) Chrome/53.0.2785.8 Safari/537.36 OPR/40.0.2301.0 (Edition developer)"
178.191.107.114 - - [06/Oct/2016:15:49:44 +0200] "GET /entry.php?id=10776&form=11490&name=list& HTTP/1.1" 200 2009 "-" "Mozilla/5.0 (X11; Linux x86_64) AppleWebKit/537.36 (KHTML, like Gecko) Chrome/53.0.2785.8 Safari/537.36 OPR/40.0.2301.0 (Edition developer)"
178.191.107.114 - - [06/Oct/2016:15:49:45 +0200] "GET /gui/images/icons/disabled_user_admin.png HTTP/1.1" 200 770 "-" "Mozilla/5.0 (X11; Linux x86_64) AppleWebKit/537.36 (KHTML, like Gecko) Chrome/53.0.2785.8 Safari/537.36 OPR/40.0.2301.0 (Edition developer)"
178.191.107.114 - - [06/Oct/2016:15:49:45 +0200] "GET /entry.php?id=10776&form=11522&name=list& HTTP/1.1" 200 2271 "-" "Mozilla/5.0 (X11; Linux x86_64) AppleWebKit/537.36 (KHTML, like Gecko) Chrome/53.0.2785.8 Safari/537.36 OPR/40.0.2301.0 (Edition developer)"
178.191.107.114 - - [06/Oct/2016:15:49:44 +0200] "GET /entry.php?id=10778&form=11490&name=list& HTTP/1.1" 200 3089 "-" "Mozilla/5.0 (X11; Linux x86_64) AppleWebKit/537.36 (KHTML, like Gecko) Chrome/53.0.2785.8 Safari/537.36 OPR/40.0.2301.0 (Edition developer)"
178.191.107.114 - - [06/Oct/2016:15:49:45 +0200] "GET /entry.php?id=10271&&ser=761724 HTTP/1.1" 200 987 "-" "Mozilla/5.0 (X11; Linux x86_64) AppleWebKit/537.36 (KHTML, like Gecko) Chrome/53.0.2785.8 Safari/537.36 OPR/40.0.2301.0 (Edition developer)"
178.191.107.114 - - [06/Oct/2016:15:49:45 +0200] "GET /entry.php?id=10778&form=11522&name=list& HTTP/1.1" 200 3127 "-" "Mozilla/5.0 (X11; Linux x86_64) AppleWebKit/537.36 (KHTML, like Gecko) Chrome/53.0.2785.8 Safari/537.36 OPR/40.0.2301.0 (Edition developer)"
178.191.107.114 - - [06/Oct/2016:15:49:45 +0200] "GET /gui/images/icons/user_link.png HTTP/1.1" 200 905 "-" "Mozilla/5.0 (X11; Linux x86_64) AppleWebKit/537.36 (KHTML, like Gecko) Chrome/53.0.2785.8 Safari/537.36 OPR/40.0.2301.0 (Edition developer)"
178.191.107.114 - - [06/Oct/2016:15:49:45 +0200] "GET /gui/images/icons/user_add.png HTTP/1.1" 200 746 "-" "Mozilla/5.0 (X11; Linux x86_64) AppleWebKit/537.36 (KHTML, like Gecko) Chrome/53.0.2785.8 Safari/537.36 OPR/40.0.2301.0 (Edition developer)"
178.191.107.114 - - [06/Oct/2016:15:49:45 +0200] "GET /gui/images/icons/group.gif HTTP/1.1" 200 1014 "-" "Mozilla/5.0 (X11; Linux x86_64) AppleWebKit/537.36 (KHTML, like Gecko) Chrome/53.0.2785.8 Safari/537.36 OPR/40.0.2301.0 (Edition developer)"
178.191.107.114 - - [06/Oct/2016:15:49:45 +0200] "GET /gui/images/icons/user_edit.png HTTP/1.1" 200 833 "-" "Mozilla/5.0 (X11; Linux x86_64) AppleWebKit/537.36 (KHTML, like Gecko) Chrome/53.0.2785.8 Safari/537.36 OPR/40.0.2301.0 (Edition developer)"
178.191.107.114 - - [06/Oct/2016:15:49:45 +0200] "GET /gui/images/icons/user_admin.png HTTP/1.1" 200 875 "-" "Mozilla/5.0 (X11; Linux x86_64) AppleWebKit/537.36 (KHTML, like Gecko) Chrome/53.0.2785.8 Safari/537.36 OPR/40.0.2301.0 (Edition developer)"
178.191.107.114 - - [06/Oct/2016:15:49:46 +0200] "GET /gui/javascript/form_form.js?1475761785 HTTP/1.1" 200 16206 "-" "Mozilla/5.0 (X11; Linux x86_64) AppleWebKit/537.36 (KHTML, like Gecko) Chrome/53.0.2785.8 Safari/537.36 OPR/40.0.2301.0 (Edition developer)"
178.191.107.114 - - [06/Oct/2016:15:49:46 +0200] "GET /framework/icons/rowselect.gif HTTP/1.1" 200 67 "-" "Mozilla/5.0 (X11; Linux x86_64) AppleWebKit/537.36 (KHTML, like Gecko) Chrome/53.0.2785.8 Safari/537.36 OPR/40.0.2301.0 (Edition developer)"
188.20.126.106 - - [06/Oct/2016:15:49:46 +0200] "POST /entry.php?id=11671 HTTP/1.1" 200 4981 "http://easydrivers.activities.at/entry.php?id=11671" "Mozilla/5.0 (Windows NT 6.1; WOW64; rv:49.0) Gecko/20100101 Firefox/49.0"
188.20.126.106 - - [06/Oct/2016:15:49:47 +0200] "GET /gui/javascript/form_form.js?1475761787 HTTP/1.1" 200 16206 "http://easydrivers.activities.at/entry.php?id=11671" "Mozilla/5.0 (Windows NT 6.1; WOW64; rv:49.0) Gecko/20100101 Firefox/49.0"
188.20.126.106 - - [06/Oct/2016:15:49:47 +0200] "GET /entry.php?id=10776&form=11496&name=list& HTTP/1.1" 200 1519 "http://easydrivers.activities.at/entry.php?id=11671" "Mozilla/5.0 (Windows NT 6.1; WOW64; rv:49.0) Gecko/20100101 Firefox/49.0"
188.20.126.106 - - [06/Oct/2016:15:49:47 +0200] "GET /entry.php?id=10778&form=11496&name=list& HTTP/1.1" 200 5768 "http://easydrivers.activities.at/entry.php?id=11671" "Mozilla/5.0 (Windows NT 6.1; WOW64; rv:49.0) Gecko/20100101 Firefox/49.0"
178.191.107.114 - - [06/Oct/2016:15:50:00 +0200] "POST /entry.php?id=11666 HTTP/1.1" 200 3724 "-" "Mozilla/5.0 (X11; Linux x86_64) AppleWebKit/537.36 (KHTML, like Gecko) Chrome/53.0.2785.8 Safari/537.36 OPR/40.0.2301.0 (Edition developer)"
178.191.107.114 - - [06/Oct/2016:15:50:01 +0200] "GET /gui/javascript/form_form.js?1475761801 HTTP/1.1" 200 16206 "-" "Mozilla/5.0 (X11; Linux x86_64) AppleWebKit/537.36 (KHTML, like Gecko) Chrome/53.0.2785.8 Safari/537.36 OPR/40.0.2301.0 (Edition developer)"
178.191.107.114 - - [06/Oct/2016:15:50:00 +0200] "POST /entry.php?id=11697 HTTP/1.1" 200 2601 "-" "Mozilla/5.0 (X11; Linux x86_64) AppleWebKit/537.36 (KHTML, like Gecko) Chrome/53.0.2785.8 Safari/537.36 OPR/40.0.2301.0 (Edition developer)"
178.191.107.114 - - [06/Oct/2016:15:50:01 +0200] "GET /entry.php?id=10776&form=11522&name=list& HTTP/1.1" 200 2256 "-" "Mozilla/5.0 (X11; Linux x86_64) AppleWebKit/537.36 (KHTML, like Gecko) Chrome/53.0.2785.8 Safari/537.36 OPR/40.0.2301.0 (Edition developer)"
178.191.107.114 - - [06/Oct/2016:15:50:01 +0200] "GET /entry.php?id=10778&form=11522&name=list& HTTP/1.1" 200 3135 "-" "Mozilla/5.0 (X11; Linux x86_64) AppleWebKit/537.36 (KHTML, like Gecko) Chrome/53.0.2785.8 Safari/537.36 OPR/40.0.2301.0 (Edition developer)"
188.20.126.106 - - [06/Oct/2016:15:50:07 +0200] "POST /entry.php?id=11672 HTTP/1.1" 200 2701 "http://easydrivers.activities.at/entry.php?id=11672" "Mozilla/5.0 (Windows NT 6.1; WOW64; rv:49.0) Gecko/20100101 Firefox/49.0"
188.20.126.106 - - [06/Oct/2016:15:50:08 +0200] "GET /gui/javascript/form_form.js?1475761808 HTTP/1.1" 200 16206 "http://easydrivers.activities.at/entry.php?id=11672" "Mozilla/5.0 (Windows NT 6.1; WOW64; rv:49.0) Gecko/20100101 Firefox/49.0"
188.20.126.106 - - [06/Oct/2016:15:50:08 +0200] "GET /entry.php?id=10776&form=11497&name=list& HTTP/1.1" 200 1945 "http://easydrivers.activities.at/entry.php?id=11672" "Mozilla/5.0 (Windows NT 6.1; WOW64; rv:49.0) Gecko/20100101 Firefox/49.0"
188.20.126.106 - - [06/Oct/2016:15:50:08 +0200] "GET /entry.php?id=10778&form=11497&name=list& HTTP/1.1" 200 7224 "http://easydrivers.activities.at/entry.php?id=11672" "Mozilla/5.0 (Windows NT 6.1; WOW64; rv:49.0) Gecko/20100101 Firefox/49.0"
178.191.107.114 - - [06/Oct/2016:15:50:11 +0200] "POST /entry.php?id=11666 HTTP/1.1" 200 3733 "-" "Mozilla/5.0 (X11; Linux x86_64) AppleWebKit/537.36 (KHTML, like Gecko) Chrome/53.0.2785.8 Safari/537.36 OPR/40.0.2301.0 (Edition developer)"
178.191.107.114 - - [06/Oct/2016:15:50:11 +0200] "POST /entry.php?id=11697 HTTP/1.1" 200 2602 "-" "Mozilla/5.0 (X11; Linux x86_64) AppleWebKit/537.36 (KHTML, like Gecko) Chrome/53.0.2785.8 Safari/537.36 OPR/40.0.2301.0 (Edition developer)"
178.191.107.114 - - [06/Oct/2016:15:50:12 +0200] "GET /gui/javascript/form_form.js?1475761811 HTTP/1.1" 200 16206 "-" "Mozilla/5.0 (X11; Linux x86_64) AppleWebKit/537.36 (KHTML, like Gecko) Chrome/53.0.2785.8 Safari/537.36 OPR/40.0.2301.0 (Edition developer)"
178.191.107.114 - - [06/Oct/2016:15:50:12 +0200] "GET /gui/javascript/form_form.js?1475761812 HTTP/1.1" 200 16206 "-" "Mozilla/5.0 (X11; Linux x86_64) AppleWebKit/537.36 (KHTML, like Gecko) Chrome/53.0.2785.8 Safari/537.36 OPR/40.0.2301.0 (Edition developer)"
178.191.107.114 - - [06/Oct/2016:15:50:12 +0200] "GET /entry.php?id=10778&form=11522&name=list& HTTP/1.1" 200 3135 "-" "Mozilla/5.0 (X11; Linux x86_64) AppleWebKit/537.36 (KHTML, like Gecko) Chrome/53.0.2785.8 Safari/537.36 OPR/40.0.2301.0 (Edition developer)"
178.191.107.114 - - [06/Oct/2016:15:50:12 +0200] "GET /entry.php?id=10776&form=11522&name=list& HTTP/1.1" 200 2271 "-" "Mozilla/5.0 (X11; Linux x86_64) AppleWebKit/537.36 (KHTML, like Gecko) Chrome/53.0.2785.8 Safari/537.36 OPR/40.0.2301.0 (Edition developer)"
178.191.107.114 - - [06/Oct/2016:15:50:18 +0200] "POST /entry.php?id=11666 HTTP/1.1" 200 3914 "-" "Mozilla/5.0 (X11; Linux x86_64) AppleWebKit/537.36 (KHTML, like Gecko) Chrome/53.0.2785.8 Safari/537.36 OPR/40.0.2301.0 (Edition developer)"
178.191.107.114 - - [06/Oct/2016:15:50:19 +0200] "GET /gui/javascript/form_form.js?1475761819 HTTP/1.1" 200 16206 "-" "Mozilla/5.0 (X11; Linux x86_64) AppleWebKit/537.36 (KHTML, like Gecko) Chrome/53.0.2785.8 Safari/537.36 OPR/40.0.2301.0 (Edition developer)"
188.20.126.106 - - [06/Oct/2016:15:50:23 +0200] "POST /entry.php?id=11671 HTTP/1.1" 200 4797 "http://easydrivers.activities.at/entry.php?id=11671" "Mozilla/5.0 (Windows NT 6.1; WOW64; rv:49.0) Gecko/20100101 Firefox/49.0"
188.20.126.106 - - [06/Oct/2016:15:50:23 +0200] "GET /gui/javascript/form_form.js?1475761823 HTTP/1.1" 200 16206 "http://easydrivers.activities.at/entry.php?id=11671" "Mozilla/5.0 (Windows NT 6.1; WOW64; rv:49.0) Gecko/20100101 Firefox/49.0"
188.20.126.106 - - [06/Oct/2016:15:50:24 +0200] "GET /entry.php?id=10776&form=11496&name=list& HTTP/1.1" 200 1519 "http://easydrivers.activities.at/entry.php?id=11671" "Mozilla/5.0 (Windows NT 6.1; WOW64; rv:49.0) Gecko/20100101 Firefox/49.0"
188.20.126.106 - - [06/Oct/2016:15:50:24 +0200] "GET /entry.php?id=10778&form=11496&name=list& HTTP/1.1" 200 5604 "http://easydrivers.activities.at/entry.php?id=11671" "Mozilla/5.0 (Windows NT 6.1; WOW64; rv:49.0) Gecko/20100101 Firefox/49.0"
188.20.126.106 - - [06/Oct/2016:15:50:32 +0200] "GET /entry.php?id=10271&&ser=761771 HTTP/1.1" 200 987 "http://easydrivers.activities.at/entry.php?id=10271&&ser=761711" "Mozilla/5.0 (Windows NT 6.1; WOW64; rv:49.0) Gecko/20100101 Firefox/49.0"
188.20.126.106 - - [06/Oct/2016:15:50:32 +0200] "GET /gui/javascript/form_form.js?1475761832 HTTP/1.1" 200 16206 "http://easydrivers.activities.at/entry.php?id=10271&&ser=761771" "Mozilla/5.0 (Windows NT 6.1; WOW64; rv:49.0) Gecko/20100101 Firefox/49.0"
178.191.107.114 - - [06/Oct/2016:15:50:46 +0200] "GET /entry.php?id=10271&&ser=761785 HTTP/1.1" 200 987 "-" "Mozilla/5.0 (X11; Linux x86_64) AppleWebKit/537.36 (KHTML, like Gecko) Chrome/53.0.2785.8 Safari/537.36 OPR/40.0.2301.0 (Edition developer)"
178.191.107.114 - - [06/Oct/2016:15:50:46 +0200] "GET /gui/javascript/form_form.js?1475761846 HTTP/1.1" 200 16206 "-" "Mozilla/5.0 (X11; Linux x86_64) AppleWebKit/537.36 (KHTML, like Gecko) Chrome/53.0.2785.8 Safari/537.36 OPR/40.0.2301.0 (Edition developer)"
178.191.107.114 - - [06/Oct/2016:15:50:50 +0200] "POST /entry.php?id=11666 HTTP/1.1" 200 3914 "-" "Mozilla/5.0 (X11; Linux x86_64) AppleWebKit/537.36 (KHTML, like Gecko) Chrome/53.0.2785.8 Safari/537.36 OPR/40.0.2301.0 (Edition developer)"
178.191.107.114 - - [06/Oct/2016:15:50:52 +0200] "GET /gui/javascript/form_form.js?1475761852 HTTP/1.1" 200 16206 "-" "Mozilla/5.0 (X11; Linux x86_64) AppleWebKit/537.36 (KHTML, like Gecko) Chrome/53.0.2785.8 Safari/537.36 OPR/40.0.2301.0 (Edition developer)"
178.191.107.114 - - [06/Oct/2016:15:50:58 +0200] "POST /entry.php?id=11666 HTTP/1.1" 200 3743 "-" "Mozilla/5.0 (X11; Linux x86_64) AppleWebKit/537.36 (KHTML, like Gecko) Chrome/53.0.2785.8 Safari/537.36 OPR/40.0.2301.0 (Edition developer)"
178.191.107.114 - - [06/Oct/2016:15:50:59 +0200] "GET /gui/javascript/form_form.js?1475761859 HTTP/1.1" 200 16206 "-" "Mozilla/5.0 (X11; Linux x86_64) AppleWebKit/537.36 (KHTML, like Gecko) Chrome/53.0.2785.8 Safari/537.36 OPR/40.0.2301.0 (Edition developer)"
178.191.107.114 - - [06/Oct/2016:15:50:58 +0200] "POST /entry.php?id=11697 HTTP/1.1" 200 2602 "-" "Mozilla/5.0 (X11; Linux x86_64) AppleWebKit/537.36 (KHTML, like Gecko) Chrome/53.0.2785.8 Safari/537.36 OPR/40.0.2301.0 (Edition developer)"
188.20.126.106 - - [06/Oct/2016:15:50:58 +0200] "POST /entry.php?id=11671 HTTP/1.1" 200 4980 "http://easydrivers.activities.at/entry.php?id=11671" "Mozilla/5.0 (Windows NT 6.1; WOW64; rv:49.0) Gecko/20100101 Firefox/49.0"
188.20.126.106 - - [06/Oct/2016:15:50:59 +0200] "GET /gui/javascript/form_form.js?1475761859 HTTP/1.1" 200 16206 "http://easydrivers.activities.at/entry.php?id=11671" "Mozilla/5.0 (Windows NT 6.1; WOW64; rv:49.0) Gecko/20100101 Firefox/49.0"
188.20.126.106 - - [06/Oct/2016:15:50:59 +0200] "GET /entry.php?id=10778&form=11496&name=list& HTTP/1.1" 200 5836 "http://easydrivers.activities.at/entry.php?id=11671" "Mozilla/5.0 (Windows NT 6.1; WOW64; rv:49.0) Gecko/20100101 Firefox/49.0"
188.20.126.106 - - [06/Oct/2016:15:50:59 +0200] "GET /entry.php?id=10776&form=11496&name=list& HTTP/1.1" 200 1519 "http://easydrivers.activities.at/entry.php?id=11671" "Mozilla/5.0 (Windows NT 6.1; WOW64; rv:49.0) Gecko/20100101 Firefox/49.0"
178.191.107.114 - - [06/Oct/2016:15:50:59 +0200] "GET /entry.php?id=10776&form=11522&name=list& HTTP/1.1" 200 2272 "-" "Mozilla/5.0 (X11; Linux x86_64) AppleWebKit/537.36 (KHTML, like Gecko) Chrome/53.0.2785.8 Safari/537.36 OPR/40.0.2301.0 (Edition developer)"
178.191.107.114 - - [06/Oct/2016:15:50:59 +0200] "GET /entry.php?id=10778&form=11522&name=list& HTTP/1.1" 200 3136 "-" "Mozilla/5.0 (X11; Linux x86_64) AppleWebKit/537.36 (KHTML, like Gecko) Chrome/53.0.2785.8 Safari/537.36 OPR/40.0.2301.0 (Edition developer)"
178.191.107.114 - - [06/Oct/2016:15:51:13 +0200] "POST /entry.php?id=11666 HTTP/1.1" 200 3731 "-" "Mozilla/5.0 (X11; Linux x86_64) AppleWebKit/537.36 (KHTML, like Gecko) Chrome/53.0.2785.8 Safari/537.36 OPR/40.0.2301.0 (Edition developer)"
178.191.107.114 - - [06/Oct/2016:15:51:14 +0200] "GET /gui/javascript/form_form.js?1475761874 HTTP/1.1" 200 16206 "-" "Mozilla/5.0 (X11; Linux x86_64) AppleWebKit/537.36 (KHTML, like Gecko) Chrome/53.0.2785.8 Safari/537.36 OPR/40.0.2301.0 (Edition developer)"
178.191.107.114 - - [06/Oct/2016:15:51:13 +0200] "POST /entry.php?id=11697 HTTP/1.1" 200 2603 "-" "Mozilla/5.0 (X11; Linux x86_64) AppleWebKit/537.36 (KHTML, like Gecko) Chrome/53.0.2785.8 Safari/537.36 OPR/40.0.2301.0 (Edition developer)"
178.191.107.114 - - [06/Oct/2016:15:51:14 +0200] "GET /entry.php?id=10776&form=11522&name=list& HTTP/1.1" 200 2271 "-" "Mozilla/5.0 (X11; Linux x86_64) AppleWebKit/537.36 (KHTML, like Gecko) Chrome/53.0.2785.8 Safari/537.36 OPR/40.0.2301.0 (Edition developer)"
178.191.107.114 - - [06/Oct/2016:15:51:14 +0200] "GET /entry.php?id=10778&form=11522&name=list& HTTP/1.1" 200 3135 "-" "Mozilla/5.0 (X11; Linux x86_64) AppleWebKit/537.36 (KHTML, like Gecko) Chrome/53.0.2785.8 Safari/537.36 OPR/40.0.2301.0 (Edition developer)"
178.191.107.114 - - [06/Oct/2016:15:51:23 +0200] "POST /entry.php?id=11666 HTTP/1.1" 200 3919 "-" "Mozilla/5.0 (X11; Linux x86_64) AppleWebKit/537.36 (KHTML, like Gecko) Chrome/53.0.2785.8 Safari/537.36 OPR/40.0.2301.0 (Edition developer)"
178.191.107.114 - - [06/Oct/2016:15:51:25 +0200] "GET /gui/javascript/form_form.js?1475761885 HTTP/1.1" 200 16206 "-" "Mozilla/5.0 (X11; Linux x86_64) AppleWebKit/537.36 (KHTML, like Gecko) Chrome/53.0.2785.8 Safari/537.36 OPR/40.0.2301.0 (Edition developer)"
188.20.126.106 - - [06/Oct/2016:15:51:32 +0200] "GET /entry.php?id=10271&&ser=761832 HTTP/1.1" 200 987 "http://easydrivers.activities.at/entry.php?id=10271&&ser=761771" "Mozilla/5.0 (Windows NT 6.1; WOW64; rv:49.0) Gecko/20100101 Firefox/49.0"
188.20.126.106 - - [06/Oct/2016:15:51:32 +0200] "GET /gui/javascript/form_form.js?1475761892 HTTP/1.1" 200 16206 "http://easydrivers.activities.at/entry.php?id=10271&&ser=761832" "Mozilla/5.0 (Windows NT 6.1; WOW64; rv:49.0) Gecko/20100101 Firefox/49.0"
188.20.126.106 - - [06/Oct/2016:15:51:34 +0200] "POST /entry.php?id=11671 HTTP/1.1" 200 4991 "http://easydrivers.activities.at/entry.php?id=11671" "Mozilla/5.0 (Windows NT 6.1; WOW64; rv:49.0) Gecko/20100101 Firefox/49.0"
188.20.126.106 - - [06/Oct/2016:15:51:34 +0200] "GET /gui/javascript/form_form.js?1475761894 HTTP/1.1" 200 16206 "http://easydrivers.activities.at/entry.php?id=11671" "Mozilla/5.0 (Windows NT 6.1; WOW64; rv:49.0) Gecko/20100101 Firefox/49.0"
188.20.126.106 - - [06/Oct/2016:15:51:35 +0200] "GET /entry.php?id=10778&form=11496&name=list& HTTP/1.1" 200 5764 "http://easydrivers.activities.at/entry.php?id=11671" "Mozilla/5.0 (Windows NT 6.1; WOW64; rv:49.0) Gecko/20100101 Firefox/49.0"
188.20.126.106 - - [06/Oct/2016:15:51:35 +0200] "GET /entry.php?id=10776&form=11496&name=list& HTTP/1.1" 200 1519 "http://easydrivers.activities.at/entry.php?id=11671" "Mozilla/5.0 (Windows NT 6.1; WOW64; rv:49.0) Gecko/20100101 Firefox/49.0"
188.20.126.106 - - [06/Oct/2016:15:51:42 +0200] "POST /entry.php?id=11671 HTTP/1.1" 200 4975 "http://easydrivers.activities.at/entry.php?id=11671" "Mozilla/5.0 (Windows NT 6.1; WOW64; rv:49.0) Gecko/20100101 Firefox/49.0"
188.20.126.106 - - [06/Oct/2016:15:51:43 +0200] "GET /gui/javascript/form_form.js?1475761903 HTTP/1.1" 200 16206 "http://easydrivers.activities.at/entry.php?id=11671" "Mozilla/5.0 (Windows NT 6.1; WOW64; rv:49.0) Gecko/20100101 Firefox/49.0"
188.20.126.106 - - [06/Oct/2016:15:51:43 +0200] "GET /entry.php?id=10778&form=11496&name=list& HTTP/1.1" 200 5764 "http://easydrivers.activities.at/entry.php?id=11671" "Mozilla/5.0 (Windows NT 6.1; WOW64; rv:49.0) Gecko/20100101 Firefox/49.0"
188.20.126.106 - - [06/Oct/2016:15:51:43 +0200] "GET /entry.php?id=10776&form=11496&name=list& HTTP/1.1" 200 1519 "http://easydrivers.activities.at/entry.php?id=11671" "Mozilla/5.0 (Windows NT 6.1; WOW64; rv:49.0) Gecko/20100101 Firefox/49.0"
178.191.107.114 - - [06/Oct/2016:15:51:46 +0200] "GET /entry.php?id=10271&&ser=761846 HTTP/1.1" 200 987 "-" "Mozilla/5.0 (X11; Linux x86_64) AppleWebKit/537.36 (KHTML, like Gecko) Chrome/53.0.2785.8 Safari/537.36 OPR/40.0.2301.0 (Edition developer)"
178.191.107.114 - - [06/Oct/2016:15:51:47 +0200] "GET /gui/javascript/form_form.js?1475761907 HTTP/1.1" 200 16206 "-" "Mozilla/5.0 (X11; Linux x86_64) AppleWebKit/537.36 (KHTML, like Gecko) Chrome/53.0.2785.8 Safari/537.36 OPR/40.0.2301.0 (Edition developer)"
188.20.126.106 - - [06/Oct/2016:15:51:48 +0200] "POST /entry.php?id=11672 HTTP/1.1" 200 2701 "http://easydrivers.activities.at/entry.php?id=11672" "Mozilla/5.0 (Windows NT 6.1; WOW64; rv:49.0) Gecko/20100101 Firefox/49.0"
188.20.126.106 - - [06/Oct/2016:15:51:49 +0200] "GET /gui/javascript/form_form.js?1475761909 HTTP/1.1" 200 16206 "http://easydrivers.activities.at/entry.php?id=11672" "Mozilla/5.0 (Windows NT 6.1; WOW64; rv:49.0) Gecko/20100101 Firefox/49.0"
188.20.126.106 - - [06/Oct/2016:15:51:49 +0200] "GET /entry.php?id=10776&form=11497&name=list& HTTP/1.1" 200 1946 "http://easydrivers.activities.at/entry.php?id=11672" "Mozilla/5.0 (Windows NT 6.1; WOW64; rv:49.0) Gecko/20100101 Firefox/49.0"
188.20.126.106 - - [06/Oct/2016:15:51:49 +0200] "GET /entry.php?id=10778&form=11497&name=list& HTTP/1.1" 200 7207 "http://easydrivers.activities.at/entry.php?id=11672" "Mozilla/5.0 (Windows NT 6.1; WOW64; rv:49.0) Gecko/20100101 Firefox/49.0"
188.20.126.106 - - [06/Oct/2016:15:52:01 +0200] "POST /entry.php?id=11672 HTTP/1.1" 200 2701 "http://easydrivers.activities.at/entry.php?id=11672" "Mozilla/5.0 (Windows NT 6.1; WOW64; rv:49.0) Gecko/20100101 Firefox/49.0"
188.20.126.106 - - [06/Oct/2016:15:52:01 +0200] "GET /gui/javascript/form_form.js?1475761921 HTTP/1.1" 200 16206 "http://easydrivers.activities.at/entry.php?id=11672" "Mozilla/5.0 (Windows NT 6.1; WOW64; rv:49.0) Gecko/20100101 Firefox/49.0"
188.20.126.106 - - [06/Oct/2016:15:52:02 +0200] "GET /entry.php?id=10778&form=11497&name=list& HTTP/1.1" 200 7222 "http://easydrivers.activities.at/entry.php?id=11672" "Mozilla/5.0 (Windows NT 6.1; WOW64; rv:49.0) Gecko/20100101 Firefox/49.0"
188.20.126.106 - - [06/Oct/2016:15:52:02 +0200] "GET /entry.php?id=10776&form=11497&name=list& HTTP/1.1" 200 1945 "http://easydrivers.activities.at/entry.php?id=11672" "Mozilla/5.0 (Windows NT 6.1; WOW64; rv:49.0) Gecko/20100101 Firefox/49.0"
178.191.107.114 - - [06/Oct/2016:15:52:25 +0200] "GET /entry.php?id=11679 HTTP/1.1" 200 312 "-" "Mozilla/5.0 (X11; Linux x86_64) AppleWebKit/537.36 (KHTML, like Gecko) Chrome/53.0.2785.8 Safari/537.36 OPR/40.0.2301.0 (Edition developer)"
178.191.107.114 - - [06/Oct/2016:15:52:26 +0200] "GET /entry.php?id=11678& HTTP/1.1" 200 3486 "-" "Mozilla/5.0 (X11; Linux x86_64) AppleWebKit/537.36 (KHTML, like Gecko) Chrome/53.0.2785.8 Safari/537.36 OPR/40.0.2301.0 (Edition developer)"
178.191.107.114 - - [06/Oct/2016:15:52:26 +0200] "GET /entry.php?id=10676&title=Portal& HTTP/1.1" 200 1388 "-" "Mozilla/5.0 (X11; Linux x86_64) AppleWebKit/537.36 (KHTML, like Gecko) Chrome/53.0.2785.8 Safari/537.36 OPR/40.0.2301.0 (Edition developer)"
178.191.107.114 - - [06/Oct/2016:15:52:26 +0200] "GET /gui/javascript/form_form.js?1475761946 HTTP/1.1" 200 16206 "-" "Mozilla/5.0 (X11; Linux x86_64) AppleWebKit/537.36 (KHTML, like Gecko) Chrome/53.0.2785.8 Safari/537.36 OPR/40.0.2301.0 (Edition developer)"
178.191.107.114 - - [06/Oct/2016:15:52:26 +0200] "GET /activities/framework/KoolControls/KoolAjax/koolajax.php?8436e354c842500aba3cbaf0584c0c24 HTTP/1.1" 200 4079 "-" "Mozilla/5.0 (X11; Linux x86_64) AppleWebKit/537.36 (KHTML, like Gecko) Chrome/53.0.2785.8 Safari/537.36 OPR/40.0.2301.0 (Edition developer)"
178.191.107.114 - - [06/Oct/2016:15:52:26 +0200] "GET /activities/framework/KoolControls/KoolTreeView/kooltreeview.php?c7cd9180e88ffef8e70f13526bb4f5f7 HTTP/1.1" 200 5055 "-" "Mozilla/5.0 (X11; Linux x86_64) AppleWebKit/537.36 (KHTML, like Gecko) Chrome/53.0.2785.8 Safari/537.36 OPR/40.0.2301.0 (Edition developer)"
178.191.107.114 - - [06/Oct/2016:15:52:26 +0200] "GET /entry.php?id=11677& HTTP/1.1" 200 4362 "-" "Mozilla/5.0 (X11; Linux x86_64) AppleWebKit/537.36 (KHTML, like Gecko) Chrome/53.0.2785.8 Safari/537.36 OPR/40.0.2301.0 (Edition developer)"
178.191.107.114 - - [06/Oct/2016:15:52:27 +0200] "GET /gui/javascript/form_form.js?1475761947 HTTP/1.1" 200 16206 "-" "Mozilla/5.0 (X11; Linux x86_64) AppleWebKit/537.36 (KHTML, like Gecko) Chrome/53.0.2785.8 Safari/537.36 OPR/40.0.2301.0 (Edition developer)"
178.191.107.114 - - [06/Oct/2016:15:52:28 +0200] "GET /entry.php?id=11618&&object=&item=&emu_class= HTTP/1.1" 200 1697 "-" "Mozilla/5.0 (X11; Linux x86_64) AppleWebKit/537.36 (KHTML, like Gecko) Chrome/53.0.2785.8 Safari/537.36 OPR/40.0.2301.0 (Edition developer)"
178.191.107.114 - - [06/Oct/2016:15:52:28 +0200] "GET /gui/javascript/form_form.js?1475761948 HTTP/1.1" 200 16206 "-" "Mozilla/5.0 (X11; Linux x86_64) AppleWebKit/537.36 (KHTML, like Gecko) Chrome/53.0.2785.8 Safari/537.36 OPR/40.0.2301.0 (Edition developer)"
178.191.107.114 - - [06/Oct/2016:15:52:30 +0200] "GET /entry.php?id=10287&login=1 HTTP/1.1" 200 2219 "-" "Mozilla/5.0 (X11; Linux x86_64) AppleWebKit/537.36 (KHTML, like Gecko) Chrome/53.0.2785.8 Safari/537.36 OPR/40.0.2301.0 (Edition developer)"
178.191.107.114 - - [06/Oct/2016:15:52:30 +0200] "GET /gui/javascript/form_form.js?1475761950 HTTP/1.1" 200 16206 "-" "Mozilla/5.0 (X11; Linux x86_64) AppleWebKit/537.36 (KHTML, like Gecko) Chrome/53.0.2785.8 Safari/537.36 OPR/40.0.2301.0 (Edition developer)"
188.20.126.106 - - [06/Oct/2016:15:52:33 +0200] "GET /entry.php?id=10271&&ser=761892 HTTP/1.1" 200 987 "http://easydrivers.activities.at/entry.php?id=10271&&ser=761832" "Mozilla/5.0 (Windows NT 6.1; WOW64; rv:49.0) Gecko/20100101 Firefox/49.0"
188.20.126.106 - - [06/Oct/2016:15:52:33 +0200] "GET /gui/javascript/form_form.js?1475761953 HTTP/1.1" 200 16206 "http://easydrivers.activities.at/entry.php?id=10271&&ser=761892" "Mozilla/5.0 (Windows NT 6.1; WOW64; rv:49.0) Gecko/20100101 Firefox/49.0"
178.191.107.114 - - [06/Oct/2016:15:52:34 +0200] "POST /entry.php?id=10287& HTTP/1.1" 200 2286 "-" "Mozilla/5.0 (X11; Linux x86_64) AppleWebKit/537.36 (KHTML, like Gecko) Chrome/53.0.2785.8 Safari/537.36 OPR/40.0.2301.0 (Edition developer)"
178.191.107.114 - - [06/Oct/2016:15:52:34 +0200] "GET /gui/javascript/form_form.js?1475761954 HTTP/1.1" 200 16206 "-" "Mozilla/5.0 (X11; Linux x86_64) AppleWebKit/537.36 (KHTML, like Gecko) Chrome/53.0.2785.8 Safari/537.36 OPR/40.0.2301.0 (Edition developer)"
178.191.107.114 - - [06/Oct/2016:15:52:34 +0200] "GET /entry.php?id=10271&&ser=761846 HTTP/1.1" 200 988 "-" "Mozilla/5.0 (X11; Linux x86_64) AppleWebKit/537.36 (KHTML, like Gecko) Chrome/53.0.2785.8 Safari/537.36 OPR/40.0.2301.0 (Edition developer)"
178.191.107.114 - - [06/Oct/2016:15:52:35 +0200] "GET /gui/javascript/jquery/css/gui-themes/custom.min.css HTTP/1.1" 200 5618 "-" "Mozilla/5.0 (X11; Linux x86_64) AppleWebKit/537.36 (KHTML, like Gecko) Chrome/53.0.2785.8 Safari/537.36 OPR/40.0.2301.0 (Edition developer)"
178.191.107.114 - - [06/Oct/2016:15:52:35 +0200] "GET /gui/javascript/jquery/css/gui-themes/ui.spinner.css HTTP/1.1" 200 350 "-" "Mozilla/5.0 (X11; Linux x86_64) AppleWebKit/537.36 (KHTML, like Gecko) Chrome/53.0.2785.8 Safari/537.36 OPR/40.0.2301.0 (Edition developer)"
178.191.107.114 - - [06/Oct/2016:15:52:35 +0200] "GET /gui/javascript/jquery/css/gui-themes/jquery.tooltip.css HTTP/1.1" 200 246 "-" "Mozilla/5.0 (X11; Linux x86_64) AppleWebKit/537.36 (KHTML, like Gecko) Chrome/53.0.2785.8 Safari/537.36 OPR/40.0.2301.0 (Edition developer)"
178.191.107.114 - - [06/Oct/2016:15:52:35 +0200] "GET /gui/styles/tmplDefault.css HTTP/1.1" 200 2135 "-" "Mozilla/5.0 (X11; Linux x86_64) AppleWebKit/537.36 (KHTML, like Gecko) Chrome/53.0.2785.8 Safari/537.36 OPR/40.0.2301.0 (Edition developer)"
178.191.107.114 - - [06/Oct/2016:15:52:35 +0200] "GET /gui/javascript/form_form.js?1475761955 HTTP/1.1" 200 16206 "-" "Mozilla/5.0 (X11; Linux x86_64) AppleWebKit/537.36 (KHTML, like Gecko) Chrome/53.0.2785.8 Safari/537.36 OPR/40.0.2301.0 (Edition developer)"
178.191.107.114 - - [06/Oct/2016:15:52:35 +0200] "GET /gui/javascript/jquery/jquery-tooltip/jquery.tooltip.min.js HTTP/1.1" 200 1982 "-" "Mozilla/5.0 (X11; Linux x86_64) AppleWebKit/537.36 (KHTML, like Gecko) Chrome/53.0.2785.8 Safari/537.36 OPR/40.0.2301.0 (Edition developer)"
178.191.107.114 - - [06/Oct/2016:15:52:35 +0200] "GET /gui/javascript/jquery/js/jquery-ui-1.9.0.custom.min.js HTTP/1.1" 200 51286 "-" "Mozilla/5.0 (X11; Linux x86_64) AppleWebKit/537.36 (KHTML, like Gecko) Chrome/53.0.2785.8 Safari/537.36 OPR/40.0.2301.0 (Edition developer)"
178.191.107.114 - - [06/Oct/2016:15:52:35 +0200] "GET /gui/javascript/jquery/js/jquery-1.8.2.js HTTP/1.1" 200 35391 "-" "Mozilla/5.0 (X11; Linux x86_64) AppleWebKit/537.36 (KHTML, like Gecko) Chrome/53.0.2785.8 Safari/537.36 OPR/40.0.2301.0 (Edition developer)"
178.191.107.114 - - [06/Oct/2016:15:52:35 +0200] "GET /entry.php?id=11679 HTTP/1.1" 200 312 "-" "Mozilla/5.0 (X11; Linux x86_64) AppleWebKit/537.36 (KHTML, like Gecko) Chrome/53.0.2785.8 Safari/537.36 OPR/40.0.2301.0 (Edition developer)"
178.191.107.114 - - [06/Oct/2016:15:52:36 +0200] "GET /entry.php?id=10676&title=Portal& HTTP/1.1" 200 1387 "-" "Mozilla/5.0 (X11; Linux x86_64) AppleWebKit/537.36 (KHTML, like Gecko) Chrome/53.0.2785.8 Safari/537.36 OPR/40.0.2301.0 (Edition developer)"
178.191.107.114 - - [06/Oct/2016:15:52:36 +0200] "GET /gui/javascript/form_form.js?1475761956 HTTP/1.1" 200 16206 "-" "Mozilla/5.0 (X11; Linux x86_64) AppleWebKit/537.36 (KHTML, like Gecko) Chrome/53.0.2785.8 Safari/537.36 OPR/40.0.2301.0 (Edition developer)"
178.191.107.114 - - [06/Oct/2016:15:52:36 +0200] "GET /entry.php?id=11678& HTTP/1.1" 200 3492 "-" "Mozilla/5.0 (X11; Linux x86_64) AppleWebKit/537.36 (KHTML, like Gecko) Chrome/53.0.2785.8 Safari/537.36 OPR/40.0.2301.0 (Edition developer)"
178.191.107.114 - - [06/Oct/2016:15:52:36 +0200] "GET /activities/framework/KoolControls/KoolAjax/koolajax.php?8436e354c842500aba3cbaf0584c0c24 HTTP/1.1" 200 4079 "-" "Mozilla/5.0 (X11; Linux x86_64) AppleWebKit/537.36 (KHTML, like Gecko) Chrome/53.0.2785.8 Safari/537.36 OPR/40.0.2301.0 (Edition developer)"
178.191.107.114 - - [06/Oct/2016:15:52:36 +0200] "GET /activities/framework/KoolControls/KoolTreeView/kooltreeview.php?c7cd9180e88ffef8e70f13526bb4f5f7 HTTP/1.1" 200 5055 "-" "Mozilla/5.0 (X11; Linux x86_64) AppleWebKit/537.36 (KHTML, like Gecko) Chrome/53.0.2785.8 Safari/537.36 OPR/40.0.2301.0 (Edition developer)"
178.191.107.114 - - [06/Oct/2016:15:52:36 +0200] "GET /entry.php?id=11677& HTTP/1.1" 200 4362 "-" "Mozilla/5.0 (X11; Linux x86_64) AppleWebKit/537.36 (KHTML, like Gecko) Chrome/53.0.2785.8 Safari/537.36 OPR/40.0.2301.0 (Edition developer)"
178.191.107.114 - - [06/Oct/2016:15:52:37 +0200] "GET /gui/javascript/form_form.js?1475761957 HTTP/1.1" 200 16206 "-" "Mozilla/5.0 (X11; Linux x86_64) AppleWebKit/537.36 (KHTML, like Gecko) Chrome/53.0.2785.8 Safari/537.36 OPR/40.0.2301.0 (Edition developer)"
178.191.107.114 - - [06/Oct/2016:15:52:37 +0200] "GET /entry.php?id=11618&&object=&item=&emu_class= HTTP/1.1" 200 1695 "-" "Mozilla/5.0 (X11; Linux x86_64) AppleWebKit/537.36 (KHTML, like Gecko) Chrome/53.0.2785.8 Safari/537.36 OPR/40.0.2301.0 (Edition developer)"
178.191.107.114 - - [06/Oct/2016:15:52:38 +0200] "GET /gui/javascript/form_form.js?1475761958 HTTP/1.1" 200 16206 "-" "Mozilla/5.0 (X11; Linux x86_64) AppleWebKit/537.36 (KHTML, like Gecko) Chrome/53.0.2785.8 Safari/537.36 OPR/40.0.2301.0 (Edition developer)"
178.191.107.114 - - [06/Oct/2016:15:52:41 +0200] "POST /entry.php?id=11677 HTTP/1.1" 200 5102 "-" "Mozilla/5.0 (X11; Linux x86_64) AppleWebKit/537.36 (KHTML, like Gecko) Chrome/53.0.2785.8 Safari/537.36 OPR/40.0.2301.0 (Edition developer)"
178.191.107.114 - - [06/Oct/2016:15:52:43 +0200] "GET /gui/javascript/form_form.js?1475761963 HTTP/1.1" 200 16206 "-" "Mozilla/5.0 (X11; Linux x86_64) AppleWebKit/537.36 (KHTML, like Gecko) Chrome/53.0.2785.8 Safari/537.36 OPR/40.0.2301.0 (Edition developer)"
178.191.107.114 - - [06/Oct/2016:15:52:47 +0200] "POST /entry.php?id=11677 HTTP/1.1" 200 5170 "-" "Mozilla/5.0 (X11; Linux x86_64) AppleWebKit/537.36 (KHTML, like Gecko) Chrome/53.0.2785.8 Safari/537.36 OPR/40.0.2301.0 (Edition developer)"
178.191.107.114 - - [06/Oct/2016:15:52:48 +0200] "GET /gui/javascript/form_form.js?1475761968 HTTP/1.1" 200 16206 "-" "Mozilla/5.0 (X11; Linux x86_64) AppleWebKit/537.36 (KHTML, like Gecko) Chrome/53.0.2785.8 Safari/537.36 OPR/40.0.2301.0 (Edition developer)"
178.191.107.114 - - [06/Oct/2016:15:52:49 +0200] "POST /entry.php?id=11678 HTTP/1.1" 200 3548 "-" "Mozilla/5.0 (X11; Linux x86_64) AppleWebKit/537.36 (KHTML, like Gecko) Chrome/53.0.2785.8 Safari/537.36 OPR/40.0.2301.0 (Edition developer)"
178.191.107.114 - - [06/Oct/2016:15:52:50 +0200] "GET /activities/framework/KoolControls/KoolAjax/koolajax.php?8436e354c842500aba3cbaf0584c0c24 HTTP/1.1" 200 4079 "-" "Mozilla/5.0 (X11; Linux x86_64) AppleWebKit/537.36 (KHTML, like Gecko) Chrome/53.0.2785.8 Safari/537.36 OPR/40.0.2301.0 (Edition developer)"
178.191.107.114 - - [06/Oct/2016:15:52:50 +0200] "GET /gui/javascript/form_form.js?1475761970 HTTP/1.1" 200 16206 "-" "Mozilla/5.0 (X11; Linux x86_64) AppleWebKit/537.36 (KHTML, like Gecko) Chrome/53.0.2785.8 Safari/537.36 OPR/40.0.2301.0 (Edition developer)"
178.191.107.114 - - [06/Oct/2016:15:52:50 +0200] "GET /activities/framework/KoolControls/KoolTreeView/kooltreeview.php?c7cd9180e88ffef8e70f13526bb4f5f7 HTTP/1.1" 200 5055 "-" "Mozilla/5.0 (X11; Linux x86_64) AppleWebKit/537.36 (KHTML, like Gecko) Chrome/53.0.2785.8 Safari/537.36 OPR/40.0.2301.0 (Edition developer)"
178.191.107.114 - - [06/Oct/2016:15:52:51 +0200] "POST /entry.php?id=11677 HTTP/1.1" 200 5101 "-" "Mozilla/5.0 (X11; Linux x86_64) AppleWebKit/537.36 (KHTML, like Gecko) Chrome/53.0.2785.8 Safari/537.36 OPR/40.0.2301.0 (Edition developer)"
178.191.107.114 - - [06/Oct/2016:15:52:53 +0200] "GET /gui/javascript/form_form.js?1475761972 HTTP/1.1" 200 16206 "-" "Mozilla/5.0 (X11; Linux x86_64) AppleWebKit/537.36 (KHTML, like Gecko) Chrome/53.0.2785.8 Safari/537.36 OPR/40.0.2301.0 (Edition developer)"
178.191.107.114 - - [06/Oct/2016:15:52:53 +0200] "GET /entry.php?id=10287&login=1 HTTP/1.1" 200 2212 "-" "Mozilla/5.0 (X11; Linux x86_64) AppleWebKit/537.36 (KHTML, like Gecko) Chrome/53.0.2785.8 Safari/537.36 OPR/40.0.2301.0 (Edition developer)"
178.191.107.114 - - [06/Oct/2016:15:52:54 +0200] "GET /gui/javascript/form_form.js?1475761974 HTTP/1.1" 200 16206 "-" "Mozilla/5.0 (X11; Linux x86_64) AppleWebKit/537.36 (KHTML, like Gecko) Chrome/53.0.2785.8 Safari/537.36 OPR/40.0.2301.0 (Edition developer)"
178.191.107.114 - - [06/Oct/2016:15:52:57 +0200] "POST /entry.php?id=10287& HTTP/1.1" 200 2294 "-" "Mozilla/5.0 (X11; Linux x86_64) AppleWebKit/537.36 (KHTML, like Gecko) Chrome/53.0.2785.8 Safari/537.36 OPR/40.0.2301.0 (Edition developer)"
178.191.107.114 - - [06/Oct/2016:15:52:57 +0200] "GET /gui/javascript/form_form.js?1475761977 HTTP/1.1" 200 16206 "-" "Mozilla/5.0 (X11; Linux x86_64) AppleWebKit/537.36 (KHTML, like Gecko) Chrome/53.0.2785.8 Safari/537.36 OPR/40.0.2301.0 (Edition developer)"
178.191.107.114 - - [06/Oct/2016:15:52:57 +0200] "GET /entry.php?id=10271&&ser=761846 HTTP/1.1" 200 987 "-" "Mozilla/5.0 (X11; Linux x86_64) AppleWebKit/537.36 (KHTML, like Gecko) Chrome/53.0.2785.8 Safari/537.36 OPR/40.0.2301.0 (Edition developer)"
178.191.107.114 - - [06/Oct/2016:15:52:58 +0200] "GET /gui/javascript/jquery/css/gui-themes/custom.min.css HTTP/1.1" 200 5618 "-" "Mozilla/5.0 (X11; Linux x86_64) AppleWebKit/537.36 (KHTML, like Gecko) Chrome/53.0.2785.8 Safari/537.36 OPR/40.0.2301.0 (Edition developer)"
178.191.107.114 - - [06/Oct/2016:15:52:58 +0200] "GET /gui/javascript/jquery/css/gui-themes/ui.spinner.css HTTP/1.1" 200 350 "-" "Mozilla/5.0 (X11; Linux x86_64) AppleWebKit/537.36 (KHTML, like Gecko) Chrome/53.0.2785.8 Safari/537.36 OPR/40.0.2301.0 (Edition developer)"
178.191.107.114 - - [06/Oct/2016:15:52:58 +0200] "GET /gui/javascript/jquery/css/gui-themes/jquery.tooltip.css HTTP/1.1" 200 246 "-" "Mozilla/5.0 (X11; Linux x86_64) AppleWebKit/537.36 (KHTML, like Gecko) Chrome/53.0.2785.8 Safari/537.36 OPR/40.0.2301.0 (Edition developer)"
178.191.107.114 - - [06/Oct/2016:15:52:58 +0200] "GET /gui/styles/tmplDefault.css HTTP/1.1" 200 2135 "-" "Mozilla/5.0 (X11; Linux x86_64) AppleWebKit/537.36 (KHTML, like Gecko) Chrome/53.0.2785.8 Safari/537.36 OPR/40.0.2301.0 (Edition developer)"
178.191.107.114 - - [06/Oct/2016:15:52:58 +0200] "GET /gui/javascript/form_form.js?1475761978 HTTP/1.1" 200 16206 "-" "Mozilla/5.0 (X11; Linux x86_64) AppleWebKit/537.36 (KHTML, like Gecko) Chrome/53.0.2785.8 Safari/537.36 OPR/40.0.2301.0 (Edition developer)"
178.191.107.114 - - [06/Oct/2016:15:52:58 +0200] "GET /gui/javascript/jquery/jquery-tooltip/jquery.tooltip.min.js HTTP/1.1" 200 1982 "-" "Mozilla/5.0 (X11; Linux x86_64) AppleWebKit/537.36 (KHTML, like Gecko) Chrome/53.0.2785.8 Safari/537.36 OPR/40.0.2301.0 (Edition developer)"
178.191.107.114 - - [06/Oct/2016:15:52:58 +0200] "GET /gui/javascript/jquery/js/jquery-1.8.2.js HTTP/1.1" 200 35391 "-" "Mozilla/5.0 (X11; Linux x86_64) AppleWebKit/537.36 (KHTML, like Gecko) Chrome/53.0.2785.8 Safari/537.36 OPR/40.0.2301.0 (Edition developer)"
178.191.107.114 - - [06/Oct/2016:15:52:58 +0200] "GET /gui/javascript/jquery/js/jquery-ui-1.9.0.custom.min.js HTTP/1.1" 200 51286 "-" "Mozilla/5.0 (X11; Linux x86_64) AppleWebKit/537.36 (KHTML, like Gecko) Chrome/53.0.2785.8 Safari/537.36 OPR/40.0.2301.0 (Edition developer)"
178.191.107.114 - - [06/Oct/2016:15:52:58 +0200] "GET /entry.php?id=11679 HTTP/1.1" 200 312 "-" "Mozilla/5.0 (X11; Linux x86_64) AppleWebKit/537.36 (KHTML, like Gecko) Chrome/53.0.2785.8 Safari/537.36 OPR/40.0.2301.0 (Edition developer)"
178.191.107.114 - - [06/Oct/2016:15:52:59 +0200] "GET /entry.php?id=10676&title=Portal& HTTP/1.1" 200 1387 "-" "Mozilla/5.0 (X11; Linux x86_64) AppleWebKit/537.36 (KHTML, like Gecko) Chrome/53.0.2785.8 Safari/537.36 OPR/40.0.2301.0 (Edition developer)"
178.191.107.114 - - [06/Oct/2016:15:52:59 +0200] "GET /gui/javascript/form_form.js?1475761979 HTTP/1.1" 200 16206 "-" "Mozilla/5.0 (X11; Linux x86_64) AppleWebKit/537.36 (KHTML, like Gecko) Chrome/53.0.2785.8 Safari/537.36 OPR/40.0.2301.0 (Edition developer)"
178.191.107.114 - - [06/Oct/2016:15:52:59 +0200] "GET /entry.php?id=11678& HTTP/1.1" 200 3436 "-" "Mozilla/5.0 (X11; Linux x86_64) AppleWebKit/537.36 (KHTML, like Gecko) Chrome/53.0.2785.8 Safari/537.36 OPR/40.0.2301.0 (Edition developer)"
178.191.107.114 - - [06/Oct/2016:15:52:59 +0200] "GET /activities/framework/KoolControls/KoolAjax/koolajax.php?8436e354c842500aba3cbaf0584c0c24 HTTP/1.1" 200 4079 "-" "Mozilla/5.0 (X11; Linux x86_64) AppleWebKit/537.36 (KHTML, like Gecko) Chrome/53.0.2785.8 Safari/537.36 OPR/40.0.2301.0 (Edition developer)"
178.191.107.114 - - [06/Oct/2016:15:52:59 +0200] "GET /activities/framework/KoolControls/KoolTreeView/kooltreeview.php?c7cd9180e88ffef8e70f13526bb4f5f7 HTTP/1.1" 200 5055 "-" "Mozilla/5.0 (X11; Linux x86_64) AppleWebKit/537.36 (KHTML, like Gecko) Chrome/53.0.2785.8 Safari/537.36 OPR/40.0.2301.0 (Edition developer)"
178.191.107.114 - - [06/Oct/2016:15:52:59 +0200] "GET /entry.php?id=11677& HTTP/1.1" 200 4362 "-" "Mozilla/5.0 (X11; Linux x86_64) AppleWebKit/537.36 (KHTML, like Gecko) Chrome/53.0.2785.8 Safari/537.36 OPR/40.0.2301.0 (Edition developer)"
178.191.107.114 - - [06/Oct/2016:15:53:00 +0200] "GET /gui/javascript/form_form.js?1475761980 HTTP/1.1" 200 16206 "-" "Mozilla/5.0 (X11; Linux x86_64) AppleWebKit/537.36 (KHTML, like Gecko) Chrome/53.0.2785.8 Safari/537.36 OPR/40.0.2301.0 (Edition developer)"
178.191.107.114 - - [06/Oct/2016:15:53:01 +0200] "GET /entry.php?id=11618&&object=&item=&emu_class= HTTP/1.1" 200 1694 "-" "Mozilla/5.0 (X11; Linux x86_64) AppleWebKit/537.36 (KHTML, like Gecko) Chrome/53.0.2785.8 Safari/537.36 OPR/40.0.2301.0 (Edition developer)"
178.191.107.114 - - [06/Oct/2016:15:53:01 +0200] "GET /gui/javascript/form_form.js?1475761981 HTTP/1.1" 200 16206 "-" "Mozilla/5.0 (X11; Linux x86_64) AppleWebKit/537.36 (KHTML, like Gecko) Chrome/53.0.2785.8 Safari/537.36 OPR/40.0.2301.0 (Edition developer)"
178.191.107.114 - - [06/Oct/2016:15:53:02 +0200] "POST /entry.php?id=11677 HTTP/1.1" 200 5104 "-" "Mozilla/5.0 (X11; Linux x86_64) AppleWebKit/537.36 (KHTML, like Gecko) Chrome/53.0.2785.8 Safari/537.36 OPR/40.0.2301.0 (Edition developer)"
178.191.107.114 - - [06/Oct/2016:15:53:04 +0200] "GET /gui/javascript/form_form.js?1475761983 HTTP/1.1" 200 16206 "-" "Mozilla/5.0 (X11; Linux x86_64) AppleWebKit/537.36 (KHTML, like Gecko) Chrome/53.0.2785.8 Safari/537.36 OPR/40.0.2301.0 (Edition developer)"
178.191.107.114 - - [06/Oct/2016:15:53:07 +0200] "POST /entry.php?id=11677 HTTP/1.1" 200 5173 "-" "Mozilla/5.0 (X11; Linux x86_64) AppleWebKit/537.36 (KHTML, like Gecko) Chrome/53.0.2785.8 Safari/537.36 OPR/40.0.2301.0 (Edition developer)"
178.191.107.114 - - [06/Oct/2016:15:53:09 +0200] "GET /gui/javascript/form_form.js?1475761988 HTTP/1.1" 200 16206 "-" "Mozilla/5.0 (X11; Linux x86_64) AppleWebKit/537.36 (KHTML, like Gecko) Chrome/53.0.2785.8 Safari/537.36 OPR/40.0.2301.0 (Edition developer)"
178.191.107.114 - - [06/Oct/2016:15:53:11 +0200] "POST /entry.php?id=11678 HTTP/1.1" 200 3490 "-" "Mozilla/5.0 (X11; Linux x86_64) AppleWebKit/537.36 (KHTML, like Gecko) Chrome/53.0.2785.8 Safari/537.36 OPR/40.0.2301.0 (Edition developer)"
178.191.107.114 - - [06/Oct/2016:15:53:12 +0200] "GET /gui/javascript/form_form.js?1475761991 HTTP/1.1" 200 16206 "-" "Mozilla/5.0 (X11; Linux x86_64) AppleWebKit/537.36 (KHTML, like Gecko) Chrome/53.0.2785.8 Safari/537.36 OPR/40.0.2301.0 (Edition developer)"
178.191.107.114 - - [06/Oct/2016:15:53:12 +0200] "GET /activities/framework/KoolControls/KoolAjax/koolajax.php?8436e354c842500aba3cbaf0584c0c24 HTTP/1.1" 200 4079 "-" "Mozilla/5.0 (X11; Linux x86_64) AppleWebKit/537.36 (KHTML, like Gecko) Chrome/53.0.2785.8 Safari/537.36 OPR/40.0.2301.0 (Edition developer)"
178.191.107.114 - - [06/Oct/2016:15:53:12 +0200] "GET /activities/framework/KoolControls/KoolTreeView/kooltreeview.php?c7cd9180e88ffef8e70f13526bb4f5f7 HTTP/1.1" 200 5055 "-" "Mozilla/5.0 (X11; Linux x86_64) AppleWebKit/537.36 (KHTML, like Gecko) Chrome/53.0.2785.8 Safari/537.36 OPR/40.0.2301.0 (Edition developer)"
178.191.107.114 - - [06/Oct/2016:15:53:13 +0200] "POST /entry.php?id=11677 HTTP/1.1" 200 5102 "-" "Mozilla/5.0 (X11; Linux x86_64) AppleWebKit/537.36 (KHTML, like Gecko) Chrome/53.0.2785.8 Safari/537.36 OPR/40.0.2301.0 (Edition developer)"
178.191.107.114 - - [06/Oct/2016:15:53:15 +0200] "GET /gui/javascript/form_form.js?1475761994 HTTP/1.1" 200 16206 "-" "Mozilla/5.0 (X11; Linux x86_64) AppleWebKit/537.36 (KHTML, like Gecko) Chrome/53.0.2785.8 Safari/537.36 OPR/40.0.2301.0 (Edition developer)"
188.20.126.106 - - [06/Oct/2016:15:53:21 +0200] "POST /entry.php?id=11671 HTTP/1.1" 200 4812 "http://easydrivers.activities.at/entry.php?id=11671" "Mozilla/5.0 (Windows NT 6.1; WOW64; rv:49.0) Gecko/20100101 Firefox/49.0"
188.20.126.106 - - [06/Oct/2016:15:53:22 +0200] "GET /gui/javascript/form_form.js?1475762002 HTTP/1.1" 200 16206 "http://easydrivers.activities.at/entry.php?id=11671" "Mozilla/5.0 (Windows NT 6.1; WOW64; rv:49.0) Gecko/20100101 Firefox/49.0"
188.20.126.106 - - [06/Oct/2016:15:53:22 +0200] "GET /entry.php?id=10776&form=11496&name=list& HTTP/1.1" 200 1519 "http://easydrivers.activities.at/entry.php?id=11671" "Mozilla/5.0 (Windows NT 6.1; WOW64; rv:49.0) Gecko/20100101 Firefox/49.0"
188.20.126.106 - - [06/Oct/2016:15:53:22 +0200] "GET /entry.php?id=10778&form=11496&name=list& HTTP/1.1" 200 5768 "http://easydrivers.activities.at/entry.php?id=11671" "Mozilla/5.0 (Windows NT 6.1; WOW64; rv:49.0) Gecko/20100101 Firefox/49.0"
188.20.126.106 - - [06/Oct/2016:15:53:33 +0200] "GET /entry.php?id=10271&&ser=761953 HTTP/1.1" 200 987 "http://easydrivers.activities.at/entry.php?id=10271&&ser=761892" "Mozilla/5.0 (Windows NT 6.1; WOW64; rv:49.0) Gecko/20100101 Firefox/49.0"
188.20.126.106 - - [06/Oct/2016:15:53:33 +0200] "GET /gui/javascript/form_form.js?1475762013 HTTP/1.1" 200 16206 "http://easydrivers.activities.at/entry.php?id=10271&&ser=761953" "Mozilla/5.0 (Windows NT 6.1; WOW64; rv:49.0) Gecko/20100101 Firefox/49.0"
188.20.126.106 - - [06/Oct/2016:15:53:34 +0200] "POST /entry.php?id=11671 HTTP/1.1" 200 4811 "http://easydrivers.activities.at/entry.php?id=11671" "Mozilla/5.0 (Windows NT 6.1; WOW64; rv:49.0) Gecko/20100101 Firefox/49.0"
188.20.126.106 - - [06/Oct/2016:15:53:35 +0200] "GET /gui/javascript/form_form.js?1475762014 HTTP/1.1" 200 16206 "http://easydrivers.activities.at/entry.php?id=11671" "Mozilla/5.0 (Windows NT 6.1; WOW64; rv:49.0) Gecko/20100101 Firefox/49.0"
188.20.126.106 - - [06/Oct/2016:15:53:35 +0200] "GET /entry.php?id=10776&form=11496&name=list& HTTP/1.1" 200 1519 "http://easydrivers.activities.at/entry.php?id=11671" "Mozilla/5.0 (Windows NT 6.1; WOW64; rv:49.0) Gecko/20100101 Firefox/49.0"
188.20.126.106 - - [06/Oct/2016:15:53:35 +0200] "GET /entry.php?id=10778&form=11496&name=list& HTTP/1.1" 200 5768 "http://easydrivers.activities.at/entry.php?id=11671" "Mozilla/5.0 (Windows NT 6.1; WOW64; rv:49.0) Gecko/20100101 Firefox/49.0"
178.191.107.114 - - [06/Oct/2016:15:53:45 +0200] "GET /entry.php?id=11664 HTTP/1.1" 200 343 "-" "Mozilla/5.0 (X11; Linux x86_64) AppleWebKit/537.36 (KHTML, like Gecko) Chrome/53.0.2785.8 Safari/537.36 OPR/40.0.2301.0 (Edition developer)"
178.191.107.114 - - [06/Oct/2016:15:53:45 +0200] "GET /entry.php?id=11665& HTTP/1.1" 200 2317 "-" "Mozilla/5.0 (X11; Linux x86_64) AppleWebKit/537.36 (KHTML, like Gecko) Chrome/53.0.2785.8 Safari/537.36 OPR/40.0.2301.0 (Edition developer)"
