178.191.107.114 - - [06/Oct/2016:15:56:00 +0200] "GET /gui/javascript/form_form.js?1475762159 HTTP/1.1" 200 16206 "-" "Mozilla/5.0 (X11; Linux x86_64) AppleWebKit/537.36 (KHTML, like Gecko) Chrome/53.0.2785.8 Safari/537.36 OPR/40.0.2301.0 (Edition developer)"
178.191.107.114 - - [06/Oct/2016:15:56:04 +0200] "GET /entry.php?id=11693 HTTP/1.1" 200 2507 "-" "Mozilla/5.0 (X11; Linux x86_64) AppleWebKit/537.36 (KHTML, like Gecko) Chrome/53.0.2785.8 Safari/537.36 OPR/40.0.2301.0 (Edition developer)"
178.191.107.114 - - [06/Oct/2016:15:56:04 +0200] "GET /gui/javascript/form_form.js?1475762164 HTTP/1.1" 200 16206 "-" "Mozilla/5.0 (X11; Linux x86_64) AppleWebKit/537.36 (KHTML, like Gecko) Chrome/53.0.2785.8 Safari/537.36 OPR/40.0.2301.0 (Edition developer)"
178.191.107.114 - - [06/Oct/2016:15:56:05 +0200] "GET /entry.php?id=10776&form=11518&name=list& HTTP/1.1" 200 1578 "-" "Mozilla/5.0 (X11; Linux x86_64) AppleWebKit/537.36 (KHTML, like Gecko) Chrome/53.0.2785.8 Safari/537.36 OPR/40.0.2301.0 (Edition developer)"
178.191.107.114 - - [06/Oct/2016:15:56:05 +0200] "GET /entry.php?id=10778&form=11518&name=list& HTTP/1.1" 200 5895 "-" "Mozilla/5.0 (X11; Linux x86_64) AppleWebKit/537.36 (KHTML, like Gecko) Chrome/53.0.2785.8 Safari/537.36 OPR/40.0.2301.0 (Edition developer)"
178.191.107.114 - - [06/Oct/2016:15:56:05 +0200] "GET /entry.php?id=11148&object=10203650&view=thumbnail&width=100&height=100&wrap=false&mime=image/jpeg&image=jpg.gif HTTP/1.1" 200 1620 "-" "Mozilla/5.0 (X11; Linux x86_64) AppleWebKit/537.36 (KHTML, like Gecko) Chrome/53.0.2785.8 Safari/537.36 OPR/40.0.2301.0 (Edition developer)"
178.191.107.114 - - [06/Oct/2016:15:56:05 +0200] "GET /gui/javascript/form_form.js?1475762165 HTTP/1.1" 200 16206 "-" "Mozilla/5.0 (X11; Linux x86_64) AppleWebKit/537.36 (KHTML, like Gecko) Chrome/53.0.2785.8 Safari/537.36 OPR/40.0.2301.0 (Edition developer)"
178.191.107.114 - - [06/Oct/2016:15:56:05 +0200] "GET /cache/emu/images/easy-drivers-pankl-mariazell---au10203650/nopic-de-bgjpg_100_100_1.jpg HTTP/1.1" 200 2703 "-" "Mozilla/5.0 (X11; Linux x86_64) AppleWebKit/537.36 (KHTML, like Gecko) Chrome/53.0.2785.8 Safari/537.36 OPR/40.0.2301.0 (Edition developer)"
178.191.107.114 - - [06/Oct/2016:15:56:17 +0200] "GET /entry.php?id=11664 HTTP/1.1" 200 343 "-" "Mozilla/5.0 (X11; Linux x86_64) AppleWebKit/537.36 (KHTML, like Gecko) Chrome/53.0.2785.8 Safari/537.36 OPR/40.0.2301.0 (Edition developer)"
178.191.107.114 - - [06/Oct/2016:15:56:17 +0200] "GET /entry.php?id=10676&&title=Standorte HTTP/1.1" 200 1389 "-" "Mozilla/5.0 (X11; Linux x86_64) AppleWebKit/537.36 (KHTML, like Gecko) Chrome/53.0.2785.8 Safari/537.36 OPR/40.0.2301.0 (Edition developer)"
178.191.107.114 - - [06/Oct/2016:15:56:18 +0200] "GET /gui/javascript/form_form.js?1475762178 HTTP/1.1" 200 16206 "-" "Mozilla/5.0 (X11; Linux x86_64) AppleWebKit/537.36 (KHTML, like Gecko) Chrome/53.0.2785.8 Safari/537.36 OPR/40.0.2301.0 (Edition developer)"
178.191.107.114 - - [06/Oct/2016:15:56:17 +0200] "GET /entry.php?id=11665& HTTP/1.1" 200 2318 "-" "Mozilla/5.0 (X11; Linux x86_64) AppleWebKit/537.36 (KHTML, like Gecko) Chrome/53.0.2785.8 Safari/537.36 OPR/40.0.2301.0 (Edition developer)"
80.123.94.70 - - [06/Oct/2016:15:56:18 +0200] "GET /entry.php?id=11679 HTTP/1.1" 200 312 "http://ed.activities.at/entry.php?id=10270&__app__=10006038" "Mozilla/5.0 (Windows NT 10.0; WOW64; rv:48.0) Gecko/20100101 Firefox/48.0"
178.191.107.114 - - [06/Oct/2016:15:56:17 +0200] "GET /entry.php?id=11666& HTTP/1.1" 200 3743 "-" "Mozilla/5.0 (X11; Linux x86_64) AppleWebKit/537.36 (KHTML, like Gecko) Chrome/53.0.2785.8 Safari/537.36 OPR/40.0.2301.0 (Edition developer)"
80.123.94.70 - - [06/Oct/2016:15:56:18 +0200] "GET /entry.php?id=10676&title=Portal& HTTP/1.1" 200 1386 "http://ed.activities.at/entry.php?id=11679" "Mozilla/5.0 (Windows NT 10.0; WOW64; rv:48.0) Gecko/20100101 Firefox/48.0"
80.123.94.70 - - [06/Oct/2016:15:56:19 +0200] "GET /gui/javascript/form_form.js?1475762179 HTTP/1.1" 200 16206 "http://ed.activities.at/entry.php?id=10676&title=Portal&" "Mozilla/5.0 (Windows NT 10.0; WOW64; rv:48.0) Gecko/20100101 Firefox/48.0"
178.191.107.114 - - [06/Oct/2016:15:56:18 +0200] "GET /entry.php?id=10776&form=11490&name=list& HTTP/1.1" 200 2009 "-" "Mozilla/5.0 (X11; Linux x86_64) AppleWebKit/537.36 (KHTML, like Gecko) Chrome/53.0.2785.8 Safari/537.36 OPR/40.0.2301.0 (Edition developer)"
178.191.107.114 - - [06/Oct/2016:15:56:18 +0200] "GET /entry.php?id=10778&form=11490&name=list& HTTP/1.1" 200 3085 "-" "Mozilla/5.0 (X11; Linux x86_64) AppleWebKit/537.36 (KHTML, like Gecko) Chrome/53.0.2785.8 Safari/537.36 OPR/40.0.2301.0 (Edition developer)"
80.123.94.70 - - [06/Oct/2016:15:56:18 +0200] "GET /entry.php?id=11677& HTTP/1.1" 200 4359 "http://ed.activities.at/entry.php?id=11679" "Mozilla/5.0 (Windows NT 10.0; WOW64; rv:48.0) Gecko/20100101 Firefox/48.0"
178.191.107.114 - - [06/Oct/2016:15:56:17 +0200] "GET /entry.php?id=11697& HTTP/1.1" 200 2603 "-" "Mozilla/5.0 (X11; Linux x86_64) AppleWebKit/537.36 (KHTML, like Gecko) Chrome/53.0.2785.8 Safari/537.36 OPR/40.0.2301.0 (Edition developer)"
80.123.94.70 - - [06/Oct/2016:15:56:18 +0200] "GET /entry.php?id=11678& HTTP/1.1" 200 3388 "http://ed.activities.at/entry.php?id=11679" "Mozilla/5.0 (Windows NT 10.0; WOW64; rv:48.0) Gecko/20100101 Firefox/48.0"
80.123.94.70 - - [06/Oct/2016:15:56:19 +0200] "GET /activities/framework/KoolControls/KoolAjax/koolajax.php?8436e354c842500aba3cbaf0584c0c24 HTTP/1.1" 200 4079 "http://ed.activities.at/entry.php?id=11678&" "Mozilla/5.0 (Windows NT 10.0; WOW64; rv:48.0) Gecko/20100101 Firefox/48.0"
80.123.94.70 - - [06/Oct/2016:15:56:19 +0200] "GET /activities/framework/KoolControls/KoolTreeView/kooltreeview.php?c7cd9180e88ffef8e70f13526bb4f5f7 HTTP/1.1" 200 5055 "http://ed.activities.at/entry.php?id=11678&" "Mozilla/5.0 (Windows NT 10.0; WOW64; rv:48.0) Gecko/20100101 Firefox/48.0"
80.123.94.70 - - [06/Oct/2016:15:56:19 +0200] "GET /entry.php?id=11618&&object=&item=&emu_class= HTTP/1.1" 200 1694 "http://ed.activities.at/entry.php?id=11677&" "Mozilla/5.0 (Windows NT 10.0; WOW64; rv:48.0) Gecko/20100101 Firefox/48.0"
178.191.107.114 - - [06/Oct/2016:15:56:20 +0200] "GET /gui/javascript/form_form.js?1475762179 HTTP/1.1" 200 16206 "-" "Mozilla/5.0 (X11; Linux x86_64) AppleWebKit/537.36 (KHTML, like Gecko) Chrome/53.0.2785.8 Safari/537.36 OPR/40.0.2301.0 (Edition developer)"
80.123.94.70 - - [06/Oct/2016:15:56:19 +0200] "POST /entry.php?id=11677 HTTP/1.1" 200 4387 "http://ed.activities.at/entry.php?id=11677&" "Mozilla/5.0 (Windows NT 10.0; WOW64; rv:48.0) Gecko/20100101 Firefox/48.0"
80.123.94.70 - - [06/Oct/2016:15:56:20 +0200] "GET /gui/javascript/form_form.js?1475762180 HTTP/1.1" 200 16206 "http://ed.activities.at/entry.php?id=11677" "Mozilla/5.0 (Windows NT 10.0; WOW64; rv:48.0) Gecko/20100101 Firefox/48.0"
178.191.107.114 - - [06/Oct/2016:15:56:20 +0200] "GET /entry.php?id=10778&form=11522&name=list& HTTP/1.1" 200 3136 "-" "Mozilla/5.0 (X11; Linux x86_64) AppleWebKit/537.36 (KHTML, like Gecko) Chrome/53.0.2785.8 Safari/537.36 OPR/40.0.2301.0 (Edition developer)"
178.191.107.114 - - [06/Oct/2016:15:56:20 +0200] "GET /entry.php?id=10776&form=11522&name=list& HTTP/1.1" 200 2272 "-" "Mozilla/5.0 (X11; Linux x86_64) AppleWebKit/537.36 (KHTML, like Gecko) Chrome/53.0.2785.8 Safari/537.36 OPR/40.0.2301.0 (Edition developer)"
80.123.94.70 - - [06/Oct/2016:15:56:20 +0200] "POST /entry.php?id=11677 HTTP/1.1" 200 4385 "http://ed.activities.at/entry.php?id=11677" "Mozilla/5.0 (Windows NT 10.0; WOW64; rv:48.0) Gecko/20100101 Firefox/48.0"
80.123.94.70 - - [06/Oct/2016:15:56:21 +0200] "GET /gui/javascript/form_form.js?1475762181 HTTP/1.1" 200 16206 "http://ed.activities.at/entry.php?id=11677" "Mozilla/5.0 (Windows NT 10.0; WOW64; rv:48.0) Gecko/20100101 Firefox/48.0"
178.191.107.114 - - [06/Oct/2016:15:56:22 +0200] "POST /entry.php?id=11666 HTTP/1.1" 200 2350 "-" "Mozilla/5.0 (X11; Linux x86_64) AppleWebKit/537.36 (KHTML, like Gecko) Chrome/53.0.2785.8 Safari/537.36 OPR/40.0.2301.0 (Edition developer)"
178.191.107.114 - - [06/Oct/2016:15:56:23 +0200] "GET /gui/javascript/form_form.js?1475762182 HTTP/1.1" 200 16206 "-" "Mozilla/5.0 (X11; Linux x86_64) AppleWebKit/537.36 (KHTML, like Gecko) Chrome/53.0.2785.8 Safari/537.36 OPR/40.0.2301.0 (Edition developer)"
178.191.107.114 - - [06/Oct/2016:15:56:23 +0200] "GET /entry.php?id=10646&&object=10221883&hiddetabs=true HTTP/1.1" 200 2158 "-" "Mozilla/5.0 (X11; Linux x86_64) AppleWebKit/537.36 (KHTML, like Gecko) Chrome/53.0.2785.8 Safari/537.36 OPR/40.0.2301.0 (Edition developer)"
178.191.107.114 - - [06/Oct/2016:15:56:23 +0200] "GET /gui/javascript/form_bu_mandator_property.js HTTP/1.1" 200 247 "-" "Mozilla/5.0 (X11; Linux x86_64) AppleWebKit/537.36 (KHTML, like Gecko) Chrome/53.0.2785.8 Safari/537.36 OPR/40.0.2301.0 (Edition developer)"
178.191.107.114 - - [06/Oct/2016:15:56:23 +0200] "GET /gui/javascript/form_form.js?1475762183 HTTP/1.1" 200 16206 "-" "Mozilla/5.0 (X11; Linux x86_64) AppleWebKit/537.36 (KHTML, like Gecko) Chrome/53.0.2785.8 Safari/537.36 OPR/40.0.2301.0 (Edition developer)"
178.191.107.114 - - [06/Oct/2016:15:56:23 +0200] "GET /entry.php?id=10776&form=10490&name=list& HTTP/1.1" 200 1436 "-" "Mozilla/5.0 (X11; Linux x86_64) AppleWebKit/537.36 (KHTML, like Gecko) Chrome/53.0.2785.8 Safari/537.36 OPR/40.0.2301.0 (Edition developer)"
178.191.107.114 - - [06/Oct/2016:15:56:23 +0200] "GET /entry.php?id=10778&form=10490&name=list& HTTP/1.1" 200 2935 "-" "Mozilla/5.0 (X11; Linux x86_64) AppleWebKit/537.36 (KHTML, like Gecko) Chrome/53.0.2785.8 Safari/537.36 OPR/40.0.2301.0 (Edition developer)"
178.191.107.114 - - [06/Oct/2016:15:56:24 +0200] "GET /gui/images/icons/help.gif HTTP/1.1" 200 139 "-" "Mozilla/5.0 (X11; Linux x86_64) AppleWebKit/537.36 (KHTML, like Gecko) Chrome/53.0.2785.8 Safari/537.36 OPR/40.0.2301.0 (Edition developer)"
188.20.126.106 - - [06/Oct/2016:15:56:35 +0200] "GET /entry.php?id=10271&&ser=762134 HTTP/1.1" 200 987 "http://easydrivers.activities.at/entry.php?id=10271&&ser=762074" "Mozilla/5.0 (Windows NT 6.1; WOW64; rv:49.0) Gecko/20100101 Firefox/49.0"
188.20.126.106 - - [06/Oct/2016:15:56:35 +0200] "GET /gui/javascript/form_form.js?1475762195 HTTP/1.1" 200 16206 "http://easydrivers.activities.at/entry.php?id=10271&&ser=762134" "Mozilla/5.0 (Windows NT 6.1; WOW64; rv:49.0) Gecko/20100101 Firefox/49.0"
178.191.107.114 - - [06/Oct/2016:15:56:55 +0200] "POST /entry.php?id=11666 HTTP/1.1" 200 3173 "-" "Mozilla/5.0 (X11; Linux x86_64) AppleWebKit/537.36 (KHTML, like Gecko) Chrome/53.0.2785.8 Safari/537.36 OPR/40.0.2301.0 (Edition developer)"
178.191.107.114 - - [06/Oct/2016:15:56:56 +0200] "GET /gui/javascript/form_form.js?1475762216 HTTP/1.1" 200 16206 "-" "Mozilla/5.0 (X11; Linux x86_64) AppleWebKit/537.36 (KHTML, like Gecko) Chrome/53.0.2785.8 Safari/537.36 OPR/40.0.2301.0 (Edition developer)"
178.191.107.114 - - [06/Oct/2016:15:56:56 +0200] "GET /entry.php?id=10776&form=11491&name=list& HTTP/1.1" 200 1547 "-" "Mozilla/5.0 (X11; Linux x86_64) AppleWebKit/537.36 (KHTML, like Gecko) Chrome/53.0.2785.8 Safari/537.36 OPR/40.0.2301.0 (Edition developer)"
178.191.107.114 - - [06/Oct/2016:15:56:56 +0200] "GET /entry.php?id=10778&form=11491&name=list& HTTP/1.1" 200 2687 "-" "Mozilla/5.0 (X11; Linux x86_64) AppleWebKit/537.36 (KHTML, like Gecko) Chrome/53.0.2785.8 Safari/537.36 OPR/40.0.2301.0 (Edition developer)"
178.191.107.114 - - [06/Oct/2016:15:56:56 +0200] "GET /entry.php?id=10683 HTTP/1.1" 200 990 "-" "Mozilla/5.0 (X11; Linux x86_64) AppleWebKit/537.36 (KHTML, like Gecko) Chrome/53.0.2785.8 Safari/537.36 OPR/40.0.2301.0 (Edition developer)"
178.191.107.114 - - [06/Oct/2016:15:56:57 +0200] "GET /gui/images/emulogo.jpg HTTP/1.1" 200 80752 "-" "Mozilla/5.0 (X11; Linux x86_64) AppleWebKit/537.36 (KHTML, like Gecko) Chrome/53.0.2785.8 Safari/537.36 OPR/40.0.2301.0 (Edition developer)"
80.123.94.70 - - [06/Oct/2016:15:56:58 +0200] "GET /entry.php?id=10271&&ser=762157 HTTP/1.1" 200 987 "http://ed.activities.at/entry.php?id=10271&UIN=baee77c747f3ae6a25d8401c95611a30" "Mozilla/5.0 (Windows NT 10.0; WOW64; rv:48.0) Gecko/20100101 Firefox/48.0"
80.123.94.70 - - [06/Oct/2016:15:56:58 +0200] "GET /gui/javascript/form_form.js?1475762218 HTTP/1.1" 200 16206 "http://ed.activities.at/entry.php?id=10271&&ser=762157" "Mozilla/5.0 (Windows NT 10.0; WOW64; rv:48.0) Gecko/20100101 Firefox/48.0"
178.191.107.114 - - [06/Oct/2016:15:57:00 +0200] "GET /entry.php?id=10271&&ser=762159 HTTP/1.1" 200 987 "-" "Mozilla/5.0 (X11; Linux x86_64) AppleWebKit/537.36 (KHTML, like Gecko) Chrome/53.0.2785.8 Safari/537.36 OPR/40.0.2301.0 (Edition developer)"
178.191.107.114 - - [06/Oct/2016:15:57:00 +0200] "GET /gui/javascript/form_form.js?1475762220 HTTP/1.1" 200 16206 "-" "Mozilla/5.0 (X11; Linux x86_64) AppleWebKit/537.36 (KHTML, like Gecko) Chrome/53.0.2785.8 Safari/537.36 OPR/40.0.2301.0 (Edition developer)"
178.191.107.114 - - [06/Oct/2016:15:57:01 +0200] "GET /entry.php?id=10711&object=10221883&class=emuc_company&chooserview=customerimages&setlist=list&view=customerimages HTTP/1.1" 200 1735 "-" "Mozilla/5.0 (X11; Linux x86_64) AppleWebKit/537.36 (KHTML, like Gecko) Chrome/53.0.2785.8 Safari/537.36 OPR/40.0.2301.0 (Edition developer)"
178.191.107.114 - - [06/Oct/2016:15:57:01 +0200] "GET /gui/javascript/form_form.js?1475762221 HTTP/1.1" 200 16206 "-" "Mozilla/5.0 (X11; Linux x86_64) AppleWebKit/537.36 (KHTML, like Gecko) Chrome/53.0.2785.8 Safari/537.36 OPR/40.0.2301.0 (Edition developer)"
178.191.107.114 - - [06/Oct/2016:15:57:01 +0200] "GET /entry.php?id=10676&title=Ressourcenverwaltung HTTP/1.1" 200 1395 "-" "Mozilla/5.0 (X11; Linux x86_64) AppleWebKit/537.36 (KHTML, like Gecko) Chrome/53.0.2785.8 Safari/537.36 OPR/40.0.2301.0 (Edition developer)"
178.191.107.114 - - [06/Oct/2016:15:57:02 +0200] "GET /gui/javascript/form_form.js?1475762222 HTTP/1.1" 200 16206 "-" "Mozilla/5.0 (X11; Linux x86_64) AppleWebKit/537.36 (KHTML, like Gecko) Chrome/53.0.2785.8 Safari/537.36 OPR/40.0.2301.0 (Edition developer)"
178.191.107.114 - - [06/Oct/2016:15:57:01 +0200] "GET /entry.php?id=10704&&but=&object=10221883&class=emuc_company&tag=&value=&chooserview=customerimages&function=&setlist=list&t_width=&t_height=&view=customerimages HTTP/1.1" 200 2840 "-" "Mozilla/5.0 (X11; Linux x86_64) AppleWebKit/537.36 (KHTML, like Gecko) Chrome/53.0.2785.8 Safari/537.36 OPR/40.0.2301.0 (Edition developer)"
178.191.107.114 - - [06/Oct/2016:15:57:01 +0200] "GET /entry.php?id=10703&&but=&object=10221883&class=emuc_company&tag=&value=&chooserview=customerimages&function=&setlist=list&t_width=&t_height=&view=customerimages HTTP/1.1" 200 2540 "-" "Mozilla/5.0 (X11; Linux x86_64) AppleWebKit/537.36 (KHTML, like Gecko) Chrome/53.0.2785.8 Safari/537.36 OPR/40.0.2301.0 (Edition developer)"
178.191.107.114 - - [06/Oct/2016:15:57:02 +0200] "GET /entry.php?id=10776&form=10549&name=list& HTTP/1.1" 200 1646 "-" "Mozilla/5.0 (X11; Linux x86_64) AppleWebKit/537.36 (KHTML, like Gecko) Chrome/53.0.2785.8 Safari/537.36 OPR/40.0.2301.0 (Edition developer)"
178.191.107.114 - - [06/Oct/2016:15:57:02 +0200] "GET /entry.php?id=10778&form=10549&name=list& HTTP/1.1" 200 2821 "-" "Mozilla/5.0 (X11; Linux x86_64) AppleWebKit/537.36 (KHTML, like Gecko) Chrome/53.0.2785.8 Safari/537.36 OPR/40.0.2301.0 (Edition developer)"
178.191.107.114 - - [06/Oct/2016:15:57:02 +0200] "GET /entry.php?id=10776&form=10547&name=list& HTTP/1.1" 200 1290 "-" "Mozilla/5.0 (X11; Linux x86_64) AppleWebKit/537.36 (KHTML, like Gecko) Chrome/53.0.2785.8 Safari/537.36 OPR/40.0.2301.0 (Edition developer)"
178.191.107.114 - - [06/Oct/2016:15:57:02 +0200] "GET /gui/images/icons/disabled_view_grid.gif HTTP/1.1" 200 399 "-" "Mozilla/5.0 (X11; Linux x86_64) AppleWebKit/537.36 (KHTML, like Gecko) Chrome/53.0.2785.8 Safari/537.36 OPR/40.0.2301.0 (Edition developer)"
178.191.107.114 - - [06/Oct/2016:15:57:02 +0200] "GET /entry.php?id=10778&form=10547&name=list& HTTP/1.1" 200 3019 "-" "Mozilla/5.0 (X11; Linux x86_64) AppleWebKit/537.36 (KHTML, like Gecko) Chrome/53.0.2785.8 Safari/537.36 OPR/40.0.2301.0 (Edition developer)"
178.191.107.114 - - [06/Oct/2016:15:57:06 +0200] "POST /entry.php?id=11666 HTTP/1.1" 200 3644 "-" "Mozilla/5.0 (X11; Linux x86_64) AppleWebKit/537.36 (KHTML, like Gecko) Chrome/53.0.2785.8 Safari/537.36 OPR/40.0.2301.0 (Edition developer)"
178.191.107.114 - - [06/Oct/2016:15:57:07 +0200] "GET /gui/javascript/form_form.js?1475762227 HTTP/1.1" 200 16206 "-" "Mozilla/5.0 (X11; Linux x86_64) AppleWebKit/537.36 (KHTML, like Gecko) Chrome/53.0.2785.8 Safari/537.36 OPR/40.0.2301.0 (Edition developer)"
178.191.107.114 - - [06/Oct/2016:15:57:23 +0200] "POST /entry.php?id=11666 HTTP/1.1" 200 3743 "-" "Mozilla/5.0 (X11; Linux x86_64) AppleWebKit/537.36 (KHTML, like Gecko) Chrome/53.0.2785.8 Safari/537.36 OPR/40.0.2301.0 (Edition developer)"
178.191.107.114 - - [06/Oct/2016:15:57:24 +0200] "GET /gui/javascript/form_form.js?1475762244 HTTP/1.1" 200 16206 "-" "Mozilla/5.0 (X11; Linux x86_64) AppleWebKit/537.36 (KHTML, like Gecko) Chrome/53.0.2785.8 Safari/537.36 OPR/40.0.2301.0 (Edition developer)"
188.20.126.106 - - [06/Oct/2016:15:57:35 +0200] "GET /entry.php?id=10271&&ser=762195 HTTP/1.1" 200 988 "http://easydrivers.activities.at/entry.php?id=10271&&ser=762134" "Mozilla/5.0 (Windows NT 6.1; WOW64; rv:49.0) Gecko/20100101 Firefox/49.0"
188.20.126.106 - - [06/Oct/2016:15:57:35 +0200] "GET /gui/javascript/form_form.js?1475762255 HTTP/1.1" 200 16206 "http://easydrivers.activities.at/entry.php?id=10271&&ser=762195" "Mozilla/5.0 (Windows NT 6.1; WOW64; rv:49.0) Gecko/20100101 Firefox/49.0"
178.191.107.114 - - [06/Oct/2016:15:57:35 +0200] "GET /entry.php?id=10287&login=1 HTTP/1.1" 200 2222 "-" "Mozilla/5.0 (X11; Linux x86_64) AppleWebKit/537.36 (KHTML, like Gecko) Chrome/53.0.2785.8 Safari/537.36 OPR/40.0.2301.0 (Edition developer)"
178.191.107.114 - - [06/Oct/2016:15:57:36 +0200] "GET /gui/javascript/form_form.js?1475762256 HTTP/1.1" 200 16206 "-" "Mozilla/5.0 (X11; Linux x86_64) AppleWebKit/537.36 (KHTML, like Gecko) Chrome/53.0.2785.8 Safari/537.36 OPR/40.0.2301.0 (Edition developer)"
178.191.107.114 - - [06/Oct/2016:15:57:37 +0200] "POST /entry.php?id=10287& HTTP/1.1" 200 2436 "-" "Mozilla/5.0 (X11; Linux x86_64) AppleWebKit/537.36 (KHTML, like Gecko) Chrome/53.0.2785.8 Safari/537.36 OPR/40.0.2301.0 (Edition developer)"
178.191.107.114 - - [06/Oct/2016:15:57:37 +0200] "GET /gui/javascript/form_form.js?1475762257 HTTP/1.1" 200 16206 "-" "Mozilla/5.0 (X11; Linux x86_64) AppleWebKit/537.36 (KHTML, like Gecko) Chrome/53.0.2785.8 Safari/537.36 OPR/40.0.2301.0 (Edition developer)"
178.191.107.114 - - [06/Oct/2016:15:57:38 +0200] "GET /entry.php?id=10270& HTTP/1.1" 200 909 "-" "Mozilla/5.0 (X11; Linux x86_64) AppleWebKit/537.36 (KHTML, like Gecko) Chrome/53.0.2785.8 Safari/537.36 OPR/40.0.2301.0 (Edition developer)"
178.191.107.114 - - [06/Oct/2016:15:57:38 +0200] "GET /entry.php?id=10273&logout=true& HTTP/1.1" 200 1913 "-" "Mozilla/5.0 (X11; Linux x86_64) AppleWebKit/537.36 (KHTML, like Gecko) Chrome/53.0.2785.8 Safari/537.36 OPR/40.0.2301.0 (Edition developer)"
178.191.107.114 - - [06/Oct/2016:15:57:38 +0200] "GET /gui/javascript/form_form.js?1475762258 HTTP/1.1" 200 16206 "-" "Mozilla/5.0 (X11; Linux x86_64) AppleWebKit/537.36 (KHTML, like Gecko) Chrome/53.0.2785.8 Safari/537.36 OPR/40.0.2301.0 (Edition developer)"
80.123.94.70 - - [06/Oct/2016:15:57:54 +0200] "GET /entry.php?id=11679 HTTP/1.1" 200 312 "http://ed.activities.at/entry.php?id=10270&__app__=10006038" "Mozilla/5.0 (Windows NT 10.0; WOW64; rv:48.0) Gecko/20100101 Firefox/48.0"
80.123.94.70 - - [06/Oct/2016:15:57:54 +0200] "GET /entry.php?id=11678& HTTP/1.1" 200 3388 "http://ed.activities.at/entry.php?id=11679" "Mozilla/5.0 (Windows NT 10.0; WOW64; rv:48.0) Gecko/20100101 Firefox/48.0"
80.123.94.70 - - [06/Oct/2016:15:57:54 +0200] "GET /activities/framework/KoolControls/KoolAjax/koolajax.php?8436e354c842500aba3cbaf0584c0c24 HTTP/1.1" 200 4079 "http://ed.activities.at/entry.php?id=11678&" "Mozilla/5.0 (Windows NT 10.0; WOW64; rv:48.0) Gecko/20100101 Firefox/48.0"
80.123.94.70 - - [06/Oct/2016:15:57:54 +0200] "GET /gui/javascript/form_form.js?1475762274 HTTP/1.1" 200 16206 "http://ed.activities.at/entry.php?id=11678&" "Mozilla/5.0 (Windows NT 10.0; WOW64; rv:48.0) Gecko/20100101 Firefox/48.0"
80.123.94.70 - - [06/Oct/2016:15:57:54 +0200] "GET /activities/framework/KoolControls/KoolTreeView/kooltreeview.php?c7cd9180e88ffef8e70f13526bb4f5f7 HTTP/1.1" 200 5055 "http://ed.activities.at/entry.php?id=11678&" "Mozilla/5.0 (Windows NT 10.0; WOW64; rv:48.0) Gecko/20100101 Firefox/48.0"
80.123.94.70 - - [06/Oct/2016:15:57:54 +0200] "GET /entry.php?id=11677& HTTP/1.1" 200 4362 "http://ed.activities.at/entry.php?id=11679" "Mozilla/5.0 (Windows NT 10.0; WOW64; rv:48.0) Gecko/20100101 Firefox/48.0"
80.123.94.70 - - [06/Oct/2016:15:57:54 +0200] "GET /entry.php?id=10676&title=Portal& HTTP/1.1" 200 1387 "http://ed.activities.at/entry.php?id=11679" "Mozilla/5.0 (Windows NT 10.0; WOW64; rv:48.0) Gecko/20100101 Firefox/48.0"
80.123.94.70 - - [06/Oct/2016:15:57:55 +0200] "GET /gui/javascript/form_form.js?1475762275 HTTP/1.1" 200 16206 "http://ed.activities.at/entry.php?id=10676&title=Portal&" "Mozilla/5.0 (Windows NT 10.0; WOW64; rv:48.0) Gecko/20100101 Firefox/48.0"
80.123.94.70 - - [06/Oct/2016:15:57:55 +0200] "GET /entry.php?id=11618&&object=&item=&emu_class= HTTP/1.1" 200 1695 "http://ed.activities.at/entry.php?id=11677&" "Mozilla/5.0 (Windows NT 10.0; WOW64; rv:48.0) Gecko/20100101 Firefox/48.0"
188.20.126.106 - - [06/Oct/2016:15:57:57 +0200] "POST /entry.php?id=11671 HTTP/1.1" 200 5004 "http://easydrivers.activities.at/entry.php?id=11671" "Mozilla/5.0 (Windows NT 6.1; WOW64; rv:49.0) Gecko/20100101 Firefox/49.0"
188.20.126.106 - - [06/Oct/2016:15:57:58 +0200] "GET /gui/javascript/form_form.js?1475762278 HTTP/1.1" 200 16206 "http://easydrivers.activities.at/entry.php?id=11671" "Mozilla/5.0 (Windows NT 6.1; WOW64; rv:49.0) Gecko/20100101 Firefox/49.0"
80.123.94.70 - - [06/Oct/2016:15:57:58 +0200] "GET /entry.php?id=10271&&ser=762218 HTTP/1.1" 200 987 "http://ed.activities.at/entry.php?id=10271&&ser=762157" "Mozilla/5.0 (Windows NT 10.0; WOW64; rv:48.0) Gecko/20100101 Firefox/48.0"
80.123.94.70 - - [06/Oct/2016:15:57:58 +0200] "GET /gui/javascript/form_form.js?1475762278 HTTP/1.1" 200 16206 "http://ed.activities.at/entry.php?id=10271&&ser=762218" "Mozilla/5.0 (Windows NT 10.0; WOW64; rv:48.0) Gecko/20100101 Firefox/48.0"
188.20.126.106 - - [06/Oct/2016:15:57:58 +0200] "GET /entry.php?id=10776&form=11496&name=list& HTTP/1.1" 200 1519 "http://easydrivers.activities.at/entry.php?id=11671" "Mozilla/5.0 (Windows NT 6.1; WOW64; rv:49.0) Gecko/20100101 Firefox/49.0"
188.20.126.106 - - [06/Oct/2016:15:57:58 +0200] "GET /entry.php?id=10778&form=11496&name=list& HTTP/1.1" 200 5764 "http://easydrivers.activities.at/entry.php?id=11671" "Mozilla/5.0 (Windows NT 6.1; WOW64; rv:49.0) Gecko/20100101 Firefox/49.0"
188.20.126.106 - - [06/Oct/2016:15:58:00 +0200] "POST /entry.php?id=11671 HTTP/1.1" 200 4808 "http://easydrivers.activities.at/entry.php?id=11671" "Mozilla/5.0 (Windows NT 6.1; WOW64; rv:49.0) Gecko/20100101 Firefox/49.0"
188.20.126.106 - - [06/Oct/2016:15:58:00 +0200] "GET /gui/javascript/form_form.js?1475762280 HTTP/1.1" 200 16206 "http://easydrivers.activities.at/entry.php?id=11671" "Mozilla/5.0 (Windows NT 6.1; WOW64; rv:49.0) Gecko/20100101 Firefox/49.0"
188.20.126.106 - - [06/Oct/2016:15:58:00 +0200] "GET /entry.php?id=10776&form=11496&name=list& HTTP/1.1" 200 1519 "http://easydrivers.activities.at/entry.php?id=11671" "Mozilla/5.0 (Windows NT 6.1; WOW64; rv:49.0) Gecko/20100101 Firefox/49.0"
188.20.126.106 - - [06/Oct/2016:15:58:00 +0200] "GET /entry.php?id=10778&form=11496&name=list& HTTP/1.1" 200 5764 "http://easydrivers.activities.at/entry.php?id=11671" "Mozilla/5.0 (Windows NT 6.1; WOW64; rv:49.0) Gecko/20100101 Firefox/49.0"
80.123.94.70 - - [06/Oct/2016:15:58:01 +0200] "GET /entry.php?id=11679 HTTP/1.1" 200 312 "http://ed.activities.at/entry.php?id=10270&__app__=10006038" "Mozilla/5.0 (Windows NT 10.0; WOW64; rv:48.0) Gecko/20100101 Firefox/48.0"
80.123.94.70 - - [06/Oct/2016:15:58:02 +0200] "GET /entry.php?id=10676&title=Portal& HTTP/1.1" 200 1387 "http://ed.activities.at/entry.php?id=11679" "Mozilla/5.0 (Windows NT 10.0; WOW64; rv:48.0) Gecko/20100101 Firefox/48.0"
80.123.94.70 - - [06/Oct/2016:15:58:02 +0200] "GET /gui/javascript/form_form.js?1475762282 HTTP/1.1" 200 16206 "http://ed.activities.at/entry.php?id=10676&title=Portal&" "Mozilla/5.0 (Windows NT 10.0; WOW64; rv:48.0) Gecko/20100101 Firefox/48.0"
80.123.94.70 - - [06/Oct/2016:15:58:02 +0200] "GET /entry.php?id=11678& HTTP/1.1" 200 3389 "http://ed.activities.at/entry.php?id=11679" "Mozilla/5.0 (Windows NT 10.0; WOW64; rv:48.0) Gecko/20100101 Firefox/48.0"
80.123.94.70 - - [06/Oct/2016:15:58:02 +0200] "GET /activities/framework/KoolControls/KoolAjax/koolajax.php?8436e354c842500aba3cbaf0584c0c24 HTTP/1.1" 200 4079 "http://ed.activities.at/entry.php?id=11678&" "Mozilla/5.0 (Windows NT 10.0; WOW64; rv:48.0) Gecko/20100101 Firefox/48.0"
80.123.94.70 - - [06/Oct/2016:15:58:02 +0200] "GET /activities/framework/KoolControls/KoolTreeView/kooltreeview.php?c7cd9180e88ffef8e70f13526bb4f5f7 HTTP/1.1" 200 5055 "http://ed.activities.at/entry.php?id=11678&" "Mozilla/5.0 (Windows NT 10.0; WOW64; rv:48.0) Gecko/20100101 Firefox/48.0"
80.123.94.70 - - [06/Oct/2016:15:58:02 +0200] "GET /entry.php?id=11677& HTTP/1.1" 200 4360 "http://ed.activities.at/entry.php?id=11679" "Mozilla/5.0 (Windows NT 10.0; WOW64; rv:48.0) Gecko/20100101 Firefox/48.0"
80.123.94.70 - - [06/Oct/2016:15:58:03 +0200] "GET /entry.php?id=11618&&object=&item=&emu_class= HTTP/1.1" 200 1694 "http://ed.activities.at/entry.php?id=11677&" "Mozilla/5.0 (Windows NT 10.0; WOW64; rv:48.0) Gecko/20100101 Firefox/48.0"
80.123.94.70 - - [06/Oct/2016:15:58:03 +0200] "GET /gui/javascript/form_form.js?1475762283 HTTP/1.1" 200 16206 "http://ed.activities.at/entry.php?id=11618&&object=&item=&emu_class=" "Mozilla/5.0 (Windows NT 10.0; WOW64; rv:48.0) Gecko/20100101 Firefox/48.0"
80.123.94.70 - - [06/Oct/2016:15:58:04 +0200] "POST /entry.php?id=11677 HTTP/1.1" 200 4387 "http://ed.activities.at/entry.php?id=11677&" "Mozilla/5.0 (Windows NT 10.0; WOW64; rv:48.0) Gecko/20100101 Firefox/48.0"
80.123.94.70 - - [06/Oct/2016:15:58:04 +0200] "GET /gui/javascript/form_form.js?1475762284 HTTP/1.1" 200 16206 "http://ed.activities.at/entry.php?id=11677" "Mozilla/5.0 (Windows NT 10.0; WOW64; rv:48.0) Gecko/20100101 Firefox/48.0"
80.123.94.70 - - [06/Oct/2016:15:58:12 +0200] "POST /entry.php?id=11677 HTTP/1.1" 200 5094 "http://ed.activities.at/entry.php?id=11677" "Mozilla/5.0 (Windows NT 10.0; WOW64; rv:48.0) Gecko/20100101 Firefox/48.0"
80.123.94.70 - - [06/Oct/2016:15:58:12 +0200] "GET /gui/javascript/form_form.js?1475762292 HTTP/1.1" 200 16206 "http://ed.activities.at/entry.php?id=11677" "Mozilla/5.0 (Windows NT 10.0; WOW64; rv:48.0) Gecko/20100101 Firefox/48.0"
80.123.94.70 - - [06/Oct/2016:15:58:12 +0200] "GET /gui/images/icons/calendar.png HTTP/1.1" 304 - "http://ed.activities.at/entry.php?id=11677" "Mozilla/5.0 (Windows NT 10.0; WOW64; rv:48.0) Gecko/20100101 Firefox/48.0"
80.123.94.70 - - [06/Oct/2016:15:58:21 +0200] "GET /entry.php?id=11681 HTTP/1.1" 200 328 "http://ed.activities.at/entry.php?id=10270&__app__=10006038" "Mozilla/5.0 (Windows NT 10.0; WOW64; rv:48.0) Gecko/20100101 Firefox/48.0"
80.123.94.70 - - [06/Oct/2016:15:58:21 +0200] "GET /entry.php?id=10676&&title=Contentverwaltung HTTP/1.1" 200 1391 "http://ed.activities.at/entry.php?id=11681" "Mozilla/5.0 (Windows NT 10.0; WOW64; rv:48.0) Gecko/20100101 Firefox/48.0"
80.123.94.70 - - [06/Oct/2016:15:58:21 +0200] "GET /gui/javascript/form_form.js?1475762301 HTTP/1.1" 200 16206 "http://ed.activities.at/entry.php?id=10676&&title=Contentverwaltung" "Mozilla/5.0 (Windows NT 10.0; WOW64; rv:48.0) Gecko/20100101 Firefox/48.0"
80.123.94.70 - - [06/Oct/2016:15:58:21 +0200] "GET /entry.php?id=11683& HTTP/1.1" 200 2680 "http://ed.activities.at/entry.php?id=11681" "Mozilla/5.0 (Windows NT 10.0; WOW64; rv:48.0) Gecko/20100101 Firefox/48.0"
80.123.94.70 - - [06/Oct/2016:15:58:21 +0200] "GET /gui/javascript/form_ed_training_course.js HTTP/1.1" 304 - "http://ed.activities.at/entry.php?id=11683&" "Mozilla/5.0 (Windows NT 10.0; WOW64; rv:48.0) Gecko/20100101 Firefox/48.0"
80.123.94.70 - - [06/Oct/2016:15:58:21 +0200] "GET /entry.php?id=11684& HTTP/1.1" 200 3804 "http://ed.activities.at/entry.php?id=11681" "Mozilla/5.0 (Windows NT 10.0; WOW64; rv:48.0) Gecko/20100101 Firefox/48.0"
80.123.94.70 - - [06/Oct/2016:15:58:21 +0200] "GET /gui/images/icons/disabled_information.gif HTTP/1.1" 304 - "http://ed.activities.at/entry.php?id=11684&" "Mozilla/5.0 (Windows NT 10.0; WOW64; rv:48.0) Gecko/20100101 Firefox/48.0"
80.123.94.70 - - [06/Oct/2016:15:58:21 +0200] "GET /gui/images/icons/disabled_delete.gif HTTP/1.1" 304 - "http://ed.activities.at/entry.php?id=11684&" "Mozilla/5.0 (Windows NT 10.0; WOW64; rv:48.0) Gecko/20100101 Firefox/48.0"
80.123.94.70 - - [06/Oct/2016:15:58:21 +0200] "GET /entry.php?id=10776&form=11508&name=list& HTTP/1.1" 200 1894 "http://ed.activities.at/entry.php?id=11683&" "Mozilla/5.0 (Windows NT 10.0; WOW64; rv:48.0) Gecko/20100101 Firefox/48.0"
80.123.94.70 - - [06/Oct/2016:15:58:21 +0200] "GET /entry.php?id=10778&form=11508&name=list& HTTP/1.1" 200 2974 "http://ed.activities.at/entry.php?id=11683&" "Mozilla/5.0 (Windows NT 10.0; WOW64; rv:48.0) Gecko/20100101 Firefox/48.0"
80.123.94.70 - - [06/Oct/2016:15:58:22 +0200] "GET /gui/images/icons/information.gif HTTP/1.1" 304 - "http://ed.activities.at/entry.php?id=10776&form=11508&name=list&" "Mozilla/5.0 (Windows NT 10.0; WOW64; rv:48.0) Gecko/20100101 Firefox/48.0"
80.123.94.70 - - [06/Oct/2016:15:58:23 +0200] "POST /entry.php?id=11684 HTTP/1.1" 200 3972 "http://ed.activities.at/entry.php?id=11684&" "Mozilla/5.0 (Windows NT 10.0; WOW64; rv:48.0) Gecko/20100101 Firefox/48.0"
80.123.94.70 - - [06/Oct/2016:15:58:24 +0200] "GET /gui/javascript/form_form.js?1475762304 HTTP/1.1" 200 16206 "http://ed.activities.at/entry.php?id=11684" "Mozilla/5.0 (Windows NT 10.0; WOW64; rv:48.0) Gecko/20100101 Firefox/48.0"
80.123.94.70 - - [06/Oct/2016:15:58:25 +0200] "POST /entry.php?id=11684 HTTP/1.1" 200 3423 "http://ed.activities.at/entry.php?id=11684" "Mozilla/5.0 (Windows NT 10.0; WOW64; rv:48.0) Gecko/20100101 Firefox/48.0"
80.123.94.70 - - [06/Oct/2016:15:58:26 +0200] "GET /framework/webfx/javascript/tinymce/tinymce.min.js HTTP/1.1" 304 - "http://ed.activities.at/entry.php?id=11684" "Mozilla/5.0 (Windows NT 10.0; WOW64; rv:48.0) Gecko/20100101 Firefox/48.0"
80.123.94.70 - - [06/Oct/2016:15:58:26 +0200] "GET /framework/webfx/javascript/tinymce/tinyEdit.js HTTP/1.1" 304 - "http://ed.activities.at/entry.php?id=11684" "Mozilla/5.0 (Windows NT 10.0; WOW64; rv:48.0) Gecko/20100101 Firefox/48.0"
80.123.94.70 - - [06/Oct/2016:15:58:26 +0200] "GET /gui/javascript/form_form.js?1475762305 HTTP/1.1" 200 16206 "http://ed.activities.at/entry.php?id=11684" "Mozilla/5.0 (Windows NT 10.0; WOW64; rv:48.0) Gecko/20100101 Firefox/48.0"
80.123.94.70 - - [06/Oct/2016:15:58:26 +0200] "GET /framework/webfx/javascript/tinymce/langs/de.js HTTP/1.1" 304 - "http://ed.activities.at/entry.php?id=11684" "Mozilla/5.0 (Windows NT 10.0; WOW64; rv:48.0) Gecko/20100101 Firefox/48.0"
80.123.94.70 - - [06/Oct/2016:15:58:26 +0200] "GET /framework/webfx/javascript/tinymce/themes/modern/theme.min.js HTTP/1.1" 304 - "http://ed.activities.at/entry.php?id=11684" "Mozilla/5.0 (Windows NT 10.0; WOW64; rv:48.0) Gecko/20100101 Firefox/48.0"
80.123.94.70 - - [06/Oct/2016:15:58:26 +0200] "GET /framework/webfx/javascript/tinymce/plugins/advlist/plugin.min.js HTTP/1.1" 304 - "http://ed.activities.at/entry.php?id=11684" "Mozilla/5.0 (Windows NT 10.0; WOW64; rv:48.0) Gecko/20100101 Firefox/48.0"
80.123.94.70 - - [06/Oct/2016:15:58:26 +0200] "GET /framework/webfx/javascript/tinymce/plugins/lists/plugin.min.js HTTP/1.1" 304 - "http://ed.activities.at/entry.php?id=11684" "Mozilla/5.0 (Windows NT 10.0; WOW64; rv:48.0) Gecko/20100101 Firefox/48.0"
80.123.94.70 - - [06/Oct/2016:15:58:26 +0200] "GET /framework/webfx/javascript/tinymce/plugins/preview/plugin.min.js HTTP/1.1" 304 - "http://ed.activities.at/entry.php?id=11684" "Mozilla/5.0 (Windows NT 10.0; WOW64; rv:48.0) Gecko/20100101 Firefox/48.0"
80.123.94.70 - - [06/Oct/2016:15:58:26 +0200] "GET /framework/webfx/javascript/tinymce/plugins/hr/plugin.min.js HTTP/1.1" 304 - "http://ed.activities.at/entry.php?id=11684" "Mozilla/5.0 (Windows NT 10.0; WOW64; rv:48.0) Gecko/20100101 Firefox/48.0"
80.123.94.70 - - [06/Oct/2016:15:58:26 +0200] "GET /framework/webfx/javascript/tinymce/plugins/anchor/plugin.min.js HTTP/1.1" 304 - "http://ed.activities.at/entry.php?id=11684" "Mozilla/5.0 (Windows NT 10.0; WOW64; rv:48.0) Gecko/20100101 Firefox/48.0"
80.123.94.70 - - [06/Oct/2016:15:58:26 +0200] "GET /framework/webfx/javascript/tinymce/plugins/pagebreak/plugin.min.js HTTP/1.1" 304 - "http://ed.activities.at/entry.php?id=11684" "Mozilla/5.0 (Windows NT 10.0; WOW64; rv:48.0) Gecko/20100101 Firefox/48.0"
80.123.94.70 - - [06/Oct/2016:15:58:26 +0200] "GET /framework/webfx/javascript/tinymce/plugins/searchreplace/plugin.min.js HTTP/1.1" 304 - "http://ed.activities.at/entry.php?id=11684" "Mozilla/5.0 (Windows NT 10.0; WOW64; rv:48.0) Gecko/20100101 Firefox/48.0"
80.123.94.70 - - [06/Oct/2016:15:58:26 +0200] "GET /framework/webfx/javascript/tinymce/plugins/wordcount/plugin.min.js HTTP/1.1" 304 - "http://ed.activities.at/entry.php?id=11684" "Mozilla/5.0 (Windows NT 10.0; WOW64; rv:48.0) Gecko/20100101 Firefox/48.0"
80.123.94.70 - - [06/Oct/2016:15:58:26 +0200] "GET /framework/webfx/javascript/tinymce/plugins/visualblocks/plugin.min.js HTTP/1.1" 304 - "http://ed.activities.at/entry.php?id=11684" "Mozilla/5.0 (Windows NT 10.0; WOW64; rv:48.0) Gecko/20100101 Firefox/48.0"
80.123.94.70 - - [06/Oct/2016:15:58:26 +0200] "GET /framework/webfx/javascript/tinymce/plugins/visualchars/plugin.min.js HTTP/1.1" 304 - "http://ed.activities.at/entry.php?id=11684" "Mozilla/5.0 (Windows NT 10.0; WOW64; rv:48.0) Gecko/20100101 Firefox/48.0"
80.123.94.70 - - [06/Oct/2016:15:58:26 +0200] "GET /framework/webfx/javascript/tinymce/plugins/nonbreaking/plugin.min.js HTTP/1.1" 304 - "http://ed.activities.at/entry.php?id=11684" "Mozilla/5.0 (Windows NT 10.0; WOW64; rv:48.0) Gecko/20100101 Firefox/48.0"
80.123.94.70 - - [06/Oct/2016:15:58:26 +0200] "GET /framework/webfx/javascript/tinymce/plugins/contextmenu/plugin.min.js HTTP/1.1" 304 - "http://ed.activities.at/entry.php?id=11684" "Mozilla/5.0 (Windows NT 10.0; WOW64; rv:48.0) Gecko/20100101 Firefox/48.0"
80.123.94.70 - - [06/Oct/2016:15:58:26 +0200] "GET /framework/webfx/javascript/tinymce/plugins/template/plugin.min.js HTTP/1.1" 304 - "http://ed.activities.at/entry.php?id=11684" "Mozilla/5.0 (Windows NT 10.0; WOW64; rv:48.0) Gecko/20100101 Firefox/48.0"
80.123.94.70 - - [06/Oct/2016:15:58:26 +0200] "GET /framework/webfx/javascript/tinymce/plugins/textcolor/plugin.min.js HTTP/1.1" 304 - "http://ed.activities.at/entry.php?id=11684" "Mozilla/5.0 (Windows NT 10.0; WOW64; rv:48.0) Gecko/20100101 Firefox/48.0"
80.123.94.70 - - [06/Oct/2016:15:58:26 +0200] "GET /framework/webfx/javascript/tinymce/plugins/colorpicker/plugin.min.js HTTP/1.1" 304 - "http://ed.activities.at/entry.php?id=11684" "Mozilla/5.0 (Windows NT 10.0; WOW64; rv:48.0) Gecko/20100101 Firefox/48.0"
80.123.94.70 - - [06/Oct/2016:15:58:26 +0200] "GET /framework/webfx/javascript/tinymce/plugins/paste/plugin.min.js HTTP/1.1" 304 - "http://ed.activities.at/entry.php?id=11684" "Mozilla/5.0 (Windows NT 10.0; WOW64; rv:48.0) Gecko/20100101 Firefox/48.0"
80.123.94.70 - - [06/Oct/2016:15:58:26 +0200] "GET /framework/webfx/javascript/tinymce/plugins/image/plugin.min.js HTTP/1.1" 304 - "http://ed.activities.at/entry.php?id=11684" "Mozilla/5.0 (Windows NT 10.0; WOW64; rv:48.0) Gecko/20100101 Firefox/48.0"
80.123.94.70 - - [06/Oct/2016:15:58:26 +0200] "GET /framework/webfx/javascript/tinymce/plugins/link/plugin.min.js HTTP/1.1" 304 - "http://ed.activities.at/entry.php?id=11684" "Mozilla/5.0 (Windows NT 10.0; WOW64; rv:48.0) Gecko/20100101 Firefox/48.0"
80.123.94.70 - - [06/Oct/2016:15:58:26 +0200] "GET /framework/webfx/javascript/tinymce/skins/lightgray/skin.min.css HTTP/1.1" 304 - "http://ed.activities.at/entry.php?id=11684" "Mozilla/5.0 (Windows NT 10.0; WOW64; rv:48.0) Gecko/20100101 Firefox/48.0"
80.123.94.70 - - [06/Oct/2016:15:58:26 +0200] "GET /framework/webfx/javascript/tinymce/skins/lightgray/content.min.css HTTP/1.1" 404 327 "http://ed.activities.at/entry.php?id=11684" "Mozilla/5.0 (Windows NT 10.0; WOW64; rv:48.0) Gecko/20100101 Firefox/48.0"
80.123.94.70 - - [06/Oct/2016:15:58:26 +0200] "GET /framework/webfx/javascript/tinymce/skins/lightgray/fonts/tinymce-small.woff HTTP/1.1" 304 - "http://ed.activities.at/framework/webfx/javascript/tinymce/skins/lightgray/skin.min.css" "Mozilla/5.0 (Windows NT 10.0; WOW64; rv:48.0) Gecko/20100101 Firefox/48.0"
80.123.94.70 - - [06/Oct/2016:15:58:26 +0200] "GET /binaries/easy-drivers-ybbs/biancajpg.jpg HTTP/1.1" 200 210407 "http://ed.activities.at/entry.php?id=11684" "Mozilla/5.0 (Windows NT 10.0; WOW64; rv:48.0) Gecko/20100101 Firefox/48.0"
80.123.94.70 - - [06/Oct/2016:15:58:26 +0200] "GET /binaries/easy-drivers-ybbs/ybbs-gerlinde-mader-3jpg.jpg HTTP/1.1" 200 306633 "http://ed.activities.at/entry.php?id=11684" "Mozilla/5.0 (Windows NT 10.0; WOW64; rv:48.0) Gecko/20100101 Firefox/48.0"
188.20.126.106 - - [06/Oct/2016:15:58:26 +0200] "POST /entry.php?id=11671 HTTP/1.1" 200 4997 "http://easydrivers.activities.at/entry.php?id=11671" "Mozilla/5.0 (Windows NT 6.1; WOW64; rv:49.0) Gecko/20100101 Firefox/49.0"
188.20.126.106 - - [06/Oct/2016:15:58:27 +0200] "GET /gui/javascript/form_form.js?1475762307 HTTP/1.1" 200 16206 "http://easydrivers.activities.at/entry.php?id=11671" "Mozilla/5.0 (Windows NT 6.1; WOW64; rv:49.0) Gecko/20100101 Firefox/49.0"
188.20.126.106 - - [06/Oct/2016:15:58:27 +0200] "GET /entry.php?id=10778&form=11496&name=list& HTTP/1.1" 200 5764 "http://easydrivers.activities.at/entry.php?id=11671" "Mozilla/5.0 (Windows NT 6.1; WOW64; rv:49.0) Gecko/20100101 Firefox/49.0"
188.20.126.106 - - [06/Oct/2016:15:58:27 +0200] "GET /entry.php?id=10776&form=11496&name=list& HTTP/1.1" 200 1519 "http://easydrivers.activities.at/entry.php?id=11671" "Mozilla/5.0 (Windows NT 6.1; WOW64; rv:49.0) Gecko/20100101 Firefox/49.0"
188.20.126.106 - - [06/Oct/2016:15:58:28 +0200] "POST /entry.php?id=11671 HTTP/1.1" 200 4809 "http://easydrivers.activities.at/entry.php?id=11671" "Mozilla/5.0 (Windows NT 6.1; WOW64; rv:49.0) Gecko/20100101 Firefox/49.0"
188.20.126.106 - - [06/Oct/2016:15:58:29 +0200] "GET /gui/javascript/form_form.js?1475762309 HTTP/1.1" 200 16206 "http://easydrivers.activities.at/entry.php?id=11671" "Mozilla/5.0 (Windows NT 6.1; WOW64; rv:49.0) Gecko/20100101 Firefox/49.0"
188.20.126.106 - - [06/Oct/2016:15:58:29 +0200] "GET /entry.php?id=10776&form=11496&name=list& HTTP/1.1" 200 1519 "http://easydrivers.activities.at/entry.php?id=11671" "Mozilla/5.0 (Windows NT 6.1; WOW64; rv:49.0) Gecko/20100101 Firefox/49.0"
188.20.126.106 - - [06/Oct/2016:15:58:29 +0200] "GET /entry.php?id=10778&form=11496&name=list& HTTP/1.1" 200 5764 "http://easydrivers.activities.at/entry.php?id=11671" "Mozilla/5.0 (Windows NT 6.1; WOW64; rv:49.0) Gecko/20100101 Firefox/49.0"
188.20.126.106 - - [06/Oct/2016:15:58:36 +0200] "GET /entry.php?id=10271&&ser=762255 HTTP/1.1" 200 987 "http://easydrivers.activities.at/entry.php?id=10271&&ser=762195" "Mozilla/5.0 (Windows NT 6.1; WOW64; rv:49.0) Gecko/20100101 Firefox/49.0"
188.20.126.106 - - [06/Oct/2016:15:58:36 +0200] "GET /gui/javascript/form_form.js?1475762316 HTTP/1.1" 200 16206 "http://easydrivers.activities.at/entry.php?id=10271&&ser=762255" "Mozilla/5.0 (Windows NT 6.1; WOW64; rv:49.0) Gecko/20100101 Firefox/49.0"
80.123.94.70 - - [06/Oct/2016:15:58:42 +0200] "POST /entry.php?id=11684 HTTP/1.1" 200 3761 "http://ed.activities.at/entry.php?id=11684" "Mozilla/5.0 (Windows NT 10.0; WOW64; rv:48.0) Gecko/20100101 Firefox/48.0"
80.123.94.70 - - [06/Oct/2016:15:58:42 +0200] "GET /gui/javascript/form_form.js?1475762322 HTTP/1.1" 200 16206 "http://ed.activities.at/entry.php?id=11684" "Mozilla/5.0 (Windows NT 10.0; WOW64; rv:48.0) Gecko/20100101 Firefox/48.0"
80.123.94.70 - - [06/Oct/2016:15:58:43 +0200] "GET /framework/webfx/javascript/tinymce/skins/lightgray/content.min.css HTTP/1.1" 404 327 "http://ed.activities.at/entry.php?id=11684" "Mozilla/5.0 (Windows NT 10.0; WOW64; rv:48.0) Gecko/20100101 Firefox/48.0"
80.123.94.70 - - [06/Oct/2016:15:58:44 +0200] "POST /entry.php?id=11684 HTTP/1.1" 200 3994 "http://ed.activities.at/entry.php?id=11684" "Mozilla/5.0 (Windows NT 10.0; WOW64; rv:48.0) Gecko/20100101 Firefox/48.0"
80.123.94.70 - - [06/Oct/2016:15:58:44 +0200] "GET /gui/javascript/form_form.js?1475762324 HTTP/1.1" 200 16206 "http://ed.activities.at/entry.php?id=11684" "Mozilla/5.0 (Windows NT 10.0; WOW64; rv:48.0) Gecko/20100101 Firefox/48.0"
80.123.94.70 - - [06/Oct/2016:15:58:46 +0200] "POST /entry.php?id=11684 HTTP/1.1" 200 4244 "http://ed.activities.at/entry.php?id=11684" "Mozilla/5.0 (Windows NT 10.0; WOW64; rv:48.0) Gecko/20100101 Firefox/48.0"
80.123.94.70 - - [06/Oct/2016:15:58:46 +0200] "GET /gui/javascript/form_form.js?1475762326 HTTP/1.1" 200 16206 "http://ed.activities.at/entry.php?id=11684" "Mozilla/5.0 (Windows NT 10.0; WOW64; rv:48.0) Gecko/20100101 Firefox/48.0"
80.123.94.70 - - [06/Oct/2016:15:58:58 +0200] "GET /entry.php?id=10271&&ser=762278 HTTP/1.1" 200 987 "http://ed.activities.at/entry.php?id=10271&&ser=762218" "Mozilla/5.0 (Windows NT 10.0; WOW64; rv:48.0) Gecko/20100101 Firefox/48.0"
80.123.94.70 - - [06/Oct/2016:15:58:59 +0200] "GET /gui/javascript/form_form.js?1475762338 HTTP/1.1" 200 16206 "http://ed.activities.at/entry.php?id=10271&&ser=762278" "Mozilla/5.0 (Windows NT 10.0; WOW64; rv:48.0) Gecko/20100101 Firefox/48.0"
188.20.126.106 - - [06/Oct/2016:15:59:09 +0200] "POST /entry.php?id=11671 HTTP/1.1" 200 4998 "http://easydrivers.activities.at/entry.php?id=11671" "Mozilla/5.0 (Windows NT 6.1; WOW64; rv:49.0) Gecko/20100101 Firefox/49.0"
188.20.126.106 - - [06/Oct/2016:15:59:10 +0200] "GET /gui/javascript/form_form.js?1475762350 HTTP/1.1" 200 16206 "http://easydrivers.activities.at/entry.php?id=11671" "Mozilla/5.0 (Windows NT 6.1; WOW64; rv:49.0) Gecko/20100101 Firefox/49.0"
188.20.126.106 - - [06/Oct/2016:15:59:10 +0200] "GET /entry.php?id=10776&form=11496&name=list& HTTP/1.1" 200 1519 "http://easydrivers.activities.at/entry.php?id=11671" "Mozilla/5.0 (Windows NT 6.1; WOW64; rv:49.0) Gecko/20100101 Firefox/49.0"
188.20.126.106 - - [06/Oct/2016:15:59:10 +0200] "GET /entry.php?id=10778&form=11496&name=list& HTTP/1.1" 200 5764 "http://easydrivers.activities.at/entry.php?id=11671" "Mozilla/5.0 (Windows NT 6.1; WOW64; rv:49.0) Gecko/20100101 Firefox/49.0"
80.123.94.70 - - [06/Oct/2016:15:59:14 +0200] "GET /entry.php?id=10287&login=1 HTTP/1.1" 200 2280 "http://ed.activities.at/entry.php?id=10273&" "Mozilla/5.0 (Windows NT 10.0; WOW64; rv:48.0) Gecko/20100101 Firefox/48.0"
80.123.94.70 - - [06/Oct/2016:15:59:14 +0200] "GET /gui/javascript/form_form.js?1475762354 HTTP/1.1" 200 16206 "http://ed.activities.at/entry.php?id=10287&login=1" "Mozilla/5.0 (Windows NT 10.0; WOW64; rv:48.0) Gecko/20100101 Firefox/48.0"
80.123.94.70 - - [06/Oct/2016:15:59:17 +0200] "POST /entry.php?id=10287& HTTP/1.1" 200 2361 "http://ed.activities.at/entry.php?id=10287&login=1" "Mozilla/5.0 (Windows NT 10.0; WOW64; rv:48.0) Gecko/20100101 Firefox/48.0"
80.123.94.70 - - [06/Oct/2016:15:59:17 +0200] "GET /gui/javascript/form_form.js?1475762357 HTTP/1.1" 200 16206 "http://ed.activities.at/entry.php?id=10287&" "Mozilla/5.0 (Windows NT 10.0; WOW64; rv:48.0) Gecko/20100101 Firefox/48.0"
80.123.94.70 - - [06/Oct/2016:15:59:18 +0200] "GET /entry.php?id=10271&&ser=762278 HTTP/1.1" 200 987 "http://ed.activities.at/entry.php?id=10271&&ser=762218" "Mozilla/5.0 (Windows NT 10.0; WOW64; rv:48.0) Gecko/20100101 Firefox/48.0"
188.20.126.106 - - [06/Oct/2016:15:59:17 +0200] "POST /entry.php?id=11671 HTTP/1.1" 200 4806 "http://easydrivers.activities.at/entry.php?id=11671" "Mozilla/5.0 (Windows NT 6.1; WOW64; rv:49.0) Gecko/20100101 Firefox/49.0"
80.123.94.70 - - [06/Oct/2016:15:59:18 +0200] "GET /gui/javascript/jquery/css/gui-themes/custom.min.css HTTP/1.1" 304 - "http://ed.activities.at/entry.php?id=10271&&ser=762278" "Mozilla/5.0 (Windows NT 10.0; WOW64; rv:48.0) Gecko/20100101 Firefox/48.0"
80.123.94.70 - - [06/Oct/2016:15:59:18 +0200] "GET /gui/javascript/jquery/css/gui-themes/ui.spinner.css HTTP/1.1" 304 - "http://ed.activities.at/entry.php?id=10271&&ser=762278" "Mozilla/5.0 (Windows NT 10.0; WOW64; rv:48.0) Gecko/20100101 Firefox/48.0"
80.123.94.70 - - [06/Oct/2016:15:59:18 +0200] "GET /gui/javascript/jquery/css/gui-themes/jquery.tooltip.css HTTP/1.1" 304 - "http://ed.activities.at/entry.php?id=10271&&ser=762278" "Mozilla/5.0 (Windows NT 10.0; WOW64; rv:48.0) Gecko/20100101 Firefox/48.0"
80.123.94.70 - - [06/Oct/2016:15:59:18 +0200] "GET /gui/styles/tmplDefault.css HTTP/1.1" 304 - "http://ed.activities.at/entry.php?id=10271&&ser=762278" "Mozilla/5.0 (Windows NT 10.0; WOW64; rv:48.0) Gecko/20100101 Firefox/48.0"
80.123.94.70 - - [06/Oct/2016:15:59:18 +0200] "GET /gui/javascript/jquery/js/jquery-1.8.2.js HTTP/1.1" 304 - "http://ed.activities.at/entry.php?id=10271&&ser=762278" "Mozilla/5.0 (Windows NT 10.0; WOW64; rv:48.0) Gecko/20100101 Firefox/48.0"
80.123.94.70 - - [06/Oct/2016:15:59:18 +0200] "GET /gui/javascript/jquery/js/jquery-ui-1.9.0.custom.min.js HTTP/1.1" 304 - "http://ed.activities.at/entry.php?id=10271&&ser=762278" "Mozilla/5.0 (Windows NT 10.0; WOW64; rv:48.0) Gecko/20100101 Firefox/48.0"
80.123.94.70 - - [06/Oct/2016:15:59:18 +0200] "GET /gui/javascript/jquery/jquery-tooltip/jquery.tooltip.min.js HTTP/1.1" 304 - "http://ed.activities.at/entry.php?id=10271&&ser=762278" "Mozilla/5.0 (Windows NT 10.0; WOW64; rv:48.0) Gecko/20100101 Firefox/48.0"
80.123.94.70 - - [06/Oct/2016:15:59:18 +0200] "GET /gui/javascript/form_form.js?1475762358 HTTP/1.1" 200 16206 "http://ed.activities.at/entry.php?id=10271&&ser=762278" "Mozilla/5.0 (Windows NT 10.0; WOW64; rv:48.0) Gecko/20100101 Firefox/48.0"
188.20.126.106 - - [06/Oct/2016:15:59:18 +0200] "GET /gui/javascript/form_form.js?1475762358 HTTP/1.1" 200 16206 "http://easydrivers.activities.at/entry.php?id=11671" "Mozilla/5.0 (Windows NT 6.1; WOW64; rv:49.0) Gecko/20100101 Firefox/49.0"
188.20.126.106 - - [06/Oct/2016:15:59:18 +0200] "GET /entry.php?id=10776&form=11496&name=list& HTTP/1.1" 200 1519 "http://easydrivers.activities.at/entry.php?id=11671" "Mozilla/5.0 (Windows NT 6.1; WOW64; rv:49.0) Gecko/20100101 Firefox/49.0"
188.20.126.106 - - [06/Oct/2016:15:59:18 +0200] "GET /entry.php?id=10778&form=11496&name=list& HTTP/1.1" 200 5764 "http://easydrivers.activities.at/entry.php?id=11671" "Mozilla/5.0 (Windows NT 6.1; WOW64; rv:49.0) Gecko/20100101 Firefox/49.0"
80.123.94.70 - - [06/Oct/2016:15:59:19 +0200] "GET /entry.php?id=11679 HTTP/1.1" 200 312 "http://ed.activities.at/entry.php?id=10270&__app__=10006038" "Mozilla/5.0 (Windows NT 10.0; WOW64; rv:48.0) Gecko/20100101 Firefox/48.0"
80.123.94.70 - - [06/Oct/2016:15:59:19 +0200] "GET /entry.php?id=10676&title=Portal& HTTP/1.1" 200 1388 "http://ed.activities.at/entry.php?id=11679" "Mozilla/5.0 (Windows NT 10.0; WOW64; rv:48.0) Gecko/20100101 Firefox/48.0"
80.123.94.70 - - [06/Oct/2016:15:59:19 +0200] "GET /gui/javascript/form_form.js?1475762359 HTTP/1.1" 200 16206 "http://ed.activities.at/entry.php?id=10676&title=Portal&" "Mozilla/5.0 (Windows NT 10.0; WOW64; rv:48.0) Gecko/20100101 Firefox/48.0"
80.123.94.70 - - [06/Oct/2016:15:59:19 +0200] "GET /entry.php?id=11677& HTTP/1.1" 200 4361 "http://ed.activities.at/entry.php?id=11679" "Mozilla/5.0 (Windows NT 10.0; WOW64; rv:48.0) Gecko/20100101 Firefox/48.0"
80.123.94.70 - - [06/Oct/2016:15:59:19 +0200] "GET /entry.php?id=11678& HTTP/1.1" 200 3401 "http://ed.activities.at/entry.php?id=11679" "Mozilla/5.0 (Windows NT 10.0; WOW64; rv:48.0) Gecko/20100101 Firefox/48.0"
80.123.94.70 - - [06/Oct/2016:15:59:19 +0200] "GET /entry.php?id=11618&&object=&item=&emu_class= HTTP/1.1" 200 1695 "http://ed.activities.at/entry.php?id=11677&" "Mozilla/5.0 (Windows NT 10.0; WOW64; rv:48.0) Gecko/20100101 Firefox/48.0"
80.123.94.70 - - [06/Oct/2016:15:59:20 +0200] "GET /entry.php?id=11681 HTTP/1.1" 200 328 "http://ed.activities.at/entry.php?id=10270&__app__=10006038" "Mozilla/5.0 (Windows NT 10.0; WOW64; rv:48.0) Gecko/20100101 Firefox/48.0"
80.123.94.70 - - [06/Oct/2016:15:59:20 +0200] "GET /entry.php?id=10676&&title=Contentverwaltung HTTP/1.1" 200 1392 "http://ed.activities.at/entry.php?id=11681" "Mozilla/5.0 (Windows NT 10.0; WOW64; rv:48.0) Gecko/20100101 Firefox/48.0"
80.123.94.70 - - [06/Oct/2016:15:59:20 +0200] "GET /gui/javascript/form_form.js?1475762360 HTTP/1.1" 200 16206 "http://ed.activities.at/entry.php?id=10676&&title=Contentverwaltung" "Mozilla/5.0 (Windows NT 10.0; WOW64; rv:48.0) Gecko/20100101 Firefox/48.0"
80.123.94.70 - - [06/Oct/2016:15:59:20 +0200] "GET /entry.php?id=11684& HTTP/1.1" 200 3805 "http://ed.activities.at/entry.php?id=11681" "Mozilla/5.0 (Windows NT 10.0; WOW64; rv:48.0) Gecko/20100101 Firefox/48.0"
80.123.94.70 - - [06/Oct/2016:15:59:20 +0200] "GET /entry.php?id=11683& HTTP/1.1" 200 2681 "http://ed.activities.at/entry.php?id=11681" "Mozilla/5.0 (Windows NT 10.0; WOW64; rv:48.0) Gecko/20100101 Firefox/48.0"
80.123.94.70 - - [06/Oct/2016:15:59:21 +0200] "GET /entry.php?id=10778&form=11508&name=list& HTTP/1.1" 200 2979 "http://ed.activities.at/entry.php?id=11683&" "Mozilla/5.0 (Windows NT 10.0; WOW64; rv:48.0) Gecko/20100101 Firefox/48.0"
80.123.94.70 - - [06/Oct/2016:15:59:21 +0200] "GET /entry.php?id=10776&form=11508&name=list& HTTP/1.1" 200 1894 "http://ed.activities.at/entry.php?id=11683&" "Mozilla/5.0 (Windows NT 10.0; WOW64; rv:48.0) Gecko/20100101 Firefox/48.0"
