90.146.3.54 - - [11/Oct/2016:15:42:10 +0200] "GET /gui/javascript/form_form.js?1476193330 HTTP/1.1" 200 16206 "http://ed.activities.at/entry.php?id=10271&&ser=193269" "Mozilla/5.0 (Windows NT 10.0; WOW64) AppleWebKit/537.36 (KHTML, like Gecko) Chrome/53.0.2785.143 Safari/537.36"
213.86.241.133 - - [11/Oct/2016:15:42:25 +0200] "POST /entry.php?id=11677 HTTP/1.1" 200 3212 "http://easydrivers.activities.at/entry.php?id=11677" "Mozilla/5.0 (Windows NT 10.0; Trident/7.0; rv:11.0) like Gecko"
213.86.241.133 - - [11/Oct/2016:15:42:26 +0200] "GET /gui/javascript/form_form.js?1476193346 HTTP/1.1" 200 16206 "http://easydrivers.activities.at/entry.php?id=11677" "Mozilla/5.0 (Windows NT 10.0; Trident/7.0; rv:11.0) like Gecko"
213.86.241.133 - - [11/Oct/2016:15:42:26 +0200] "GET /entry.php?id=10776&form=11502&name=list& HTTP/1.1" 200 1475 "http://easydrivers.activities.at/entry.php?id=11677" "Mozilla/5.0 (Windows NT 10.0; Trident/7.0; rv:11.0) like Gecko"
213.86.241.133 - - [11/Oct/2016:15:42:26 +0200] "GET /entry.php?id=10778&form=11502&name=list& HTTP/1.1" 200 3859 "http://easydrivers.activities.at/entry.php?id=11677" "Mozilla/5.0 (Windows NT 10.0; Trident/7.0; rv:11.0) like Gecko"
213.86.241.133 - - [11/Oct/2016:15:42:40 +0200] "GET /entry.php?id=11685&object=10230481&site=10201431&item=10222007 HTTP/1.1" 200 3609 "http://easydrivers.activities.at/entry.php?id=11412" "Mozilla/5.0 (Windows NT 10.0; Trident/7.0; rv:11.0) like Gecko"
213.86.241.133 - - [11/Oct/2016:15:42:40 +0200] "GET /gui/javascript/form_form.js?1476193360 HTTP/1.1" 200 16206 "http://easydrivers.activities.at/entry.php?id=11685&object=10230481&site=10201431&item=10222007" "Mozilla/5.0 (Windows NT 10.0; Trident/7.0; rv:11.0) like Gecko"
213.86.241.133 - - [11/Oct/2016:15:42:46 +0200] "GET /entry.php?id=10271&&ser=193305 HTTP/1.1" 200 988 "http://easydrivers.activities.at/entry.php?id=10271&&ser=193244" "Mozilla/5.0 (Windows NT 10.0; Trident/7.0; rv:11.0) like Gecko"
213.86.241.133 - - [11/Oct/2016:15:42:46 +0200] "GET /gui/javascript/form_form.js?1476193366 HTTP/1.1" 200 16206 "http://easydrivers.activities.at/entry.php?id=10271&&ser=193305" "Mozilla/5.0 (Windows NT 10.0; Trident/7.0; rv:11.0) like Gecko"
90.146.3.54 - - [11/Oct/2016:15:43:10 +0200] "GET /entry.php?id=10271&&ser=193329 HTTP/1.1" 200 987 "http://ed.activities.at/entry.php?id=10271&&ser=193269" "Mozilla/5.0 (Windows NT 10.0; WOW64) AppleWebKit/537.36 (KHTML, like Gecko) Chrome/53.0.2785.143 Safari/537.36"
90.146.3.54 - - [11/Oct/2016:15:43:10 +0200] "GET /gui/javascript/form_form.js?1476193390 HTTP/1.1" 200 16206 "http://ed.activities.at/entry.php?id=10271&&ser=193329" "Mozilla/5.0 (Windows NT 10.0; WOW64) AppleWebKit/537.36 (KHTML, like Gecko) Chrome/53.0.2785.143 Safari/537.36"
213.86.241.133 - - [11/Oct/2016:15:43:25 +0200] "GET /entry.php?id=10921&chooserview=addnewboxoffer&hidetitle=true HTTP/1.1" 200 350 "http://easydrivers.activities.at/entry.php?id=11412" "Mozilla/5.0 (Windows NT 10.0; Trident/7.0; rv:11.0) like Gecko"
213.86.241.133 - - [11/Oct/2016:15:43:25 +0200] "GET /entry.php?id=10918&&view=chooser&but=&object=&class=&tag=&value=&chooserview=addnewboxoffer&function=&setlist= HTTP/1.1" 200 2412 "http://easydrivers.activities.at/entry.php?id=10921&chooserview=addnewboxoffer&hidetitle=true" "Mozilla/5.0 (Windows NT 10.0; Trident/7.0; rv:11.0) like Gecko"
213.86.241.133 - - [11/Oct/2016:15:43:26 +0200] "GET /gui/javascript/form_form.js?1476193406 HTTP/1.1" 200 16206 "http://easydrivers.activities.at/entry.php?id=10918&&view=chooser&but=&object=&class=&tag=&value=&chooserview=addnewboxoffer&function=&setlist=" "Mozilla/5.0 (Windows NT 10.0; Trident/7.0; rv:11.0) like Gecko"
213.86.241.133 - - [11/Oct/2016:15:43:25 +0200] "GET /entry.php?id=10919&&view=chooser&but=&object=&class=&tag=&value=&chooserview=addnewboxoffer&function=&setlist= HTTP/1.1" 200 3281 "http://easydrivers.activities.at/entry.php?id=10921&chooserview=addnewboxoffer&hidetitle=true" "Mozilla/5.0 (Windows NT 10.0; Trident/7.0; rv:11.0) like Gecko"
213.86.241.133 - - [11/Oct/2016:15:43:26 +0200] "GET /entry.php?id=10776&form=10756&name=list& HTTP/1.1" 200 1460 "http://easydrivers.activities.at/entry.php?id=10918&&view=chooser&but=&object=&class=&tag=&value=&chooserview=addnewboxoffer&function=&setlist=" "Mozilla/5.0 (Windows NT 10.0; Trident/7.0; rv:11.0) like Gecko"
213.86.241.133 - - [11/Oct/2016:15:43:26 +0200] "GET /entry.php?id=10778&form=10756&name=list& HTTP/1.1" 200 2684 "http://easydrivers.activities.at/entry.php?id=10918&&view=chooser&but=&object=&class=&tag=&value=&chooserview=addnewboxoffer&function=&setlist=" "Mozilla/5.0 (Windows NT 10.0; Trident/7.0; rv:11.0) like Gecko"
213.86.241.133 - - [11/Oct/2016:15:43:39 +0200] "POST /entry.php?id=11677 HTTP/1.1" 200 4622 "http://easydrivers.activities.at/entry.php?id=11677" "Mozilla/5.0 (Windows NT 10.0; Trident/7.0; rv:11.0) like Gecko"
213.86.241.133 - - [11/Oct/2016:15:43:40 +0200] "GET /gui/javascript/form_form.js?1476193420 HTTP/1.1" 200 16206 "http://easydrivers.activities.at/entry.php?id=11677" "Mozilla/5.0 (Windows NT 10.0; Trident/7.0; rv:11.0) like Gecko"
213.86.241.133 - - [11/Oct/2016:15:43:46 +0200] "GET /entry.php?id=10271&&ser=193366 HTTP/1.1" 200 987 "http://easydrivers.activities.at/entry.php?id=10271&&ser=193305" "Mozilla/5.0 (Windows NT 10.0; Trident/7.0; rv:11.0) like Gecko"
213.86.241.133 - - [11/Oct/2016:15:43:47 +0200] "GET /gui/javascript/form_form.js?1476193426 HTTP/1.1" 200 16206 "http://easydrivers.activities.at/entry.php?id=10271&&ser=193366" "Mozilla/5.0 (Windows NT 10.0; Trident/7.0; rv:11.0) like Gecko"
213.86.241.133 - - [11/Oct/2016:15:43:58 +0200] "POST /entry.php?id=11677 HTTP/1.1" 200 3212 "http://easydrivers.activities.at/entry.php?id=11677" "Mozilla/5.0 (Windows NT 10.0; Trident/7.0; rv:11.0) like Gecko"
213.86.241.133 - - [11/Oct/2016:15:43:58 +0200] "GET /gui/javascript/form_form.js?1476193438 HTTP/1.1" 200 16206 "http://easydrivers.activities.at/entry.php?id=11677" "Mozilla/5.0 (Windows NT 10.0; Trident/7.0; rv:11.0) like Gecko"
213.86.241.133 - - [11/Oct/2016:15:43:59 +0200] "GET /entry.php?id=10776&form=11502&name=list& HTTP/1.1" 200 1475 "http://easydrivers.activities.at/entry.php?id=11677" "Mozilla/5.0 (Windows NT 10.0; Trident/7.0; rv:11.0) like Gecko"
213.86.241.133 - - [11/Oct/2016:15:43:59 +0200] "GET /entry.php?id=10778&form=11502&name=list& HTTP/1.1" 200 3859 "http://easydrivers.activities.at/entry.php?id=11677" "Mozilla/5.0 (Windows NT 10.0; Trident/7.0; rv:11.0) like Gecko"
90.146.3.54 - - [11/Oct/2016:15:44:11 +0200] "GET /entry.php?id=10271&&ser=193390 HTTP/1.1" 200 987 "http://ed.activities.at/entry.php?id=10271&&ser=193329" "Mozilla/5.0 (Windows NT 10.0; WOW64) AppleWebKit/537.36 (KHTML, like Gecko) Chrome/53.0.2785.143 Safari/537.36"
90.146.3.54 - - [11/Oct/2016:15:44:11 +0200] "GET /gui/javascript/form_form.js?1476193451 HTTP/1.1" 200 16206 "http://ed.activities.at/entry.php?id=10271&&ser=193390" "Mozilla/5.0 (Windows NT 10.0; WOW64) AppleWebKit/537.36 (KHTML, like Gecko) Chrome/53.0.2785.143 Safari/537.36"
213.86.241.133 - - [11/Oct/2016:15:44:24 +0200] "POST /entry.php?id=11677 HTTP/1.1" 200 5106 "http://easydrivers.activities.at/entry.php?id=11677" "Mozilla/5.0 (Windows NT 10.0; Trident/7.0; rv:11.0) like Gecko"
213.86.241.133 - - [11/Oct/2016:15:44:25 +0200] "GET /gui/javascript/form_form.js?1476193465 HTTP/1.1" 200 16206 "http://easydrivers.activities.at/entry.php?id=11677" "Mozilla/5.0 (Windows NT 10.0; Trident/7.0; rv:11.0) like Gecko"
213.86.241.133 - - [11/Oct/2016:15:44:48 +0200] "GET /entry.php?id=10271&&ser=193426 HTTP/1.1" 200 987 "http://easydrivers.activities.at/entry.php?id=10271&&ser=193366" "Mozilla/5.0 (Windows NT 10.0; Trident/7.0; rv:11.0) like Gecko"
213.86.241.133 - - [11/Oct/2016:15:44:48 +0200] "GET /gui/javascript/form_form.js?1476193488 HTTP/1.1" 200 16206 "http://easydrivers.activities.at/entry.php?id=10271&&ser=193426" "Mozilla/5.0 (Windows NT 10.0; Trident/7.0; rv:11.0) like Gecko"
90.146.3.54 - - [11/Oct/2016:15:45:12 +0200] "GET /entry.php?id=10271&&ser=193451 HTTP/1.1" 200 987 "http://ed.activities.at/entry.php?id=10271&&ser=193390" "Mozilla/5.0 (Windows NT 10.0; WOW64) AppleWebKit/537.36 (KHTML, like Gecko) Chrome/53.0.2785.143 Safari/537.36"
90.146.3.54 - - [11/Oct/2016:15:45:12 +0200] "GET /gui/javascript/form_form.js?1476193512 HTTP/1.1" 200 16206 "http://ed.activities.at/entry.php?id=10271&&ser=193451" "Mozilla/5.0 (Windows NT 10.0; WOW64) AppleWebKit/537.36 (KHTML, like Gecko) Chrome/53.0.2785.143 Safari/537.36"
213.86.241.133 - - [11/Oct/2016:15:45:13 +0200] "POST /entry.php?id=11677 HTTP/1.1" 200 4439 "http://easydrivers.activities.at/entry.php?id=11677" "Mozilla/5.0 (Windows NT 10.0; Trident/7.0; rv:11.0) like Gecko"
213.86.241.133 - - [11/Oct/2016:15:45:14 +0200] "GET /gui/javascript/form_form.js?1476193514 HTTP/1.1" 200 16206 "http://easydrivers.activities.at/entry.php?id=11677" "Mozilla/5.0 (Windows NT 10.0; Trident/7.0; rv:11.0) like Gecko"
213.86.241.133 - - [11/Oct/2016:15:45:24 +0200] "POST /entry.php?id=11677 HTTP/1.1" 200 5106 "http://easydrivers.activities.at/entry.php?id=11677" "Mozilla/5.0 (Windows NT 10.0; Trident/7.0; rv:11.0) like Gecko"
213.86.241.133 - - [11/Oct/2016:15:45:24 +0200] "GET /gui/javascript/form_form.js?1476193524 HTTP/1.1" 200 16206 "http://easydrivers.activities.at/entry.php?id=11677" "Mozilla/5.0 (Windows NT 10.0; Trident/7.0; rv:11.0) like Gecko"
213.86.241.133 - - [11/Oct/2016:15:45:31 +0200] "GET /entry.php?id=11681&chooserview=editnewmenueitem&hidetitle=true&object=10254670 HTTP/1.1" 200 348 "http://easydrivers.activities.at/entry.php?id=11412" "Mozilla/5.0 (Windows NT 10.0; Trident/7.0; rv:11.0) like Gecko"
213.86.241.133 - - [11/Oct/2016:15:45:32 +0200] "GET /entry.php?id=11683&chooserview=editnewmenueitem&object=10254670& HTTP/1.1" 200 2681 "http://easydrivers.activities.at/entry.php?id=11681&chooserview=editnewmenueitem&hidetitle=true&object=10254670" "Mozilla/5.0 (Windows NT 10.0; Trident/7.0; rv:11.0) like Gecko"
213.86.241.133 - - [11/Oct/2016:15:45:32 +0200] "GET /gui/javascript/form_form.js?1476193532 HTTP/1.1" 200 16206 "http://easydrivers.activities.at/entry.php?id=11683&chooserview=editnewmenueitem&object=10254670&" "Mozilla/5.0 (Windows NT 10.0; Trident/7.0; rv:11.0) like Gecko"
213.86.241.133 - - [11/Oct/2016:15:45:32 +0200] "GET /entry.php?id=11684&chooserview=editnewmenueitem&object=10254670& HTTP/1.1" 200 3959 "http://easydrivers.activities.at/entry.php?id=11681&chooserview=editnewmenueitem&hidetitle=true&object=10254670" "Mozilla/5.0 (Windows NT 10.0; Trident/7.0; rv:11.0) like Gecko"
213.86.241.133 - - [11/Oct/2016:15:45:32 +0200] "GET /entry.php?id=10776&form=11508&name=list& HTTP/1.1" 200 1807 "http://easydrivers.activities.at/entry.php?id=11683&chooserview=editnewmenueitem&object=10254670&" "Mozilla/5.0 (Windows NT 10.0; Trident/7.0; rv:11.0) like Gecko"
213.86.241.133 - - [11/Oct/2016:15:45:32 +0200] "GET /entry.php?id=10778&form=11508&name=list& HTTP/1.1" 200 3040 "http://easydrivers.activities.at/entry.php?id=11683&chooserview=editnewmenueitem&object=10254670&" "Mozilla/5.0 (Windows NT 10.0; Trident/7.0; rv:11.0) like Gecko"
213.86.241.133 - - [11/Oct/2016:15:45:42 +0200] "POST /entry.php?id=11684 HTTP/1.1" 200 3143 "http://easydrivers.activities.at/entry.php?id=11684&chooserview=editnewmenueitem&object=10254670&" "Mozilla/5.0 (Windows NT 10.0; Trident/7.0; rv:11.0) like Gecko"
213.86.241.133 - - [11/Oct/2016:15:45:42 +0200] "GET /gui/javascript/form_form.js?1476193542 HTTP/1.1" 200 16206 "http://easydrivers.activities.at/entry.php?id=11684" "Mozilla/5.0 (Windows NT 10.0; Trident/7.0; rv:11.0) like Gecko"
213.86.241.133 - - [11/Oct/2016:15:45:44 +0200] "GET /framework/webfx/javascript/tinymce/skins/lightgray/content.min.css HTTP/1.1" 404 331 "http://easydrivers.activities.at/entry.php?id=11684" "Mozilla/5.0 (Windows NT 10.0; Trident/7.0; rv:11.0) like Gecko"
213.86.241.133 - - [11/Oct/2016:15:45:49 +0200] "GET /entry.php?id=10271&&ser=193488 HTTP/1.1" 200 987 "http://easydrivers.activities.at/entry.php?id=10271&&ser=193426" "Mozilla/5.0 (Windows NT 10.0; Trident/7.0; rv:11.0) like Gecko"
213.86.241.133 - - [11/Oct/2016:15:45:49 +0200] "GET /gui/javascript/form_form.js?1476193549 HTTP/1.1" 200 16206 "http://easydrivers.activities.at/entry.php?id=10271&&ser=193488" "Mozilla/5.0 (Windows NT 10.0; Trident/7.0; rv:11.0) like Gecko"
213.86.241.133 - - [11/Oct/2016:15:45:54 +0200] "POST /entry.php?id=11684 HTTP/1.1" 200 3116 "http://easydrivers.activities.at/entry.php?id=11684" "Mozilla/5.0 (Windows NT 10.0; Trident/7.0; rv:11.0) like Gecko"
213.86.241.133 - - [11/Oct/2016:15:45:55 +0200] "GET /gui/javascript/form_form.js?1476193554 HTTP/1.1" 200 16206 "http://easydrivers.activities.at/entry.php?id=11684" "Mozilla/5.0 (Windows NT 10.0; Trident/7.0; rv:11.0) like Gecko"
213.86.241.133 - - [11/Oct/2016:15:45:55 +0200] "GET /entry.php?id=10778&form=11506&name=image_list& HTTP/1.1" 200 2502 "http://easydrivers.activities.at/entry.php?id=11684" "Mozilla/5.0 (Windows NT 10.0; Trident/7.0; rv:11.0) like Gecko"
213.86.241.133 - - [11/Oct/2016:15:45:55 +0200] "GET /entry.php?id=10776&form=11506&name=image_list& HTTP/1.1" 200 1538 "http://easydrivers.activities.at/entry.php?id=11684" "Mozilla/5.0 (Windows NT 10.0; Trident/7.0; rv:11.0) like Gecko"
213.86.241.133 - - [11/Oct/2016:15:45:58 +0200] "POST /entry.php?id=11684 HTTP/1.1" 200 3097 "http://easydrivers.activities.at/entry.php?id=11684" "Mozilla/5.0 (Windows NT 10.0; Trident/7.0; rv:11.0) like Gecko"
213.86.241.133 - - [11/Oct/2016:15:45:58 +0200] "GET /gui/javascript/form_form.js?1476193558 HTTP/1.1" 200 16206 "http://easydrivers.activities.at/entry.php?id=11684" "Mozilla/5.0 (Windows NT 10.0; Trident/7.0; rv:11.0) like Gecko"
213.86.241.133 - - [11/Oct/2016:15:45:59 +0200] "GET /entry.php?id=10778&form=11506&name=binarie_list& HTTP/1.1" 200 2495 "http://easydrivers.activities.at/entry.php?id=11684" "Mozilla/5.0 (Windows NT 10.0; Trident/7.0; rv:11.0) like Gecko"
213.86.241.133 - - [11/Oct/2016:15:45:59 +0200] "GET /entry.php?id=10776&form=11506&name=binarie_list& HTTP/1.1" 200 1529 "http://easydrivers.activities.at/entry.php?id=11684" "Mozilla/5.0 (Windows NT 10.0; Trident/7.0; rv:11.0) like Gecko"
213.86.241.133 - - [11/Oct/2016:15:46:04 +0200] "GET /entry.php?id=10711&object=10254671&chooserview=contetbinaries&view=contetbinaries HTTP/1.1" 200 1725 "-" "Mozilla/5.0 (Windows NT 10.0; Trident/7.0; rv:11.0) like Gecko"
213.86.241.133 - - [11/Oct/2016:15:46:05 +0200] "GET /gui/javascript/form_binary.js HTTP/1.1" 200 3410 "http://easydrivers.activities.at/entry.php?id=10711&object=10254671&chooserview=contetbinaries&view=contetbinaries" "Mozilla/5.0 (Windows NT 10.0; Trident/7.0; rv:11.0) like Gecko"
213.86.241.133 - - [11/Oct/2016:15:46:05 +0200] "GET /gui/javascript/form_form.js?1476193565 HTTP/1.1" 200 16206 "http://easydrivers.activities.at/entry.php?id=10711&object=10254671&chooserview=contetbinaries&view=contetbinaries" "Mozilla/5.0 (Windows NT 10.0; Trident/7.0; rv:11.0) like Gecko"
213.86.241.133 - - [11/Oct/2016:15:46:05 +0200] "GET /gui/javascript/jquery/js/ui.splitter.js HTTP/1.1" 200 3473 "http://easydrivers.activities.at/entry.php?id=10711&object=10254671&chooserview=contetbinaries&view=contetbinaries" "Mozilla/5.0 (Windows NT 10.0; Trident/7.0; rv:11.0) like Gecko"
213.86.241.133 - - [11/Oct/2016:15:46:05 +0200] "GET /entry.php?id=10676&title=Ressourcenverwaltung HTTP/1.1" 200 1396 "http://easydrivers.activities.at/entry.php?id=10711&object=10254671&chooserview=contetbinaries&view=contetbinaries" "Mozilla/5.0 (Windows NT 10.0; Trident/7.0; rv:11.0) like Gecko"
213.86.241.133 - - [11/Oct/2016:15:46:05 +0200] "GET /entry.php?id=10704&&but=&object=10254671&class=&tag=&value=&chooserview=contetbinaries&function=&setlist=&t_width=&t_height=&view=contetbinaries HTTP/1.1" 200 2952 "http://easydrivers.activities.at/entry.php?id=10711&object=10254671&chooserview=contetbinaries&view=contetbinaries" "Mozilla/5.0 (Windows NT 10.0; Trident/7.0; rv:11.0) like Gecko"
213.86.241.133 - - [11/Oct/2016:15:46:05 +0200] "GET /entry.php?id=10703&&but=&object=10254671&class=&tag=&value=&chooserview=contetbinaries&function=&setlist=&t_width=&t_height=&view=contetbinaries HTTP/1.1" 200 2540 "http://easydrivers.activities.at/entry.php?id=10711&object=10254671&chooserview=contetbinaries&view=contetbinaries" "Mozilla/5.0 (Windows NT 10.0; Trident/7.0; rv:11.0) like Gecko"
213.86.241.133 - - [11/Oct/2016:15:46:06 +0200] "GET /gui/javascript/form_form.js?1476193566 HTTP/1.1" 200 16206 "http://easydrivers.activities.at/entry.php?id=10703&&but=&object=10254671&class=&tag=&value=&chooserview=contetbinaries&function=&setlist=&t_width=&t_height=&view=contetbinaries" "Mozilla/5.0 (Windows NT 10.0; Trident/7.0; rv:11.0) like Gecko"
213.86.241.133 - - [11/Oct/2016:15:46:06 +0200] "GET /entry.php?id=10776&form=10549&name=list& HTTP/1.1" 200 1646 "http://easydrivers.activities.at/entry.php?id=10704&&but=&object=10254671&class=&tag=&value=&chooserview=contetbinaries&function=&setlist=&t_width=&t_height=&view=contetbinaries" "Mozilla/5.0 (Windows NT 10.0; Trident/7.0; rv:11.0) like Gecko"
213.86.241.133 - - [11/Oct/2016:15:46:06 +0200] "GET /entry.php?id=10778&form=10549&name=list& HTTP/1.1" 200 2813 "http://easydrivers.activities.at/entry.php?id=10704&&but=&object=10254671&class=&tag=&value=&chooserview=contetbinaries&function=&setlist=&t_width=&t_height=&view=contetbinaries" "Mozilla/5.0 (Windows NT 10.0; Trident/7.0; rv:11.0) like Gecko"
213.86.241.133 - - [11/Oct/2016:15:46:06 +0200] "GET /gui/images/icons/disabled_view_grid.gif HTTP/1.1" 200 399 "http://easydrivers.activities.at/entry.php?id=10776&form=10549&name=list&" "Mozilla/5.0 (Windows NT 10.0; Trident/7.0; rv:11.0) like Gecko"
213.86.241.133 - - [11/Oct/2016:15:46:06 +0200] "GET /entry.php?id=10776&form=10547&name=list& HTTP/1.1" 200 1290 "http://easydrivers.activities.at/entry.php?id=10703&&but=&object=10254671&class=&tag=&value=&chooserview=contetbinaries&function=&setlist=&t_width=&t_height=&view=contetbinaries" "Mozilla/5.0 (Windows NT 10.0; Trident/7.0; rv:11.0) like Gecko"
213.86.241.133 - - [11/Oct/2016:15:46:06 +0200] "GET /entry.php?id=10778&form=10547&name=list& HTTP/1.1" 200 3149 "http://easydrivers.activities.at/entry.php?id=10703&&but=&object=10254671&class=&tag=&value=&chooserview=contetbinaries&function=&setlist=&t_width=&t_height=&view=contetbinaries" "Mozilla/5.0 (Windows NT 10.0; Trident/7.0; rv:11.0) like Gecko"
90.146.3.54 - - [11/Oct/2016:15:46:13 +0200] "GET /entry.php?id=10271&&ser=193512 HTTP/1.1" 200 987 "http://ed.activities.at/entry.php?id=10271&&ser=193451" "Mozilla/5.0 (Windows NT 10.0; WOW64) AppleWebKit/537.36 (KHTML, like Gecko) Chrome/53.0.2785.143 Safari/537.36"
90.146.3.54 - - [11/Oct/2016:15:46:13 +0200] "GET /gui/javascript/form_form.js?1476193573 HTTP/1.1" 200 16206 "http://ed.activities.at/entry.php?id=10271&&ser=193512" "Mozilla/5.0 (Windows NT 10.0; WOW64) AppleWebKit/537.36 (KHTML, like Gecko) Chrome/53.0.2785.143 Safari/537.36"
213.86.241.133 - - [11/Oct/2016:15:46:32 +0200] "POST /entry.php?id=11684 HTTP/1.1" 200 3116 "http://easydrivers.activities.at/entry.php?id=11684" "Mozilla/5.0 (Windows NT 10.0; Trident/7.0; rv:11.0) like Gecko"
213.86.241.133 - - [11/Oct/2016:15:46:33 +0200] "GET /gui/javascript/form_form.js?1476193592 HTTP/1.1" 200 16206 "http://easydrivers.activities.at/entry.php?id=11684" "Mozilla/5.0 (Windows NT 10.0; Trident/7.0; rv:11.0) like Gecko"
213.86.241.133 - - [11/Oct/2016:15:46:33 +0200] "GET /entry.php?id=10776&form=11506&name=image_list& HTTP/1.1" 200 1538 "http://easydrivers.activities.at/entry.php?id=11684" "Mozilla/5.0 (Windows NT 10.0; Trident/7.0; rv:11.0) like Gecko"
213.86.241.133 - - [11/Oct/2016:15:46:33 +0200] "GET /entry.php?id=10778&form=11506&name=image_list& HTTP/1.1" 200 2502 "http://easydrivers.activities.at/entry.php?id=11684" "Mozilla/5.0 (Windows NT 10.0; Trident/7.0; rv:11.0) like Gecko"
213.86.241.133 - - [11/Oct/2016:15:46:38 +0200] "POST /entry.php?id=11684 HTTP/1.1" 200 3143 "http://easydrivers.activities.at/entry.php?id=11684" "Mozilla/5.0 (Windows NT 10.0; Trident/7.0; rv:11.0) like Gecko"
213.86.241.133 - - [11/Oct/2016:15:46:38 +0200] "GET /gui/javascript/form_form.js?1476193598 HTTP/1.1" 200 16206 "http://easydrivers.activities.at/entry.php?id=11684" "Mozilla/5.0 (Windows NT 10.0; Trident/7.0; rv:11.0) like Gecko"
213.86.241.133 - - [11/Oct/2016:15:46:40 +0200] "GET /framework/webfx/javascript/tinymce/skins/lightgray/content.min.css HTTP/1.1" 404 331 "http://easydrivers.activities.at/entry.php?id=11684" "Mozilla/5.0 (Windows NT 10.0; Trident/7.0; rv:11.0) like Gecko"
213.86.241.133 - - [11/Oct/2016:15:46:42 +0200] "POST /entry.php?id=11684 HTTP/1.1" 200 3958 "http://easydrivers.activities.at/entry.php?id=11684" "Mozilla/5.0 (Windows NT 10.0; Trident/7.0; rv:11.0) like Gecko"
213.86.241.133 - - [11/Oct/2016:15:46:42 +0200] "GET /gui/javascript/form_form.js?1476193602 HTTP/1.1" 200 16206 "http://easydrivers.activities.at/entry.php?id=11684" "Mozilla/5.0 (Windows NT 10.0; Trident/7.0; rv:11.0) like Gecko"
213.86.241.133 - - [11/Oct/2016:15:46:49 +0200] "GET /entry.php?id=10271&&ser=193549 HTTP/1.1" 200 987 "http://easydrivers.activities.at/entry.php?id=10271&&ser=193488" "Mozilla/5.0 (Windows NT 10.0; Trident/7.0; rv:11.0) like Gecko"
213.86.241.133 - - [11/Oct/2016:15:46:50 +0200] "GET /gui/javascript/form_form.js?1476193610 HTTP/1.1" 200 16206 "http://easydrivers.activities.at/entry.php?id=10271&&ser=193549" "Mozilla/5.0 (Windows NT 10.0; Trident/7.0; rv:11.0) like Gecko"
213.86.241.133 - - [11/Oct/2016:15:47:05 +0200] "GET /entry.php?id=11681 HTTP/1.1" 200 328 "http://easydrivers.activities.at/entry.php?id=11412" "Mozilla/5.0 (Windows NT 10.0; Trident/7.0; rv:11.0) like Gecko"
213.86.241.133 - - [11/Oct/2016:15:47:05 +0200] "GET /entry.php?id=10676&&title=Contentverwaltung HTTP/1.1" 200 1392 "http://easydrivers.activities.at/entry.php?id=11681" "Mozilla/5.0 (Windows NT 10.0; Trident/7.0; rv:11.0) like Gecko"
213.86.241.133 - - [11/Oct/2016:15:47:05 +0200] "GET /gui/javascript/form_form.js?1476193625 HTTP/1.1" 200 16206 "http://easydrivers.activities.at/entry.php?id=10676&&title=Contentverwaltung" "Mozilla/5.0 (Windows NT 10.0; Trident/7.0; rv:11.0) like Gecko"
213.86.241.133 - - [11/Oct/2016:15:47:05 +0200] "GET /entry.php?id=11683& HTTP/1.1" 200 2681 "http://easydrivers.activities.at/entry.php?id=11681" "Mozilla/5.0 (Windows NT 10.0; Trident/7.0; rv:11.0) like Gecko"
213.86.241.133 - - [11/Oct/2016:15:47:05 +0200] "GET /entry.php?id=11684& HTTP/1.1" 200 3805 "http://easydrivers.activities.at/entry.php?id=11681" "Mozilla/5.0 (Windows NT 10.0; Trident/7.0; rv:11.0) like Gecko"
213.86.241.133 - - [11/Oct/2016:15:47:06 +0200] "GET /gui/javascript/form_form.js?1476193626 HTTP/1.1" 200 16206 "http://easydrivers.activities.at/entry.php?id=11684&" "Mozilla/5.0 (Windows NT 10.0; Trident/7.0; rv:11.0) like Gecko"
213.86.241.133 - - [11/Oct/2016:15:47:06 +0200] "GET /entry.php?id=10776&form=11508&name=list& HTTP/1.1" 200 1894 "http://easydrivers.activities.at/entry.php?id=11683&" "Mozilla/5.0 (Windows NT 10.0; Trident/7.0; rv:11.0) like Gecko"
213.86.241.133 - - [11/Oct/2016:15:47:06 +0200] "GET /entry.php?id=10778&form=11508&name=list& HTTP/1.1" 200 3093 "http://easydrivers.activities.at/entry.php?id=11683&" "Mozilla/5.0 (Windows NT 10.0; Trident/7.0; rv:11.0) like Gecko"
90.146.3.54 - - [11/Oct/2016:15:47:14 +0200] "GET /entry.php?id=10271&&ser=193573 HTTP/1.1" 200 987 "http://ed.activities.at/entry.php?id=10271&&ser=193512" "Mozilla/5.0 (Windows NT 10.0; WOW64) AppleWebKit/537.36 (KHTML, like Gecko) Chrome/53.0.2785.143 Safari/537.36"
90.146.3.54 - - [11/Oct/2016:15:47:14 +0200] "GET /gui/javascript/form_form.js?1476193634 HTTP/1.1" 200 16206 "http://ed.activities.at/entry.php?id=10271&&ser=193573" "Mozilla/5.0 (Windows NT 10.0; WOW64) AppleWebKit/537.36 (KHTML, like Gecko) Chrome/53.0.2785.143 Safari/537.36"
213.86.241.133 - - [11/Oct/2016:15:47:37 +0200] "POST /entry.php?id=11684 HTTP/1.1" 200 3965 "http://easydrivers.activities.at/entry.php?id=11684&" "Mozilla/5.0 (Windows NT 10.0; Trident/7.0; rv:11.0) like Gecko"
213.86.241.133 - - [11/Oct/2016:15:47:37 +0200] "GET /gui/javascript/form_form.js?1476193657 HTTP/1.1" 200 16206 "http://easydrivers.activities.at/entry.php?id=11684" "Mozilla/5.0 (Windows NT 10.0; Trident/7.0; rv:11.0) like Gecko"
213.86.241.133 - - [11/Oct/2016:15:47:50 +0200] "GET /entry.php?id=10271&&ser=193610 HTTP/1.1" 200 987 "http://easydrivers.activities.at/entry.php?id=10271&&ser=193549" "Mozilla/5.0 (Windows NT 10.0; Trident/7.0; rv:11.0) like Gecko"
213.86.241.133 - - [11/Oct/2016:15:47:50 +0200] "GET /gui/javascript/form_form.js?1476193670 HTTP/1.1" 200 16206 "http://easydrivers.activities.at/entry.php?id=10271&&ser=193610" "Mozilla/5.0 (Windows NT 10.0; Trident/7.0; rv:11.0) like Gecko"
213.86.241.133 - - [11/Oct/2016:15:47:52 +0200] "POST /entry.php?id=11684 HTTP/1.1" 200 3960 "http://easydrivers.activities.at/entry.php?id=11684" "Mozilla/5.0 (Windows NT 10.0; Trident/7.0; rv:11.0) like Gecko"
213.86.241.133 - - [11/Oct/2016:15:47:52 +0200] "GET /gui/javascript/form_form.js?1476193672 HTTP/1.1" 200 16206 "http://easydrivers.activities.at/entry.php?id=11684" "Mozilla/5.0 (Windows NT 10.0; Trident/7.0; rv:11.0) like Gecko"
213.86.241.133 - - [11/Oct/2016:15:47:59 +0200] "POST /entry.php?id=11684 HTTP/1.1" 200 3785 "http://easydrivers.activities.at/entry.php?id=11684" "Mozilla/5.0 (Windows NT 10.0; Trident/7.0; rv:11.0) like Gecko"
213.86.241.133 - - [11/Oct/2016:15:47:59 +0200] "GET /gui/javascript/form_form.js?1476193679 HTTP/1.1" 200 16206 "http://easydrivers.activities.at/entry.php?id=11684" "Mozilla/5.0 (Windows NT 10.0; Trident/7.0; rv:11.0) like Gecko"
213.86.241.133 - - [11/Oct/2016:15:48:09 +0200] "POST /entry.php?id=11684 HTTP/1.1" 200 3966 "http://easydrivers.activities.at/entry.php?id=11684" "Mozilla/5.0 (Windows NT 10.0; Trident/7.0; rv:11.0) like Gecko"
213.86.241.133 - - [11/Oct/2016:15:48:09 +0200] "GET /gui/javascript/form_form.js?1476193689 HTTP/1.1" 200 16206 "http://easydrivers.activities.at/entry.php?id=11684" "Mozilla/5.0 (Windows NT 10.0; Trident/7.0; rv:11.0) like Gecko"
90.146.3.54 - - [11/Oct/2016:15:48:15 +0200] "GET /entry.php?id=10271&&ser=193634 HTTP/1.1" 200 987 "http://ed.activities.at/entry.php?id=10271&&ser=193573" "Mozilla/5.0 (Windows NT 10.0; WOW64) AppleWebKit/537.36 (KHTML, like Gecko) Chrome/53.0.2785.143 Safari/537.36"
90.146.3.54 - - [11/Oct/2016:15:48:15 +0200] "GET /gui/javascript/form_form.js?1476193695 HTTP/1.1" 200 16206 "http://ed.activities.at/entry.php?id=10271&&ser=193634" "Mozilla/5.0 (Windows NT 10.0; WOW64) AppleWebKit/537.36 (KHTML, like Gecko) Chrome/53.0.2785.143 Safari/537.36"
213.86.241.133 - - [11/Oct/2016:15:48:51 +0200] "GET /entry.php?id=10271&&ser=193670 HTTP/1.1" 200 987 "http://easydrivers.activities.at/entry.php?id=10271&&ser=193610" "Mozilla/5.0 (Windows NT 10.0; Trident/7.0; rv:11.0) like Gecko"
213.86.241.133 - - [11/Oct/2016:15:48:51 +0200] "GET /gui/javascript/form_form.js?1476193731 HTTP/1.1" 200 16206 "http://easydrivers.activities.at/entry.php?id=10271&&ser=193670" "Mozilla/5.0 (Windows NT 10.0; Trident/7.0; rv:11.0) like Gecko"
90.146.3.54 - - [11/Oct/2016:15:49:16 +0200] "GET /entry.php?id=10271&&ser=193695 HTTP/1.1" 200 987 "http://ed.activities.at/entry.php?id=10271&&ser=193634" "Mozilla/5.0 (Windows NT 10.0; WOW64) AppleWebKit/537.36 (KHTML, like Gecko) Chrome/53.0.2785.143 Safari/537.36"
90.146.3.54 - - [11/Oct/2016:15:49:16 +0200] "GET /gui/javascript/form_form.js?1476193756 HTTP/1.1" 200 16206 "http://ed.activities.at/entry.php?id=10271&&ser=193695" "Mozilla/5.0 (Windows NT 10.0; WOW64) AppleWebKit/537.36 (KHTML, like Gecko) Chrome/53.0.2785.143 Safari/537.36"
213.86.241.133 - - [11/Oct/2016:15:49:51 +0200] "GET /entry.php?id=10271&&ser=193731 HTTP/1.1" 200 987 "http://easydrivers.activities.at/entry.php?id=10271&&ser=193670" "Mozilla/5.0 (Windows NT 10.0; Trident/7.0; rv:11.0) like Gecko"
213.86.241.133 - - [11/Oct/2016:15:49:52 +0200] "GET /gui/javascript/form_form.js?1476193792 HTTP/1.1" 200 16206 "http://easydrivers.activities.at/entry.php?id=10271&&ser=193731" "Mozilla/5.0 (Windows NT 10.0; Trident/7.0; rv:11.0) like Gecko"
90.146.3.54 - - [11/Oct/2016:15:50:17 +0200] "GET /entry.php?id=10271&&ser=193756 HTTP/1.1" 200 987 "http://ed.activities.at/entry.php?id=10271&&ser=193695" "Mozilla/5.0 (Windows NT 10.0; WOW64) AppleWebKit/537.36 (KHTML, like Gecko) Chrome/53.0.2785.143 Safari/537.36"
90.146.3.54 - - [11/Oct/2016:15:50:17 +0200] "GET /gui/javascript/form_form.js?1476193817 HTTP/1.1" 200 16206 "http://ed.activities.at/entry.php?id=10271&&ser=193756" "Mozilla/5.0 (Windows NT 10.0; WOW64) AppleWebKit/537.36 (KHTML, like Gecko) Chrome/53.0.2785.143 Safari/537.36"
213.86.241.133 - - [11/Oct/2016:15:50:52 +0200] "GET /entry.php?id=10271&&ser=193792 HTTP/1.1" 200 987 "http://easydrivers.activities.at/entry.php?id=10271&&ser=193731" "Mozilla/5.0 (Windows NT 10.0; Trident/7.0; rv:11.0) like Gecko"
213.86.241.133 - - [11/Oct/2016:15:50:52 +0200] "GET /gui/javascript/form_form.js?1476193852 HTTP/1.1" 200 16206 "http://easydrivers.activities.at/entry.php?id=10271&&ser=193792" "Mozilla/5.0 (Windows NT 10.0; Trident/7.0; rv:11.0) like Gecko"
90.146.3.54 - - [11/Oct/2016:15:51:20 +0200] "GET /entry.php?id=10271&&ser=193817 HTTP/1.1" 200 987 "http://ed.activities.at/entry.php?id=10271&&ser=193756" "Mozilla/5.0 (Windows NT 10.0; WOW64) AppleWebKit/537.36 (KHTML, like Gecko) Chrome/53.0.2785.143 Safari/537.36"
90.146.3.54 - - [11/Oct/2016:15:51:21 +0200] "GET /gui/javascript/form_form.js?1476193880 HTTP/1.1" 200 16206 "http://ed.activities.at/entry.php?id=10271&&ser=193817" "Mozilla/5.0 (Windows NT 10.0; WOW64) AppleWebKit/537.36 (KHTML, like Gecko) Chrome/53.0.2785.143 Safari/537.36"
213.86.241.133 - - [11/Oct/2016:15:51:53 +0200] "GET /entry.php?id=10271&&ser=193852 HTTP/1.1" 200 987 "http://easydrivers.activities.at/entry.php?id=10271&&ser=193792" "Mozilla/5.0 (Windows NT 10.0; Trident/7.0; rv:11.0) like Gecko"
213.86.241.133 - - [11/Oct/2016:15:51:53 +0200] "GET /gui/javascript/form_form.js?1476193913 HTTP/1.1" 200 16206 "http://easydrivers.activities.at/entry.php?id=10271&&ser=193852" "Mozilla/5.0 (Windows NT 10.0; Trident/7.0; rv:11.0) like Gecko"
90.146.3.54 - - [11/Oct/2016:15:52:21 +0200] "GET /entry.php?id=10271&&ser=193880 HTTP/1.1" 200 987 "http://ed.activities.at/entry.php?id=10271&&ser=193817" "Mozilla/5.0 (Windows NT 10.0; WOW64) AppleWebKit/537.36 (KHTML, like Gecko) Chrome/53.0.2785.143 Safari/537.36"
90.146.3.54 - - [11/Oct/2016:15:52:21 +0200] "GET /gui/javascript/form_form.js?1476193941 HTTP/1.1" 200 16206 "http://ed.activities.at/entry.php?id=10271&&ser=193880" "Mozilla/5.0 (Windows NT 10.0; WOW64) AppleWebKit/537.36 (KHTML, like Gecko) Chrome/53.0.2785.143 Safari/537.36"
213.86.241.133 - - [11/Oct/2016:15:52:53 +0200] "GET /entry.php?id=10271&&ser=193913 HTTP/1.1" 200 987 "http://easydrivers.activities.at/entry.php?id=10271&&ser=193852" "Mozilla/5.0 (Windows NT 10.0; Trident/7.0; rv:11.0) like Gecko"
213.86.241.133 - - [11/Oct/2016:15:52:54 +0200] "GET /gui/javascript/form_form.js?1476193974 HTTP/1.1" 200 16206 "http://easydrivers.activities.at/entry.php?id=10271&&ser=193913" "Mozilla/5.0 (Windows NT 10.0; Trident/7.0; rv:11.0) like Gecko"
90.146.3.54 - - [11/Oct/2016:15:53:22 +0200] "GET /entry.php?id=10271&&ser=193941 HTTP/1.1" 200 985 "http://ed.activities.at/entry.php?id=10271&&ser=193880" "Mozilla/5.0 (Windows NT 10.0; WOW64) AppleWebKit/537.36 (KHTML, like Gecko) Chrome/53.0.2785.143 Safari/537.36"
90.146.3.54 - - [11/Oct/2016:15:53:22 +0200] "GET /gui/javascript/form_form.js?1476194002 HTTP/1.1" 200 16206 "http://ed.activities.at/entry.php?id=10271&&ser=193941" "Mozilla/5.0 (Windows NT 10.0; WOW64) AppleWebKit/537.36 (KHTML, like Gecko) Chrome/53.0.2785.143 Safari/537.36"
213.86.241.133 - - [11/Oct/2016:15:53:54 +0200] "GET /entry.php?id=10271&&ser=193974 HTTP/1.1" 200 986 "http://easydrivers.activities.at/entry.php?id=10271&&ser=193913" "Mozilla/5.0 (Windows NT 10.0; Trident/7.0; rv:11.0) like Gecko"
213.86.241.133 - - [11/Oct/2016:15:53:55 +0200] "GET /gui/javascript/form_form.js?1476194035 HTTP/1.1" 200 16206 "http://easydrivers.activities.at/entry.php?id=10271&&ser=193974" "Mozilla/5.0 (Windows NT 10.0; Trident/7.0; rv:11.0) like Gecko"
90.146.3.54 - - [11/Oct/2016:15:54:23 +0200] "GET /entry.php?id=10271&&ser=194002 HTTP/1.1" 200 986 "http://ed.activities.at/entry.php?id=10271&&ser=193941" "Mozilla/5.0 (Windows NT 10.0; WOW64) AppleWebKit/537.36 (KHTML, like Gecko) Chrome/53.0.2785.143 Safari/537.36"
90.146.3.54 - - [11/Oct/2016:15:54:23 +0200] "GET /gui/javascript/form_form.js?1476194063 HTTP/1.1" 200 16206 "http://ed.activities.at/entry.php?id=10271&&ser=194002" "Mozilla/5.0 (Windows NT 10.0; WOW64) AppleWebKit/537.36 (KHTML, like Gecko) Chrome/53.0.2785.143 Safari/537.36"
213.86.241.133 - - [11/Oct/2016:15:54:55 +0200] "GET /entry.php?id=10271&&ser=194035 HTTP/1.1" 200 986 "http://easydrivers.activities.at/entry.php?id=10271&&ser=193974" "Mozilla/5.0 (Windows NT 10.0; Trident/7.0; rv:11.0) like Gecko"
213.86.241.133 - - [11/Oct/2016:15:54:56 +0200] "GET /gui/javascript/form_form.js?1476194095 HTTP/1.1" 200 16206 "http://easydrivers.activities.at/entry.php?id=10271&&ser=194035" "Mozilla/5.0 (Windows NT 10.0; Trident/7.0; rv:11.0) like Gecko"
90.146.3.54 - - [11/Oct/2016:15:55:24 +0200] "GET /entry.php?id=10271&&ser=194063 HTTP/1.1" 200 986 "http://ed.activities.at/entry.php?id=10271&&ser=194002" "Mozilla/5.0 (Windows NT 10.0; WOW64) AppleWebKit/537.36 (KHTML, like Gecko) Chrome/53.0.2785.143 Safari/537.36"
90.146.3.54 - - [11/Oct/2016:15:55:24 +0200] "GET /gui/javascript/form_form.js?1476194124 HTTP/1.1" 200 16206 "http://ed.activities.at/entry.php?id=10271&&ser=194063" "Mozilla/5.0 (Windows NT 10.0; WOW64) AppleWebKit/537.36 (KHTML, like Gecko) Chrome/53.0.2785.143 Safari/537.36"
213.86.241.133 - - [11/Oct/2016:15:55:56 +0200] "GET /entry.php?id=10271&&ser=194095 HTTP/1.1" 200 986 "http://easydrivers.activities.at/entry.php?id=10271&&ser=194035" "Mozilla/5.0 (Windows NT 10.0; Trident/7.0; rv:11.0) like Gecko"
213.86.241.133 - - [11/Oct/2016:15:55:56 +0200] "GET /gui/javascript/form_form.js?1476194156 HTTP/1.1" 200 16206 "http://easydrivers.activities.at/entry.php?id=10271&&ser=194095" "Mozilla/5.0 (Windows NT 10.0; Trident/7.0; rv:11.0) like Gecko"
90.146.3.54 - - [11/Oct/2016:15:56:25 +0200] "GET /entry.php?id=10271&&ser=194124 HTTP/1.1" 200 986 "http://ed.activities.at/entry.php?id=10271&&ser=194063" "Mozilla/5.0 (Windows NT 10.0; WOW64) AppleWebKit/537.36 (KHTML, like Gecko) Chrome/53.0.2785.143 Safari/537.36"
90.146.3.54 - - [11/Oct/2016:15:56:25 +0200] "GET /gui/javascript/form_form.js?1476194185 HTTP/1.1" 200 16206 "http://ed.activities.at/entry.php?id=10271&&ser=194124" "Mozilla/5.0 (Windows NT 10.0; WOW64) AppleWebKit/537.36 (KHTML, like Gecko) Chrome/53.0.2785.143 Safari/537.36"
213.86.241.133 - - [11/Oct/2016:15:56:57 +0200] "GET /entry.php?id=10271&&ser=194156 HTTP/1.1" 200 986 "http://easydrivers.activities.at/entry.php?id=10271&&ser=194095" "Mozilla/5.0 (Windows NT 10.0; Trident/7.0; rv:11.0) like Gecko"
213.86.241.133 - - [11/Oct/2016:15:56:57 +0200] "GET /gui/javascript/form_form.js?1476194217 HTTP/1.1" 200 16206 "http://easydrivers.activities.at/entry.php?id=10271&&ser=194156" "Mozilla/5.0 (Windows NT 10.0; Trident/7.0; rv:11.0) like Gecko"
90.146.3.54 - - [11/Oct/2016:15:57:26 +0200] "GET /entry.php?id=10271&&ser=194185 HTTP/1.1" 200 986 "http://ed.activities.at/entry.php?id=10271&&ser=194124" "Mozilla/5.0 (Windows NT 10.0; WOW64) AppleWebKit/537.36 (KHTML, like Gecko) Chrome/53.0.2785.143 Safari/537.36"
90.146.3.54 - - [11/Oct/2016:15:57:26 +0200] "GET /gui/javascript/form_form.js?1476194246 HTTP/1.1" 200 16206 "http://ed.activities.at/entry.php?id=10271&&ser=194185" "Mozilla/5.0 (Windows NT 10.0; WOW64) AppleWebKit/537.36 (KHTML, like Gecko) Chrome/53.0.2785.143 Safari/537.36"
213.86.241.133 - - [11/Oct/2016:15:57:58 +0200] "GET /entry.php?id=10271&&ser=194217 HTTP/1.1" 200 986 "http://easydrivers.activities.at/entry.php?id=10271&&ser=194156" "Mozilla/5.0 (Windows NT 10.0; Trident/7.0; rv:11.0) like Gecko"
213.86.241.133 - - [11/Oct/2016:15:57:58 +0200] "GET /gui/javascript/form_form.js?1476194278 HTTP/1.1" 200 16206 "http://easydrivers.activities.at/entry.php?id=10271&&ser=194217" "Mozilla/5.0 (Windows NT 10.0; Trident/7.0; rv:11.0) like Gecko"
90.146.3.54 - - [11/Oct/2016:15:58:27 +0200] "GET /entry.php?id=10271&&ser=194246 HTTP/1.1" 200 986 "http://ed.activities.at/entry.php?id=10271&&ser=194185" "Mozilla/5.0 (Windows NT 10.0; WOW64) AppleWebKit/537.36 (KHTML, like Gecko) Chrome/53.0.2785.143 Safari/537.36"
90.146.3.54 - - [11/Oct/2016:15:58:27 +0200] "GET /gui/javascript/form_form.js?1476194307 HTTP/1.1" 200 16206 "http://ed.activities.at/entry.php?id=10271&&ser=194246" "Mozilla/5.0 (Windows NT 10.0; WOW64) AppleWebKit/537.36 (KHTML, like Gecko) Chrome/53.0.2785.143 Safari/537.36"
213.86.241.133 - - [11/Oct/2016:15:58:59 +0200] "GET /entry.php?id=10271&&ser=194278 HTTP/1.1" 200 986 "http://easydrivers.activities.at/entry.php?id=10271&&ser=194217" "Mozilla/5.0 (Windows NT 10.0; Trident/7.0; rv:11.0) like Gecko"
213.86.241.133 - - [11/Oct/2016:15:58:59 +0200] "GET /gui/javascript/form_form.js?1476194339 HTTP/1.1" 200 16206 "http://easydrivers.activities.at/entry.php?id=10271&&ser=194278" "Mozilla/5.0 (Windows NT 10.0; Trident/7.0; rv:11.0) like Gecko"
90.146.3.54 - - [11/Oct/2016:15:59:00 +0200] "GET /entry.php?id=10287&login=1 HTTP/1.1" 200 1877 "http://ed.activities.at/entry.php?id=10273&" "Mozilla/5.0 (Windows NT 10.0; WOW64) AppleWebKit/537.36 (KHTML, like Gecko) Chrome/53.0.2785.143 Safari/537.36"
90.146.3.54 - - [11/Oct/2016:15:59:00 +0200] "GET /gui/javascript/form_form.js?1476194340 HTTP/1.1" 200 16206 "http://ed.activities.at/entry.php?id=10287&login=1" "Mozilla/5.0 (Windows NT 10.0; WOW64) AppleWebKit/537.36 (KHTML, like Gecko) Chrome/53.0.2785.143 Safari/537.36"
90.146.3.54 - - [11/Oct/2016:15:59:16 +0200] "GET /entry.php?id=10287&login=1 HTTP/1.1" 200 1876 "http://ed.activities.at/entry.php?id=10273&" "Mozilla/5.0 (Windows NT 10.0; WOW64) AppleWebKit/537.36 (KHTML, like Gecko) Chrome/53.0.2785.143 Safari/537.36"
90.146.3.54 - - [11/Oct/2016:15:59:16 +0200] "GET /gui/javascript/form_form.js?1476194356 HTTP/1.1" 200 16206 "http://ed.activities.at/entry.php?id=10287&login=1" "Mozilla/5.0 (Windows NT 10.0; WOW64) AppleWebKit/537.36 (KHTML, like Gecko) Chrome/53.0.2785.143 Safari/537.36"
90.146.3.54 - - [11/Oct/2016:15:59:18 +0200] "POST /entry.php?id=10287& HTTP/1.1" 200 2430 "http://ed.activities.at/entry.php?id=10287&login=1" "Mozilla/5.0 (Windows NT 10.0; WOW64) AppleWebKit/537.36 (KHTML, like Gecko) Chrome/53.0.2785.143 Safari/537.36"
90.146.3.54 - - [11/Oct/2016:15:59:18 +0200] "GET /gui/javascript/form_form.js?1476194358 HTTP/1.1" 200 16206 "http://ed.activities.at/entry.php?id=10287&" "Mozilla/5.0 (Windows NT 10.0; WOW64) AppleWebKit/537.36 (KHTML, like Gecko) Chrome/53.0.2785.143 Safari/537.36"
90.146.3.54 - - [11/Oct/2016:15:59:18 +0200] "GET /entry.php?id=10270& HTTP/1.1" 200 908 "http://ed.activities.at/entry.php?id=10287&" "Mozilla/5.0 (Windows NT 10.0; WOW64) AppleWebKit/537.36 (KHTML, like Gecko) Chrome/53.0.2785.143 Safari/537.36"
90.146.3.54 - - [11/Oct/2016:15:59:18 +0200] "GET /entry.php?id=10273&logout=true& HTTP/1.1" 200 1911 "http://ed.activities.at/entry.php?id=10287&" "Mozilla/5.0 (Windows NT 10.0; WOW64) AppleWebKit/537.36 (KHTML, like Gecko) Chrome/53.0.2785.143 Safari/537.36"
90.146.3.54 - - [11/Oct/2016:15:59:19 +0200] "GET /gui/javascript/form_form.js?1476194359 HTTP/1.1" 200 16206 "http://ed.activities.at/entry.php?id=10270&" "Mozilla/5.0 (Windows NT 10.0; WOW64) AppleWebKit/537.36 (KHTML, like Gecko) Chrome/53.0.2785.143 Safari/537.36"
213.86.241.133 - - [11/Oct/2016:15:59:59 +0200] "GET /entry.php?id=10271&&ser=194339 HTTP/1.1" 200 989 "http://easydrivers.activities.at/entry.php?id=10271&&ser=194278" "Mozilla/5.0 (Windows NT 10.0; Trident/7.0; rv:11.0) like Gecko"
213.86.241.133 - - [11/Oct/2016:16:00:00 +0200] "GET /gui/javascript/form_form.js?1476194400 HTTP/1.1" 200 16206 "http://easydrivers.activities.at/entry.php?id=10271&&ser=194339" "Mozilla/5.0 (Windows NT 10.0; Trident/7.0; rv:11.0) like Gecko"
213.86.241.133 - - [11/Oct/2016:16:01:00 +0200] "GET /entry.php?id=10271&&ser=194399 HTTP/1.1" 200 986 "http://easydrivers.activities.at/entry.php?id=10271&&ser=194339" "Mozilla/5.0 (Windows NT 10.0; Trident/7.0; rv:11.0) like Gecko"
213.86.241.133 - - [11/Oct/2016:16:01:00 +0200] "GET /gui/javascript/form_form.js?1476194460 HTTP/1.1" 200 16206 "http://easydrivers.activities.at/entry.php?id=10271&&ser=194399" "Mozilla/5.0 (Windows NT 10.0; Trident/7.0; rv:11.0) like Gecko"
213.86.241.133 - - [11/Oct/2016:16:02:01 +0200] "GET /entry.php?id=10271&&ser=194460 HTTP/1.1" 200 986 "http://easydrivers.activities.at/entry.php?id=10271&&ser=194399" "Mozilla/5.0 (Windows NT 10.0; Trident/7.0; rv:11.0) like Gecko"
213.86.241.133 - - [11/Oct/2016:16:02:01 +0200] "GET /gui/javascript/form_form.js?1476194521 HTTP/1.1" 200 16206 "http://easydrivers.activities.at/entry.php?id=10271&&ser=194460" "Mozilla/5.0 (Windows NT 10.0; Trident/7.0; rv:11.0) like Gecko"
213.86.241.133 - - [11/Oct/2016:16:03:02 +0200] "GET /entry.php?id=10271&&ser=194521 HTTP/1.1" 200 986 "http://easydrivers.activities.at/entry.php?id=10271&&ser=194460" "Mozilla/5.0 (Windows NT 10.0; Trident/7.0; rv:11.0) like Gecko"
213.86.241.133 - - [11/Oct/2016:16:03:02 +0200] "GET /gui/javascript/form_form.js?1476194582 HTTP/1.1" 200 16206 "http://easydrivers.activities.at/entry.php?id=10271&&ser=194521" "Mozilla/5.0 (Windows NT 10.0; Trident/7.0; rv:11.0) like Gecko"
213.86.241.133 - - [11/Oct/2016:16:04:03 +0200] "GET /entry.php?id=10271&&ser=194582 HTTP/1.1" 200 986 "http://easydrivers.activities.at/entry.php?id=10271&&ser=194521" "Mozilla/5.0 (Windows NT 10.0; Trident/7.0; rv:11.0) like Gecko"
213.86.241.133 - - [11/Oct/2016:16:04:03 +0200] "GET /gui/javascript/form_form.js?1476194643 HTTP/1.1" 200 16206 "http://easydrivers.activities.at/entry.php?id=10271&&ser=194582" "Mozilla/5.0 (Windows NT 10.0; Trident/7.0; rv:11.0) like Gecko"
213.86.241.133 - - [11/Oct/2016:16:05:03 +0200] "GET /entry.php?id=10271&&ser=194643 HTTP/1.1" 200 986 "http://easydrivers.activities.at/entry.php?id=10271&&ser=194582" "Mozilla/5.0 (Windows NT 10.0; Trident/7.0; rv:11.0) like Gecko"
213.86.241.133 - - [11/Oct/2016:16:05:04 +0200] "GET /gui/javascript/form_form.js?1476194704 HTTP/1.1" 200 16206 "http://easydrivers.activities.at/entry.php?id=10271&&ser=194643" "Mozilla/5.0 (Windows NT 10.0; Trident/7.0; rv:11.0) like Gecko"
213.86.241.133 - - [11/Oct/2016:16:06:04 +0200] "GET /entry.php?id=10271&&ser=194704 HTTP/1.1" 200 986 "http://easydrivers.activities.at/entry.php?id=10271&&ser=194643" "Mozilla/5.0 (Windows NT 10.0; Trident/7.0; rv:11.0) like Gecko"
213.86.241.133 - - [11/Oct/2016:16:06:04 +0200] "GET /gui/javascript/form_form.js?1476194764 HTTP/1.1" 200 16206 "http://easydrivers.activities.at/entry.php?id=10271&&ser=194704" "Mozilla/5.0 (Windows NT 10.0; Trident/7.0; rv:11.0) like Gecko"
213.86.241.133 - - [11/Oct/2016:16:07:05 +0200] "GET /entry.php?id=10271&&ser=194764 HTTP/1.1" 200 986 "http://easydrivers.activities.at/entry.php?id=10271&&ser=194704" "Mozilla/5.0 (Windows NT 10.0; Trident/7.0; rv:11.0) like Gecko"
213.86.241.133 - - [11/Oct/2016:16:07:05 +0200] "GET /gui/javascript/form_form.js?1476194825 HTTP/1.1" 200 16206 "http://easydrivers.activities.at/entry.php?id=10271&&ser=194764" "Mozilla/5.0 (Windows NT 10.0; Trident/7.0; rv:11.0) like Gecko"
213.86.241.133 - - [11/Oct/2016:16:08:06 +0200] "GET /entry.php?id=10271&&ser=194825 HTTP/1.1" 200 986 "http://easydrivers.activities.at/entry.php?id=10271&&ser=194764" "Mozilla/5.0 (Windows NT 10.0; Trident/7.0; rv:11.0) like Gecko"
213.86.241.133 - - [11/Oct/2016:16:08:06 +0200] "GET /gui/javascript/form_form.js?1476194886 HTTP/1.1" 200 16206 "http://easydrivers.activities.at/entry.php?id=10271&&ser=194825" "Mozilla/5.0 (Windows NT 10.0; Trident/7.0; rv:11.0) like Gecko"
213.86.241.133 - - [11/Oct/2016:16:09:06 +0200] "GET /entry.php?id=10271&&ser=194886 HTTP/1.1" 200 986 "http://easydrivers.activities.at/entry.php?id=10271&&ser=194825" "Mozilla/5.0 (Windows NT 10.0; Trident/7.0; rv:11.0) like Gecko"
213.86.241.133 - - [11/Oct/2016:16:09:06 +0200] "GET /gui/javascript/form_form.js?1476194946 HTTP/1.1" 200 16206 "http://easydrivers.activities.at/entry.php?id=10271&&ser=194886" "Mozilla/5.0 (Windows NT 10.0; Trident/7.0; rv:11.0) like Gecko"
213.86.241.133 - - [11/Oct/2016:16:10:07 +0200] "GET /entry.php?id=10271&&ser=194946 HTTP/1.1" 200 986 "http://easydrivers.activities.at/entry.php?id=10271&&ser=194886" "Mozilla/5.0 (Windows NT 10.0; Trident/7.0; rv:11.0) like Gecko"
213.86.241.133 - - [11/Oct/2016:16:10:07 +0200] "GET /gui/javascript/form_form.js?1476195007 HTTP/1.1" 200 16206 "http://easydrivers.activities.at/entry.php?id=10271&&ser=194946" "Mozilla/5.0 (Windows NT 10.0; Trident/7.0; rv:11.0) like Gecko"
213.86.241.133 - - [11/Oct/2016:16:11:08 +0200] "GET /entry.php?id=10271&&ser=195007 HTTP/1.1" 200 987 "http://easydrivers.activities.at/entry.php?id=10271&&ser=194946" "Mozilla/5.0 (Windows NT 10.0; Trident/7.0; rv:11.0) like Gecko"
213.86.241.133 - - [11/Oct/2016:16:11:08 +0200] "GET /gui/javascript/form_form.js?1476195068 HTTP/1.1" 200 16206 "http://easydrivers.activities.at/entry.php?id=10271&&ser=195007" "Mozilla/5.0 (Windows NT 10.0; Trident/7.0; rv:11.0) like Gecko"
213.86.241.133 - - [11/Oct/2016:16:12:08 +0200] "GET /entry.php?id=10271&&ser=195068 HTTP/1.1" 200 988 "http://easydrivers.activities.at/entry.php?id=10271&&ser=195007" "Mozilla/5.0 (Windows NT 10.0; Trident/7.0; rv:11.0) like Gecko"
213.86.241.133 - - [11/Oct/2016:16:12:09 +0200] "GET /gui/javascript/form_form.js?1476195128 HTTP/1.1" 200 16206 "http://easydrivers.activities.at/entry.php?id=10271&&ser=195068" "Mozilla/5.0 (Windows NT 10.0; Trident/7.0; rv:11.0) like Gecko"
213.86.241.133 - - [11/Oct/2016:16:13:09 +0200] "GET /entry.php?id=10271&&ser=195128 HTTP/1.1" 200 987 "http://easydrivers.activities.at/entry.php?id=10271&&ser=195068" "Mozilla/5.0 (Windows NT 10.0; Trident/7.0; rv:11.0) like Gecko"
213.86.241.133 - - [11/Oct/2016:16:13:09 +0200] "GET /gui/javascript/form_form.js?1476195189 HTTP/1.1" 200 16206 "http://easydrivers.activities.at/entry.php?id=10271&&ser=195128" "Mozilla/5.0 (Windows NT 10.0; Trident/7.0; rv:11.0) like Gecko"
213.86.241.133 - - [11/Oct/2016:16:14:09 +0200] "GET /entry.php?id=10271&&ser=195189 HTTP/1.1" 200 986 "http://easydrivers.activities.at/entry.php?id=10271&&ser=195128" "Mozilla/5.0 (Windows NT 10.0; Trident/7.0; rv:11.0) like Gecko"
213.86.241.133 - - [11/Oct/2016:16:14:10 +0200] "GET /gui/javascript/form_form.js?1476195250 HTTP/1.1" 200 16206 "http://easydrivers.activities.at/entry.php?id=10271&&ser=195189" "Mozilla/5.0 (Windows NT 10.0; Trident/7.0; rv:11.0) like Gecko"
213.86.241.133 - - [11/Oct/2016:16:15:10 +0200] "GET /entry.php?id=10271&&ser=195250 HTTP/1.1" 200 987 "http://easydrivers.activities.at/entry.php?id=10271&&ser=195189" "Mozilla/5.0 (Windows NT 10.0; Trident/7.0; rv:11.0) like Gecko"
213.86.241.133 - - [11/Oct/2016:16:15:10 +0200] "GET /gui/javascript/form_form.js?1476195310 HTTP/1.1" 200 16206 "http://easydrivers.activities.at/entry.php?id=10271&&ser=195250" "Mozilla/5.0 (Windows NT 10.0; Trident/7.0; rv:11.0) like Gecko"
213.86.241.133 - - [11/Oct/2016:16:16:11 +0200] "GET /entry.php?id=10271&&ser=195310 HTTP/1.1" 200 987 "http://easydrivers.activities.at/entry.php?id=10271&&ser=195250" "Mozilla/5.0 (Windows NT 10.0; Trident/7.0; rv:11.0) like Gecko"
213.86.241.133 - - [11/Oct/2016:16:16:11 +0200] "GET /gui/javascript/form_form.js?1476195371 HTTP/1.1" 200 16206 "http://easydrivers.activities.at/entry.php?id=10271&&ser=195310" "Mozilla/5.0 (Windows NT 10.0; Trident/7.0; rv:11.0) like Gecko"
213.86.241.133 - - [11/Oct/2016:16:17:11 +0200] "GET /entry.php?id=10271&&ser=195371 HTTP/1.1" 200 988 "http://easydrivers.activities.at/entry.php?id=10271&&ser=195310" "Mozilla/5.0 (Windows NT 10.0; Trident/7.0; rv:11.0) like Gecko"
213.86.241.133 - - [11/Oct/2016:16:17:12 +0200] "GET /gui/javascript/form_form.js?1476195432 HTTP/1.1" 200 16206 "http://easydrivers.activities.at/entry.php?id=10271&&ser=195371" "Mozilla/5.0 (Windows NT 10.0; Trident/7.0; rv:11.0) like Gecko"
213.86.241.133 - - [11/Oct/2016:16:18:12 +0200] "GET /entry.php?id=10271&&ser=195432 HTTP/1.1" 200 988 "http://easydrivers.activities.at/entry.php?id=10271&&ser=195371" "Mozilla/5.0 (Windows NT 10.0; Trident/7.0; rv:11.0) like Gecko"
213.86.241.133 - - [11/Oct/2016:16:18:12 +0200] "GET /gui/javascript/form_form.js?1476195492 HTTP/1.1" 200 16206 "http://easydrivers.activities.at/entry.php?id=10271&&ser=195432" "Mozilla/5.0 (Windows NT 10.0; Trident/7.0; rv:11.0) like Gecko"
213.86.241.133 - - [11/Oct/2016:16:19:12 +0200] "GET /entry.php?id=10271&&ser=195492 HTTP/1.1" 200 988 "http://easydrivers.activities.at/entry.php?id=10271&&ser=195432" "Mozilla/5.0 (Windows NT 10.0; Trident/7.0; rv:11.0) like Gecko"
213.86.241.133 - - [11/Oct/2016:16:19:13 +0200] "GET /gui/javascript/form_form.js?1476195553 HTTP/1.1" 200 16206 "http://easydrivers.activities.at/entry.php?id=10271&&ser=195492" "Mozilla/5.0 (Windows NT 10.0; Trident/7.0; rv:11.0) like Gecko"
213.86.241.133 - - [11/Oct/2016:16:20:13 +0200] "GET /entry.php?id=10271&&ser=195553 HTTP/1.1" 200 987 "http://easydrivers.activities.at/entry.php?id=10271&&ser=195492" "Mozilla/5.0 (Windows NT 10.0; Trident/7.0; rv:11.0) like Gecko"
213.86.241.133 - - [11/Oct/2016:16:20:13 +0200] "GET /gui/javascript/form_form.js?1476195613 HTTP/1.1" 200 16206 "http://easydrivers.activities.at/entry.php?id=10271&&ser=195553" "Mozilla/5.0 (Windows NT 10.0; Trident/7.0; rv:11.0) like Gecko"
