81.189.93.28 - - [22/Nov/2016:14:09:38 +0100] "POST /entry.php?id=11677 HTTP/1.1" 200 5092 "http://ed.activities.at/entry.php?id=11677" "Mozilla/5.0 (Windows NT 5.1; rv:50.0) Gecko/20100101 Firefox/50.0"
81.189.93.28 - - [22/Nov/2016:14:09:38 +0100] "GET /gui/javascript/form_form.js?1479820178 HTTP/1.1" 200 16206 "http://ed.activities.at/entry.php?id=11677" "Mozilla/5.0 (Windows NT 5.1; rv:50.0) Gecko/20100101 Firefox/50.0"
213.86.241.133 - - [22/Nov/2016:14:09:58 +0100] "GET /entry.php?id=10271&&ser=820137 HTTP/1.1" 200 987 "http://easydrivers.activities.at/entry.php?id=10271&&ser=820076" "Mozilla/5.0 (Windows NT 10.0; WOW64; Trident/7.0; rv:11.0) like Gecko"
213.86.241.133 - - [22/Nov/2016:14:09:58 +0100] "GET /gui/javascript/form_form.js?1479820198 HTTP/1.1" 200 16206 "http://easydrivers.activities.at/entry.php?id=10271&&ser=820137" "Mozilla/5.0 (Windows NT 10.0; WOW64; Trident/7.0; rv:11.0) like Gecko"
81.189.93.28 - - [22/Nov/2016:14:10:03 +0100] "GET /entry.php?id=10271&&ser=820142 HTTP/1.1" 200 986 "http://ed.activities.at/entry.php?id=10271&&ser=820081" "Mozilla/5.0 (Windows NT 5.1; rv:50.0) Gecko/20100101 Firefox/50.0"
81.189.93.28 - - [22/Nov/2016:14:10:03 +0100] "GET /gui/javascript/form_form.js?1479820203 HTTP/1.1" 200 16206 "http://ed.activities.at/entry.php?id=10271&&ser=820142" "Mozilla/5.0 (Windows NT 5.1; rv:50.0) Gecko/20100101 Firefox/50.0"
81.189.93.28 - - [22/Nov/2016:14:10:20 +0100] "GET /entry.php?id=11681 HTTP/1.1" 200 328 "http://ed.activities.at/entry.php?id=10270&__app__=10006038" "Mozilla/5.0 (Windows NT 5.1; rv:50.0) Gecko/20100101 Firefox/50.0"
81.189.93.28 - - [22/Nov/2016:14:10:21 +0100] "GET /entry.php?id=10676&&title=Contentverwaltung HTTP/1.1" 200 1391 "http://ed.activities.at/entry.php?id=11681" "Mozilla/5.0 (Windows NT 5.1; rv:50.0) Gecko/20100101 Firefox/50.0"
81.189.93.28 - - [22/Nov/2016:14:10:21 +0100] "GET /gui/javascript/form_form.js?1479820221 HTTP/1.1" 200 16206 "http://ed.activities.at/entry.php?id=10676&&title=Contentverwaltung" "Mozilla/5.0 (Windows NT 5.1; rv:50.0) Gecko/20100101 Firefox/50.0"
81.189.93.28 - - [22/Nov/2016:14:10:21 +0100] "GET /entry.php?id=11683& HTTP/1.1" 200 2683 "http://ed.activities.at/entry.php?id=11681" "Mozilla/5.0 (Windows NT 5.1; rv:50.0) Gecko/20100101 Firefox/50.0"
81.189.93.28 - - [22/Nov/2016:14:10:21 +0100] "GET /entry.php?id=11684& HTTP/1.1" 200 3804 "http://ed.activities.at/entry.php?id=11681" "Mozilla/5.0 (Windows NT 5.1; rv:50.0) Gecko/20100101 Firefox/50.0"
81.189.93.28 - - [22/Nov/2016:14:10:22 +0100] "GET /entry.php?id=10776&form=11508&name=list& HTTP/1.1" 200 1894 "http://ed.activities.at/entry.php?id=11683&" "Mozilla/5.0 (Windows NT 5.1; rv:50.0) Gecko/20100101 Firefox/50.0"
81.189.93.28 - - [22/Nov/2016:14:10:22 +0100] "GET /entry.php?id=10778&form=11508&name=list& HTTP/1.1" 200 2967 "http://ed.activities.at/entry.php?id=11683&" "Mozilla/5.0 (Windows NT 5.1; rv:50.0) Gecko/20100101 Firefox/50.0"
81.189.93.28 - - [22/Nov/2016:14:10:40 +0100] "GET /entry.php?id=11679 HTTP/1.1" 200 312 "http://ed.activities.at/entry.php?id=10270&__app__=10006038" "Mozilla/5.0 (Windows NT 5.1; rv:50.0) Gecko/20100101 Firefox/50.0"
81.189.93.28 - - [22/Nov/2016:14:10:40 +0100] "GET /entry.php?id=10676&title=Portal& HTTP/1.1" 200 1387 "http://ed.activities.at/entry.php?id=11679" "Mozilla/5.0 (Windows NT 5.1; rv:50.0) Gecko/20100101 Firefox/50.0"
81.189.93.28 - - [22/Nov/2016:14:10:40 +0100] "GET /gui/javascript/form_form.js?1479820240 HTTP/1.1" 200 16206 "http://ed.activities.at/entry.php?id=10676&title=Portal&" "Mozilla/5.0 (Windows NT 5.1; rv:50.0) Gecko/20100101 Firefox/50.0"
81.189.93.28 - - [22/Nov/2016:14:10:40 +0100] "GET /entry.php?id=11677& HTTP/1.1" 200 4374 "http://ed.activities.at/entry.php?id=11679" "Mozilla/5.0 (Windows NT 5.1; rv:50.0) Gecko/20100101 Firefox/50.0"
81.189.93.28 - - [22/Nov/2016:14:10:40 +0100] "GET /entry.php?id=11678& HTTP/1.1" 200 3381 "http://ed.activities.at/entry.php?id=11679" "Mozilla/5.0 (Windows NT 5.1; rv:50.0) Gecko/20100101 Firefox/50.0"
81.189.93.28 - - [22/Nov/2016:14:10:41 +0100] "GET /gui/javascript/form_form.js?1479820241 HTTP/1.1" 200 16206 "http://ed.activities.at/entry.php?id=11677&" "Mozilla/5.0 (Windows NT 5.1; rv:50.0) Gecko/20100101 Firefox/50.0"
81.189.93.28 - - [22/Nov/2016:14:10:41 +0100] "GET /activities/framework/KoolControls/KoolAjax/koolajax.php?8436e354c842500aba3cbaf0584c0c24 HTTP/1.1" 200 4079 "http://ed.activities.at/entry.php?id=11678&" "Mozilla/5.0 (Windows NT 5.1; rv:50.0) Gecko/20100101 Firefox/50.0"
213.86.241.133 - - [22/Nov/2016:14:10:41 +0100] "POST /entry.php?id=11671 HTTP/1.1" 200 4961 "http://easydrivers.activities.at/entry.php?id=11671" "Mozilla/5.0 (Windows NT 10.0; WOW64; Trident/7.0; rv:11.0) like Gecko"
213.86.241.133 - - [22/Nov/2016:14:10:41 +0100] "GET /gui/javascript/form_form.js?1479820241 HTTP/1.1" 200 16206 "http://easydrivers.activities.at/entry.php?id=11671" "Mozilla/5.0 (Windows NT 10.0; WOW64; Trident/7.0; rv:11.0) like Gecko"
213.86.241.133 - - [22/Nov/2016:14:10:42 +0100] "GET /entry.php?id=10778&form=11496&name=list& HTTP/1.1" 200 5770 "http://easydrivers.activities.at/entry.php?id=11671" "Mozilla/5.0 (Windows NT 10.0; WOW64; Trident/7.0; rv:11.0) like Gecko"
81.189.93.28 - - [22/Nov/2016:14:10:42 +0100] "GET /activities/framework/KoolControls/KoolTreeView/kooltreeview.php?c7cd9180e88ffef8e70f13526bb4f5f7 HTTP/1.1" 200 5055 "http://ed.activities.at/entry.php?id=11678&" "Mozilla/5.0 (Windows NT 5.1; rv:50.0) Gecko/20100101 Firefox/50.0"
81.189.93.28 - - [22/Nov/2016:14:10:41 +0100] "GET /entry.php?id=11618&&object=&item=&emu_class= HTTP/1.1" 200 1698 "http://ed.activities.at/entry.php?id=11677&" "Mozilla/5.0 (Windows NT 5.1; rv:50.0) Gecko/20100101 Firefox/50.0"
213.86.241.133 - - [22/Nov/2016:14:10:42 +0100] "GET /entry.php?id=10776&form=11496&name=list& HTTP/1.1" 200 1519 "http://easydrivers.activities.at/entry.php?id=11671" "Mozilla/5.0 (Windows NT 10.0; WOW64; Trident/7.0; rv:11.0) like Gecko"
81.189.93.28 - - [22/Nov/2016:14:10:42 +0100] "GET /gui/javascript/form_form.js?1479820242 HTTP/1.1" 200 16206 "http://ed.activities.at/entry.php?id=11618&&object=&item=&emu_class=" "Mozilla/5.0 (Windows NT 5.1; rv:50.0) Gecko/20100101 Firefox/50.0"
81.189.93.28 - - [22/Nov/2016:14:10:42 +0100] "POST /entry.php?id=11677 HTTP/1.1" 200 4407 "http://ed.activities.at/entry.php?id=11677&" "Mozilla/5.0 (Windows NT 5.1; rv:50.0) Gecko/20100101 Firefox/50.0"
81.189.93.28 - - [22/Nov/2016:14:10:43 +0100] "POST /entry.php?id=11677 HTTP/1.1" 200 4407 "http://ed.activities.at/entry.php?id=11677" "Mozilla/5.0 (Windows NT 5.1; rv:50.0) Gecko/20100101 Firefox/50.0"
81.189.93.28 - - [22/Nov/2016:14:10:44 +0100] "GET /gui/javascript/form_form.js?1479820243 HTTP/1.1" 200 16206 "http://ed.activities.at/entry.php?id=11677" "Mozilla/5.0 (Windows NT 5.1; rv:50.0) Gecko/20100101 Firefox/50.0"
213.86.241.133 - - [22/Nov/2016:14:10:44 +0100] "POST /entry.php?id=11671 HTTP/1.1" 200 4912 "http://easydrivers.activities.at/entry.php?id=11671" "Mozilla/5.0 (Windows NT 10.0; WOW64; Trident/7.0; rv:11.0) like Gecko"
213.86.241.133 - - [22/Nov/2016:14:10:46 +0100] "GET /gui/javascript/form_form.js?1479820245 HTTP/1.1" 200 16206 "http://easydrivers.activities.at/entry.php?id=11671" "Mozilla/5.0 (Windows NT 10.0; WOW64; Trident/7.0; rv:11.0) like Gecko"
213.86.241.133 - - [22/Nov/2016:14:10:46 +0100] "GET /entry.php?id=10776&form=11496&name=list& HTTP/1.1" 200 1519 "http://easydrivers.activities.at/entry.php?id=11671" "Mozilla/5.0 (Windows NT 10.0; WOW64; Trident/7.0; rv:11.0) like Gecko"
213.86.241.133 - - [22/Nov/2016:14:10:46 +0100] "GET /entry.php?id=10778&form=11496&name=list& HTTP/1.1" 200 5770 "http://easydrivers.activities.at/entry.php?id=11671" "Mozilla/5.0 (Windows NT 10.0; WOW64; Trident/7.0; rv:11.0) like Gecko"
81.189.93.28 - - [22/Nov/2016:14:10:47 +0100] "POST /entry.php?id=11677 HTTP/1.1" 200 3220 "http://ed.activities.at/entry.php?id=11677" "Mozilla/5.0 (Windows NT 5.1; rv:50.0) Gecko/20100101 Firefox/50.0"
81.189.93.28 - - [22/Nov/2016:14:10:47 +0100] "GET /gui/javascript/form_form.js?1479820247 HTTP/1.1" 200 16206 "http://ed.activities.at/entry.php?id=11677" "Mozilla/5.0 (Windows NT 5.1; rv:50.0) Gecko/20100101 Firefox/50.0"
81.189.93.28 - - [22/Nov/2016:14:10:48 +0100] "GET /entry.php?id=10776&form=11502&name=list& HTTP/1.1" 200 1475 "http://ed.activities.at/entry.php?id=11677" "Mozilla/5.0 (Windows NT 5.1; rv:50.0) Gecko/20100101 Firefox/50.0"
81.189.93.28 - - [22/Nov/2016:14:10:48 +0100] "GET /entry.php?id=10778&form=11502&name=list& HTTP/1.1" 200 3859 "http://ed.activities.at/entry.php?id=11677" "Mozilla/5.0 (Windows NT 5.1; rv:50.0) Gecko/20100101 Firefox/50.0"
213.86.241.133 - - [22/Nov/2016:14:10:50 +0100] "POST /entry.php?id=11671 HTTP/1.1" 200 4741 "http://easydrivers.activities.at/entry.php?id=11671" "Mozilla/5.0 (Windows NT 10.0; WOW64; Trident/7.0; rv:11.0) like Gecko"
213.86.241.133 - - [22/Nov/2016:14:10:50 +0100] "GET /gui/javascript/form_form.js?1479820250 HTTP/1.1" 200 16206 "http://easydrivers.activities.at/entry.php?id=11671" "Mozilla/5.0 (Windows NT 10.0; WOW64; Trident/7.0; rv:11.0) like Gecko"
213.86.241.133 - - [22/Nov/2016:14:10:51 +0100] "GET /entry.php?id=10776&form=11496&name=list& HTTP/1.1" 200 1519 "http://easydrivers.activities.at/entry.php?id=11671" "Mozilla/5.0 (Windows NT 10.0; WOW64; Trident/7.0; rv:11.0) like Gecko"
213.86.241.133 - - [22/Nov/2016:14:10:51 +0100] "GET /entry.php?id=10778&form=11496&name=list& HTTP/1.1" 200 5757 "http://easydrivers.activities.at/entry.php?id=11671" "Mozilla/5.0 (Windows NT 10.0; WOW64; Trident/7.0; rv:11.0) like Gecko"
213.86.241.133 - - [22/Nov/2016:14:10:58 +0100] "GET /entry.php?id=10271&&ser=820198 HTTP/1.1" 200 986 "http://easydrivers.activities.at/entry.php?id=10271&&ser=820137" "Mozilla/5.0 (Windows NT 10.0; WOW64; Trident/7.0; rv:11.0) like Gecko"
213.86.241.133 - - [22/Nov/2016:14:10:58 +0100] "GET /gui/javascript/form_form.js?1479820258 HTTP/1.1" 200 16206 "http://easydrivers.activities.at/entry.php?id=10271&&ser=820198" "Mozilla/5.0 (Windows NT 10.0; WOW64; Trident/7.0; rv:11.0) like Gecko"
81.189.93.28 - - [22/Nov/2016:14:11:03 +0100] "GET /entry.php?id=10271&&ser=820203 HTTP/1.1" 200 987 "http://ed.activities.at/entry.php?id=10271&&ser=820142" "Mozilla/5.0 (Windows NT 5.1; rv:50.0) Gecko/20100101 Firefox/50.0"
81.189.93.28 - - [22/Nov/2016:14:11:04 +0100] "GET /gui/javascript/form_form.js?1479820264 HTTP/1.1" 200 16206 "http://ed.activities.at/entry.php?id=10271&&ser=820203" "Mozilla/5.0 (Windows NT 5.1; rv:50.0) Gecko/20100101 Firefox/50.0"
213.86.241.133 - - [22/Nov/2016:14:11:08 +0100] "POST /entry.php?id=11671 HTTP/1.1" 200 4930 "http://easydrivers.activities.at/entry.php?id=11671" "Mozilla/5.0 (Windows NT 10.0; WOW64; Trident/7.0; rv:11.0) like Gecko"
213.86.241.133 - - [22/Nov/2016:14:11:09 +0100] "GET /gui/javascript/form_form.js?1479820269 HTTP/1.1" 200 16206 "http://easydrivers.activities.at/entry.php?id=11671" "Mozilla/5.0 (Windows NT 10.0; WOW64; Trident/7.0; rv:11.0) like Gecko"
213.86.241.133 - - [22/Nov/2016:14:11:09 +0100] "GET /entry.php?id=10776&form=11496&name=list& HTTP/1.1" 200 1519 "http://easydrivers.activities.at/entry.php?id=11671" "Mozilla/5.0 (Windows NT 10.0; WOW64; Trident/7.0; rv:11.0) like Gecko"
213.86.241.133 - - [22/Nov/2016:14:11:09 +0100] "GET /entry.php?id=10778&form=11496&name=list& HTTP/1.1" 200 5770 "http://easydrivers.activities.at/entry.php?id=11671" "Mozilla/5.0 (Windows NT 10.0; WOW64; Trident/7.0; rv:11.0) like Gecko"
213.86.241.133 - - [22/Nov/2016:14:11:11 +0100] "POST /entry.php?id=11671 HTTP/1.1" 200 4913 "http://easydrivers.activities.at/entry.php?id=11671" "Mozilla/5.0 (Windows NT 10.0; WOW64; Trident/7.0; rv:11.0) like Gecko"
213.86.241.133 - - [22/Nov/2016:14:11:12 +0100] "GET /gui/javascript/form_form.js?1479820271 HTTP/1.1" 200 16206 "http://easydrivers.activities.at/entry.php?id=11671" "Mozilla/5.0 (Windows NT 10.0; WOW64; Trident/7.0; rv:11.0) like Gecko"
213.86.241.133 - - [22/Nov/2016:14:11:12 +0100] "GET /entry.php?id=10776&form=11496&name=list& HTTP/1.1" 200 1519 "http://easydrivers.activities.at/entry.php?id=11671" "Mozilla/5.0 (Windows NT 10.0; WOW64; Trident/7.0; rv:11.0) like Gecko"
213.86.241.133 - - [22/Nov/2016:14:11:12 +0100] "GET /entry.php?id=10778&form=11496&name=list& HTTP/1.1" 200 5770 "http://easydrivers.activities.at/entry.php?id=11671" "Mozilla/5.0 (Windows NT 10.0; WOW64; Trident/7.0; rv:11.0) like Gecko"
213.86.241.133 - - [22/Nov/2016:14:11:20 +0100] "POST /entry.php?id=11671 HTTP/1.1" 200 4609 "http://easydrivers.activities.at/entry.php?id=11671" "Mozilla/5.0 (Windows NT 10.0; WOW64; Trident/7.0; rv:11.0) like Gecko"
213.86.241.133 - - [22/Nov/2016:14:11:21 +0100] "GET /gui/javascript/form_form.js?1479820281 HTTP/1.1" 200 16206 "http://easydrivers.activities.at/entry.php?id=11671" "Mozilla/5.0 (Windows NT 10.0; WOW64; Trident/7.0; rv:11.0) like Gecko"
213.86.241.133 - - [22/Nov/2016:14:11:21 +0100] "GET /entry.php?id=10776&form=11496&name=list& HTTP/1.1" 200 1519 "http://easydrivers.activities.at/entry.php?id=11671" "Mozilla/5.0 (Windows NT 10.0; WOW64; Trident/7.0; rv:11.0) like Gecko"
213.86.241.133 - - [22/Nov/2016:14:11:21 +0100] "GET /entry.php?id=10778&form=11496&name=list& HTTP/1.1" 200 5590 "http://easydrivers.activities.at/entry.php?id=11671" "Mozilla/5.0 (Windows NT 10.0; WOW64; Trident/7.0; rv:11.0) like Gecko"
81.189.93.28 - - [22/Nov/2016:14:11:52 +0100] "GET /entry.php?id=11686&object=10227333&site=10201431 HTTP/1.1" 200 1751 "http://ed.activities.at/entry.php?id=11412" "Mozilla/5.0 (Windows NT 5.1; rv:50.0) Gecko/20100101 Firefox/50.0"
81.189.93.28 - - [22/Nov/2016:14:11:52 +0100] "GET /gui/javascript/form_form.js?1479820312 HTTP/1.1" 200 16206 "http://ed.activities.at/entry.php?id=11686&object=10227333&site=10201431" "Mozilla/5.0 (Windows NT 5.1; rv:50.0) Gecko/20100101 Firefox/50.0"
213.86.241.133 - - [22/Nov/2016:14:11:58 +0100] "GET /entry.php?id=10271&&ser=820258 HTTP/1.1" 200 987 "http://easydrivers.activities.at/entry.php?id=10271&&ser=820198" "Mozilla/5.0 (Windows NT 10.0; WOW64; Trident/7.0; rv:11.0) like Gecko"
213.86.241.133 - - [22/Nov/2016:14:11:59 +0100] "GET /gui/javascript/form_form.js?1479820318 HTTP/1.1" 200 16206 "http://easydrivers.activities.at/entry.php?id=10271&&ser=820258" "Mozilla/5.0 (Windows NT 10.0; WOW64; Trident/7.0; rv:11.0) like Gecko"
81.189.93.28 - - [22/Nov/2016:14:12:01 +0100] "POST /entry.php?id=11677 HTTP/1.1" 200 5089 "http://ed.activities.at/entry.php?id=11677" "Mozilla/5.0 (Windows NT 5.1; rv:50.0) Gecko/20100101 Firefox/50.0"
81.189.93.28 - - [22/Nov/2016:14:12:02 +0100] "GET /gui/javascript/form_form.js?1479820321 HTTP/1.1" 200 16206 "http://ed.activities.at/entry.php?id=11677" "Mozilla/5.0 (Windows NT 5.1; rv:50.0) Gecko/20100101 Firefox/50.0"
81.189.93.28 - - [22/Nov/2016:14:12:04 +0100] "GET /entry.php?id=10271&&ser=820264 HTTP/1.1" 200 987 "http://ed.activities.at/entry.php?id=10271&&ser=820203" "Mozilla/5.0 (Windows NT 5.1; rv:50.0) Gecko/20100101 Firefox/50.0"
81.189.93.28 - - [22/Nov/2016:14:12:05 +0100] "GET /gui/javascript/form_form.js?1479820324 HTTP/1.1" 200 16206 "http://ed.activities.at/entry.php?id=10271&&ser=820264" "Mozilla/5.0 (Windows NT 5.1; rv:50.0) Gecko/20100101 Firefox/50.0"
81.189.93.28 - - [22/Nov/2016:14:12:05 +0100] "POST /entry.php?id=11677 HTTP/1.1" 200 4407 "http://ed.activities.at/entry.php?id=11677" "Mozilla/5.0 (Windows NT 5.1; rv:50.0) Gecko/20100101 Firefox/50.0"
81.189.93.28 - - [22/Nov/2016:14:12:06 +0100] "GET /gui/javascript/form_form.js?1479820326 HTTP/1.1" 200 16206 "http://ed.activities.at/entry.php?id=11677" "Mozilla/5.0 (Windows NT 5.1; rv:50.0) Gecko/20100101 Firefox/50.0"
81.189.93.28 - - [22/Nov/2016:14:12:13 +0100] "POST /entry.php?id=11677 HTTP/1.1" 200 3220 "http://ed.activities.at/entry.php?id=11677" "Mozilla/5.0 (Windows NT 5.1; rv:50.0) Gecko/20100101 Firefox/50.0"
81.189.93.28 - - [22/Nov/2016:14:12:13 +0100] "GET /gui/javascript/form_form.js?1479820333 HTTP/1.1" 200 16206 "http://ed.activities.at/entry.php?id=11677" "Mozilla/5.0 (Windows NT 5.1; rv:50.0) Gecko/20100101 Firefox/50.0"
81.189.93.28 - - [22/Nov/2016:14:12:14 +0100] "GET /entry.php?id=10776&form=11502&name=list& HTTP/1.1" 200 1475 "http://ed.activities.at/entry.php?id=11677" "Mozilla/5.0 (Windows NT 5.1; rv:50.0) Gecko/20100101 Firefox/50.0"
81.189.93.28 - - [22/Nov/2016:14:12:14 +0100] "GET /entry.php?id=10778&form=11502&name=list& HTTP/1.1" 200 3859 "http://ed.activities.at/entry.php?id=11677" "Mozilla/5.0 (Windows NT 5.1; rv:50.0) Gecko/20100101 Firefox/50.0"
81.189.93.28 - - [22/Nov/2016:14:12:20 +0100] "POST /entry.php?id=11677 HTTP/1.1" 200 3315 "http://ed.activities.at/entry.php?id=10778&form=11502&name=list&" "Mozilla/5.0 (Windows NT 5.1; rv:50.0) Gecko/20100101 Firefox/50.0"
81.189.93.28 - - [22/Nov/2016:14:12:21 +0100] "GET /gui/javascript/form_form.js?1479820341 HTTP/1.1" 200 16206 "http://ed.activities.at/entry.php?id=11677" "Mozilla/5.0 (Windows NT 5.1; rv:50.0) Gecko/20100101 Firefox/50.0"
81.189.93.28 - - [22/Nov/2016:14:12:21 +0100] "GET /entry.php?id=10776&form=11502&name=list& HTTP/1.1" 200 1475 "http://ed.activities.at/entry.php?id=11677" "Mozilla/5.0 (Windows NT 5.1; rv:50.0) Gecko/20100101 Firefox/50.0"
81.189.93.28 - - [22/Nov/2016:14:12:21 +0100] "GET /entry.php?id=10778&form=11502&name=list& HTTP/1.1" 200 3862 "http://ed.activities.at/entry.php?id=11677" "Mozilla/5.0 (Windows NT 5.1; rv:50.0) Gecko/20100101 Firefox/50.0"
81.189.93.28 - - [22/Nov/2016:14:12:35 +0100] "POST /entry.php?id=11677 HTTP/1.1" 200 4408 "http://ed.activities.at/entry.php?id=11677" "Mozilla/5.0 (Windows NT 5.1; rv:50.0) Gecko/20100101 Firefox/50.0"
81.189.93.28 - - [22/Nov/2016:14:12:35 +0100] "GET /gui/javascript/form_form.js?1479820355 HTTP/1.1" 200 16206 "http://ed.activities.at/entry.php?id=11677" "Mozilla/5.0 (Windows NT 5.1; rv:50.0) Gecko/20100101 Firefox/50.0"
213.86.241.133 - - [22/Nov/2016:14:12:50 +0100] "POST /entry.php?id=11671 HTTP/1.1" 200 4966 "http://easydrivers.activities.at/entry.php?id=11671" "Mozilla/5.0 (Windows NT 10.0; WOW64; Trident/7.0; rv:11.0) like Gecko"
213.86.241.133 - - [22/Nov/2016:14:12:50 +0100] "GET /gui/javascript/form_form.js?1479820370 HTTP/1.1" 200 16206 "http://easydrivers.activities.at/entry.php?id=11671" "Mozilla/5.0 (Windows NT 10.0; WOW64; Trident/7.0; rv:11.0) like Gecko"
213.86.241.133 - - [22/Nov/2016:14:12:50 +0100] "GET /entry.php?id=10776&form=11496&name=list& HTTP/1.1" 200 1519 "http://easydrivers.activities.at/entry.php?id=11671" "Mozilla/5.0 (Windows NT 10.0; WOW64; Trident/7.0; rv:11.0) like Gecko"
213.86.241.133 - - [22/Nov/2016:14:12:50 +0100] "GET /entry.php?id=10778&form=11496&name=list& HTTP/1.1" 200 5770 "http://easydrivers.activities.at/entry.php?id=11671" "Mozilla/5.0 (Windows NT 10.0; WOW64; Trident/7.0; rv:11.0) like Gecko"
81.189.93.28 - - [22/Nov/2016:14:12:53 +0100] "POST /entry.php?id=11678 HTTP/1.1" 200 3434 "http://ed.activities.at/entry.php?id=11678&" "Mozilla/5.0 (Windows NT 5.1; rv:50.0) Gecko/20100101 Firefox/50.0"
81.189.93.28 - - [22/Nov/2016:14:12:53 +0100] "GET /gui/javascript/form_form.js?1479820373 HTTP/1.1" 200 16206 "http://ed.activities.at/entry.php?id=11678" "Mozilla/5.0 (Windows NT 5.1; rv:50.0) Gecko/20100101 Firefox/50.0"
81.189.93.28 - - [22/Nov/2016:14:12:53 +0100] "GET /activities/framework/KoolControls/KoolAjax/koolajax.php?8436e354c842500aba3cbaf0584c0c24 HTTP/1.1" 200 4079 "http://ed.activities.at/entry.php?id=11678" "Mozilla/5.0 (Windows NT 5.1; rv:50.0) Gecko/20100101 Firefox/50.0"
81.189.93.28 - - [22/Nov/2016:14:12:54 +0100] "GET /activities/framework/KoolControls/KoolTreeView/kooltreeview.php?c7cd9180e88ffef8e70f13526bb4f5f7 HTTP/1.1" 200 5055 "http://ed.activities.at/entry.php?id=11678" "Mozilla/5.0 (Windows NT 5.1; rv:50.0) Gecko/20100101 Firefox/50.0"
213.86.241.133 - - [22/Nov/2016:14:12:53 +0100] "POST /entry.php?id=11671 HTTP/1.1" 200 4917 "http://easydrivers.activities.at/entry.php?id=11671" "Mozilla/5.0 (Windows NT 10.0; WOW64; Trident/7.0; rv:11.0) like Gecko"
213.86.241.133 - - [22/Nov/2016:14:12:55 +0100] "GET /gui/javascript/form_form.js?1479820374 HTTP/1.1" 200 16206 "http://easydrivers.activities.at/entry.php?id=11671" "Mozilla/5.0 (Windows NT 10.0; WOW64; Trident/7.0; rv:11.0) like Gecko"
213.86.241.133 - - [22/Nov/2016:14:12:55 +0100] "GET /entry.php?id=10776&form=11496&name=list& HTTP/1.1" 200 1519 "http://easydrivers.activities.at/entry.php?id=11671" "Mozilla/5.0 (Windows NT 10.0; WOW64; Trident/7.0; rv:11.0) like Gecko"
213.86.241.133 - - [22/Nov/2016:14:12:55 +0100] "GET /entry.php?id=10778&form=11496&name=list& HTTP/1.1" 200 5770 "http://easydrivers.activities.at/entry.php?id=11671" "Mozilla/5.0 (Windows NT 10.0; WOW64; Trident/7.0; rv:11.0) like Gecko"
81.189.93.28 - - [22/Nov/2016:14:12:55 +0100] "POST /entry.php?id=11677 HTTP/1.1" 200 4401 "http://ed.activities.at/entry.php?id=11677" "Mozilla/5.0 (Windows NT 5.1; rv:50.0) Gecko/20100101 Firefox/50.0"
81.189.93.28 - - [22/Nov/2016:14:12:55 +0100] "GET /gui/javascript/form_form.js?1479820375 HTTP/1.1" 200 16206 "http://ed.activities.at/entry.php?id=11677" "Mozilla/5.0 (Windows NT 5.1; rv:50.0) Gecko/20100101 Firefox/50.0"
213.86.241.133 - - [22/Nov/2016:14:12:59 +0100] "GET /entry.php?id=10271&&ser=820318 HTTP/1.1" 200 987 "http://easydrivers.activities.at/entry.php?id=10271&&ser=820258" "Mozilla/5.0 (Windows NT 10.0; WOW64; Trident/7.0; rv:11.0) like Gecko"
213.86.241.133 - - [22/Nov/2016:14:12:59 +0100] "GET /gui/javascript/form_form.js?1479820379 HTTP/1.1" 200 16206 "http://easydrivers.activities.at/entry.php?id=10271&&ser=820318" "Mozilla/5.0 (Windows NT 10.0; WOW64; Trident/7.0; rv:11.0) like Gecko"
81.189.93.28 - - [22/Nov/2016:14:13:05 +0100] "GET /entry.php?id=10271&&ser=820324 HTTP/1.1" 200 987 "http://ed.activities.at/entry.php?id=10271&&ser=820264" "Mozilla/5.0 (Windows NT 5.1; rv:50.0) Gecko/20100101 Firefox/50.0"
81.189.93.28 - - [22/Nov/2016:14:13:05 +0100] "GET /gui/javascript/form_form.js?1479820385 HTTP/1.1" 200 16206 "http://ed.activities.at/entry.php?id=10271&&ser=820324" "Mozilla/5.0 (Windows NT 5.1; rv:50.0) Gecko/20100101 Firefox/50.0"
213.86.241.133 - - [22/Nov/2016:14:13:07 +0100] "POST /entry.php?id=11671 HTTP/1.1" 200 4610 "http://easydrivers.activities.at/entry.php?id=11671" "Mozilla/5.0 (Windows NT 10.0; WOW64; Trident/7.0; rv:11.0) like Gecko"
213.86.241.133 - - [22/Nov/2016:14:13:07 +0100] "GET /gui/javascript/form_form.js?1479820387 HTTP/1.1" 200 16206 "http://easydrivers.activities.at/entry.php?id=11671" "Mozilla/5.0 (Windows NT 10.0; WOW64; Trident/7.0; rv:11.0) like Gecko"
213.86.241.133 - - [22/Nov/2016:14:13:08 +0100] "GET /entry.php?id=10778&form=11496&name=list& HTTP/1.1" 200 5590 "http://easydrivers.activities.at/entry.php?id=11671" "Mozilla/5.0 (Windows NT 10.0; WOW64; Trident/7.0; rv:11.0) like Gecko"
213.86.241.133 - - [22/Nov/2016:14:13:08 +0100] "GET /entry.php?id=10776&form=11496&name=list& HTTP/1.1" 200 1519 "http://easydrivers.activities.at/entry.php?id=11671" "Mozilla/5.0 (Windows NT 10.0; WOW64; Trident/7.0; rv:11.0) like Gecko"
81.189.93.28 - - [22/Nov/2016:14:13:29 +0100] "POST /entry.php?id=11677 HTTP/1.1" 200 4402 "http://ed.activities.at/entry.php?id=11677" "Mozilla/5.0 (Windows NT 5.1; rv:50.0) Gecko/20100101 Firefox/50.0"
81.189.93.28 - - [22/Nov/2016:14:13:29 +0100] "GET /gui/javascript/form_form.js?1479820409 HTTP/1.1" 200 16206 "http://ed.activities.at/entry.php?id=11677" "Mozilla/5.0 (Windows NT 5.1; rv:50.0) Gecko/20100101 Firefox/50.0"
81.189.93.28 - - [22/Nov/2016:14:13:35 +0100] "POST /entry.php?id=11677 HTTP/1.1" 200 3220 "http://ed.activities.at/entry.php?id=11677" "Mozilla/5.0 (Windows NT 5.1; rv:50.0) Gecko/20100101 Firefox/50.0"
81.189.93.28 - - [22/Nov/2016:14:13:36 +0100] "GET /gui/javascript/form_form.js?1479820415 HTTP/1.1" 200 16206 "http://ed.activities.at/entry.php?id=11677" "Mozilla/5.0 (Windows NT 5.1; rv:50.0) Gecko/20100101 Firefox/50.0"
81.189.93.28 - - [22/Nov/2016:14:13:36 +0100] "GET /entry.php?id=10776&form=11502&name=list& HTTP/1.1" 200 1475 "http://ed.activities.at/entry.php?id=11677" "Mozilla/5.0 (Windows NT 5.1; rv:50.0) Gecko/20100101 Firefox/50.0"
81.189.93.28 - - [22/Nov/2016:14:13:36 +0100] "GET /entry.php?id=10778&form=11502&name=list& HTTP/1.1" 200 3862 "http://ed.activities.at/entry.php?id=11677" "Mozilla/5.0 (Windows NT 5.1; rv:50.0) Gecko/20100101 Firefox/50.0"
81.189.93.28 - - [22/Nov/2016:14:13:44 +0100] "GET /entry.php?id=11685&object=10230378&site=10201431&item=10221971 HTTP/1.1" 200 3672 "http://ed.activities.at/entry.php?id=11412" "Mozilla/5.0 (Windows NT 5.1; rv:50.0) Gecko/20100101 Firefox/50.0"
81.189.93.28 - - [22/Nov/2016:14:13:45 +0100] "GET /gui/javascript/form_form.js?1479820425 HTTP/1.1" 200 16206 "http://ed.activities.at/entry.php?id=11685&object=10230378&site=10201431&item=10221971" "Mozilla/5.0 (Windows NT 5.1; rv:50.0) Gecko/20100101 Firefox/50.0"
81.189.93.28 - - [22/Nov/2016:14:13:45 +0100] "GET /cache/emu/images/easy-drivers-spittelau10244077/aktionjpg_160_90_0.jpg HTTP/1.1" 304 - "http://ed.activities.at/entry.php?id=11685&object=10230378&site=10201431&item=10221971" "Mozilla/5.0 (Windows NT 5.1; rv:50.0) Gecko/20100101 Firefox/50.0"
213.86.241.133 - - [22/Nov/2016:14:14:00 +0100] "GET /entry.php?id=10271&&ser=820379 HTTP/1.1" 200 987 "http://easydrivers.activities.at/entry.php?id=10271&&ser=820318" "Mozilla/5.0 (Windows NT 10.0; WOW64; Trident/7.0; rv:11.0) like Gecko"
213.86.241.133 - - [22/Nov/2016:14:14:00 +0100] "GET /gui/javascript/form_form.js?1479820440 HTTP/1.1" 200 16206 "http://easydrivers.activities.at/entry.php?id=10271&&ser=820379" "Mozilla/5.0 (Windows NT 10.0; WOW64; Trident/7.0; rv:11.0) like Gecko"
81.189.93.28 - - [22/Nov/2016:14:14:01 +0100] "GET /entry.php?id=11613&mode=addnewboxoffer&site=10201431&hidetitle=addnewboxoffer HTTP/1.1" 200 409 "http://ed.activities.at/entry.php?id=11412" "Mozilla/5.0 (Windows NT 5.1; rv:50.0) Gecko/20100101 Firefox/50.0"
81.189.93.28 - - [22/Nov/2016:14:14:01 +0100] "GET /entry.php?id=11678&object=&mode=addnewboxoffer&site=10201431&hiddelegend=true&hidetitle=addnewboxoffer& HTTP/1.1" 200 2759 "http://ed.activities.at/entry.php?id=11613&mode=addnewboxoffer&site=10201431&hidetitle=addnewboxoffer" "Mozilla/5.0 (Windows NT 5.1; rv:50.0) Gecko/20100101 Firefox/50.0"
81.189.93.28 - - [22/Nov/2016:14:14:02 +0100] "GET /gui/javascript/form_form.js?1479820442 HTTP/1.1" 200 16206 "http://ed.activities.at/entry.php?id=11678&object=&mode=addnewboxoffer&site=10201431&hiddelegend=true&hidetitle=addnewboxoffer&" "Mozilla/5.0 (Windows NT 5.1; rv:50.0) Gecko/20100101 Firefox/50.0"
81.189.93.28 - - [22/Nov/2016:14:14:02 +0100] "GET /activities/framework/KoolControls/KoolAjax/koolajax.php?8436e354c842500aba3cbaf0584c0c24 HTTP/1.1" 200 4079 "http://ed.activities.at/entry.php?id=11678&object=&mode=addnewboxoffer&site=10201431&hiddelegend=true&hidetitle=addnewboxoffer&" "Mozilla/5.0 (Windows NT 5.1; rv:50.0) Gecko/20100101 Firefox/50.0"
81.189.93.28 - - [22/Nov/2016:14:14:01 +0100] "GET /entry.php?id=11616&object=&mode=addnewboxoffer&site=10201431&hiddelegend=true&hidetitle=addnewboxoffer& HTTP/1.1" 200 1784 "http://ed.activities.at/entry.php?id=11613&mode=addnewboxoffer&site=10201431&hidetitle=addnewboxoffer" "Mozilla/5.0 (Windows NT 5.1; rv:50.0) Gecko/20100101 Firefox/50.0"
81.189.93.28 - - [22/Nov/2016:14:14:02 +0100] "GET /activities/framework/KoolControls/KoolTreeView/kooltreeview.php?c7cd9180e88ffef8e70f13526bb4f5f7 HTTP/1.1" 200 5055 "http://ed.activities.at/entry.php?id=11678&object=&mode=addnewboxoffer&site=10201431&hiddelegend=true&hidetitle=addnewboxoffer&" "Mozilla/5.0 (Windows NT 5.1; rv:50.0) Gecko/20100101 Firefox/50.0"
81.189.93.28 - - [22/Nov/2016:14:14:06 +0100] "GET /entry.php?id=10271&&ser=820385 HTTP/1.1" 200 987 "http://ed.activities.at/entry.php?id=10271&&ser=820324" "Mozilla/5.0 (Windows NT 5.1; rv:50.0) Gecko/20100101 Firefox/50.0"
81.189.93.28 - - [22/Nov/2016:14:14:06 +0100] "GET /gui/javascript/form_form.js?1479820446 HTTP/1.1" 200 16206 "http://ed.activities.at/entry.php?id=10271&&ser=820385" "Mozilla/5.0 (Windows NT 5.1; rv:50.0) Gecko/20100101 Firefox/50.0"
213.86.241.133 - - [22/Nov/2016:14:14:21 +0100] "POST /entry.php?id=11671 HTTP/1.1" 200 4961 "http://easydrivers.activities.at/entry.php?id=11671" "Mozilla/5.0 (Windows NT 10.0; WOW64; Trident/7.0; rv:11.0) like Gecko"
213.86.241.133 - - [22/Nov/2016:14:14:21 +0100] "GET /gui/javascript/form_form.js?1479820461 HTTP/1.1" 200 16206 "http://easydrivers.activities.at/entry.php?id=11671" "Mozilla/5.0 (Windows NT 10.0; WOW64; Trident/7.0; rv:11.0) like Gecko"
213.86.241.133 - - [22/Nov/2016:14:14:21 +0100] "GET /entry.php?id=10776&form=11496&name=list& HTTP/1.1" 200 1519 "http://easydrivers.activities.at/entry.php?id=11671" "Mozilla/5.0 (Windows NT 10.0; WOW64; Trident/7.0; rv:11.0) like Gecko"
213.86.241.133 - - [22/Nov/2016:14:14:21 +0100] "GET /entry.php?id=10778&form=11496&name=list& HTTP/1.1" 200 5770 "http://easydrivers.activities.at/entry.php?id=11671" "Mozilla/5.0 (Windows NT 10.0; WOW64; Trident/7.0; rv:11.0) like Gecko"
213.86.241.133 - - [22/Nov/2016:14:14:24 +0100] "POST /entry.php?id=11671 HTTP/1.1" 200 4913 "http://easydrivers.activities.at/entry.php?id=11671" "Mozilla/5.0 (Windows NT 10.0; WOW64; Trident/7.0; rv:11.0) like Gecko"
213.86.241.133 - - [22/Nov/2016:14:14:25 +0100] "GET /gui/javascript/form_form.js?1479820465 HTTP/1.1" 200 16206 "http://easydrivers.activities.at/entry.php?id=11671" "Mozilla/5.0 (Windows NT 10.0; WOW64; Trident/7.0; rv:11.0) like Gecko"
213.86.241.133 - - [22/Nov/2016:14:14:26 +0100] "GET /entry.php?id=10778&form=11496&name=list& HTTP/1.1" 200 5770 "http://easydrivers.activities.at/entry.php?id=11671" "Mozilla/5.0 (Windows NT 10.0; WOW64; Trident/7.0; rv:11.0) like Gecko"
213.86.241.133 - - [22/Nov/2016:14:14:26 +0100] "GET /entry.php?id=10776&form=11496&name=list& HTTP/1.1" 200 1519 "http://easydrivers.activities.at/entry.php?id=11671" "Mozilla/5.0 (Windows NT 10.0; WOW64; Trident/7.0; rv:11.0) like Gecko"
81.189.93.28 - - [22/Nov/2016:14:14:27 +0100] "GET /entry.php?id=11613&mode=addnewboxoffer&site=10201431&hidetitle=addnewboxoffer HTTP/1.1" 200 409 "http://ed.activities.at/entry.php?id=11412" "Mozilla/5.0 (Windows NT 5.1; rv:50.0) Gecko/20100101 Firefox/50.0"
81.189.93.28 - - [22/Nov/2016:14:14:27 +0100] "GET /entry.php?id=11678&object=&mode=addnewboxoffer&site=10201431&hiddelegend=true&hidetitle=addnewboxoffer& HTTP/1.1" 200 2760 "http://ed.activities.at/entry.php?id=11613&mode=addnewboxoffer&site=10201431&hidetitle=addnewboxoffer" "Mozilla/5.0 (Windows NT 5.1; rv:50.0) Gecko/20100101 Firefox/50.0"
81.189.93.28 - - [22/Nov/2016:14:14:28 +0100] "GET /gui/javascript/form_form.js?1479820467 HTTP/1.1" 200 16206 "http://ed.activities.at/entry.php?id=11678&object=&mode=addnewboxoffer&site=10201431&hiddelegend=true&hidetitle=addnewboxoffer&" "Mozilla/5.0 (Windows NT 5.1; rv:50.0) Gecko/20100101 Firefox/50.0"
81.189.93.28 - - [22/Nov/2016:14:14:28 +0100] "GET /activities/framework/KoolControls/KoolAjax/koolajax.php?8436e354c842500aba3cbaf0584c0c24 HTTP/1.1" 200 4079 "http://ed.activities.at/entry.php?id=11678&object=&mode=addnewboxoffer&site=10201431&hiddelegend=true&hidetitle=addnewboxoffer&" "Mozilla/5.0 (Windows NT 5.1; rv:50.0) Gecko/20100101 Firefox/50.0"
81.189.93.28 - - [22/Nov/2016:14:14:27 +0100] "GET /entry.php?id=11616&object=&mode=addnewboxoffer&site=10201431&hiddelegend=true&hidetitle=addnewboxoffer& HTTP/1.1" 200 1784 "http://ed.activities.at/entry.php?id=11613&mode=addnewboxoffer&site=10201431&hidetitle=addnewboxoffer" "Mozilla/5.0 (Windows NT 5.1; rv:50.0) Gecko/20100101 Firefox/50.0"
81.189.93.28 - - [22/Nov/2016:14:14:28 +0100] "GET /gui/javascript/form_form.js?1479820468 HTTP/1.1" 200 16206 "http://ed.activities.at/entry.php?id=11616&object=&mode=addnewboxoffer&site=10201431&hiddelegend=true&hidetitle=addnewboxoffer&" "Mozilla/5.0 (Windows NT 5.1; rv:50.0) Gecko/20100101 Firefox/50.0"
81.189.93.28 - - [22/Nov/2016:14:14:28 +0100] "GET /activities/framework/KoolControls/KoolTreeView/kooltreeview.php?c7cd9180e88ffef8e70f13526bb4f5f7 HTTP/1.1" 200 5055 "http://ed.activities.at/entry.php?id=11678&object=&mode=addnewboxoffer&site=10201431&hiddelegend=true&hidetitle=addnewboxoffer&" "Mozilla/5.0 (Windows NT 5.1; rv:50.0) Gecko/20100101 Firefox/50.0"
213.86.241.133 - - [22/Nov/2016:14:14:37 +0100] "POST /entry.php?id=11671 HTTP/1.1" 200 4610 "http://easydrivers.activities.at/entry.php?id=11671" "Mozilla/5.0 (Windows NT 10.0; WOW64; Trident/7.0; rv:11.0) like Gecko"
213.86.241.133 - - [22/Nov/2016:14:14:38 +0100] "GET /gui/javascript/form_form.js?1479820477 HTTP/1.1" 200 16206 "http://easydrivers.activities.at/entry.php?id=11671" "Mozilla/5.0 (Windows NT 10.0; WOW64; Trident/7.0; rv:11.0) like Gecko"
213.86.241.133 - - [22/Nov/2016:14:14:38 +0100] "GET /entry.php?id=10778&form=11496&name=list& HTTP/1.1" 200 5590 "http://easydrivers.activities.at/entry.php?id=11671" "Mozilla/5.0 (Windows NT 10.0; WOW64; Trident/7.0; rv:11.0) like Gecko"
213.86.241.133 - - [22/Nov/2016:14:14:38 +0100] "GET /entry.php?id=10776&form=11496&name=list& HTTP/1.1" 200 1519 "http://easydrivers.activities.at/entry.php?id=11671" "Mozilla/5.0 (Windows NT 10.0; WOW64; Trident/7.0; rv:11.0) like Gecko"
81.189.93.28 - - [22/Nov/2016:14:14:41 +0100] "GET /entry.php?id=11613&mode=addnewboxoffer&site=10201431&hidetitle=addnewboxoffer HTTP/1.1" 200 409 "http://ed.activities.at/entry.php?id=11412" "Mozilla/5.0 (Windows NT 5.1; rv:50.0) Gecko/20100101 Firefox/50.0"
81.189.93.28 - - [22/Nov/2016:14:14:42 +0100] "GET /entry.php?id=11678&object=&mode=addnewboxoffer&site=10201431&hiddelegend=true&hidetitle=addnewboxoffer& HTTP/1.1" 200 2759 "http://ed.activities.at/entry.php?id=11613&mode=addnewboxoffer&site=10201431&hidetitle=addnewboxoffer" "Mozilla/5.0 (Windows NT 5.1; rv:50.0) Gecko/20100101 Firefox/50.0"
81.189.93.28 - - [22/Nov/2016:14:14:42 +0100] "GET /gui/javascript/form_form.js?1479820482 HTTP/1.1" 200 16206 "http://ed.activities.at/entry.php?id=11678&object=&mode=addnewboxoffer&site=10201431&hiddelegend=true&hidetitle=addnewboxoffer&" "Mozilla/5.0 (Windows NT 5.1; rv:50.0) Gecko/20100101 Firefox/50.0"
81.189.93.28 - - [22/Nov/2016:14:14:42 +0100] "GET /activities/framework/KoolControls/KoolAjax/koolajax.php?8436e354c842500aba3cbaf0584c0c24 HTTP/1.1" 200 4079 "http://ed.activities.at/entry.php?id=11678&object=&mode=addnewboxoffer&site=10201431&hiddelegend=true&hidetitle=addnewboxoffer&" "Mozilla/5.0 (Windows NT 5.1; rv:50.0) Gecko/20100101 Firefox/50.0"
81.189.93.28 - - [22/Nov/2016:14:14:42 +0100] "GET /entry.php?id=11616&object=&mode=addnewboxoffer&site=10201431&hiddelegend=true&hidetitle=addnewboxoffer& HTTP/1.1" 200 1783 "http://ed.activities.at/entry.php?id=11613&mode=addnewboxoffer&site=10201431&hidetitle=addnewboxoffer" "Mozilla/5.0 (Windows NT 5.1; rv:50.0) Gecko/20100101 Firefox/50.0"
81.189.93.28 - - [22/Nov/2016:14:14:42 +0100] "GET /activities/framework/KoolControls/KoolTreeView/kooltreeview.php?c7cd9180e88ffef8e70f13526bb4f5f7 HTTP/1.1" 200 5055 "http://ed.activities.at/entry.php?id=11678&object=&mode=addnewboxoffer&site=10201431&hiddelegend=true&hidetitle=addnewboxoffer&" "Mozilla/5.0 (Windows NT 5.1; rv:50.0) Gecko/20100101 Firefox/50.0"
213.86.241.133 - - [22/Nov/2016:14:15:00 +0100] "GET /entry.php?id=10271&&ser=820440 HTTP/1.1" 200 986 "http://easydrivers.activities.at/entry.php?id=10271&&ser=820379" "Mozilla/5.0 (Windows NT 10.0; WOW64; Trident/7.0; rv:11.0) like Gecko"
213.86.241.133 - - [22/Nov/2016:14:15:00 +0100] "GET /gui/javascript/form_form.js?1479820500 HTTP/1.1" 200 16206 "http://easydrivers.activities.at/entry.php?id=10271&&ser=820440" "Mozilla/5.0 (Windows NT 10.0; WOW64; Trident/7.0; rv:11.0) like Gecko"
81.189.93.28 - - [22/Nov/2016:14:15:06 +0100] "GET /entry.php?id=10271&&ser=820446 HTTP/1.1" 200 987 "http://ed.activities.at/entry.php?id=10271&&ser=820385" "Mozilla/5.0 (Windows NT 5.1; rv:50.0) Gecko/20100101 Firefox/50.0"
81.189.93.28 - - [22/Nov/2016:14:15:07 +0100] "GET /gui/javascript/form_form.js?1479820507 HTTP/1.1" 200 16206 "http://ed.activities.at/entry.php?id=10271&&ser=820446" "Mozilla/5.0 (Windows NT 5.1; rv:50.0) Gecko/20100101 Firefox/50.0"
81.189.93.28 - - [22/Nov/2016:14:15:09 +0100] "POST /entry.php?id=11677 HTTP/1.1" 200 3315 "http://ed.activities.at/entry.php?id=10778&form=11502&name=list&" "Mozilla/5.0 (Windows NT 5.1; rv:50.0) Gecko/20100101 Firefox/50.0"
81.189.93.28 - - [22/Nov/2016:14:15:10 +0100] "GET /gui/javascript/form_form.js?1479820510 HTTP/1.1" 200 16206 "http://ed.activities.at/entry.php?id=11677" "Mozilla/5.0 (Windows NT 5.1; rv:50.0) Gecko/20100101 Firefox/50.0"
81.189.93.28 - - [22/Nov/2016:14:15:10 +0100] "GET /entry.php?id=10776&form=11502&name=list& HTTP/1.1" 200 1475 "http://ed.activities.at/entry.php?id=11677" "Mozilla/5.0 (Windows NT 5.1; rv:50.0) Gecko/20100101 Firefox/50.0"
81.189.93.28 - - [22/Nov/2016:14:15:10 +0100] "GET /entry.php?id=10778&form=11502&name=list& HTTP/1.1" 200 3859 "http://ed.activities.at/entry.php?id=11677" "Mozilla/5.0 (Windows NT 5.1; rv:50.0) Gecko/20100101 Firefox/50.0"
81.189.93.28 - - [22/Nov/2016:14:15:15 +0100] "POST /entry.php?id=11677 HTTP/1.1" 200 4407 "http://ed.activities.at/entry.php?id=11677" "Mozilla/5.0 (Windows NT 5.1; rv:50.0) Gecko/20100101 Firefox/50.0"
81.189.93.28 - - [22/Nov/2016:14:15:15 +0100] "GET /gui/javascript/form_form.js?1479820515 HTTP/1.1" 200 16206 "http://ed.activities.at/entry.php?id=11677" "Mozilla/5.0 (Windows NT 5.1; rv:50.0) Gecko/20100101 Firefox/50.0"
81.189.93.28 - - [22/Nov/2016:14:15:21 +0100] "POST /entry.php?id=11678 HTTP/1.1" 200 3432 "http://ed.activities.at/entry.php?id=11678" "Mozilla/5.0 (Windows NT 5.1; rv:50.0) Gecko/20100101 Firefox/50.0"
81.189.93.28 - - [22/Nov/2016:14:15:21 +0100] "GET /activities/framework/KoolControls/KoolAjax/koolajax.php?8436e354c842500aba3cbaf0584c0c24 HTTP/1.1" 200 4079 "http://ed.activities.at/entry.php?id=11678" "Mozilla/5.0 (Windows NT 5.1; rv:50.0) Gecko/20100101 Firefox/50.0"
81.189.93.28 - - [22/Nov/2016:14:15:21 +0100] "GET /gui/javascript/form_form.js?1479820521 HTTP/1.1" 200 16206 "http://ed.activities.at/entry.php?id=11678" "Mozilla/5.0 (Windows NT 5.1; rv:50.0) Gecko/20100101 Firefox/50.0"
81.189.93.28 - - [22/Nov/2016:14:15:22 +0100] "GET /activities/framework/KoolControls/KoolTreeView/kooltreeview.php?c7cd9180e88ffef8e70f13526bb4f5f7 HTTP/1.1" 200 5055 "http://ed.activities.at/entry.php?id=11678" "Mozilla/5.0 (Windows NT 5.1; rv:50.0) Gecko/20100101 Firefox/50.0"
81.189.93.28 - - [22/Nov/2016:14:15:23 +0100] "POST /entry.php?id=11677 HTTP/1.1" 200 4402 "http://ed.activities.at/entry.php?id=11677" "Mozilla/5.0 (Windows NT 5.1; rv:50.0) Gecko/20100101 Firefox/50.0"
81.189.93.28 - - [22/Nov/2016:14:15:23 +0100] "GET /gui/javascript/form_form.js?1479820523 HTTP/1.1" 200 16206 "http://ed.activities.at/entry.php?id=11677" "Mozilla/5.0 (Windows NT 5.1; rv:50.0) Gecko/20100101 Firefox/50.0"
213.86.241.133 - - [22/Nov/2016:14:16:00 +0100] "GET /entry.php?id=10271&&ser=820500 HTTP/1.1" 200 986 "http://easydrivers.activities.at/entry.php?id=10271&&ser=820440" "Mozilla/5.0 (Windows NT 10.0; WOW64; Trident/7.0; rv:11.0) like Gecko"
213.86.241.133 - - [22/Nov/2016:14:16:01 +0100] "GET /gui/javascript/form_form.js?1479820561 HTTP/1.1" 200 16206 "http://easydrivers.activities.at/entry.php?id=10271&&ser=820500" "Mozilla/5.0 (Windows NT 10.0; WOW64; Trident/7.0; rv:11.0) like Gecko"
81.189.93.28 - - [22/Nov/2016:14:16:06 +0100] "POST /entry.php?id=11677 HTTP/1.1" 200 3221 "http://ed.activities.at/entry.php?id=11677" "Mozilla/5.0 (Windows NT 5.1; rv:50.0) Gecko/20100101 Firefox/50.0"
81.189.93.28 - - [22/Nov/2016:14:16:06 +0100] "GET /gui/javascript/form_form.js?1479820566 HTTP/1.1" 200 16206 "http://ed.activities.at/entry.php?id=11677" "Mozilla/5.0 (Windows NT 5.1; rv:50.0) Gecko/20100101 Firefox/50.0"
81.189.93.28 - - [22/Nov/2016:14:16:07 +0100] "GET /entry.php?id=10776&form=11502&name=list& HTTP/1.1" 200 1475 "http://ed.activities.at/entry.php?id=11677" "Mozilla/5.0 (Windows NT 5.1; rv:50.0) Gecko/20100101 Firefox/50.0"
81.189.93.28 - - [22/Nov/2016:14:16:07 +0100] "GET /entry.php?id=10778&form=11502&name=list& HTTP/1.1" 200 3859 "http://ed.activities.at/entry.php?id=11677" "Mozilla/5.0 (Windows NT 5.1; rv:50.0) Gecko/20100101 Firefox/50.0"
81.189.93.28 - - [22/Nov/2016:14:16:07 +0100] "GET /entry.php?id=10271&&ser=820507 HTTP/1.1" 200 987 "http://ed.activities.at/entry.php?id=10271&&ser=820446" "Mozilla/5.0 (Windows NT 5.1; rv:50.0) Gecko/20100101 Firefox/50.0"
81.189.93.28 - - [22/Nov/2016:14:16:08 +0100] "GET /gui/javascript/form_form.js?1479820567 HTTP/1.1" 200 16206 "http://ed.activities.at/entry.php?id=10271&&ser=820507" "Mozilla/5.0 (Windows NT 5.1; rv:50.0) Gecko/20100101 Firefox/50.0"
81.189.93.28 - - [22/Nov/2016:14:16:29 +0100] "GET /entry.php?id=11685&object=10230377&site=10201431&item=10221971 HTTP/1.1" 200 3656 "http://ed.activities.at/entry.php?id=11412" "Mozilla/5.0 (Windows NT 5.1; rv:50.0) Gecko/20100101 Firefox/50.0"
81.189.93.28 - - [22/Nov/2016:14:16:30 +0100] "GET /gui/javascript/form_form.js?1479820590 HTTP/1.1" 200 16206 "http://ed.activities.at/entry.php?id=11685&object=10230377&site=10201431&item=10221971" "Mozilla/5.0 (Windows NT 5.1; rv:50.0) Gecko/20100101 Firefox/50.0"
81.189.93.28 - - [22/Nov/2016:14:16:30 +0100] "GET /cache/emu/images/easy-drivers-spittelau10258011/edmaxijpg_59_90_0.jpg HTTP/1.1" 304 - "http://ed.activities.at/entry.php?id=11685&object=10230377&site=10201431&item=10221971" "Mozilla/5.0 (Windows NT 5.1; rv:50.0) Gecko/20100101 Firefox/50.0"
213.86.241.133 - - [22/Nov/2016:14:17:01 +0100] "GET /entry.php?id=10271&&ser=820561 HTTP/1.1" 200 986 "http://easydrivers.activities.at/entry.php?id=10271&&ser=820500" "Mozilla/5.0 (Windows NT 10.0; WOW64; Trident/7.0; rv:11.0) like Gecko"
213.86.241.133 - - [22/Nov/2016:14:17:01 +0100] "GET /gui/javascript/form_form.js?1479820621 HTTP/1.1" 200 16206 "http://easydrivers.activities.at/entry.php?id=10271&&ser=820561" "Mozilla/5.0 (Windows NT 10.0; WOW64; Trident/7.0; rv:11.0) like Gecko"
81.189.93.28 - - [22/Nov/2016:14:17:07 +0100] "GET /entry.php?id=11685&object=10230379&site=10201431&item=10221971 HTTP/1.1" 200 3660 "http://ed.activities.at/entry.php?id=11412" "Mozilla/5.0 (Windows NT 5.1; rv:50.0) Gecko/20100101 Firefox/50.0"
81.189.93.28 - - [22/Nov/2016:14:17:07 +0100] "GET /gui/javascript/form_form.js?1479820627 HTTP/1.1" 200 16206 "http://ed.activities.at/entry.php?id=11685&object=10230379&site=10201431&item=10221971" "Mozilla/5.0 (Windows NT 5.1; rv:50.0) Gecko/20100101 Firefox/50.0"
81.189.93.28 - - [22/Nov/2016:14:17:08 +0100] "GET /entry.php?id=10271&&ser=820567 HTTP/1.1" 200 987 "http://ed.activities.at/entry.php?id=10271&&ser=820507" "Mozilla/5.0 (Windows NT 5.1; rv:50.0) Gecko/20100101 Firefox/50.0"
81.189.93.28 - - [22/Nov/2016:14:17:08 +0100] "GET /gui/javascript/form_form.js?1479820628 HTTP/1.1" 200 16206 "http://ed.activities.at/entry.php?id=10271&&ser=820567" "Mozilla/5.0 (Windows NT 5.1; rv:50.0) Gecko/20100101 Firefox/50.0"
81.189.93.28 - - [22/Nov/2016:14:17:17 +0100] "GET /entry.php?id=11681&chooserview=addnewboxoffer&hidetitle=true&object=10268958&chooserview=addnewboxoffer&hidetitle=true HTTP/1.1" 200 348 "http://ed.activities.at/entry.php?id=11412" "Mozilla/5.0 (Windows NT 5.1; rv:50.0) Gecko/20100101 Firefox/50.0"
81.189.93.28 - - [22/Nov/2016:14:17:17 +0100] "GET /entry.php?id=11683&chooserview=addnewboxoffer&object=10268958& HTTP/1.1" 200 2960 "http://ed.activities.at/entry.php?id=11681&chooserview=addnewboxoffer&hidetitle=true&object=10268958&chooserview=addnewboxoffer&hidetitle=true" "Mozilla/5.0 (Windows NT 5.1; rv:50.0) Gecko/20100101 Firefox/50.0"
81.189.93.28 - - [22/Nov/2016:14:17:18 +0100] "GET /gui/javascript/form_form.js?1479820638 HTTP/1.1" 200 16206 "http://ed.activities.at/entry.php?id=11683&chooserview=addnewboxoffer&object=10268958&" "Mozilla/5.0 (Windows NT 5.1; rv:50.0) Gecko/20100101 Firefox/50.0"
81.189.93.28 - - [22/Nov/2016:14:17:17 +0100] "GET /entry.php?id=11684&chooserview=addnewboxoffer&object=10268958& HTTP/1.1" 200 3975 "http://ed.activities.at/entry.php?id=11681&chooserview=addnewboxoffer&hidetitle=true&object=10268958&chooserview=addnewboxoffer&hidetitle=true" "Mozilla/5.0 (Windows NT 5.1; rv:50.0) Gecko/20100101 Firefox/50.0"
81.189.93.28 - - [22/Nov/2016:14:17:18 +0100] "GET /entry.php?id=10776&form=11508&name=list& HTTP/1.1" 200 1807 "http://ed.activities.at/entry.php?id=11683&chooserview=addnewboxoffer&object=10268958&" "Mozilla/5.0 (Windows NT 5.1; rv:50.0) Gecko/20100101 Firefox/50.0"
81.189.93.28 - - [22/Nov/2016:14:17:18 +0100] "GET /entry.php?id=10778&form=11508&name=list& HTTP/1.1" 200 2921 "http://ed.activities.at/entry.php?id=11683&chooserview=addnewboxoffer&object=10268958&" "Mozilla/5.0 (Windows NT 5.1; rv:50.0) Gecko/20100101 Firefox/50.0"
81.189.93.28 - - [22/Nov/2016:14:17:31 +0100] "GET /entry.php?id=11681 HTTP/1.1" 200 328 "http://ed.activities.at/entry.php?id=10270&__app__=10006038" "Mozilla/5.0 (Windows NT 5.1; rv:50.0) Gecko/20100101 Firefox/50.0"
81.189.93.28 - - [22/Nov/2016:14:17:32 +0100] "GET /entry.php?id=10676&&title=Contentverwaltung HTTP/1.1" 200 1392 "http://ed.activities.at/entry.php?id=11681" "Mozilla/5.0 (Windows NT 5.1; rv:50.0) Gecko/20100101 Firefox/50.0"
81.189.93.28 - - [22/Nov/2016:14:17:32 +0100] "GET /gui/javascript/form_form.js?1479820652 HTTP/1.1" 200 16206 "http://ed.activities.at/entry.php?id=10676&&title=Contentverwaltung" "Mozilla/5.0 (Windows NT 5.1; rv:50.0) Gecko/20100101 Firefox/50.0"
81.189.93.28 - - [22/Nov/2016:14:17:32 +0100] "GET /entry.php?id=11684& HTTP/1.1" 200 3805 "http://ed.activities.at/entry.php?id=11681" "Mozilla/5.0 (Windows NT 5.1; rv:50.0) Gecko/20100101 Firefox/50.0"
81.189.93.28 - - [22/Nov/2016:14:17:32 +0100] "GET /entry.php?id=11683& HTTP/1.1" 200 2682 "http://ed.activities.at/entry.php?id=11681" "Mozilla/5.0 (Windows NT 5.1; rv:50.0) Gecko/20100101 Firefox/50.0"
81.189.93.28 - - [22/Nov/2016:14:17:33 +0100] "GET /entry.php?id=10776&form=11508&name=list& HTTP/1.1" 200 1894 "http://ed.activities.at/entry.php?id=11683&" "Mozilla/5.0 (Windows NT 5.1; rv:50.0) Gecko/20100101 Firefox/50.0"
81.189.93.28 - - [22/Nov/2016:14:17:33 +0100] "GET /entry.php?id=10778&form=11508&name=list& HTTP/1.1" 200 2967 "http://ed.activities.at/entry.php?id=11683&" "Mozilla/5.0 (Windows NT 5.1; rv:50.0) Gecko/20100101 Firefox/50.0"
81.189.93.28 - - [22/Nov/2016:14:17:37 +0100] "POST /entry.php?id=11684 HTTP/1.1" 200 3784 "http://ed.activities.at/entry.php?id=11684&" "Mozilla/5.0 (Windows NT 5.1; rv:50.0) Gecko/20100101 Firefox/50.0"
81.189.93.28 - - [22/Nov/2016:14:17:37 +0100] "GET /gui/javascript/form_form.js?1479820657 HTTP/1.1" 200 16206 "http://ed.activities.at/entry.php?id=11684" "Mozilla/5.0 (Windows NT 5.1; rv:50.0) Gecko/20100101 Firefox/50.0"
81.189.93.28 - - [22/Nov/2016:14:17:47 +0100] "POST /entry.php?id=11684 HTTP/1.1" 200 3979 "http://ed.activities.at/entry.php?id=11684" "Mozilla/5.0 (Windows NT 5.1; rv:50.0) Gecko/20100101 Firefox/50.0"
81.189.93.28 - - [22/Nov/2016:14:17:48 +0100] "GET /gui/javascript/form_form.js?1479820668 HTTP/1.1" 200 16206 "http://ed.activities.at/entry.php?id=11684" "Mozilla/5.0 (Windows NT 5.1; rv:50.0) Gecko/20100101 Firefox/50.0"
81.189.93.28 - - [22/Nov/2016:14:17:59 +0100] "POST /entry.php?id=11684 HTTP/1.1" 200 3785 "http://ed.activities.at/entry.php?id=11684" "Mozilla/5.0 (Windows NT 5.1; rv:50.0) Gecko/20100101 Firefox/50.0"
81.189.93.28 - - [22/Nov/2016:14:18:00 +0100] "GET /gui/javascript/form_form.js?1479820679 HTTP/1.1" 200 16206 "http://ed.activities.at/entry.php?id=11684" "Mozilla/5.0 (Windows NT 5.1; rv:50.0) Gecko/20100101 Firefox/50.0"
213.86.241.133 - - [22/Nov/2016:14:18:01 +0100] "GET /entry.php?id=10271&&ser=820621 HTTP/1.1" 200 986 "http://easydrivers.activities.at/entry.php?id=10271&&ser=820561" "Mozilla/5.0 (Windows NT 10.0; WOW64; Trident/7.0; rv:11.0) like Gecko"
213.86.241.133 - - [22/Nov/2016:14:18:02 +0100] "GET /gui/javascript/form_form.js?1479820682 HTTP/1.1" 200 16206 "http://easydrivers.activities.at/entry.php?id=10271&&ser=820621" "Mozilla/5.0 (Windows NT 10.0; WOW64; Trident/7.0; rv:11.0) like Gecko"
81.189.93.28 - - [22/Nov/2016:14:18:09 +0100] "GET /entry.php?id=10271&&ser=820628 HTTP/1.1" 200 986 "http://ed.activities.at/entry.php?id=10271&&ser=820567" "Mozilla/5.0 (Windows NT 5.1; rv:50.0) Gecko/20100101 Firefox/50.0"
81.189.93.28 - - [22/Nov/2016:14:18:09 +0100] "GET /gui/javascript/form_form.js?1479820689 HTTP/1.1" 200 16206 "http://ed.activities.at/entry.php?id=10271&&ser=820628" "Mozilla/5.0 (Windows NT 5.1; rv:50.0) Gecko/20100101 Firefox/50.0"
213.86.241.133 - - [22/Nov/2016:14:18:17 +0100] "POST /entry.php?id=11671 HTTP/1.1" 200 4965 "http://easydrivers.activities.at/entry.php?id=11671" "Mozilla/5.0 (Windows NT 10.0; WOW64; Trident/7.0; rv:11.0) like Gecko"
213.86.241.133 - - [22/Nov/2016:14:18:18 +0100] "GET /gui/javascript/form_form.js?1479820698 HTTP/1.1" 200 16206 "http://easydrivers.activities.at/entry.php?id=11671" "Mozilla/5.0 (Windows NT 10.0; WOW64; Trident/7.0; rv:11.0) like Gecko"
213.86.241.133 - - [22/Nov/2016:14:18:18 +0100] "GET /entry.php?id=10776&form=11496&name=list& HTTP/1.1" 200 1519 "http://easydrivers.activities.at/entry.php?id=11671" "Mozilla/5.0 (Windows NT 10.0; WOW64; Trident/7.0; rv:11.0) like Gecko"
213.86.241.133 - - [22/Nov/2016:14:18:18 +0100] "GET /entry.php?id=10778&form=11496&name=list& HTTP/1.1" 200 5770 "http://easydrivers.activities.at/entry.php?id=11671" "Mozilla/5.0 (Windows NT 10.0; WOW64; Trident/7.0; rv:11.0) like Gecko"
213.86.241.133 - - [22/Nov/2016:14:18:21 +0100] "POST /entry.php?id=11671 HTTP/1.1" 200 4915 "http://easydrivers.activities.at/entry.php?id=11671" "Mozilla/5.0 (Windows NT 10.0; WOW64; Trident/7.0; rv:11.0) like Gecko"
