81.189.93.28 - - [22/Nov/2016:11:34:32 +0100] "GET /gui/javascript/form_form.js?1479810871 HTTP/1.1" 200 16206 "http://ed.activities.at/entry.php?id=11693" "Mozilla/5.0 (Windows NT 5.1; rv:50.0) Gecko/20100101 Firefox/50.0"
81.189.93.28 - - [22/Nov/2016:11:34:32 +0100] "GET /entry.php?id=10776&form=11518&name=list& HTTP/1.1" 200 1409 "http://ed.activities.at/entry.php?id=11693" "Mozilla/5.0 (Windows NT 5.1; rv:50.0) Gecko/20100101 Firefox/50.0"
81.189.93.28 - - [22/Nov/2016:11:34:32 +0100] "GET /entry.php?id=10778&form=11518&name=list& HTTP/1.1" 200 4406 "http://ed.activities.at/entry.php?id=11693" "Mozilla/5.0 (Windows NT 5.1; rv:50.0) Gecko/20100101 Firefox/50.0"
81.189.93.28 - - [22/Nov/2016:11:34:37 +0100] "GET /entry.php?id=10271&&ser=810816 HTTP/1.1" 200 985 "http://ed.activities.at/entry.php?id=10271&UIN=29d454829d94330224fc462fd995088e" "Mozilla/5.0 (Windows NT 5.1; rv:50.0) Gecko/20100101 Firefox/50.0"
81.189.93.28 - - [22/Nov/2016:11:34:37 +0100] "GET /gui/javascript/form_form.js?1479810877 HTTP/1.1" 200 16206 "http://ed.activities.at/entry.php?id=10271&&ser=810816" "Mozilla/5.0 (Windows NT 5.1; rv:50.0) Gecko/20100101 Firefox/50.0"
213.86.241.133 - - [22/Nov/2016:11:34:47 +0100] "POST /entry.php?id=11671 HTTP/1.1" 200 4938 "http://easydrivers.activities.at/entry.php?id=11671" "Mozilla/5.0 (Windows NT 10.0; WOW64; Trident/7.0; rv:11.0) like Gecko"
213.86.241.133 - - [22/Nov/2016:11:34:47 +0100] "GET /gui/javascript/form_form.js?1479810887 HTTP/1.1" 200 16206 "http://easydrivers.activities.at/entry.php?id=11671" "Mozilla/5.0 (Windows NT 10.0; WOW64; Trident/7.0; rv:11.0) like Gecko"
213.86.241.133 - - [22/Nov/2016:11:34:48 +0100] "GET /entry.php?id=10778&form=11496&name=list& HTTP/1.1" 200 5773 "http://easydrivers.activities.at/entry.php?id=11671" "Mozilla/5.0 (Windows NT 10.0; WOW64; Trident/7.0; rv:11.0) like Gecko"
213.86.241.133 - - [22/Nov/2016:11:34:48 +0100] "GET /entry.php?id=10776&form=11496&name=list& HTTP/1.1" 200 1519 "http://easydrivers.activities.at/entry.php?id=11671" "Mozilla/5.0 (Windows NT 10.0; WOW64; Trident/7.0; rv:11.0) like Gecko"
213.86.241.133 - - [22/Nov/2016:11:34:51 +0100] "POST /entry.php?id=11671 HTTP/1.1" 200 4921 "http://easydrivers.activities.at/entry.php?id=11671" "Mozilla/5.0 (Windows NT 10.0; WOW64; Trident/7.0; rv:11.0) like Gecko"
213.86.241.133 - - [22/Nov/2016:11:34:52 +0100] "GET /gui/javascript/form_form.js?1479810892 HTTP/1.1" 200 16206 "http://easydrivers.activities.at/entry.php?id=11671" "Mozilla/5.0 (Windows NT 10.0; WOW64; Trident/7.0; rv:11.0) like Gecko"
213.86.241.133 - - [22/Nov/2016:11:34:52 +0100] "GET /entry.php?id=10778&form=11496&name=list& HTTP/1.1" 200 5773 "http://easydrivers.activities.at/entry.php?id=11671" "Mozilla/5.0 (Windows NT 10.0; WOW64; Trident/7.0; rv:11.0) like Gecko"
213.86.241.133 - - [22/Nov/2016:11:34:52 +0100] "GET /entry.php?id=10776&form=11496&name=list& HTTP/1.1" 200 1519 "http://easydrivers.activities.at/entry.php?id=11671" "Mozilla/5.0 (Windows NT 10.0; WOW64; Trident/7.0; rv:11.0) like Gecko"
81.189.93.28 - - [22/Nov/2016:11:34:54 +0100] "GET /entry.php?id=11679 HTTP/1.1" 200 312 "http://ed.activities.at/entry.php?id=10270&__app__=10006038" "Mozilla/5.0 (Windows NT 5.1; rv:50.0) Gecko/20100101 Firefox/50.0"
81.189.93.28 - - [22/Nov/2016:11:34:54 +0100] "GET /entry.php?id=10676&title=Portal& HTTP/1.1" 200 1386 "http://ed.activities.at/entry.php?id=11679" "Mozilla/5.0 (Windows NT 5.1; rv:50.0) Gecko/20100101 Firefox/50.0"
81.189.93.28 - - [22/Nov/2016:11:34:54 +0100] "GET /gui/javascript/form_form.js?1479810894 HTTP/1.1" 200 16206 "http://ed.activities.at/entry.php?id=10676&title=Portal&" "Mozilla/5.0 (Windows NT 5.1; rv:50.0) Gecko/20100101 Firefox/50.0"
81.189.93.28 - - [22/Nov/2016:11:34:54 +0100] "GET /entry.php?id=11677& HTTP/1.1" 200 4372 "http://ed.activities.at/entry.php?id=11679" "Mozilla/5.0 (Windows NT 5.1; rv:50.0) Gecko/20100101 Firefox/50.0"
81.189.93.28 - - [22/Nov/2016:11:34:55 +0100] "GET /gui/javascript/form_form.js?1479810895 HTTP/1.1" 200 16206 "http://ed.activities.at/entry.php?id=11677&" "Mozilla/5.0 (Windows NT 5.1; rv:50.0) Gecko/20100101 Firefox/50.0"
81.189.93.28 - - [22/Nov/2016:11:34:54 +0100] "GET /entry.php?id=11678& HTTP/1.1" 200 3373 "http://ed.activities.at/entry.php?id=11679" "Mozilla/5.0 (Windows NT 5.1; rv:50.0) Gecko/20100101 Firefox/50.0"
81.189.93.28 - - [22/Nov/2016:11:34:55 +0100] "GET /activities/framework/KoolControls/KoolAjax/koolajax.php?8436e354c842500aba3cbaf0584c0c24 HTTP/1.1" 200 4079 "http://ed.activities.at/entry.php?id=11678&" "Mozilla/5.0 (Windows NT 5.1; rv:50.0) Gecko/20100101 Firefox/50.0"
81.189.93.28 - - [22/Nov/2016:11:34:55 +0100] "GET /activities/framework/KoolControls/KoolTreeView/kooltreeview.php?c7cd9180e88ffef8e70f13526bb4f5f7 HTTP/1.1" 200 5055 "http://ed.activities.at/entry.php?id=11678&" "Mozilla/5.0 (Windows NT 5.1; rv:50.0) Gecko/20100101 Firefox/50.0"
81.189.93.28 - - [22/Nov/2016:11:34:55 +0100] "GET /entry.php?id=11618&&object=&item=&emu_class= HTTP/1.1" 200 1697 "http://ed.activities.at/entry.php?id=11677&" "Mozilla/5.0 (Windows NT 5.1; rv:50.0) Gecko/20100101 Firefox/50.0"
81.189.93.28 - - [22/Nov/2016:11:34:56 +0100] "POST /entry.php?id=11677 HTTP/1.1" 200 4401 "http://ed.activities.at/entry.php?id=11677&" "Mozilla/5.0 (Windows NT 5.1; rv:50.0) Gecko/20100101 Firefox/50.0"
81.189.93.28 - - [22/Nov/2016:11:34:56 +0100] "GET /gui/javascript/form_form.js?1479810896 HTTP/1.1" 200 16206 "http://ed.activities.at/entry.php?id=11677" "Mozilla/5.0 (Windows NT 5.1; rv:50.0) Gecko/20100101 Firefox/50.0"
81.189.93.28 - - [22/Nov/2016:11:34:57 +0100] "POST /entry.php?id=11677 HTTP/1.1" 200 4400 "http://ed.activities.at/entry.php?id=11677" "Mozilla/5.0 (Windows NT 5.1; rv:50.0) Gecko/20100101 Firefox/50.0"
81.189.93.28 - - [22/Nov/2016:11:34:57 +0100] "GET /gui/javascript/form_form.js?1479810897 HTTP/1.1" 200 16206 "http://ed.activities.at/entry.php?id=11677" "Mozilla/5.0 (Windows NT 5.1; rv:50.0) Gecko/20100101 Firefox/50.0"
213.86.241.133 - - [22/Nov/2016:11:35:07 +0100] "POST /entry.php?id=11671 HTTP/1.1" 200 4610 "http://easydrivers.activities.at/entry.php?id=11671" "Mozilla/5.0 (Windows NT 10.0; WOW64; Trident/7.0; rv:11.0) like Gecko"
213.86.241.133 - - [22/Nov/2016:11:35:07 +0100] "GET /gui/javascript/form_form.js?1479810907 HTTP/1.1" 200 16206 "http://easydrivers.activities.at/entry.php?id=11671" "Mozilla/5.0 (Windows NT 10.0; WOW64; Trident/7.0; rv:11.0) like Gecko"
213.86.241.133 - - [22/Nov/2016:11:35:08 +0100] "GET /entry.php?id=10776&form=11496&name=list& HTTP/1.1" 200 1519 "http://easydrivers.activities.at/entry.php?id=11671" "Mozilla/5.0 (Windows NT 10.0; WOW64; Trident/7.0; rv:11.0) like Gecko"
213.86.241.133 - - [22/Nov/2016:11:35:08 +0100] "GET /entry.php?id=10778&form=11496&name=list& HTTP/1.1" 200 5590 "http://easydrivers.activities.at/entry.php?id=11671" "Mozilla/5.0 (Windows NT 10.0; WOW64; Trident/7.0; rv:11.0) like Gecko"
213.86.241.133 - - [22/Nov/2016:11:35:10 +0100] "GET /entry.php?id=10271&&ser=810849 HTTP/1.1" 200 987 "http://easydrivers.activities.at/entry.php?id=10271&&ser=810789" "Mozilla/5.0 (Windows NT 10.0; WOW64; Trident/7.0; rv:11.0) like Gecko"
213.86.241.133 - - [22/Nov/2016:11:35:10 +0100] "GET /gui/javascript/form_form.js?1479810910 HTTP/1.1" 200 16206 "http://easydrivers.activities.at/entry.php?id=10271&&ser=810849" "Mozilla/5.0 (Windows NT 10.0; WOW64; Trident/7.0; rv:11.0) like Gecko"
81.189.93.28 - - [22/Nov/2016:11:35:37 +0100] "GET /entry.php?id=10271&&ser=810877 HTTP/1.1" 200 987 "http://ed.activities.at/entry.php?id=10271&&ser=810816" "Mozilla/5.0 (Windows NT 5.1; rv:50.0) Gecko/20100101 Firefox/50.0"
81.189.93.28 - - [22/Nov/2016:11:35:37 +0100] "GET /gui/javascript/form_form.js?1479810937 HTTP/1.1" 200 16206 "http://ed.activities.at/entry.php?id=10271&&ser=810877" "Mozilla/5.0 (Windows NT 5.1; rv:50.0) Gecko/20100101 Firefox/50.0"
213.86.241.133 - - [22/Nov/2016:11:35:39 +0100] "POST /entry.php?id=11671 HTTP/1.1" 200 4747 "http://easydrivers.activities.at/entry.php?id=11671" "Mozilla/5.0 (Windows NT 10.0; WOW64; Trident/7.0; rv:11.0) like Gecko"
213.86.241.133 - - [22/Nov/2016:11:35:40 +0100] "GET /gui/javascript/form_form.js?1479810940 HTTP/1.1" 200 16206 "http://easydrivers.activities.at/entry.php?id=11671" "Mozilla/5.0 (Windows NT 10.0; WOW64; Trident/7.0; rv:11.0) like Gecko"
213.86.241.133 - - [22/Nov/2016:11:35:40 +0100] "GET /entry.php?id=10776&form=11496&name=list& HTTP/1.1" 200 1519 "http://easydrivers.activities.at/entry.php?id=11671" "Mozilla/5.0 (Windows NT 10.0; WOW64; Trident/7.0; rv:11.0) like Gecko"
213.86.241.133 - - [22/Nov/2016:11:35:40 +0100] "GET /entry.php?id=10778&form=11496&name=list& HTTP/1.1" 200 5720 "http://easydrivers.activities.at/entry.php?id=11671" "Mozilla/5.0 (Windows NT 10.0; WOW64; Trident/7.0; rv:11.0) like Gecko"
81.189.93.28 - - [22/Nov/2016:11:36:09 +0100] "POST /entry.php?id=11677 HTTP/1.1" 200 3220 "http://ed.activities.at/entry.php?id=11677" "Mozilla/5.0 (Windows NT 5.1; rv:50.0) Gecko/20100101 Firefox/50.0"
81.189.93.28 - - [22/Nov/2016:11:36:09 +0100] "GET /gui/javascript/form_form.js?1479810969 HTTP/1.1" 200 16206 "http://ed.activities.at/entry.php?id=11677" "Mozilla/5.0 (Windows NT 5.1; rv:50.0) Gecko/20100101 Firefox/50.0"
81.189.93.28 - - [22/Nov/2016:11:36:10 +0100] "GET /entry.php?id=10776&form=11502&name=list& HTTP/1.1" 200 1475 "http://ed.activities.at/entry.php?id=11677" "Mozilla/5.0 (Windows NT 5.1; rv:50.0) Gecko/20100101 Firefox/50.0"
81.189.93.28 - - [22/Nov/2016:11:36:10 +0100] "GET /entry.php?id=10778&form=11502&name=list& HTTP/1.1" 200 3869 "http://ed.activities.at/entry.php?id=11677" "Mozilla/5.0 (Windows NT 5.1; rv:50.0) Gecko/20100101 Firefox/50.0"
81.189.93.28 - - [22/Nov/2016:11:36:10 +0100] "GET /gui/images/icons/lupe.png HTTP/1.1" 200 723 "http://ed.activities.at/entry.php?id=10776&form=11502&name=list&" "Mozilla/5.0 (Windows NT 5.1; rv:50.0) Gecko/20100101 Firefox/50.0"
81.189.93.28 - - [22/Nov/2016:11:36:10 +0100] "GET /gui/images/icons/disabled_edit.gif HTTP/1.1" 200 408 "http://ed.activities.at/entry.php?id=10778&form=11502&name=list&" "Mozilla/5.0 (Windows NT 5.1; rv:50.0) Gecko/20100101 Firefox/50.0"
213.86.241.133 - - [22/Nov/2016:11:36:11 +0100] "GET /entry.php?id=10271&&ser=810910 HTTP/1.1" 200 986 "http://easydrivers.activities.at/entry.php?id=10271&&ser=810849" "Mozilla/5.0 (Windows NT 10.0; WOW64; Trident/7.0; rv:11.0) like Gecko"
213.86.241.133 - - [22/Nov/2016:11:36:11 +0100] "GET /gui/javascript/form_form.js?1479810971 HTTP/1.1" 200 16206 "http://easydrivers.activities.at/entry.php?id=10271&&ser=810910" "Mozilla/5.0 (Windows NT 10.0; WOW64; Trident/7.0; rv:11.0) like Gecko"
213.86.241.133 - - [22/Nov/2016:11:36:29 +0100] "GET /gui/images/icons/filter_off.gif HTTP/1.1" 200 309 "http://easydrivers.activities.at/entry.php?id=10776&form=11497&name=list&" "Mozilla/5.0 (Windows NT 10.0; WOW64; Trident/7.0; rv:11.0) like Gecko"
81.189.93.28 - - [22/Nov/2016:11:36:38 +0100] "GET /entry.php?id=10271&&ser=810937 HTTP/1.1" 200 987 "http://ed.activities.at/entry.php?id=10271&&ser=810877" "Mozilla/5.0 (Windows NT 5.1; rv:50.0) Gecko/20100101 Firefox/50.0"
81.189.93.28 - - [22/Nov/2016:11:36:38 +0100] "GET /gui/javascript/form_form.js?1479810998 HTTP/1.1" 200 16206 "http://ed.activities.at/entry.php?id=10271&&ser=810937" "Mozilla/5.0 (Windows NT 5.1; rv:50.0) Gecko/20100101 Firefox/50.0"
213.86.241.133 - - [22/Nov/2016:11:36:39 +0100] "POST /entry.php?id=11671 HTTP/1.1" 200 4609 "http://easydrivers.activities.at/entry.php?id=11671" "Mozilla/5.0 (Windows NT 10.0; WOW64; Trident/7.0; rv:11.0) like Gecko"
213.86.241.133 - - [22/Nov/2016:11:36:40 +0100] "GET /gui/javascript/form_form.js?1479811000 HTTP/1.1" 200 16206 "http://easydrivers.activities.at/entry.php?id=11671" "Mozilla/5.0 (Windows NT 10.0; WOW64; Trident/7.0; rv:11.0) like Gecko"
213.86.241.133 - - [22/Nov/2016:11:36:40 +0100] "GET /entry.php?id=10776&form=11496&name=list& HTTP/1.1" 200 1519 "http://easydrivers.activities.at/entry.php?id=11671" "Mozilla/5.0 (Windows NT 10.0; WOW64; Trident/7.0; rv:11.0) like Gecko"
213.86.241.133 - - [22/Nov/2016:11:36:40 +0100] "GET /entry.php?id=10778&form=11496&name=list& HTTP/1.1" 200 5590 "http://easydrivers.activities.at/entry.php?id=11671" "Mozilla/5.0 (Windows NT 10.0; WOW64; Trident/7.0; rv:11.0) like Gecko"
213.86.241.133 - - [22/Nov/2016:11:36:55 +0100] "POST /entry.php?id=11672 HTTP/1.1" 200 2689 "http://easydrivers.activities.at/entry.php?id=11672&" "Mozilla/5.0 (Windows NT 10.0; WOW64; Trident/7.0; rv:11.0) like Gecko"
213.86.241.133 - - [22/Nov/2016:11:36:55 +0100] "GET /gui/javascript/form_form.js?1479811015 HTTP/1.1" 200 16206 "http://easydrivers.activities.at/entry.php?id=11672" "Mozilla/5.0 (Windows NT 10.0; WOW64; Trident/7.0; rv:11.0) like Gecko"
213.86.241.133 - - [22/Nov/2016:11:36:55 +0100] "GET /entry.php?id=10776&form=11497&name=list& HTTP/1.1" 200 1940 "http://easydrivers.activities.at/entry.php?id=11672" "Mozilla/5.0 (Windows NT 10.0; WOW64; Trident/7.0; rv:11.0) like Gecko"
213.86.241.133 - - [22/Nov/2016:11:36:56 +0100] "GET /entry.php?id=10778&form=11497&name=list& HTTP/1.1" 200 9489 "http://easydrivers.activities.at/entry.php?id=11672" "Mozilla/5.0 (Windows NT 10.0; WOW64; Trident/7.0; rv:11.0) like Gecko"
213.86.241.133 - - [22/Nov/2016:11:37:01 +0100] "POST /entry.php?id=11672 HTTP/1.1" 200 2689 "http://easydrivers.activities.at/entry.php?id=11672" "Mozilla/5.0 (Windows NT 10.0; WOW64; Trident/7.0; rv:11.0) like Gecko"
213.86.241.133 - - [22/Nov/2016:11:37:01 +0100] "GET /gui/javascript/form_form.js?1479811021 HTTP/1.1" 200 16206 "http://easydrivers.activities.at/entry.php?id=11672" "Mozilla/5.0 (Windows NT 10.0; WOW64; Trident/7.0; rv:11.0) like Gecko"
213.86.241.133 - - [22/Nov/2016:11:37:01 +0100] "GET /entry.php?id=10778&form=11497&name=list& HTTP/1.1" 200 9489 "http://easydrivers.activities.at/entry.php?id=11672" "Mozilla/5.0 (Windows NT 10.0; WOW64; Trident/7.0; rv:11.0) like Gecko"
213.86.241.133 - - [22/Nov/2016:11:37:01 +0100] "GET /entry.php?id=10776&form=11497&name=list& HTTP/1.1" 200 1940 "http://easydrivers.activities.at/entry.php?id=11672" "Mozilla/5.0 (Windows NT 10.0; WOW64; Trident/7.0; rv:11.0) like Gecko"
213.86.241.133 - - [22/Nov/2016:11:37:11 +0100] "GET /entry.php?id=10271&&ser=810971 HTTP/1.1" 200 986 "http://easydrivers.activities.at/entry.php?id=10271&&ser=810910" "Mozilla/5.0 (Windows NT 10.0; WOW64; Trident/7.0; rv:11.0) like Gecko"
213.86.241.133 - - [22/Nov/2016:11:37:11 +0100] "GET /gui/javascript/form_form.js?1479811031 HTTP/1.1" 200 16206 "http://easydrivers.activities.at/entry.php?id=10271&&ser=810971" "Mozilla/5.0 (Windows NT 10.0; WOW64; Trident/7.0; rv:11.0) like Gecko"
81.189.93.28 - - [22/Nov/2016:11:37:17 +0100] "POST /entry.php?id=11677 HTTP/1.1" 200 5089 "http://ed.activities.at/entry.php?id=11677" "Mozilla/5.0 (Windows NT 5.1; rv:50.0) Gecko/20100101 Firefox/50.0"
81.189.93.28 - - [22/Nov/2016:11:37:18 +0100] "GET /gui/javascript/form_form.js?1479811037 HTTP/1.1" 200 16206 "http://ed.activities.at/entry.php?id=11677" "Mozilla/5.0 (Windows NT 5.1; rv:50.0) Gecko/20100101 Firefox/50.0"
81.189.93.28 - - [22/Nov/2016:11:37:18 +0100] "POST /entry.php?id=11677 HTTP/1.1" 200 5091 "http://ed.activities.at/entry.php?id=11677" "Mozilla/5.0 (Windows NT 5.1; rv:50.0) Gecko/20100101 Firefox/50.0"
81.189.93.28 - - [22/Nov/2016:11:37:19 +0100] "GET /gui/javascript/form_form.js?1479811039 HTTP/1.1" 200 16206 "http://ed.activities.at/entry.php?id=11677" "Mozilla/5.0 (Windows NT 5.1; rv:50.0) Gecko/20100101 Firefox/50.0"
81.189.93.28 - - [22/Nov/2016:11:37:22 +0100] "POST /entry.php?id=11677 HTTP/1.1" 200 5086 "http://ed.activities.at/entry.php?id=11677" "Mozilla/5.0 (Windows NT 5.1; rv:50.0) Gecko/20100101 Firefox/50.0"
81.189.93.28 - - [22/Nov/2016:11:37:23 +0100] "GET /gui/javascript/form_form.js?1479811043 HTTP/1.1" 200 16206 "http://ed.activities.at/entry.php?id=11677" "Mozilla/5.0 (Windows NT 5.1; rv:50.0) Gecko/20100101 Firefox/50.0"
81.189.93.28 - - [22/Nov/2016:11:37:26 +0100] "POST /entry.php?id=11677 HTTP/1.1" 200 5092 "http://ed.activities.at/entry.php?id=11677" "Mozilla/5.0 (Windows NT 5.1; rv:50.0) Gecko/20100101 Firefox/50.0"
81.189.93.28 - - [22/Nov/2016:11:37:27 +0100] "GET /gui/javascript/form_form.js?1479811047 HTTP/1.1" 200 16206 "http://ed.activities.at/entry.php?id=11677" "Mozilla/5.0 (Windows NT 5.1; rv:50.0) Gecko/20100101 Firefox/50.0"
81.189.93.28 - - [22/Nov/2016:11:37:34 +0100] "POST /entry.php?id=11677 HTTP/1.1" 200 5094 "http://ed.activities.at/entry.php?id=11677" "Mozilla/5.0 (Windows NT 5.1; rv:50.0) Gecko/20100101 Firefox/50.0"
81.189.93.28 - - [22/Nov/2016:11:37:35 +0100] "GET /gui/javascript/form_form.js?1479811054 HTTP/1.1" 200 16206 "http://ed.activities.at/entry.php?id=11677" "Mozilla/5.0 (Windows NT 5.1; rv:50.0) Gecko/20100101 Firefox/50.0"
81.189.93.28 - - [22/Nov/2016:11:37:38 +0100] "GET /entry.php?id=10271&&ser=810998 HTTP/1.1" 200 987 "http://ed.activities.at/entry.php?id=10271&&ser=810937" "Mozilla/5.0 (Windows NT 5.1; rv:50.0) Gecko/20100101 Firefox/50.0"
81.189.93.28 - - [22/Nov/2016:11:37:39 +0100] "GET /gui/javascript/form_form.js?1479811058 HTTP/1.1" 200 16206 "http://ed.activities.at/entry.php?id=10271&&ser=810998" "Mozilla/5.0 (Windows NT 5.1; rv:50.0) Gecko/20100101 Firefox/50.0"
213.86.241.133 - - [22/Nov/2016:11:37:39 +0100] "POST /entry.php?id=11672 HTTP/1.1" 200 2702 "http://easydrivers.activities.at/entry.php?id=11672" "Mozilla/5.0 (Windows NT 10.0; WOW64; Trident/7.0; rv:11.0) like Gecko"
213.86.241.133 - - [22/Nov/2016:11:37:39 +0100] "GET /gui/javascript/form_form.js?1479811059 HTTP/1.1" 200 16206 "http://easydrivers.activities.at/entry.php?id=11672" "Mozilla/5.0 (Windows NT 10.0; WOW64; Trident/7.0; rv:11.0) like Gecko"
213.86.241.133 - - [22/Nov/2016:11:37:39 +0100] "GET /entry.php?id=10778&form=11497&name=list& HTTP/1.1" 200 3162 "http://easydrivers.activities.at/entry.php?id=11672" "Mozilla/5.0 (Windows NT 10.0; WOW64; Trident/7.0; rv:11.0) like Gecko"
213.86.241.133 - - [22/Nov/2016:11:37:39 +0100] "GET /entry.php?id=10776&form=11497&name=list& HTTP/1.1" 200 1939 "http://easydrivers.activities.at/entry.php?id=11672" "Mozilla/5.0 (Windows NT 10.0; WOW64; Trident/7.0; rv:11.0) like Gecko"
81.189.93.28 - - [22/Nov/2016:11:37:43 +0100] "POST /entry.php?id=11677 HTTP/1.1" 200 4402 "http://ed.activities.at/entry.php?id=11677" "Mozilla/5.0 (Windows NT 5.1; rv:50.0) Gecko/20100101 Firefox/50.0"
81.189.93.28 - - [22/Nov/2016:11:37:44 +0100] "GET /gui/javascript/form_form.js?1479811063 HTTP/1.1" 200 16206 "http://ed.activities.at/entry.php?id=11677" "Mozilla/5.0 (Windows NT 5.1; rv:50.0) Gecko/20100101 Firefox/50.0"
81.189.93.28 - - [22/Nov/2016:11:37:48 +0100] "POST /entry.php?id=11677 HTTP/1.1" 200 3219 "http://ed.activities.at/entry.php?id=11677" "Mozilla/5.0 (Windows NT 5.1; rv:50.0) Gecko/20100101 Firefox/50.0"
81.189.93.28 - - [22/Nov/2016:11:37:49 +0100] "GET /gui/javascript/form_form.js?1479811069 HTTP/1.1" 200 16206 "http://ed.activities.at/entry.php?id=11677" "Mozilla/5.0 (Windows NT 5.1; rv:50.0) Gecko/20100101 Firefox/50.0"
81.189.93.28 - - [22/Nov/2016:11:37:49 +0100] "GET /entry.php?id=10776&form=11502&name=list& HTTP/1.1" 200 1475 "http://ed.activities.at/entry.php?id=11677" "Mozilla/5.0 (Windows NT 5.1; rv:50.0) Gecko/20100101 Firefox/50.0"
81.189.93.28 - - [22/Nov/2016:11:37:49 +0100] "GET /entry.php?id=10778&form=11502&name=list& HTTP/1.1" 200 3869 "http://ed.activities.at/entry.php?id=11677" "Mozilla/5.0 (Windows NT 5.1; rv:50.0) Gecko/20100101 Firefox/50.0"
81.189.93.28 - - [22/Nov/2016:11:38:07 +0100] "POST /entry.php?id=11677 HTTP/1.1" 200 5089 "http://ed.activities.at/entry.php?id=11677" "Mozilla/5.0 (Windows NT 5.1; rv:50.0) Gecko/20100101 Firefox/50.0"
81.189.93.28 - - [22/Nov/2016:11:38:08 +0100] "GET /gui/javascript/form_form.js?1479811088 HTTP/1.1" 200 16206 "http://ed.activities.at/entry.php?id=11677" "Mozilla/5.0 (Windows NT 5.1; rv:50.0) Gecko/20100101 Firefox/50.0"
213.86.241.133 - - [22/Nov/2016:11:38:11 +0100] "GET /entry.php?id=10271&&ser=811031 HTTP/1.1" 200 986 "http://easydrivers.activities.at/entry.php?id=10271&&ser=810971" "Mozilla/5.0 (Windows NT 10.0; WOW64; Trident/7.0; rv:11.0) like Gecko"
213.86.241.133 - - [22/Nov/2016:11:38:12 +0100] "GET /gui/javascript/form_form.js?1479811091 HTTP/1.1" 200 16206 "http://easydrivers.activities.at/entry.php?id=10271&&ser=811031" "Mozilla/5.0 (Windows NT 10.0; WOW64; Trident/7.0; rv:11.0) like Gecko"
213.86.241.133 - - [22/Nov/2016:11:38:16 +0100] "GET /entry.php?id=11673 HTTP/1.1" 200 358 "http://easydrivers.activities.at/entry.php?id=11412" "Mozilla/5.0 (Windows NT 10.0; WOW64; Trident/7.0; rv:11.0) like Gecko"
213.86.241.133 - - [22/Nov/2016:11:38:16 +0100] "GET /entry.php?id=11673 HTTP/1.1" 200 358 "http://easydrivers.activities.at/entry.php?id=11412" "Mozilla/5.0 (Windows NT 10.0; WOW64; Trident/7.0; rv:11.0) like Gecko"
213.86.241.133 - - [22/Nov/2016:11:38:16 +0100] "GET /entry.php?id=10676&&title=F\xfchrerscheinkurse HTTP/1.1" 200 1395 "http://easydrivers.activities.at/entry.php?id=11673" "Mozilla/5.0 (Windows NT 10.0; WOW64; Trident/7.0; rv:11.0) like Gecko"
213.86.241.133 - - [22/Nov/2016:11:38:16 +0100] "GET /gui/javascript/form_form.js?1479811096 HTTP/1.1" 200 16206 "http://easydrivers.activities.at/entry.php?id=10676&&title=F%C3%BChrerscheinkurse" "Mozilla/5.0 (Windows NT 10.0; WOW64; Trident/7.0; rv:11.0) like Gecko"
213.86.241.133 - - [22/Nov/2016:11:38:16 +0100] "GET /entry.php?id=11672& HTTP/1.1" 200 2691 "http://easydrivers.activities.at/entry.php?id=11673" "Mozilla/5.0 (Windows NT 10.0; WOW64; Trident/7.0; rv:11.0) like Gecko"
213.86.241.133 - - [22/Nov/2016:11:38:17 +0100] "GET /gui/javascript/form_form.js?1479811097 HTTP/1.1" 200 16206 "http://easydrivers.activities.at/entry.php?id=11672&" "Mozilla/5.0 (Windows NT 10.0; WOW64; Trident/7.0; rv:11.0) like Gecko"
213.86.241.133 - - [22/Nov/2016:11:38:16 +0100] "GET /entry.php?id=11694& HTTP/1.1" 200 3315 "http://easydrivers.activities.at/entry.php?id=11673" "Mozilla/5.0 (Windows NT 10.0; WOW64; Trident/7.0; rv:11.0) like Gecko"
213.86.241.133 - - [22/Nov/2016:11:38:18 +0100] "GET /activities/framework/KoolControls/KoolAjax/koolajax.php?8436e354c842500aba3cbaf0584c0c24 HTTP/1.1" 200 4079 "http://easydrivers.activities.at/entry.php?id=11694&" "Mozilla/5.0 (Windows NT 10.0; WOW64; Trident/7.0; rv:11.0) like Gecko"
213.86.241.133 - - [22/Nov/2016:11:38:18 +0100] "GET /gui/javascript/form_form.js?1479811098 HTTP/1.1" 200 16206 "http://easydrivers.activities.at/entry.php?id=11694&" "Mozilla/5.0 (Windows NT 10.0; WOW64; Trident/7.0; rv:11.0) like Gecko"
213.86.241.133 - - [22/Nov/2016:11:38:17 +0100] "GET /entry.php?id=10776&form=11497&name=list& HTTP/1.1" 200 1941 "http://easydrivers.activities.at/entry.php?id=11672&" "Mozilla/5.0 (Windows NT 10.0; WOW64; Trident/7.0; rv:11.0) like Gecko"
213.86.241.133 - - [22/Nov/2016:11:38:18 +0100] "GET /activities/framework/KoolControls/KoolTreeView/kooltreeview.php?c7cd9180e88ffef8e70f13526bb4f5f7 HTTP/1.1" 200 5055 "http://easydrivers.activities.at/entry.php?id=11694&" "Mozilla/5.0 (Windows NT 10.0; WOW64; Trident/7.0; rv:11.0) like Gecko"
213.86.241.133 - - [22/Nov/2016:11:38:17 +0100] "GET /entry.php?id=10778&form=11497&name=list& HTTP/1.1" 200 9491 "http://easydrivers.activities.at/entry.php?id=11672&" "Mozilla/5.0 (Windows NT 10.0; WOW64; Trident/7.0; rv:11.0) like Gecko"
213.86.241.133 - - [22/Nov/2016:11:38:16 +0100] "GET /entry.php?id=11671& HTTP/1.1" 200 4535 "http://easydrivers.activities.at/entry.php?id=11673" "Mozilla/5.0 (Windows NT 10.0; WOW64; Trident/7.0; rv:11.0) like Gecko"
213.86.241.133 - - [22/Nov/2016:11:38:18 +0100] "GET /entry.php?id=10776&form=11496&name=list& HTTP/1.1" 200 1526 "http://easydrivers.activities.at/entry.php?id=11671&" "Mozilla/5.0 (Windows NT 10.0; WOW64; Trident/7.0; rv:11.0) like Gecko"
213.86.241.133 - - [22/Nov/2016:11:38:18 +0100] "GET /entry.php?id=10778&form=11496&name=list& HTTP/1.1" 200 2493 "http://easydrivers.activities.at/entry.php?id=11671&" "Mozilla/5.0 (Windows NT 10.0; WOW64; Trident/7.0; rv:11.0) like Gecko"
81.189.93.28 - - [22/Nov/2016:11:38:22 +0100] "POST /entry.php?id=11677 HTTP/1.1" 200 5091 "http://ed.activities.at/entry.php?id=11677" "Mozilla/5.0 (Windows NT 5.1; rv:50.0) Gecko/20100101 Firefox/50.0"
81.189.93.28 - - [22/Nov/2016:11:38:23 +0100] "GET /gui/javascript/form_form.js?1479811102 HTTP/1.1" 200 16206 "http://ed.activities.at/entry.php?id=11677" "Mozilla/5.0 (Windows NT 5.1; rv:50.0) Gecko/20100101 Firefox/50.0"
213.86.241.133 - - [22/Nov/2016:11:38:30 +0100] "POST /entry.php?id=11671 HTTP/1.1" 200 4609 "http://easydrivers.activities.at/entry.php?id=11671&" "Mozilla/5.0 (Windows NT 10.0; WOW64; Trident/7.0; rv:11.0) like Gecko"
213.86.241.133 - - [22/Nov/2016:11:38:30 +0100] "GET /gui/javascript/form_form.js?1479811110 HTTP/1.1" 200 16206 "http://easydrivers.activities.at/entry.php?id=11671" "Mozilla/5.0 (Windows NT 10.0; WOW64; Trident/7.0; rv:11.0) like Gecko"
81.189.93.28 - - [22/Nov/2016:11:38:30 +0100] "POST /entry.php?id=11677 HTTP/1.1" 200 5085 "http://ed.activities.at/entry.php?id=11677" "Mozilla/5.0 (Windows NT 5.1; rv:50.0) Gecko/20100101 Firefox/50.0"
81.189.93.28 - - [22/Nov/2016:11:38:31 +0100] "GET /gui/javascript/form_form.js?1479811110 HTTP/1.1" 200 16206 "http://ed.activities.at/entry.php?id=11677" "Mozilla/5.0 (Windows NT 5.1; rv:50.0) Gecko/20100101 Firefox/50.0"
213.86.241.133 - - [22/Nov/2016:11:38:31 +0100] "GET /entry.php?id=10776&form=11496&name=list& HTTP/1.1" 200 1519 "http://easydrivers.activities.at/entry.php?id=11671" "Mozilla/5.0 (Windows NT 10.0; WOW64; Trident/7.0; rv:11.0) like Gecko"
213.86.241.133 - - [22/Nov/2016:11:38:31 +0100] "GET /entry.php?id=10778&form=11496&name=list& HTTP/1.1" 200 5590 "http://easydrivers.activities.at/entry.php?id=11671" "Mozilla/5.0 (Windows NT 10.0; WOW64; Trident/7.0; rv:11.0) like Gecko"
81.189.93.28 - - [22/Nov/2016:11:38:39 +0100] "GET /entry.php?id=10271&&ser=811058 HTTP/1.1" 200 986 "http://ed.activities.at/entry.php?id=10271&&ser=810998" "Mozilla/5.0 (Windows NT 5.1; rv:50.0) Gecko/20100101 Firefox/50.0"
81.189.93.28 - - [22/Nov/2016:11:38:39 +0100] "GET /gui/javascript/form_form.js?1479811119 HTTP/1.1" 200 16206 "http://ed.activities.at/entry.php?id=10271&&ser=811058" "Mozilla/5.0 (Windows NT 5.1; rv:50.0) Gecko/20100101 Firefox/50.0"
81.189.93.28 - - [22/Nov/2016:11:38:48 +0100] "POST /entry.php?id=11677 HTTP/1.1" 200 5092 "http://ed.activities.at/entry.php?id=11677" "Mozilla/5.0 (Windows NT 5.1; rv:50.0) Gecko/20100101 Firefox/50.0"
81.189.93.28 - - [22/Nov/2016:11:38:49 +0100] "GET /gui/javascript/form_form.js?1479811129 HTTP/1.1" 200 16206 "http://ed.activities.at/entry.php?id=11677" "Mozilla/5.0 (Windows NT 5.1; rv:50.0) Gecko/20100101 Firefox/50.0"
81.189.93.28 - - [22/Nov/2016:11:39:00 +0100] "GET /entry.php?id=11681 HTTP/1.1" 200 328 "http://ed.activities.at/entry.php?id=10270&__app__=10006038" "Mozilla/5.0 (Windows NT 5.1; rv:50.0) Gecko/20100101 Firefox/50.0"
81.189.93.28 - - [22/Nov/2016:11:39:00 +0100] "GET /entry.php?id=10676&&title=Contentverwaltung HTTP/1.1" 200 1391 "http://ed.activities.at/entry.php?id=11681" "Mozilla/5.0 (Windows NT 5.1; rv:50.0) Gecko/20100101 Firefox/50.0"
81.189.93.28 - - [22/Nov/2016:11:39:01 +0100] "GET /gui/javascript/form_form.js?1479811141 HTTP/1.1" 200 16206 "http://ed.activities.at/entry.php?id=10676&&title=Contentverwaltung" "Mozilla/5.0 (Windows NT 5.1; rv:50.0) Gecko/20100101 Firefox/50.0"
81.189.93.28 - - [22/Nov/2016:11:39:00 +0100] "GET /entry.php?id=11683& HTTP/1.1" 200 2680 "http://ed.activities.at/entry.php?id=11681" "Mozilla/5.0 (Windows NT 5.1; rv:50.0) Gecko/20100101 Firefox/50.0"
81.189.93.28 - - [22/Nov/2016:11:39:00 +0100] "GET /entry.php?id=11684& HTTP/1.1" 200 3803 "http://ed.activities.at/entry.php?id=11681" "Mozilla/5.0 (Windows NT 5.1; rv:50.0) Gecko/20100101 Firefox/50.0"
81.189.93.28 - - [22/Nov/2016:11:39:01 +0100] "GET /entry.php?id=10776&form=11508&name=list& HTTP/1.1" 200 1895 "http://ed.activities.at/entry.php?id=11683&" "Mozilla/5.0 (Windows NT 5.1; rv:50.0) Gecko/20100101 Firefox/50.0"
81.189.93.28 - - [22/Nov/2016:11:39:01 +0100] "GET /entry.php?id=10778&form=11508&name=list& HTTP/1.1" 200 3214 "http://ed.activities.at/entry.php?id=11683&" "Mozilla/5.0 (Windows NT 5.1; rv:50.0) Gecko/20100101 Firefox/50.0"
81.189.93.28 - - [22/Nov/2016:11:39:09 +0100] "POST /entry.php?id=11684 HTTP/1.1" 200 3983 "http://ed.activities.at/entry.php?id=11684&" "Mozilla/5.0 (Windows NT 5.1; rv:50.0) Gecko/20100101 Firefox/50.0"
81.189.93.28 - - [22/Nov/2016:11:39:10 +0100] "GET /gui/javascript/form_form.js?1479811149 HTTP/1.1" 200 16206 "http://ed.activities.at/entry.php?id=11684" "Mozilla/5.0 (Windows NT 5.1; rv:50.0) Gecko/20100101 Firefox/50.0"
213.86.241.133 - - [22/Nov/2016:11:39:12 +0100] "GET /entry.php?id=10271&&ser=811091 HTTP/1.1" 200 987 "http://easydrivers.activities.at/entry.php?id=10271&&ser=811031" "Mozilla/5.0 (Windows NT 10.0; WOW64; Trident/7.0; rv:11.0) like Gecko"
213.86.241.133 - - [22/Nov/2016:11:39:12 +0100] "GET /gui/javascript/form_form.js?1479811152 HTTP/1.1" 200 16206 "http://easydrivers.activities.at/entry.php?id=10271&&ser=811091" "Mozilla/5.0 (Windows NT 10.0; WOW64; Trident/7.0; rv:11.0) like Gecko"
81.189.93.28 - - [22/Nov/2016:11:39:23 +0100] "POST /entry.php?id=11684 HTTP/1.1" 200 3885 "http://ed.activities.at/entry.php?id=11684" "Mozilla/5.0 (Windows NT 5.1; rv:50.0) Gecko/20100101 Firefox/50.0"
81.189.93.28 - - [22/Nov/2016:11:39:24 +0100] "GET /gui/javascript/form_form.js?1479811164 HTTP/1.1" 200 16206 "http://ed.activities.at/entry.php?id=11684" "Mozilla/5.0 (Windows NT 5.1; rv:50.0) Gecko/20100101 Firefox/50.0"
81.189.93.28 - - [22/Nov/2016:11:39:30 +0100] "POST /entry.php?id=11684 HTTP/1.1" 200 3961 "http://ed.activities.at/entry.php?id=11684" "Mozilla/5.0 (Windows NT 5.1; rv:50.0) Gecko/20100101 Firefox/50.0"
81.189.93.28 - - [22/Nov/2016:11:39:31 +0100] "GET /gui/javascript/form_form.js?1479811170 HTTP/1.1" 200 16206 "http://ed.activities.at/entry.php?id=11684" "Mozilla/5.0 (Windows NT 5.1; rv:50.0) Gecko/20100101 Firefox/50.0"
81.189.93.28 - - [22/Nov/2016:11:39:39 +0100] "GET /entry.php?id=10271&&ser=811119 HTTP/1.1" 200 987 "http://ed.activities.at/entry.php?id=10271&&ser=811058" "Mozilla/5.0 (Windows NT 5.1; rv:50.0) Gecko/20100101 Firefox/50.0"
81.189.93.28 - - [22/Nov/2016:11:39:40 +0100] "GET /gui/javascript/form_form.js?1479811179 HTTP/1.1" 200 16206 "http://ed.activities.at/entry.php?id=10271&&ser=811119" "Mozilla/5.0 (Windows NT 5.1; rv:50.0) Gecko/20100101 Firefox/50.0"
81.189.93.28 - - [22/Nov/2016:11:39:51 +0100] "POST /entry.php?id=11684 HTTP/1.1" 200 3890 "http://ed.activities.at/entry.php?id=11684" "Mozilla/5.0 (Windows NT 5.1; rv:50.0) Gecko/20100101 Firefox/50.0"
81.189.93.28 - - [22/Nov/2016:11:39:52 +0100] "GET /gui/javascript/form_form.js?1479811191 HTTP/1.1" 200 16206 "http://ed.activities.at/entry.php?id=11684" "Mozilla/5.0 (Windows NT 5.1; rv:50.0) Gecko/20100101 Firefox/50.0"
81.189.93.28 - - [22/Nov/2016:11:39:55 +0100] "POST /entry.php?id=11684 HTTP/1.1" 200 3955 "http://ed.activities.at/entry.php?id=11684" "Mozilla/5.0 (Windows NT 5.1; rv:50.0) Gecko/20100101 Firefox/50.0"
81.189.93.28 - - [22/Nov/2016:11:39:55 +0100] "GET /gui/javascript/form_form.js?1479811195 HTTP/1.1" 200 16206 "http://ed.activities.at/entry.php?id=11684" "Mozilla/5.0 (Windows NT 5.1; rv:50.0) Gecko/20100101 Firefox/50.0"
81.189.93.28 - - [22/Nov/2016:11:40:05 +0100] "POST /entry.php?id=11684 HTTP/1.1" 200 3606 "http://ed.activities.at/entry.php?id=11684" "Mozilla/5.0 (Windows NT 5.1; rv:50.0) Gecko/20100101 Firefox/50.0"
81.189.93.28 - - [22/Nov/2016:11:40:05 +0100] "GET /gui/javascript/form_form.js?1479811205 HTTP/1.1" 200 16206 "http://ed.activities.at/entry.php?id=11684" "Mozilla/5.0 (Windows NT 5.1; rv:50.0) Gecko/20100101 Firefox/50.0"
81.189.93.28 - - [22/Nov/2016:11:40:06 +0100] "GET /framework/webfx/javascript/tinymce/plugins/contextmenu/plugin.min.js HTTP/1.1" 200 542 "http://ed.activities.at/entry.php?id=11684" "Mozilla/5.0 (Windows NT 5.1; rv:50.0) Gecko/20100101 Firefox/50.0"
81.189.93.28 - - [22/Nov/2016:11:40:06 +0100] "GET /framework/webfx/javascript/tinymce/plugins/image/plugin.min.js HTTP/1.1" 200 2240 "http://ed.activities.at/entry.php?id=11684" "Mozilla/5.0 (Windows NT 5.1; rv:50.0) Gecko/20100101 Firefox/50.0"
81.189.93.28 - - [22/Nov/2016:11:40:06 +0100] "GET /framework/webfx/javascript/tinymce/plugins/link/plugin.min.js HTTP/1.1" 200 1939 "http://ed.activities.at/entry.php?id=11684" "Mozilla/5.0 (Windows NT 5.1; rv:50.0) Gecko/20100101 Firefox/50.0"
81.189.93.28 - - [22/Nov/2016:11:40:07 +0100] "GET /framework/webfx/javascript/tinymce/skins/lightgray/content.min.css HTTP/1.1" 404 327 "http://ed.activities.at/entry.php?id=11684" "Mozilla/5.0 (Windows NT 5.1; rv:50.0) Gecko/20100101 Firefox/50.0"
213.86.241.133 - - [22/Nov/2016:11:40:08 +0100] "POST /entry.php?id=11671 HTTP/1.1" 200 4748 "http://easydrivers.activities.at/entry.php?id=11671" "Mozilla/5.0 (Windows NT 10.0; WOW64; Trident/7.0; rv:11.0) like Gecko"
213.86.241.133 - - [22/Nov/2016:11:40:08 +0100] "GET /gui/javascript/form_form.js?1479811208 HTTP/1.1" 200 16206 "http://easydrivers.activities.at/entry.php?id=11671" "Mozilla/5.0 (Windows NT 10.0; WOW64; Trident/7.0; rv:11.0) like Gecko"
213.86.241.133 - - [22/Nov/2016:11:40:08 +0100] "GET /entry.php?id=10776&form=11496&name=list& HTTP/1.1" 200 1519 "http://easydrivers.activities.at/entry.php?id=11671" "Mozilla/5.0 (Windows NT 10.0; WOW64; Trident/7.0; rv:11.0) like Gecko"
213.86.241.133 - - [22/Nov/2016:11:40:08 +0100] "GET /entry.php?id=10778&form=11496&name=list& HTTP/1.1" 200 5773 "http://easydrivers.activities.at/entry.php?id=11671" "Mozilla/5.0 (Windows NT 10.0; WOW64; Trident/7.0; rv:11.0) like Gecko"
213.86.241.133 - - [22/Nov/2016:11:40:12 +0100] "GET /entry.php?id=10271&&ser=811152 HTTP/1.1" 200 987 "http://easydrivers.activities.at/entry.php?id=10271&&ser=811091" "Mozilla/5.0 (Windows NT 10.0; WOW64; Trident/7.0; rv:11.0) like Gecko"
213.86.241.133 - - [22/Nov/2016:11:40:12 +0100] "GET /gui/javascript/form_form.js?1479811212 HTTP/1.1" 200 16206 "http://easydrivers.activities.at/entry.php?id=10271&&ser=811152" "Mozilla/5.0 (Windows NT 10.0; WOW64; Trident/7.0; rv:11.0) like Gecko"
212.108.43.59 - - [22/Nov/2016:11:40:24 +0100] "GET / HTTP/1.1" 200 382 "-" "Mozilla/5.0 (Macintosh; Intel Mac OS X 10_10_5) AppleWebKit/602.2.14 (KHTML, like Gecko) Version/10.0.1 Safari/602.2.14"
212.108.43.59 - - [22/Nov/2016:11:40:24 +0100] "GET /activities.ico HTTP/1.1" 200 780 "http://ed.activities.at/" "Mozilla/5.0 (Macintosh; Intel Mac OS X 10_10_5) AppleWebKit/602.2.14 (KHTML, like Gecko) Version/10.0.1 Safari/602.2.14"
212.108.43.59 - - [22/Nov/2016:11:40:24 +0100] "GET /layout.php HTTP/1.1" 200 910 "http://ed.activities.at/" "Mozilla/5.0 (Macintosh; Intel Mac OS X 10_10_5) AppleWebKit/602.2.14 (KHTML, like Gecko) Version/10.0.1 Safari/602.2.14"
212.108.43.59 - - [22/Nov/2016:11:40:24 +0100] "GET /gui/javascript/form_form.js HTTP/1.1" 200 16206 "http://ed.activities.at/layout.php" "Mozilla/5.0 (Macintosh; Intel Mac OS X 10_10_5) AppleWebKit/602.2.14 (KHTML, like Gecko) Version/10.0.1 Safari/602.2.14"
212.108.43.59 - - [22/Nov/2016:11:40:24 +0100] "GET /entry.php?id=10270 HTTP/1.1" 200 908 "http://ed.activities.at/layout.php" "Mozilla/5.0 (Macintosh; Intel Mac OS X 10_10_5) AppleWebKit/602.2.14 (KHTML, like Gecko) Version/10.0.1 Safari/602.2.14"
212.108.43.59 - - [22/Nov/2016:11:40:24 +0100] "GET /entry.php?id=10272 HTTP/1.1" 200 1190 "http://ed.activities.at/layout.php" "Mozilla/5.0 (Macintosh; Intel Mac OS X 10_10_5) AppleWebKit/602.2.14 (KHTML, like Gecko) Version/10.0.1 Safari/602.2.14"
212.108.43.59 - - [22/Nov/2016:11:40:24 +0100] "GET /gui/javascript/jquery/css/gui-themes/ui.spinner.css HTTP/1.1" 200 350 "http://ed.activities.at/entry.php?id=10270" "Mozilla/5.0 (Macintosh; Intel Mac OS X 10_10_5) AppleWebKit/602.2.14 (KHTML, like Gecko) Version/10.0.1 Safari/602.2.14"
212.108.43.59 - - [22/Nov/2016:11:40:24 +0100] "GET /gui/javascript/jquery/css/gui-themes/jquery.tooltip.css HTTP/1.1" 200 246 "http://ed.activities.at/entry.php?id=10270" "Mozilla/5.0 (Macintosh; Intel Mac OS X 10_10_5) AppleWebKit/602.2.14 (KHTML, like Gecko) Version/10.0.1 Safari/602.2.14"
212.108.43.59 - - [22/Nov/2016:11:40:24 +0100] "GET /gui/javascript/jquery/css/gui-themes/custom.min.css HTTP/1.1" 200 5618 "http://ed.activities.at/entry.php?id=10270" "Mozilla/5.0 (Macintosh; Intel Mac OS X 10_10_5) AppleWebKit/602.2.14 (KHTML, like Gecko) Version/10.0.1 Safari/602.2.14"
212.108.43.59 - - [22/Nov/2016:11:40:24 +0100] "GET /gui/styles/tmplDefault.css HTTP/1.1" 200 2135 "http://ed.activities.at/entry.php?id=10272" "Mozilla/5.0 (Macintosh; Intel Mac OS X 10_10_5) AppleWebKit/602.2.14 (KHTML, like Gecko) Version/10.0.1 Safari/602.2.14"
212.108.43.59 - - [22/Nov/2016:11:40:24 +0100] "GET /framework/webfx/javascript/statusbar/statusBar.js HTTP/1.1" 200 649 "http://ed.activities.at/entry.php?id=10272" "Mozilla/5.0 (Macintosh; Intel Mac OS X 10_10_5) AppleWebKit/602.2.14 (KHTML, like Gecko) Version/10.0.1 Safari/602.2.14"
212.108.43.59 - - [22/Nov/2016:11:40:24 +0100] "GET /gui/javascript/form_form.js?1479811224 HTTP/1.1" 200 16206 "http://ed.activities.at/entry.php?id=10270" "Mozilla/5.0 (Macintosh; Intel Mac OS X 10_10_5) AppleWebKit/602.2.14 (KHTML, like Gecko) Version/10.0.1 Safari/602.2.14"
212.108.43.59 - - [22/Nov/2016:11:40:24 +0100] "GET /gui/javascript/jquery/js/jquery-ui-1.9.0.custom.min.js HTTP/1.1" 200 51286 "http://ed.activities.at/entry.php?id=10270" "Mozilla/5.0 (Macintosh; Intel Mac OS X 10_10_5) AppleWebKit/602.2.14 (KHTML, like Gecko) Version/10.0.1 Safari/602.2.14"
212.108.43.59 - - [22/Nov/2016:11:40:24 +0100] "GET /entry.php?id=10273 HTTP/1.1" 200 1932 "http://ed.activities.at/layout.php" "Mozilla/5.0 (Macintosh; Intel Mac OS X 10_10_5) AppleWebKit/602.2.14 (KHTML, like Gecko) Version/10.0.1 Safari/602.2.14"
212.108.43.59 - - [22/Nov/2016:11:40:24 +0100] "GET /gui/javascript/jquery/jquery-tooltip/jquery.tooltip.min.js HTTP/1.1" 200 1982 "http://ed.activities.at/entry.php?id=10270" "Mozilla/5.0 (Macintosh; Intel Mac OS X 10_10_5) AppleWebKit/602.2.14 (KHTML, like Gecko) Version/10.0.1 Safari/602.2.14"
212.108.43.59 - - [22/Nov/2016:11:40:24 +0100] "GET /gui/javascript/jquery/js/jquery-1.8.2.js HTTP/1.1" 200 35391 "http://ed.activities.at/entry.php?id=10270" "Mozilla/5.0 (Macintosh; Intel Mac OS X 10_10_5) AppleWebKit/602.2.14 (KHTML, like Gecko) Version/10.0.1 Safari/602.2.14"
212.108.43.59 - - [22/Nov/2016:11:40:24 +0100] "GET /framework/webfx/javascript/toolbar/cb2.js HTTP/1.1" 200 1686 "http://ed.activities.at/entry.php?id=10273" "Mozilla/5.0 (Macintosh; Intel Mac OS X 10_10_5) AppleWebKit/602.2.14 (KHTML, like Gecko) Version/10.0.1 Safari/602.2.14"
212.108.43.59 - - [22/Nov/2016:11:40:24 +0100] "GET /framework/webfx/javascript/toolbar/ieemu.js HTTP/1.1" 200 2366 "http://ed.activities.at/entry.php?id=10273" "Mozilla/5.0 (Macintosh; Intel Mac OS X 10_10_5) AppleWebKit/602.2.14 (KHTML, like Gecko) Version/10.0.1 Safari/602.2.14"
212.108.43.59 - - [22/Nov/2016:11:40:24 +0100] "GET /framework/webfx/style/toolbar/cb2.css HTTP/1.1" 200 793 "http://ed.activities.at/entry.php?id=10273" "Mozilla/5.0 (Macintosh; Intel Mac OS X 10_10_5) AppleWebKit/602.2.14 (KHTML, like Gecko) Version/10.0.1 Safari/602.2.14"
212.108.43.59 - - [22/Nov/2016:11:40:24 +0100] "GET /entry.php?id=11412 HTTP/1.1" 200 1759 "http://ed.activities.at/layout.php" "Mozilla/5.0 (Macintosh; Intel Mac OS X 10_10_5) AppleWebKit/602.2.14 (KHTML, like Gecko) Version/10.0.1 Safari/602.2.14"
212.108.43.59 - - [22/Nov/2016:11:40:24 +0100] "GET /gui/images/icons/Logo_activites_RGB.gif HTTP/1.1" 200 1336 "http://ed.activities.at/entry.php?id=10273" "Mozilla/5.0 (Macintosh; Intel Mac OS X 10_10_5) AppleWebKit/602.2.14 (KHTML, like Gecko) Version/10.0.1 Safari/602.2.14"
212.108.43.59 - - [22/Nov/2016:11:40:24 +0100] "GET /gui/images/icons/cancel.gif HTTP/1.1" 200 125 "http://ed.activities.at/entry.php?id=11412" "Mozilla/5.0 (Macintosh; Intel Mac OS X 10_10_5) AppleWebKit/602.2.14 (KHTML, like Gecko) Version/10.0.1 Safari/602.2.14"
212.108.43.59 - - [22/Nov/2016:11:40:24 +0100] "GET /gui/images/emptybar.gif HTTP/1.1" 200 89 "http://ed.activities.at/entry.php?id=10272" "Mozilla/5.0 (Macintosh; Intel Mac OS X 10_10_5) AppleWebKit/602.2.14 (KHTML, like Gecko) Version/10.0.1 Safari/602.2.14"
212.108.43.59 - - [22/Nov/2016:11:40:24 +0100] "GET /entry.php?id=10271&UIN=ac049551eaf1765ec730f4c18a9df1c2 HTTP/1.1" 200 934 "http://ed.activities.at/entry.php?id=10272" "Mozilla/5.0 (Macintosh; Intel Mac OS X 10_10_5) AppleWebKit/602.2.14 (KHTML, like Gecko) Version/10.0.1 Safari/602.2.14"
212.108.43.59 - - [22/Nov/2016:11:40:24 +0100] "GET /entry.php?id=10287 HTTP/1.1" 200 2388 "http://ed.activities.at/entry.php?id=11412" "Mozilla/5.0 (Macintosh; Intel Mac OS X 10_10_5) AppleWebKit/602.2.14 (KHTML, like Gecko) Version/10.0.1 Safari/602.2.14"
212.108.43.59 - - [22/Nov/2016:11:40:25 +0100] "GET /gui/javascript/form_form.js?1479811225 HTTP/1.1" 200 16206 "http://ed.activities.at/entry.php?id=10287" "Mozilla/5.0 (Macintosh; Intel Mac OS X 10_10_5) AppleWebKit/602.2.14 (KHTML, like Gecko) Version/10.0.1 Safari/602.2.14"
212.108.43.59 - - [22/Nov/2016:11:40:25 +0100] "GET /entry.php?id=10270& HTTP/1.1" 200 908 "http://ed.activities.at/entry.php?id=10287" "Mozilla/5.0 (Macintosh; Intel Mac OS X 10_10_5) AppleWebKit/602.2.14 (KHTML, like Gecko) Version/10.0.1 Safari/602.2.14"
212.108.43.59 - - [22/Nov/2016:11:40:25 +0100] "GET /entry.php?id=10273& HTTP/1.1" 200 1901 "http://ed.activities.at/entry.php?id=10287" "Mozilla/5.0 (Macintosh; Intel Mac OS X 10_10_5) AppleWebKit/602.2.14 (KHTML, like Gecko) Version/10.0.1 Safari/602.2.14"
213.86.241.133 - - [22/Nov/2016:11:40:39 +0100] "POST /entry.php?id=11671 HTTP/1.1" 200 4749 "http://easydrivers.activities.at/entry.php?id=11671" "Mozilla/5.0 (Windows NT 10.0; WOW64; Trident/7.0; rv:11.0) like Gecko"
213.86.241.133 - - [22/Nov/2016:11:40:40 +0100] "GET /gui/javascript/form_form.js?1479811240 HTTP/1.1" 200 16206 "http://easydrivers.activities.at/entry.php?id=11671" "Mozilla/5.0 (Windows NT 10.0; WOW64; Trident/7.0; rv:11.0) like Gecko"
213.86.241.133 - - [22/Nov/2016:11:40:40 +0100] "GET /entry.php?id=10778&form=11496&name=list& HTTP/1.1" 200 5773 "http://easydrivers.activities.at/entry.php?id=11671" "Mozilla/5.0 (Windows NT 10.0; WOW64; Trident/7.0; rv:11.0) like Gecko"
81.189.93.28 - - [22/Nov/2016:11:40:40 +0100] "GET /entry.php?id=10271&&ser=811179 HTTP/1.1" 200 987 "http://ed.activities.at/entry.php?id=10271&&ser=811119" "Mozilla/5.0 (Windows NT 5.1; rv:50.0) Gecko/20100101 Firefox/50.0"
213.86.241.133 - - [22/Nov/2016:11:40:40 +0100] "GET /entry.php?id=10776&form=11496&name=list& HTTP/1.1" 200 1519 "http://easydrivers.activities.at/entry.php?id=11671" "Mozilla/5.0 (Windows NT 10.0; WOW64; Trident/7.0; rv:11.0) like Gecko"
81.189.93.28 - - [22/Nov/2016:11:40:40 +0100] "GET /gui/javascript/form_form.js?1479811240 HTTP/1.1" 200 16206 "http://ed.activities.at/entry.php?id=10271&&ser=811179" "Mozilla/5.0 (Windows NT 5.1; rv:50.0) Gecko/20100101 Firefox/50.0"
213.86.241.133 - - [22/Nov/2016:11:40:53 +0100] "POST /entry.php?id=11671 HTTP/1.1" 200 4611 "http://easydrivers.activities.at/entry.php?id=11671" "Mozilla/5.0 (Windows NT 10.0; WOW64; Trident/7.0; rv:11.0) like Gecko"
213.86.241.133 - - [22/Nov/2016:11:40:54 +0100] "GET /gui/javascript/form_form.js?1479811254 HTTP/1.1" 200 16206 "http://easydrivers.activities.at/entry.php?id=11671" "Mozilla/5.0 (Windows NT 10.0; WOW64; Trident/7.0; rv:11.0) like Gecko"
213.86.241.133 - - [22/Nov/2016:11:40:54 +0100] "GET /entry.php?id=10776&form=11496&name=list& HTTP/1.1" 200 1519 "http://easydrivers.activities.at/entry.php?id=11671" "Mozilla/5.0 (Windows NT 10.0; WOW64; Trident/7.0; rv:11.0) like Gecko"
213.86.241.133 - - [22/Nov/2016:11:40:54 +0100] "GET /entry.php?id=10778&form=11496&name=list& HTTP/1.1" 200 5590 "http://easydrivers.activities.at/entry.php?id=11671" "Mozilla/5.0 (Windows NT 10.0; WOW64; Trident/7.0; rv:11.0) like Gecko"
213.86.241.133 - - [22/Nov/2016:11:41:12 +0100] "GET /entry.php?id=10271&&ser=811212 HTTP/1.1" 200 987 "http://easydrivers.activities.at/entry.php?id=10271&&ser=811152" "Mozilla/5.0 (Windows NT 10.0; WOW64; Trident/7.0; rv:11.0) like Gecko"
213.86.241.133 - - [22/Nov/2016:11:41:13 +0100] "GET /gui/javascript/form_form.js?1479811273 HTTP/1.1" 200 16206 "http://easydrivers.activities.at/entry.php?id=10271&&ser=811212" "Mozilla/5.0 (Windows NT 10.0; WOW64; Trident/7.0; rv:11.0) like Gecko"
81.189.93.28 - - [22/Nov/2016:11:41:40 +0100] "POST /entry.php?id=11684 HTTP/1.1" 200 3605 "http://ed.activities.at/entry.php?id=11684" "Mozilla/5.0 (Windows NT 5.1; rv:50.0) Gecko/20100101 Firefox/50.0"
81.189.93.28 - - [22/Nov/2016:11:41:40 +0100] "GET /entry.php?id=10271&&ser=811240 HTTP/1.1" 200 986 "http://ed.activities.at/entry.php?id=10271&&ser=811179" "Mozilla/5.0 (Windows NT 5.1; rv:50.0) Gecko/20100101 Firefox/50.0"
81.189.93.28 - - [22/Nov/2016:11:41:41 +0100] "GET /gui/javascript/form_form.js?1479811301 HTTP/1.1" 200 16206 "http://ed.activities.at/entry.php?id=11684" "Mozilla/5.0 (Windows NT 5.1; rv:50.0) Gecko/20100101 Firefox/50.0"
81.189.93.28 - - [22/Nov/2016:11:41:42 +0100] "GET /framework/webfx/javascript/tinymce/skins/lightgray/content.min.css HTTP/1.1" 404 327 "http://ed.activities.at/entry.php?id=11684" "Mozilla/5.0 (Windows NT 5.1; rv:50.0) Gecko/20100101 Firefox/50.0"
81.189.93.28 - - [22/Nov/2016:11:41:43 +0100] "POST /entry.php?id=11684 HTTP/1.1" 200 3954 "http://ed.activities.at/entry.php?id=11684" "Mozilla/5.0 (Windows NT 5.1; rv:50.0) Gecko/20100101 Firefox/50.0"
81.189.93.28 - - [22/Nov/2016:11:41:43 +0100] "GET /gui/javascript/form_form.js?1479811303 HTTP/1.1" 200 16206 "http://ed.activities.at/entry.php?id=11684" "Mozilla/5.0 (Windows NT 5.1; rv:50.0) Gecko/20100101 Firefox/50.0"
81.189.93.28 - - [22/Nov/2016:11:41:59 +0100] "POST /entry.php?id=11684 HTTP/1.1" 200 4256 "http://ed.activities.at/entry.php?id=11684" "Mozilla/5.0 (Windows NT 5.1; rv:50.0) Gecko/20100101 Firefox/50.0"
81.189.93.28 - - [22/Nov/2016:11:41:59 +0100] "GET /gui/javascript/form_form.js?1479811319 HTTP/1.1" 200 16206 "http://ed.activities.at/entry.php?id=11684" "Mozilla/5.0 (Windows NT 5.1; rv:50.0) Gecko/20100101 Firefox/50.0"
81.189.93.28 - - [22/Nov/2016:11:42:01 +0100] "POST /entry.php?id=11684 HTTP/1.1" 200 3604 "http://ed.activities.at/entry.php?id=11684" "Mozilla/5.0 (Windows NT 5.1; rv:50.0) Gecko/20100101 Firefox/50.0"
81.189.93.28 - - [22/Nov/2016:11:42:01 +0100] "GET /gui/javascript/form_form.js?1479811321 HTTP/1.1" 200 16206 "http://ed.activities.at/entry.php?id=11684" "Mozilla/5.0 (Windows NT 5.1; rv:50.0) Gecko/20100101 Firefox/50.0"
81.189.93.28 - - [22/Nov/2016:11:42:02 +0100] "GET /framework/webfx/javascript/tinymce/skins/lightgray/content.min.css HTTP/1.1" 404 327 "http://ed.activities.at/entry.php?id=11684" "Mozilla/5.0 (Windows NT 5.1; rv:50.0) Gecko/20100101 Firefox/50.0"
213.86.241.133 - - [22/Nov/2016:11:42:02 +0100] "POST /entry.php?id=11671 HTTP/1.1" 200 4535 "http://easydrivers.activities.at/entry.php?id=11671" "Mozilla/5.0 (Windows NT 10.0; WOW64; Trident/7.0; rv:11.0) like Gecko"
213.86.241.133 - - [22/Nov/2016:11:42:03 +0100] "GET /gui/javascript/form_form.js?1479811323 HTTP/1.1" 200 16206 "http://easydrivers.activities.at/entry.php?id=11671" "Mozilla/5.0 (Windows NT 10.0; WOW64; Trident/7.0; rv:11.0) like Gecko"
213.86.241.133 - - [22/Nov/2016:11:42:03 +0100] "GET /entry.php?id=10778&form=11496&name=list& HTTP/1.1" 200 2492 "http://easydrivers.activities.at/entry.php?id=11671" "Mozilla/5.0 (Windows NT 10.0; WOW64; Trident/7.0; rv:11.0) like Gecko"
213.86.241.133 - - [22/Nov/2016:11:42:03 +0100] "GET /entry.php?id=10776&form=11496&name=list& HTTP/1.1" 200 1526 "http://easydrivers.activities.at/entry.php?id=11671" "Mozilla/5.0 (Windows NT 10.0; WOW64; Trident/7.0; rv:11.0) like Gecko"
213.86.241.133 - - [22/Nov/2016:11:42:13 +0100] "GET /entry.php?id=10271&&ser=811273 HTTP/1.1" 200 987 "http://easydrivers.activities.at/entry.php?id=10271&&ser=811212" "Mozilla/5.0 (Windows NT 10.0; WOW64; Trident/7.0; rv:11.0) like Gecko"
213.86.241.133 - - [22/Nov/2016:11:42:13 +0100] "GET /gui/javascript/form_form.js?1479811333 HTTP/1.1" 200 16206 "http://easydrivers.activities.at/entry.php?id=10271&&ser=811273" "Mozilla/5.0 (Windows NT 10.0; WOW64; Trident/7.0; rv:11.0) like Gecko"
213.86.241.133 - - [22/Nov/2016:11:42:22 +0100] "GET /entry.php?id=11673 HTTP/1.1" 200 358 "http://easydrivers.activities.at/entry.php?id=11412" "Mozilla/5.0 (Windows NT 10.0; WOW64; Trident/7.0; rv:11.0) like Gecko"
213.86.241.133 - - [22/Nov/2016:11:42:22 +0100] "GET /entry.php?id=11673 HTTP/1.1" 200 358 "http://easydrivers.activities.at/entry.php?id=11412" "Mozilla/5.0 (Windows NT 10.0; WOW64; Trident/7.0; rv:11.0) like Gecko"
213.86.241.133 - - [22/Nov/2016:11:42:22 +0100] "GET /entry.php?id=10676&&title=F\xfchrerscheinkurse HTTP/1.1" 200 1394 "http://easydrivers.activities.at/entry.php?id=11673" "Mozilla/5.0 (Windows NT 10.0; WOW64; Trident/7.0; rv:11.0) like Gecko"
213.86.241.133 - - [22/Nov/2016:11:42:23 +0100] "GET /gui/javascript/form_form.js?1479811343 HTTP/1.1" 200 16206 "http://easydrivers.activities.at/entry.php?id=10676&&title=F%C3%BChrerscheinkurse" "Mozilla/5.0 (Windows NT 10.0; WOW64; Trident/7.0; rv:11.0) like Gecko"
213.86.241.133 - - [22/Nov/2016:11:42:22 +0100] "GET /entry.php?id=11694& HTTP/1.1" 200 3314 "http://easydrivers.activities.at/entry.php?id=11673" "Mozilla/5.0 (Windows NT 10.0; WOW64; Trident/7.0; rv:11.0) like Gecko"
213.86.241.133 - - [22/Nov/2016:11:42:23 +0100] "GET /activities/framework/KoolControls/KoolAjax/koolajax.php?8436e354c842500aba3cbaf0584c0c24 HTTP/1.1" 200 4079 "http://easydrivers.activities.at/entry.php?id=11694&" "Mozilla/5.0 (Windows NT 10.0; WOW64; Trident/7.0; rv:11.0) like Gecko"
