81.189.93.28 - - [22/Nov/2016:14:31:48 +0100] "GET /gui/javascript/form_form.js?1479821508 HTTP/1.1" 200 16206 "http://ed.activities.at/entry.php?id=11683&chooserview=addnewboxoffer&object=&" "Mozilla/5.0 (Windows NT 5.1; rv:50.0) Gecko/20100101 Firefox/50.0"
81.189.93.28 - - [22/Nov/2016:14:31:47 +0100] "GET /entry.php?id=11684&chooserview=addnewboxoffer&object=& HTTP/1.1" 200 3790 "http://ed.activities.at/entry.php?id=11681&chooserview=addnewboxoffer&hidetitle=true&object=&chooserview=addnewboxoffer&hidetitle=true" "Mozilla/5.0 (Windows NT 5.1; rv:50.0) Gecko/20100101 Firefox/50.0"
81.189.93.28 - - [22/Nov/2016:14:31:48 +0100] "GET /entry.php?id=10776&form=11508&name=list& HTTP/1.1" 200 1807 "http://ed.activities.at/entry.php?id=11683&chooserview=addnewboxoffer&object=&" "Mozilla/5.0 (Windows NT 5.1; rv:50.0) Gecko/20100101 Firefox/50.0"
81.189.93.28 - - [22/Nov/2016:14:31:48 +0100] "GET /entry.php?id=10778&form=11508&name=list& HTTP/1.1" 200 3007 "http://ed.activities.at/entry.php?id=11683&chooserview=addnewboxoffer&object=&" "Mozilla/5.0 (Windows NT 5.1; rv:50.0) Gecko/20100101 Firefox/50.0"
213.86.241.133 - - [22/Nov/2016:14:31:53 +0100] "POST /entry.php?id=11671 HTTP/1.1" 200 4965 "http://easydrivers.activities.at/entry.php?id=11671" "Mozilla/5.0 (Windows NT 10.0; WOW64; Trident/7.0; rv:11.0) like Gecko"
213.86.241.133 - - [22/Nov/2016:14:31:54 +0100] "GET /gui/javascript/form_form.js?1479821514 HTTP/1.1" 200 16206 "http://easydrivers.activities.at/entry.php?id=11671" "Mozilla/5.0 (Windows NT 10.0; WOW64; Trident/7.0; rv:11.0) like Gecko"
213.86.241.133 - - [22/Nov/2016:14:31:54 +0100] "GET /entry.php?id=10776&form=11496&name=list& HTTP/1.1" 200 1519 "http://easydrivers.activities.at/entry.php?id=11671" "Mozilla/5.0 (Windows NT 10.0; WOW64; Trident/7.0; rv:11.0) like Gecko"
213.86.241.133 - - [22/Nov/2016:14:31:54 +0100] "GET /entry.php?id=10778&form=11496&name=list& HTTP/1.1" 200 5770 "http://easydrivers.activities.at/entry.php?id=11671" "Mozilla/5.0 (Windows NT 10.0; WOW64; Trident/7.0; rv:11.0) like Gecko"
213.86.241.133 - - [22/Nov/2016:14:31:56 +0100] "POST /entry.php?id=11671 HTTP/1.1" 200 4915 "http://easydrivers.activities.at/entry.php?id=11671" "Mozilla/5.0 (Windows NT 10.0; WOW64; Trident/7.0; rv:11.0) like Gecko"
213.86.241.133 - - [22/Nov/2016:14:31:57 +0100] "GET /gui/javascript/form_form.js?1479821517 HTTP/1.1" 200 16206 "http://easydrivers.activities.at/entry.php?id=11671" "Mozilla/5.0 (Windows NT 10.0; WOW64; Trident/7.0; rv:11.0) like Gecko"
213.86.241.133 - - [22/Nov/2016:14:31:58 +0100] "GET /entry.php?id=10776&form=11496&name=list& HTTP/1.1" 200 1519 "http://easydrivers.activities.at/entry.php?id=11671" "Mozilla/5.0 (Windows NT 10.0; WOW64; Trident/7.0; rv:11.0) like Gecko"
213.86.241.133 - - [22/Nov/2016:14:31:58 +0100] "GET /entry.php?id=10778&form=11496&name=list& HTTP/1.1" 200 5770 "http://easydrivers.activities.at/entry.php?id=11671" "Mozilla/5.0 (Windows NT 10.0; WOW64; Trident/7.0; rv:11.0) like Gecko"
81.189.93.28 - - [22/Nov/2016:14:32:02 +0100] "GET /entry.php?id=11681&chooserview=addnewboxoffer&hidetitle=true&object=&chooserview=addnewboxoffer&hidetitle=true HTTP/1.1" 200 340 "http://ed.activities.at/entry.php?id=11412" "Mozilla/5.0 (Windows NT 5.1; rv:50.0) Gecko/20100101 Firefox/50.0"
81.189.93.28 - - [22/Nov/2016:14:32:02 +0100] "GET /entry.php?id=11683&chooserview=addnewboxoffer&object=& HTTP/1.1" 200 2960 "http://ed.activities.at/entry.php?id=11681&chooserview=addnewboxoffer&hidetitle=true&object=&chooserview=addnewboxoffer&hidetitle=true" "Mozilla/5.0 (Windows NT 5.1; rv:50.0) Gecko/20100101 Firefox/50.0"
81.189.93.28 - - [22/Nov/2016:14:32:03 +0100] "GET /gui/javascript/form_form.js?1479821523 HTTP/1.1" 200 16206 "http://ed.activities.at/entry.php?id=11683&chooserview=addnewboxoffer&object=&" "Mozilla/5.0 (Windows NT 5.1; rv:50.0) Gecko/20100101 Firefox/50.0"
81.189.93.28 - - [22/Nov/2016:14:32:02 +0100] "GET /entry.php?id=11684&chooserview=addnewboxoffer&object=& HTTP/1.1" 200 3791 "http://ed.activities.at/entry.php?id=11681&chooserview=addnewboxoffer&hidetitle=true&object=&chooserview=addnewboxoffer&hidetitle=true" "Mozilla/5.0 (Windows NT 5.1; rv:50.0) Gecko/20100101 Firefox/50.0"
213.86.241.133 - - [22/Nov/2016:14:32:03 +0100] "GET /entry.php?id=11679 HTTP/1.1" 200 312 "http://easydrivers.activities.at/entry.php?id=11412" "Mozilla/5.0 (Windows NT 10.0; WOW64; Trident/7.0; rv:11.0) like Gecko"
213.86.241.133 - - [22/Nov/2016:14:32:03 +0100] "GET /entry.php?id=10676&title=Portal& HTTP/1.1" 200 1387 "http://easydrivers.activities.at/entry.php?id=11679" "Mozilla/5.0 (Windows NT 10.0; WOW64; Trident/7.0; rv:11.0) like Gecko"
213.86.241.133 - - [22/Nov/2016:14:32:03 +0100] "GET /gui/javascript/form_form.js?1479821523 HTTP/1.1" 200 16206 "http://easydrivers.activities.at/entry.php?id=10676&title=Portal&" "Mozilla/5.0 (Windows NT 10.0; WOW64; Trident/7.0; rv:11.0) like Gecko"
81.189.93.28 - - [22/Nov/2016:14:32:03 +0100] "GET /entry.php?id=10776&form=11508&name=list& HTTP/1.1" 200 1807 "http://ed.activities.at/entry.php?id=11683&chooserview=addnewboxoffer&object=&" "Mozilla/5.0 (Windows NT 5.1; rv:50.0) Gecko/20100101 Firefox/50.0"
81.189.93.28 - - [22/Nov/2016:14:32:03 +0100] "GET /entry.php?id=10778&form=11508&name=list& HTTP/1.1" 200 3007 "http://ed.activities.at/entry.php?id=11683&chooserview=addnewboxoffer&object=&" "Mozilla/5.0 (Windows NT 5.1; rv:50.0) Gecko/20100101 Firefox/50.0"
213.86.241.133 - - [22/Nov/2016:14:32:03 +0100] "GET /entry.php?id=11678& HTTP/1.1" 200 3172 "http://easydrivers.activities.at/entry.php?id=11679" "Mozilla/5.0 (Windows NT 10.0; WOW64; Trident/7.0; rv:11.0) like Gecko"
213.86.241.133 - - [22/Nov/2016:14:32:04 +0100] "GET /gui/javascript/form_form.js?1479821524 HTTP/1.1" 200 16206 "http://easydrivers.activities.at/entry.php?id=11678&" "Mozilla/5.0 (Windows NT 10.0; WOW64; Trident/7.0; rv:11.0) like Gecko"
213.86.241.133 - - [22/Nov/2016:14:32:04 +0100] "GET /activities/framework/KoolControls/KoolAjax/koolajax.php?8436e354c842500aba3cbaf0584c0c24 HTTP/1.1" 200 4079 "http://easydrivers.activities.at/entry.php?id=11678&" "Mozilla/5.0 (Windows NT 10.0; WOW64; Trident/7.0; rv:11.0) like Gecko"
213.86.241.133 - - [22/Nov/2016:14:32:04 +0100] "GET /activities/framework/KoolControls/KoolTreeView/kooltreeview.php?c7cd9180e88ffef8e70f13526bb4f5f7 HTTP/1.1" 200 5055 "http://easydrivers.activities.at/entry.php?id=11678&" "Mozilla/5.0 (Windows NT 10.0; WOW64; Trident/7.0; rv:11.0) like Gecko"
213.86.241.133 - - [22/Nov/2016:14:32:03 +0100] "GET /entry.php?id=11677& HTTP/1.1" 200 4374 "http://easydrivers.activities.at/entry.php?id=11679" "Mozilla/5.0 (Windows NT 10.0; WOW64; Trident/7.0; rv:11.0) like Gecko"
213.86.241.133 - - [22/Nov/2016:14:32:04 +0100] "GET /entry.php?id=11618&&object=&item=&emu_class= HTTP/1.1" 200 1699 "http://easydrivers.activities.at/entry.php?id=11677&" "Mozilla/5.0 (Windows NT 10.0; WOW64; Trident/7.0; rv:11.0) like Gecko"
213.86.241.133 - - [22/Nov/2016:14:32:05 +0100] "GET /entry.php?id=11673 HTTP/1.1" 200 358 "http://easydrivers.activities.at/entry.php?id=11412" "Mozilla/5.0 (Windows NT 10.0; WOW64; Trident/7.0; rv:11.0) like Gecko"
213.86.241.133 - - [22/Nov/2016:14:32:05 +0100] "GET /entry.php?id=10676&&title=F\xfchrerscheinkurse HTTP/1.1" 200 1396 "http://easydrivers.activities.at/entry.php?id=11673" "Mozilla/5.0 (Windows NT 10.0; WOW64; Trident/7.0; rv:11.0) like Gecko"
213.86.241.133 - - [22/Nov/2016:14:32:05 +0100] "GET /gui/javascript/form_form.js?1479821525 HTTP/1.1" 200 16206 "http://easydrivers.activities.at/entry.php?id=10676&&title=F%C3%BChrerscheinkurse" "Mozilla/5.0 (Windows NT 10.0; WOW64; Trident/7.0; rv:11.0) like Gecko"
213.86.241.133 - - [22/Nov/2016:14:32:05 +0100] "GET /entry.php?id=11694& HTTP/1.1" 200 3423 "http://easydrivers.activities.at/entry.php?id=11673" "Mozilla/5.0 (Windows NT 10.0; WOW64; Trident/7.0; rv:11.0) like Gecko"
213.86.241.133 - - [22/Nov/2016:14:32:06 +0100] "GET /activities/framework/KoolControls/KoolAjax/koolajax.php?8436e354c842500aba3cbaf0584c0c24 HTTP/1.1" 200 4079 "http://easydrivers.activities.at/entry.php?id=11694&" "Mozilla/5.0 (Windows NT 10.0; WOW64; Trident/7.0; rv:11.0) like Gecko"
213.86.241.133 - - [22/Nov/2016:14:32:06 +0100] "GET /gui/javascript/form_form.js?1479821526 HTTP/1.1" 200 16206 "http://easydrivers.activities.at/entry.php?id=11694&" "Mozilla/5.0 (Windows NT 10.0; WOW64; Trident/7.0; rv:11.0) like Gecko"
213.86.241.133 - - [22/Nov/2016:14:32:06 +0100] "GET /activities/framework/KoolControls/KoolTreeView/kooltreeview.php?c7cd9180e88ffef8e70f13526bb4f5f7 HTTP/1.1" 200 5055 "http://easydrivers.activities.at/entry.php?id=11694&" "Mozilla/5.0 (Windows NT 10.0; WOW64; Trident/7.0; rv:11.0) like Gecko"
213.86.241.133 - - [22/Nov/2016:14:32:05 +0100] "GET /entry.php?id=11671& HTTP/1.1" 200 4535 "http://easydrivers.activities.at/entry.php?id=11673" "Mozilla/5.0 (Windows NT 10.0; WOW64; Trident/7.0; rv:11.0) like Gecko"
213.86.241.133 - - [22/Nov/2016:14:32:07 +0100] "GET /entry.php?id=10778&form=11496&name=list& HTTP/1.1" 200 2493 "http://easydrivers.activities.at/entry.php?id=11671&" "Mozilla/5.0 (Windows NT 10.0; WOW64; Trident/7.0; rv:11.0) like Gecko"
213.86.241.133 - - [22/Nov/2016:14:32:05 +0100] "GET /entry.php?id=11672& HTTP/1.1" 200 2693 "http://easydrivers.activities.at/entry.php?id=11673" "Mozilla/5.0 (Windows NT 10.0; WOW64; Trident/7.0; rv:11.0) like Gecko"
213.86.241.133 - - [22/Nov/2016:14:32:07 +0100] "GET /gui/javascript/form_form.js?1479821527 HTTP/1.1" 200 16206 "http://easydrivers.activities.at/entry.php?id=11672&" "Mozilla/5.0 (Windows NT 10.0; WOW64; Trident/7.0; rv:11.0) like Gecko"
213.86.241.133 - - [22/Nov/2016:14:32:07 +0100] "GET /entry.php?id=10776&form=11496&name=list& HTTP/1.1" 200 1526 "http://easydrivers.activities.at/entry.php?id=11671&" "Mozilla/5.0 (Windows NT 10.0; WOW64; Trident/7.0; rv:11.0) like Gecko"
213.86.241.133 - - [22/Nov/2016:14:32:08 +0100] "GET /entry.php?id=10776&form=11497&name=list& HTTP/1.1" 200 1942 "http://easydrivers.activities.at/entry.php?id=11672&" "Mozilla/5.0 (Windows NT 10.0; WOW64; Trident/7.0; rv:11.0) like Gecko"
213.86.241.133 - - [22/Nov/2016:14:32:08 +0100] "GET /entry.php?id=10778&form=11497&name=list& HTTP/1.1" 200 10061 "http://easydrivers.activities.at/entry.php?id=11672&" "Mozilla/5.0 (Windows NT 10.0; WOW64; Trident/7.0; rv:11.0) like Gecko"
213.86.241.133 - - [22/Nov/2016:14:32:11 +0100] "POST /entry.php?id=11672 HTTP/1.1" 200 2703 "http://easydrivers.activities.at/entry.php?id=11672&" "Mozilla/5.0 (Windows NT 10.0; WOW64; Trident/7.0; rv:11.0) like Gecko"
213.86.241.133 - - [22/Nov/2016:14:32:11 +0100] "GET /gui/javascript/form_form.js?1479821531 HTTP/1.1" 200 16206 "http://easydrivers.activities.at/entry.php?id=11672" "Mozilla/5.0 (Windows NT 10.0; WOW64; Trident/7.0; rv:11.0) like Gecko"
213.86.241.133 - - [22/Nov/2016:14:32:11 +0100] "GET /entry.php?id=10778&form=11497&name=list& HTTP/1.1" 200 2914 "http://easydrivers.activities.at/entry.php?id=11672" "Mozilla/5.0 (Windows NT 10.0; WOW64; Trident/7.0; rv:11.0) like Gecko"
81.189.93.28 - - [22/Nov/2016:14:32:11 +0100] "POST /entry.php?id=11685 HTTP/1.1" 200 3759 "http://ed.activities.at/entry.php?id=11685&object=10230378&site=10201431&item=10221971" "Mozilla/5.0 (Windows NT 5.1; rv:50.0) Gecko/20100101 Firefox/50.0"
81.189.93.28 - - [22/Nov/2016:14:32:11 +0100] "GET /gui/javascript/form_form.js?1479821531 HTTP/1.1" 200 16206 "http://ed.activities.at/entry.php?id=11685" "Mozilla/5.0 (Windows NT 5.1; rv:50.0) Gecko/20100101 Firefox/50.0"
213.86.241.133 - - [22/Nov/2016:14:32:11 +0100] "GET /entry.php?id=10776&form=11497&name=list& HTTP/1.1" 200 1940 "http://easydrivers.activities.at/entry.php?id=11672" "Mozilla/5.0 (Windows NT 10.0; WOW64; Trident/7.0; rv:11.0) like Gecko"
81.189.93.28 - - [22/Nov/2016:14:32:16 +0100] "GET /entry.php?id=10271&&ser=821476 HTTP/1.1" 200 987 "http://ed.activities.at/entry.php?id=10271&&ser=821416" "Mozilla/5.0 (Windows NT 5.1; rv:50.0) Gecko/20100101 Firefox/50.0"
81.189.93.28 - - [22/Nov/2016:14:32:17 +0100] "GET /gui/javascript/form_form.js?1479821537 HTTP/1.1" 200 16206 "http://ed.activities.at/entry.php?id=10271&&ser=821476" "Mozilla/5.0 (Windows NT 5.1; rv:50.0) Gecko/20100101 Firefox/50.0"
213.86.241.133 - - [22/Nov/2016:14:32:23 +0100] "POST /entry.php?id=11672 HTTP/1.1" 200 2703 "http://easydrivers.activities.at/entry.php?id=11672" "Mozilla/5.0 (Windows NT 10.0; WOW64; Trident/7.0; rv:11.0) like Gecko"
213.86.241.133 - - [22/Nov/2016:14:32:24 +0100] "GET /gui/javascript/form_form.js?1479821544 HTTP/1.1" 200 16206 "http://easydrivers.activities.at/entry.php?id=11672" "Mozilla/5.0 (Windows NT 10.0; WOW64; Trident/7.0; rv:11.0) like Gecko"
213.86.241.133 - - [22/Nov/2016:14:32:24 +0100] "GET /entry.php?id=10776&form=11497&name=list& HTTP/1.1" 200 1940 "http://easydrivers.activities.at/entry.php?id=11672" "Mozilla/5.0 (Windows NT 10.0; WOW64; Trident/7.0; rv:11.0) like Gecko"
213.86.241.133 - - [22/Nov/2016:14:32:24 +0100] "GET /entry.php?id=10778&form=11497&name=list& HTTP/1.1" 200 2840 "http://easydrivers.activities.at/entry.php?id=11672" "Mozilla/5.0 (Windows NT 10.0; WOW64; Trident/7.0; rv:11.0) like Gecko"
81.189.93.28 - - [22/Nov/2016:14:32:27 +0100] "POST /entry.php?id=11677 HTTP/1.1" 200 3316 "http://ed.activities.at/entry.php?id=10778&form=11502&name=list&" "Mozilla/5.0 (Windows NT 5.1; rv:50.0) Gecko/20100101 Firefox/50.0"
81.189.93.28 - - [22/Nov/2016:14:32:28 +0100] "GET /gui/javascript/form_form.js?1479821548 HTTP/1.1" 200 16206 "http://ed.activities.at/entry.php?id=11677" "Mozilla/5.0 (Windows NT 5.1; rv:50.0) Gecko/20100101 Firefox/50.0"
81.189.93.28 - - [22/Nov/2016:14:32:28 +0100] "GET /entry.php?id=10776&form=11502&name=list& HTTP/1.1" 200 1475 "http://ed.activities.at/entry.php?id=11677" "Mozilla/5.0 (Windows NT 5.1; rv:50.0) Gecko/20100101 Firefox/50.0"
81.189.93.28 - - [22/Nov/2016:14:32:28 +0100] "GET /entry.php?id=10778&form=11502&name=list& HTTP/1.1" 200 3861 "http://ed.activities.at/entry.php?id=11677" "Mozilla/5.0 (Windows NT 5.1; rv:50.0) Gecko/20100101 Firefox/50.0"
81.189.93.28 - - [22/Nov/2016:14:32:32 +0100] "POST /entry.php?id=11677 HTTP/1.1" 200 4407 "http://ed.activities.at/entry.php?id=11677" "Mozilla/5.0 (Windows NT 5.1; rv:50.0) Gecko/20100101 Firefox/50.0"
81.189.93.28 - - [22/Nov/2016:14:32:32 +0100] "GET /gui/javascript/form_form.js?1479821552 HTTP/1.1" 200 16206 "http://ed.activities.at/entry.php?id=11677" "Mozilla/5.0 (Windows NT 5.1; rv:50.0) Gecko/20100101 Firefox/50.0"
213.86.241.133 - - [22/Nov/2016:14:32:39 +0100] "POST /entry.php?id=11671 HTTP/1.1" 200 4611 "http://easydrivers.activities.at/entry.php?id=11671&" "Mozilla/5.0 (Windows NT 10.0; WOW64; Trident/7.0; rv:11.0) like Gecko"
213.86.241.133 - - [22/Nov/2016:14:32:40 +0100] "GET /gui/javascript/form_form.js?1479821560 HTTP/1.1" 200 16206 "http://easydrivers.activities.at/entry.php?id=11671" "Mozilla/5.0 (Windows NT 10.0; WOW64; Trident/7.0; rv:11.0) like Gecko"
213.86.241.133 - - [22/Nov/2016:14:32:40 +0100] "GET /entry.php?id=10776&form=11496&name=list& HTTP/1.1" 200 1519 "http://easydrivers.activities.at/entry.php?id=11671" "Mozilla/5.0 (Windows NT 10.0; WOW64; Trident/7.0; rv:11.0) like Gecko"
213.86.241.133 - - [22/Nov/2016:14:32:40 +0100] "GET /entry.php?id=10778&form=11496&name=list& HTTP/1.1" 200 5590 "http://easydrivers.activities.at/entry.php?id=11671" "Mozilla/5.0 (Windows NT 10.0; WOW64; Trident/7.0; rv:11.0) like Gecko"
81.189.93.28 - - [22/Nov/2016:14:32:43 +0100] "POST /entry.php?id=11678 HTTP/1.1" 200 3434 "http://ed.activities.at/entry.php?id=11678&" "Mozilla/5.0 (Windows NT 5.1; rv:50.0) Gecko/20100101 Firefox/50.0"
81.189.93.28 - - [22/Nov/2016:14:32:43 +0100] "GET /activities/framework/KoolControls/KoolAjax/koolajax.php?8436e354c842500aba3cbaf0584c0c24 HTTP/1.1" 200 4079 "http://ed.activities.at/entry.php?id=11678" "Mozilla/5.0 (Windows NT 5.1; rv:50.0) Gecko/20100101 Firefox/50.0"
81.189.93.28 - - [22/Nov/2016:14:32:43 +0100] "GET /gui/javascript/form_form.js?1479821563 HTTP/1.1" 200 16206 "http://ed.activities.at/entry.php?id=11678" "Mozilla/5.0 (Windows NT 5.1; rv:50.0) Gecko/20100101 Firefox/50.0"
213.86.241.133 - - [22/Nov/2016:14:32:43 +0100] "GET /entry.php?id=10271&&ser=821503 HTTP/1.1" 200 987 "http://easydrivers.activities.at/entry.php?id=10271&&ser=821443" "Mozilla/5.0 (Windows NT 10.0; WOW64; Trident/7.0; rv:11.0) like Gecko"
213.86.241.133 - - [22/Nov/2016:14:32:43 +0100] "GET /gui/javascript/form_form.js?1479821563 HTTP/1.1" 200 16206 "http://easydrivers.activities.at/entry.php?id=10271&&ser=821503" "Mozilla/5.0 (Windows NT 10.0; WOW64; Trident/7.0; rv:11.0) like Gecko"
81.189.93.28 - - [22/Nov/2016:14:32:44 +0100] "GET /activities/framework/KoolControls/KoolTreeView/kooltreeview.php?c7cd9180e88ffef8e70f13526bb4f5f7 HTTP/1.1" 200 5055 "http://ed.activities.at/entry.php?id=11678" "Mozilla/5.0 (Windows NT 5.1; rv:50.0) Gecko/20100101 Firefox/50.0"
213.86.241.133 - - [22/Nov/2016:14:32:44 +0100] "POST /entry.php?id=11672 HTTP/1.1" 200 2703 "http://easydrivers.activities.at/entry.php?id=11672" "Mozilla/5.0 (Windows NT 10.0; WOW64; Trident/7.0; rv:11.0) like Gecko"
213.86.241.133 - - [22/Nov/2016:14:32:45 +0100] "GET /gui/javascript/form_form.js?1479821565 HTTP/1.1" 200 16206 "http://easydrivers.activities.at/entry.php?id=11672" "Mozilla/5.0 (Windows NT 10.0; WOW64; Trident/7.0; rv:11.0) like Gecko"
213.86.241.133 - - [22/Nov/2016:14:32:45 +0100] "GET /entry.php?id=10778&form=11497&name=list& HTTP/1.1" 200 2961 "http://easydrivers.activities.at/entry.php?id=11672" "Mozilla/5.0 (Windows NT 10.0; WOW64; Trident/7.0; rv:11.0) like Gecko"
213.86.241.133 - - [22/Nov/2016:14:32:45 +0100] "GET /entry.php?id=10776&form=11497&name=list& HTTP/1.1" 200 1940 "http://easydrivers.activities.at/entry.php?id=11672" "Mozilla/5.0 (Windows NT 10.0; WOW64; Trident/7.0; rv:11.0) like Gecko"
81.189.93.28 - - [22/Nov/2016:14:32:45 +0100] "POST /entry.php?id=11677 HTTP/1.1" 200 4402 "http://ed.activities.at/entry.php?id=11677" "Mozilla/5.0 (Windows NT 5.1; rv:50.0) Gecko/20100101 Firefox/50.0"
81.189.93.28 - - [22/Nov/2016:14:32:45 +0100] "GET /gui/javascript/form_form.js?1479821565 HTTP/1.1" 200 16206 "http://ed.activities.at/entry.php?id=11677" "Mozilla/5.0 (Windows NT 5.1; rv:50.0) Gecko/20100101 Firefox/50.0"
213.86.241.133 - - [22/Nov/2016:14:32:49 +0100] "POST /entry.php?id=11672 HTTP/1.1" 200 2703 "http://easydrivers.activities.at/entry.php?id=11672" "Mozilla/5.0 (Windows NT 10.0; WOW64; Trident/7.0; rv:11.0) like Gecko"
213.86.241.133 - - [22/Nov/2016:14:32:49 +0100] "GET /gui/javascript/form_form.js?1479821569 HTTP/1.1" 200 16206 "http://easydrivers.activities.at/entry.php?id=11672" "Mozilla/5.0 (Windows NT 10.0; WOW64; Trident/7.0; rv:11.0) like Gecko"
213.86.241.133 - - [22/Nov/2016:14:32:50 +0100] "GET /entry.php?id=10778&form=11497&name=list& HTTP/1.1" 200 2840 "http://easydrivers.activities.at/entry.php?id=11672" "Mozilla/5.0 (Windows NT 10.0; WOW64; Trident/7.0; rv:11.0) like Gecko"
213.86.241.133 - - [22/Nov/2016:14:32:50 +0100] "GET /entry.php?id=10776&form=11497&name=list& HTTP/1.1" 200 1940 "http://easydrivers.activities.at/entry.php?id=11672" "Mozilla/5.0 (Windows NT 10.0; WOW64; Trident/7.0; rv:11.0) like Gecko"
81.189.93.28 - - [22/Nov/2016:14:33:08 +0100] "POST /entry.php?id=11677 HTTP/1.1" 200 3221 "http://ed.activities.at/entry.php?id=11677" "Mozilla/5.0 (Windows NT 5.1; rv:50.0) Gecko/20100101 Firefox/50.0"
81.189.93.28 - - [22/Nov/2016:14:33:08 +0100] "GET /gui/javascript/form_form.js?1479821588 HTTP/1.1" 200 16206 "http://ed.activities.at/entry.php?id=11677" "Mozilla/5.0 (Windows NT 5.1; rv:50.0) Gecko/20100101 Firefox/50.0"
81.189.93.28 - - [22/Nov/2016:14:33:09 +0100] "GET /entry.php?id=10776&form=11502&name=list& HTTP/1.1" 200 1475 "http://ed.activities.at/entry.php?id=11677" "Mozilla/5.0 (Windows NT 5.1; rv:50.0) Gecko/20100101 Firefox/50.0"
81.189.93.28 - - [22/Nov/2016:14:33:09 +0100] "GET /entry.php?id=10778&form=11502&name=list& HTTP/1.1" 200 3861 "http://ed.activities.at/entry.php?id=11677" "Mozilla/5.0 (Windows NT 5.1; rv:50.0) Gecko/20100101 Firefox/50.0"
81.189.93.28 - - [22/Nov/2016:14:33:17 +0100] "GET /entry.php?id=10271&&ser=821537 HTTP/1.1" 200 987 "http://ed.activities.at/entry.php?id=10271&&ser=821476" "Mozilla/5.0 (Windows NT 5.1; rv:50.0) Gecko/20100101 Firefox/50.0"
81.189.93.28 - - [22/Nov/2016:14:33:17 +0100] "GET /gui/javascript/form_form.js?1479821597 HTTP/1.1" 200 16206 "http://ed.activities.at/entry.php?id=10271&&ser=821537" "Mozilla/5.0 (Windows NT 5.1; rv:50.0) Gecko/20100101 Firefox/50.0"
81.189.93.28 - - [22/Nov/2016:14:33:19 +0100] "POST /entry.php?id=11677 HTTP/1.1" 200 3316 "http://ed.activities.at/entry.php?id=10778&form=11502&name=list&" "Mozilla/5.0 (Windows NT 5.1; rv:50.0) Gecko/20100101 Firefox/50.0"
81.189.93.28 - - [22/Nov/2016:14:33:20 +0100] "GET /gui/javascript/form_form.js?1479821599 HTTP/1.1" 200 16206 "http://ed.activities.at/entry.php?id=11677" "Mozilla/5.0 (Windows NT 5.1; rv:50.0) Gecko/20100101 Firefox/50.0"
81.189.93.28 - - [22/Nov/2016:14:33:20 +0100] "GET /entry.php?id=10776&form=11502&name=list& HTTP/1.1" 200 1475 "http://ed.activities.at/entry.php?id=11677" "Mozilla/5.0 (Windows NT 5.1; rv:50.0) Gecko/20100101 Firefox/50.0"
81.189.93.28 - - [22/Nov/2016:14:33:20 +0100] "GET /entry.php?id=10778&form=11502&name=list& HTTP/1.1" 200 3862 "http://ed.activities.at/entry.php?id=11677" "Mozilla/5.0 (Windows NT 5.1; rv:50.0) Gecko/20100101 Firefox/50.0"
81.189.93.28 - - [22/Nov/2016:14:33:25 +0100] "POST /entry.php?id=11677 HTTP/1.1" 200 4407 "http://ed.activities.at/entry.php?id=11677" "Mozilla/5.0 (Windows NT 5.1; rv:50.0) Gecko/20100101 Firefox/50.0"
81.189.93.28 - - [22/Nov/2016:14:33:26 +0100] "GET /gui/javascript/form_form.js?1479821605 HTTP/1.1" 200 16206 "http://ed.activities.at/entry.php?id=11677" "Mozilla/5.0 (Windows NT 5.1; rv:50.0) Gecko/20100101 Firefox/50.0"
81.189.93.28 - - [22/Nov/2016:14:33:30 +0100] "POST /entry.php?id=11678 HTTP/1.1" 200 3433 "http://ed.activities.at/entry.php?id=11678" "Mozilla/5.0 (Windows NT 5.1; rv:50.0) Gecko/20100101 Firefox/50.0"
81.189.93.28 - - [22/Nov/2016:14:33:31 +0100] "GET /activities/framework/KoolControls/KoolAjax/koolajax.php?8436e354c842500aba3cbaf0584c0c24 HTTP/1.1" 200 4079 "http://ed.activities.at/entry.php?id=11678" "Mozilla/5.0 (Windows NT 5.1; rv:50.0) Gecko/20100101 Firefox/50.0"
81.189.93.28 - - [22/Nov/2016:14:33:31 +0100] "GET /gui/javascript/form_form.js?1479821611 HTTP/1.1" 200 16206 "http://ed.activities.at/entry.php?id=11678" "Mozilla/5.0 (Windows NT 5.1; rv:50.0) Gecko/20100101 Firefox/50.0"
81.189.93.28 - - [22/Nov/2016:14:33:31 +0100] "GET /activities/framework/KoolControls/KoolTreeView/kooltreeview.php?c7cd9180e88ffef8e70f13526bb4f5f7 HTTP/1.1" 200 5055 "http://ed.activities.at/entry.php?id=11678" "Mozilla/5.0 (Windows NT 5.1; rv:50.0) Gecko/20100101 Firefox/50.0"
81.189.93.28 - - [22/Nov/2016:14:33:32 +0100] "POST /entry.php?id=11677 HTTP/1.1" 200 4402 "http://ed.activities.at/entry.php?id=11677" "Mozilla/5.0 (Windows NT 5.1; rv:50.0) Gecko/20100101 Firefox/50.0"
81.189.93.28 - - [22/Nov/2016:14:33:33 +0100] "GET /gui/javascript/form_form.js?1479821613 HTTP/1.1" 200 16206 "http://ed.activities.at/entry.php?id=11677" "Mozilla/5.0 (Windows NT 5.1; rv:50.0) Gecko/20100101 Firefox/50.0"
213.86.241.133 - - [22/Nov/2016:14:33:44 +0100] "GET /entry.php?id=10271&&ser=821563 HTTP/1.1" 200 987 "http://easydrivers.activities.at/entry.php?id=10271&&ser=821503" "Mozilla/5.0 (Windows NT 10.0; WOW64; Trident/7.0; rv:11.0) like Gecko"
213.86.241.133 - - [22/Nov/2016:14:33:44 +0100] "GET /gui/javascript/form_form.js?1479821624 HTTP/1.1" 200 16206 "http://easydrivers.activities.at/entry.php?id=10271&&ser=821563" "Mozilla/5.0 (Windows NT 10.0; WOW64; Trident/7.0; rv:11.0) like Gecko"
213.86.241.133 - - [22/Nov/2016:14:33:58 +0100] "POST /entry.php?id=11671 HTTP/1.1" 200 4962 "http://easydrivers.activities.at/entry.php?id=11671" "Mozilla/5.0 (Windows NT 10.0; WOW64; Trident/7.0; rv:11.0) like Gecko"
213.86.241.133 - - [22/Nov/2016:14:33:58 +0100] "GET /gui/javascript/form_form.js?1479821638 HTTP/1.1" 200 16206 "http://easydrivers.activities.at/entry.php?id=11671" "Mozilla/5.0 (Windows NT 10.0; WOW64; Trident/7.0; rv:11.0) like Gecko"
213.86.241.133 - - [22/Nov/2016:14:33:58 +0100] "GET /entry.php?id=10776&form=11496&name=list& HTTP/1.1" 200 1519 "http://easydrivers.activities.at/entry.php?id=11671" "Mozilla/5.0 (Windows NT 10.0; WOW64; Trident/7.0; rv:11.0) like Gecko"
213.86.241.133 - - [22/Nov/2016:14:33:58 +0100] "GET /entry.php?id=10778&form=11496&name=list& HTTP/1.1" 200 5770 "http://easydrivers.activities.at/entry.php?id=11671" "Mozilla/5.0 (Windows NT 10.0; WOW64; Trident/7.0; rv:11.0) like Gecko"
213.86.241.133 - - [22/Nov/2016:14:34:01 +0100] "POST /entry.php?id=11671 HTTP/1.1" 200 4912 "http://easydrivers.activities.at/entry.php?id=11671" "Mozilla/5.0 (Windows NT 10.0; WOW64; Trident/7.0; rv:11.0) like Gecko"
213.86.241.133 - - [22/Nov/2016:14:34:02 +0100] "GET /gui/javascript/form_form.js?1479821642 HTTP/1.1" 200 16206 "http://easydrivers.activities.at/entry.php?id=11671" "Mozilla/5.0 (Windows NT 10.0; WOW64; Trident/7.0; rv:11.0) like Gecko"
213.86.241.133 - - [22/Nov/2016:14:34:02 +0100] "GET /entry.php?id=10778&form=11496&name=list& HTTP/1.1" 200 5770 "http://easydrivers.activities.at/entry.php?id=11671" "Mozilla/5.0 (Windows NT 10.0; WOW64; Trident/7.0; rv:11.0) like Gecko"
213.86.241.133 - - [22/Nov/2016:14:34:02 +0100] "GET /entry.php?id=10776&form=11496&name=list& HTTP/1.1" 200 1519 "http://easydrivers.activities.at/entry.php?id=11671" "Mozilla/5.0 (Windows NT 10.0; WOW64; Trident/7.0; rv:11.0) like Gecko"
213.86.241.133 - - [22/Nov/2016:14:34:10 +0100] "GET /entry.php?id=11679 HTTP/1.1" 200 312 "http://easydrivers.activities.at/entry.php?id=11412" "Mozilla/5.0 (Windows NT 10.0; WOW64; Trident/7.0; rv:11.0) like Gecko"
213.86.241.133 - - [22/Nov/2016:14:34:10 +0100] "GET /entry.php?id=10676&title=Portal& HTTP/1.1" 200 1387 "http://easydrivers.activities.at/entry.php?id=11679" "Mozilla/5.0 (Windows NT 10.0; WOW64; Trident/7.0; rv:11.0) like Gecko"
213.86.241.133 - - [22/Nov/2016:14:34:10 +0100] "GET /gui/javascript/form_form.js?1479821650 HTTP/1.1" 200 16206 "http://easydrivers.activities.at/entry.php?id=10676&title=Portal&" "Mozilla/5.0 (Windows NT 10.0; WOW64; Trident/7.0; rv:11.0) like Gecko"
213.86.241.133 - - [22/Nov/2016:14:34:10 +0100] "GET /entry.php?id=11678& HTTP/1.1" 200 3171 "http://easydrivers.activities.at/entry.php?id=11679" "Mozilla/5.0 (Windows NT 10.0; WOW64; Trident/7.0; rv:11.0) like Gecko"
213.86.241.133 - - [22/Nov/2016:14:34:11 +0100] "GET /activities/framework/KoolControls/KoolAjax/koolajax.php?8436e354c842500aba3cbaf0584c0c24 HTTP/1.1" 200 4079 "http://easydrivers.activities.at/entry.php?id=11678&" "Mozilla/5.0 (Windows NT 10.0; WOW64; Trident/7.0; rv:11.0) like Gecko"
213.86.241.133 - - [22/Nov/2016:14:34:11 +0100] "GET /gui/javascript/form_form.js?1479821651 HTTP/1.1" 200 16206 "http://easydrivers.activities.at/entry.php?id=11678&" "Mozilla/5.0 (Windows NT 10.0; WOW64; Trident/7.0; rv:11.0) like Gecko"
213.86.241.133 - - [22/Nov/2016:14:34:11 +0100] "GET /activities/framework/KoolControls/KoolTreeView/kooltreeview.php?c7cd9180e88ffef8e70f13526bb4f5f7 HTTP/1.1" 200 5055 "http://easydrivers.activities.at/entry.php?id=11678&" "Mozilla/5.0 (Windows NT 10.0; WOW64; Trident/7.0; rv:11.0) like Gecko"
213.86.241.133 - - [22/Nov/2016:14:34:10 +0100] "GET /entry.php?id=11677& HTTP/1.1" 200 4373 "http://easydrivers.activities.at/entry.php?id=11679" "Mozilla/5.0 (Windows NT 10.0; WOW64; Trident/7.0; rv:11.0) like Gecko"
213.86.241.133 - - [22/Nov/2016:14:34:11 +0100] "GET /entry.php?id=11618&&object=&item=&emu_class= HTTP/1.1" 200 1697 "http://easydrivers.activities.at/entry.php?id=11677&" "Mozilla/5.0 (Windows NT 10.0; WOW64; Trident/7.0; rv:11.0) like Gecko"
213.86.241.133 - - [22/Nov/2016:14:34:13 +0100] "GET /entry.php?id=11673 HTTP/1.1" 200 358 "http://easydrivers.activities.at/entry.php?id=11412" "Mozilla/5.0 (Windows NT 10.0; WOW64; Trident/7.0; rv:11.0) like Gecko"
213.86.241.133 - - [22/Nov/2016:14:34:13 +0100] "GET /entry.php?id=10676&&title=F\xfchrerscheinkurse HTTP/1.1" 200 1395 "http://easydrivers.activities.at/entry.php?id=11673" "Mozilla/5.0 (Windows NT 10.0; WOW64; Trident/7.0; rv:11.0) like Gecko"
213.86.241.133 - - [22/Nov/2016:14:34:13 +0100] "GET /gui/javascript/form_form.js?1479821653 HTTP/1.1" 200 16206 "http://easydrivers.activities.at/entry.php?id=10676&&title=F%C3%BChrerscheinkurse" "Mozilla/5.0 (Windows NT 10.0; WOW64; Trident/7.0; rv:11.0) like Gecko"
213.86.241.133 - - [22/Nov/2016:14:34:13 +0100] "GET /entry.php?id=11672& HTTP/1.1" 200 2692 "http://easydrivers.activities.at/entry.php?id=11673" "Mozilla/5.0 (Windows NT 10.0; WOW64; Trident/7.0; rv:11.0) like Gecko"
213.86.241.133 - - [22/Nov/2016:14:34:14 +0100] "GET /gui/javascript/form_form.js?1479821654 HTTP/1.1" 200 16206 "http://easydrivers.activities.at/entry.php?id=11672&" "Mozilla/5.0 (Windows NT 10.0; WOW64; Trident/7.0; rv:11.0) like Gecko"
213.86.241.133 - - [22/Nov/2016:14:34:13 +0100] "GET /entry.php?id=11694& HTTP/1.1" 200 3422 "http://easydrivers.activities.at/entry.php?id=11673" "Mozilla/5.0 (Windows NT 10.0; WOW64; Trident/7.0; rv:11.0) like Gecko"
213.86.241.133 - - [22/Nov/2016:14:34:14 +0100] "GET /activities/framework/KoolControls/KoolAjax/koolajax.php?8436e354c842500aba3cbaf0584c0c24 HTTP/1.1" 200 4079 "http://easydrivers.activities.at/entry.php?id=11694&" "Mozilla/5.0 (Windows NT 10.0; WOW64; Trident/7.0; rv:11.0) like Gecko"
213.86.241.133 - - [22/Nov/2016:14:34:14 +0100] "GET /activities/framework/KoolControls/KoolTreeView/kooltreeview.php?c7cd9180e88ffef8e70f13526bb4f5f7 HTTP/1.1" 200 5055 "http://easydrivers.activities.at/entry.php?id=11694&" "Mozilla/5.0 (Windows NT 10.0; WOW64; Trident/7.0; rv:11.0) like Gecko"
213.86.241.133 - - [22/Nov/2016:14:34:13 +0100] "GET /entry.php?id=11671& HTTP/1.1" 200 4536 "http://easydrivers.activities.at/entry.php?id=11673" "Mozilla/5.0 (Windows NT 10.0; WOW64; Trident/7.0; rv:11.0) like Gecko"
213.86.241.133 - - [22/Nov/2016:14:34:15 +0100] "GET /gui/javascript/form_form.js?1479821655 HTTP/1.1" 200 16206 "http://easydrivers.activities.at/entry.php?id=11671&" "Mozilla/5.0 (Windows NT 10.0; WOW64; Trident/7.0; rv:11.0) like Gecko"
213.86.241.133 - - [22/Nov/2016:14:34:14 +0100] "GET /entry.php?id=10776&form=11497&name=list& HTTP/1.1" 200 1942 "http://easydrivers.activities.at/entry.php?id=11672&" "Mozilla/5.0 (Windows NT 10.0; WOW64; Trident/7.0; rv:11.0) like Gecko"
213.86.241.133 - - [22/Nov/2016:14:34:14 +0100] "GET /entry.php?id=10778&form=11497&name=list& HTTP/1.1" 200 10117 "http://easydrivers.activities.at/entry.php?id=11672&" "Mozilla/5.0 (Windows NT 10.0; WOW64; Trident/7.0; rv:11.0) like Gecko"
213.86.241.133 - - [22/Nov/2016:14:34:15 +0100] "GET /entry.php?id=10776&form=11496&name=list& HTTP/1.1" 200 1526 "http://easydrivers.activities.at/entry.php?id=11671&" "Mozilla/5.0 (Windows NT 10.0; WOW64; Trident/7.0; rv:11.0) like Gecko"
213.86.241.133 - - [22/Nov/2016:14:34:15 +0100] "GET /entry.php?id=10778&form=11496&name=list& HTTP/1.1" 200 2493 "http://easydrivers.activities.at/entry.php?id=11671&" "Mozilla/5.0 (Windows NT 10.0; WOW64; Trident/7.0; rv:11.0) like Gecko"
213.86.241.133 - - [22/Nov/2016:14:34:16 +0100] "POST /entry.php?id=11672 HTTP/1.1" 200 2703 "http://easydrivers.activities.at/entry.php?id=11672&" "Mozilla/5.0 (Windows NT 10.0; WOW64; Trident/7.0; rv:11.0) like Gecko"
213.86.241.133 - - [22/Nov/2016:14:34:17 +0100] "GET /gui/javascript/form_form.js?1479821656 HTTP/1.1" 200 16206 "http://easydrivers.activities.at/entry.php?id=11672" "Mozilla/5.0 (Windows NT 10.0; WOW64; Trident/7.0; rv:11.0) like Gecko"
213.86.241.133 - - [22/Nov/2016:14:34:17 +0100] "GET /entry.php?id=10776&form=11497&name=list& HTTP/1.1" 200 1940 "http://easydrivers.activities.at/entry.php?id=11672" "Mozilla/5.0 (Windows NT 10.0; WOW64; Trident/7.0; rv:11.0) like Gecko"
213.86.241.133 - - [22/Nov/2016:14:34:17 +0100] "GET /entry.php?id=10778&form=11497&name=list& HTTP/1.1" 200 2914 "http://easydrivers.activities.at/entry.php?id=11672" "Mozilla/5.0 (Windows NT 10.0; WOW64; Trident/7.0; rv:11.0) like Gecko"
81.189.93.28 - - [22/Nov/2016:14:34:18 +0100] "GET /entry.php?id=10271&&ser=821597 HTTP/1.1" 200 987 "http://ed.activities.at/entry.php?id=10271&&ser=821537" "Mozilla/5.0 (Windows NT 5.1; rv:50.0) Gecko/20100101 Firefox/50.0"
81.189.93.28 - - [22/Nov/2016:14:34:18 +0100] "GET /gui/javascript/form_form.js?1479821658 HTTP/1.1" 200 16206 "http://ed.activities.at/entry.php?id=10271&&ser=821597" "Mozilla/5.0 (Windows NT 5.1; rv:50.0) Gecko/20100101 Firefox/50.0"
213.86.241.133 - - [22/Nov/2016:14:34:19 +0100] "POST /entry.php?id=11672 HTTP/1.1" 200 2704 "http://easydrivers.activities.at/entry.php?id=11672" "Mozilla/5.0 (Windows NT 10.0; WOW64; Trident/7.0; rv:11.0) like Gecko"
213.86.241.133 - - [22/Nov/2016:14:34:20 +0100] "GET /gui/javascript/form_form.js?1479821660 HTTP/1.1" 200 16206 "http://easydrivers.activities.at/entry.php?id=11672" "Mozilla/5.0 (Windows NT 10.0; WOW64; Trident/7.0; rv:11.0) like Gecko"
213.86.241.133 - - [22/Nov/2016:14:34:20 +0100] "GET /entry.php?id=10776&form=11497&name=list& HTTP/1.1" 200 1940 "http://easydrivers.activities.at/entry.php?id=11672" "Mozilla/5.0 (Windows NT 10.0; WOW64; Trident/7.0; rv:11.0) like Gecko"
213.86.241.133 - - [22/Nov/2016:14:34:20 +0100] "GET /entry.php?id=10778&form=11497&name=list& HTTP/1.1" 200 2909 "http://easydrivers.activities.at/entry.php?id=11672" "Mozilla/5.0 (Windows NT 10.0; WOW64; Trident/7.0; rv:11.0) like Gecko"
81.189.93.28 - - [22/Nov/2016:14:34:29 +0100] "POST /entry.php?id=11677 HTTP/1.1" 200 3220 "http://ed.activities.at/entry.php?id=11677" "Mozilla/5.0 (Windows NT 5.1; rv:50.0) Gecko/20100101 Firefox/50.0"
81.189.93.28 - - [22/Nov/2016:14:34:30 +0100] "GET /gui/javascript/form_form.js?1479821669 HTTP/1.1" 200 16206 "http://ed.activities.at/entry.php?id=11677" "Mozilla/5.0 (Windows NT 5.1; rv:50.0) Gecko/20100101 Firefox/50.0"
81.189.93.28 - - [22/Nov/2016:14:34:30 +0100] "GET /entry.php?id=10776&form=11502&name=list& HTTP/1.1" 200 1475 "http://ed.activities.at/entry.php?id=11677" "Mozilla/5.0 (Windows NT 5.1; rv:50.0) Gecko/20100101 Firefox/50.0"
81.189.93.28 - - [22/Nov/2016:14:34:30 +0100] "GET /entry.php?id=10778&form=11502&name=list& HTTP/1.1" 200 3862 "http://ed.activities.at/entry.php?id=11677" "Mozilla/5.0 (Windows NT 5.1; rv:50.0) Gecko/20100101 Firefox/50.0"
81.189.93.28 - - [22/Nov/2016:14:34:35 +0100] "GET /entry.php?id=11685&object=10230378&site=10201431&item=10221971 HTTP/1.1" 200 3671 "http://ed.activities.at/entry.php?id=11412" "Mozilla/5.0 (Windows NT 5.1; rv:50.0) Gecko/20100101 Firefox/50.0"
81.189.93.28 - - [22/Nov/2016:14:34:35 +0100] "GET /gui/javascript/form_form.js?1479821675 HTTP/1.1" 200 16206 "http://ed.activities.at/entry.php?id=11685&object=10230378&site=10201431&item=10221971" "Mozilla/5.0 (Windows NT 5.1; rv:50.0) Gecko/20100101 Firefox/50.0"
213.86.241.133 - - [22/Nov/2016:14:34:42 +0100] "POST /entry.php?id=11672 HTTP/1.1" 200 2704 "http://easydrivers.activities.at/entry.php?id=11672" "Mozilla/5.0 (Windows NT 10.0; WOW64; Trident/7.0; rv:11.0) like Gecko"
213.86.241.133 - - [22/Nov/2016:14:34:42 +0100] "GET /gui/javascript/form_form.js?1479821682 HTTP/1.1" 200 16206 "http://easydrivers.activities.at/entry.php?id=11672" "Mozilla/5.0 (Windows NT 10.0; WOW64; Trident/7.0; rv:11.0) like Gecko"
213.86.241.133 - - [22/Nov/2016:14:34:42 +0100] "GET /entry.php?id=10776&form=11497&name=list& HTTP/1.1" 200 1940 "http://easydrivers.activities.at/entry.php?id=11672" "Mozilla/5.0 (Windows NT 10.0; WOW64; Trident/7.0; rv:11.0) like Gecko"
213.86.241.133 - - [22/Nov/2016:14:34:42 +0100] "GET /entry.php?id=10778&form=11497&name=list& HTTP/1.1" 200 3042 "http://easydrivers.activities.at/entry.php?id=11672" "Mozilla/5.0 (Windows NT 10.0; WOW64; Trident/7.0; rv:11.0) like Gecko"
213.86.241.133 - - [22/Nov/2016:14:34:44 +0100] "GET /entry.php?id=10271&&ser=821624 HTTP/1.1" 200 987 "http://easydrivers.activities.at/entry.php?id=10271&&ser=821563" "Mozilla/5.0 (Windows NT 10.0; WOW64; Trident/7.0; rv:11.0) like Gecko"
213.86.241.133 - - [22/Nov/2016:14:34:44 +0100] "GET /gui/javascript/form_form.js?1479821684 HTTP/1.1" 200 16206 "http://easydrivers.activities.at/entry.php?id=10271&&ser=821624" "Mozilla/5.0 (Windows NT 10.0; WOW64; Trident/7.0; rv:11.0) like Gecko"
81.189.93.28 - - [22/Nov/2016:14:34:45 +0100] "GET /entry.php?id=11681 HTTP/1.1" 200 328 "http://ed.activities.at/entry.php?id=10270&__app__=10006038" "Mozilla/5.0 (Windows NT 5.1; rv:50.0) Gecko/20100101 Firefox/50.0"
81.189.93.28 - - [22/Nov/2016:14:34:46 +0100] "GET /entry.php?id=10676&&title=Contentverwaltung HTTP/1.1" 200 1392 "http://ed.activities.at/entry.php?id=11681" "Mozilla/5.0 (Windows NT 5.1; rv:50.0) Gecko/20100101 Firefox/50.0"
81.189.93.28 - - [22/Nov/2016:14:34:46 +0100] "GET /gui/javascript/form_form.js?1479821686 HTTP/1.1" 200 16206 "http://ed.activities.at/entry.php?id=10676&&title=Contentverwaltung" "Mozilla/5.0 (Windows NT 5.1; rv:50.0) Gecko/20100101 Firefox/50.0"
81.189.93.28 - - [22/Nov/2016:14:34:46 +0100] "GET /entry.php?id=11683& HTTP/1.1" 200 2681 "http://ed.activities.at/entry.php?id=11681" "Mozilla/5.0 (Windows NT 5.1; rv:50.0) Gecko/20100101 Firefox/50.0"
81.189.93.28 - - [22/Nov/2016:14:34:46 +0100] "GET /entry.php?id=11684& HTTP/1.1" 200 3805 "http://ed.activities.at/entry.php?id=11681" "Mozilla/5.0 (Windows NT 5.1; rv:50.0) Gecko/20100101 Firefox/50.0"
81.189.93.28 - - [22/Nov/2016:14:34:47 +0100] "GET /entry.php?id=10776&form=11508&name=list& HTTP/1.1" 200 1894 "http://ed.activities.at/entry.php?id=11683&" "Mozilla/5.0 (Windows NT 5.1; rv:50.0) Gecko/20100101 Firefox/50.0"
81.189.93.28 - - [22/Nov/2016:14:34:47 +0100] "GET /entry.php?id=10778&form=11508&name=list& HTTP/1.1" 200 3075 "http://ed.activities.at/entry.php?id=11683&" "Mozilla/5.0 (Windows NT 5.1; rv:50.0) Gecko/20100101 Firefox/50.0"
81.189.93.28 - - [22/Nov/2016:14:34:49 +0100] "POST /entry.php?id=11684 HTTP/1.1" 200 3944 "http://ed.activities.at/entry.php?id=11684&" "Mozilla/5.0 (Windows NT 5.1; rv:50.0) Gecko/20100101 Firefox/50.0"
81.189.93.28 - - [22/Nov/2016:14:34:50 +0100] "GET /gui/javascript/form_form.js?1479821689 HTTP/1.1" 200 16206 "http://ed.activities.at/entry.php?id=11684" "Mozilla/5.0 (Windows NT 5.1; rv:50.0) Gecko/20100101 Firefox/50.0"
81.189.93.28 - - [22/Nov/2016:14:35:11 +0100] "POST /entry.php?id=11684 HTTP/1.1" 200 4237 "http://ed.activities.at/entry.php?id=11684" "Mozilla/5.0 (Windows NT 5.1; rv:50.0) Gecko/20100101 Firefox/50.0"
81.189.93.28 - - [22/Nov/2016:14:35:12 +0100] "GET /gui/javascript/form_form.js?1479821712 HTTP/1.1" 200 16206 "http://ed.activities.at/entry.php?id=11684" "Mozilla/5.0 (Windows NT 5.1; rv:50.0) Gecko/20100101 Firefox/50.0"
81.189.93.28 - - [22/Nov/2016:14:35:13 +0100] "POST /entry.php?id=11684 HTTP/1.1" 200 3508 "http://ed.activities.at/entry.php?id=11684" "Mozilla/5.0 (Windows NT 5.1; rv:50.0) Gecko/20100101 Firefox/50.0"
81.189.93.28 - - [22/Nov/2016:14:35:14 +0100] "GET /gui/javascript/form_form.js?1479821714 HTTP/1.1" 200 16206 "http://ed.activities.at/entry.php?id=11684" "Mozilla/5.0 (Windows NT 5.1; rv:50.0) Gecko/20100101 Firefox/50.0"
81.189.93.28 - - [22/Nov/2016:14:35:15 +0100] "GET /framework/webfx/javascript/tinymce/skins/lightgray/content.min.css HTTP/1.1" 404 327 "http://ed.activities.at/entry.php?id=11684" "Mozilla/5.0 (Windows NT 5.1; rv:50.0) Gecko/20100101 Firefox/50.0"
81.189.93.28 - - [22/Nov/2016:14:35:18 +0100] "GET /entry.php?id=10271&&ser=821658 HTTP/1.1" 200 987 "http://ed.activities.at/entry.php?id=10271&&ser=821597" "Mozilla/5.0 (Windows NT 5.1; rv:50.0) Gecko/20100101 Firefox/50.0"
81.189.93.28 - - [22/Nov/2016:14:35:19 +0100] "GET /gui/javascript/form_form.js?1479821719 HTTP/1.1" 200 16206 "http://ed.activities.at/entry.php?id=10271&&ser=821658" "Mozilla/5.0 (Windows NT 5.1; rv:50.0) Gecko/20100101 Firefox/50.0"
213.86.241.133 - - [22/Nov/2016:14:35:26 +0100] "GET /entry.php?id=11679 HTTP/1.1" 200 312 "http://easydrivers.activities.at/entry.php?id=11412" "Mozilla/5.0 (Windows NT 10.0; WOW64; Trident/7.0; rv:11.0) like Gecko"
213.86.241.133 - - [22/Nov/2016:14:35:26 +0100] "GET /entry.php?id=10676&title=Portal& HTTP/1.1" 200 1387 "http://easydrivers.activities.at/entry.php?id=11679" "Mozilla/5.0 (Windows NT 10.0; WOW64; Trident/7.0; rv:11.0) like Gecko"
213.86.241.133 - - [22/Nov/2016:14:35:26 +0100] "GET /gui/javascript/form_form.js?1479821726 HTTP/1.1" 200 16206 "http://easydrivers.activities.at/entry.php?id=10676&title=Portal&" "Mozilla/5.0 (Windows NT 10.0; WOW64; Trident/7.0; rv:11.0) like Gecko"
213.86.241.133 - - [22/Nov/2016:14:35:26 +0100] "GET /entry.php?id=11678& HTTP/1.1" 200 3172 "http://easydrivers.activities.at/entry.php?id=11679" "Mozilla/5.0 (Windows NT 10.0; WOW64; Trident/7.0; rv:11.0) like Gecko"
213.86.241.133 - - [22/Nov/2016:14:35:26 +0100] "GET /activities/framework/KoolControls/KoolAjax/koolajax.php?8436e354c842500aba3cbaf0584c0c24 HTTP/1.1" 200 4079 "http://easydrivers.activities.at/entry.php?id=11678&" "Mozilla/5.0 (Windows NT 10.0; WOW64; Trident/7.0; rv:11.0) like Gecko"
213.86.241.133 - - [22/Nov/2016:14:35:26 +0100] "GET /activities/framework/KoolControls/KoolTreeView/kooltreeview.php?c7cd9180e88ffef8e70f13526bb4f5f7 HTTP/1.1" 200 5055 "http://easydrivers.activities.at/entry.php?id=11678&" "Mozilla/5.0 (Windows NT 10.0; WOW64; Trident/7.0; rv:11.0) like Gecko"
213.86.241.133 - - [22/Nov/2016:14:35:26 +0100] "GET /entry.php?id=11677& HTTP/1.1" 200 4374 "http://easydrivers.activities.at/entry.php?id=11679" "Mozilla/5.0 (Windows NT 10.0; WOW64; Trident/7.0; rv:11.0) like Gecko"
213.86.241.133 - - [22/Nov/2016:14:35:27 +0100] "GET /gui/javascript/form_form.js?1479821727 HTTP/1.1" 200 16206 "http://easydrivers.activities.at/entry.php?id=11677&" "Mozilla/5.0 (Windows NT 10.0; WOW64; Trident/7.0; rv:11.0) like Gecko"
213.86.241.133 - - [22/Nov/2016:14:35:27 +0100] "GET /entry.php?id=11618&&object=&item=&emu_class= HTTP/1.1" 200 1698 "http://easydrivers.activities.at/entry.php?id=11677&" "Mozilla/5.0 (Windows NT 10.0; WOW64; Trident/7.0; rv:11.0) like Gecko"
213.86.241.133 - - [22/Nov/2016:14:35:29 +0100] "POST /entry.php?id=11677 HTTP/1.1" 200 4396 "http://easydrivers.activities.at/entry.php?id=11677&" "Mozilla/5.0 (Windows NT 10.0; WOW64; Trident/7.0; rv:11.0) like Gecko"
213.86.241.133 - - [22/Nov/2016:14:35:30 +0100] "GET /gui/javascript/form_form.js?1479821730 HTTP/1.1" 200 16206 "http://easydrivers.activities.at/entry.php?id=11677" "Mozilla/5.0 (Windows NT 10.0; WOW64; Trident/7.0; rv:11.0) like Gecko"
213.86.241.133 - - [22/Nov/2016:14:35:32 +0100] "POST /entry.php?id=11677 HTTP/1.1" 200 3219 "http://easydrivers.activities.at/entry.php?id=11677" "Mozilla/5.0 (Windows NT 10.0; WOW64; Trident/7.0; rv:11.0) like Gecko"
213.86.241.133 - - [22/Nov/2016:14:35:32 +0100] "GET /gui/javascript/form_form.js?1479821732 HTTP/1.1" 200 16206 "http://easydrivers.activities.at/entry.php?id=11677" "Mozilla/5.0 (Windows NT 10.0; WOW64; Trident/7.0; rv:11.0) like Gecko"
213.86.241.133 - - [22/Nov/2016:14:35:32 +0100] "GET /entry.php?id=10776&form=11502&name=list& HTTP/1.1" 200 1475 "http://easydrivers.activities.at/entry.php?id=11677" "Mozilla/5.0 (Windows NT 10.0; WOW64; Trident/7.0; rv:11.0) like Gecko"
213.86.241.133 - - [22/Nov/2016:14:35:32 +0100] "GET /entry.php?id=10778&form=11502&name=list& HTTP/1.1" 200 3839 "http://easydrivers.activities.at/entry.php?id=11677" "Mozilla/5.0 (Windows NT 10.0; WOW64; Trident/7.0; rv:11.0) like Gecko"
213.86.241.133 - - [22/Nov/2016:14:35:33 +0100] "GET /gui/images/icons/lupe.png HTTP/1.1" 200 723 "http://easydrivers.activities.at/entry.php?id=10776&form=11502&name=list&" "Mozilla/5.0 (Windows NT 10.0; WOW64; Trident/7.0; rv:11.0) like Gecko"
213.86.241.133 - - [22/Nov/2016:14:35:33 +0100] "GET /gui/images/icons/disabled_edit.gif HTTP/1.1" 200 408 "http://easydrivers.activities.at/entry.php?id=10778&form=11502&name=list&" "Mozilla/5.0 (Windows NT 10.0; WOW64; Trident/7.0; rv:11.0) like Gecko"
213.86.241.133 - - [22/Nov/2016:14:35:35 +0100] "GET /entry.php?id=11685&object=10230522&site=10201431&item=10221997 HTTP/1.1" 200 3606 "http://easydrivers.activities.at/entry.php?id=11412" "Mozilla/5.0 (Windows NT 10.0; WOW64; Trident/7.0; rv:11.0) like Gecko"
213.86.241.133 - - [22/Nov/2016:14:35:36 +0100] "GET /gui/javascript/jquery/css/gui-themes/images/ui-icons_72a7cf_256x240_ev.png HTTP/1.1" 200 6036 "http://easydrivers.activities.at/entry.php?id=11412" "Mozilla/5.0 (Windows NT 10.0; WOW64; Trident/7.0; rv:11.0) like Gecko"
213.86.241.133 - - [22/Nov/2016:14:35:36 +0100] "GET /gui/javascript/form_form.js?1479821736 HTTP/1.1" 200 16206 "http://easydrivers.activities.at/entry.php?id=11685&object=10230522&site=10201431&item=10221997" "Mozilla/5.0 (Windows NT 10.0; WOW64; Trident/7.0; rv:11.0) like Gecko"
213.86.241.133 - - [22/Nov/2016:14:35:36 +0100] "GET /gui/images/icons/delete.gif HTTP/1.1" 200 86 "http://easydrivers.activities.at/entry.php?id=11685&object=10230522&site=10201431&item=10221997" "Mozilla/5.0 (Windows NT 10.0; WOW64; Trident/7.0; rv:11.0) like Gecko"
213.86.241.133 - - [22/Nov/2016:14:35:44 +0100] "GET /entry.php?id=10271&&ser=821684 HTTP/1.1" 200 987 "http://easydrivers.activities.at/entry.php?id=10271&&ser=821624" "Mozilla/5.0 (Windows NT 10.0; WOW64; Trident/7.0; rv:11.0) like Gecko"
213.86.241.133 - - [22/Nov/2016:14:35:45 +0100] "GET /gui/javascript/form_form.js?1479821745 HTTP/1.1" 200 16206 "http://easydrivers.activities.at/entry.php?id=10271&&ser=821684" "Mozilla/5.0 (Windows NT 10.0; WOW64; Trident/7.0; rv:11.0) like Gecko"
81.189.93.28 - - [22/Nov/2016:14:35:46 +0100] "POST /entry.php?id=11684 HTTP/1.1" 200 3833 "http://ed.activities.at/entry.php?id=11684" "Mozilla/5.0 (Windows NT 5.1; rv:50.0) Gecko/20100101 Firefox/50.0"
81.189.93.28 - - [22/Nov/2016:14:35:47 +0100] "GET /gui/javascript/form_form.js?1479821746 HTTP/1.1" 200 16206 "http://ed.activities.at/entry.php?id=11684" "Mozilla/5.0 (Windows NT 5.1; rv:50.0) Gecko/20100101 Firefox/50.0"
213.86.241.133 - - [22/Nov/2016:14:35:46 +0100] "GET /entry.php?id=11673 HTTP/1.1" 200 358 "http://easydrivers.activities.at/entry.php?id=11412" "Mozilla/5.0 (Windows NT 10.0; WOW64; Trident/7.0; rv:11.0) like Gecko"
213.86.241.133 - - [22/Nov/2016:14:35:47 +0100] "GET /entry.php?id=10676&&title=F\xfchrerscheinkurse HTTP/1.1" 200 1395 "http://easydrivers.activities.at/entry.php?id=11673" "Mozilla/5.0 (Windows NT 10.0; WOW64; Trident/7.0; rv:11.0) like Gecko"
213.86.241.133 - - [22/Nov/2016:14:35:47 +0100] "GET /gui/javascript/form_form.js?1479821747 HTTP/1.1" 200 16206 "http://easydrivers.activities.at/entry.php?id=10676&&title=F%C3%BChrerscheinkurse" "Mozilla/5.0 (Windows NT 10.0; WOW64; Trident/7.0; rv:11.0) like Gecko"
81.189.93.28 - - [22/Nov/2016:14:35:48 +0100] "GET /framework/webfx/javascript/tinymce/skins/lightgray/content.min.css HTTP/1.1" 404 327 "http://ed.activities.at/entry.php?id=11684" "Mozilla/5.0 (Windows NT 5.1; rv:50.0) Gecko/20100101 Firefox/50.0"
213.86.241.133 - - [22/Nov/2016:14:35:47 +0100] "GET /entry.php?id=11694& HTTP/1.1" 200 3422 "http://easydrivers.activities.at/entry.php?id=11673" "Mozilla/5.0 (Windows NT 10.0; WOW64; Trident/7.0; rv:11.0) like Gecko"
213.86.241.133 - - [22/Nov/2016:14:35:48 +0100] "GET /activities/framework/KoolControls/KoolAjax/koolajax.php?8436e354c842500aba3cbaf0584c0c24 HTTP/1.1" 200 4079 "http://easydrivers.activities.at/entry.php?id=11694&" "Mozilla/5.0 (Windows NT 10.0; WOW64; Trident/7.0; rv:11.0) like Gecko"
213.86.241.133 - - [22/Nov/2016:14:35:48 +0100] "GET /gui/javascript/form_form.js?1479821748 HTTP/1.1" 200 16206 "http://easydrivers.activities.at/entry.php?id=11694&" "Mozilla/5.0 (Windows NT 10.0; WOW64; Trident/7.0; rv:11.0) like Gecko"
213.86.241.133 - - [22/Nov/2016:14:35:48 +0100] "GET /activities/framework/KoolControls/KoolTreeView/kooltreeview.php?c7cd9180e88ffef8e70f13526bb4f5f7 HTTP/1.1" 200 5055 "http://easydrivers.activities.at/entry.php?id=11694&" "Mozilla/5.0 (Windows NT 10.0; WOW64; Trident/7.0; rv:11.0) like Gecko"
213.86.241.133 - - [22/Nov/2016:14:35:47 +0100] "GET /entry.php?id=11671& HTTP/1.1" 200 4534 "http://easydrivers.activities.at/entry.php?id=11673" "Mozilla/5.0 (Windows NT 10.0; WOW64; Trident/7.0; rv:11.0) like Gecko"
213.86.241.133 - - [22/Nov/2016:14:35:47 +0100] "GET /entry.php?id=11672& HTTP/1.1" 200 2692 "http://easydrivers.activities.at/entry.php?id=11673" "Mozilla/5.0 (Windows NT 10.0; WOW64; Trident/7.0; rv:11.0) like Gecko"
213.86.241.133 - - [22/Nov/2016:14:35:48 +0100] "GET /entry.php?id=10776&form=11496&name=list& HTTP/1.1" 200 1526 "http://easydrivers.activities.at/entry.php?id=11671&" "Mozilla/5.0 (Windows NT 10.0; WOW64; Trident/7.0; rv:11.0) like Gecko"
213.86.241.133 - - [22/Nov/2016:14:35:48 +0100] "GET /entry.php?id=10778&form=11496&name=list& HTTP/1.1" 200 2493 "http://easydrivers.activities.at/entry.php?id=11671&" "Mozilla/5.0 (Windows NT 10.0; WOW64; Trident/7.0; rv:11.0) like Gecko"
213.86.241.133 - - [22/Nov/2016:14:35:49 +0100] "GET /entry.php?id=10776&form=11497&name=list& HTTP/1.1" 200 1942 "http://easydrivers.activities.at/entry.php?id=11672&" "Mozilla/5.0 (Windows NT 10.0; WOW64; Trident/7.0; rv:11.0) like Gecko"
213.86.241.133 - - [22/Nov/2016:14:35:49 +0100] "GET /entry.php?id=10778&form=11497&name=list& HTTP/1.1" 200 10117 "http://easydrivers.activities.at/entry.php?id=11672&" "Mozilla/5.0 (Windows NT 10.0; WOW64; Trident/7.0; rv:11.0) like Gecko"
81.189.93.28 - - [22/Nov/2016:14:35:49 +0100] "POST /entry.php?id=11684 HTTP/1.1" 200 3959 "http://ed.activities.at/entry.php?id=11684" "Mozilla/5.0 (Windows NT 5.1; rv:50.0) Gecko/20100101 Firefox/50.0"
81.189.93.28 - - [22/Nov/2016:14:35:50 +0100] "GET /gui/javascript/form_form.js?1479821749 HTTP/1.1" 200 16206 "http://ed.activities.at/entry.php?id=11684" "Mozilla/5.0 (Windows NT 5.1; rv:50.0) Gecko/20100101 Firefox/50.0"
