213.86.241.133 - - [22/Nov/2016:11:57:12 +0100] "GET /gui/javascript/form_form.js?1479812232 HTTP/1.1" 200 16206 "http://easydrivers.activities.at/entry.php?id=10271&&ser=812172" "Mozilla/5.0 (Windows NT 10.0; WOW64; Trident/7.0; rv:11.0) like Gecko"
212.108.43.59 - - [22/Nov/2016:11:57:31 +0100] "GET /entry.php?id=10271&&ser=812190 HTTP/1.1" 200 986 "http://ed.activities.at/entry.php?id=10271&&ser=812130" "Mozilla/5.0 (Macintosh; Intel Mac OS X 10_10_5) AppleWebKit/602.2.14 (KHTML, like Gecko) Version/10.0.1 Safari/602.2.14"
212.108.43.59 - - [22/Nov/2016:11:57:31 +0100] "GET /gui/javascript/form_form.js?1479812251 HTTP/1.1" 200 16206 "http://ed.activities.at/entry.php?id=10271&&ser=812190" "Mozilla/5.0 (Macintosh; Intel Mac OS X 10_10_5) AppleWebKit/602.2.14 (KHTML, like Gecko) Version/10.0.1 Safari/602.2.14"
81.189.93.28 - - [22/Nov/2016:11:57:51 +0100] "GET /entry.php?id=10271&&ser=812210 HTTP/1.1" 200 986 "http://ed.activities.at/entry.php?id=10271&&ser=812150" "Mozilla/5.0 (Windows NT 5.1; rv:50.0) Gecko/20100101 Firefox/50.0"
81.189.93.28 - - [22/Nov/2016:11:57:51 +0100] "GET /gui/javascript/form_form.js?1479812271 HTTP/1.1" 200 16206 "http://ed.activities.at/entry.php?id=10271&&ser=812210" "Mozilla/5.0 (Windows NT 5.1; rv:50.0) Gecko/20100101 Firefox/50.0"
213.86.241.133 - - [22/Nov/2016:11:57:59 +0100] "POST /entry.php?id=11671 HTTP/1.1" 200 4975 "http://easydrivers.activities.at/entry.php?id=11671" "Mozilla/5.0 (Windows NT 10.0; WOW64; Trident/7.0; rv:11.0) like Gecko"
213.86.241.133 - - [22/Nov/2016:11:58:00 +0100] "GET /gui/javascript/form_form.js?1479812280 HTTP/1.1" 200 16206 "http://easydrivers.activities.at/entry.php?id=11671" "Mozilla/5.0 (Windows NT 10.0; WOW64; Trident/7.0; rv:11.0) like Gecko"
213.86.241.133 - - [22/Nov/2016:11:58:00 +0100] "GET /entry.php?id=10776&form=11496&name=list& HTTP/1.1" 200 1519 "http://easydrivers.activities.at/entry.php?id=11671" "Mozilla/5.0 (Windows NT 10.0; WOW64; Trident/7.0; rv:11.0) like Gecko"
213.86.241.133 - - [22/Nov/2016:11:58:00 +0100] "GET /entry.php?id=10778&form=11496&name=list& HTTP/1.1" 200 5770 "http://easydrivers.activities.at/entry.php?id=11671" "Mozilla/5.0 (Windows NT 10.0; WOW64; Trident/7.0; rv:11.0) like Gecko"
213.86.241.133 - - [22/Nov/2016:11:58:04 +0100] "POST /entry.php?id=11671 HTTP/1.1" 200 4929 "http://easydrivers.activities.at/entry.php?id=11671" "Mozilla/5.0 (Windows NT 10.0; WOW64; Trident/7.0; rv:11.0) like Gecko"
213.86.241.133 - - [22/Nov/2016:11:58:05 +0100] "GET /gui/javascript/form_form.js?1479812285 HTTP/1.1" 200 16206 "http://easydrivers.activities.at/entry.php?id=11671" "Mozilla/5.0 (Windows NT 10.0; WOW64; Trident/7.0; rv:11.0) like Gecko"
213.86.241.133 - - [22/Nov/2016:11:58:06 +0100] "GET /entry.php?id=10778&form=11496&name=list& HTTP/1.1" 200 5770 "http://easydrivers.activities.at/entry.php?id=11671" "Mozilla/5.0 (Windows NT 10.0; WOW64; Trident/7.0; rv:11.0) like Gecko"
213.86.241.133 - - [22/Nov/2016:11:58:06 +0100] "GET /entry.php?id=10776&form=11496&name=list& HTTP/1.1" 200 1519 "http://easydrivers.activities.at/entry.php?id=11671" "Mozilla/5.0 (Windows NT 10.0; WOW64; Trident/7.0; rv:11.0) like Gecko"
213.86.241.133 - - [22/Nov/2016:11:58:09 +0100] "GET /entry.php?id=10287&login=1 HTTP/1.1" 200 1874 "http://easydrivers.activities.at/entry.php?id=11412" "Mozilla/5.0 (Windows NT 10.0; WOW64; Trident/7.0; rv:11.0) like Gecko"
213.86.241.133 - - [22/Nov/2016:11:58:10 +0100] "GET /gui/javascript/form_form.js?1479812289 HTTP/1.1" 200 16206 "http://easydrivers.activities.at/entry.php?id=10287&login=1" "Mozilla/5.0 (Windows NT 10.0; WOW64; Trident/7.0; rv:11.0) like Gecko"
213.86.241.133 - - [22/Nov/2016:11:58:12 +0100] "POST /entry.php?id=10287& HTTP/1.1" 200 2427 "http://easydrivers.activities.at/entry.php?id=10287&login=1" "Mozilla/5.0 (Windows NT 10.0; WOW64; Trident/7.0; rv:11.0) like Gecko"
213.86.241.133 - - [22/Nov/2016:11:58:12 +0100] "GET /gui/javascript/form_form.js?1479812292 HTTP/1.1" 200 16206 "http://easydrivers.activities.at/entry.php?id=10287&" "Mozilla/5.0 (Windows NT 10.0; WOW64; Trident/7.0; rv:11.0) like Gecko"
213.86.241.133 - - [22/Nov/2016:11:58:12 +0100] "GET /entry.php?id=10273&logout=true& HTTP/1.1" 200 1913 "http://easydrivers.activities.at/layout.php" "Mozilla/5.0 (Windows NT 10.0; WOW64; Trident/7.0; rv:11.0) like Gecko"
213.86.241.133 - - [22/Nov/2016:11:58:12 +0100] "GET /entry.php?id=10270& HTTP/1.1" 200 909 "http://easydrivers.activities.at/layout.php" "Mozilla/5.0 (Windows NT 10.0; WOW64; Trident/7.0; rv:11.0) like Gecko"
213.86.241.133 - - [22/Nov/2016:11:58:12 +0100] "GET /entry.php?id=10271&&ser=812232 HTTP/1.1" 200 934 "http://easydrivers.activities.at/entry.php?id=10271&&ser=812172" "Mozilla/5.0 (Windows NT 10.0; WOW64; Trident/7.0; rv:11.0) like Gecko"
212.108.43.59 - - [22/Nov/2016:11:58:31 +0100] "GET /entry.php?id=10271&&ser=812251 HTTP/1.1" 200 987 "http://ed.activities.at/entry.php?id=10271&&ser=812190" "Mozilla/5.0 (Macintosh; Intel Mac OS X 10_10_5) AppleWebKit/602.2.14 (KHTML, like Gecko) Version/10.0.1 Safari/602.2.14"
212.108.43.59 - - [22/Nov/2016:11:58:31 +0100] "GET /gui/javascript/form_form.js?1479812311 HTTP/1.1" 200 16206 "http://ed.activities.at/entry.php?id=10271&&ser=812251" "Mozilla/5.0 (Macintosh; Intel Mac OS X 10_10_5) AppleWebKit/602.2.14 (KHTML, like Gecko) Version/10.0.1 Safari/602.2.14"
81.189.93.28 - - [22/Nov/2016:11:58:51 +0100] "GET /entry.php?id=10271&&ser=812271 HTTP/1.1" 200 987 "http://ed.activities.at/entry.php?id=10271&&ser=812210" "Mozilla/5.0 (Windows NT 5.1; rv:50.0) Gecko/20100101 Firefox/50.0"
81.189.93.28 - - [22/Nov/2016:11:58:52 +0100] "GET /gui/javascript/form_form.js?1479812332 HTTP/1.1" 200 16206 "http://ed.activities.at/entry.php?id=10271&&ser=812271" "Mozilla/5.0 (Windows NT 5.1; rv:50.0) Gecko/20100101 Firefox/50.0"
212.108.43.59 - - [22/Nov/2016:11:59:31 +0100] "GET /entry.php?id=10271&&ser=812311 HTTP/1.1" 200 986 "http://ed.activities.at/entry.php?id=10271&&ser=812251" "Mozilla/5.0 (Macintosh; Intel Mac OS X 10_10_5) AppleWebKit/602.2.14 (KHTML, like Gecko) Version/10.0.1 Safari/602.2.14"
212.108.43.59 - - [22/Nov/2016:11:59:31 +0100] "GET /gui/javascript/form_form.js?1479812371 HTTP/1.1" 200 16206 "http://ed.activities.at/entry.php?id=10271&&ser=812311" "Mozilla/5.0 (Macintosh; Intel Mac OS X 10_10_5) AppleWebKit/602.2.14 (KHTML, like Gecko) Version/10.0.1 Safari/602.2.14"
81.189.93.28 - - [22/Nov/2016:11:59:52 +0100] "GET /entry.php?id=10271&&ser=812332 HTTP/1.1" 200 987 "http://ed.activities.at/entry.php?id=10271&&ser=812271" "Mozilla/5.0 (Windows NT 5.1; rv:50.0) Gecko/20100101 Firefox/50.0"
81.189.93.28 - - [22/Nov/2016:11:59:52 +0100] "GET /gui/javascript/form_form.js?1479812392 HTTP/1.1" 200 16206 "http://ed.activities.at/entry.php?id=10271&&ser=812332" "Mozilla/5.0 (Windows NT 5.1; rv:50.0) Gecko/20100101 Firefox/50.0"
81.189.93.28 - - [22/Nov/2016:12:00:14 +0100] "GET /entry.php?id=10711&chooserview=image_single&view=boxofferimage HTTP/1.1" 200 1723 "http://ed.activities.at/entry.php?id=11685&object=10230378&site=10201431&item=10221971" "Mozilla/5.0 (Windows NT 5.1; rv:50.0) Gecko/20100101 Firefox/50.0"
81.189.93.28 - - [22/Nov/2016:12:00:15 +0100] "GET /gui/javascript/form_binary.js HTTP/1.1" 200 3410 "http://ed.activities.at/entry.php?id=10711&chooserview=image_single&view=boxofferimage" "Mozilla/5.0 (Windows NT 5.1; rv:50.0) Gecko/20100101 Firefox/50.0"
81.189.93.28 - - [22/Nov/2016:12:00:15 +0100] "GET /gui/javascript/form_form.js?1479812415 HTTP/1.1" 200 16206 "http://ed.activities.at/entry.php?id=10711&chooserview=image_single&view=boxofferimage" "Mozilla/5.0 (Windows NT 5.1; rv:50.0) Gecko/20100101 Firefox/50.0"
81.189.93.28 - - [22/Nov/2016:12:00:15 +0100] "GET /gui/javascript/jquery/js/ui.splitter.js HTTP/1.1" 200 3473 "http://ed.activities.at/entry.php?id=10711&chooserview=image_single&view=boxofferimage" "Mozilla/5.0 (Windows NT 5.1; rv:50.0) Gecko/20100101 Firefox/50.0"
81.189.93.28 - - [22/Nov/2016:12:00:15 +0100] "GET /entry.php?id=10676&title=Ressourcenverwaltung HTTP/1.1" 200 1396 "http://ed.activities.at/entry.php?id=10711&chooserview=image_single&view=boxofferimage" "Mozilla/5.0 (Windows NT 5.1; rv:50.0) Gecko/20100101 Firefox/50.0"
81.189.93.28 - - [22/Nov/2016:12:00:15 +0100] "GET /entry.php?id=10704&&but=&object=&class=&tag=&value=&chooserview=image_single&function=&setlist=&t_width=&t_height=&view=boxofferimage HTTP/1.1" 200 2863 "http://ed.activities.at/entry.php?id=10711&chooserview=image_single&view=boxofferimage" "Mozilla/5.0 (Windows NT 5.1; rv:50.0) Gecko/20100101 Firefox/50.0"
81.189.93.28 - - [22/Nov/2016:12:00:15 +0100] "GET /entry.php?id=10703&&but=&object=&class=&tag=&value=&chooserview=image_single&function=&setlist=&t_width=&t_height=&view=boxofferimage HTTP/1.1" 200 2541 "http://ed.activities.at/entry.php?id=10711&chooserview=image_single&view=boxofferimage" "Mozilla/5.0 (Windows NT 5.1; rv:50.0) Gecko/20100101 Firefox/50.0"
81.189.93.28 - - [22/Nov/2016:12:00:16 +0100] "GET /gui/javascript/form_form.js?1479812416 HTTP/1.1" 200 16206 "http://ed.activities.at/entry.php?id=10703&&but=&object=&class=&tag=&value=&chooserview=image_single&function=&setlist=&t_width=&t_height=&view=boxofferimage" "Mozilla/5.0 (Windows NT 5.1; rv:50.0) Gecko/20100101 Firefox/50.0"
81.189.93.28 - - [22/Nov/2016:12:00:16 +0100] "GET /entry.php?id=10776&form=10549&name=list& HTTP/1.1" 200 1546 "http://ed.activities.at/entry.php?id=10704&&but=&object=&class=&tag=&value=&chooserview=image_single&function=&setlist=&t_width=&t_height=&view=boxofferimage" "Mozilla/5.0 (Windows NT 5.1; rv:50.0) Gecko/20100101 Firefox/50.0"
81.189.93.28 - - [22/Nov/2016:12:00:16 +0100] "GET /entry.php?id=10778&form=10549&name=list& HTTP/1.1" 200 2603 "http://ed.activities.at/entry.php?id=10704&&but=&object=&class=&tag=&value=&chooserview=image_single&function=&setlist=&t_width=&t_height=&view=boxofferimage" "Mozilla/5.0 (Windows NT 5.1; rv:50.0) Gecko/20100101 Firefox/50.0"
81.189.93.28 - - [22/Nov/2016:12:00:16 +0100] "GET /gui/images/icons/disabled_view_grid.gif HTTP/1.1" 200 399 "http://ed.activities.at/entry.php?id=10776&form=10549&name=list&" "Mozilla/5.0 (Windows NT 5.1; rv:50.0) Gecko/20100101 Firefox/50.0"
81.189.93.28 - - [22/Nov/2016:12:00:16 +0100] "GET /entry.php?id=10776&form=10547&name=list& HTTP/1.1" 200 1290 "http://ed.activities.at/entry.php?id=10703&&but=&object=&class=&tag=&value=&chooserview=image_single&function=&setlist=&t_width=&t_height=&view=boxofferimage" "Mozilla/5.0 (Windows NT 5.1; rv:50.0) Gecko/20100101 Firefox/50.0"
81.189.93.28 - - [22/Nov/2016:12:00:16 +0100] "GET /entry.php?id=10778&form=10547&name=list& HTTP/1.1" 200 3006 "http://ed.activities.at/entry.php?id=10703&&but=&object=&class=&tag=&value=&chooserview=image_single&function=&setlist=&t_width=&t_height=&view=boxofferimage" "Mozilla/5.0 (Windows NT 5.1; rv:50.0) Gecko/20100101 Firefox/50.0"
212.108.43.59 - - [22/Nov/2016:12:00:31 +0100] "GET /entry.php?id=10271&&ser=812371 HTTP/1.1" 200 987 "http://ed.activities.at/entry.php?id=10271&&ser=812311" "Mozilla/5.0 (Macintosh; Intel Mac OS X 10_10_5) AppleWebKit/602.2.14 (KHTML, like Gecko) Version/10.0.1 Safari/602.2.14"
212.108.43.59 - - [22/Nov/2016:12:00:32 +0100] "GET /gui/javascript/form_form.js?1479812432 HTTP/1.1" 200 16206 "http://ed.activities.at/entry.php?id=10271&&ser=812371" "Mozilla/5.0 (Macintosh; Intel Mac OS X 10_10_5) AppleWebKit/602.2.14 (KHTML, like Gecko) Version/10.0.1 Safari/602.2.14"
81.189.93.28 - - [22/Nov/2016:12:00:49 +0100] "POST /entry.php?id=10704 HTTP/1.1" 200 2929 "http://ed.activities.at/entry.php?id=10704&&but=&object=&class=&tag=&value=&chooserview=image_single&function=&setlist=&t_width=&t_height=&view=boxofferimage" "Mozilla/5.0 (Windows NT 5.1; rv:50.0) Gecko/20100101 Firefox/50.0"
81.189.93.28 - - [22/Nov/2016:12:00:50 +0100] "GET /gui/javascript/form_form.js?1479812449 HTTP/1.1" 200 16206 "http://ed.activities.at/entry.php?id=10704" "Mozilla/5.0 (Windows NT 5.1; rv:50.0) Gecko/20100101 Firefox/50.0"
81.189.93.28 - - [22/Nov/2016:12:00:50 +0100] "GET /entry.php?id=10776&form=10549&name=list& HTTP/1.1" 200 1608 "http://ed.activities.at/entry.php?id=10704" "Mozilla/5.0 (Windows NT 5.1; rv:50.0) Gecko/20100101 Firefox/50.0"
81.189.93.28 - - [22/Nov/2016:12:00:50 +0100] "GET /gui/images/icons/view_grid.gif HTTP/1.1" 200 382 "http://ed.activities.at/entry.php?id=10776&form=10549&name=list&" "Mozilla/5.0 (Windows NT 5.1; rv:50.0) Gecko/20100101 Firefox/50.0"
81.189.93.28 - - [22/Nov/2016:12:00:50 +0100] "GET /entry.php?id=10778&form=10549&name=list& HTTP/1.1" 200 5059 "http://ed.activities.at/entry.php?id=10704" "Mozilla/5.0 (Windows NT 5.1; rv:50.0) Gecko/20100101 Firefox/50.0"
81.189.93.28 - - [22/Nov/2016:12:00:51 +0100] "GET /cache/emu/images/easy-drivers-spittelau10244077/aktionjpg_16_9_0.jpg HTTP/1.1" 200 786 "http://ed.activities.at/entry.php?id=10778&form=10549&name=list&" "Mozilla/5.0 (Windows NT 5.1; rv:50.0) Gecko/20100101 Firefox/50.0"
81.189.93.28 - - [22/Nov/2016:12:00:51 +0100] "GET /cache/emu/images/easy-drivers-spittelau10244086/ed-audicabriojpg_16_11_0.jpg HTTP/1.1" 200 790 "http://ed.activities.at/entry.php?id=10778&form=10549&name=list&" "Mozilla/5.0 (Windows NT 5.1; rv:50.0) Gecko/20100101 Firefox/50.0"
81.189.93.28 - - [22/Nov/2016:12:00:51 +0100] "GET /cache/emu/images/easy-drivers-spittelau10244088/ed-autoaudijpg_16_11_0.jpg HTTP/1.1" 200 795 "http://ed.activities.at/entry.php?id=10778&form=10549&name=list&" "Mozilla/5.0 (Windows NT 5.1; rv:50.0) Gecko/20100101 Firefox/50.0"
81.189.93.28 - - [22/Nov/2016:12:00:51 +0100] "GET /cache/emu/images/easy-drivers-spittelau10244089/ed-autocabriodetailjpg_16_12_0.jpg HTTP/1.1" 200 790 "http://ed.activities.at/entry.php?id=10778&form=10549&name=list&" "Mozilla/5.0 (Windows NT 5.1; rv:50.0) Gecko/20100101 Firefox/50.0"
81.189.93.28 - - [22/Nov/2016:12:00:51 +0100] "GET /cache/emu/images/easy-drivers-spittelau10244090/ed-autodetailjpg_16_11_0.jpg HTTP/1.1" 200 789 "http://ed.activities.at/entry.php?id=10778&form=10549&name=list&" "Mozilla/5.0 (Windows NT 5.1; rv:50.0) Gecko/20100101 Firefox/50.0"
81.189.93.28 - - [22/Nov/2016:12:00:51 +0100] "GET /cache/emu/images/easy-drivers-spittelau10244091/ed-autojeepjpg_16_11_0.jpg HTTP/1.1" 200 795 "http://ed.activities.at/entry.php?id=10778&form=10549&name=list&" "Mozilla/5.0 (Windows NT 5.1; rv:50.0) Gecko/20100101 Firefox/50.0"
81.189.93.28 - - [22/Nov/2016:12:00:51 +0100] "GET /cache/emu/images/easy-drivers-spittelau10244092/ed-automercedesjpg_16_11_0.jpg HTTP/1.1" 200 791 "http://ed.activities.at/entry.php?id=10778&form=10549&name=list&" "Mozilla/5.0 (Windows NT 5.1; rv:50.0) Gecko/20100101 Firefox/50.0"
81.189.93.28 - - [22/Nov/2016:12:00:51 +0100] "GET /cache/emu/images/easy-drivers-spittelau10244087/ed-auto-vwjpg_16_11_0.jpg HTTP/1.1" 200 796 "http://ed.activities.at/entry.php?id=10778&form=10549&name=list&" "Mozilla/5.0 (Windows NT 5.1; rv:50.0) Gecko/20100101 Firefox/50.0"
81.189.93.28 - - [22/Nov/2016:12:00:51 +0100] "GET /cache/emu/images/easy-drivers-spittelau10244093/ed-flottejpg_16_9_0.jpg HTTP/1.1" 200 754 "http://ed.activities.at/entry.php?id=10778&form=10549&name=list&" "Mozilla/5.0 (Windows NT 5.1; rv:50.0) Gecko/20100101 Firefox/50.0"
81.189.93.28 - - [22/Nov/2016:12:00:51 +0100] "GET /cache/emu/images/easy-drivers-spittelau10244094/ed-logodetailjpg_16_11_0.jpg HTTP/1.1" 200 796 "http://ed.activities.at/entry.php?id=10778&form=10549&name=list&" "Mozilla/5.0 (Windows NT 5.1; rv:50.0) Gecko/20100101 Firefox/50.0"
81.189.93.28 - - [22/Nov/2016:12:00:51 +0100] "GET /cache/emu/images/easy-drivers-spittelau10244078/edlogoljpg_16_9_0.jpg HTTP/1.1" 200 776 "http://ed.activities.at/entry.php?id=10778&form=10549&name=list&" "Mozilla/5.0 (Windows NT 5.1; rv:50.0) Gecko/20100101 Firefox/50.0"
81.189.93.28 - - [22/Nov/2016:12:00:51 +0100] "GET /cache/emu/images/easy-drivers-spittelau10244079/fuehrerscheinajpg_16_9_0.jpg HTTP/1.1" 200 778 "http://ed.activities.at/entry.php?id=10778&form=10549&name=list&" "Mozilla/5.0 (Windows NT 5.1; rv:50.0) Gecko/20100101 Firefox/50.0"
81.189.93.28 - - [22/Nov/2016:12:00:51 +0100] "GET /cache/emu/images/easy-drivers-spittelau10244080/fuehrerscheinbjpg_16_9_0.jpg HTTP/1.1" 200 789 "http://ed.activities.at/entry.php?id=10778&form=10549&name=list&" "Mozilla/5.0 (Windows NT 5.1; rv:50.0) Gecko/20100101 Firefox/50.0"
81.189.93.28 - - [22/Nov/2016:12:00:51 +0100] "GET /cache/emu/images/easy-drivers-spittelau10244081/herbstkursejpg_16_9_0.jpg HTTP/1.1" 200 765 "http://ed.activities.at/entry.php?id=10778&form=10549&name=list&" "Mozilla/5.0 (Windows NT 5.1; rv:50.0) Gecko/20100101 Firefox/50.0"
81.189.93.28 - - [22/Nov/2016:12:00:51 +0100] "GET /cache/emu/images/easy-drivers-spittelau10244068/jetztanmeldenjpg_16_9_0.jpg HTTP/1.1" 200 772 "http://ed.activities.at/entry.php?id=10778&form=10549&name=list&" "Mozilla/5.0 (Windows NT 5.1; rv:50.0) Gecko/20100101 Firefox/50.0"
81.189.93.28 - - [22/Nov/2016:12:00:51 +0100] "GET /cache/emu/images/easy-drivers-spittelau10244082/osterkursejpg_16_9_0.jpg HTTP/1.1" 200 766 "http://ed.activities.at/entry.php?id=10778&form=10549&name=list&" "Mozilla/5.0 (Windows NT 5.1; rv:50.0) Gecko/20100101 Firefox/50.0"
81.189.93.28 - - [22/Nov/2016:12:00:51 +0100] "GET /cache/emu/images/easy-drivers-spittelau10241568/schnellkursjpg_16_9_0.jpg HTTP/1.1" 200 786 "http://ed.activities.at/entry.php?id=10778&form=10549&name=list&" "Mozilla/5.0 (Windows NT 5.1; rv:50.0) Gecko/20100101 Firefox/50.0"
81.189.93.28 - - [22/Nov/2016:12:00:51 +0100] "GET /cache/emu/images/easy-drivers-spittelau10244083/schnellkursjpg_16_9_0.jpg HTTP/1.1" 200 790 "http://ed.activities.at/entry.php?id=10778&form=10549&name=list&" "Mozilla/5.0 (Windows NT 5.1; rv:50.0) Gecko/20100101 Firefox/50.0"
81.189.93.28 - - [22/Nov/2016:12:00:51 +0100] "GET /cache/emu/images/easy-drivers-spittelau10249736/semester14hpjpg_16_11_0.jpg HTTP/1.1" 200 796 "http://ed.activities.at/entry.php?id=10778&form=10549&name=list&" "Mozilla/5.0 (Windows NT 5.1; rv:50.0) Gecko/20100101 Firefox/50.0"
81.189.93.28 - - [22/Nov/2016:12:00:51 +0100] "GET /cache/emu/images/easy-drivers-spittelau10249737/semester14hpjpg_16_11_0.jpg HTTP/1.1" 200 796 "http://ed.activities.at/entry.php?id=10778&form=10549&name=list&" "Mozilla/5.0 (Windows NT 5.1; rv:50.0) Gecko/20100101 Firefox/50.0"
81.189.93.28 - - [22/Nov/2016:12:00:51 +0100] "GET /cache/emu/images/easy-drivers-spittelau10244084/sommerkursejpg_16_9_0.jpg HTTP/1.1" 200 763 "http://ed.activities.at/entry.php?id=10778&form=10549&name=list&" "Mozilla/5.0 (Windows NT 5.1; rv:50.0) Gecko/20100101 Firefox/50.0"
81.189.93.28 - - [22/Nov/2016:12:00:51 +0100] "GET /cache/emu/images/easy-drivers-spittelau10227326/widget-icon-aktionenpng_16_9.png HTTP/1.1" 200 396 "http://ed.activities.at/entry.php?id=10778&form=10549&name=list&" "Mozilla/5.0 (Windows NT 5.1; rv:50.0) Gecko/20100101 Firefox/50.0"
81.189.93.28 - - [22/Nov/2016:12:00:51 +0100] "GET /cache/emu/images/easy-drivers-spittelau10227327/widget-icon-apppng_16_9.png HTTP/1.1" 200 417 "http://ed.activities.at/entry.php?id=10778&form=10549&name=list&" "Mozilla/5.0 (Windows NT 5.1; rv:50.0) Gecko/20100101 Firefox/50.0"
81.189.93.28 - - [22/Nov/2016:12:00:51 +0100] "GET /cache/emu/images/easy-drivers-spittelau10227328/widget-icon-expertspng_16_9.png HTTP/1.1" 200 348 "http://ed.activities.at/entry.php?id=10778&form=10549&name=list&" "Mozilla/5.0 (Windows NT 5.1; rv:50.0) Gecko/20100101 Firefox/50.0"
81.189.93.28 - - [22/Nov/2016:12:00:51 +0100] "GET /cache/emu/images/easy-drivers-spittelau10227329/widget-icon-trainingpng_16_9.png HTTP/1.1" 200 392 "http://ed.activities.at/entry.php?id=10778&form=10549&name=list&" "Mozilla/5.0 (Windows NT 5.1; rv:50.0) Gecko/20100101 Firefox/50.0"
81.189.93.28 - - [22/Nov/2016:12:00:51 +0100] "GET /cache/emu/images/easy-drivers-spittelau10254354/winterkurspng_16_9_0.png HTTP/1.1" 200 369 "http://ed.activities.at/entry.php?id=10778&form=10549&name=list&" "Mozilla/5.0 (Windows NT 5.1; rv:50.0) Gecko/20100101 Firefox/50.0"
81.189.93.28 - - [22/Nov/2016:12:00:51 +0100] "GET /cache/emu/images/easy-drivers-spittelau10247917/xmasglockejpg_15_16_0.jpg HTTP/1.1" 200 825 "http://ed.activities.at/entry.php?id=10778&form=10549&name=list&" "Mozilla/5.0 (Windows NT 5.1; rv:50.0) Gecko/20100101 Firefox/50.0"
81.189.93.28 - - [22/Nov/2016:12:00:52 +0100] "GET /entry.php?id=10271&&ser=812392 HTTP/1.1" 200 987 "http://ed.activities.at/entry.php?id=10271&&ser=812332" "Mozilla/5.0 (Windows NT 5.1; rv:50.0) Gecko/20100101 Firefox/50.0"
81.189.93.28 - - [22/Nov/2016:12:00:53 +0100] "GET /gui/javascript/form_form.js?1479812453 HTTP/1.1" 200 16206 "http://ed.activities.at/entry.php?id=10271&&ser=812392" "Mozilla/5.0 (Windows NT 5.1; rv:50.0) Gecko/20100101 Firefox/50.0"
213.86.241.133 - - [22/Nov/2016:12:01:09 +0100] "GET / HTTP/1.1" 200 382 "-" "Mozilla/5.0 (Windows NT 10.0; WOW64; Trident/7.0; rv:11.0) like Gecko"
213.86.241.133 - - [22/Nov/2016:12:01:09 +0100] "GET /layout.php HTTP/1.1" 200 915 "-" "Mozilla/5.0 (Windows NT 10.0; WOW64; Trident/7.0; rv:11.0) like Gecko"
213.86.241.133 - - [22/Nov/2016:12:01:09 +0100] "GET /entry.php?id=10270 HTTP/1.1" 200 909 "http://easydrivers.activities.at/layout.php" "Mozilla/5.0 (Windows NT 10.0; WOW64; Trident/7.0; rv:11.0) like Gecko"
213.86.241.133 - - [22/Nov/2016:12:01:09 +0100] "GET /entry.php?id=10273 HTTP/1.1" 200 1902 "http://easydrivers.activities.at/layout.php" "Mozilla/5.0 (Windows NT 10.0; WOW64; Trident/7.0; rv:11.0) like Gecko"
213.86.241.133 - - [22/Nov/2016:12:01:09 +0100] "GET /entry.php?id=10272 HTTP/1.1" 200 1159 "http://easydrivers.activities.at/layout.php" "Mozilla/5.0 (Windows NT 10.0; WOW64; Trident/7.0; rv:11.0) like Gecko"
213.86.241.133 - - [22/Nov/2016:12:01:10 +0100] "GET /gui/javascript/form_form.js?1479812470 HTTP/1.1" 200 16206 "http://easydrivers.activities.at/entry.php?id=10270" "Mozilla/5.0 (Windows NT 10.0; WOW64; Trident/7.0; rv:11.0) like Gecko"
213.86.241.133 - - [22/Nov/2016:12:01:09 +0100] "GET /entry.php?id=11412 HTTP/1.1" 200 1759 "http://easydrivers.activities.at/layout.php" "Mozilla/5.0 (Windows NT 10.0; WOW64; Trident/7.0; rv:11.0) like Gecko"
213.86.241.133 - - [22/Nov/2016:12:01:10 +0100] "GET /entry.php?id=10271& HTTP/1.1" 200 934 "http://easydrivers.activities.at/entry.php?id=10272" "Mozilla/5.0 (Windows NT 10.0; WOW64; Trident/7.0; rv:11.0) like Gecko"
81.189.93.28 - - [22/Nov/2016:12:01:10 +0100] "GET /entry.php?id=11150&object=10244077 HTTP/1.1" 200 2220 "http://ed.activities.at/entry.php?id=10778&form=10549&name=list&" "Mozilla/5.0 (Windows NT 5.1; rv:50.0) Gecko/20100101 Firefox/50.0"
213.86.241.133 - - [22/Nov/2016:12:01:10 +0100] "GET /entry.php?id=10287 HTTP/1.1" 200 2413 "http://easydrivers.activities.at/entry.php?id=11412" "Mozilla/5.0 (Windows NT 10.0; WOW64; Trident/7.0; rv:11.0) like Gecko"
81.189.93.28 - - [22/Nov/2016:12:01:10 +0100] "GET /gui/javascript/form_form.js?1479812470 HTTP/1.1" 200 16206 "http://ed.activities.at/entry.php?id=11150&object=10244077" "Mozilla/5.0 (Windows NT 5.1; rv:50.0) Gecko/20100101 Firefox/50.0"
81.189.93.28 - - [22/Nov/2016:12:01:10 +0100] "GET /cache/emu/images/easy-drivers-spittelau10244077/aktionjpg_200_113_0.jpg HTTP/1.1" 200 4269 "http://ed.activities.at/entry.php?id=11150&object=10244077" "Mozilla/5.0 (Windows NT 5.1; rv:50.0) Gecko/20100101 Firefox/50.0"
213.86.241.133 - - [22/Nov/2016:12:01:10 +0100] "GET /entry.php?id=10270& HTTP/1.1" 200 909 "http://easydrivers.activities.at/layout.php" "Mozilla/5.0 (Windows NT 10.0; WOW64; Trident/7.0; rv:11.0) like Gecko"
213.86.241.133 - - [22/Nov/2016:12:01:11 +0100] "GET /gui/javascript/form_form.js?1479812471 HTTP/1.1" 200 16206 "http://easydrivers.activities.at/entry.php?id=10270&" "Mozilla/5.0 (Windows NT 10.0; WOW64; Trident/7.0; rv:11.0) like Gecko"
213.86.241.133 - - [22/Nov/2016:12:01:10 +0100] "GET /entry.php?id=10273& HTTP/1.1" 200 1901 "http://easydrivers.activities.at/layout.php" "Mozilla/5.0 (Windows NT 10.0; WOW64; Trident/7.0; rv:11.0) like Gecko"
213.86.241.133 - - [22/Nov/2016:12:01:20 +0100] "POST /entry.php?id=10287& HTTP/1.1" 200 1988 "http://easydrivers.activities.at/entry.php?id=10287" "Mozilla/5.0 (Windows NT 10.0; WOW64; Trident/7.0; rv:11.0) like Gecko"
213.86.241.133 - - [22/Nov/2016:12:01:21 +0100] "GET /gui/javascript/form_form.js?1479812481 HTTP/1.1" 200 16206 "http://easydrivers.activities.at/entry.php?id=10287&" "Mozilla/5.0 (Windows NT 10.0; WOW64; Trident/7.0; rv:11.0) like Gecko"
213.86.241.133 - - [22/Nov/2016:12:01:21 +0100] "GET /entry.php?id=10271& HTTP/1.1" 200 989 "http://easydrivers.activities.at/entry.php?id=10272" "Mozilla/5.0 (Windows NT 10.0; WOW64; Trident/7.0; rv:11.0) like Gecko"
213.86.241.133 - - [22/Nov/2016:12:01:22 +0100] "GET /gui/javascript/jquery/css/gui-themes/custom.min.css HTTP/1.1" 304 - "http://easydrivers.activities.at/entry.php?id=10271&" "Mozilla/5.0 (Windows NT 10.0; WOW64; Trident/7.0; rv:11.0) like Gecko"
213.86.241.133 - - [22/Nov/2016:12:01:22 +0100] "GET /gui/javascript/jquery/css/gui-themes/ui.spinner.css HTTP/1.1" 304 - "http://easydrivers.activities.at/entry.php?id=10271&" "Mozilla/5.0 (Windows NT 10.0; WOW64; Trident/7.0; rv:11.0) like Gecko"
213.86.241.133 - - [22/Nov/2016:12:01:22 +0100] "GET /gui/javascript/jquery/css/gui-themes/jquery.tooltip.css HTTP/1.1" 304 - "http://easydrivers.activities.at/entry.php?id=10271&" "Mozilla/5.0 (Windows NT 10.0; WOW64; Trident/7.0; rv:11.0) like Gecko"
213.86.241.133 - - [22/Nov/2016:12:01:21 +0100] "GET /entry.php?id=10273& HTTP/1.1" 200 2013 "http://easydrivers.activities.at/layout.php" "Mozilla/5.0 (Windows NT 10.0; WOW64; Trident/7.0; rv:11.0) like Gecko"
213.86.241.133 - - [22/Nov/2016:12:01:22 +0100] "GET /gui/styles/tmplDefault.css HTTP/1.1" 304 - "http://easydrivers.activities.at/entry.php?id=10271&" "Mozilla/5.0 (Windows NT 10.0; WOW64; Trident/7.0; rv:11.0) like Gecko"
213.86.241.133 - - [22/Nov/2016:12:01:22 +0100] "GET /gui/javascript/form_form.js?1479812482 HTTP/1.1" 200 16206 "http://easydrivers.activities.at/entry.php?id=10271&" "Mozilla/5.0 (Windows NT 10.0; WOW64; Trident/7.0; rv:11.0) like Gecko"
213.86.241.133 - - [22/Nov/2016:12:01:22 +0100] "GET /gui/javascript/form_form.js?1479812482 HTTP/1.1" 200 16206 "http://easydrivers.activities.at/entry.php?id=10273&" "Mozilla/5.0 (Windows NT 10.0; WOW64; Trident/7.0; rv:11.0) like Gecko"
213.86.241.133 - - [22/Nov/2016:12:01:22 +0100] "GET /gui/javascript/jquery/js/jquery-1.8.2.js HTTP/1.1" 304 - "http://easydrivers.activities.at/entry.php?id=10271&" "Mozilla/5.0 (Windows NT 10.0; WOW64; Trident/7.0; rv:11.0) like Gecko"
213.86.241.133 - - [22/Nov/2016:12:01:22 +0100] "GET /gui/javascript/jquery/js/jquery-ui-1.9.0.custom.min.js HTTP/1.1" 304 - "http://easydrivers.activities.at/entry.php?id=10271&" "Mozilla/5.0 (Windows NT 10.0; WOW64; Trident/7.0; rv:11.0) like Gecko"
213.86.241.133 - - [22/Nov/2016:12:01:22 +0100] "GET /framework/webfx/style/toolbar/images/cbback.gif HTTP/1.1" 404 319 "http://easydrivers.activities.at/entry.php?id=10273&" "Mozilla/5.0 (Windows NT 10.0; WOW64; Trident/7.0; rv:11.0) like Gecko"
213.86.241.133 - - [22/Nov/2016:12:01:22 +0100] "GET /gui/javascript/jquery/jquery-tooltip/jquery.tooltip.min.js HTTP/1.1" 304 - "http://easydrivers.activities.at/entry.php?id=10271&" "Mozilla/5.0 (Windows NT 10.0; WOW64; Trident/7.0; rv:11.0) like Gecko"
213.86.241.133 - - [22/Nov/2016:12:01:22 +0100] "GET /entry.php?id=10270&__app__=10006038 HTTP/1.1" 200 1649 "http://easydrivers.activities.at/layout.php" "Mozilla/5.0 (Windows NT 10.0; WOW64; Trident/7.0; rv:11.0) like Gecko"
213.86.241.133 - - [22/Nov/2016:12:01:22 +0100] "GET /undefined HTTP/1.1" 404 290 "http://easydrivers.activities.at/entry.php?id=10270&__app__=10006038" "Mozilla/5.0 (Windows NT 10.0; WOW64; Trident/7.0; rv:11.0) like Gecko"
213.86.241.133 - - [22/Nov/2016:12:01:27 +0100] "GET /entry.php?id=11673 HTTP/1.1" 200 358 "http://easydrivers.activities.at/entry.php?id=11412" "Mozilla/5.0 (Windows NT 10.0; WOW64; Trident/7.0; rv:11.0) like Gecko"
213.86.241.133 - - [22/Nov/2016:12:01:27 +0100] "GET /entry.php?id=11694& HTTP/1.1" 200 3347 "http://easydrivers.activities.at/entry.php?id=11673" "Mozilla/5.0 (Windows NT 10.0; WOW64; Trident/7.0; rv:11.0) like Gecko"
213.86.241.133 - - [22/Nov/2016:12:01:28 +0100] "GET /activities/framework/KoolControls/KoolAjax/koolajax.php?8436e354c842500aba3cbaf0584c0c24 HTTP/1.1" 200 4079 "http://easydrivers.activities.at/entry.php?id=11694&" "Mozilla/5.0 (Windows NT 10.0; WOW64; Trident/7.0; rv:11.0) like Gecko"
213.86.241.133 - - [22/Nov/2016:12:01:28 +0100] "GET /gui/javascript/form_form.js?1479812488 HTTP/1.1" 200 16206 "http://easydrivers.activities.at/entry.php?id=11694&" "Mozilla/5.0 (Windows NT 10.0; WOW64; Trident/7.0; rv:11.0) like Gecko"
213.86.241.133 - - [22/Nov/2016:12:01:27 +0100] "GET /entry.php?id=10676&&title=F\xfchrerscheinkurse HTTP/1.1" 200 1394 "http://easydrivers.activities.at/entry.php?id=11673" "Mozilla/5.0 (Windows NT 10.0; WOW64; Trident/7.0; rv:11.0) like Gecko"
213.86.241.133 - - [22/Nov/2016:12:01:29 +0100] "GET /activities/framework/KoolControls/KoolTreeView/kooltreeview.php?c7cd9180e88ffef8e70f13526bb4f5f7 HTTP/1.1" 200 5055 "http://easydrivers.activities.at/entry.php?id=11694&" "Mozilla/5.0 (Windows NT 10.0; WOW64; Trident/7.0; rv:11.0) like Gecko"
213.86.241.133 - - [22/Nov/2016:12:01:27 +0100] "GET /entry.php?id=11672& HTTP/1.1" 200 2692 "http://easydrivers.activities.at/entry.php?id=11673" "Mozilla/5.0 (Windows NT 10.0; WOW64; Trident/7.0; rv:11.0) like Gecko"
213.86.241.133 - - [22/Nov/2016:12:01:29 +0100] "GET /gui/javascript/form_form.js?1479812489 HTTP/1.1" 200 16206 "http://easydrivers.activities.at/entry.php?id=11672&" "Mozilla/5.0 (Windows NT 10.0; WOW64; Trident/7.0; rv:11.0) like Gecko"
213.86.241.133 - - [22/Nov/2016:12:01:27 +0100] "GET /entry.php?id=11671& HTTP/1.1" 200 4534 "http://easydrivers.activities.at/entry.php?id=11673" "Mozilla/5.0 (Windows NT 10.0; WOW64; Trident/7.0; rv:11.0) like Gecko"
213.86.241.133 - - [22/Nov/2016:12:01:29 +0100] "GET /entry.php?id=10776&form=11497&name=list& HTTP/1.1" 200 1942 "http://easydrivers.activities.at/entry.php?id=11672&" "Mozilla/5.0 (Windows NT 10.0; WOW64; Trident/7.0; rv:11.0) like Gecko"
213.86.241.133 - - [22/Nov/2016:12:01:29 +0100] "GET /entry.php?id=10778&form=11497&name=list& HTTP/1.1" 200 9611 "http://easydrivers.activities.at/entry.php?id=11672&" "Mozilla/5.0 (Windows NT 10.0; WOW64; Trident/7.0; rv:11.0) like Gecko"
213.86.241.133 - - [22/Nov/2016:12:01:29 +0100] "GET /entry.php?id=10776&form=11496&name=list& HTTP/1.1" 200 1526 "http://easydrivers.activities.at/entry.php?id=11671&" "Mozilla/5.0 (Windows NT 10.0; WOW64; Trident/7.0; rv:11.0) like Gecko"
213.86.241.133 - - [22/Nov/2016:12:01:29 +0100] "GET /entry.php?id=10778&form=11496&name=list& HTTP/1.1" 200 2493 "http://easydrivers.activities.at/entry.php?id=11671&" "Mozilla/5.0 (Windows NT 10.0; WOW64; Trident/7.0; rv:11.0) like Gecko"
212.108.43.59 - - [22/Nov/2016:12:01:32 +0100] "GET /entry.php?id=10271&&ser=812432 HTTP/1.1" 200 987 "http://ed.activities.at/entry.php?id=10271&&ser=812371" "Mozilla/5.0 (Macintosh; Intel Mac OS X 10_10_5) AppleWebKit/602.2.14 (KHTML, like Gecko) Version/10.0.1 Safari/602.2.14"
212.108.43.59 - - [22/Nov/2016:12:01:32 +0100] "GET /gui/javascript/form_form.js?1479812492 HTTP/1.1" 200 16206 "http://ed.activities.at/entry.php?id=10271&&ser=812432" "Mozilla/5.0 (Macintosh; Intel Mac OS X 10_10_5) AppleWebKit/602.2.14 (KHTML, like Gecko) Version/10.0.1 Safari/602.2.14"
81.189.93.28 - - [22/Nov/2016:12:01:32 +0100] "GET /entry.php?id=11150&object=10244090 HTTP/1.1" 200 2226 "http://ed.activities.at/entry.php?id=10778&form=10549&name=list&" "Mozilla/5.0 (Windows NT 5.1; rv:50.0) Gecko/20100101 Firefox/50.0"
81.189.93.28 - - [22/Nov/2016:12:01:32 +0100] "GET /gui/javascript/form_form.js?1479812492 HTTP/1.1" 200 16206 "http://ed.activities.at/entry.php?id=11150&object=10244090" "Mozilla/5.0 (Windows NT 5.1; rv:50.0) Gecko/20100101 Firefox/50.0"
81.189.93.28 - - [22/Nov/2016:12:01:33 +0100] "GET /cache/emu/images/easy-drivers-spittelau10244090/ed-autodetailjpg_200_133_0.jpg HTTP/1.1" 200 6656 "http://ed.activities.at/entry.php?id=11150&object=10244090" "Mozilla/5.0 (Windows NT 5.1; rv:50.0) Gecko/20100101 Firefox/50.0"
213.86.241.133 - - [22/Nov/2016:12:01:37 +0100] "POST /entry.php?id=11672 HTTP/1.1" 200 2702 "http://easydrivers.activities.at/entry.php?id=11672&" "Mozilla/5.0 (Windows NT 10.0; WOW64; Trident/7.0; rv:11.0) like Gecko"
213.86.241.133 - - [22/Nov/2016:12:01:37 +0100] "GET /gui/javascript/form_form.js?1479812497 HTTP/1.1" 200 16206 "http://easydrivers.activities.at/entry.php?id=11672" "Mozilla/5.0 (Windows NT 10.0; WOW64; Trident/7.0; rv:11.0) like Gecko"
213.86.241.133 - - [22/Nov/2016:12:01:37 +0100] "GET /entry.php?id=10776&form=11497&name=list& HTTP/1.1" 200 1940 "http://easydrivers.activities.at/entry.php?id=11672" "Mozilla/5.0 (Windows NT 10.0; WOW64; Trident/7.0; rv:11.0) like Gecko"
213.86.241.133 - - [22/Nov/2016:12:01:37 +0100] "GET /entry.php?id=10778&form=11497&name=list& HTTP/1.1" 200 3084 "http://easydrivers.activities.at/entry.php?id=11672" "Mozilla/5.0 (Windows NT 10.0; WOW64; Trident/7.0; rv:11.0) like Gecko"
213.86.241.133 - - [22/Nov/2016:12:01:43 +0100] "POST /entry.php?id=11671 HTTP/1.1" 200 4744 "http://easydrivers.activities.at/entry.php?id=11671&" "Mozilla/5.0 (Windows NT 10.0; WOW64; Trident/7.0; rv:11.0) like Gecko"
213.86.241.133 - - [22/Nov/2016:12:01:44 +0100] "GET /gui/javascript/form_form.js?1479812504 HTTP/1.1" 200 16206 "http://easydrivers.activities.at/entry.php?id=11671" "Mozilla/5.0 (Windows NT 10.0; WOW64; Trident/7.0; rv:11.0) like Gecko"
213.86.241.133 - - [22/Nov/2016:12:01:44 +0100] "GET /entry.php?id=10776&form=11496&name=list& HTTP/1.1" 200 1519 "http://easydrivers.activities.at/entry.php?id=11671" "Mozilla/5.0 (Windows NT 10.0; WOW64; Trident/7.0; rv:11.0) like Gecko"
213.86.241.133 - - [22/Nov/2016:12:01:44 +0100] "GET /entry.php?id=10778&form=11496&name=list& HTTP/1.1" 200 5720 "http://easydrivers.activities.at/entry.php?id=11671" "Mozilla/5.0 (Windows NT 10.0; WOW64; Trident/7.0; rv:11.0) like Gecko"
81.189.93.28 - - [22/Nov/2016:12:01:53 +0100] "GET /entry.php?id=10271&&ser=812453 HTTP/1.1" 200 987 "http://ed.activities.at/entry.php?id=10271&&ser=812392" "Mozilla/5.0 (Windows NT 5.1; rv:50.0) Gecko/20100101 Firefox/50.0"
81.189.93.28 - - [22/Nov/2016:12:01:53 +0100] "GET /gui/javascript/form_form.js?1479812513 HTTP/1.1" 200 16206 "http://ed.activities.at/entry.php?id=10271&&ser=812453" "Mozilla/5.0 (Windows NT 5.1; rv:50.0) Gecko/20100101 Firefox/50.0"
81.189.93.28 - - [22/Nov/2016:12:01:53 +0100] "GET /entry.php?id=11150&object=10227326 HTTP/1.1" 200 2197 "http://ed.activities.at/entry.php?id=10778&form=10549&name=list&" "Mozilla/5.0 (Windows NT 5.1; rv:50.0) Gecko/20100101 Firefox/50.0"
81.189.93.28 - - [22/Nov/2016:12:01:54 +0100] "GET /gui/javascript/form_form.js?1479812514 HTTP/1.1" 200 16206 "http://ed.activities.at/entry.php?id=11150&object=10227326" "Mozilla/5.0 (Windows NT 5.1; rv:50.0) Gecko/20100101 Firefox/50.0"
81.189.93.28 - - [22/Nov/2016:12:01:54 +0100] "GET /binaries/easy-drivers-portal/widget-icon-aktionenpng.png HTTP/1.1" 200 2159 "http://ed.activities.at/entry.php?id=11150&object=10227326" "Mozilla/5.0 (Windows NT 5.1; rv:50.0) Gecko/20100101 Firefox/50.0"
81.189.93.28 - - [22/Nov/2016:12:02:08 +0100] "GET /entry.php?id=11150&object=10227329 HTTP/1.1" 200 2195 "http://ed.activities.at/entry.php?id=10778&form=10549&name=list&" "Mozilla/5.0 (Windows NT 5.1; rv:50.0) Gecko/20100101 Firefox/50.0"
81.189.93.28 - - [22/Nov/2016:12:02:08 +0100] "GET /gui/javascript/form_form.js?1479812528 HTTP/1.1" 200 16206 "http://ed.activities.at/entry.php?id=11150&object=10227329" "Mozilla/5.0 (Windows NT 5.1; rv:50.0) Gecko/20100101 Firefox/50.0"
81.189.93.28 - - [22/Nov/2016:12:02:08 +0100] "GET /binaries/easy-drivers-portal/widget-icon-trainingpng.png HTTP/1.1" 200 2662 "http://ed.activities.at/entry.php?id=11150&object=10227329" "Mozilla/5.0 (Windows NT 5.1; rv:50.0) Gecko/20100101 Firefox/50.0"
213.86.241.133 - - [22/Nov/2016:12:02:18 +0100] "POST /entry.php?id=11671 HTTP/1.1" 200 4932 "http://easydrivers.activities.at/entry.php?id=11671" "Mozilla/5.0 (Windows NT 10.0; WOW64; Trident/7.0; rv:11.0) like Gecko"
213.86.241.133 - - [22/Nov/2016:12:02:19 +0100] "GET /gui/javascript/form_form.js?1479812539 HTTP/1.1" 200 16206 "http://easydrivers.activities.at/entry.php?id=11671" "Mozilla/5.0 (Windows NT 10.0; WOW64; Trident/7.0; rv:11.0) like Gecko"
213.86.241.133 - - [22/Nov/2016:12:02:19 +0100] "GET /entry.php?id=10776&form=11496&name=list& HTTP/1.1" 200 1519 "http://easydrivers.activities.at/entry.php?id=11671" "Mozilla/5.0 (Windows NT 10.0; WOW64; Trident/7.0; rv:11.0) like Gecko"
213.86.241.133 - - [22/Nov/2016:12:02:19 +0100] "GET /entry.php?id=10778&form=11496&name=list& HTTP/1.1" 200 5759 "http://easydrivers.activities.at/entry.php?id=11671" "Mozilla/5.0 (Windows NT 10.0; WOW64; Trident/7.0; rv:11.0) like Gecko"
81.189.93.28 - - [22/Nov/2016:12:02:20 +0100] "GET /entry.php?id=11150&object=10247917 HTTP/1.1" 200 2234 "http://ed.activities.at/entry.php?id=10778&form=10549&name=list&" "Mozilla/5.0 (Windows NT 5.1; rv:50.0) Gecko/20100101 Firefox/50.0"
81.189.93.28 - - [22/Nov/2016:12:02:21 +0100] "GET /gui/javascript/form_form.js?1479812541 HTTP/1.1" 200 16206 "http://ed.activities.at/entry.php?id=11150&object=10247917" "Mozilla/5.0 (Windows NT 5.1; rv:50.0) Gecko/20100101 Firefox/50.0"
81.189.93.28 - - [22/Nov/2016:12:02:21 +0100] "GET /cache/emu/images/easy-drivers-spittelau10247917/xmasglockejpg_200_212_0.jpg HTTP/1.1" 200 11299 "http://ed.activities.at/entry.php?id=11150&object=10247917" "Mozilla/5.0 (Windows NT 5.1; rv:50.0) Gecko/20100101 Firefox/50.0"
213.86.241.133 - - [22/Nov/2016:12:02:21 +0100] "POST /entry.php?id=11671 HTTP/1.1" 200 4916 "http://easydrivers.activities.at/entry.php?id=11671" "Mozilla/5.0 (Windows NT 10.0; WOW64; Trident/7.0; rv:11.0) like Gecko"
213.86.241.133 - - [22/Nov/2016:12:02:22 +0100] "GET /gui/javascript/form_form.js?1479812542 HTTP/1.1" 200 16206 "http://easydrivers.activities.at/entry.php?id=11671" "Mozilla/5.0 (Windows NT 10.0; WOW64; Trident/7.0; rv:11.0) like Gecko"
213.86.241.133 - - [22/Nov/2016:12:02:22 +0100] "GET /entry.php?id=10271&&ser=812481 HTTP/1.1" 200 987 "http://easydrivers.activities.at/entry.php?id=10271&" "Mozilla/5.0 (Windows NT 10.0; WOW64; Trident/7.0; rv:11.0) like Gecko"
213.86.241.133 - - [22/Nov/2016:12:02:22 +0100] "GET /entry.php?id=10778&form=11496&name=list& HTTP/1.1" 200 5759 "http://easydrivers.activities.at/entry.php?id=11671" "Mozilla/5.0 (Windows NT 10.0; WOW64; Trident/7.0; rv:11.0) like Gecko"
213.86.241.133 - - [22/Nov/2016:12:02:22 +0100] "GET /entry.php?id=10776&form=11496&name=list& HTTP/1.1" 200 1519 "http://easydrivers.activities.at/entry.php?id=11671" "Mozilla/5.0 (Windows NT 10.0; WOW64; Trident/7.0; rv:11.0) like Gecko"
81.189.93.28 - - [22/Nov/2016:12:02:27 +0100] "GET /entry.php?id=11150&object=10254354 HTTP/1.1" 200 2192 "http://ed.activities.at/entry.php?id=10778&form=10549&name=list&" "Mozilla/5.0 (Windows NT 5.1; rv:50.0) Gecko/20100101 Firefox/50.0"
81.189.93.28 - - [22/Nov/2016:12:02:27 +0100] "GET /gui/javascript/form_form.js?1479812547 HTTP/1.1" 200 16206 "http://ed.activities.at/entry.php?id=11150&object=10254354" "Mozilla/5.0 (Windows NT 5.1; rv:50.0) Gecko/20100101 Firefox/50.0"
81.189.93.28 - - [22/Nov/2016:12:02:27 +0100] "GET /binaries/easy-drivers-portal/winterkurspng.png HTTP/1.1" 200 4666 "http://ed.activities.at/entry.php?id=11150&object=10254354" "Mozilla/5.0 (Windows NT 5.1; rv:50.0) Gecko/20100101 Firefox/50.0"
212.108.43.59 - - [22/Nov/2016:12:02:32 +0100] "GET /entry.php?id=10271&&ser=812492 HTTP/1.1" 200 987 "http://ed.activities.at/entry.php?id=10271&&ser=812432" "Mozilla/5.0 (Macintosh; Intel Mac OS X 10_10_5) AppleWebKit/602.2.14 (KHTML, like Gecko) Version/10.0.1 Safari/602.2.14"
212.108.43.59 - - [22/Nov/2016:12:02:32 +0100] "GET /gui/javascript/form_form.js?1479812552 HTTP/1.1" 200 16206 "http://ed.activities.at/entry.php?id=10271&&ser=812492" "Mozilla/5.0 (Macintosh; Intel Mac OS X 10_10_5) AppleWebKit/602.2.14 (KHTML, like Gecko) Version/10.0.1 Safari/602.2.14"
81.189.93.28 - - [22/Nov/2016:12:02:33 +0100] "GET /entry.php?id=11150&object=10227327 HTTP/1.1" 200 2195 "http://ed.activities.at/entry.php?id=10778&form=10549&name=list&" "Mozilla/5.0 (Windows NT 5.1; rv:50.0) Gecko/20100101 Firefox/50.0"
81.189.93.28 - - [22/Nov/2016:12:02:34 +0100] "GET /gui/javascript/form_form.js?1479812554 HTTP/1.1" 200 16206 "http://ed.activities.at/entry.php?id=11150&object=10227327" "Mozilla/5.0 (Windows NT 5.1; rv:50.0) Gecko/20100101 Firefox/50.0"
81.189.93.28 - - [22/Nov/2016:12:02:34 +0100] "GET /binaries/easy-drivers-portal/widget-icon-apppng.png HTTP/1.1" 200 2432 "http://ed.activities.at/entry.php?id=11150&object=10227327" "Mozilla/5.0 (Windows NT 5.1; rv:50.0) Gecko/20100101 Firefox/50.0"
213.86.241.133 - - [22/Nov/2016:12:02:41 +0100] "POST /entry.php?id=11671 HTTP/1.1" 200 4609 "http://easydrivers.activities.at/entry.php?id=11671" "Mozilla/5.0 (Windows NT 10.0; WOW64; Trident/7.0; rv:11.0) like Gecko"
213.86.241.133 - - [22/Nov/2016:12:02:41 +0100] "GET /gui/javascript/form_form.js?1479812561 HTTP/1.1" 200 16206 "http://easydrivers.activities.at/entry.php?id=11671" "Mozilla/5.0 (Windows NT 10.0; WOW64; Trident/7.0; rv:11.0) like Gecko"
213.86.241.133 - - [22/Nov/2016:12:02:42 +0100] "GET /entry.php?id=10776&form=11496&name=list& HTTP/1.1" 200 1519 "http://easydrivers.activities.at/entry.php?id=11671" "Mozilla/5.0 (Windows NT 10.0; WOW64; Trident/7.0; rv:11.0) like Gecko"
213.86.241.133 - - [22/Nov/2016:12:02:42 +0100] "GET /entry.php?id=10778&form=11496&name=list& HTTP/1.1" 200 5590 "http://easydrivers.activities.at/entry.php?id=11671" "Mozilla/5.0 (Windows NT 10.0; WOW64; Trident/7.0; rv:11.0) like Gecko"
81.189.93.28 - - [22/Nov/2016:12:02:43 +0100] "GET /entry.php?id=11150&object=10249737 HTTP/1.1" 200 2235 "http://ed.activities.at/entry.php?id=10778&form=10549&name=list&" "Mozilla/5.0 (Windows NT 5.1; rv:50.0) Gecko/20100101 Firefox/50.0"
81.189.93.28 - - [22/Nov/2016:12:02:44 +0100] "GET /gui/javascript/form_form.js?1479812564 HTTP/1.1" 200 16206 "http://ed.activities.at/entry.php?id=11150&object=10249737" "Mozilla/5.0 (Windows NT 5.1; rv:50.0) Gecko/20100101 Firefox/50.0"
81.189.93.28 - - [22/Nov/2016:12:02:44 +0100] "GET /cache/emu/images/easy-drivers-spittelau10249737/semester14hpjpg_200_141_0.jpg HTTP/1.1" 200 10606 "http://ed.activities.at/entry.php?id=11150&object=10249737" "Mozilla/5.0 (Windows NT 5.1; rv:50.0) Gecko/20100101 Firefox/50.0"
213.86.241.133 - - [22/Nov/2016:12:02:50 +0100] "POST /entry.php?id=11672 HTTP/1.1" 200 2704 "http://easydrivers.activities.at/entry.php?id=11672" "Mozilla/5.0 (Windows NT 10.0; WOW64; Trident/7.0; rv:11.0) like Gecko"
213.86.241.133 - - [22/Nov/2016:12:02:51 +0100] "GET /gui/javascript/form_form.js?1479812570 HTTP/1.1" 200 16206 "http://easydrivers.activities.at/entry.php?id=11672" "Mozilla/5.0 (Windows NT 10.0; WOW64; Trident/7.0; rv:11.0) like Gecko"
213.86.241.133 - - [22/Nov/2016:12:02:51 +0100] "GET /entry.php?id=10776&form=11497&name=list& HTTP/1.1" 200 1940 "http://easydrivers.activities.at/entry.php?id=11672" "Mozilla/5.0 (Windows NT 10.0; WOW64; Trident/7.0; rv:11.0) like Gecko"
213.86.241.133 - - [22/Nov/2016:12:02:51 +0100] "GET /entry.php?id=10778&form=11497&name=list& HTTP/1.1" 200 2839 "http://easydrivers.activities.at/entry.php?id=11672" "Mozilla/5.0 (Windows NT 10.0; WOW64; Trident/7.0; rv:11.0) like Gecko"
213.86.241.133 - - [22/Nov/2016:12:02:53 +0100] "POST /entry.php?id=11671 HTTP/1.1" 200 4737 "http://easydrivers.activities.at/entry.php?id=11671" "Mozilla/5.0 (Windows NT 10.0; WOW64; Trident/7.0; rv:11.0) like Gecko"
213.86.241.133 - - [22/Nov/2016:12:02:54 +0100] "GET /gui/javascript/form_form.js?1479812574 HTTP/1.1" 200 16206 "http://easydrivers.activities.at/entry.php?id=11671" "Mozilla/5.0 (Windows NT 10.0; WOW64; Trident/7.0; rv:11.0) like Gecko"
81.189.93.28 - - [22/Nov/2016:12:02:54 +0100] "GET /entry.php?id=10271&&ser=812513 HTTP/1.1" 200 987 "http://ed.activities.at/entry.php?id=10271&&ser=812453" "Mozilla/5.0 (Windows NT 5.1; rv:50.0) Gecko/20100101 Firefox/50.0"
81.189.93.28 - - [22/Nov/2016:12:02:54 +0100] "GET /gui/javascript/form_form.js?1479812574 HTTP/1.1" 200 16206 "http://ed.activities.at/entry.php?id=10271&&ser=812513" "Mozilla/5.0 (Windows NT 5.1; rv:50.0) Gecko/20100101 Firefox/50.0"
213.86.241.133 - - [22/Nov/2016:12:02:54 +0100] "GET /entry.php?id=10776&form=11496&name=list& HTTP/1.1" 200 1519 "http://easydrivers.activities.at/entry.php?id=11671" "Mozilla/5.0 (Windows NT 10.0; WOW64; Trident/7.0; rv:11.0) like Gecko"
213.86.241.133 - - [22/Nov/2016:12:02:54 +0100] "GET /entry.php?id=10778&form=11496&name=list& HTTP/1.1" 200 5770 "http://easydrivers.activities.at/entry.php?id=11671" "Mozilla/5.0 (Windows NT 10.0; WOW64; Trident/7.0; rv:11.0) like Gecko"
81.189.93.28 - - [22/Nov/2016:12:02:59 +0100] "GET /entry.php?id=11150&object=10244082 HTTP/1.1" 200 2225 "http://ed.activities.at/entry.php?id=10778&form=10549&name=list&" "Mozilla/5.0 (Windows NT 5.1; rv:50.0) Gecko/20100101 Firefox/50.0"
81.189.93.28 - - [22/Nov/2016:12:02:59 +0100] "GET /gui/javascript/form_form.js?1479812579 HTTP/1.1" 200 16206 "http://ed.activities.at/entry.php?id=11150&object=10244082" "Mozilla/5.0 (Windows NT 5.1; rv:50.0) Gecko/20100101 Firefox/50.0"
81.189.93.28 - - [22/Nov/2016:12:03:00 +0100] "GET /cache/emu/images/easy-drivers-spittelau10244082/osterkursejpg_200_113_0.jpg HTTP/1.1" 200 4735 "http://ed.activities.at/entry.php?id=11150&object=10244082" "Mozilla/5.0 (Windows NT 5.1; rv:50.0) Gecko/20100101 Firefox/50.0"
213.86.241.133 - - [22/Nov/2016:12:02:59 +0100] "POST /entry.php?id=11672 HTTP/1.1" 200 2712 "http://easydrivers.activities.at/entry.php?id=11672" "Mozilla/5.0 (Windows NT 10.0; WOW64; Trident/7.0; rv:11.0) like Gecko"
213.86.241.133 - - [22/Nov/2016:12:03:00 +0100] "GET /gui/javascript/form_form.js?1479812580 HTTP/1.1" 200 16206 "http://easydrivers.activities.at/entry.php?id=11672" "Mozilla/5.0 (Windows NT 10.0; WOW64; Trident/7.0; rv:11.0) like Gecko"
213.86.241.133 - - [22/Nov/2016:12:03:00 +0100] "GET /entry.php?id=10776&form=11497&name=list& HTTP/1.1" 200 1940 "http://easydrivers.activities.at/entry.php?id=11672" "Mozilla/5.0 (Windows NT 10.0; WOW64; Trident/7.0; rv:11.0) like Gecko"
213.86.241.133 - - [22/Nov/2016:12:03:00 +0100] "GET /entry.php?id=10778&form=11497&name=list& HTTP/1.1" 200 2837 "http://easydrivers.activities.at/entry.php?id=11672" "Mozilla/5.0 (Windows NT 10.0; WOW64; Trident/7.0; rv:11.0) like Gecko"
81.189.93.28 - - [22/Nov/2016:12:03:04 +0100] "GET /entry.php?id=11150&object=10244068 HTTP/1.1" 200 2228 "http://ed.activities.at/entry.php?id=10778&form=10549&name=list&" "Mozilla/5.0 (Windows NT 5.1; rv:50.0) Gecko/20100101 Firefox/50.0"
81.189.93.28 - - [22/Nov/2016:12:03:04 +0100] "GET /gui/javascript/form_form.js?1479812584 HTTP/1.1" 200 16206 "http://ed.activities.at/entry.php?id=11150&object=10244068" "Mozilla/5.0 (Windows NT 5.1; rv:50.0) Gecko/20100101 Firefox/50.0"
81.189.93.28 - - [22/Nov/2016:12:03:04 +0100] "GET /cache/emu/images/easy-drivers-spittelau10244068/jetztanmeldenjpg_200_113_0.jpg HTTP/1.1" 200 5281 "http://ed.activities.at/entry.php?id=11150&object=10244068" "Mozilla/5.0 (Windows NT 5.1; rv:50.0) Gecko/20100101 Firefox/50.0"
213.86.241.133 - - [22/Nov/2016:12:03:09 +0100] "POST /entry.php?id=11672 HTTP/1.1" 200 2712 "http://easydrivers.activities.at/entry.php?id=11672" "Mozilla/5.0 (Windows NT 10.0; WOW64; Trident/7.0; rv:11.0) like Gecko"
213.86.241.133 - - [22/Nov/2016:12:03:10 +0100] "GET /gui/javascript/form_form.js?1479812589 HTTP/1.1" 200 16206 "http://easydrivers.activities.at/entry.php?id=11672" "Mozilla/5.0 (Windows NT 10.0; WOW64; Trident/7.0; rv:11.0) like Gecko"
213.86.241.133 - - [22/Nov/2016:12:03:10 +0100] "GET /entry.php?id=10778&form=11497&name=list& HTTP/1.1" 200 2853 "http://easydrivers.activities.at/entry.php?id=11672" "Mozilla/5.0 (Windows NT 10.0; WOW64; Trident/7.0; rv:11.0) like Gecko"
213.86.241.133 - - [22/Nov/2016:12:03:10 +0100] "GET /entry.php?id=10776&form=11497&name=list& HTTP/1.1" 200 1940 "http://easydrivers.activities.at/entry.php?id=11672" "Mozilla/5.0 (Windows NT 10.0; WOW64; Trident/7.0; rv:11.0) like Gecko"
81.189.93.28 - - [22/Nov/2016:12:03:16 +0100] "GET /entry.php?id=11150&object=10244080 HTTP/1.1" 200 2229 "http://ed.activities.at/entry.php?id=10778&form=10549&name=list&" "Mozilla/5.0 (Windows NT 5.1; rv:50.0) Gecko/20100101 Firefox/50.0"
81.189.93.28 - - [22/Nov/2016:12:03:16 +0100] "GET /gui/javascript/form_form.js?1479812596 HTTP/1.1" 200 16206 "http://ed.activities.at/entry.php?id=11150&object=10244080" "Mozilla/5.0 (Windows NT 5.1; rv:50.0) Gecko/20100101 Firefox/50.0"
81.189.93.28 - - [22/Nov/2016:12:03:16 +0100] "GET /cache/emu/images/easy-drivers-spittelau10244080/fuehrerscheinbjpg_200_113_0.jpg HTTP/1.1" 200 5388 "http://ed.activities.at/entry.php?id=11150&object=10244080" "Mozilla/5.0 (Windows NT 5.1; rv:50.0) Gecko/20100101 Firefox/50.0"
213.86.241.133 - - [22/Nov/2016:12:03:23 +0100] "GET /entry.php?id=10271&&ser=812542 HTTP/1.1" 200 987 "http://easydrivers.activities.at/entry.php?id=10271&&ser=812481" "Mozilla/5.0 (Windows NT 10.0; WOW64; Trident/7.0; rv:11.0) like Gecko"
213.86.241.133 - - [22/Nov/2016:12:03:23 +0100] "GET /gui/javascript/form_form.js?1479812603 HTTP/1.1" 200 16206 "http://easydrivers.activities.at/entry.php?id=10271&&ser=812542" "Mozilla/5.0 (Windows NT 10.0; WOW64; Trident/7.0; rv:11.0) like Gecko"
213.86.241.133 - - [22/Nov/2016:12:03:25 +0100] "POST /entry.php?id=11671 HTTP/1.1" 200 4756 "http://easydrivers.activities.at/entry.php?id=11671" "Mozilla/5.0 (Windows NT 10.0; WOW64; Trident/7.0; rv:11.0) like Gecko"
