212.108.43.59 - - [22/Nov/2016:13:17:28 +0100] "GET /entry.php?id=11618&&object=&item=10276251&emu_class= HTTP/1.1" 200 1711 "http://ed.activities.at/entry.php?id=11677" "Mozilla/5.0 (Macintosh; Intel Mac OS X 10_10_5) AppleWebKit/602.2.14 (KHTML, like Gecko) Version/10.0.1 Safari/602.2.14"
212.108.43.59 - - [22/Nov/2016:13:17:30 +0100] "POST /entry.php?id=11677 HTTP/1.1" 200 2873 "http://ed.activities.at/entry.php?id=11677" "Mozilla/5.0 (Macintosh; Intel Mac OS X 10_10_5) AppleWebKit/602.2.14 (KHTML, like Gecko) Version/10.0.1 Safari/602.2.14"
212.108.43.59 - - [22/Nov/2016:13:17:31 +0100] "GET /gui/javascript/form_form.js?1479817050 HTTP/1.1" 200 16206 "http://ed.activities.at/entry.php?id=11677" "Mozilla/5.0 (Macintosh; Intel Mac OS X 10_10_5) AppleWebKit/602.2.14 (KHTML, like Gecko) Version/10.0.1 Safari/602.2.14"
212.108.43.59 - - [22/Nov/2016:13:17:31 +0100] "GET /entry.php?id=10776&form=11502&name=image_list& HTTP/1.1" 200 1531 "http://ed.activities.at/entry.php?id=11677" "Mozilla/5.0 (Macintosh; Intel Mac OS X 10_10_5) AppleWebKit/602.2.14 (KHTML, like Gecko) Version/10.0.1 Safari/602.2.14"
212.108.43.59 - - [22/Nov/2016:13:17:31 +0100] "GET /entry.php?id=10778&form=11502&name=image_list& HTTP/1.1" 200 2501 "http://ed.activities.at/entry.php?id=11677" "Mozilla/5.0 (Macintosh; Intel Mac OS X 10_10_5) AppleWebKit/602.2.14 (KHTML, like Gecko) Version/10.0.1 Safari/602.2.14"
212.108.43.59 - - [22/Nov/2016:13:17:34 +0100] "GET /entry.php?id=10711&object=10276251&chooserview=menuitemimages&view=menuitemimages HTTP/1.1" 200 1725 "http://ed.activities.at/entry.php?id=11677" "Mozilla/5.0 (Macintosh; Intel Mac OS X 10_10_5) AppleWebKit/602.2.14 (KHTML, like Gecko) Version/10.0.1 Safari/602.2.14"
212.108.43.59 - - [22/Nov/2016:13:17:35 +0100] "GET /gui/javascript/form_form.js?1479817055 HTTP/1.1" 200 16206 "http://ed.activities.at/entry.php?id=10711&object=10276251&chooserview=menuitemimages&view=menuitemimages" "Mozilla/5.0 (Macintosh; Intel Mac OS X 10_10_5) AppleWebKit/602.2.14 (KHTML, like Gecko) Version/10.0.1 Safari/602.2.14"
212.108.43.59 - - [22/Nov/2016:13:17:35 +0100] "GET /entry.php?id=10703&&but=&object=10276251&class=&tag=&value=&chooserview=menuitemimages&function=&setlist=&t_width=&t_height=&view=menuitemimages HTTP/1.1" 200 2542 "http://ed.activities.at/entry.php?id=10711&object=10276251&chooserview=menuitemimages&view=menuitemimages" "Mozilla/5.0 (Macintosh; Intel Mac OS X 10_10_5) AppleWebKit/602.2.14 (KHTML, like Gecko) Version/10.0.1 Safari/602.2.14"
212.108.43.59 - - [22/Nov/2016:13:17:35 +0100] "GET /entry.php?id=10676&title=Ressourcenverwaltung HTTP/1.1" 200 1396 "http://ed.activities.at/entry.php?id=10711&object=10276251&chooserview=menuitemimages&view=menuitemimages" "Mozilla/5.0 (Macintosh; Intel Mac OS X 10_10_5) AppleWebKit/602.2.14 (KHTML, like Gecko) Version/10.0.1 Safari/602.2.14"
212.108.43.59 - - [22/Nov/2016:13:17:35 +0100] "GET /entry.php?id=10704&&but=&object=10276251&class=&tag=&value=&chooserview=menuitemimages&function=&setlist=&t_width=&t_height=&view=menuitemimages HTTP/1.1" 200 2951 "http://ed.activities.at/entry.php?id=10711&object=10276251&chooserview=menuitemimages&view=menuitemimages" "Mozilla/5.0 (Macintosh; Intel Mac OS X 10_10_5) AppleWebKit/602.2.14 (KHTML, like Gecko) Version/10.0.1 Safari/602.2.14"
212.108.43.59 - - [22/Nov/2016:13:17:35 +0100] "GET /entry.php?id=10778&form=10547&name=list& HTTP/1.1" 200 3007 "http://ed.activities.at/entry.php?id=10703&&but=&object=10276251&class=&tag=&value=&chooserview=menuitemimages&function=&setlist=&t_width=&t_height=&view=menuitemimages" "Mozilla/5.0 (Macintosh; Intel Mac OS X 10_10_5) AppleWebKit/602.2.14 (KHTML, like Gecko) Version/10.0.1 Safari/602.2.14"
212.108.43.59 - - [22/Nov/2016:13:17:35 +0100] "GET /entry.php?id=10776&form=10547&name=list& HTTP/1.1" 200 1290 "http://ed.activities.at/entry.php?id=10703&&but=&object=10276251&class=&tag=&value=&chooserview=menuitemimages&function=&setlist=&t_width=&t_height=&view=menuitemimages" "Mozilla/5.0 (Macintosh; Intel Mac OS X 10_10_5) AppleWebKit/602.2.14 (KHTML, like Gecko) Version/10.0.1 Safari/602.2.14"
212.108.43.59 - - [22/Nov/2016:13:17:36 +0100] "GET /entry.php?id=10776&form=10549&name=list& HTTP/1.1" 200 1646 "http://ed.activities.at/entry.php?id=10704&&but=&object=10276251&class=&tag=&value=&chooserview=menuitemimages&function=&setlist=&t_width=&t_height=&view=menuitemimages" "Mozilla/5.0 (Macintosh; Intel Mac OS X 10_10_5) AppleWebKit/602.2.14 (KHTML, like Gecko) Version/10.0.1 Safari/602.2.14"
212.108.43.59 - - [22/Nov/2016:13:17:36 +0100] "GET /entry.php?id=10778&form=10549&name=list& HTTP/1.1" 200 2815 "http://ed.activities.at/entry.php?id=10704&&but=&object=10276251&class=&tag=&value=&chooserview=menuitemimages&function=&setlist=&t_width=&t_height=&view=menuitemimages" "Mozilla/5.0 (Macintosh; Intel Mac OS X 10_10_5) AppleWebKit/602.2.14 (KHTML, like Gecko) Version/10.0.1 Safari/602.2.14"
212.108.43.59 - - [22/Nov/2016:13:17:40 +0100] "GET /entry.php?id=11687&uploadmode=list&object=false&mode=list&mime=10015786&listview=list HTTP/1.1" 200 2348 "http://ed.activities.at/entry.php?id=10711&object=10276251&chooserview=menuitemimages&view=menuitemimages" "Mozilla/5.0 (Macintosh; Intel Mac OS X 10_10_5) AppleWebKit/602.2.14 (KHTML, like Gecko) Version/10.0.1 Safari/602.2.14"
212.108.43.59 - - [22/Nov/2016:13:17:40 +0100] "GET /gui/javascript/form_form.js?1479817060 HTTP/1.1" 200 16206 "http://ed.activities.at/entry.php?id=11687&uploadmode=list&object=false&mode=list&mime=10015786&listview=list" "Mozilla/5.0 (Macintosh; Intel Mac OS X 10_10_5) AppleWebKit/602.2.14 (KHTML, like Gecko) Version/10.0.1 Safari/602.2.14"
81.189.93.28 - - [22/Nov/2016:13:18:02 +0100] "GET /entry.php?id=10271&&ser=817017 HTTP/1.1" 200 987 "http://ed.activities.at/entry.php?id=10271&&ser=816956" "Mozilla/5.0 (Windows NT 5.1; rv:50.0) Gecko/20100101 Firefox/50.0"
81.189.93.28 - - [22/Nov/2016:13:18:05 +0100] "GET /gui/javascript/form_form.js?1479817082 HTTP/1.1" 200 16206 "http://ed.activities.at/entry.php?id=10271&&ser=817017" "Mozilla/5.0 (Windows NT 5.1; rv:50.0) Gecko/20100101 Firefox/50.0"
212.108.43.59 - - [22/Nov/2016:13:18:12 +0100] "GET /entry.php?id=10271&&ser=817031 HTTP/1.1" 200 987 "http://ed.activities.at/entry.php?id=10271&&ser=816947" "Mozilla/5.0 (Macintosh; Intel Mac OS X 10_10_5) AppleWebKit/602.2.14 (KHTML, like Gecko) Version/10.0.1 Safari/602.2.14"
212.108.43.59 - - [22/Nov/2016:13:18:12 +0100] "GET /gui/javascript/form_form.js?1479817092 HTTP/1.1" 200 16206 "http://ed.activities.at/entry.php?id=10271&&ser=817031" "Mozilla/5.0 (Macintosh; Intel Mac OS X 10_10_5) AppleWebKit/602.2.14 (KHTML, like Gecko) Version/10.0.1 Safari/602.2.14"
212.108.43.59 - - [22/Nov/2016:13:18:17 +0100] "POST /entry.php?id=11687&ajaxaction=binary HTTP/1.1" 200 341 "http://ed.activities.at/entry.php?id=11687&uploadmode=list&object=false&mode=list&mime=10015786&listview=list" "Mozilla/5.0 (Macintosh; Intel Mac OS X 10_10_5) AppleWebKit/602.2.14 (KHTML, like Gecko) Version/10.0.1 Safari/602.2.14"
212.108.43.59 - - [22/Nov/2016:13:18:18 +0100] "GET /cache/emu/images/easy-drivers-krems10284573/kremsedwebheader830x3003jpg_16_6_0.jpg HTTP/1.1" 200 742 "http://ed.activities.at/entry.php?id=10778&form=10549&name=list&" "Mozilla/5.0 (Macintosh; Intel Mac OS X 10_10_5) AppleWebKit/602.2.14 (KHTML, like Gecko) Version/10.0.1 Safari/602.2.14"
212.108.43.59 - - [22/Nov/2016:13:18:20 +0100] "POST /entry.php?id=11687 HTTP/1.1" 200 2577 "http://ed.activities.at/entry.php?id=11687&uploadmode=list&object=false&mode=list&mime=10015786&listview=list" "Mozilla/5.0 (Macintosh; Intel Mac OS X 10_10_5) AppleWebKit/602.2.14 (KHTML, like Gecko) Version/10.0.1 Safari/602.2.14"
212.108.43.59 - - [22/Nov/2016:13:18:20 +0100] "GET /gui/javascript/form_form.js?1479817100 HTTP/1.1" 200 16206 "http://ed.activities.at/entry.php?id=11687" "Mozilla/5.0 (Macintosh; Intel Mac OS X 10_10_5) AppleWebKit/602.2.14 (KHTML, like Gecko) Version/10.0.1 Safari/602.2.14"
212.108.43.59 - - [22/Nov/2016:13:18:20 +0100] "GET /entry.php?id=10776&form=11512&name=list& HTTP/1.1" 200 1300 "http://ed.activities.at/entry.php?id=11687" "Mozilla/5.0 (Macintosh; Intel Mac OS X 10_10_5) AppleWebKit/602.2.14 (KHTML, like Gecko) Version/10.0.1 Safari/602.2.14"
212.108.43.59 - - [22/Nov/2016:13:18:20 +0100] "GET /entry.php?id=10778&form=11512&name=list& HTTP/1.1" 200 3556 "http://ed.activities.at/entry.php?id=11687" "Mozilla/5.0 (Macintosh; Intel Mac OS X 10_10_5) AppleWebKit/602.2.14 (KHTML, like Gecko) Version/10.0.1 Safari/602.2.14"
212.108.43.59 - - [22/Nov/2016:13:18:21 +0100] "GET /entry.php?id=11148&object=10284573&view=thumbnail&width=150&height=150&wrap=false&tmp=true HTTP/1.1" 200 1629 "http://ed.activities.at/entry.php?id=10778&form=11512&name=list&" "Mozilla/5.0 (Macintosh; Intel Mac OS X 10_10_5) AppleWebKit/602.2.14 (KHTML, like Gecko) Version/10.0.1 Safari/602.2.14"
212.108.43.59 - - [22/Nov/2016:13:18:21 +0100] "GET /gui/javascript/form_form.js?1479817101 HTTP/1.1" 200 16206 "http://ed.activities.at/entry.php?id=11148&object=10284573&view=thumbnail&width=150&height=150&wrap=false&tmp=true" "Mozilla/5.0 (Macintosh; Intel Mac OS X 10_10_5) AppleWebKit/602.2.14 (KHTML, like Gecko) Version/10.0.1 Safari/602.2.14"
212.108.43.59 - - [22/Nov/2016:13:18:21 +0100] "GET /cache/emu/images/easy-drivers-krems10284573/kremsedwebheader830x3003jpg_150_54_0.jpg HTTP/1.1" 200 2611 "http://ed.activities.at/entry.php?id=11148&object=10284573&view=thumbnail&width=150&height=150&wrap=false&tmp=true" "Mozilla/5.0 (Macintosh; Intel Mac OS X 10_10_5) AppleWebKit/602.2.14 (KHTML, like Gecko) Version/10.0.1 Safari/602.2.14"
212.108.43.59 - - [22/Nov/2016:13:18:26 +0100] "POST /entry.php?id=11687 HTTP/1.1" 200 2578 "http://ed.activities.at/entry.php?id=10778&form=11512&name=list&" "Mozilla/5.0 (Macintosh; Intel Mac OS X 10_10_5) AppleWebKit/602.2.14 (KHTML, like Gecko) Version/10.0.1 Safari/602.2.14"
212.108.43.59 - - [22/Nov/2016:13:18:26 +0100] "GET /gui/javascript/form_form.js?1479817106 HTTP/1.1" 200 16206 "http://ed.activities.at/entry.php?id=11687" "Mozilla/5.0 (Macintosh; Intel Mac OS X 10_10_5) AppleWebKit/602.2.14 (KHTML, like Gecko) Version/10.0.1 Safari/602.2.14"
212.108.43.59 - - [22/Nov/2016:13:18:26 +0100] "GET /entry.php?id=10776&form=11512&name=list& HTTP/1.1" 200 1300 "http://ed.activities.at/entry.php?id=11687" "Mozilla/5.0 (Macintosh; Intel Mac OS X 10_10_5) AppleWebKit/602.2.14 (KHTML, like Gecko) Version/10.0.1 Safari/602.2.14"
212.108.43.59 - - [22/Nov/2016:13:18:26 +0100] "GET /entry.php?id=10778&form=11512&name=list& HTTP/1.1" 200 3579 "http://ed.activities.at/entry.php?id=11687" "Mozilla/5.0 (Macintosh; Intel Mac OS X 10_10_5) AppleWebKit/602.2.14 (KHTML, like Gecko) Version/10.0.1 Safari/602.2.14"
212.108.43.59 - - [22/Nov/2016:13:18:26 +0100] "GET /cache/emu/images/easy-drivers-krems10284573/kremsedwebheader830x3003jpg_150_54_0.jpg HTTP/1.1" 200 2611 "http://ed.activities.at/entry.php?id=11148&object=10284573&view=thumbnail&width=150&height=150&wrap=false&tmp=true" "Mozilla/5.0 (Macintosh; Intel Mac OS X 10_10_5) AppleWebKit/602.2.14 (KHTML, like Gecko) Version/10.0.1 Safari/602.2.14"
212.108.43.59 - - [22/Nov/2016:13:18:26 +0100] "GET /entry.php?id=11148&object=10284573&view=thumbnail&width=150&height=150&wrap=false&tmp=true HTTP/1.1" 200 1631 "http://ed.activities.at/entry.php?id=10778&form=11512&name=list&" "Mozilla/5.0 (Macintosh; Intel Mac OS X 10_10_5) AppleWebKit/602.2.14 (KHTML, like Gecko) Version/10.0.1 Safari/602.2.14"
212.108.43.59 - - [22/Nov/2016:13:18:27 +0100] "GET /gui/javascript/form_form.js?1479817107 HTTP/1.1" 200 16206 "http://ed.activities.at/entry.php?id=11148&object=10284573&view=thumbnail&width=150&height=150&wrap=false&tmp=true" "Mozilla/5.0 (Macintosh; Intel Mac OS X 10_10_5) AppleWebKit/602.2.14 (KHTML, like Gecko) Version/10.0.1 Safari/602.2.14"
212.108.43.59 - - [22/Nov/2016:13:18:27 +0100] "GET /cache/emu/images/easy-drivers-krems10284573/kremsedwebheader830x3003jpg_150_54_0.jpg HTTP/1.1" 200 2611 "http://ed.activities.at/entry.php?id=11148&object=10284573&view=thumbnail&width=150&height=150&wrap=false&tmp=true" "Mozilla/5.0 (Macintosh; Intel Mac OS X 10_10_5) AppleWebKit/602.2.14 (KHTML, like Gecko) Version/10.0.1 Safari/602.2.14"
212.108.43.59 - - [22/Nov/2016:13:18:36 +0100] "POST /entry.php?id=10704&&but=&object=10276251&class=&tag=&value=&chooserview=menuitemimages&function=&setlist=&t_width=&t_height=&view=menuitemimages HTTP/1.1" 200 2976 "http://ed.activities.at/entry.php?id=10778&form=10549&name=list&" "Mozilla/5.0 (Macintosh; Intel Mac OS X 10_10_5) AppleWebKit/602.2.14 (KHTML, like Gecko) Version/10.0.1 Safari/602.2.14"
212.108.43.59 - - [22/Nov/2016:13:18:36 +0100] "GET /gui/javascript/form_form.js?1479817116 HTTP/1.1" 200 16206 "http://ed.activities.at/entry.php?id=10704&&but=&object=10276251&class=&tag=&value=&chooserview=menuitemimages&function=&setlist=&t_width=&t_height=&view=menuitemimages" "Mozilla/5.0 (Macintosh; Intel Mac OS X 10_10_5) AppleWebKit/602.2.14 (KHTML, like Gecko) Version/10.0.1 Safari/602.2.14"
212.108.43.59 - - [22/Nov/2016:13:18:36 +0100] "GET /entry.php?id=10778&form=10549&name=list& HTTP/1.1" 200 2815 "http://ed.activities.at/entry.php?id=10704&&but=&object=10276251&class=&tag=&value=&chooserview=menuitemimages&function=&setlist=&t_width=&t_height=&view=menuitemimages" "Mozilla/5.0 (Macintosh; Intel Mac OS X 10_10_5) AppleWebKit/602.2.14 (KHTML, like Gecko) Version/10.0.1 Safari/602.2.14"
212.108.43.59 - - [22/Nov/2016:13:18:36 +0100] "GET /entry.php?id=10776&form=10549&name=list& HTTP/1.1" 200 1646 "http://ed.activities.at/entry.php?id=10704&&but=&object=10276251&class=&tag=&value=&chooserview=menuitemimages&function=&setlist=&t_width=&t_height=&view=menuitemimages" "Mozilla/5.0 (Macintosh; Intel Mac OS X 10_10_5) AppleWebKit/602.2.14 (KHTML, like Gecko) Version/10.0.1 Safari/602.2.14"
212.108.43.59 - - [22/Nov/2016:13:18:36 +0100] "POST /entry.php?id=11677 HTTP/1.1" 200 2873 "http://ed.activities.at/entry.php?id=11677" "Mozilla/5.0 (Macintosh; Intel Mac OS X 10_10_5) AppleWebKit/602.2.14 (KHTML, like Gecko) Version/10.0.1 Safari/602.2.14"
212.108.43.59 - - [22/Nov/2016:13:18:37 +0100] "GET /gui/javascript/form_form.js?1479817117 HTTP/1.1" 200 16206 "http://ed.activities.at/entry.php?id=11677" "Mozilla/5.0 (Macintosh; Intel Mac OS X 10_10_5) AppleWebKit/602.2.14 (KHTML, like Gecko) Version/10.0.1 Safari/602.2.14"
212.108.43.59 - - [22/Nov/2016:13:18:37 +0100] "GET /entry.php?id=10776&form=11502&name=image_list& HTTP/1.1" 200 1522 "http://ed.activities.at/entry.php?id=11677" "Mozilla/5.0 (Macintosh; Intel Mac OS X 10_10_5) AppleWebKit/602.2.14 (KHTML, like Gecko) Version/10.0.1 Safari/602.2.14"
212.108.43.59 - - [22/Nov/2016:13:18:37 +0100] "GET /entry.php?id=10778&form=11502&name=image_list& HTTP/1.1" 200 2912 "http://ed.activities.at/entry.php?id=11677" "Mozilla/5.0 (Macintosh; Intel Mac OS X 10_10_5) AppleWebKit/602.2.14 (KHTML, like Gecko) Version/10.0.1 Safari/602.2.14"
212.108.43.59 - - [22/Nov/2016:13:18:38 +0100] "GET /cache/emu/images/easy-drivers-krems10284573/kremsedwebheader830x3003jpg_16_6_0.jpg HTTP/1.1" 304 - "http://ed.activities.at/entry.php?id=10778&form=10549&name=list&" "Mozilla/5.0 (Macintosh; Intel Mac OS X 10_10_5) AppleWebKit/602.2.14 (KHTML, like Gecko) Version/10.0.1 Safari/602.2.14"
81.189.93.28 - - [22/Nov/2016:13:19:06 +0100] "GET /entry.php?id=10271&&ser=817082 HTTP/1.1" 200 987 "http://ed.activities.at/entry.php?id=10271&&ser=817017" "Mozilla/5.0 (Windows NT 5.1; rv:50.0) Gecko/20100101 Firefox/50.0"
81.189.93.28 - - [22/Nov/2016:13:19:06 +0100] "GET /gui/javascript/form_form.js?1479817146 HTTP/1.1" 200 16206 "http://ed.activities.at/entry.php?id=10271&&ser=817082" "Mozilla/5.0 (Windows NT 5.1; rv:50.0) Gecko/20100101 Firefox/50.0"
212.108.43.59 - - [22/Nov/2016:13:19:12 +0100] "GET /entry.php?id=10271&&ser=817092 HTTP/1.1" 200 987 "http://ed.activities.at/entry.php?id=10271&&ser=817031" "Mozilla/5.0 (Macintosh; Intel Mac OS X 10_10_5) AppleWebKit/602.2.14 (KHTML, like Gecko) Version/10.0.1 Safari/602.2.14"
212.108.43.59 - - [22/Nov/2016:13:19:12 +0100] "GET /gui/javascript/form_form.js?1479817152 HTTP/1.1" 200 16206 "http://ed.activities.at/entry.php?id=10271&&ser=817092" "Mozilla/5.0 (Macintosh; Intel Mac OS X 10_10_5) AppleWebKit/602.2.14 (KHTML, like Gecko) Version/10.0.1 Safari/602.2.14"
81.189.93.28 - - [22/Nov/2016:13:20:07 +0100] "GET /entry.php?id=10271&&ser=817146 HTTP/1.1" 200 987 "http://ed.activities.at/entry.php?id=10271&&ser=817082" "Mozilla/5.0 (Windows NT 5.1; rv:50.0) Gecko/20100101 Firefox/50.0"
81.189.93.28 - - [22/Nov/2016:13:20:07 +0100] "GET /gui/javascript/form_form.js?1479817207 HTTP/1.1" 200 16206 "http://ed.activities.at/entry.php?id=10271&&ser=817146" "Mozilla/5.0 (Windows NT 5.1; rv:50.0) Gecko/20100101 Firefox/50.0"
212.108.43.59 - - [22/Nov/2016:13:20:12 +0100] "GET /entry.php?id=10271&&ser=817152 HTTP/1.1" 200 988 "http://ed.activities.at/entry.php?id=10271&&ser=817092" "Mozilla/5.0 (Macintosh; Intel Mac OS X 10_10_5) AppleWebKit/602.2.14 (KHTML, like Gecko) Version/10.0.1 Safari/602.2.14"
212.108.43.59 - - [22/Nov/2016:13:20:12 +0100] "GET /gui/javascript/form_form.js?1479817212 HTTP/1.1" 200 16206 "http://ed.activities.at/entry.php?id=10271&&ser=817152" "Mozilla/5.0 (Macintosh; Intel Mac OS X 10_10_5) AppleWebKit/602.2.14 (KHTML, like Gecko) Version/10.0.1 Safari/602.2.14"
81.189.93.28 - - [22/Nov/2016:13:21:07 +0100] "GET /entry.php?id=10271&&ser=817207 HTTP/1.1" 200 987 "http://ed.activities.at/entry.php?id=10271&&ser=817146" "Mozilla/5.0 (Windows NT 5.1; rv:50.0) Gecko/20100101 Firefox/50.0"
81.189.93.28 - - [22/Nov/2016:13:21:08 +0100] "GET /gui/javascript/form_form.js?1479817268 HTTP/1.1" 200 16206 "http://ed.activities.at/entry.php?id=10271&&ser=817207" "Mozilla/5.0 (Windows NT 5.1; rv:50.0) Gecko/20100101 Firefox/50.0"
212.108.43.59 - - [22/Nov/2016:13:21:12 +0100] "GET /entry.php?id=10271&&ser=817212 HTTP/1.1" 200 987 "http://ed.activities.at/entry.php?id=10271&&ser=817152" "Mozilla/5.0 (Macintosh; Intel Mac OS X 10_10_5) AppleWebKit/602.2.14 (KHTML, like Gecko) Version/10.0.1 Safari/602.2.14"
212.108.43.59 - - [22/Nov/2016:13:21:13 +0100] "GET /gui/javascript/form_form.js?1479817273 HTTP/1.1" 200 16206 "http://ed.activities.at/entry.php?id=10271&&ser=817212" "Mozilla/5.0 (Macintosh; Intel Mac OS X 10_10_5) AppleWebKit/602.2.14 (KHTML, like Gecko) Version/10.0.1 Safari/602.2.14"
212.108.43.59 - - [22/Nov/2016:13:21:57 +0100] "POST /entry.php?id=11677 HTTP/1.1" 200 2874 "http://ed.activities.at/entry.php?id=11677" "Mozilla/5.0 (Macintosh; Intel Mac OS X 10_10_5) AppleWebKit/602.2.14 (KHTML, like Gecko) Version/10.0.1 Safari/602.2.14"
212.108.43.59 - - [22/Nov/2016:13:21:58 +0100] "GET /gui/javascript/form_form.js?1479817317 HTTP/1.1" 200 16206 "http://ed.activities.at/entry.php?id=11677" "Mozilla/5.0 (Macintosh; Intel Mac OS X 10_10_5) AppleWebKit/602.2.14 (KHTML, like Gecko) Version/10.0.1 Safari/602.2.14"
212.108.43.59 - - [22/Nov/2016:13:21:58 +0100] "GET /entry.php?id=10776&form=11502&name=image_list& HTTP/1.1" 200 1531 "http://ed.activities.at/entry.php?id=11677" "Mozilla/5.0 (Macintosh; Intel Mac OS X 10_10_5) AppleWebKit/602.2.14 (KHTML, like Gecko) Version/10.0.1 Safari/602.2.14"
212.108.43.59 - - [22/Nov/2016:13:21:58 +0100] "GET /entry.php?id=10778&form=11502&name=image_list& HTTP/1.1" 200 2501 "http://ed.activities.at/entry.php?id=11677" "Mozilla/5.0 (Macintosh; Intel Mac OS X 10_10_5) AppleWebKit/602.2.14 (KHTML, like Gecko) Version/10.0.1 Safari/602.2.14"
212.108.43.59 - - [22/Nov/2016:13:22:01 +0100] "GET /entry.php?id=10711&object=10276252&chooserview=menuitemimages&view=menuitemimages HTTP/1.1" 200 1726 "http://ed.activities.at/entry.php?id=11677" "Mozilla/5.0 (Macintosh; Intel Mac OS X 10_10_5) AppleWebKit/602.2.14 (KHTML, like Gecko) Version/10.0.1 Safari/602.2.14"
212.108.43.59 - - [22/Nov/2016:13:22:01 +0100] "GET /gui/javascript/form_form.js?1479817321 HTTP/1.1" 200 16206 "http://ed.activities.at/entry.php?id=10711&object=10276252&chooserview=menuitemimages&view=menuitemimages" "Mozilla/5.0 (Macintosh; Intel Mac OS X 10_10_5) AppleWebKit/602.2.14 (KHTML, like Gecko) Version/10.0.1 Safari/602.2.14"
212.108.43.59 - - [22/Nov/2016:13:22:01 +0100] "GET /entry.php?id=10704&&but=&object=10276252&class=&tag=&value=&chooserview=menuitemimages&function=&setlist=&t_width=&t_height=&view=menuitemimages HTTP/1.1" 200 2950 "http://ed.activities.at/entry.php?id=10711&object=10276252&chooserview=menuitemimages&view=menuitemimages" "Mozilla/5.0 (Macintosh; Intel Mac OS X 10_10_5) AppleWebKit/602.2.14 (KHTML, like Gecko) Version/10.0.1 Safari/602.2.14"
212.108.43.59 - - [22/Nov/2016:13:22:01 +0100] "GET /entry.php?id=10703&&but=&object=10276252&class=&tag=&value=&chooserview=menuitemimages&function=&setlist=&t_width=&t_height=&view=menuitemimages HTTP/1.1" 200 2542 "http://ed.activities.at/entry.php?id=10711&object=10276252&chooserview=menuitemimages&view=menuitemimages" "Mozilla/5.0 (Macintosh; Intel Mac OS X 10_10_5) AppleWebKit/602.2.14 (KHTML, like Gecko) Version/10.0.1 Safari/602.2.14"
212.108.43.59 - - [22/Nov/2016:13:22:01 +0100] "GET /entry.php?id=10676&title=Ressourcenverwaltung HTTP/1.1" 200 1396 "http://ed.activities.at/entry.php?id=10711&object=10276252&chooserview=menuitemimages&view=menuitemimages" "Mozilla/5.0 (Macintosh; Intel Mac OS X 10_10_5) AppleWebKit/602.2.14 (KHTML, like Gecko) Version/10.0.1 Safari/602.2.14"
212.108.43.59 - - [22/Nov/2016:13:22:02 +0100] "GET /gui/javascript/form_form.js?1479817322 HTTP/1.1" 200 16206 "http://ed.activities.at/entry.php?id=10676&title=Ressourcenverwaltung" "Mozilla/5.0 (Macintosh; Intel Mac OS X 10_10_5) AppleWebKit/602.2.14 (KHTML, like Gecko) Version/10.0.1 Safari/602.2.14"
212.108.43.59 - - [22/Nov/2016:13:22:01 +0100] "GET /entry.php?id=10778&form=10549&name=list& HTTP/1.1" 200 2815 "http://ed.activities.at/entry.php?id=10704&&but=&object=10276252&class=&tag=&value=&chooserview=menuitemimages&function=&setlist=&t_width=&t_height=&view=menuitemimages" "Mozilla/5.0 (Macintosh; Intel Mac OS X 10_10_5) AppleWebKit/602.2.14 (KHTML, like Gecko) Version/10.0.1 Safari/602.2.14"
212.108.43.59 - - [22/Nov/2016:13:22:01 +0100] "GET /entry.php?id=10776&form=10549&name=list& HTTP/1.1" 200 1646 "http://ed.activities.at/entry.php?id=10704&&but=&object=10276252&class=&tag=&value=&chooserview=menuitemimages&function=&setlist=&t_width=&t_height=&view=menuitemimages" "Mozilla/5.0 (Macintosh; Intel Mac OS X 10_10_5) AppleWebKit/602.2.14 (KHTML, like Gecko) Version/10.0.1 Safari/602.2.14"
212.108.43.59 - - [22/Nov/2016:13:22:02 +0100] "GET /entry.php?id=10776&form=10547&name=list& HTTP/1.1" 200 1290 "http://ed.activities.at/entry.php?id=10703&&but=&object=10276252&class=&tag=&value=&chooserview=menuitemimages&function=&setlist=&t_width=&t_height=&view=menuitemimages" "Mozilla/5.0 (Macintosh; Intel Mac OS X 10_10_5) AppleWebKit/602.2.14 (KHTML, like Gecko) Version/10.0.1 Safari/602.2.14"
212.108.43.59 - - [22/Nov/2016:13:22:02 +0100] "GET /entry.php?id=10778&form=10547&name=list& HTTP/1.1" 200 3007 "http://ed.activities.at/entry.php?id=10703&&but=&object=10276252&class=&tag=&value=&chooserview=menuitemimages&function=&setlist=&t_width=&t_height=&view=menuitemimages" "Mozilla/5.0 (Macintosh; Intel Mac OS X 10_10_5) AppleWebKit/602.2.14 (KHTML, like Gecko) Version/10.0.1 Safari/602.2.14"
81.189.93.28 - - [22/Nov/2016:13:22:08 +0100] "GET /entry.php?id=10271&&ser=817268 HTTP/1.1" 200 987 "http://ed.activities.at/entry.php?id=10271&&ser=817207" "Mozilla/5.0 (Windows NT 5.1; rv:50.0) Gecko/20100101 Firefox/50.0"
81.189.93.28 - - [22/Nov/2016:13:22:09 +0100] "GET /gui/javascript/form_form.js?1479817329 HTTP/1.1" 200 16206 "http://ed.activities.at/entry.php?id=10271&&ser=817268" "Mozilla/5.0 (Windows NT 5.1; rv:50.0) Gecko/20100101 Firefox/50.0"
212.108.43.59 - - [22/Nov/2016:13:22:11 +0100] "GET /entry.php?id=11687&uploadmode=list&object=false&mode=list&mime=10015786&listview=list HTTP/1.1" 200 2349 "http://ed.activities.at/entry.php?id=10711&object=10276252&chooserview=menuitemimages&view=menuitemimages" "Mozilla/5.0 (Macintosh; Intel Mac OS X 10_10_5) AppleWebKit/602.2.14 (KHTML, like Gecko) Version/10.0.1 Safari/602.2.14"
212.108.43.59 - - [22/Nov/2016:13:22:12 +0100] "GET /gui/javascript/form_form.js?1479817332 HTTP/1.1" 200 16206 "http://ed.activities.at/entry.php?id=11687&uploadmode=list&object=false&mode=list&mime=10015786&listview=list" "Mozilla/5.0 (Macintosh; Intel Mac OS X 10_10_5) AppleWebKit/602.2.14 (KHTML, like Gecko) Version/10.0.1 Safari/602.2.14"
212.108.43.59 - - [22/Nov/2016:13:22:13 +0100] "GET /entry.php?id=10271&&ser=817273 HTTP/1.1" 200 988 "http://ed.activities.at/entry.php?id=10271&&ser=817212" "Mozilla/5.0 (Macintosh; Intel Mac OS X 10_10_5) AppleWebKit/602.2.14 (KHTML, like Gecko) Version/10.0.1 Safari/602.2.14"
212.108.43.59 - - [22/Nov/2016:13:22:13 +0100] "GET /gui/javascript/form_form.js?1479817333 HTTP/1.1" 200 16206 "http://ed.activities.at/entry.php?id=10271&&ser=817273" "Mozilla/5.0 (Macintosh; Intel Mac OS X 10_10_5) AppleWebKit/602.2.14 (KHTML, like Gecko) Version/10.0.1 Safari/602.2.14"
212.108.43.59 - - [22/Nov/2016:13:22:16 +0100] "POST /entry.php?id=11687&ajaxaction=binary HTTP/1.1" 200 342 "http://ed.activities.at/entry.php?id=11687&uploadmode=list&object=false&mode=list&mime=10015786&listview=list" "Mozilla/5.0 (Macintosh; Intel Mac OS X 10_10_5) AppleWebKit/602.2.14 (KHTML, like Gecko) Version/10.0.1 Safari/602.2.14"
212.108.43.59 - - [22/Nov/2016:13:22:17 +0100] "GET /cache/emu/images/easy-drivers-krems10284574/kremsedwebheader830x3004jpg_16_6_0.jpg HTTP/1.1" 200 752 "http://ed.activities.at/entry.php?id=10778&form=10549&name=list&" "Mozilla/5.0 (Macintosh; Intel Mac OS X 10_10_5) AppleWebKit/602.2.14 (KHTML, like Gecko) Version/10.0.1 Safari/602.2.14"
212.108.43.59 - - [22/Nov/2016:13:22:19 +0100] "POST /entry.php?id=11687 HTTP/1.1" 200 2579 "http://ed.activities.at/entry.php?id=11687&uploadmode=list&object=false&mode=list&mime=10015786&listview=list" "Mozilla/5.0 (Macintosh; Intel Mac OS X 10_10_5) AppleWebKit/602.2.14 (KHTML, like Gecko) Version/10.0.1 Safari/602.2.14"
212.108.43.59 - - [22/Nov/2016:13:22:20 +0100] "GET /gui/javascript/form_form.js?1479817339 HTTP/1.1" 200 16206 "http://ed.activities.at/entry.php?id=11687" "Mozilla/5.0 (Macintosh; Intel Mac OS X 10_10_5) AppleWebKit/602.2.14 (KHTML, like Gecko) Version/10.0.1 Safari/602.2.14"
212.108.43.59 - - [22/Nov/2016:13:22:20 +0100] "GET /entry.php?id=10776&form=11512&name=list& HTTP/1.1" 200 1300 "http://ed.activities.at/entry.php?id=11687" "Mozilla/5.0 (Macintosh; Intel Mac OS X 10_10_5) AppleWebKit/602.2.14 (KHTML, like Gecko) Version/10.0.1 Safari/602.2.14"
212.108.43.59 - - [22/Nov/2016:13:22:20 +0100] "GET /entry.php?id=10778&form=11512&name=list& HTTP/1.1" 200 3556 "http://ed.activities.at/entry.php?id=11687" "Mozilla/5.0 (Macintosh; Intel Mac OS X 10_10_5) AppleWebKit/602.2.14 (KHTML, like Gecko) Version/10.0.1 Safari/602.2.14"
212.108.43.59 - - [22/Nov/2016:13:22:20 +0100] "GET /entry.php?id=11148&object=10284574&view=thumbnail&width=150&height=150&wrap=false&tmp=true HTTP/1.1" 200 1631 "http://ed.activities.at/entry.php?id=10778&form=11512&name=list&" "Mozilla/5.0 (Macintosh; Intel Mac OS X 10_10_5) AppleWebKit/602.2.14 (KHTML, like Gecko) Version/10.0.1 Safari/602.2.14"
212.108.43.59 - - [22/Nov/2016:13:22:21 +0100] "GET /gui/javascript/form_form.js?1479817340 HTTP/1.1" 200 16206 "http://ed.activities.at/entry.php?id=11148&object=10284574&view=thumbnail&width=150&height=150&wrap=false&tmp=true" "Mozilla/5.0 (Macintosh; Intel Mac OS X 10_10_5) AppleWebKit/602.2.14 (KHTML, like Gecko) Version/10.0.1 Safari/602.2.14"
212.108.43.59 - - [22/Nov/2016:13:22:21 +0100] "GET /cache/emu/images/easy-drivers-krems10284574/kremsedwebheader830x3004jpg_150_54_0.jpg HTTP/1.1" 200 2840 "http://ed.activities.at/entry.php?id=11148&object=10284574&view=thumbnail&width=150&height=150&wrap=false&tmp=true" "Mozilla/5.0 (Macintosh; Intel Mac OS X 10_10_5) AppleWebKit/602.2.14 (KHTML, like Gecko) Version/10.0.1 Safari/602.2.14"
212.108.43.59 - - [22/Nov/2016:13:22:27 +0100] "POST /entry.php?id=11687 HTTP/1.1" 200 2579 "http://ed.activities.at/entry.php?id=10778&form=11512&name=list&" "Mozilla/5.0 (Macintosh; Intel Mac OS X 10_10_5) AppleWebKit/602.2.14 (KHTML, like Gecko) Version/10.0.1 Safari/602.2.14"
212.108.43.59 - - [22/Nov/2016:13:22:27 +0100] "GET /gui/javascript/form_form.js?1479817347 HTTP/1.1" 200 16206 "http://ed.activities.at/entry.php?id=11687" "Mozilla/5.0 (Macintosh; Intel Mac OS X 10_10_5) AppleWebKit/602.2.14 (KHTML, like Gecko) Version/10.0.1 Safari/602.2.14"
212.108.43.59 - - [22/Nov/2016:13:22:27 +0100] "GET /entry.php?id=10778&form=11512&name=list& HTTP/1.1" 200 3579 "http://ed.activities.at/entry.php?id=11687" "Mozilla/5.0 (Macintosh; Intel Mac OS X 10_10_5) AppleWebKit/602.2.14 (KHTML, like Gecko) Version/10.0.1 Safari/602.2.14"
212.108.43.59 - - [22/Nov/2016:13:22:27 +0100] "GET /entry.php?id=10776&form=11512&name=list& HTTP/1.1" 200 1300 "http://ed.activities.at/entry.php?id=11687" "Mozilla/5.0 (Macintosh; Intel Mac OS X 10_10_5) AppleWebKit/602.2.14 (KHTML, like Gecko) Version/10.0.1 Safari/602.2.14"
212.108.43.59 - - [22/Nov/2016:13:22:27 +0100] "GET /cache/emu/images/easy-drivers-krems10284574/kremsedwebheader830x3004jpg_150_54_0.jpg HTTP/1.1" 304 - "http://ed.activities.at/entry.php?id=11148&object=10284574&view=thumbnail&width=150&height=150&wrap=false&tmp=true" "Mozilla/5.0 (Macintosh; Intel Mac OS X 10_10_5) AppleWebKit/602.2.14 (KHTML, like Gecko) Version/10.0.1 Safari/602.2.14"
212.108.43.59 - - [22/Nov/2016:13:22:27 +0100] "GET /entry.php?id=11148&object=10284574&view=thumbnail&width=150&height=150&wrap=false&tmp=true HTTP/1.1" 200 1631 "http://ed.activities.at/entry.php?id=10778&form=11512&name=list&" "Mozilla/5.0 (Macintosh; Intel Mac OS X 10_10_5) AppleWebKit/602.2.14 (KHTML, like Gecko) Version/10.0.1 Safari/602.2.14"
212.108.43.59 - - [22/Nov/2016:13:22:28 +0100] "GET /gui/javascript/form_form.js?1479817348 HTTP/1.1" 200 16206 "http://ed.activities.at/entry.php?id=11148&object=10284574&view=thumbnail&width=150&height=150&wrap=false&tmp=true" "Mozilla/5.0 (Macintosh; Intel Mac OS X 10_10_5) AppleWebKit/602.2.14 (KHTML, like Gecko) Version/10.0.1 Safari/602.2.14"
212.108.43.59 - - [22/Nov/2016:13:22:28 +0100] "GET /cache/emu/images/easy-drivers-krems10284574/kremsedwebheader830x3004jpg_150_54_0.jpg HTTP/1.1" 304 - "http://ed.activities.at/entry.php?id=11148&object=10284574&view=thumbnail&width=150&height=150&wrap=false&tmp=true" "Mozilla/5.0 (Macintosh; Intel Mac OS X 10_10_5) AppleWebKit/602.2.14 (KHTML, like Gecko) Version/10.0.1 Safari/602.2.14"
212.108.43.59 - - [22/Nov/2016:13:22:34 +0100] "POST /entry.php?id=10704&&but=&object=10276252&class=&tag=&value=&chooserview=menuitemimages&function=&setlist=&t_width=&t_height=&view=menuitemimages HTTP/1.1" 200 2976 "http://ed.activities.at/entry.php?id=10778&form=10549&name=list&" "Mozilla/5.0 (Macintosh; Intel Mac OS X 10_10_5) AppleWebKit/602.2.14 (KHTML, like Gecko) Version/10.0.1 Safari/602.2.14"
212.108.43.59 - - [22/Nov/2016:13:22:35 +0100] "GET /gui/javascript/form_form.js?1479817355 HTTP/1.1" 200 16206 "http://ed.activities.at/entry.php?id=10704&&but=&object=10276252&class=&tag=&value=&chooserview=menuitemimages&function=&setlist=&t_width=&t_height=&view=menuitemimages" "Mozilla/5.0 (Macintosh; Intel Mac OS X 10_10_5) AppleWebKit/602.2.14 (KHTML, like Gecko) Version/10.0.1 Safari/602.2.14"
212.108.43.59 - - [22/Nov/2016:13:22:35 +0100] "GET /entry.php?id=10778&form=10549&name=list& HTTP/1.1" 200 2815 "http://ed.activities.at/entry.php?id=10704&&but=&object=10276252&class=&tag=&value=&chooserview=menuitemimages&function=&setlist=&t_width=&t_height=&view=menuitemimages" "Mozilla/5.0 (Macintosh; Intel Mac OS X 10_10_5) AppleWebKit/602.2.14 (KHTML, like Gecko) Version/10.0.1 Safari/602.2.14"
212.108.43.59 - - [22/Nov/2016:13:22:35 +0100] "GET /entry.php?id=10776&form=10549&name=list& HTTP/1.1" 200 1646 "http://ed.activities.at/entry.php?id=10704&&but=&object=10276252&class=&tag=&value=&chooserview=menuitemimages&function=&setlist=&t_width=&t_height=&view=menuitemimages" "Mozilla/5.0 (Macintosh; Intel Mac OS X 10_10_5) AppleWebKit/602.2.14 (KHTML, like Gecko) Version/10.0.1 Safari/602.2.14"
212.108.43.59 - - [22/Nov/2016:13:22:35 +0100] "POST /entry.php?id=11677 HTTP/1.1" 200 2874 "http://ed.activities.at/entry.php?id=11677" "Mozilla/5.0 (Macintosh; Intel Mac OS X 10_10_5) AppleWebKit/602.2.14 (KHTML, like Gecko) Version/10.0.1 Safari/602.2.14"
212.108.43.59 - - [22/Nov/2016:13:22:36 +0100] "GET /gui/javascript/form_form.js?1479817356 HTTP/1.1" 200 16206 "http://ed.activities.at/entry.php?id=11677" "Mozilla/5.0 (Macintosh; Intel Mac OS X 10_10_5) AppleWebKit/602.2.14 (KHTML, like Gecko) Version/10.0.1 Safari/602.2.14"
212.108.43.59 - - [22/Nov/2016:13:22:36 +0100] "GET /entry.php?id=10776&form=11502&name=image_list& HTTP/1.1" 200 1522 "http://ed.activities.at/entry.php?id=11677" "Mozilla/5.0 (Macintosh; Intel Mac OS X 10_10_5) AppleWebKit/602.2.14 (KHTML, like Gecko) Version/10.0.1 Safari/602.2.14"
212.108.43.59 - - [22/Nov/2016:13:22:36 +0100] "GET /entry.php?id=10778&form=11502&name=image_list& HTTP/1.1" 200 2913 "http://ed.activities.at/entry.php?id=11677" "Mozilla/5.0 (Macintosh; Intel Mac OS X 10_10_5) AppleWebKit/602.2.14 (KHTML, like Gecko) Version/10.0.1 Safari/602.2.14"
212.108.43.59 - - [22/Nov/2016:13:22:37 +0100] "GET /cache/emu/images/easy-drivers-krems10284574/kremsedwebheader830x3004jpg_16_6_0.jpg HTTP/1.1" 200 752 "http://ed.activities.at/entry.php?id=10778&form=10549&name=list&" "Mozilla/5.0 (Macintosh; Intel Mac OS X 10_10_5) AppleWebKit/602.2.14 (KHTML, like Gecko) Version/10.0.1 Safari/602.2.14"
81.189.93.28 - - [22/Nov/2016:13:23:10 +0100] "GET /entry.php?id=10271&&ser=817329 HTTP/1.1" 200 986 "http://ed.activities.at/entry.php?id=10271&&ser=817268" "Mozilla/5.0 (Windows NT 5.1; rv:50.0) Gecko/20100101 Firefox/50.0"
81.189.93.28 - - [22/Nov/2016:13:23:10 +0100] "GET /gui/javascript/form_form.js?1479817390 HTTP/1.1" 200 16206 "http://ed.activities.at/entry.php?id=10271&&ser=817329" "Mozilla/5.0 (Windows NT 5.1; rv:50.0) Gecko/20100101 Firefox/50.0"
212.108.43.59 - - [22/Nov/2016:13:23:13 +0100] "GET /entry.php?id=10271&&ser=817333 HTTP/1.1" 200 987 "http://ed.activities.at/entry.php?id=10271&&ser=817273" "Mozilla/5.0 (Macintosh; Intel Mac OS X 10_10_5) AppleWebKit/602.2.14 (KHTML, like Gecko) Version/10.0.1 Safari/602.2.14"
212.108.43.59 - - [22/Nov/2016:13:23:14 +0100] "GET /gui/javascript/form_form.js?1479817394 HTTP/1.1" 200 16206 "http://ed.activities.at/entry.php?id=10271&&ser=817333" "Mozilla/5.0 (Macintosh; Intel Mac OS X 10_10_5) AppleWebKit/602.2.14 (KHTML, like Gecko) Version/10.0.1 Safari/602.2.14"
81.189.93.28 - - [22/Nov/2016:13:24:11 +0100] "GET /entry.php?id=10271&&ser=817390 HTTP/1.1" 200 986 "http://ed.activities.at/entry.php?id=10271&&ser=817329" "Mozilla/5.0 (Windows NT 5.1; rv:50.0) Gecko/20100101 Firefox/50.0"
81.189.93.28 - - [22/Nov/2016:13:24:12 +0100] "GET /gui/javascript/form_form.js?1479817451 HTTP/1.1" 200 16206 "http://ed.activities.at/entry.php?id=10271&&ser=817390" "Mozilla/5.0 (Windows NT 5.1; rv:50.0) Gecko/20100101 Firefox/50.0"
212.108.43.59 - - [22/Nov/2016:13:24:14 +0100] "GET /entry.php?id=10271&&ser=817394 HTTP/1.1" 200 987 "http://ed.activities.at/entry.php?id=10271&&ser=817333" "Mozilla/5.0 (Macintosh; Intel Mac OS X 10_10_5) AppleWebKit/602.2.14 (KHTML, like Gecko) Version/10.0.1 Safari/602.2.14"
212.108.43.59 - - [22/Nov/2016:13:24:14 +0100] "GET /gui/javascript/form_form.js?1479817454 HTTP/1.1" 200 16206 "http://ed.activities.at/entry.php?id=10271&&ser=817394" "Mozilla/5.0 (Macintosh; Intel Mac OS X 10_10_5) AppleWebKit/602.2.14 (KHTML, like Gecko) Version/10.0.1 Safari/602.2.14"
81.189.93.28 - - [22/Nov/2016:13:25:13 +0100] "GET /entry.php?id=10271&&ser=817451 HTTP/1.1" 200 987 "http://ed.activities.at/entry.php?id=10271&&ser=817390" "Mozilla/5.0 (Windows NT 5.1; rv:50.0) Gecko/20100101 Firefox/50.0"
81.189.93.28 - - [22/Nov/2016:13:25:13 +0100] "GET /gui/javascript/form_form.js?1479817513 HTTP/1.1" 200 16206 "http://ed.activities.at/entry.php?id=10271&&ser=817451" "Mozilla/5.0 (Windows NT 5.1; rv:50.0) Gecko/20100101 Firefox/50.0"
212.108.43.59 - - [22/Nov/2016:13:25:14 +0100] "GET /entry.php?id=10271&&ser=817454 HTTP/1.1" 200 987 "http://ed.activities.at/entry.php?id=10271&&ser=817394" "Mozilla/5.0 (Macintosh; Intel Mac OS X 10_10_5) AppleWebKit/602.2.14 (KHTML, like Gecko) Version/10.0.1 Safari/602.2.14"
212.108.43.59 - - [22/Nov/2016:13:25:14 +0100] "GET /gui/javascript/form_form.js?1479817514 HTTP/1.1" 200 16206 "http://ed.activities.at/entry.php?id=10271&&ser=817454" "Mozilla/5.0 (Macintosh; Intel Mac OS X 10_10_5) AppleWebKit/602.2.14 (KHTML, like Gecko) Version/10.0.1 Safari/602.2.14"
81.189.93.28 - - [22/Nov/2016:13:26:14 +0100] "GET /entry.php?id=10271&&ser=817513 HTTP/1.1" 200 987 "http://ed.activities.at/entry.php?id=10271&&ser=817451" "Mozilla/5.0 (Windows NT 5.1; rv:50.0) Gecko/20100101 Firefox/50.0"
81.189.93.28 - - [22/Nov/2016:13:26:14 +0100] "GET /gui/javascript/form_form.js?1479817574 HTTP/1.1" 200 16206 "http://ed.activities.at/entry.php?id=10271&&ser=817513" "Mozilla/5.0 (Windows NT 5.1; rv:50.0) Gecko/20100101 Firefox/50.0"
212.108.43.59 - - [22/Nov/2016:13:26:14 +0100] "GET /entry.php?id=10271&&ser=817514 HTTP/1.1" 200 987 "http://ed.activities.at/entry.php?id=10271&&ser=817454" "Mozilla/5.0 (Macintosh; Intel Mac OS X 10_10_5) AppleWebKit/602.2.14 (KHTML, like Gecko) Version/10.0.1 Safari/602.2.14"
212.108.43.59 - - [22/Nov/2016:13:26:15 +0100] "GET /gui/javascript/form_form.js?1479817575 HTTP/1.1" 200 16206 "http://ed.activities.at/entry.php?id=10271&&ser=817514" "Mozilla/5.0 (Macintosh; Intel Mac OS X 10_10_5) AppleWebKit/602.2.14 (KHTML, like Gecko) Version/10.0.1 Safari/602.2.14"
212.108.43.59 - - [22/Nov/2016:13:27:15 +0100] "GET /entry.php?id=10271&&ser=817575 HTTP/1.1" 200 987 "http://ed.activities.at/entry.php?id=10271&&ser=817514" "Mozilla/5.0 (Macintosh; Intel Mac OS X 10_10_5) AppleWebKit/602.2.14 (KHTML, like Gecko) Version/10.0.1 Safari/602.2.14"
81.189.93.28 - - [22/Nov/2016:13:27:15 +0100] "GET /entry.php?id=10271&&ser=817574 HTTP/1.1" 200 987 "http://ed.activities.at/entry.php?id=10271&&ser=817513" "Mozilla/5.0 (Windows NT 5.1; rv:50.0) Gecko/20100101 Firefox/50.0"
81.189.93.28 - - [22/Nov/2016:13:27:15 +0100] "GET /gui/javascript/form_form.js?1479817635 HTTP/1.1" 200 16206 "http://ed.activities.at/entry.php?id=10271&&ser=817574" "Mozilla/5.0 (Windows NT 5.1; rv:50.0) Gecko/20100101 Firefox/50.0"
212.108.43.59 - - [22/Nov/2016:13:27:15 +0100] "GET /gui/javascript/form_form.js?1479817635 HTTP/1.1" 200 16206 "http://ed.activities.at/entry.php?id=10271&&ser=817575" "Mozilla/5.0 (Macintosh; Intel Mac OS X 10_10_5) AppleWebKit/602.2.14 (KHTML, like Gecko) Version/10.0.1 Safari/602.2.14"
212.108.43.59 - - [22/Nov/2016:13:27:21 +0100] "GET /entry.php?id=10287&login=1 HTTP/1.1" 200 2958 "http://ed.activities.at/entry.php?id=10273&" "Mozilla/5.0 (Macintosh; Intel Mac OS X 10_10_5) AppleWebKit/602.2.14 (KHTML, like Gecko) Version/10.0.1 Safari/602.2.14"
212.108.43.59 - - [22/Nov/2016:13:27:22 +0100] "GET /gui/javascript/form_form.js?1479817642 HTTP/1.1" 200 16206 "http://ed.activities.at/entry.php?id=10287&login=1" "Mozilla/5.0 (Macintosh; Intel Mac OS X 10_10_5) AppleWebKit/602.2.14 (KHTML, like Gecko) Version/10.0.1 Safari/602.2.14"
212.108.43.59 - - [22/Nov/2016:13:27:24 +0100] "POST /entry.php?id=10287& HTTP/1.1" 200 2425 "http://ed.activities.at/entry.php?id=10287&login=1" "Mozilla/5.0 (Macintosh; Intel Mac OS X 10_10_5) AppleWebKit/602.2.14 (KHTML, like Gecko) Version/10.0.1 Safari/602.2.14"
212.108.43.59 - - [22/Nov/2016:13:27:24 +0100] "GET /gui/javascript/form_form.js?1479817644 HTTP/1.1" 200 16206 "http://ed.activities.at/entry.php?id=10287&" "Mozilla/5.0 (Macintosh; Intel Mac OS X 10_10_5) AppleWebKit/602.2.14 (KHTML, like Gecko) Version/10.0.1 Safari/602.2.14"
212.108.43.59 - - [22/Nov/2016:13:27:24 +0100] "GET /entry.php?id=10270& HTTP/1.1" 200 908 "http://ed.activities.at/entry.php?id=10287&" "Mozilla/5.0 (Macintosh; Intel Mac OS X 10_10_5) AppleWebKit/602.2.14 (KHTML, like Gecko) Version/10.0.1 Safari/602.2.14"
212.108.43.59 - - [22/Nov/2016:13:27:24 +0100] "GET /entry.php?id=10273&logout=true& HTTP/1.1" 200 1912 "http://ed.activities.at/entry.php?id=10287&" "Mozilla/5.0 (Macintosh; Intel Mac OS X 10_10_5) AppleWebKit/602.2.14 (KHTML, like Gecko) Version/10.0.1 Safari/602.2.14"
212.108.43.59 - - [22/Nov/2016:13:27:25 +0100] "GET /gui/javascript/form_form.js?1479817645 HTTP/1.1" 200 16206 "http://ed.activities.at/entry.php?id=10270&" "Mozilla/5.0 (Macintosh; Intel Mac OS X 10_10_5) AppleWebKit/602.2.14 (KHTML, like Gecko) Version/10.0.1 Safari/602.2.14"
81.189.93.28 - - [22/Nov/2016:13:28:16 +0100] "GET /entry.php?id=10271&&ser=817635 HTTP/1.1" 200 987 "http://ed.activities.at/entry.php?id=10271&&ser=817574" "Mozilla/5.0 (Windows NT 5.1; rv:50.0) Gecko/20100101 Firefox/50.0"
81.189.93.28 - - [22/Nov/2016:13:28:16 +0100] "GET /gui/javascript/form_form.js?1479817696 HTTP/1.1" 200 16206 "http://ed.activities.at/entry.php?id=10271&&ser=817635" "Mozilla/5.0 (Windows NT 5.1; rv:50.0) Gecko/20100101 Firefox/50.0"
81.189.93.28 - - [22/Nov/2016:13:29:16 +0100] "GET /entry.php?id=10271&&ser=817696 HTTP/1.1" 200 987 "http://ed.activities.at/entry.php?id=10271&&ser=817635" "Mozilla/5.0 (Windows NT 5.1; rv:50.0) Gecko/20100101 Firefox/50.0"
81.189.93.28 - - [22/Nov/2016:13:29:17 +0100] "GET /gui/javascript/form_form.js?1479817757 HTTP/1.1" 200 16206 "http://ed.activities.at/entry.php?id=10271&&ser=817696" "Mozilla/5.0 (Windows NT 5.1; rv:50.0) Gecko/20100101 Firefox/50.0"
81.189.93.28 - - [22/Nov/2016:13:30:17 +0100] "GET /entry.php?id=10271&&ser=817757 HTTP/1.1" 200 987 "http://ed.activities.at/entry.php?id=10271&&ser=817696" "Mozilla/5.0 (Windows NT 5.1; rv:50.0) Gecko/20100101 Firefox/50.0"
81.189.93.28 - - [22/Nov/2016:13:30:18 +0100] "GET /gui/javascript/form_form.js?1479817818 HTTP/1.1" 200 16206 "http://ed.activities.at/entry.php?id=10271&&ser=817757" "Mozilla/5.0 (Windows NT 5.1; rv:50.0) Gecko/20100101 Firefox/50.0"
81.189.93.28 - - [22/Nov/2016:13:31:19 +0100] "GET /entry.php?id=10271&&ser=817818 HTTP/1.1" 200 987 "http://ed.activities.at/entry.php?id=10271&&ser=817757" "Mozilla/5.0 (Windows NT 5.1; rv:50.0) Gecko/20100101 Firefox/50.0"
81.189.93.28 - - [22/Nov/2016:13:31:20 +0100] "GET /gui/javascript/form_form.js?1479817880 HTTP/1.1" 200 16206 "http://ed.activities.at/entry.php?id=10271&&ser=817818" "Mozilla/5.0 (Windows NT 5.1; rv:50.0) Gecko/20100101 Firefox/50.0"
81.189.93.28 - - [22/Nov/2016:13:32:21 +0100] "GET /entry.php?id=10271&&ser=817880 HTTP/1.1" 200 986 "http://ed.activities.at/entry.php?id=10271&&ser=817818" "Mozilla/5.0 (Windows NT 5.1; rv:50.0) Gecko/20100101 Firefox/50.0"
81.189.93.28 - - [22/Nov/2016:13:32:21 +0100] "GET /gui/javascript/form_form.js?1479817941 HTTP/1.1" 200 16206 "http://ed.activities.at/entry.php?id=10271&&ser=817880" "Mozilla/5.0 (Windows NT 5.1; rv:50.0) Gecko/20100101 Firefox/50.0"
81.189.93.28 - - [22/Nov/2016:13:33:23 +0100] "GET /entry.php?id=10271&&ser=817941 HTTP/1.1" 200 986 "http://ed.activities.at/entry.php?id=10271&&ser=817880" "Mozilla/5.0 (Windows NT 5.1; rv:50.0) Gecko/20100101 Firefox/50.0"
81.189.93.28 - - [22/Nov/2016:13:33:23 +0100] "GET /gui/javascript/form_form.js?1479818003 HTTP/1.1" 200 16206 "http://ed.activities.at/entry.php?id=10271&&ser=817941" "Mozilla/5.0 (Windows NT 5.1; rv:50.0) Gecko/20100101 Firefox/50.0"
81.189.93.28 - - [22/Nov/2016:13:34:24 +0100] "GET /entry.php?id=10271&&ser=818003 HTTP/1.1" 200 986 "http://ed.activities.at/entry.php?id=10271&&ser=817941" "Mozilla/5.0 (Windows NT 5.1; rv:50.0) Gecko/20100101 Firefox/50.0"
81.189.93.28 - - [22/Nov/2016:13:34:25 +0100] "GET /gui/javascript/form_form.js?1479818065 HTTP/1.1" 200 16206 "http://ed.activities.at/entry.php?id=10271&&ser=818003" "Mozilla/5.0 (Windows NT 5.1; rv:50.0) Gecko/20100101 Firefox/50.0"
81.189.93.28 - - [22/Nov/2016:13:35:25 +0100] "GET /entry.php?id=10271&&ser=818065 HTTP/1.1" 200 987 "http://ed.activities.at/entry.php?id=10271&&ser=818003" "Mozilla/5.0 (Windows NT 5.1; rv:50.0) Gecko/20100101 Firefox/50.0"
81.189.93.28 - - [22/Nov/2016:13:35:26 +0100] "GET /gui/javascript/form_form.js?1479818125 HTTP/1.1" 200 16206 "http://ed.activities.at/entry.php?id=10271&&ser=818065" "Mozilla/5.0 (Windows NT 5.1; rv:50.0) Gecko/20100101 Firefox/50.0"
81.189.93.28 - - [22/Nov/2016:13:36:26 +0100] "GET /entry.php?id=10271&&ser=818125 HTTP/1.1" 200 986 "http://ed.activities.at/entry.php?id=10271&&ser=818065" "Mozilla/5.0 (Windows NT 5.1; rv:50.0) Gecko/20100101 Firefox/50.0"
81.189.93.28 - - [22/Nov/2016:13:36:26 +0100] "GET /gui/javascript/form_form.js?1479818186 HTTP/1.1" 200 16206 "http://ed.activities.at/entry.php?id=10271&&ser=818125" "Mozilla/5.0 (Windows NT 5.1; rv:50.0) Gecko/20100101 Firefox/50.0"
81.189.93.28 - - [22/Nov/2016:13:37:27 +0100] "GET /entry.php?id=10271&&ser=818186 HTTP/1.1" 200 987 "http://ed.activities.at/entry.php?id=10271&&ser=818125" "Mozilla/5.0 (Windows NT 5.1; rv:50.0) Gecko/20100101 Firefox/50.0"
81.189.93.28 - - [22/Nov/2016:13:37:27 +0100] "GET /gui/javascript/form_form.js?1479818247 HTTP/1.1" 200 16206 "http://ed.activities.at/entry.php?id=10271&&ser=818186" "Mozilla/5.0 (Windows NT 5.1; rv:50.0) Gecko/20100101 Firefox/50.0"
81.189.93.28 - - [22/Nov/2016:13:38:28 +0100] "GET /entry.php?id=10271&&ser=818247 HTTP/1.1" 200 987 "http://ed.activities.at/entry.php?id=10271&&ser=818186" "Mozilla/5.0 (Windows NT 5.1; rv:50.0) Gecko/20100101 Firefox/50.0"
81.189.93.28 - - [22/Nov/2016:13:38:28 +0100] "GET /gui/javascript/form_form.js?1479818308 HTTP/1.1" 200 16206 "http://ed.activities.at/entry.php?id=10271&&ser=818247" "Mozilla/5.0 (Windows NT 5.1; rv:50.0) Gecko/20100101 Firefox/50.0"
81.189.93.28 - - [22/Nov/2016:13:39:28 +0100] "GET /entry.php?id=10271&&ser=818308 HTTP/1.1" 200 986 "http://ed.activities.at/entry.php?id=10271&&ser=818247" "Mozilla/5.0 (Windows NT 5.1; rv:50.0) Gecko/20100101 Firefox/50.0"
81.189.93.28 - - [22/Nov/2016:13:39:29 +0100] "GET /gui/javascript/form_form.js?1479818369 HTTP/1.1" 200 16206 "http://ed.activities.at/entry.php?id=10271&&ser=818308" "Mozilla/5.0 (Windows NT 5.1; rv:50.0) Gecko/20100101 Firefox/50.0"
81.189.93.28 - - [22/Nov/2016:13:40:29 +0100] "GET /entry.php?id=10271&&ser=818369 HTTP/1.1" 200 987 "http://ed.activities.at/entry.php?id=10271&&ser=818308" "Mozilla/5.0 (Windows NT 5.1; rv:50.0) Gecko/20100101 Firefox/50.0"
81.189.93.28 - - [22/Nov/2016:13:40:30 +0100] "GET /gui/javascript/form_form.js?1479818430 HTTP/1.1" 200 16206 "http://ed.activities.at/entry.php?id=10271&&ser=818369" "Mozilla/5.0 (Windows NT 5.1; rv:50.0) Gecko/20100101 Firefox/50.0"
81.189.93.28 - - [22/Nov/2016:13:41:30 +0100] "GET /entry.php?id=10271&&ser=818430 HTTP/1.1" 200 987 "http://ed.activities.at/entry.php?id=10271&&ser=818369" "Mozilla/5.0 (Windows NT 5.1; rv:50.0) Gecko/20100101 Firefox/50.0"
81.189.93.28 - - [22/Nov/2016:13:41:31 +0100] "GET /gui/javascript/form_form.js?1479818490 HTTP/1.1" 200 16206 "http://ed.activities.at/entry.php?id=10271&&ser=818430" "Mozilla/5.0 (Windows NT 5.1; rv:50.0) Gecko/20100101 Firefox/50.0"
81.189.93.28 - - [22/Nov/2016:13:42:31 +0100] "GET /entry.php?id=10271&&ser=818490 HTTP/1.1" 200 986 "http://ed.activities.at/entry.php?id=10271&&ser=818430" "Mozilla/5.0 (Windows NT 5.1; rv:50.0) Gecko/20100101 Firefox/50.0"
81.189.93.28 - - [22/Nov/2016:13:42:32 +0100] "GET /gui/javascript/form_form.js?1479818551 HTTP/1.1" 200 16206 "http://ed.activities.at/entry.php?id=10271&&ser=818490" "Mozilla/5.0 (Windows NT 5.1; rv:50.0) Gecko/20100101 Firefox/50.0"
81.189.93.28 - - [22/Nov/2016:13:43:33 +0100] "GET /entry.php?id=10271&&ser=818551 HTTP/1.1" 200 987 "http://ed.activities.at/entry.php?id=10271&&ser=818490" "Mozilla/5.0 (Windows NT 5.1; rv:50.0) Gecko/20100101 Firefox/50.0"
81.189.93.28 - - [22/Nov/2016:13:43:33 +0100] "GET /gui/javascript/form_form.js?1479818613 HTTP/1.1" 200 16206 "http://ed.activities.at/entry.php?id=10271&&ser=818551" "Mozilla/5.0 (Windows NT 5.1; rv:50.0) Gecko/20100101 Firefox/50.0"
81.189.93.28 - - [22/Nov/2016:13:44:34 +0100] "GET /entry.php?id=10271&&ser=818613 HTTP/1.1" 200 987 "http://ed.activities.at/entry.php?id=10271&&ser=818551" "Mozilla/5.0 (Windows NT 5.1; rv:50.0) Gecko/20100101 Firefox/50.0"
81.189.93.28 - - [22/Nov/2016:13:44:34 +0100] "GET /gui/javascript/form_form.js?1479818674 HTTP/1.1" 200 16206 "http://ed.activities.at/entry.php?id=10271&&ser=818613" "Mozilla/5.0 (Windows NT 5.1; rv:50.0) Gecko/20100101 Firefox/50.0"
81.189.93.28 - - [22/Nov/2016:13:45:35 +0100] "GET /entry.php?id=10271&&ser=818674 HTTP/1.1" 200 987 "http://ed.activities.at/entry.php?id=10271&&ser=818613" "Mozilla/5.0 (Windows NT 5.1; rv:50.0) Gecko/20100101 Firefox/50.0"
81.189.93.28 - - [22/Nov/2016:13:45:35 +0100] "GET /gui/javascript/form_form.js?1479818735 HTTP/1.1" 200 16206 "http://ed.activities.at/entry.php?id=10271&&ser=818674" "Mozilla/5.0 (Windows NT 5.1; rv:50.0) Gecko/20100101 Firefox/50.0"
81.189.93.28 - - [22/Nov/2016:13:46:36 +0100] "GET /entry.php?id=10271&&ser=818735 HTTP/1.1" 200 987 "http://ed.activities.at/entry.php?id=10271&&ser=818674" "Mozilla/5.0 (Windows NT 5.1; rv:50.0) Gecko/20100101 Firefox/50.0"
81.189.93.28 - - [22/Nov/2016:13:46:36 +0100] "GET /gui/javascript/form_form.js?1479818796 HTTP/1.1" 200 16206 "http://ed.activities.at/entry.php?id=10271&&ser=818735" "Mozilla/5.0 (Windows NT 5.1; rv:50.0) Gecko/20100101 Firefox/50.0"
81.189.93.28 - - [22/Nov/2016:13:47:38 +0100] "GET /entry.php?id=10271&&ser=818796 HTTP/1.1" 200 986 "http://ed.activities.at/entry.php?id=10271&&ser=818735" "Mozilla/5.0 (Windows NT 5.1; rv:50.0) Gecko/20100101 Firefox/50.0"
