81.189.93.28 - - [22/Nov/2016:13:06:50 +0100] "GET /entry.php?id=10271&&ser=816349 HTTP/1.1" 200 987 "http://ed.activities.at/entry.php?id=10271&&ser=816288" "Mozilla/5.0 (Windows NT 5.1; rv:50.0) Gecko/20100101 Firefox/50.0"
81.189.93.28 - - [22/Nov/2016:13:06:50 +0100] "GET /gui/javascript/form_form.js?1479816410 HTTP/1.1" 200 16206 "http://ed.activities.at/entry.php?id=10271&&ser=816349" "Mozilla/5.0 (Windows NT 5.1; rv:50.0) Gecko/20100101 Firefox/50.0"
212.108.43.59 - - [22/Nov/2016:13:07:45 +0100] "GET /entry.php?id=10271&&ser=816405 HTTP/1.1" 200 987 "http://ed.activities.at/entry.php?id=10271&&ser=816344" "Mozilla/5.0 (Macintosh; Intel Mac OS X 10_10_5) AppleWebKit/602.2.14 (KHTML, like Gecko) Version/10.0.1 Safari/602.2.14"
212.108.43.59 - - [22/Nov/2016:13:07:45 +0100] "GET /gui/javascript/form_form.js?1479816465 HTTP/1.1" 200 16206 "http://ed.activities.at/entry.php?id=10271&&ser=816405" "Mozilla/5.0 (Macintosh; Intel Mac OS X 10_10_5) AppleWebKit/602.2.14 (KHTML, like Gecko) Version/10.0.1 Safari/602.2.14"
81.189.93.28 - - [22/Nov/2016:13:07:50 +0100] "GET /entry.php?id=10271&&ser=816410 HTTP/1.1" 200 986 "http://ed.activities.at/entry.php?id=10271&&ser=816349" "Mozilla/5.0 (Windows NT 5.1; rv:50.0) Gecko/20100101 Firefox/50.0"
81.189.93.28 - - [22/Nov/2016:13:07:51 +0100] "GET /gui/javascript/form_form.js?1479816471 HTTP/1.1" 200 16206 "http://ed.activities.at/entry.php?id=10271&&ser=816410" "Mozilla/5.0 (Windows NT 5.1; rv:50.0) Gecko/20100101 Firefox/50.0"
212.108.43.59 - - [22/Nov/2016:13:08:45 +0100] "GET /entry.php?id=10271&&ser=816465 HTTP/1.1" 200 987 "http://ed.activities.at/entry.php?id=10271&&ser=816405" "Mozilla/5.0 (Macintosh; Intel Mac OS X 10_10_5) AppleWebKit/602.2.14 (KHTML, like Gecko) Version/10.0.1 Safari/602.2.14"
212.108.43.59 - - [22/Nov/2016:13:08:45 +0100] "GET /gui/javascript/form_form.js?1479816525 HTTP/1.1" 200 16206 "http://ed.activities.at/entry.php?id=10271&&ser=816465" "Mozilla/5.0 (Macintosh; Intel Mac OS X 10_10_5) AppleWebKit/602.2.14 (KHTML, like Gecko) Version/10.0.1 Safari/602.2.14"
212.108.43.59 - - [22/Nov/2016:13:08:49 +0100] "GET /entry.php?id=10287&login=1 HTTP/1.1" 200 2963 "http://ed.activities.at/entry.php?id=10273&" "Mozilla/5.0 (Macintosh; Intel Mac OS X 10_10_5) AppleWebKit/602.2.14 (KHTML, like Gecko) Version/10.0.1 Safari/602.2.14"
212.108.43.59 - - [22/Nov/2016:13:08:50 +0100] "GET /gui/javascript/form_form.js?1479816529 HTTP/1.1" 200 16206 "http://ed.activities.at/entry.php?id=10287&login=1" "Mozilla/5.0 (Macintosh; Intel Mac OS X 10_10_5) AppleWebKit/602.2.14 (KHTML, like Gecko) Version/10.0.1 Safari/602.2.14"
81.189.93.28 - - [22/Nov/2016:13:08:51 +0100] "GET /entry.php?id=10271&&ser=816471 HTTP/1.1" 200 986 "http://ed.activities.at/entry.php?id=10271&&ser=816410" "Mozilla/5.0 (Windows NT 5.1; rv:50.0) Gecko/20100101 Firefox/50.0"
81.189.93.28 - - [22/Nov/2016:13:08:51 +0100] "GET /gui/javascript/form_form.js?1479816531 HTTP/1.1" 200 16206 "http://ed.activities.at/entry.php?id=10271&&ser=816471" "Mozilla/5.0 (Windows NT 5.1; rv:50.0) Gecko/20100101 Firefox/50.0"
212.108.43.59 - - [22/Nov/2016:13:08:56 +0100] "POST /entry.php?id=10287& HTTP/1.1" 200 3047 "http://ed.activities.at/entry.php?id=10287&login=1" "Mozilla/5.0 (Macintosh; Intel Mac OS X 10_10_5) AppleWebKit/602.2.14 (KHTML, like Gecko) Version/10.0.1 Safari/602.2.14"
212.108.43.59 - - [22/Nov/2016:13:08:56 +0100] "GET /gui/javascript/form_form.js?1479816536 HTTP/1.1" 200 16206 "http://ed.activities.at/entry.php?id=10287&" "Mozilla/5.0 (Macintosh; Intel Mac OS X 10_10_5) AppleWebKit/602.2.14 (KHTML, like Gecko) Version/10.0.1 Safari/602.2.14"
212.108.43.59 - - [22/Nov/2016:13:08:56 +0100] "GET /entry.php?id=10271&&ser=816465 HTTP/1.1" 200 987 "http://ed.activities.at/entry.php?id=10271&&ser=816465" "Mozilla/5.0 (Macintosh; Intel Mac OS X 10_10_5) AppleWebKit/602.2.14 (KHTML, like Gecko) Version/10.0.1 Safari/602.2.14"
212.108.43.59 - - [22/Nov/2016:13:08:57 +0100] "GET /gui/javascript/jquery/css/gui-themes/ui.spinner.css HTTP/1.1" 304 - "http://ed.activities.at/entry.php?id=10270" "Mozilla/5.0 (Macintosh; Intel Mac OS X 10_10_5) AppleWebKit/602.2.14 (KHTML, like Gecko) Version/10.0.1 Safari/602.2.14"
212.108.43.59 - - [22/Nov/2016:13:08:57 +0100] "GET /gui/javascript/jquery/css/gui-themes/custom.min.css HTTP/1.1" 304 - "http://ed.activities.at/entry.php?id=10270" "Mozilla/5.0 (Macintosh; Intel Mac OS X 10_10_5) AppleWebKit/602.2.14 (KHTML, like Gecko) Version/10.0.1 Safari/602.2.14"
212.108.43.59 - - [22/Nov/2016:13:08:57 +0100] "GET /gui/javascript/jquery/js/jquery-1.8.2.js HTTP/1.1" 304 - "http://ed.activities.at/entry.php?id=10270" "Mozilla/5.0 (Macintosh; Intel Mac OS X 10_10_5) AppleWebKit/602.2.14 (KHTML, like Gecko) Version/10.0.1 Safari/602.2.14"
212.108.43.59 - - [22/Nov/2016:13:08:57 +0100] "GET /gui/javascript/jquery/css/gui-themes/jquery.tooltip.css HTTP/1.1" 304 - "http://ed.activities.at/entry.php?id=10270" "Mozilla/5.0 (Macintosh; Intel Mac OS X 10_10_5) AppleWebKit/602.2.14 (KHTML, like Gecko) Version/10.0.1 Safari/602.2.14"
212.108.43.59 - - [22/Nov/2016:13:08:57 +0100] "GET /gui/styles/tmplDefault.css HTTP/1.1" 304 - "http://ed.activities.at/entry.php?id=10272" "Mozilla/5.0 (Macintosh; Intel Mac OS X 10_10_5) AppleWebKit/602.2.14 (KHTML, like Gecko) Version/10.0.1 Safari/602.2.14"
212.108.43.59 - - [22/Nov/2016:13:08:57 +0100] "GET /gui/javascript/jquery/js/jquery-ui-1.9.0.custom.min.js HTTP/1.1" 304 - "http://ed.activities.at/entry.php?id=10270" "Mozilla/5.0 (Macintosh; Intel Mac OS X 10_10_5) AppleWebKit/602.2.14 (KHTML, like Gecko) Version/10.0.1 Safari/602.2.14"
212.108.43.59 - - [22/Nov/2016:13:08:57 +0100] "GET /gui/javascript/jquery/jquery-tooltip/jquery.tooltip.min.js HTTP/1.1" 304 - "http://ed.activities.at/entry.php?id=10270" "Mozilla/5.0 (Macintosh; Intel Mac OS X 10_10_5) AppleWebKit/602.2.14 (KHTML, like Gecko) Version/10.0.1 Safari/602.2.14"
212.108.43.59 - - [22/Nov/2016:13:08:57 +0100] "GET /gui/javascript/form_form.js?1479816537 HTTP/1.1" 200 16206 "http://ed.activities.at/entry.php?id=10271&&ser=816465" "Mozilla/5.0 (Macintosh; Intel Mac OS X 10_10_5) AppleWebKit/602.2.14 (KHTML, like Gecko) Version/10.0.1 Safari/602.2.14"
212.108.43.59 - - [22/Nov/2016:13:08:58 +0100] "GET /entry.php?id=11679 HTTP/1.1" 200 312 "http://ed.activities.at/entry.php?id=10270&__app__=10006038" "Mozilla/5.0 (Macintosh; Intel Mac OS X 10_10_5) AppleWebKit/602.2.14 (KHTML, like Gecko) Version/10.0.1 Safari/602.2.14"
212.108.43.59 - - [22/Nov/2016:13:08:59 +0100] "GET /entry.php?id=11677& HTTP/1.1" 200 4454 "http://ed.activities.at/entry.php?id=11679" "Mozilla/5.0 (Macintosh; Intel Mac OS X 10_10_5) AppleWebKit/602.2.14 (KHTML, like Gecko) Version/10.0.1 Safari/602.2.14"
212.108.43.59 - - [22/Nov/2016:13:09:00 +0100] "GET /gui/javascript/form_form.js?1479816540 HTTP/1.1" 200 16206 "http://ed.activities.at/entry.php?id=11677&" "Mozilla/5.0 (Macintosh; Intel Mac OS X 10_10_5) AppleWebKit/602.2.14 (KHTML, like Gecko) Version/10.0.1 Safari/602.2.14"
212.108.43.59 - - [22/Nov/2016:13:08:59 +0100] "GET /entry.php?id=10676&title=Portal& HTTP/1.1" 200 1387 "http://ed.activities.at/entry.php?id=11679" "Mozilla/5.0 (Macintosh; Intel Mac OS X 10_10_5) AppleWebKit/602.2.14 (KHTML, like Gecko) Version/10.0.1 Safari/602.2.14"
212.108.43.59 - - [22/Nov/2016:13:08:59 +0100] "GET /entry.php?id=11678& HTTP/1.1" 200 3285 "http://ed.activities.at/entry.php?id=11679" "Mozilla/5.0 (Macintosh; Intel Mac OS X 10_10_5) AppleWebKit/602.2.14 (KHTML, like Gecko) Version/10.0.1 Safari/602.2.14"
212.108.43.59 - - [22/Nov/2016:13:09:00 +0100] "GET /activities/framework/KoolControls/KoolAjax/koolajax.php?8436e354c842500aba3cbaf0584c0c24 HTTP/1.1" 200 4079 "http://ed.activities.at/entry.php?id=11678&" "Mozilla/5.0 (Macintosh; Intel Mac OS X 10_10_5) AppleWebKit/602.2.14 (KHTML, like Gecko) Version/10.0.1 Safari/602.2.14"
212.108.43.59 - - [22/Nov/2016:13:09:00 +0100] "GET /activities/framework/KoolControls/KoolTreeView/kooltreeview.php?c7cd9180e88ffef8e70f13526bb4f5f7 HTTP/1.1" 200 5055 "http://ed.activities.at/entry.php?id=11678&" "Mozilla/5.0 (Macintosh; Intel Mac OS X 10_10_5) AppleWebKit/602.2.14 (KHTML, like Gecko) Version/10.0.1 Safari/602.2.14"
212.108.43.59 - - [22/Nov/2016:13:09:00 +0100] "GET /entry.php?id=11618&&object=&item=&emu_class= HTTP/1.1" 200 1698 "http://ed.activities.at/entry.php?id=11677&" "Mozilla/5.0 (Macintosh; Intel Mac OS X 10_10_5) AppleWebKit/602.2.14 (KHTML, like Gecko) Version/10.0.1 Safari/602.2.14"
212.108.43.59 - - [22/Nov/2016:13:09:01 +0100] "POST /entry.php?id=11677 HTTP/1.1" 200 4506 "http://ed.activities.at/entry.php?id=11677&" "Mozilla/5.0 (Macintosh; Intel Mac OS X 10_10_5) AppleWebKit/602.2.14 (KHTML, like Gecko) Version/10.0.1 Safari/602.2.14"
212.108.43.59 - - [22/Nov/2016:13:09:01 +0100] "GET /gui/javascript/form_form.js?1479816541 HTTP/1.1" 200 16206 "http://ed.activities.at/entry.php?id=11677" "Mozilla/5.0 (Macintosh; Intel Mac OS X 10_10_5) AppleWebKit/602.2.14 (KHTML, like Gecko) Version/10.0.1 Safari/602.2.14"
212.108.43.59 - - [22/Nov/2016:13:09:02 +0100] "POST /entry.php?id=11677 HTTP/1.1" 200 4507 "http://ed.activities.at/entry.php?id=11677" "Mozilla/5.0 (Macintosh; Intel Mac OS X 10_10_5) AppleWebKit/602.2.14 (KHTML, like Gecko) Version/10.0.1 Safari/602.2.14"
212.108.43.59 - - [22/Nov/2016:13:09:02 +0100] "GET /gui/javascript/form_form.js?1479816542 HTTP/1.1" 200 16206 "http://ed.activities.at/entry.php?id=11677" "Mozilla/5.0 (Macintosh; Intel Mac OS X 10_10_5) AppleWebKit/602.2.14 (KHTML, like Gecko) Version/10.0.1 Safari/602.2.14"
212.108.43.59 - - [22/Nov/2016:13:09:03 +0100] "POST /entry.php?id=11677 HTTP/1.1" 200 5179 "http://ed.activities.at/entry.php?id=11677" "Mozilla/5.0 (Macintosh; Intel Mac OS X 10_10_5) AppleWebKit/602.2.14 (KHTML, like Gecko) Version/10.0.1 Safari/602.2.14"
212.108.43.59 - - [22/Nov/2016:13:09:04 +0100] "GET /gui/javascript/form_form.js?1479816544 HTTP/1.1" 200 16206 "http://ed.activities.at/entry.php?id=11677" "Mozilla/5.0 (Macintosh; Intel Mac OS X 10_10_5) AppleWebKit/602.2.14 (KHTML, like Gecko) Version/10.0.1 Safari/602.2.14"
212.108.43.59 - - [22/Nov/2016:13:09:07 +0100] "POST /entry.php?id=11677 HTTP/1.1" 200 2882 "http://ed.activities.at/entry.php?id=11677" "Mozilla/5.0 (Macintosh; Intel Mac OS X 10_10_5) AppleWebKit/602.2.14 (KHTML, like Gecko) Version/10.0.1 Safari/602.2.14"
212.108.43.59 - - [22/Nov/2016:13:09:07 +0100] "GET /gui/javascript/form_form.js?1479816547 HTTP/1.1" 200 16206 "http://ed.activities.at/entry.php?id=11677" "Mozilla/5.0 (Macintosh; Intel Mac OS X 10_10_5) AppleWebKit/602.2.14 (KHTML, like Gecko) Version/10.0.1 Safari/602.2.14"
212.108.43.59 - - [22/Nov/2016:13:09:07 +0100] "GET /entry.php?id=10778&form=11502&name=image_list& HTTP/1.1" 200 2501 "http://ed.activities.at/entry.php?id=11677" "Mozilla/5.0 (Macintosh; Intel Mac OS X 10_10_5) AppleWebKit/602.2.14 (KHTML, like Gecko) Version/10.0.1 Safari/602.2.14"
212.108.43.59 - - [22/Nov/2016:13:09:07 +0100] "GET /entry.php?id=10776&form=11502&name=image_list& HTTP/1.1" 200 1531 "http://ed.activities.at/entry.php?id=11677" "Mozilla/5.0 (Macintosh; Intel Mac OS X 10_10_5) AppleWebKit/602.2.14 (KHTML, like Gecko) Version/10.0.1 Safari/602.2.14"
212.108.43.59 - - [22/Nov/2016:13:09:15 +0100] "GET /entry.php?id=10711&object=10253223&chooserview=menuitemimages&view=menuitemimages HTTP/1.1" 200 1725 "http://ed.activities.at/entry.php?id=11677" "Mozilla/5.0 (Macintosh; Intel Mac OS X 10_10_5) AppleWebKit/602.2.14 (KHTML, like Gecko) Version/10.0.1 Safari/602.2.14"
212.108.43.59 - - [22/Nov/2016:13:09:15 +0100] "GET /gui/javascript/form_form.js?1479816555 HTTP/1.1" 200 16206 "http://ed.activities.at/entry.php?id=10711&object=10253223&chooserview=menuitemimages&view=menuitemimages" "Mozilla/5.0 (Macintosh; Intel Mac OS X 10_10_5) AppleWebKit/602.2.14 (KHTML, like Gecko) Version/10.0.1 Safari/602.2.14"
212.108.43.59 - - [22/Nov/2016:13:09:15 +0100] "GET /entry.php?id=10676&title=Ressourcenverwaltung HTTP/1.1" 200 1396 "http://ed.activities.at/entry.php?id=10711&object=10253223&chooserview=menuitemimages&view=menuitemimages" "Mozilla/5.0 (Macintosh; Intel Mac OS X 10_10_5) AppleWebKit/602.2.14 (KHTML, like Gecko) Version/10.0.1 Safari/602.2.14"
212.108.43.59 - - [22/Nov/2016:13:09:15 +0100] "GET /entry.php?id=10703&&but=&object=10253223&class=&tag=&value=&chooserview=menuitemimages&function=&setlist=&t_width=&t_height=&view=menuitemimages HTTP/1.1" 200 2542 "http://ed.activities.at/entry.php?id=10711&object=10253223&chooserview=menuitemimages&view=menuitemimages" "Mozilla/5.0 (Macintosh; Intel Mac OS X 10_10_5) AppleWebKit/602.2.14 (KHTML, like Gecko) Version/10.0.1 Safari/602.2.14"
212.108.43.59 - - [22/Nov/2016:13:09:15 +0100] "GET /entry.php?id=10704&&but=&object=10253223&class=&tag=&value=&chooserview=menuitemimages&function=&setlist=&t_width=&t_height=&view=menuitemimages HTTP/1.1" 200 2951 "http://ed.activities.at/entry.php?id=10711&object=10253223&chooserview=menuitemimages&view=menuitemimages" "Mozilla/5.0 (Macintosh; Intel Mac OS X 10_10_5) AppleWebKit/602.2.14 (KHTML, like Gecko) Version/10.0.1 Safari/602.2.14"
212.108.43.59 - - [22/Nov/2016:13:09:16 +0100] "GET /entry.php?id=10776&form=10547&name=list& HTTP/1.1" 200 1290 "http://ed.activities.at/entry.php?id=10703&&but=&object=10253223&class=&tag=&value=&chooserview=menuitemimages&function=&setlist=&t_width=&t_height=&view=menuitemimages" "Mozilla/5.0 (Macintosh; Intel Mac OS X 10_10_5) AppleWebKit/602.2.14 (KHTML, like Gecko) Version/10.0.1 Safari/602.2.14"
212.108.43.59 - - [22/Nov/2016:13:09:16 +0100] "GET /entry.php?id=10778&form=10547&name=list& HTTP/1.1" 200 3007 "http://ed.activities.at/entry.php?id=10703&&but=&object=10253223&class=&tag=&value=&chooserview=menuitemimages&function=&setlist=&t_width=&t_height=&view=menuitemimages" "Mozilla/5.0 (Macintosh; Intel Mac OS X 10_10_5) AppleWebKit/602.2.14 (KHTML, like Gecko) Version/10.0.1 Safari/602.2.14"
212.108.43.59 - - [22/Nov/2016:13:09:16 +0100] "GET /gui/javascript/form_form.js?1479816556 HTTP/1.1" 200 16206 "http://ed.activities.at/entry.php?id=10704&&but=&object=10253223&class=&tag=&value=&chooserview=menuitemimages&function=&setlist=&t_width=&t_height=&view=menuitemimages" "Mozilla/5.0 (Macintosh; Intel Mac OS X 10_10_5) AppleWebKit/602.2.14 (KHTML, like Gecko) Version/10.0.1 Safari/602.2.14"
212.108.43.59 - - [22/Nov/2016:13:09:16 +0100] "GET /entry.php?id=10776&form=10549&name=list& HTTP/1.1" 200 1646 "http://ed.activities.at/entry.php?id=10704&&but=&object=10253223&class=&tag=&value=&chooserview=menuitemimages&function=&setlist=&t_width=&t_height=&view=menuitemimages" "Mozilla/5.0 (Macintosh; Intel Mac OS X 10_10_5) AppleWebKit/602.2.14 (KHTML, like Gecko) Version/10.0.1 Safari/602.2.14"
212.108.43.59 - - [22/Nov/2016:13:09:16 +0100] "GET /entry.php?id=10778&form=10549&name=list& HTTP/1.1" 200 2815 "http://ed.activities.at/entry.php?id=10704&&but=&object=10253223&class=&tag=&value=&chooserview=menuitemimages&function=&setlist=&t_width=&t_height=&view=menuitemimages" "Mozilla/5.0 (Macintosh; Intel Mac OS X 10_10_5) AppleWebKit/602.2.14 (KHTML, like Gecko) Version/10.0.1 Safari/602.2.14"
212.108.43.59 - - [22/Nov/2016:13:09:19 +0100] "GET /entry.php?id=11687&uploadmode=list&object=false&mode=list&mime=10015786&listview=list HTTP/1.1" 200 2348 "http://ed.activities.at/entry.php?id=10711&object=10253223&chooserview=menuitemimages&view=menuitemimages" "Mozilla/5.0 (Macintosh; Intel Mac OS X 10_10_5) AppleWebKit/602.2.14 (KHTML, like Gecko) Version/10.0.1 Safari/602.2.14"
212.108.43.59 - - [22/Nov/2016:13:09:20 +0100] "GET /gui/javascript/form_form.js?1479816560 HTTP/1.1" 200 16206 "http://ed.activities.at/entry.php?id=11687&uploadmode=list&object=false&mode=list&mime=10015786&listview=list" "Mozilla/5.0 (Macintosh; Intel Mac OS X 10_10_5) AppleWebKit/602.2.14 (KHTML, like Gecko) Version/10.0.1 Safari/602.2.14"
81.189.93.28 - - [22/Nov/2016:13:09:52 +0100] "GET /entry.php?id=10271&&ser=816531 HTTP/1.1" 200 987 "http://ed.activities.at/entry.php?id=10271&&ser=816471" "Mozilla/5.0 (Windows NT 5.1; rv:50.0) Gecko/20100101 Firefox/50.0"
81.189.93.28 - - [22/Nov/2016:13:09:52 +0100] "GET /gui/javascript/form_form.js?1479816592 HTTP/1.1" 200 16206 "http://ed.activities.at/entry.php?id=10271&&ser=816531" "Mozilla/5.0 (Windows NT 5.1; rv:50.0) Gecko/20100101 Firefox/50.0"
212.108.43.59 - - [22/Nov/2016:13:09:55 +0100] "POST /entry.php?id=11687&ajaxaction=binary HTTP/1.1" 200 344 "http://ed.activities.at/entry.php?id=11687&uploadmode=list&object=false&mode=list&mime=10015786&listview=list" "Mozilla/5.0 (Macintosh; Intel Mac OS X 10_10_5) AppleWebKit/602.2.14 (KHTML, like Gecko) Version/10.0.1 Safari/602.2.14"
212.108.43.59 - - [22/Nov/2016:13:09:56 +0100] "GET /cache/emu/images/easy-drivers-retz---au10284572/retzedwebheader830x3007jpg_16_6_0.jpg HTTP/1.1" 200 759 "http://ed.activities.at/entry.php?id=10778&form=10549&name=list&" "Mozilla/5.0 (Macintosh; Intel Mac OS X 10_10_5) AppleWebKit/602.2.14 (KHTML, like Gecko) Version/10.0.1 Safari/602.2.14"
212.108.43.59 - - [22/Nov/2016:13:09:57 +0100] "GET /entry.php?id=10271&&ser=816537 HTTP/1.1" 200 987 "http://ed.activities.at/entry.php?id=10271&&ser=816465" "Mozilla/5.0 (Macintosh; Intel Mac OS X 10_10_5) AppleWebKit/602.2.14 (KHTML, like Gecko) Version/10.0.1 Safari/602.2.14"
212.108.43.59 - - [22/Nov/2016:13:09:57 +0100] "GET /gui/javascript/form_form.js?1479816597 HTTP/1.1" 200 16206 "http://ed.activities.at/entry.php?id=10271&&ser=816537" "Mozilla/5.0 (Macintosh; Intel Mac OS X 10_10_5) AppleWebKit/602.2.14 (KHTML, like Gecko) Version/10.0.1 Safari/602.2.14"
212.108.43.59 - - [22/Nov/2016:13:09:58 +0100] "POST /entry.php?id=11687 HTTP/1.1" 200 2576 "http://ed.activities.at/entry.php?id=11687&uploadmode=list&object=false&mode=list&mime=10015786&listview=list" "Mozilla/5.0 (Macintosh; Intel Mac OS X 10_10_5) AppleWebKit/602.2.14 (KHTML, like Gecko) Version/10.0.1 Safari/602.2.14"
212.108.43.59 - - [22/Nov/2016:13:09:59 +0100] "GET /gui/javascript/form_form.js?1479816599 HTTP/1.1" 200 16206 "http://ed.activities.at/entry.php?id=11687" "Mozilla/5.0 (Macintosh; Intel Mac OS X 10_10_5) AppleWebKit/602.2.14 (KHTML, like Gecko) Version/10.0.1 Safari/602.2.14"
212.108.43.59 - - [22/Nov/2016:13:09:59 +0100] "GET /entry.php?id=10778&form=11512&name=list& HTTP/1.1" 200 3556 "http://ed.activities.at/entry.php?id=11687" "Mozilla/5.0 (Macintosh; Intel Mac OS X 10_10_5) AppleWebKit/602.2.14 (KHTML, like Gecko) Version/10.0.1 Safari/602.2.14"
212.108.43.59 - - [22/Nov/2016:13:09:59 +0100] "GET /entry.php?id=10776&form=11512&name=list& HTTP/1.1" 200 1300 "http://ed.activities.at/entry.php?id=11687" "Mozilla/5.0 (Macintosh; Intel Mac OS X 10_10_5) AppleWebKit/602.2.14 (KHTML, like Gecko) Version/10.0.1 Safari/602.2.14"
212.108.43.59 - - [22/Nov/2016:13:09:59 +0100] "GET /entry.php?id=11148&object=10284572&view=thumbnail&width=150&height=150&wrap=false&tmp=true HTTP/1.1" 200 1633 "http://ed.activities.at/entry.php?id=10778&form=11512&name=list&" "Mozilla/5.0 (Macintosh; Intel Mac OS X 10_10_5) AppleWebKit/602.2.14 (KHTML, like Gecko) Version/10.0.1 Safari/602.2.14"
212.108.43.59 - - [22/Nov/2016:13:10:00 +0100] "GET /gui/javascript/form_form.js?1479816600 HTTP/1.1" 200 16206 "http://ed.activities.at/entry.php?id=11148&object=10284572&view=thumbnail&width=150&height=150&wrap=false&tmp=true" "Mozilla/5.0 (Macintosh; Intel Mac OS X 10_10_5) AppleWebKit/602.2.14 (KHTML, like Gecko) Version/10.0.1 Safari/602.2.14"
212.108.43.59 - - [22/Nov/2016:13:10:00 +0100] "GET /cache/emu/images/easy-drivers-retz---au10284572/retzedwebheader830x3007jpg_150_54_0.jpg HTTP/1.1" 200 3414 "http://ed.activities.at/entry.php?id=11148&object=10284572&view=thumbnail&width=150&height=150&wrap=false&tmp=true" "Mozilla/5.0 (Macintosh; Intel Mac OS X 10_10_5) AppleWebKit/602.2.14 (KHTML, like Gecko) Version/10.0.1 Safari/602.2.14"
212.108.43.59 - - [22/Nov/2016:13:10:04 +0100] "POST /entry.php?id=11687 HTTP/1.1" 200 2576 "http://ed.activities.at/entry.php?id=10778&form=11512&name=list&" "Mozilla/5.0 (Macintosh; Intel Mac OS X 10_10_5) AppleWebKit/602.2.14 (KHTML, like Gecko) Version/10.0.1 Safari/602.2.14"
212.108.43.59 - - [22/Nov/2016:13:10:05 +0100] "GET /gui/javascript/form_form.js?1479816605 HTTP/1.1" 200 16206 "http://ed.activities.at/entry.php?id=11687" "Mozilla/5.0 (Macintosh; Intel Mac OS X 10_10_5) AppleWebKit/602.2.14 (KHTML, like Gecko) Version/10.0.1 Safari/602.2.14"
212.108.43.59 - - [22/Nov/2016:13:10:05 +0100] "GET /entry.php?id=10778&form=11512&name=list& HTTP/1.1" 200 3579 "http://ed.activities.at/entry.php?id=11687" "Mozilla/5.0 (Macintosh; Intel Mac OS X 10_10_5) AppleWebKit/602.2.14 (KHTML, like Gecko) Version/10.0.1 Safari/602.2.14"
212.108.43.59 - - [22/Nov/2016:13:10:05 +0100] "GET /entry.php?id=10776&form=11512&name=list& HTTP/1.1" 200 1300 "http://ed.activities.at/entry.php?id=11687" "Mozilla/5.0 (Macintosh; Intel Mac OS X 10_10_5) AppleWebKit/602.2.14 (KHTML, like Gecko) Version/10.0.1 Safari/602.2.14"
212.108.43.59 - - [22/Nov/2016:13:10:05 +0100] "GET /cache/emu/images/easy-drivers-retz---au10284572/retzedwebheader830x3007jpg_150_54_0.jpg HTTP/1.1" 200 3414 "http://ed.activities.at/entry.php?id=11148&object=10284572&view=thumbnail&width=150&height=150&wrap=false&tmp=true" "Mozilla/5.0 (Macintosh; Intel Mac OS X 10_10_5) AppleWebKit/602.2.14 (KHTML, like Gecko) Version/10.0.1 Safari/602.2.14"
212.108.43.59 - - [22/Nov/2016:13:10:05 +0100] "GET /entry.php?id=11148&object=10284572&view=thumbnail&width=150&height=150&wrap=false&tmp=true HTTP/1.1" 200 1634 "http://ed.activities.at/entry.php?id=10778&form=11512&name=list&" "Mozilla/5.0 (Macintosh; Intel Mac OS X 10_10_5) AppleWebKit/602.2.14 (KHTML, like Gecko) Version/10.0.1 Safari/602.2.14"
212.108.43.59 - - [22/Nov/2016:13:10:06 +0100] "GET /gui/javascript/form_form.js?1479816606 HTTP/1.1" 200 16206 "http://ed.activities.at/entry.php?id=11148&object=10284572&view=thumbnail&width=150&height=150&wrap=false&tmp=true" "Mozilla/5.0 (Macintosh; Intel Mac OS X 10_10_5) AppleWebKit/602.2.14 (KHTML, like Gecko) Version/10.0.1 Safari/602.2.14"
212.108.43.59 - - [22/Nov/2016:13:10:06 +0100] "GET /cache/emu/images/easy-drivers-retz---au10284572/retzedwebheader830x3007jpg_150_54_0.jpg HTTP/1.1" 200 3414 "http://ed.activities.at/entry.php?id=11148&object=10284572&view=thumbnail&width=150&height=150&wrap=false&tmp=true" "Mozilla/5.0 (Macintosh; Intel Mac OS X 10_10_5) AppleWebKit/602.2.14 (KHTML, like Gecko) Version/10.0.1 Safari/602.2.14"
212.108.43.59 - - [22/Nov/2016:13:10:12 +0100] "POST /entry.php?id=10704&&but=&object=10253223&class=&tag=&value=&chooserview=menuitemimages&function=&setlist=&t_width=&t_height=&view=menuitemimages HTTP/1.1" 200 2974 "http://ed.activities.at/entry.php?id=10778&form=10549&name=list&" "Mozilla/5.0 (Macintosh; Intel Mac OS X 10_10_5) AppleWebKit/602.2.14 (KHTML, like Gecko) Version/10.0.1 Safari/602.2.14"
212.108.43.59 - - [22/Nov/2016:13:10:12 +0100] "GET /gui/javascript/form_form.js?1479816612 HTTP/1.1" 200 16206 "http://ed.activities.at/entry.php?id=10704&&but=&object=10253223&class=&tag=&value=&chooserview=menuitemimages&function=&setlist=&t_width=&t_height=&view=menuitemimages" "Mozilla/5.0 (Macintosh; Intel Mac OS X 10_10_5) AppleWebKit/602.2.14 (KHTML, like Gecko) Version/10.0.1 Safari/602.2.14"
212.108.43.59 - - [22/Nov/2016:13:10:12 +0100] "GET /entry.php?id=10776&form=10549&name=list& HTTP/1.1" 200 1646 "http://ed.activities.at/entry.php?id=10704&&but=&object=10253223&class=&tag=&value=&chooserview=menuitemimages&function=&setlist=&t_width=&t_height=&view=menuitemimages" "Mozilla/5.0 (Macintosh; Intel Mac OS X 10_10_5) AppleWebKit/602.2.14 (KHTML, like Gecko) Version/10.0.1 Safari/602.2.14"
212.108.43.59 - - [22/Nov/2016:13:10:12 +0100] "GET /entry.php?id=10778&form=10549&name=list& HTTP/1.1" 200 2815 "http://ed.activities.at/entry.php?id=10704&&but=&object=10253223&class=&tag=&value=&chooserview=menuitemimages&function=&setlist=&t_width=&t_height=&view=menuitemimages" "Mozilla/5.0 (Macintosh; Intel Mac OS X 10_10_5) AppleWebKit/602.2.14 (KHTML, like Gecko) Version/10.0.1 Safari/602.2.14"
212.108.43.59 - - [22/Nov/2016:13:10:12 +0100] "POST /entry.php?id=11677 HTTP/1.1" 200 2882 "http://ed.activities.at/entry.php?id=11677" "Mozilla/5.0 (Macintosh; Intel Mac OS X 10_10_5) AppleWebKit/602.2.14 (KHTML, like Gecko) Version/10.0.1 Safari/602.2.14"
212.108.43.59 - - [22/Nov/2016:13:10:13 +0100] "GET /gui/javascript/form_form.js?1479816613 HTTP/1.1" 200 16206 "http://ed.activities.at/entry.php?id=11677" "Mozilla/5.0 (Macintosh; Intel Mac OS X 10_10_5) AppleWebKit/602.2.14 (KHTML, like Gecko) Version/10.0.1 Safari/602.2.14"
212.108.43.59 - - [22/Nov/2016:13:10:13 +0100] "GET /entry.php?id=10778&form=11502&name=image_list& HTTP/1.1" 200 2916 "http://ed.activities.at/entry.php?id=11677" "Mozilla/5.0 (Macintosh; Intel Mac OS X 10_10_5) AppleWebKit/602.2.14 (KHTML, like Gecko) Version/10.0.1 Safari/602.2.14"
212.108.43.59 - - [22/Nov/2016:13:10:13 +0100] "GET /cache/emu/images/easy-drivers-retz---au10284572/retzedwebheader830x3007jpg_16_6_0.jpg HTTP/1.1" 200 759 "http://ed.activities.at/entry.php?id=10778&form=10549&name=list&" "Mozilla/5.0 (Macintosh; Intel Mac OS X 10_10_5) AppleWebKit/602.2.14 (KHTML, like Gecko) Version/10.0.1 Safari/602.2.14"
212.108.43.59 - - [22/Nov/2016:13:10:13 +0100] "GET /entry.php?id=10776&form=11502&name=image_list& HTTP/1.1" 200 1522 "http://ed.activities.at/entry.php?id=11677" "Mozilla/5.0 (Macintosh; Intel Mac OS X 10_10_5) AppleWebKit/602.2.14 (KHTML, like Gecko) Version/10.0.1 Safari/602.2.14"
212.108.43.59 - - [22/Nov/2016:13:10:49 +0100] "GET /entry.php?id=11679 HTTP/1.1" 200 312 "http://ed.activities.at/entry.php?id=10270&__app__=10006038" "Mozilla/5.0 (Macintosh; Intel Mac OS X 10_10_5) AppleWebKit/602.2.14 (KHTML, like Gecko) Version/10.0.1 Safari/602.2.14"
212.108.43.59 - - [22/Nov/2016:13:10:50 +0100] "GET /entry.php?id=10676&title=Portal& HTTP/1.1" 200 1387 "http://ed.activities.at/entry.php?id=11679" "Mozilla/5.0 (Macintosh; Intel Mac OS X 10_10_5) AppleWebKit/602.2.14 (KHTML, like Gecko) Version/10.0.1 Safari/602.2.14"
212.108.43.59 - - [22/Nov/2016:13:10:50 +0100] "GET /gui/javascript/form_form.js?1479816650 HTTP/1.1" 200 16206 "http://ed.activities.at/entry.php?id=10676&title=Portal&" "Mozilla/5.0 (Macintosh; Intel Mac OS X 10_10_5) AppleWebKit/602.2.14 (KHTML, like Gecko) Version/10.0.1 Safari/602.2.14"
212.108.43.59 - - [22/Nov/2016:13:10:50 +0100] "GET /entry.php?id=11677& HTTP/1.1" 200 4453 "http://ed.activities.at/entry.php?id=11679" "Mozilla/5.0 (Macintosh; Intel Mac OS X 10_10_5) AppleWebKit/602.2.14 (KHTML, like Gecko) Version/10.0.1 Safari/602.2.14"
212.108.43.59 - - [22/Nov/2016:13:10:51 +0100] "GET /gui/javascript/form_form.js?1479816651 HTTP/1.1" 200 16206 "http://ed.activities.at/entry.php?id=11677&" "Mozilla/5.0 (Macintosh; Intel Mac OS X 10_10_5) AppleWebKit/602.2.14 (KHTML, like Gecko) Version/10.0.1 Safari/602.2.14"
212.108.43.59 - - [22/Nov/2016:13:10:50 +0100] "GET /entry.php?id=11678& HTTP/1.1" 200 3285 "http://ed.activities.at/entry.php?id=11679" "Mozilla/5.0 (Macintosh; Intel Mac OS X 10_10_5) AppleWebKit/602.2.14 (KHTML, like Gecko) Version/10.0.1 Safari/602.2.14"
212.108.43.59 - - [22/Nov/2016:13:10:51 +0100] "GET /activities/framework/KoolControls/KoolAjax/koolajax.php?8436e354c842500aba3cbaf0584c0c24 HTTP/1.1" 200 4079 "http://ed.activities.at/entry.php?id=11678&" "Mozilla/5.0 (Macintosh; Intel Mac OS X 10_10_5) AppleWebKit/602.2.14 (KHTML, like Gecko) Version/10.0.1 Safari/602.2.14"
212.108.43.59 - - [22/Nov/2016:13:10:51 +0100] "GET /activities/framework/KoolControls/KoolTreeView/kooltreeview.php?c7cd9180e88ffef8e70f13526bb4f5f7 HTTP/1.1" 200 5055 "http://ed.activities.at/entry.php?id=11678&" "Mozilla/5.0 (Macintosh; Intel Mac OS X 10_10_5) AppleWebKit/602.2.14 (KHTML, like Gecko) Version/10.0.1 Safari/602.2.14"
212.108.43.59 - - [22/Nov/2016:13:10:51 +0100] "GET /entry.php?id=11618&&object=&item=&emu_class= HTTP/1.1" 200 1698 "http://ed.activities.at/entry.php?id=11677&" "Mozilla/5.0 (Macintosh; Intel Mac OS X 10_10_5) AppleWebKit/602.2.14 (KHTML, like Gecko) Version/10.0.1 Safari/602.2.14"
212.108.43.59 - - [22/Nov/2016:13:10:51 +0100] "POST /entry.php?id=11677 HTTP/1.1" 200 4505 "http://ed.activities.at/entry.php?id=11677&" "Mozilla/5.0 (Macintosh; Intel Mac OS X 10_10_5) AppleWebKit/602.2.14 (KHTML, like Gecko) Version/10.0.1 Safari/602.2.14"
212.108.43.59 - - [22/Nov/2016:13:10:52 +0100] "GET /gui/javascript/form_form.js?1479816652 HTTP/1.1" 200 16206 "http://ed.activities.at/entry.php?id=11677" "Mozilla/5.0 (Macintosh; Intel Mac OS X 10_10_5) AppleWebKit/602.2.14 (KHTML, like Gecko) Version/10.0.1 Safari/602.2.14"
81.189.93.28 - - [22/Nov/2016:13:10:53 +0100] "GET /entry.php?id=10271&&ser=816592 HTTP/1.1" 200 987 "http://ed.activities.at/entry.php?id=10271&&ser=816531" "Mozilla/5.0 (Windows NT 5.1; rv:50.0) Gecko/20100101 Firefox/50.0"
212.108.43.59 - - [22/Nov/2016:13:10:52 +0100] "POST /entry.php?id=11677 HTTP/1.1" 200 4507 "http://ed.activities.at/entry.php?id=11677" "Mozilla/5.0 (Macintosh; Intel Mac OS X 10_10_5) AppleWebKit/602.2.14 (KHTML, like Gecko) Version/10.0.1 Safari/602.2.14"
81.189.93.28 - - [22/Nov/2016:13:10:53 +0100] "GET /gui/javascript/form_form.js?1479816653 HTTP/1.1" 200 16206 "http://ed.activities.at/entry.php?id=10271&&ser=816592" "Mozilla/5.0 (Windows NT 5.1; rv:50.0) Gecko/20100101 Firefox/50.0"
212.108.43.59 - - [22/Nov/2016:13:10:53 +0100] "GET /gui/javascript/form_form.js?1479816653 HTTP/1.1" 200 16206 "http://ed.activities.at/entry.php?id=11677" "Mozilla/5.0 (Macintosh; Intel Mac OS X 10_10_5) AppleWebKit/602.2.14 (KHTML, like Gecko) Version/10.0.1 Safari/602.2.14"
212.108.43.59 - - [22/Nov/2016:13:10:57 +0100] "GET /entry.php?id=10271&&ser=816597 HTTP/1.1" 200 986 "http://ed.activities.at/entry.php?id=10271&&ser=816537" "Mozilla/5.0 (Macintosh; Intel Mac OS X 10_10_5) AppleWebKit/602.2.14 (KHTML, like Gecko) Version/10.0.1 Safari/602.2.14"
212.108.43.59 - - [22/Nov/2016:13:10:57 +0100] "GET /gui/javascript/form_form.js?1479816657 HTTP/1.1" 200 16206 "http://ed.activities.at/entry.php?id=10271&&ser=816597" "Mozilla/5.0 (Macintosh; Intel Mac OS X 10_10_5) AppleWebKit/602.2.14 (KHTML, like Gecko) Version/10.0.1 Safari/602.2.14"
212.108.43.59 - - [22/Nov/2016:13:11:39 +0100] "GET /entry.php?id=10287&login=1 HTTP/1.1" 200 2974 "http://ed.activities.at/entry.php?id=10273&" "Mozilla/5.0 (Macintosh; Intel Mac OS X 10_10_5) AppleWebKit/602.2.14 (KHTML, like Gecko) Version/10.0.1 Safari/602.2.14"
212.108.43.59 - - [22/Nov/2016:13:11:39 +0100] "GET /gui/javascript/form_form.js?1479816699 HTTP/1.1" 200 16206 "http://ed.activities.at/entry.php?id=10287&login=1" "Mozilla/5.0 (Macintosh; Intel Mac OS X 10_10_5) AppleWebKit/602.2.14 (KHTML, like Gecko) Version/10.0.1 Safari/602.2.14"
212.108.43.59 - - [22/Nov/2016:13:11:45 +0100] "POST /entry.php?id=10287& HTTP/1.1" 200 3030 "http://ed.activities.at/entry.php?id=10287&login=1" "Mozilla/5.0 (Macintosh; Intel Mac OS X 10_10_5) AppleWebKit/602.2.14 (KHTML, like Gecko) Version/10.0.1 Safari/602.2.14"
212.108.43.59 - - [22/Nov/2016:13:11:45 +0100] "GET /gui/javascript/form_form.js?1479816705 HTTP/1.1" 200 16206 "http://ed.activities.at/entry.php?id=10287&" "Mozilla/5.0 (Macintosh; Intel Mac OS X 10_10_5) AppleWebKit/602.2.14 (KHTML, like Gecko) Version/10.0.1 Safari/602.2.14"
212.108.43.59 - - [22/Nov/2016:13:11:45 +0100] "GET /entry.php?id=10271&&ser=816597 HTTP/1.1" 200 987 "http://ed.activities.at/entry.php?id=10271&&ser=816597" "Mozilla/5.0 (Macintosh; Intel Mac OS X 10_10_5) AppleWebKit/602.2.14 (KHTML, like Gecko) Version/10.0.1 Safari/602.2.14"
212.108.43.59 - - [22/Nov/2016:13:11:45 +0100] "GET /gui/javascript/jquery/css/gui-themes/ui.spinner.css HTTP/1.1" 304 - "http://ed.activities.at/entry.php?id=10270" "Mozilla/5.0 (Macintosh; Intel Mac OS X 10_10_5) AppleWebKit/602.2.14 (KHTML, like Gecko) Version/10.0.1 Safari/602.2.14"
212.108.43.59 - - [22/Nov/2016:13:11:45 +0100] "GET /gui/javascript/jquery/css/gui-themes/custom.min.css HTTP/1.1" 304 - "http://ed.activities.at/entry.php?id=10270" "Mozilla/5.0 (Macintosh; Intel Mac OS X 10_10_5) AppleWebKit/602.2.14 (KHTML, like Gecko) Version/10.0.1 Safari/602.2.14"
212.108.43.59 - - [22/Nov/2016:13:11:45 +0100] "GET /gui/styles/tmplDefault.css HTTP/1.1" 304 - "http://ed.activities.at/entry.php?id=10272" "Mozilla/5.0 (Macintosh; Intel Mac OS X 10_10_5) AppleWebKit/602.2.14 (KHTML, like Gecko) Version/10.0.1 Safari/602.2.14"
212.108.43.59 - - [22/Nov/2016:13:11:45 +0100] "GET /gui/javascript/jquery/js/jquery-1.8.2.js HTTP/1.1" 304 - "http://ed.activities.at/entry.php?id=10270" "Mozilla/5.0 (Macintosh; Intel Mac OS X 10_10_5) AppleWebKit/602.2.14 (KHTML, like Gecko) Version/10.0.1 Safari/602.2.14"
212.108.43.59 - - [22/Nov/2016:13:11:45 +0100] "GET /gui/javascript/form_form.js?1479816705 HTTP/1.1" 304 - "http://ed.activities.at/entry.php?id=10287&" "Mozilla/5.0 (Macintosh; Intel Mac OS X 10_10_5) AppleWebKit/602.2.14 (KHTML, like Gecko) Version/10.0.1 Safari/602.2.14"
212.108.43.59 - - [22/Nov/2016:13:11:45 +0100] "GET /gui/javascript/jquery/css/gui-themes/jquery.tooltip.css HTTP/1.1" 304 - "http://ed.activities.at/entry.php?id=10270" "Mozilla/5.0 (Macintosh; Intel Mac OS X 10_10_5) AppleWebKit/602.2.14 (KHTML, like Gecko) Version/10.0.1 Safari/602.2.14"
212.108.43.59 - - [22/Nov/2016:13:11:45 +0100] "GET /gui/javascript/jquery/js/jquery-ui-1.9.0.custom.min.js HTTP/1.1" 304 - "http://ed.activities.at/entry.php?id=10270" "Mozilla/5.0 (Macintosh; Intel Mac OS X 10_10_5) AppleWebKit/602.2.14 (KHTML, like Gecko) Version/10.0.1 Safari/602.2.14"
212.108.43.59 - - [22/Nov/2016:13:11:45 +0100] "GET /gui/javascript/jquery/jquery-tooltip/jquery.tooltip.min.js HTTP/1.1" 304 - "http://ed.activities.at/entry.php?id=10270" "Mozilla/5.0 (Macintosh; Intel Mac OS X 10_10_5) AppleWebKit/602.2.14 (KHTML, like Gecko) Version/10.0.1 Safari/602.2.14"
212.108.43.59 - - [22/Nov/2016:13:11:47 +0100] "GET /entry.php?id=11679 HTTP/1.1" 200 312 "http://ed.activities.at/entry.php?id=10270&__app__=10006038" "Mozilla/5.0 (Macintosh; Intel Mac OS X 10_10_5) AppleWebKit/602.2.14 (KHTML, like Gecko) Version/10.0.1 Safari/602.2.14"
212.108.43.59 - - [22/Nov/2016:13:11:48 +0100] "GET /entry.php?id=11678& HTTP/1.1" 200 3373 "http://ed.activities.at/entry.php?id=11679" "Mozilla/5.0 (Macintosh; Intel Mac OS X 10_10_5) AppleWebKit/602.2.14 (KHTML, like Gecko) Version/10.0.1 Safari/602.2.14"
212.108.43.59 - - [22/Nov/2016:13:11:48 +0100] "GET /entry.php?id=10676&title=Portal& HTTP/1.1" 200 1387 "http://ed.activities.at/entry.php?id=11679" "Mozilla/5.0 (Macintosh; Intel Mac OS X 10_10_5) AppleWebKit/602.2.14 (KHTML, like Gecko) Version/10.0.1 Safari/602.2.14"
212.108.43.59 - - [22/Nov/2016:13:11:48 +0100] "GET /activities/framework/KoolControls/KoolAjax/koolajax.php?8436e354c842500aba3cbaf0584c0c24 HTTP/1.1" 200 4079 "http://ed.activities.at/entry.php?id=11678&" "Mozilla/5.0 (Macintosh; Intel Mac OS X 10_10_5) AppleWebKit/602.2.14 (KHTML, like Gecko) Version/10.0.1 Safari/602.2.14"
212.108.43.59 - - [22/Nov/2016:13:11:48 +0100] "GET /gui/javascript/form_form.js?1479816708 HTTP/1.1" 200 16206 "http://ed.activities.at/entry.php?id=11678&" "Mozilla/5.0 (Macintosh; Intel Mac OS X 10_10_5) AppleWebKit/602.2.14 (KHTML, like Gecko) Version/10.0.1 Safari/602.2.14"
212.108.43.59 - - [22/Nov/2016:13:11:48 +0100] "GET /activities/framework/KoolControls/KoolTreeView/kooltreeview.php?c7cd9180e88ffef8e70f13526bb4f5f7 HTTP/1.1" 200 5055 "http://ed.activities.at/entry.php?id=11678&" "Mozilla/5.0 (Macintosh; Intel Mac OS X 10_10_5) AppleWebKit/602.2.14 (KHTML, like Gecko) Version/10.0.1 Safari/602.2.14"
212.108.43.59 - - [22/Nov/2016:13:11:48 +0100] "GET /entry.php?id=11677& HTTP/1.1" 200 4454 "http://ed.activities.at/entry.php?id=11679" "Mozilla/5.0 (Macintosh; Intel Mac OS X 10_10_5) AppleWebKit/602.2.14 (KHTML, like Gecko) Version/10.0.1 Safari/602.2.14"
212.108.43.59 - - [22/Nov/2016:13:11:49 +0100] "GET /gui/javascript/form_form.js?1479816709 HTTP/1.1" 200 16206 "http://ed.activities.at/entry.php?id=11677&" "Mozilla/5.0 (Macintosh; Intel Mac OS X 10_10_5) AppleWebKit/602.2.14 (KHTML, like Gecko) Version/10.0.1 Safari/602.2.14"
212.108.43.59 - - [22/Nov/2016:13:11:49 +0100] "GET /entry.php?id=11618&&object=&item=&emu_class= HTTP/1.1" 200 1699 "http://ed.activities.at/entry.php?id=11677&" "Mozilla/5.0 (Macintosh; Intel Mac OS X 10_10_5) AppleWebKit/602.2.14 (KHTML, like Gecko) Version/10.0.1 Safari/602.2.14"
212.108.43.59 - - [22/Nov/2016:13:11:50 +0100] "GET /gui/javascript/form_form.js?1479816710 HTTP/1.1" 200 16206 "http://ed.activities.at/entry.php?id=11618&&object=&item=&emu_class=" "Mozilla/5.0 (Macintosh; Intel Mac OS X 10_10_5) AppleWebKit/602.2.14 (KHTML, like Gecko) Version/10.0.1 Safari/602.2.14"
81.189.93.28 - - [22/Nov/2016:13:11:53 +0100] "GET /entry.php?id=10271&&ser=816653 HTTP/1.1" 200 987 "http://ed.activities.at/entry.php?id=10271&&ser=816592" "Mozilla/5.0 (Windows NT 5.1; rv:50.0) Gecko/20100101 Firefox/50.0"
81.189.93.28 - - [22/Nov/2016:13:11:54 +0100] "GET /gui/javascript/form_form.js?1479816713 HTTP/1.1" 200 16206 "http://ed.activities.at/entry.php?id=10271&&ser=816653" "Mozilla/5.0 (Windows NT 5.1; rv:50.0) Gecko/20100101 Firefox/50.0"
212.108.43.59 - - [22/Nov/2016:13:12:45 +0100] "GET /entry.php?id=10271&&ser=816705 HTTP/1.1" 200 987 "http://ed.activities.at/entry.php?id=10271&&ser=816597" "Mozilla/5.0 (Macintosh; Intel Mac OS X 10_10_5) AppleWebKit/602.2.14 (KHTML, like Gecko) Version/10.0.1 Safari/602.2.14"
212.108.43.59 - - [22/Nov/2016:13:12:45 +0100] "GET /gui/javascript/form_form.js?1479816765 HTTP/1.1" 200 16206 "http://ed.activities.at/entry.php?id=10271&&ser=816705" "Mozilla/5.0 (Macintosh; Intel Mac OS X 10_10_5) AppleWebKit/602.2.14 (KHTML, like Gecko) Version/10.0.1 Safari/602.2.14"
81.189.93.28 - - [22/Nov/2016:13:12:54 +0100] "GET /entry.php?id=10271&&ser=816713 HTTP/1.1" 200 987 "http://ed.activities.at/entry.php?id=10271&&ser=816653" "Mozilla/5.0 (Windows NT 5.1; rv:50.0) Gecko/20100101 Firefox/50.0"
81.189.93.28 - - [22/Nov/2016:13:12:54 +0100] "GET /gui/javascript/form_form.js?1479816774 HTTP/1.1" 200 16206 "http://ed.activities.at/entry.php?id=10271&&ser=816713" "Mozilla/5.0 (Windows NT 5.1; rv:50.0) Gecko/20100101 Firefox/50.0"
212.108.43.59 - - [22/Nov/2016:13:13:46 +0100] "GET /entry.php?id=10271&&ser=816765 HTTP/1.1" 200 987 "http://ed.activities.at/entry.php?id=10271&&ser=816705" "Mozilla/5.0 (Macintosh; Intel Mac OS X 10_10_5) AppleWebKit/602.2.14 (KHTML, like Gecko) Version/10.0.1 Safari/602.2.14"
212.108.43.59 - - [22/Nov/2016:13:13:46 +0100] "GET /gui/javascript/form_form.js?1479816826 HTTP/1.1" 200 16206 "http://ed.activities.at/entry.php?id=10271&&ser=816765" "Mozilla/5.0 (Macintosh; Intel Mac OS X 10_10_5) AppleWebKit/602.2.14 (KHTML, like Gecko) Version/10.0.1 Safari/602.2.14"
81.189.93.28 - - [22/Nov/2016:13:13:55 +0100] "GET /entry.php?id=10271&&ser=816774 HTTP/1.1" 200 987 "http://ed.activities.at/entry.php?id=10271&&ser=816713" "Mozilla/5.0 (Windows NT 5.1; rv:50.0) Gecko/20100101 Firefox/50.0"
81.189.93.28 - - [22/Nov/2016:13:13:55 +0100] "GET /gui/javascript/form_form.js?1479816835 HTTP/1.1" 200 16206 "http://ed.activities.at/entry.php?id=10271&&ser=816774" "Mozilla/5.0 (Windows NT 5.1; rv:50.0) Gecko/20100101 Firefox/50.0"
212.108.43.59 - - [22/Nov/2016:13:14:46 +0100] "GET /entry.php?id=10271&&ser=816826 HTTP/1.1" 200 986 "http://ed.activities.at/entry.php?id=10271&&ser=816765" "Mozilla/5.0 (Macintosh; Intel Mac OS X 10_10_5) AppleWebKit/602.2.14 (KHTML, like Gecko) Version/10.0.1 Safari/602.2.14"
212.108.43.59 - - [22/Nov/2016:13:14:46 +0100] "GET /gui/javascript/form_form.js?1479816886 HTTP/1.1" 200 16206 "http://ed.activities.at/entry.php?id=10271&&ser=816826" "Mozilla/5.0 (Macintosh; Intel Mac OS X 10_10_5) AppleWebKit/602.2.14 (KHTML, like Gecko) Version/10.0.1 Safari/602.2.14"
81.189.93.28 - - [22/Nov/2016:13:14:55 +0100] "GET /entry.php?id=10271&&ser=816835 HTTP/1.1" 200 987 "http://ed.activities.at/entry.php?id=10271&&ser=816774" "Mozilla/5.0 (Windows NT 5.1; rv:50.0) Gecko/20100101 Firefox/50.0"
81.189.93.28 - - [22/Nov/2016:13:14:56 +0100] "GET /gui/javascript/form_form.js?1479816895 HTTP/1.1" 200 16206 "http://ed.activities.at/entry.php?id=10271&&ser=816835" "Mozilla/5.0 (Windows NT 5.1; rv:50.0) Gecko/20100101 Firefox/50.0"
212.108.43.59 - - [22/Nov/2016:13:15:47 +0100] "GET /entry.php?id=10271&&ser=816886 HTTP/1.1" 200 987 "http://ed.activities.at/entry.php?id=10271&&ser=816826" "Mozilla/5.0 (Macintosh; Intel Mac OS X 10_10_5) AppleWebKit/602.2.14 (KHTML, like Gecko) Version/10.0.1 Safari/602.2.14"
212.108.43.59 - - [22/Nov/2016:13:15:47 +0100] "GET /gui/javascript/form_form.js?1479816947 HTTP/1.1" 200 16206 "http://ed.activities.at/entry.php?id=10271&&ser=816886" "Mozilla/5.0 (Macintosh; Intel Mac OS X 10_10_5) AppleWebKit/602.2.14 (KHTML, like Gecko) Version/10.0.1 Safari/602.2.14"
81.189.93.28 - - [22/Nov/2016:13:15:56 +0100] "GET /entry.php?id=10271&&ser=816895 HTTP/1.1" 200 987 "http://ed.activities.at/entry.php?id=10271&&ser=816835" "Mozilla/5.0 (Windows NT 5.1; rv:50.0) Gecko/20100101 Firefox/50.0"
81.189.93.28 - - [22/Nov/2016:13:15:56 +0100] "GET /gui/javascript/form_form.js?1479816956 HTTP/1.1" 200 16206 "http://ed.activities.at/entry.php?id=10271&&ser=816895" "Mozilla/5.0 (Windows NT 5.1; rv:50.0) Gecko/20100101 Firefox/50.0"
212.108.43.59 - - [22/Nov/2016:13:16:48 +0100] "GET /entry.php?id=10271&&ser=816947 HTTP/1.1" 200 987 "http://ed.activities.at/entry.php?id=10271&&ser=816886" "Mozilla/5.0 (Macintosh; Intel Mac OS X 10_10_5) AppleWebKit/602.2.14 (KHTML, like Gecko) Version/10.0.1 Safari/602.2.14"
212.108.43.59 - - [22/Nov/2016:13:16:48 +0100] "GET /gui/javascript/form_form.js?1479817008 HTTP/1.1" 200 16206 "http://ed.activities.at/entry.php?id=10271&&ser=816947" "Mozilla/5.0 (Macintosh; Intel Mac OS X 10_10_5) AppleWebKit/602.2.14 (KHTML, like Gecko) Version/10.0.1 Safari/602.2.14"
81.189.93.28 - - [22/Nov/2016:13:16:57 +0100] "GET /entry.php?id=10271&&ser=816956 HTTP/1.1" 200 987 "http://ed.activities.at/entry.php?id=10271&&ser=816895" "Mozilla/5.0 (Windows NT 5.1; rv:50.0) Gecko/20100101 Firefox/50.0"
81.189.93.28 - - [22/Nov/2016:13:16:58 +0100] "GET /gui/javascript/form_form.js?1479817017 HTTP/1.1" 200 16206 "http://ed.activities.at/entry.php?id=10271&&ser=816956" "Mozilla/5.0 (Windows NT 5.1; rv:50.0) Gecko/20100101 Firefox/50.0"
212.108.43.59 - - [22/Nov/2016:13:17:02 +0100] "GET /entry.php?id=10287&login=1 HTTP/1.1" 200 2957 "http://ed.activities.at/entry.php?id=10273&" "Mozilla/5.0 (Macintosh; Intel Mac OS X 10_10_5) AppleWebKit/602.2.14 (KHTML, like Gecko) Version/10.0.1 Safari/602.2.14"
212.108.43.59 - - [22/Nov/2016:13:17:02 +0100] "GET /gui/javascript/form_form.js?1479817022 HTTP/1.1" 200 16206 "http://ed.activities.at/entry.php?id=10287&login=1" "Mozilla/5.0 (Macintosh; Intel Mac OS X 10_10_5) AppleWebKit/602.2.14 (KHTML, like Gecko) Version/10.0.1 Safari/602.2.14"
212.108.43.59 - - [22/Nov/2016:13:17:11 +0100] "POST /entry.php?id=10287& HTTP/1.1" 200 3030 "http://ed.activities.at/entry.php?id=10287&login=1" "Mozilla/5.0 (Macintosh; Intel Mac OS X 10_10_5) AppleWebKit/602.2.14 (KHTML, like Gecko) Version/10.0.1 Safari/602.2.14"
212.108.43.59 - - [22/Nov/2016:13:17:11 +0100] "GET /gui/javascript/form_form.js?1479817031 HTTP/1.1" 200 16206 "http://ed.activities.at/entry.php?id=10287&" "Mozilla/5.0 (Macintosh; Intel Mac OS X 10_10_5) AppleWebKit/602.2.14 (KHTML, like Gecko) Version/10.0.1 Safari/602.2.14"
212.108.43.59 - - [22/Nov/2016:13:17:11 +0100] "GET /entry.php?id=10271&&ser=816947 HTTP/1.1" 200 986 "http://ed.activities.at/entry.php?id=10271&&ser=816947" "Mozilla/5.0 (Macintosh; Intel Mac OS X 10_10_5) AppleWebKit/602.2.14 (KHTML, like Gecko) Version/10.0.1 Safari/602.2.14"
212.108.43.59 - - [22/Nov/2016:13:17:11 +0100] "GET /gui/javascript/form_form.js?1479817031 HTTP/1.1" 304 - "http://ed.activities.at/entry.php?id=10287&" "Mozilla/5.0 (Macintosh; Intel Mac OS X 10_10_5) AppleWebKit/602.2.14 (KHTML, like Gecko) Version/10.0.1 Safari/602.2.14"
212.108.43.59 - - [22/Nov/2016:13:17:11 +0100] "GET /gui/javascript/jquery/css/gui-themes/jquery.tooltip.css HTTP/1.1" 304 - "http://ed.activities.at/entry.php?id=10270" "Mozilla/5.0 (Macintosh; Intel Mac OS X 10_10_5) AppleWebKit/602.2.14 (KHTML, like Gecko) Version/10.0.1 Safari/602.2.14"
212.108.43.59 - - [22/Nov/2016:13:17:11 +0100] "GET /gui/javascript/jquery/css/gui-themes/ui.spinner.css HTTP/1.1" 304 - "http://ed.activities.at/entry.php?id=10270" "Mozilla/5.0 (Macintosh; Intel Mac OS X 10_10_5) AppleWebKit/602.2.14 (KHTML, like Gecko) Version/10.0.1 Safari/602.2.14"
212.108.43.59 - - [22/Nov/2016:13:17:11 +0100] "GET /gui/javascript/jquery/js/jquery-ui-1.9.0.custom.min.js HTTP/1.1" 304 - "http://ed.activities.at/entry.php?id=10270" "Mozilla/5.0 (Macintosh; Intel Mac OS X 10_10_5) AppleWebKit/602.2.14 (KHTML, like Gecko) Version/10.0.1 Safari/602.2.14"
212.108.43.59 - - [22/Nov/2016:13:17:11 +0100] "GET /gui/javascript/jquery/js/jquery-1.8.2.js HTTP/1.1" 304 - "http://ed.activities.at/entry.php?id=10270" "Mozilla/5.0 (Macintosh; Intel Mac OS X 10_10_5) AppleWebKit/602.2.14 (KHTML, like Gecko) Version/10.0.1 Safari/602.2.14"
212.108.43.59 - - [22/Nov/2016:13:17:11 +0100] "GET /gui/javascript/jquery/css/gui-themes/custom.min.css HTTP/1.1" 304 - "http://ed.activities.at/entry.php?id=10270" "Mozilla/5.0 (Macintosh; Intel Mac OS X 10_10_5) AppleWebKit/602.2.14 (KHTML, like Gecko) Version/10.0.1 Safari/602.2.14"
212.108.43.59 - - [22/Nov/2016:13:17:12 +0100] "GET /gui/styles/tmplDefault.css HTTP/1.1" 304 - "http://ed.activities.at/entry.php?id=10272" "Mozilla/5.0 (Macintosh; Intel Mac OS X 10_10_5) AppleWebKit/602.2.14 (KHTML, like Gecko) Version/10.0.1 Safari/602.2.14"
212.108.43.59 - - [22/Nov/2016:13:17:12 +0100] "GET /gui/javascript/jquery/jquery-tooltip/jquery.tooltip.min.js HTTP/1.1" 304 - "http://ed.activities.at/entry.php?id=10270" "Mozilla/5.0 (Macintosh; Intel Mac OS X 10_10_5) AppleWebKit/602.2.14 (KHTML, like Gecko) Version/10.0.1 Safari/602.2.14"
212.108.43.59 - - [22/Nov/2016:13:17:19 +0100] "GET /entry.php?id=11679 HTTP/1.1" 200 312 "http://ed.activities.at/entry.php?id=10270&__app__=10006038" "Mozilla/5.0 (Macintosh; Intel Mac OS X 10_10_5) AppleWebKit/602.2.14 (KHTML, like Gecko) Version/10.0.1 Safari/602.2.14"
212.108.43.59 - - [22/Nov/2016:13:17:20 +0100] "GET /entry.php?id=11678& HTTP/1.1" 200 3374 "http://ed.activities.at/entry.php?id=11679" "Mozilla/5.0 (Macintosh; Intel Mac OS X 10_10_5) AppleWebKit/602.2.14 (KHTML, like Gecko) Version/10.0.1 Safari/602.2.14"
212.108.43.59 - - [22/Nov/2016:13:17:20 +0100] "GET /entry.php?id=10676&title=Portal& HTTP/1.1" 200 1387 "http://ed.activities.at/entry.php?id=11679" "Mozilla/5.0 (Macintosh; Intel Mac OS X 10_10_5) AppleWebKit/602.2.14 (KHTML, like Gecko) Version/10.0.1 Safari/602.2.14"
212.108.43.59 - - [22/Nov/2016:13:17:20 +0100] "GET /activities/framework/KoolControls/KoolAjax/koolajax.php?8436e354c842500aba3cbaf0584c0c24 HTTP/1.1" 200 4079 "http://ed.activities.at/entry.php?id=11678&" "Mozilla/5.0 (Macintosh; Intel Mac OS X 10_10_5) AppleWebKit/602.2.14 (KHTML, like Gecko) Version/10.0.1 Safari/602.2.14"
212.108.43.59 - - [22/Nov/2016:13:17:20 +0100] "GET /gui/javascript/form_form.js?1479817040 HTTP/1.1" 200 16206 "http://ed.activities.at/entry.php?id=11678&" "Mozilla/5.0 (Macintosh; Intel Mac OS X 10_10_5) AppleWebKit/602.2.14 (KHTML, like Gecko) Version/10.0.1 Safari/602.2.14"
212.108.43.59 - - [22/Nov/2016:13:17:20 +0100] "GET /activities/framework/KoolControls/KoolTreeView/kooltreeview.php?c7cd9180e88ffef8e70f13526bb4f5f7 HTTP/1.1" 200 5055 "http://ed.activities.at/entry.php?id=11678&" "Mozilla/5.0 (Macintosh; Intel Mac OS X 10_10_5) AppleWebKit/602.2.14 (KHTML, like Gecko) Version/10.0.1 Safari/602.2.14"
212.108.43.59 - - [22/Nov/2016:13:17:20 +0100] "GET /entry.php?id=11677& HTTP/1.1" 200 4454 "http://ed.activities.at/entry.php?id=11679" "Mozilla/5.0 (Macintosh; Intel Mac OS X 10_10_5) AppleWebKit/602.2.14 (KHTML, like Gecko) Version/10.0.1 Safari/602.2.14"
212.108.43.59 - - [22/Nov/2016:13:17:21 +0100] "GET /gui/javascript/form_form.js?1479817041 HTTP/1.1" 200 16206 "http://ed.activities.at/entry.php?id=11677&" "Mozilla/5.0 (Macintosh; Intel Mac OS X 10_10_5) AppleWebKit/602.2.14 (KHTML, like Gecko) Version/10.0.1 Safari/602.2.14"
212.108.43.59 - - [22/Nov/2016:13:17:21 +0100] "GET /entry.php?id=11618&&object=&item=&emu_class= HTTP/1.1" 200 1699 "http://ed.activities.at/entry.php?id=11677&" "Mozilla/5.0 (Macintosh; Intel Mac OS X 10_10_5) AppleWebKit/602.2.14 (KHTML, like Gecko) Version/10.0.1 Safari/602.2.14"
212.108.43.59 - - [22/Nov/2016:13:17:23 +0100] "POST /entry.php?id=11677 HTTP/1.1" 200 4496 "http://ed.activities.at/entry.php?id=11677&" "Mozilla/5.0 (Macintosh; Intel Mac OS X 10_10_5) AppleWebKit/602.2.14 (KHTML, like Gecko) Version/10.0.1 Safari/602.2.14"
212.108.43.59 - - [22/Nov/2016:13:17:24 +0100] "GET /gui/javascript/form_form.js?1479817043 HTTP/1.1" 200 16206 "http://ed.activities.at/entry.php?id=11677" "Mozilla/5.0 (Macintosh; Intel Mac OS X 10_10_5) AppleWebKit/602.2.14 (KHTML, like Gecko) Version/10.0.1 Safari/602.2.14"
212.108.43.59 - - [22/Nov/2016:13:17:27 +0100] "POST /entry.php?id=11677 HTTP/1.1" 200 5128 "http://ed.activities.at/entry.php?id=11677" "Mozilla/5.0 (Macintosh; Intel Mac OS X 10_10_5) AppleWebKit/602.2.14 (KHTML, like Gecko) Version/10.0.1 Safari/602.2.14"
212.108.43.59 - - [22/Nov/2016:13:17:28 +0100] "GET /gui/javascript/form_form.js?1479817048 HTTP/1.1" 200 16206 "http://ed.activities.at/entry.php?id=11677" "Mozilla/5.0 (Macintosh; Intel Mac OS X 10_10_5) AppleWebKit/602.2.14 (KHTML, like Gecko) Version/10.0.1 Safari/602.2.14"
