213.86.241.133 - - [22/Nov/2016:12:14:27 +0100] "GET /gui/javascript/form_form.js?1479813267 HTTP/1.1" 200 16206 "http://easydrivers.activities.at/entry.php?id=10271&&ser=813207" "Mozilla/5.0 (Windows NT 10.0; WOW64; Trident/7.0; rv:11.0) like Gecko"
81.189.93.28 - - [22/Nov/2016:12:15:00 +0100] "GET /entry.php?id=10271&&ser=813240 HTTP/1.1" 200 987 "http://ed.activities.at/entry.php?id=10271&&ser=813179" "Mozilla/5.0 (Windows NT 5.1; rv:50.0) Gecko/20100101 Firefox/50.0"
81.189.93.28 - - [22/Nov/2016:12:15:00 +0100] "GET /gui/javascript/form_form.js?1479813300 HTTP/1.1" 200 16206 "http://ed.activities.at/entry.php?id=10271&&ser=813240" "Mozilla/5.0 (Windows NT 5.1; rv:50.0) Gecko/20100101 Firefox/50.0"
213.86.241.133 - - [22/Nov/2016:12:15:28 +0100] "GET /entry.php?id=10271&&ser=813267 HTTP/1.1" 200 987 "http://easydrivers.activities.at/entry.php?id=10271&&ser=813207" "Mozilla/5.0 (Windows NT 10.0; WOW64; Trident/7.0; rv:11.0) like Gecko"
213.86.241.133 - - [22/Nov/2016:12:15:28 +0100] "GET /gui/javascript/form_form.js?1479813328 HTTP/1.1" 200 16206 "http://easydrivers.activities.at/entry.php?id=10271&&ser=813267" "Mozilla/5.0 (Windows NT 10.0; WOW64; Trident/7.0; rv:11.0) like Gecko"
81.189.93.28 - - [22/Nov/2016:12:16:01 +0100] "GET /entry.php?id=10271&&ser=813300 HTTP/1.1" 200 986 "http://ed.activities.at/entry.php?id=10271&&ser=813240" "Mozilla/5.0 (Windows NT 5.1; rv:50.0) Gecko/20100101 Firefox/50.0"
81.189.93.28 - - [22/Nov/2016:12:16:01 +0100] "GET /gui/javascript/form_form.js?1479813361 HTTP/1.1" 200 16206 "http://ed.activities.at/entry.php?id=10271&&ser=813300" "Mozilla/5.0 (Windows NT 5.1; rv:50.0) Gecko/20100101 Firefox/50.0"
213.86.241.133 - - [22/Nov/2016:12:16:28 +0100] "GET /entry.php?id=10271&&ser=813328 HTTP/1.1" 200 987 "http://easydrivers.activities.at/entry.php?id=10271&&ser=813267" "Mozilla/5.0 (Windows NT 10.0; WOW64; Trident/7.0; rv:11.0) like Gecko"
213.86.241.133 - - [22/Nov/2016:12:16:28 +0100] "GET /gui/javascript/form_form.js?1479813388 HTTP/1.1" 200 16206 "http://easydrivers.activities.at/entry.php?id=10271&&ser=813328" "Mozilla/5.0 (Windows NT 10.0; WOW64; Trident/7.0; rv:11.0) like Gecko"
81.189.93.28 - - [22/Nov/2016:12:17:02 +0100] "GET /entry.php?id=10271&&ser=813361 HTTP/1.1" 200 987 "http://ed.activities.at/entry.php?id=10271&&ser=813300" "Mozilla/5.0 (Windows NT 5.1; rv:50.0) Gecko/20100101 Firefox/50.0"
81.189.93.28 - - [22/Nov/2016:12:17:02 +0100] "GET /gui/javascript/form_form.js?1479813422 HTTP/1.1" 200 16206 "http://ed.activities.at/entry.php?id=10271&&ser=813361" "Mozilla/5.0 (Windows NT 5.1; rv:50.0) Gecko/20100101 Firefox/50.0"
213.86.241.133 - - [22/Nov/2016:12:17:28 +0100] "GET /entry.php?id=10271&&ser=813388 HTTP/1.1" 200 987 "http://easydrivers.activities.at/entry.php?id=10271&&ser=813328" "Mozilla/5.0 (Windows NT 10.0; WOW64; Trident/7.0; rv:11.0) like Gecko"
213.86.241.133 - - [22/Nov/2016:12:17:29 +0100] "GET /gui/javascript/form_form.js?1479813448 HTTP/1.1" 200 16206 "http://easydrivers.activities.at/entry.php?id=10271&&ser=813388" "Mozilla/5.0 (Windows NT 10.0; WOW64; Trident/7.0; rv:11.0) like Gecko"
81.189.93.28 - - [22/Nov/2016:12:18:02 +0100] "GET /entry.php?id=10271&&ser=813422 HTTP/1.1" 200 987 "http://ed.activities.at/entry.php?id=10271&&ser=813361" "Mozilla/5.0 (Windows NT 5.1; rv:50.0) Gecko/20100101 Firefox/50.0"
81.189.93.28 - - [22/Nov/2016:12:18:02 +0100] "GET /gui/javascript/form_form.js?1479813482 HTTP/1.1" 200 16206 "http://ed.activities.at/entry.php?id=10271&&ser=813422" "Mozilla/5.0 (Windows NT 5.1; rv:50.0) Gecko/20100101 Firefox/50.0"
213.86.241.133 - - [22/Nov/2016:12:18:29 +0100] "GET /entry.php?id=10271&&ser=813448 HTTP/1.1" 200 987 "http://easydrivers.activities.at/entry.php?id=10271&&ser=813388" "Mozilla/5.0 (Windows NT 10.0; WOW64; Trident/7.0; rv:11.0) like Gecko"
213.86.241.133 - - [22/Nov/2016:12:18:29 +0100] "GET /gui/javascript/form_form.js?1479813509 HTTP/1.1" 200 16206 "http://easydrivers.activities.at/entry.php?id=10271&&ser=813448" "Mozilla/5.0 (Windows NT 10.0; WOW64; Trident/7.0; rv:11.0) like Gecko"
81.189.93.28 - - [22/Nov/2016:12:19:03 +0100] "GET /entry.php?id=10271&&ser=813482 HTTP/1.1" 200 987 "http://ed.activities.at/entry.php?id=10271&&ser=813422" "Mozilla/5.0 (Windows NT 5.1; rv:50.0) Gecko/20100101 Firefox/50.0"
81.189.93.28 - - [22/Nov/2016:12:19:03 +0100] "GET /gui/javascript/form_form.js?1479813543 HTTP/1.1" 200 16206 "http://ed.activities.at/entry.php?id=10271&&ser=813482" "Mozilla/5.0 (Windows NT 5.1; rv:50.0) Gecko/20100101 Firefox/50.0"
212.108.43.59 - - [22/Nov/2016:12:19:26 +0100] "GET /entry.php?id=10271&&ser=813095 HTTP/1.1" 200 987 "http://ed.activities.at/entry.php?id=10271&&ser=813034" "Mozilla/5.0 (Macintosh; Intel Mac OS X 10_10_5) AppleWebKit/602.2.14 (KHTML, like Gecko) Version/10.0.1 Safari/602.2.14"
212.108.43.59 - - [22/Nov/2016:12:19:26 +0100] "GET /gui/javascript/form_form.js?1479813566 HTTP/1.1" 200 16206 "http://ed.activities.at/entry.php?id=10271&&ser=813095" "Mozilla/5.0 (Macintosh; Intel Mac OS X 10_10_5) AppleWebKit/602.2.14 (KHTML, like Gecko) Version/10.0.1 Safari/602.2.14"
213.86.241.133 - - [22/Nov/2016:12:19:29 +0100] "GET /entry.php?id=10271&&ser=813509 HTTP/1.1" 200 987 "http://easydrivers.activities.at/entry.php?id=10271&&ser=813448" "Mozilla/5.0 (Windows NT 10.0; WOW64; Trident/7.0; rv:11.0) like Gecko"
213.86.241.133 - - [22/Nov/2016:12:19:29 +0100] "GET /gui/javascript/form_form.js?1479813569 HTTP/1.1" 200 16206 "http://easydrivers.activities.at/entry.php?id=10271&&ser=813509" "Mozilla/5.0 (Windows NT 10.0; WOW64; Trident/7.0; rv:11.0) like Gecko"
81.189.93.28 - - [22/Nov/2016:12:20:03 +0100] "GET /entry.php?id=10271&&ser=813543 HTTP/1.1" 200 987 "http://ed.activities.at/entry.php?id=10271&&ser=813482" "Mozilla/5.0 (Windows NT 5.1; rv:50.0) Gecko/20100101 Firefox/50.0"
81.189.93.28 - - [22/Nov/2016:12:20:04 +0100] "GET /gui/javascript/form_form.js?1479813603 HTTP/1.1" 200 16206 "http://ed.activities.at/entry.php?id=10271&&ser=813543" "Mozilla/5.0 (Windows NT 5.1; rv:50.0) Gecko/20100101 Firefox/50.0"
212.108.43.59 - - [22/Nov/2016:12:20:28 +0100] "GET /entry.php?id=10271&&ser=813566 HTTP/1.1" 200 987 "http://ed.activities.at/entry.php?id=10271&&ser=813095" "Mozilla/5.0 (Macintosh; Intel Mac OS X 10_10_5) AppleWebKit/602.2.14 (KHTML, like Gecko) Version/10.0.1 Safari/602.2.14"
212.108.43.59 - - [22/Nov/2016:12:20:28 +0100] "GET /gui/javascript/form_form.js?1479813628 HTTP/1.1" 200 16206 "http://ed.activities.at/entry.php?id=10271&&ser=813566" "Mozilla/5.0 (Macintosh; Intel Mac OS X 10_10_5) AppleWebKit/602.2.14 (KHTML, like Gecko) Version/10.0.1 Safari/602.2.14"
213.86.241.133 - - [22/Nov/2016:12:20:30 +0100] "GET /entry.php?id=10271&&ser=813569 HTTP/1.1" 200 987 "http://easydrivers.activities.at/entry.php?id=10271&&ser=813509" "Mozilla/5.0 (Windows NT 10.0; WOW64; Trident/7.0; rv:11.0) like Gecko"
213.86.241.133 - - [22/Nov/2016:12:20:30 +0100] "GET /gui/javascript/form_form.js?1479813630 HTTP/1.1" 200 16206 "http://easydrivers.activities.at/entry.php?id=10271&&ser=813569" "Mozilla/5.0 (Windows NT 10.0; WOW64; Trident/7.0; rv:11.0) like Gecko"
81.189.93.28 - - [22/Nov/2016:12:21:04 +0100] "GET /entry.php?id=10271&&ser=813603 HTTP/1.1" 200 987 "http://ed.activities.at/entry.php?id=10271&&ser=813543" "Mozilla/5.0 (Windows NT 5.1; rv:50.0) Gecko/20100101 Firefox/50.0"
81.189.93.28 - - [22/Nov/2016:12:21:04 +0100] "GET /gui/javascript/form_form.js?1479813664 HTTP/1.1" 200 16206 "http://ed.activities.at/entry.php?id=10271&&ser=813603" "Mozilla/5.0 (Windows NT 5.1; rv:50.0) Gecko/20100101 Firefox/50.0"
212.108.43.59 - - [22/Nov/2016:12:21:28 +0100] "GET /entry.php?id=10271&&ser=813628 HTTP/1.1" 200 987 "http://ed.activities.at/entry.php?id=10271&&ser=813566" "Mozilla/5.0 (Macintosh; Intel Mac OS X 10_10_5) AppleWebKit/602.2.14 (KHTML, like Gecko) Version/10.0.1 Safari/602.2.14"
212.108.43.59 - - [22/Nov/2016:12:21:28 +0100] "GET /gui/javascript/form_form.js?1479813688 HTTP/1.1" 200 16206 "http://ed.activities.at/entry.php?id=10271&&ser=813628" "Mozilla/5.0 (Macintosh; Intel Mac OS X 10_10_5) AppleWebKit/602.2.14 (KHTML, like Gecko) Version/10.0.1 Safari/602.2.14"
213.86.241.133 - - [22/Nov/2016:12:21:30 +0100] "GET /entry.php?id=10271&&ser=813630 HTTP/1.1" 200 986 "http://easydrivers.activities.at/entry.php?id=10271&&ser=813569" "Mozilla/5.0 (Windows NT 10.0; WOW64; Trident/7.0; rv:11.0) like Gecko"
213.86.241.133 - - [22/Nov/2016:12:21:30 +0100] "GET /gui/javascript/form_form.js?1479813690 HTTP/1.1" 200 16206 "http://easydrivers.activities.at/entry.php?id=10271&&ser=813630" "Mozilla/5.0 (Windows NT 10.0; WOW64; Trident/7.0; rv:11.0) like Gecko"
81.189.93.28 - - [22/Nov/2016:12:22:05 +0100] "GET /entry.php?id=10271&&ser=813664 HTTP/1.1" 200 987 "http://ed.activities.at/entry.php?id=10271&&ser=813603" "Mozilla/5.0 (Windows NT 5.1; rv:50.0) Gecko/20100101 Firefox/50.0"
81.189.93.28 - - [22/Nov/2016:12:22:05 +0100] "GET /gui/javascript/form_form.js?1479813725 HTTP/1.1" 200 16206 "http://ed.activities.at/entry.php?id=10271&&ser=813664" "Mozilla/5.0 (Windows NT 5.1; rv:50.0) Gecko/20100101 Firefox/50.0"
212.108.43.59 - - [22/Nov/2016:12:22:28 +0100] "GET /entry.php?id=10271&&ser=813688 HTTP/1.1" 200 986 "http://ed.activities.at/entry.php?id=10271&&ser=813628" "Mozilla/5.0 (Macintosh; Intel Mac OS X 10_10_5) AppleWebKit/602.2.14 (KHTML, like Gecko) Version/10.0.1 Safari/602.2.14"
212.108.43.59 - - [22/Nov/2016:12:22:29 +0100] "GET /gui/javascript/form_form.js?1479813748 HTTP/1.1" 200 16206 "http://ed.activities.at/entry.php?id=10271&&ser=813688" "Mozilla/5.0 (Macintosh; Intel Mac OS X 10_10_5) AppleWebKit/602.2.14 (KHTML, like Gecko) Version/10.0.1 Safari/602.2.14"
213.86.241.133 - - [22/Nov/2016:12:22:30 +0100] "GET /entry.php?id=10271&&ser=813690 HTTP/1.1" 200 985 "http://easydrivers.activities.at/entry.php?id=10271&&ser=813630" "Mozilla/5.0 (Windows NT 10.0; WOW64; Trident/7.0; rv:11.0) like Gecko"
213.86.241.133 - - [22/Nov/2016:12:22:31 +0100] "GET /gui/javascript/form_form.js?1479813751 HTTP/1.1" 200 16206 "http://easydrivers.activities.at/entry.php?id=10271&&ser=813690" "Mozilla/5.0 (Windows NT 10.0; WOW64; Trident/7.0; rv:11.0) like Gecko"
81.189.93.28 - - [22/Nov/2016:12:23:05 +0100] "GET /entry.php?id=10271&&ser=813725 HTTP/1.1" 200 986 "http://ed.activities.at/entry.php?id=10271&&ser=813664" "Mozilla/5.0 (Windows NT 5.1; rv:50.0) Gecko/20100101 Firefox/50.0"
81.189.93.28 - - [22/Nov/2016:12:23:05 +0100] "GET /gui/javascript/form_form.js?1479813785 HTTP/1.1" 200 16206 "http://ed.activities.at/entry.php?id=10271&&ser=813725" "Mozilla/5.0 (Windows NT 5.1; rv:50.0) Gecko/20100101 Firefox/50.0"
212.108.43.59 - - [22/Nov/2016:12:23:29 +0100] "GET /entry.php?id=10271&&ser=813748 HTTP/1.1" 200 987 "http://ed.activities.at/entry.php?id=10271&&ser=813688" "Mozilla/5.0 (Macintosh; Intel Mac OS X 10_10_5) AppleWebKit/602.2.14 (KHTML, like Gecko) Version/10.0.1 Safari/602.2.14"
212.108.43.59 - - [22/Nov/2016:12:23:29 +0100] "GET /gui/javascript/form_form.js?1479813809 HTTP/1.1" 200 16206 "http://ed.activities.at/entry.php?id=10271&&ser=813748" "Mozilla/5.0 (Macintosh; Intel Mac OS X 10_10_5) AppleWebKit/602.2.14 (KHTML, like Gecko) Version/10.0.1 Safari/602.2.14"
213.86.241.133 - - [22/Nov/2016:12:23:31 +0100] "GET /entry.php?id=10271&&ser=813751 HTTP/1.1" 200 986 "http://easydrivers.activities.at/entry.php?id=10271&&ser=813690" "Mozilla/5.0 (Windows NT 10.0; WOW64; Trident/7.0; rv:11.0) like Gecko"
213.86.241.133 - - [22/Nov/2016:12:23:31 +0100] "GET /gui/javascript/form_form.js?1479813811 HTTP/1.1" 200 16206 "http://easydrivers.activities.at/entry.php?id=10271&&ser=813751" "Mozilla/5.0 (Windows NT 10.0; WOW64; Trident/7.0; rv:11.0) like Gecko"
213.86.241.133 - - [22/Nov/2016:12:23:55 +0100] "POST /entry.php?id=11671 HTTP/1.1" 200 4965 "http://easydrivers.activities.at/entry.php?id=11671" "Mozilla/5.0 (Windows NT 10.0; WOW64; Trident/7.0; rv:11.0) like Gecko"
213.86.241.133 - - [22/Nov/2016:12:23:55 +0100] "GET /gui/javascript/form_form.js?1479813835 HTTP/1.1" 200 16206 "http://easydrivers.activities.at/entry.php?id=11671" "Mozilla/5.0 (Windows NT 10.0; WOW64; Trident/7.0; rv:11.0) like Gecko"
213.86.241.133 - - [22/Nov/2016:12:23:55 +0100] "GET /entry.php?id=10776&form=11496&name=list& HTTP/1.1" 200 1519 "http://easydrivers.activities.at/entry.php?id=11671" "Mozilla/5.0 (Windows NT 10.0; WOW64; Trident/7.0; rv:11.0) like Gecko"
213.86.241.133 - - [22/Nov/2016:12:23:55 +0100] "GET /entry.php?id=10778&form=11496&name=list& HTTP/1.1" 200 5770 "http://easydrivers.activities.at/entry.php?id=11671" "Mozilla/5.0 (Windows NT 10.0; WOW64; Trident/7.0; rv:11.0) like Gecko"
213.86.241.133 - - [22/Nov/2016:12:23:57 +0100] "POST /entry.php?id=11671 HTTP/1.1" 200 4917 "http://easydrivers.activities.at/entry.php?id=11671" "Mozilla/5.0 (Windows NT 10.0; WOW64; Trident/7.0; rv:11.0) like Gecko"
213.86.241.133 - - [22/Nov/2016:12:23:59 +0100] "GET /gui/javascript/form_form.js?1479813839 HTTP/1.1" 200 16206 "http://easydrivers.activities.at/entry.php?id=11671" "Mozilla/5.0 (Windows NT 10.0; WOW64; Trident/7.0; rv:11.0) like Gecko"
213.86.241.133 - - [22/Nov/2016:12:23:59 +0100] "GET /entry.php?id=10778&form=11496&name=list& HTTP/1.1" 200 5770 "http://easydrivers.activities.at/entry.php?id=11671" "Mozilla/5.0 (Windows NT 10.0; WOW64; Trident/7.0; rv:11.0) like Gecko"
213.86.241.133 - - [22/Nov/2016:12:23:59 +0100] "GET /entry.php?id=10776&form=11496&name=list& HTTP/1.1" 200 1519 "http://easydrivers.activities.at/entry.php?id=11671" "Mozilla/5.0 (Windows NT 10.0; WOW64; Trident/7.0; rv:11.0) like Gecko"
81.189.93.28 - - [22/Nov/2016:12:24:06 +0100] "GET /entry.php?id=10271&&ser=813785 HTTP/1.1" 200 987 "http://ed.activities.at/entry.php?id=10271&&ser=813725" "Mozilla/5.0 (Windows NT 5.1; rv:50.0) Gecko/20100101 Firefox/50.0"
81.189.93.28 - - [22/Nov/2016:12:24:06 +0100] "GET /gui/javascript/form_form.js?1479813846 HTTP/1.1" 200 16206 "http://ed.activities.at/entry.php?id=10271&&ser=813785" "Mozilla/5.0 (Windows NT 5.1; rv:50.0) Gecko/20100101 Firefox/50.0"
212.108.43.59 - - [22/Nov/2016:12:24:29 +0100] "GET /entry.php?id=10271&&ser=813809 HTTP/1.1" 200 987 "http://ed.activities.at/entry.php?id=10271&&ser=813748" "Mozilla/5.0 (Macintosh; Intel Mac OS X 10_10_5) AppleWebKit/602.2.14 (KHTML, like Gecko) Version/10.0.1 Safari/602.2.14"
212.108.43.59 - - [22/Nov/2016:12:24:29 +0100] "GET /gui/javascript/form_form.js?1479813869 HTTP/1.1" 200 16206 "http://ed.activities.at/entry.php?id=10271&&ser=813809" "Mozilla/5.0 (Macintosh; Intel Mac OS X 10_10_5) AppleWebKit/602.2.14 (KHTML, like Gecko) Version/10.0.1 Safari/602.2.14"
213.86.241.133 - - [22/Nov/2016:12:24:31 +0100] "GET /entry.php?id=10271&&ser=813811 HTTP/1.1" 200 986 "http://easydrivers.activities.at/entry.php?id=10271&&ser=813751" "Mozilla/5.0 (Windows NT 10.0; WOW64; Trident/7.0; rv:11.0) like Gecko"
213.86.241.133 - - [22/Nov/2016:12:24:31 +0100] "GET /gui/javascript/form_form.js?1479813871 HTTP/1.1" 200 16206 "http://easydrivers.activities.at/entry.php?id=10271&&ser=813811" "Mozilla/5.0 (Windows NT 10.0; WOW64; Trident/7.0; rv:11.0) like Gecko"
213.86.241.133 - - [22/Nov/2016:12:24:55 +0100] "GET /entry.php?id=11679 HTTP/1.1" 200 312 "http://easydrivers.activities.at/entry.php?id=11412" "Mozilla/5.0 (Windows NT 10.0; WOW64; Trident/7.0; rv:11.0) like Gecko"
213.86.241.133 - - [22/Nov/2016:12:24:55 +0100] "GET /entry.php?id=10676&title=Portal& HTTP/1.1" 200 1387 "http://easydrivers.activities.at/entry.php?id=11679" "Mozilla/5.0 (Windows NT 10.0; WOW64; Trident/7.0; rv:11.0) like Gecko"
213.86.241.133 - - [22/Nov/2016:12:24:55 +0100] "GET /gui/javascript/form_form.js?1479813895 HTTP/1.1" 200 16206 "http://easydrivers.activities.at/entry.php?id=10676&title=Portal&" "Mozilla/5.0 (Windows NT 10.0; WOW64; Trident/7.0; rv:11.0) like Gecko"
213.86.241.133 - - [22/Nov/2016:12:24:55 +0100] "GET /entry.php?id=11678& HTTP/1.1" 200 3173 "http://easydrivers.activities.at/entry.php?id=11679" "Mozilla/5.0 (Windows NT 10.0; WOW64; Trident/7.0; rv:11.0) like Gecko"
213.86.241.133 - - [22/Nov/2016:12:24:56 +0100] "GET /activities/framework/KoolControls/KoolAjax/koolajax.php?8436e354c842500aba3cbaf0584c0c24 HTTP/1.1" 200 4079 "http://easydrivers.activities.at/entry.php?id=11678&" "Mozilla/5.0 (Windows NT 10.0; WOW64; Trident/7.0; rv:11.0) like Gecko"
213.86.241.133 - - [22/Nov/2016:12:24:56 +0100] "GET /gui/javascript/form_form.js?1479813896 HTTP/1.1" 200 16206 "http://easydrivers.activities.at/entry.php?id=11678&" "Mozilla/5.0 (Windows NT 10.0; WOW64; Trident/7.0; rv:11.0) like Gecko"
213.86.241.133 - - [22/Nov/2016:12:24:56 +0100] "GET /activities/framework/KoolControls/KoolTreeView/kooltreeview.php?c7cd9180e88ffef8e70f13526bb4f5f7 HTTP/1.1" 200 5055 "http://easydrivers.activities.at/entry.php?id=11678&" "Mozilla/5.0 (Windows NT 10.0; WOW64; Trident/7.0; rv:11.0) like Gecko"
213.86.241.133 - - [22/Nov/2016:12:24:55 +0100] "GET /entry.php?id=11677& HTTP/1.1" 200 4375 "http://easydrivers.activities.at/entry.php?id=11679" "Mozilla/5.0 (Windows NT 10.0; WOW64; Trident/7.0; rv:11.0) like Gecko"
213.86.241.133 - - [22/Nov/2016:12:24:56 +0100] "GET /entry.php?id=11618&&object=&item=&emu_class= HTTP/1.1" 200 1698 "http://easydrivers.activities.at/entry.php?id=11677&" "Mozilla/5.0 (Windows NT 10.0; WOW64; Trident/7.0; rv:11.0) like Gecko"
213.86.241.133 - - [22/Nov/2016:12:24:58 +0100] "GET /entry.php?id=11673 HTTP/1.1" 200 358 "http://easydrivers.activities.at/entry.php?id=11412" "Mozilla/5.0 (Windows NT 10.0; WOW64; Trident/7.0; rv:11.0) like Gecko"
213.86.241.133 - - [22/Nov/2016:12:24:59 +0100] "GET /entry.php?id=11694& HTTP/1.1" 200 3372 "http://easydrivers.activities.at/entry.php?id=11673" "Mozilla/5.0 (Windows NT 10.0; WOW64; Trident/7.0; rv:11.0) like Gecko"
213.86.241.133 - - [22/Nov/2016:12:24:59 +0100] "GET /activities/framework/KoolControls/KoolAjax/koolajax.php?8436e354c842500aba3cbaf0584c0c24 HTTP/1.1" 200 4079 "http://easydrivers.activities.at/entry.php?id=11694&" "Mozilla/5.0 (Windows NT 10.0; WOW64; Trident/7.0; rv:11.0) like Gecko"
213.86.241.133 - - [22/Nov/2016:12:24:59 +0100] "GET /gui/javascript/form_form.js?1479813899 HTTP/1.1" 200 16206 "http://easydrivers.activities.at/entry.php?id=11694&" "Mozilla/5.0 (Windows NT 10.0; WOW64; Trident/7.0; rv:11.0) like Gecko"
213.86.241.133 - - [22/Nov/2016:12:24:59 +0100] "GET /activities/framework/KoolControls/KoolTreeView/kooltreeview.php?c7cd9180e88ffef8e70f13526bb4f5f7 HTTP/1.1" 200 5055 "http://easydrivers.activities.at/entry.php?id=11694&" "Mozilla/5.0 (Windows NT 10.0; WOW64; Trident/7.0; rv:11.0) like Gecko"
213.86.241.133 - - [22/Nov/2016:12:24:59 +0100] "GET /entry.php?id=11672& HTTP/1.1" 200 2692 "http://easydrivers.activities.at/entry.php?id=11673" "Mozilla/5.0 (Windows NT 10.0; WOW64; Trident/7.0; rv:11.0) like Gecko"
213.86.241.133 - - [22/Nov/2016:12:25:00 +0100] "GET /gui/javascript/form_form.js?1479813900 HTTP/1.1" 200 16206 "http://easydrivers.activities.at/entry.php?id=11672&" "Mozilla/5.0 (Windows NT 10.0; WOW64; Trident/7.0; rv:11.0) like Gecko"
213.86.241.133 - - [22/Nov/2016:12:24:59 +0100] "GET /entry.php?id=11671& HTTP/1.1" 200 4535 "http://easydrivers.activities.at/entry.php?id=11673" "Mozilla/5.0 (Windows NT 10.0; WOW64; Trident/7.0; rv:11.0) like Gecko"
213.86.241.133 - - [22/Nov/2016:12:24:59 +0100] "GET /entry.php?id=10676&&title=F\xfchrerscheinkurse HTTP/1.1" 200 1395 "http://easydrivers.activities.at/entry.php?id=11673" "Mozilla/5.0 (Windows NT 10.0; WOW64; Trident/7.0; rv:11.0) like Gecko"
213.86.241.133 - - [22/Nov/2016:12:25:00 +0100] "GET /entry.php?id=10776&form=11497&name=list& HTTP/1.1" 200 1942 "http://easydrivers.activities.at/entry.php?id=11672&" "Mozilla/5.0 (Windows NT 10.0; WOW64; Trident/7.0; rv:11.0) like Gecko"
213.86.241.133 - - [22/Nov/2016:12:25:00 +0100] "GET /entry.php?id=10776&form=11496&name=list& HTTP/1.1" 200 1526 "http://easydrivers.activities.at/entry.php?id=11671&" "Mozilla/5.0 (Windows NT 10.0; WOW64; Trident/7.0; rv:11.0) like Gecko"
213.86.241.133 - - [22/Nov/2016:12:25:00 +0100] "GET /entry.php?id=10778&form=11497&name=list& HTTP/1.1" 200 9714 "http://easydrivers.activities.at/entry.php?id=11672&" "Mozilla/5.0 (Windows NT 10.0; WOW64; Trident/7.0; rv:11.0) like Gecko"
213.86.241.133 - - [22/Nov/2016:12:25:00 +0100] "GET /entry.php?id=10778&form=11496&name=list& HTTP/1.1" 200 2493 "http://easydrivers.activities.at/entry.php?id=11671&" "Mozilla/5.0 (Windows NT 10.0; WOW64; Trident/7.0; rv:11.0) like Gecko"
81.189.93.28 - - [22/Nov/2016:12:25:06 +0100] "GET /entry.php?id=10271&&ser=813846 HTTP/1.1" 200 986 "http://ed.activities.at/entry.php?id=10271&&ser=813785" "Mozilla/5.0 (Windows NT 5.1; rv:50.0) Gecko/20100101 Firefox/50.0"
81.189.93.28 - - [22/Nov/2016:12:25:07 +0100] "GET /gui/javascript/form_form.js?1479813907 HTTP/1.1" 200 16206 "http://ed.activities.at/entry.php?id=10271&&ser=813846" "Mozilla/5.0 (Windows NT 5.1; rv:50.0) Gecko/20100101 Firefox/50.0"
212.108.43.59 - - [22/Nov/2016:12:25:29 +0100] "GET /entry.php?id=10271&&ser=813869 HTTP/1.1" 200 987 "http://ed.activities.at/entry.php?id=10271&&ser=813809" "Mozilla/5.0 (Macintosh; Intel Mac OS X 10_10_5) AppleWebKit/602.2.14 (KHTML, like Gecko) Version/10.0.1 Safari/602.2.14"
212.108.43.59 - - [22/Nov/2016:12:25:29 +0100] "GET /gui/javascript/form_form.js?1479813929 HTTP/1.1" 200 16206 "http://ed.activities.at/entry.php?id=10271&&ser=813869" "Mozilla/5.0 (Macintosh; Intel Mac OS X 10_10_5) AppleWebKit/602.2.14 (KHTML, like Gecko) Version/10.0.1 Safari/602.2.14"
213.86.241.133 - - [22/Nov/2016:12:25:32 +0100] "GET /entry.php?id=10271&&ser=813871 HTTP/1.1" 200 987 "http://easydrivers.activities.at/entry.php?id=10271&&ser=813811" "Mozilla/5.0 (Windows NT 10.0; WOW64; Trident/7.0; rv:11.0) like Gecko"
213.86.241.133 - - [22/Nov/2016:12:25:32 +0100] "GET /gui/javascript/form_form.js?1479813932 HTTP/1.1" 200 16206 "http://easydrivers.activities.at/entry.php?id=10271&&ser=813871" "Mozilla/5.0 (Windows NT 10.0; WOW64; Trident/7.0; rv:11.0) like Gecko"
81.189.93.28 - - [22/Nov/2016:12:26:07 +0100] "GET /entry.php?id=10271&&ser=813907 HTTP/1.1" 200 987 "http://ed.activities.at/entry.php?id=10271&&ser=813846" "Mozilla/5.0 (Windows NT 5.1; rv:50.0) Gecko/20100101 Firefox/50.0"
81.189.93.28 - - [22/Nov/2016:12:26:07 +0100] "GET /gui/javascript/form_form.js?1479813967 HTTP/1.1" 200 16206 "http://ed.activities.at/entry.php?id=10271&&ser=813907" "Mozilla/5.0 (Windows NT 5.1; rv:50.0) Gecko/20100101 Firefox/50.0"
212.108.43.59 - - [22/Nov/2016:12:26:30 +0100] "GET /entry.php?id=10271&&ser=813929 HTTP/1.1" 200 987 "http://ed.activities.at/entry.php?id=10271&&ser=813869" "Mozilla/5.0 (Macintosh; Intel Mac OS X 10_10_5) AppleWebKit/602.2.14 (KHTML, like Gecko) Version/10.0.1 Safari/602.2.14"
212.108.43.59 - - [22/Nov/2016:12:26:30 +0100] "GET /gui/javascript/form_form.js?1479813990 HTTP/1.1" 200 16206 "http://ed.activities.at/entry.php?id=10271&&ser=813929" "Mozilla/5.0 (Macintosh; Intel Mac OS X 10_10_5) AppleWebKit/602.2.14 (KHTML, like Gecko) Version/10.0.1 Safari/602.2.14"
213.86.241.133 - - [22/Nov/2016:12:26:32 +0100] "GET /entry.php?id=10271&&ser=813932 HTTP/1.1" 200 987 "http://easydrivers.activities.at/entry.php?id=10271&&ser=813871" "Mozilla/5.0 (Windows NT 10.0; WOW64; Trident/7.0; rv:11.0) like Gecko"
213.86.241.133 - - [22/Nov/2016:12:26:32 +0100] "GET /gui/javascript/form_form.js?1479813992 HTTP/1.1" 200 16206 "http://easydrivers.activities.at/entry.php?id=10271&&ser=813932" "Mozilla/5.0 (Windows NT 10.0; WOW64; Trident/7.0; rv:11.0) like Gecko"
81.189.93.28 - - [22/Nov/2016:12:27:08 +0100] "GET /entry.php?id=10271&&ser=813967 HTTP/1.1" 200 987 "http://ed.activities.at/entry.php?id=10271&&ser=813907" "Mozilla/5.0 (Windows NT 5.1; rv:50.0) Gecko/20100101 Firefox/50.0"
81.189.93.28 - - [22/Nov/2016:12:27:08 +0100] "GET /gui/javascript/form_form.js?1479814028 HTTP/1.1" 200 16206 "http://ed.activities.at/entry.php?id=10271&&ser=813967" "Mozilla/5.0 (Windows NT 5.1; rv:50.0) Gecko/20100101 Firefox/50.0"
212.108.43.59 - - [22/Nov/2016:12:27:30 +0100] "GET /entry.php?id=10271&&ser=813990 HTTP/1.1" 200 987 "http://ed.activities.at/entry.php?id=10271&&ser=813929" "Mozilla/5.0 (Macintosh; Intel Mac OS X 10_10_5) AppleWebKit/602.2.14 (KHTML, like Gecko) Version/10.0.1 Safari/602.2.14"
212.108.43.59 - - [22/Nov/2016:12:27:30 +0100] "GET /gui/javascript/form_form.js?1479814050 HTTP/1.1" 200 16206 "http://ed.activities.at/entry.php?id=10271&&ser=813990" "Mozilla/5.0 (Macintosh; Intel Mac OS X 10_10_5) AppleWebKit/602.2.14 (KHTML, like Gecko) Version/10.0.1 Safari/602.2.14"
213.86.241.133 - - [22/Nov/2016:12:27:32 +0100] "GET /entry.php?id=10271&&ser=813992 HTTP/1.1" 200 987 "http://easydrivers.activities.at/entry.php?id=10271&&ser=813932" "Mozilla/5.0 (Windows NT 10.0; WOW64; Trident/7.0; rv:11.0) like Gecko"
213.86.241.133 - - [22/Nov/2016:12:27:33 +0100] "GET /gui/javascript/form_form.js?1479814053 HTTP/1.1" 200 16206 "http://easydrivers.activities.at/entry.php?id=10271&&ser=813992" "Mozilla/5.0 (Windows NT 10.0; WOW64; Trident/7.0; rv:11.0) like Gecko"
213.86.241.133 - - [22/Nov/2016:12:27:57 +0100] "POST /entry.php?id=11672 HTTP/1.1" 200 2704 "http://easydrivers.activities.at/entry.php?id=11672&" "Mozilla/5.0 (Windows NT 10.0; WOW64; Trident/7.0; rv:11.0) like Gecko"
213.86.241.133 - - [22/Nov/2016:12:27:58 +0100] "GET /gui/javascript/form_form.js?1479814078 HTTP/1.1" 200 16206 "http://easydrivers.activities.at/entry.php?id=11672" "Mozilla/5.0 (Windows NT 10.0; WOW64; Trident/7.0; rv:11.0) like Gecko"
213.86.241.133 - - [22/Nov/2016:12:27:58 +0100] "GET /entry.php?id=10776&form=11497&name=list& HTTP/1.1" 200 1940 "http://easydrivers.activities.at/entry.php?id=11672" "Mozilla/5.0 (Windows NT 10.0; WOW64; Trident/7.0; rv:11.0) like Gecko"
213.86.241.133 - - [22/Nov/2016:12:27:58 +0100] "GET /entry.php?id=10778&form=11497&name=list& HTTP/1.1" 200 2902 "http://easydrivers.activities.at/entry.php?id=11672" "Mozilla/5.0 (Windows NT 10.0; WOW64; Trident/7.0; rv:11.0) like Gecko"
81.189.93.28 - - [22/Nov/2016:12:28:08 +0100] "GET /entry.php?id=10271&&ser=814028 HTTP/1.1" 200 987 "http://ed.activities.at/entry.php?id=10271&&ser=813967" "Mozilla/5.0 (Windows NT 5.1; rv:50.0) Gecko/20100101 Firefox/50.0"
81.189.93.28 - - [22/Nov/2016:12:28:08 +0100] "GET /gui/javascript/form_form.js?1479814088 HTTP/1.1" 200 16206 "http://ed.activities.at/entry.php?id=10271&&ser=814028" "Mozilla/5.0 (Windows NT 5.1; rv:50.0) Gecko/20100101 Firefox/50.0"
212.108.43.59 - - [22/Nov/2016:12:28:30 +0100] "GET /entry.php?id=10271&&ser=814050 HTTP/1.1" 200 986 "http://ed.activities.at/entry.php?id=10271&&ser=813990" "Mozilla/5.0 (Macintosh; Intel Mac OS X 10_10_5) AppleWebKit/602.2.14 (KHTML, like Gecko) Version/10.0.1 Safari/602.2.14"
212.108.43.59 - - [22/Nov/2016:12:28:31 +0100] "GET /gui/javascript/form_form.js?1479814111 HTTP/1.1" 200 16206 "http://ed.activities.at/entry.php?id=10271&&ser=814050" "Mozilla/5.0 (Macintosh; Intel Mac OS X 10_10_5) AppleWebKit/602.2.14 (KHTML, like Gecko) Version/10.0.1 Safari/602.2.14"
213.86.241.133 - - [22/Nov/2016:12:28:33 +0100] "GET /entry.php?id=10271&&ser=814053 HTTP/1.1" 200 986 "http://easydrivers.activities.at/entry.php?id=10271&&ser=813992" "Mozilla/5.0 (Windows NT 10.0; WOW64; Trident/7.0; rv:11.0) like Gecko"
213.86.241.133 - - [22/Nov/2016:12:28:33 +0100] "GET /gui/javascript/form_form.js?1479814113 HTTP/1.1" 200 16206 "http://easydrivers.activities.at/entry.php?id=10271&&ser=814053" "Mozilla/5.0 (Windows NT 10.0; WOW64; Trident/7.0; rv:11.0) like Gecko"
81.189.93.28 - - [22/Nov/2016:12:29:09 +0100] "GET /entry.php?id=10271&&ser=814088 HTTP/1.1" 200 987 "http://ed.activities.at/entry.php?id=10271&&ser=814028" "Mozilla/5.0 (Windows NT 5.1; rv:50.0) Gecko/20100101 Firefox/50.0"
81.189.93.28 - - [22/Nov/2016:12:29:09 +0100] "GET /gui/javascript/form_form.js?1479814149 HTTP/1.1" 200 16206 "http://ed.activities.at/entry.php?id=10271&&ser=814088" "Mozilla/5.0 (Windows NT 5.1; rv:50.0) Gecko/20100101 Firefox/50.0"
212.108.43.59 - - [22/Nov/2016:12:29:31 +0100] "GET /entry.php?id=10271&&ser=814111 HTTP/1.1" 200 987 "http://ed.activities.at/entry.php?id=10271&&ser=814050" "Mozilla/5.0 (Macintosh; Intel Mac OS X 10_10_5) AppleWebKit/602.2.14 (KHTML, like Gecko) Version/10.0.1 Safari/602.2.14"
212.108.43.59 - - [22/Nov/2016:12:29:31 +0100] "GET /gui/javascript/form_form.js?1479814171 HTTP/1.1" 200 16206 "http://ed.activities.at/entry.php?id=10271&&ser=814111" "Mozilla/5.0 (Macintosh; Intel Mac OS X 10_10_5) AppleWebKit/602.2.14 (KHTML, like Gecko) Version/10.0.1 Safari/602.2.14"
213.86.241.133 - - [22/Nov/2016:12:29:33 +0100] "GET /entry.php?id=10271&&ser=814113 HTTP/1.1" 200 987 "http://easydrivers.activities.at/entry.php?id=10271&&ser=814053" "Mozilla/5.0 (Windows NT 10.0; WOW64; Trident/7.0; rv:11.0) like Gecko"
213.86.241.133 - - [22/Nov/2016:12:29:33 +0100] "GET /gui/javascript/form_form.js?1479814173 HTTP/1.1" 200 16206 "http://easydrivers.activities.at/entry.php?id=10271&&ser=814113" "Mozilla/5.0 (Windows NT 10.0; WOW64; Trident/7.0; rv:11.0) like Gecko"
81.189.93.28 - - [22/Nov/2016:12:30:09 +0100] "GET /entry.php?id=10271&&ser=814149 HTTP/1.1" 200 987 "http://ed.activities.at/entry.php?id=10271&&ser=814088" "Mozilla/5.0 (Windows NT 5.1; rv:50.0) Gecko/20100101 Firefox/50.0"
81.189.93.28 - - [22/Nov/2016:12:30:09 +0100] "GET /gui/javascript/form_form.js?1479814209 HTTP/1.1" 200 16206 "http://ed.activities.at/entry.php?id=10271&&ser=814149" "Mozilla/5.0 (Windows NT 5.1; rv:50.0) Gecko/20100101 Firefox/50.0"
212.108.43.59 - - [22/Nov/2016:12:30:31 +0100] "GET /entry.php?id=10271&&ser=814171 HTTP/1.1" 200 987 "http://ed.activities.at/entry.php?id=10271&&ser=814111" "Mozilla/5.0 (Macintosh; Intel Mac OS X 10_10_5) AppleWebKit/602.2.14 (KHTML, like Gecko) Version/10.0.1 Safari/602.2.14"
212.108.43.59 - - [22/Nov/2016:12:30:32 +0100] "GET /gui/javascript/form_form.js?1479814232 HTTP/1.1" 200 16206 "http://ed.activities.at/entry.php?id=10271&&ser=814171" "Mozilla/5.0 (Macintosh; Intel Mac OS X 10_10_5) AppleWebKit/602.2.14 (KHTML, like Gecko) Version/10.0.1 Safari/602.2.14"
213.86.241.133 - - [22/Nov/2016:12:30:34 +0100] "GET /entry.php?id=10271&&ser=814173 HTTP/1.1" 200 987 "http://easydrivers.activities.at/entry.php?id=10271&&ser=814113" "Mozilla/5.0 (Windows NT 10.0; WOW64; Trident/7.0; rv:11.0) like Gecko"
213.86.241.133 - - [22/Nov/2016:12:30:34 +0100] "GET /gui/javascript/form_form.js?1479814234 HTTP/1.1" 200 16206 "http://easydrivers.activities.at/entry.php?id=10271&&ser=814173" "Mozilla/5.0 (Windows NT 10.0; WOW64; Trident/7.0; rv:11.0) like Gecko"
81.189.93.28 - - [22/Nov/2016:12:31:10 +0100] "GET /entry.php?id=10271&&ser=814209 HTTP/1.1" 200 987 "http://ed.activities.at/entry.php?id=10271&&ser=814149" "Mozilla/5.0 (Windows NT 5.1; rv:50.0) Gecko/20100101 Firefox/50.0"
81.189.93.28 - - [22/Nov/2016:12:31:10 +0100] "GET /gui/javascript/form_form.js?1479814270 HTTP/1.1" 200 16206 "http://ed.activities.at/entry.php?id=10271&&ser=814209" "Mozilla/5.0 (Windows NT 5.1; rv:50.0) Gecko/20100101 Firefox/50.0"
212.108.43.59 - - [22/Nov/2016:12:31:32 +0100] "GET /entry.php?id=10271&&ser=814232 HTTP/1.1" 200 987 "http://ed.activities.at/entry.php?id=10271&&ser=814171" "Mozilla/5.0 (Macintosh; Intel Mac OS X 10_10_5) AppleWebKit/602.2.14 (KHTML, like Gecko) Version/10.0.1 Safari/602.2.14"
212.108.43.59 - - [22/Nov/2016:12:31:32 +0100] "GET /gui/javascript/form_form.js?1479814292 HTTP/1.1" 200 16206 "http://ed.activities.at/entry.php?id=10271&&ser=814232" "Mozilla/5.0 (Macintosh; Intel Mac OS X 10_10_5) AppleWebKit/602.2.14 (KHTML, like Gecko) Version/10.0.1 Safari/602.2.14"
213.86.241.133 - - [22/Nov/2016:12:31:34 +0100] "GET /entry.php?id=10271&&ser=814234 HTTP/1.1" 200 987 "http://easydrivers.activities.at/entry.php?id=10271&&ser=814173" "Mozilla/5.0 (Windows NT 10.0; WOW64; Trident/7.0; rv:11.0) like Gecko"
213.86.241.133 - - [22/Nov/2016:12:31:34 +0100] "GET /gui/javascript/form_form.js?1479814294 HTTP/1.1" 200 16206 "http://easydrivers.activities.at/entry.php?id=10271&&ser=814234" "Mozilla/5.0 (Windows NT 10.0; WOW64; Trident/7.0; rv:11.0) like Gecko"
81.189.93.28 - - [22/Nov/2016:12:32:10 +0100] "GET /entry.php?id=10271&&ser=814270 HTTP/1.1" 200 987 "http://ed.activities.at/entry.php?id=10271&&ser=814209" "Mozilla/5.0 (Windows NT 5.1; rv:50.0) Gecko/20100101 Firefox/50.0"
81.189.93.28 - - [22/Nov/2016:12:32:11 +0100] "GET /gui/javascript/form_form.js?1479814330 HTTP/1.1" 200 16206 "http://ed.activities.at/entry.php?id=10271&&ser=814270" "Mozilla/5.0 (Windows NT 5.1; rv:50.0) Gecko/20100101 Firefox/50.0"
213.86.241.133 - - [22/Nov/2016:12:32:11 +0100] "POST /entry.php?id=11671 HTTP/1.1" 200 4609 "http://easydrivers.activities.at/entry.php?id=11671&" "Mozilla/5.0 (Windows NT 10.0; WOW64; Trident/7.0; rv:11.0) like Gecko"
213.86.241.133 - - [22/Nov/2016:12:32:11 +0100] "GET /gui/javascript/form_form.js?1479814331 HTTP/1.1" 200 16206 "http://easydrivers.activities.at/entry.php?id=11671" "Mozilla/5.0 (Windows NT 10.0; WOW64; Trident/7.0; rv:11.0) like Gecko"
213.86.241.133 - - [22/Nov/2016:12:32:12 +0100] "GET /entry.php?id=10778&form=11496&name=list& HTTP/1.1" 200 5590 "http://easydrivers.activities.at/entry.php?id=11671" "Mozilla/5.0 (Windows NT 10.0; WOW64; Trident/7.0; rv:11.0) like Gecko"
213.86.241.133 - - [22/Nov/2016:12:32:12 +0100] "GET /entry.php?id=10776&form=11496&name=list& HTTP/1.1" 200 1519 "http://easydrivers.activities.at/entry.php?id=11671" "Mozilla/5.0 (Windows NT 10.0; WOW64; Trident/7.0; rv:11.0) like Gecko"
212.108.43.59 - - [22/Nov/2016:12:32:32 +0100] "GET /entry.php?id=10271&&ser=814292 HTTP/1.1" 200 987 "http://ed.activities.at/entry.php?id=10271&&ser=814232" "Mozilla/5.0 (Macintosh; Intel Mac OS X 10_10_5) AppleWebKit/602.2.14 (KHTML, like Gecko) Version/10.0.1 Safari/602.2.14"
212.108.43.59 - - [22/Nov/2016:12:32:32 +0100] "GET /gui/javascript/form_form.js?1479814352 HTTP/1.1" 200 16206 "http://ed.activities.at/entry.php?id=10271&&ser=814292" "Mozilla/5.0 (Macintosh; Intel Mac OS X 10_10_5) AppleWebKit/602.2.14 (KHTML, like Gecko) Version/10.0.1 Safari/602.2.14"
213.86.241.133 - - [22/Nov/2016:12:32:34 +0100] "GET /entry.php?id=10271&&ser=814294 HTTP/1.1" 200 987 "http://easydrivers.activities.at/entry.php?id=10271&&ser=814234" "Mozilla/5.0 (Windows NT 10.0; WOW64; Trident/7.0; rv:11.0) like Gecko"
213.86.241.133 - - [22/Nov/2016:12:32:35 +0100] "GET /gui/javascript/form_form.js?1479814355 HTTP/1.1" 200 16206 "http://easydrivers.activities.at/entry.php?id=10271&&ser=814294" "Mozilla/5.0 (Windows NT 10.0; WOW64; Trident/7.0; rv:11.0) like Gecko"
81.189.93.28 - - [22/Nov/2016:12:33:11 +0100] "GET /entry.php?id=10271&&ser=814330 HTTP/1.1" 200 986 "http://ed.activities.at/entry.php?id=10271&&ser=814270" "Mozilla/5.0 (Windows NT 5.1; rv:50.0) Gecko/20100101 Firefox/50.0"
81.189.93.28 - - [22/Nov/2016:12:33:11 +0100] "GET /gui/javascript/form_form.js?1479814391 HTTP/1.1" 200 16206 "http://ed.activities.at/entry.php?id=10271&&ser=814330" "Mozilla/5.0 (Windows NT 5.1; rv:50.0) Gecko/20100101 Firefox/50.0"
212.108.43.59 - - [22/Nov/2016:12:33:32 +0100] "GET /entry.php?id=10271&&ser=814352 HTTP/1.1" 200 986 "http://ed.activities.at/entry.php?id=10271&&ser=814292" "Mozilla/5.0 (Macintosh; Intel Mac OS X 10_10_5) AppleWebKit/602.2.14 (KHTML, like Gecko) Version/10.0.1 Safari/602.2.14"
212.108.43.59 - - [22/Nov/2016:12:33:33 +0100] "GET /gui/javascript/form_form.js?1479814413 HTTP/1.1" 200 16206 "http://ed.activities.at/entry.php?id=10271&&ser=814352" "Mozilla/5.0 (Macintosh; Intel Mac OS X 10_10_5) AppleWebKit/602.2.14 (KHTML, like Gecko) Version/10.0.1 Safari/602.2.14"
213.86.241.133 - - [22/Nov/2016:12:33:35 +0100] "GET /entry.php?id=10271&&ser=814355 HTTP/1.1" 200 986 "http://easydrivers.activities.at/entry.php?id=10271&&ser=814294" "Mozilla/5.0 (Windows NT 10.0; WOW64; Trident/7.0; rv:11.0) like Gecko"
213.86.241.133 - - [22/Nov/2016:12:33:35 +0100] "GET /gui/javascript/form_form.js?1479814415 HTTP/1.1" 200 16206 "http://easydrivers.activities.at/entry.php?id=10271&&ser=814355" "Mozilla/5.0 (Windows NT 10.0; WOW64; Trident/7.0; rv:11.0) like Gecko"
81.189.93.28 - - [22/Nov/2016:12:34:11 +0100] "GET /entry.php?id=10271&&ser=814391 HTTP/1.1" 200 987 "http://ed.activities.at/entry.php?id=10271&&ser=814330" "Mozilla/5.0 (Windows NT 5.1; rv:50.0) Gecko/20100101 Firefox/50.0"
81.189.93.28 - - [22/Nov/2016:12:34:12 +0100] "GET /gui/javascript/form_form.js?1479814452 HTTP/1.1" 200 16206 "http://ed.activities.at/entry.php?id=10271&&ser=814391" "Mozilla/5.0 (Windows NT 5.1; rv:50.0) Gecko/20100101 Firefox/50.0"
212.108.43.59 - - [22/Nov/2016:12:34:33 +0100] "GET /entry.php?id=10271&&ser=814413 HTTP/1.1" 200 985 "http://ed.activities.at/entry.php?id=10271&&ser=814352" "Mozilla/5.0 (Macintosh; Intel Mac OS X 10_10_5) AppleWebKit/602.2.14 (KHTML, like Gecko) Version/10.0.1 Safari/602.2.14"
212.108.43.59 - - [22/Nov/2016:12:34:33 +0100] "GET /gui/javascript/form_form.js?1479814473 HTTP/1.1" 200 16206 "http://ed.activities.at/entry.php?id=10271&&ser=814413" "Mozilla/5.0 (Macintosh; Intel Mac OS X 10_10_5) AppleWebKit/602.2.14 (KHTML, like Gecko) Version/10.0.1 Safari/602.2.14"
213.86.241.133 - - [22/Nov/2016:12:34:35 +0100] "GET /entry.php?id=10271&&ser=814415 HTTP/1.1" 200 986 "http://easydrivers.activities.at/entry.php?id=10271&&ser=814355" "Mozilla/5.0 (Windows NT 10.0; WOW64; Trident/7.0; rv:11.0) like Gecko"
213.86.241.133 - - [22/Nov/2016:12:34:35 +0100] "GET /gui/javascript/form_form.js?1479814475 HTTP/1.1" 200 16206 "http://easydrivers.activities.at/entry.php?id=10271&&ser=814415" "Mozilla/5.0 (Windows NT 10.0; WOW64; Trident/7.0; rv:11.0) like Gecko"
81.189.93.28 - - [22/Nov/2016:12:35:12 +0100] "GET /entry.php?id=10271&&ser=814452 HTTP/1.1" 200 987 "http://ed.activities.at/entry.php?id=10271&&ser=814391" "Mozilla/5.0 (Windows NT 5.1; rv:50.0) Gecko/20100101 Firefox/50.0"
81.189.93.28 - - [22/Nov/2016:12:35:12 +0100] "GET /gui/javascript/form_form.js?1479814512 HTTP/1.1" 200 16206 "http://ed.activities.at/entry.php?id=10271&&ser=814452" "Mozilla/5.0 (Windows NT 5.1; rv:50.0) Gecko/20100101 Firefox/50.0"
212.108.43.59 - - [22/Nov/2016:12:35:33 +0100] "GET /entry.php?id=10271&&ser=814473 HTTP/1.1" 200 987 "http://ed.activities.at/entry.php?id=10271&&ser=814413" "Mozilla/5.0 (Macintosh; Intel Mac OS X 10_10_5) AppleWebKit/602.2.14 (KHTML, like Gecko) Version/10.0.1 Safari/602.2.14"
212.108.43.59 - - [22/Nov/2016:12:35:33 +0100] "GET /gui/javascript/form_form.js?1479814533 HTTP/1.1" 200 16206 "http://ed.activities.at/entry.php?id=10271&&ser=814473" "Mozilla/5.0 (Macintosh; Intel Mac OS X 10_10_5) AppleWebKit/602.2.14 (KHTML, like Gecko) Version/10.0.1 Safari/602.2.14"
213.86.241.133 - - [22/Nov/2016:12:35:36 +0100] "GET /entry.php?id=10271&&ser=814475 HTTP/1.1" 200 987 "http://easydrivers.activities.at/entry.php?id=10271&&ser=814415" "Mozilla/5.0 (Windows NT 10.0; WOW64; Trident/7.0; rv:11.0) like Gecko"
213.86.241.133 - - [22/Nov/2016:12:35:36 +0100] "GET /gui/javascript/form_form.js?1479814536 HTTP/1.1" 200 16206 "http://easydrivers.activities.at/entry.php?id=10271&&ser=814475" "Mozilla/5.0 (Windows NT 10.0; WOW64; Trident/7.0; rv:11.0) like Gecko"
81.189.93.28 - - [22/Nov/2016:12:36:13 +0100] "GET /entry.php?id=10271&&ser=814512 HTTP/1.1" 200 987 "http://ed.activities.at/entry.php?id=10271&&ser=814452" "Mozilla/5.0 (Windows NT 5.1; rv:50.0) Gecko/20100101 Firefox/50.0"
81.189.93.28 - - [22/Nov/2016:12:36:13 +0100] "GET /gui/javascript/form_form.js?1479814573 HTTP/1.1" 200 16206 "http://ed.activities.at/entry.php?id=10271&&ser=814512" "Mozilla/5.0 (Windows NT 5.1; rv:50.0) Gecko/20100101 Firefox/50.0"
212.108.43.59 - - [22/Nov/2016:12:36:33 +0100] "GET /entry.php?id=10271&&ser=814533 HTTP/1.1" 200 987 "http://ed.activities.at/entry.php?id=10271&&ser=814473" "Mozilla/5.0 (Macintosh; Intel Mac OS X 10_10_5) AppleWebKit/602.2.14 (KHTML, like Gecko) Version/10.0.1 Safari/602.2.14"
212.108.43.59 - - [22/Nov/2016:12:36:34 +0100] "GET /gui/javascript/form_form.js?1479814593 HTTP/1.1" 200 16206 "http://ed.activities.at/entry.php?id=10271&&ser=814533" "Mozilla/5.0 (Macintosh; Intel Mac OS X 10_10_5) AppleWebKit/602.2.14 (KHTML, like Gecko) Version/10.0.1 Safari/602.2.14"
213.86.241.133 - - [22/Nov/2016:12:36:36 +0100] "GET /entry.php?id=10271&&ser=814536 HTTP/1.1" 200 987 "http://easydrivers.activities.at/entry.php?id=10271&&ser=814475" "Mozilla/5.0 (Windows NT 10.0; WOW64; Trident/7.0; rv:11.0) like Gecko"
213.86.241.133 - - [22/Nov/2016:12:36:36 +0100] "GET /gui/javascript/form_form.js?1479814596 HTTP/1.1" 200 16206 "http://easydrivers.activities.at/entry.php?id=10271&&ser=814536" "Mozilla/5.0 (Windows NT 10.0; WOW64; Trident/7.0; rv:11.0) like Gecko"
81.189.93.28 - - [22/Nov/2016:12:37:13 +0100] "GET /entry.php?id=10271&&ser=814573 HTTP/1.1" 200 987 "http://ed.activities.at/entry.php?id=10271&&ser=814512" "Mozilla/5.0 (Windows NT 5.1; rv:50.0) Gecko/20100101 Firefox/50.0"
81.189.93.28 - - [22/Nov/2016:12:37:14 +0100] "GET /gui/javascript/form_form.js?1479814634 HTTP/1.1" 200 16206 "http://ed.activities.at/entry.php?id=10271&&ser=814573" "Mozilla/5.0 (Windows NT 5.1; rv:50.0) Gecko/20100101 Firefox/50.0"
212.108.43.59 - - [22/Nov/2016:12:37:34 +0100] "GET /entry.php?id=10271&&ser=814593 HTTP/1.1" 200 987 "http://ed.activities.at/entry.php?id=10271&&ser=814533" "Mozilla/5.0 (Macintosh; Intel Mac OS X 10_10_5) AppleWebKit/602.2.14 (KHTML, like Gecko) Version/10.0.1 Safari/602.2.14"
212.108.43.59 - - [22/Nov/2016:12:37:34 +0100] "GET /gui/javascript/form_form.js?1479814654 HTTP/1.1" 200 16206 "http://ed.activities.at/entry.php?id=10271&&ser=814593" "Mozilla/5.0 (Macintosh; Intel Mac OS X 10_10_5) AppleWebKit/602.2.14 (KHTML, like Gecko) Version/10.0.1 Safari/602.2.14"
213.86.241.133 - - [22/Nov/2016:12:37:36 +0100] "GET /entry.php?id=10271&&ser=814596 HTTP/1.1" 200 986 "http://easydrivers.activities.at/entry.php?id=10271&&ser=814536" "Mozilla/5.0 (Windows NT 10.0; WOW64; Trident/7.0; rv:11.0) like Gecko"
213.86.241.133 - - [22/Nov/2016:12:37:37 +0100] "GET /gui/javascript/form_form.js?1479814657 HTTP/1.1" 200 16206 "http://easydrivers.activities.at/entry.php?id=10271&&ser=814596" "Mozilla/5.0 (Windows NT 10.0; WOW64; Trident/7.0; rv:11.0) like Gecko"
213.86.241.133 - - [22/Nov/2016:12:38:13 +0100] "GET /entry.php?id=10287&login=1 HTTP/1.1" 200 1873 "http://easydrivers.activities.at/entry.php?id=11412" "Mozilla/5.0 (Windows NT 10.0; WOW64; Trident/7.0; rv:11.0) like Gecko"
213.86.241.133 - - [22/Nov/2016:12:38:14 +0100] "GET /gui/javascript/form_form.js?1479814694 HTTP/1.1" 200 16206 "http://easydrivers.activities.at/entry.php?id=10287&login=1" "Mozilla/5.0 (Windows NT 10.0; WOW64; Trident/7.0; rv:11.0) like Gecko"
81.189.93.28 - - [22/Nov/2016:12:38:14 +0100] "GET /entry.php?id=10271&&ser=814634 HTTP/1.1" 200 987 "http://ed.activities.at/entry.php?id=10271&&ser=814573" "Mozilla/5.0 (Windows NT 5.1; rv:50.0) Gecko/20100101 Firefox/50.0"
81.189.93.28 - - [22/Nov/2016:12:38:14 +0100] "GET /gui/javascript/form_form.js?1479814694 HTTP/1.1" 200 16206 "http://ed.activities.at/entry.php?id=10271&&ser=814634" "Mozilla/5.0 (Windows NT 5.1; rv:50.0) Gecko/20100101 Firefox/50.0"
213.86.241.133 - - [22/Nov/2016:12:38:15 +0100] "POST /entry.php?id=10287& HTTP/1.1" 200 2428 "http://easydrivers.activities.at/entry.php?id=10287&login=1" "Mozilla/5.0 (Windows NT 10.0; WOW64; Trident/7.0; rv:11.0) like Gecko"
213.86.241.133 - - [22/Nov/2016:12:38:16 +0100] "GET /gui/javascript/form_form.js?1479814696 HTTP/1.1" 200 16206 "http://easydrivers.activities.at/entry.php?id=10287&" "Mozilla/5.0 (Windows NT 10.0; WOW64; Trident/7.0; rv:11.0) like Gecko"
213.86.241.133 - - [22/Nov/2016:12:38:16 +0100] "GET /entry.php?id=10270& HTTP/1.1" 200 908 "http://easydrivers.activities.at/layout.php" "Mozilla/5.0 (Windows NT 10.0; WOW64; Trident/7.0; rv:11.0) like Gecko"
213.86.241.133 - - [22/Nov/2016:12:38:16 +0100] "GET /entry.php?id=10273&logout=true& HTTP/1.1" 200 1912 "http://easydrivers.activities.at/layout.php" "Mozilla/5.0 (Windows NT 10.0; WOW64; Trident/7.0; rv:11.0) like Gecko"
212.108.43.59 - - [22/Nov/2016:12:38:34 +0100] "GET /entry.php?id=10271&&ser=814654 HTTP/1.1" 200 986 "http://ed.activities.at/entry.php?id=10271&&ser=814593" "Mozilla/5.0 (Macintosh; Intel Mac OS X 10_10_5) AppleWebKit/602.2.14 (KHTML, like Gecko) Version/10.0.1 Safari/602.2.14"
212.108.43.59 - - [22/Nov/2016:12:38:34 +0100] "GET /gui/javascript/form_form.js?1479814714 HTTP/1.1" 200 16206 "http://ed.activities.at/entry.php?id=10271&&ser=814654" "Mozilla/5.0 (Macintosh; Intel Mac OS X 10_10_5) AppleWebKit/602.2.14 (KHTML, like Gecko) Version/10.0.1 Safari/602.2.14"
81.189.93.28 - - [22/Nov/2016:12:39:15 +0100] "GET /entry.php?id=10271&&ser=814694 HTTP/1.1" 200 986 "http://ed.activities.at/entry.php?id=10271&&ser=814634" "Mozilla/5.0 (Windows NT 5.1; rv:50.0) Gecko/20100101 Firefox/50.0"
81.189.93.28 - - [22/Nov/2016:12:39:15 +0100] "GET /gui/javascript/form_form.js?1479814755 HTTP/1.1" 200 16206 "http://ed.activities.at/entry.php?id=10271&&ser=814694" "Mozilla/5.0 (Windows NT 5.1; rv:50.0) Gecko/20100101 Firefox/50.0"
212.108.43.59 - - [22/Nov/2016:12:39:34 +0100] "GET /entry.php?id=10271&&ser=814714 HTTP/1.1" 200 986 "http://ed.activities.at/entry.php?id=10271&&ser=814654" "Mozilla/5.0 (Macintosh; Intel Mac OS X 10_10_5) AppleWebKit/602.2.14 (KHTML, like Gecko) Version/10.0.1 Safari/602.2.14"
212.108.43.59 - - [22/Nov/2016:12:39:34 +0100] "GET /gui/javascript/form_form.js?1479814774 HTTP/1.1" 200 16206 "http://ed.activities.at/entry.php?id=10271&&ser=814714" "Mozilla/5.0 (Macintosh; Intel Mac OS X 10_10_5) AppleWebKit/602.2.14 (KHTML, like Gecko) Version/10.0.1 Safari/602.2.14"
81.189.93.28 - - [22/Nov/2016:12:40:15 +0100] "GET /entry.php?id=10271&&ser=814755 HTTP/1.1" 200 986 "http://ed.activities.at/entry.php?id=10271&&ser=814694" "Mozilla/5.0 (Windows NT 5.1; rv:50.0) Gecko/20100101 Firefox/50.0"
81.189.93.28 - - [22/Nov/2016:12:40:16 +0100] "GET /gui/javascript/form_form.js?1479814815 HTTP/1.1" 200 16206 "http://ed.activities.at/entry.php?id=10271&&ser=814755" "Mozilla/5.0 (Windows NT 5.1; rv:50.0) Gecko/20100101 Firefox/50.0"
212.108.43.59 - - [22/Nov/2016:12:40:35 +0100] "GET /entry.php?id=10271&&ser=814774 HTTP/1.1" 200 987 "http://ed.activities.at/entry.php?id=10271&&ser=814714" "Mozilla/5.0 (Macintosh; Intel Mac OS X 10_10_5) AppleWebKit/602.2.14 (KHTML, like Gecko) Version/10.0.1 Safari/602.2.14"
212.108.43.59 - - [22/Nov/2016:12:40:35 +0100] "GET /gui/javascript/form_form.js?1479814835 HTTP/1.1" 200 16206 "http://ed.activities.at/entry.php?id=10271&&ser=814774" "Mozilla/5.0 (Macintosh; Intel Mac OS X 10_10_5) AppleWebKit/602.2.14 (KHTML, like Gecko) Version/10.0.1 Safari/602.2.14"
81.189.93.28 - - [22/Nov/2016:12:41:16 +0100] "GET /entry.php?id=10271&&ser=814815 HTTP/1.1" 200 987 "http://ed.activities.at/entry.php?id=10271&&ser=814755" "Mozilla/5.0 (Windows NT 5.1; rv:50.0) Gecko/20100101 Firefox/50.0"
81.189.93.28 - - [22/Nov/2016:12:41:16 +0100] "GET /gui/javascript/form_form.js?1479814876 HTTP/1.1" 200 16206 "http://ed.activities.at/entry.php?id=10271&&ser=814815" "Mozilla/5.0 (Windows NT 5.1; rv:50.0) Gecko/20100101 Firefox/50.0"
212.108.43.59 - - [22/Nov/2016:12:41:35 +0100] "GET /entry.php?id=10271&&ser=814835 HTTP/1.1" 200 987 "http://ed.activities.at/entry.php?id=10271&&ser=814774" "Mozilla/5.0 (Macintosh; Intel Mac OS X 10_10_5) AppleWebKit/602.2.14 (KHTML, like Gecko) Version/10.0.1 Safari/602.2.14"
212.108.43.59 - - [22/Nov/2016:12:41:35 +0100] "GET /gui/javascript/form_form.js?1479814895 HTTP/1.1" 200 16206 "http://ed.activities.at/entry.php?id=10271&&ser=814835" "Mozilla/5.0 (Macintosh; Intel Mac OS X 10_10_5) AppleWebKit/602.2.14 (KHTML, like Gecko) Version/10.0.1 Safari/602.2.14"
81.189.93.28 - - [22/Nov/2016:12:42:17 +0100] "GET /entry.php?id=10271&&ser=814876 HTTP/1.1" 200 987 "http://ed.activities.at/entry.php?id=10271&&ser=814815" "Mozilla/5.0 (Windows NT 5.1; rv:50.0) Gecko/20100101 Firefox/50.0"
81.189.93.28 - - [22/Nov/2016:12:42:18 +0100] "GET /gui/javascript/form_form.js?1479814937 HTTP/1.1" 200 16206 "http://ed.activities.at/entry.php?id=10271&&ser=814876" "Mozilla/5.0 (Windows NT 5.1; rv:50.0) Gecko/20100101 Firefox/50.0"
212.108.43.59 - - [22/Nov/2016:12:42:35 +0100] "GET /entry.php?id=10271&&ser=814895 HTTP/1.1" 200 987 "http://ed.activities.at/entry.php?id=10271&&ser=814835" "Mozilla/5.0 (Macintosh; Intel Mac OS X 10_10_5) AppleWebKit/602.2.14 (KHTML, like Gecko) Version/10.0.1 Safari/602.2.14"
212.108.43.59 - - [22/Nov/2016:12:42:35 +0100] "GET /gui/javascript/form_form.js?1479814955 HTTP/1.1" 200 16206 "http://ed.activities.at/entry.php?id=10271&&ser=814895" "Mozilla/5.0 (Macintosh; Intel Mac OS X 10_10_5) AppleWebKit/602.2.14 (KHTML, like Gecko) Version/10.0.1 Safari/602.2.14"
81.189.93.28 - - [22/Nov/2016:12:43:19 +0100] "GET /entry.php?id=10271&&ser=814937 HTTP/1.1" 200 987 "http://ed.activities.at/entry.php?id=10271&&ser=814876" "Mozilla/5.0 (Windows NT 5.1; rv:50.0) Gecko/20100101 Firefox/50.0"
81.189.93.28 - - [22/Nov/2016:12:43:19 +0100] "GET /gui/javascript/form_form.js?1479814999 HTTP/1.1" 200 16206 "http://ed.activities.at/entry.php?id=10271&&ser=814937" "Mozilla/5.0 (Windows NT 5.1; rv:50.0) Gecko/20100101 Firefox/50.0"
212.108.43.59 - - [22/Nov/2016:12:43:36 +0100] "GET /entry.php?id=10271&&ser=814955 HTTP/1.1" 200 987 "http://ed.activities.at/entry.php?id=10271&&ser=814895" "Mozilla/5.0 (Macintosh; Intel Mac OS X 10_10_5) AppleWebKit/602.2.14 (KHTML, like Gecko) Version/10.0.1 Safari/602.2.14"
212.108.43.59 - - [22/Nov/2016:12:43:36 +0100] "GET /gui/javascript/form_form.js?1479815016 HTTP/1.1" 200 16206 "http://ed.activities.at/entry.php?id=10271&&ser=814955" "Mozilla/5.0 (Macintosh; Intel Mac OS X 10_10_5) AppleWebKit/602.2.14 (KHTML, like Gecko) Version/10.0.1 Safari/602.2.14"
81.189.93.28 - - [22/Nov/2016:12:44:20 +0100] "GET /entry.php?id=10271&&ser=814999 HTTP/1.1" 200 987 "http://ed.activities.at/entry.php?id=10271&&ser=814937" "Mozilla/5.0 (Windows NT 5.1; rv:50.0) Gecko/20100101 Firefox/50.0"
