188.20.203.254 - - [30/Nov/2016:16:42:07 +0100] "GET /gui/javascript/form_form.js?1480520527 HTTP/1.1" 200 16206 "http://easydrivers.activities.at/entry.php?id=11671" "Mozilla/5.0 (Windows NT 5.1; rv:50.0) Gecko/20100101 Firefox/50.0"
188.20.203.254 - - [30/Nov/2016:16:42:07 +0100] "GET /entry.php?id=10776&form=11496&name=list& HTTP/1.1" 200 1519 "http://easydrivers.activities.at/entry.php?id=11671" "Mozilla/5.0 (Windows NT 5.1; rv:50.0) Gecko/20100101 Firefox/50.0"
188.20.203.254 - - [30/Nov/2016:16:42:07 +0100] "GET /entry.php?id=10778&form=11496&name=list& HTTP/1.1" 200 5757 "http://easydrivers.activities.at/entry.php?id=11671" "Mozilla/5.0 (Windows NT 5.1; rv:50.0) Gecko/20100101 Firefox/50.0"
188.20.203.254 - - [30/Nov/2016:16:42:09 +0100] "POST /entry.php?id=11671 HTTP/1.1" 200 3185 "http://easydrivers.activities.at/entry.php?id=11671" "Mozilla/5.0 (Windows NT 5.1; rv:50.0) Gecko/20100101 Firefox/50.0"
188.20.203.254 - - [30/Nov/2016:16:42:10 +0100] "GET /gui/javascript/form_form.js?1480520530 HTTP/1.1" 200 16206 "http://easydrivers.activities.at/entry.php?id=11671" "Mozilla/5.0 (Windows NT 5.1; rv:50.0) Gecko/20100101 Firefox/50.0"
188.20.203.254 - - [30/Nov/2016:16:42:11 +0100] "GET /framework/webfx/javascript/tinymce/skins/lightgray/content.min.css HTTP/1.1" 404 331 "http://easydrivers.activities.at/entry.php?id=11671" "Mozilla/5.0 (Windows NT 5.1; rv:50.0) Gecko/20100101 Firefox/50.0"
188.20.203.254 - - [30/Nov/2016:16:42:25 +0100] "GET /entry.php?id=10271&&ser=520484 HTTP/1.1" 200 987 "http://easydrivers.activities.at/entry.php?id=10271&&ser=520423" "Mozilla/5.0 (Windows NT 5.1; rv:50.0) Gecko/20100101 Firefox/50.0"
188.20.203.254 - - [30/Nov/2016:16:42:25 +0100] "GET /gui/javascript/form_form.js?1480520545 HTTP/1.1" 200 16206 "http://easydrivers.activities.at/entry.php?id=10271&&ser=520484" "Mozilla/5.0 (Windows NT 5.1; rv:50.0) Gecko/20100101 Firefox/50.0"
188.20.203.254 - - [30/Nov/2016:16:42:25 +0100] "GET /entry.php?id=10271&&ser=520484 HTTP/1.1" 200 987 "http://easydrivers.activities.at/entry.php?id=10271&&ser=520424" "Mozilla/5.0 (Windows NT 5.1; rv:50.0) Gecko/20100101 Firefox/50.0"
188.20.203.254 - - [30/Nov/2016:16:42:26 +0100] "GET /entry.php?id=10271&&ser=520485 HTTP/1.1" 200 986 "http://easydrivers.activities.at/entry.php?id=10271&&ser=520424" "Mozilla/5.0 (Windows NT 5.1; rv:50.0) Gecko/20100101 Firefox/50.0"
188.20.203.254 - - [30/Nov/2016:16:42:26 +0100] "GET /gui/javascript/form_form.js?1480520546 HTTP/1.1" 200 16206 "http://easydrivers.activities.at/entry.php?id=10271&&ser=520485" "Mozilla/5.0 (Windows NT 5.1; rv:50.0) Gecko/20100101 Firefox/50.0"
188.20.203.254 - - [30/Nov/2016:16:42:26 +0100] "GET /entry.php?id=10271&&ser=520486 HTTP/1.1" 200 986 "http://easydrivers.activities.at/entry.php?id=10271&&ser=520425" "Mozilla/5.0 (Windows NT 5.1; rv:50.0) Gecko/20100101 Firefox/50.0"
188.20.203.254 - - [30/Nov/2016:16:42:27 +0100] "GET /gui/javascript/form_form.js?1480520547 HTTP/1.1" 200 16206 "http://easydrivers.activities.at/entry.php?id=10271&&ser=520486" "Mozilla/5.0 (Windows NT 5.1; rv:50.0) Gecko/20100101 Firefox/50.0"
188.20.203.254 - - [30/Nov/2016:16:42:27 +0100] "GET /entry.php?id=10271&&ser=520486 HTTP/1.1" 200 986 "http://easydrivers.activities.at/entry.php?id=10271&&ser=520425" "Mozilla/5.0 (Windows NT 5.1; rv:50.0) Gecko/20100101 Firefox/50.0"
188.20.203.254 - - [30/Nov/2016:16:42:30 +0100] "GET /entry.php?id=10271&&ser=520490 HTTP/1.1" 200 986 "http://easydrivers.activities.at/entry.php?id=10271&&ser=520429" "Mozilla/5.0 (Windows NT 5.1; rv:50.0) Gecko/20100101 Firefox/50.0"
188.20.203.254 - - [30/Nov/2016:16:42:31 +0100] "GET /gui/javascript/form_form.js?1480520551 HTTP/1.1" 200 16206 "http://easydrivers.activities.at/entry.php?id=10271&&ser=520490" "Mozilla/5.0 (Windows NT 5.1; rv:50.0) Gecko/20100101 Firefox/50.0"
80.123.96.46 - - [30/Nov/2016:16:42:38 +0100] "GET /entry.php?id=10271&&ser=520498 HTTP/1.1" 200 987 "http://ed.activities.at/entry.php?id=10272" "Mozilla/5.0 (Windows NT 6.1; WOW64; Trident/7.0; rv:11.0) like Gecko"
80.123.96.46 - - [30/Nov/2016:16:42:38 +0100] "GET /gui/javascript/form_form.js?1480520558 HTTP/1.1" 200 16206 "http://ed.activities.at/entry.php?id=10271&&ser=520498" "Mozilla/5.0 (Windows NT 6.1; WOW64; Trident/7.0; rv:11.0) like Gecko"
188.20.203.254 - - [30/Nov/2016:16:43:10 +0100] "POST /entry.php?id=11671 HTTP/1.1" 200 3459 "http://easydrivers.activities.at/entry.php?id=11671" "Mozilla/5.0 (Windows NT 5.1; rv:50.0) Gecko/20100101 Firefox/50.0"
188.20.203.254 - - [30/Nov/2016:16:43:10 +0100] "GET /gui/javascript/form_form.js?1480520590 HTTP/1.1" 200 16206 "http://easydrivers.activities.at/entry.php?id=11671" "Mozilla/5.0 (Windows NT 5.1; rv:50.0) Gecko/20100101 Firefox/50.0"
188.20.203.254 - - [30/Nov/2016:16:43:11 +0100] "GET /framework/webfx/javascript/tinymce/skins/lightgray/content.min.css HTTP/1.1" 404 331 "http://easydrivers.activities.at/entry.php?id=11671" "Mozilla/5.0 (Windows NT 5.1; rv:50.0) Gecko/20100101 Firefox/50.0"
188.20.203.254 - - [30/Nov/2016:16:43:14 +0100] "POST /entry.php?id=11671 HTTP/1.1" 200 4847 "http://easydrivers.activities.at/entry.php?id=11671" "Mozilla/5.0 (Windows NT 5.1; rv:50.0) Gecko/20100101 Firefox/50.0"
188.20.203.254 - - [30/Nov/2016:16:43:15 +0100] "GET /gui/javascript/form_form.js?1480520594 HTTP/1.1" 200 16206 "http://easydrivers.activities.at/entry.php?id=11671" "Mozilla/5.0 (Windows NT 5.1; rv:50.0) Gecko/20100101 Firefox/50.0"
188.20.203.254 - - [30/Nov/2016:16:43:15 +0100] "GET /entry.php?id=10776&form=11496&name=list& HTTP/1.1" 200 1519 "http://easydrivers.activities.at/entry.php?id=11671" "Mozilla/5.0 (Windows NT 5.1; rv:50.0) Gecko/20100101 Firefox/50.0"
188.20.203.254 - - [30/Nov/2016:16:43:15 +0100] "GET /entry.php?id=10778&form=11496&name=list& HTTP/1.1" 200 5757 "http://easydrivers.activities.at/entry.php?id=11671" "Mozilla/5.0 (Windows NT 5.1; rv:50.0) Gecko/20100101 Firefox/50.0"
188.20.203.254 - - [30/Nov/2016:16:43:17 +0100] "POST /entry.php?id=11671 HTTP/1.1" 200 5004 "http://easydrivers.activities.at/entry.php?id=11671" "Mozilla/5.0 (Windows NT 5.1; rv:50.0) Gecko/20100101 Firefox/50.0"
188.20.203.254 - - [30/Nov/2016:16:43:18 +0100] "GET /gui/javascript/form_form.js?1480520597 HTTP/1.1" 200 16206 "http://easydrivers.activities.at/entry.php?id=11671" "Mozilla/5.0 (Windows NT 5.1; rv:50.0) Gecko/20100101 Firefox/50.0"
188.20.203.254 - - [30/Nov/2016:16:43:18 +0100] "GET /entry.php?id=10776&form=11496&name=list& HTTP/1.1" 200 1519 "http://easydrivers.activities.at/entry.php?id=11671" "Mozilla/5.0 (Windows NT 5.1; rv:50.0) Gecko/20100101 Firefox/50.0"
188.20.203.254 - - [30/Nov/2016:16:43:18 +0100] "GET /entry.php?id=10778&form=11496&name=list& HTTP/1.1" 200 5757 "http://easydrivers.activities.at/entry.php?id=11671" "Mozilla/5.0 (Windows NT 5.1; rv:50.0) Gecko/20100101 Firefox/50.0"
80.123.96.46 - - [30/Nov/2016:16:43:20 +0100] "GET /entry.php?id=11670 HTTP/1.1" 200 320 "http://ed.activities.at/entry.php?id=11412" "Mozilla/5.0 (Windows NT 6.1; WOW64; Trident/7.0; rv:11.0) like Gecko"
80.123.96.46 - - [30/Nov/2016:16:43:20 +0100] "GET /entry.php?id=10676&&title=Produkte HTTP/1.1" 200 1384 "http://ed.activities.at/entry.php?id=11670" "Mozilla/5.0 (Windows NT 6.1; WOW64; Trident/7.0; rv:11.0) like Gecko"
80.123.96.46 - - [30/Nov/2016:16:43:20 +0100] "GET /gui/javascript/form_form.js?1480520600 HTTP/1.1" 200 16206 "http://ed.activities.at/entry.php?id=10676&&title=Produkte" "Mozilla/5.0 (Windows NT 6.1; WOW64; Trident/7.0; rv:11.0) like Gecko"
80.123.96.46 - - [30/Nov/2016:16:43:20 +0100] "GET /entry.php?id=11668& HTTP/1.1" 200 3363 "http://ed.activities.at/entry.php?id=11670" "Mozilla/5.0 (Windows NT 6.1; WOW64; Trident/7.0; rv:11.0) like Gecko"
80.123.96.46 - - [30/Nov/2016:16:43:21 +0100] "GET /activities/framework/fwx_trans.gif HTTP/1.1" 200 43 "http://ed.activities.at/entry.php?id=11668&" "Mozilla/5.0 (Windows NT 6.1; WOW64; Trident/7.0; rv:11.0) like Gecko"
80.123.96.46 - - [30/Nov/2016:16:43:21 +0100] "GET /gui/javascript/form_ed_articles.js HTTP/1.1" 200 2191 "http://ed.activities.at/entry.php?id=11668&" "Mozilla/5.0 (Windows NT 6.1; WOW64; Trident/7.0; rv:11.0) like Gecko"
80.123.96.46 - - [30/Nov/2016:16:43:21 +0100] "GET /framework/webfx/javascript/scrolltable/scrolltableIframe.js HTTP/1.1" 200 9641 "http://ed.activities.at/entry.php?id=11668&" "Mozilla/5.0 (Windows NT 6.1; WOW64; Trident/7.0; rv:11.0) like Gecko"
80.123.96.46 - - [30/Nov/2016:16:43:21 +0100] "GET /gui/javascript/form_form.js?1480520601 HTTP/1.1" 200 16206 "http://ed.activities.at/entry.php?id=11668&" "Mozilla/5.0 (Windows NT 6.1; WOW64; Trident/7.0; rv:11.0) like Gecko"
80.123.96.46 - - [30/Nov/2016:16:43:21 +0100] "GET /gui/images/icons/ajax_loading.gif HTTP/1.1" 200 1542 "http://ed.activities.at/entry.php?id=11668&" "Mozilla/5.0 (Windows NT 6.1; WOW64; Trident/7.0; rv:11.0) like Gecko"
188.20.203.254 - - [30/Nov/2016:16:43:20 +0100] "POST /entry.php?id=11671 HTTP/1.1" 200 4610 "http://easydrivers.activities.at/entry.php?id=11671" "Mozilla/5.0 (Windows NT 5.1; rv:50.0) Gecko/20100101 Firefox/50.0"
80.123.96.46 - - [30/Nov/2016:16:43:20 +0100] "GET /entry.php?id=11669& HTTP/1.1" 200 2278 "http://ed.activities.at/entry.php?id=11670" "Mozilla/5.0 (Windows NT 6.1; WOW64; Trident/7.0; rv:11.0) like Gecko"
188.20.203.254 - - [30/Nov/2016:16:43:21 +0100] "GET /gui/javascript/form_form.js?1480520601 HTTP/1.1" 200 16206 "http://easydrivers.activities.at/entry.php?id=11671" "Mozilla/5.0 (Windows NT 5.1; rv:50.0) Gecko/20100101 Firefox/50.0"
80.123.96.46 - - [30/Nov/2016:16:43:21 +0100] "GET /entry.php?id=10778&form=11493&name=list& HTTP/1.1" 200 2487 "http://ed.activities.at/entry.php?id=11668&" "Mozilla/5.0 (Windows NT 6.1; WOW64; Trident/7.0; rv:11.0) like Gecko"
80.123.96.46 - - [30/Nov/2016:16:43:21 +0100] "GET /framework/icons/fwx_trans.gif HTTP/1.1" 200 43 "http://ed.activities.at/entry.php?id=10778&form=11493&name=list&" "Mozilla/5.0 (Windows NT 6.1; WOW64; Trident/7.0; rv:11.0) like Gecko"
80.123.96.46 - - [30/Nov/2016:16:43:21 +0100] "GET /entry.php?id=10776&form=11493&name=list& HTTP/1.1" 200 1487 "http://ed.activities.at/entry.php?id=11668&" "Mozilla/5.0 (Windows NT 6.1; WOW64; Trident/7.0; rv:11.0) like Gecko"
188.20.203.254 - - [30/Nov/2016:16:43:21 +0100] "GET /entry.php?id=10778&form=11496&name=list& HTTP/1.1" 200 5596 "http://easydrivers.activities.at/entry.php?id=11671" "Mozilla/5.0 (Windows NT 5.1; rv:50.0) Gecko/20100101 Firefox/50.0"
188.20.203.254 - - [30/Nov/2016:16:43:21 +0100] "GET /entry.php?id=10776&form=11496&name=list& HTTP/1.1" 200 1519 "http://easydrivers.activities.at/entry.php?id=11671" "Mozilla/5.0 (Windows NT 5.1; rv:50.0) Gecko/20100101 Firefox/50.0"
80.123.96.46 - - [30/Nov/2016:16:43:21 +0100] "GET /entry.php?id=10776&form=11494&name=list& HTTP/1.1" 200 1989 "http://ed.activities.at/entry.php?id=11669&" "Mozilla/5.0 (Windows NT 6.1; WOW64; Trident/7.0; rv:11.0) like Gecko"
80.123.96.46 - - [30/Nov/2016:16:43:21 +0100] "GET /entry.php?id=10778&form=11494&name=list& HTTP/1.1" 200 5001 "http://ed.activities.at/entry.php?id=11669&" "Mozilla/5.0 (Windows NT 6.1; WOW64; Trident/7.0; rv:11.0) like Gecko"
80.123.96.46 - - [30/Nov/2016:16:43:22 +0100] "GET /gui/images/icons/filter_on.gif HTTP/1.1" 200 316 "http://ed.activities.at/entry.php?id=10776&form=11494&name=list&" "Mozilla/5.0 (Windows NT 6.1; WOW64; Trident/7.0; rv:11.0) like Gecko"
80.123.96.46 - - [30/Nov/2016:16:43:22 +0100] "GET /framework/icons/sortUp.gif HTTP/1.1" 200 53 "http://ed.activities.at/entry.php?id=10776&form=11494&name=list&" "Mozilla/5.0 (Windows NT 6.1; WOW64; Trident/7.0; rv:11.0) like Gecko"
80.123.96.46 - - [30/Nov/2016:16:43:22 +0100] "GET /gui/images/icons/disable_light.gif HTTP/1.1" 200 616 "http://ed.activities.at/entry.php?id=10776&form=11494&name=list&" "Mozilla/5.0 (Windows NT 6.1; WOW64; Trident/7.0; rv:11.0) like Gecko"
80.123.96.46 - - [30/Nov/2016:16:43:22 +0100] "GET /gui/images/icons/lupe.gif HTTP/1.1" 200 324 "http://ed.activities.at/entry.php?id=10776&form=11494&name=list&" "Mozilla/5.0 (Windows NT 6.1; WOW64; Trident/7.0; rv:11.0) like Gecko"
80.123.96.46 - - [30/Nov/2016:16:43:22 +0100] "GET /gui/images/icons/note_msg_icon.gif HTTP/1.1" 200 1022 "http://ed.activities.at/entry.php?id=10778&form=11494&name=list&" "Mozilla/5.0 (Windows NT 6.1; WOW64; Trident/7.0; rv:11.0) like Gecko"
80.123.96.46 - - [30/Nov/2016:16:43:26 +0100] "GET /framework/icons/rowselect.gif HTTP/1.1" 200 67 "http://ed.activities.at/entry.php?id=10778&form=11494&name=list&" "Mozilla/5.0 (Windows NT 6.1; WOW64; Trident/7.0; rv:11.0) like Gecko"
188.20.203.254 - - [30/Nov/2016:16:43:26 +0100] "GET /entry.php?id=10271&&ser=520545 HTTP/1.1" 200 985 "http://easydrivers.activities.at/entry.php?id=10271&&ser=520484" "Mozilla/5.0 (Windows NT 5.1; rv:50.0) Gecko/20100101 Firefox/50.0"
188.20.203.254 - - [30/Nov/2016:16:43:26 +0100] "GET /gui/javascript/form_form.js?1480520606 HTTP/1.1" 200 16206 "http://easydrivers.activities.at/entry.php?id=10271&&ser=520545" "Mozilla/5.0 (Windows NT 5.1; rv:50.0) Gecko/20100101 Firefox/50.0"
80.123.96.46 - - [30/Nov/2016:16:43:26 +0100] "POST /entry.php?id=11668 HTTP/1.1" 200 3490 "http://ed.activities.at/entry.php?id=11668&" "Mozilla/5.0 (Windows NT 6.1; WOW64; Trident/7.0; rv:11.0) like Gecko"
80.123.96.46 - - [30/Nov/2016:16:43:26 +0100] "GET /gui/javascript/form_form.js?1480520606 HTTP/1.1" 200 16206 "http://ed.activities.at/entry.php?id=11668" "Mozilla/5.0 (Windows NT 6.1; WOW64; Trident/7.0; rv:11.0) like Gecko"
188.20.203.254 - - [30/Nov/2016:16:43:26 +0100] "GET /entry.php?id=10271&&ser=520545 HTTP/1.1" 200 985 "http://easydrivers.activities.at/entry.php?id=10271&&ser=520484" "Mozilla/5.0 (Windows NT 5.1; rv:50.0) Gecko/20100101 Firefox/50.0"
80.123.96.46 - - [30/Nov/2016:16:43:26 +0100] "GET /entry.php?id=10776&form=11493&name=list& HTTP/1.1" 200 1479 "http://ed.activities.at/entry.php?id=11668" "Mozilla/5.0 (Windows NT 6.1; WOW64; Trident/7.0; rv:11.0) like Gecko"
80.123.96.46 - - [30/Nov/2016:16:43:26 +0100] "GET /entry.php?id=10778&form=11493&name=list& HTTP/1.1" 200 3562 "http://ed.activities.at/entry.php?id=11668" "Mozilla/5.0 (Windows NT 6.1; WOW64; Trident/7.0; rv:11.0) like Gecko"
188.20.203.254 - - [30/Nov/2016:16:43:27 +0100] "GET /entry.php?id=10271&&ser=520546 HTTP/1.1" 200 985 "http://easydrivers.activities.at/entry.php?id=10271&&ser=520485" "Mozilla/5.0 (Windows NT 5.1; rv:50.0) Gecko/20100101 Firefox/50.0"
188.20.203.254 - - [30/Nov/2016:16:43:27 +0100] "GET /gui/javascript/form_form.js?1480520607 HTTP/1.1" 200 16206 "http://easydrivers.activities.at/entry.php?id=10271&&ser=520546" "Mozilla/5.0 (Windows NT 5.1; rv:50.0) Gecko/20100101 Firefox/50.0"
188.20.203.254 - - [30/Nov/2016:16:43:27 +0100] "GET /entry.php?id=10271&&ser=520547 HTTP/1.1" 200 985 "http://easydrivers.activities.at/entry.php?id=10271&&ser=520486" "Mozilla/5.0 (Windows NT 5.1; rv:50.0) Gecko/20100101 Firefox/50.0"
188.20.203.254 - - [30/Nov/2016:16:43:27 +0100] "GET /entry.php?id=10271&&ser=520547 HTTP/1.1" 200 985 "http://easydrivers.activities.at/entry.php?id=10271&&ser=520486" "Mozilla/5.0 (Windows NT 5.1; rv:50.0) Gecko/20100101 Firefox/50.0"
188.20.203.254 - - [30/Nov/2016:16:43:28 +0100] "GET /gui/javascript/form_form.js?1480520608 HTTP/1.1" 200 16206 "http://easydrivers.activities.at/entry.php?id=10271&&ser=520547" "Mozilla/5.0 (Windows NT 5.1; rv:50.0) Gecko/20100101 Firefox/50.0"
188.20.203.254 - - [30/Nov/2016:16:43:31 +0100] "GET /entry.php?id=10271&&ser=520551 HTTP/1.1" 200 984 "http://easydrivers.activities.at/entry.php?id=10271&&ser=520490" "Mozilla/5.0 (Windows NT 5.1; rv:50.0) Gecko/20100101 Firefox/50.0"
188.20.203.254 - - [30/Nov/2016:16:43:34 +0100] "GET /gui/javascript/form_form.js?1480520611 HTTP/1.1" 200 16206 "http://easydrivers.activities.at/entry.php?id=10271&&ser=520551" "Mozilla/5.0 (Windows NT 5.1; rv:50.0) Gecko/20100101 Firefox/50.0"
80.123.96.46 - - [30/Nov/2016:16:43:39 +0100] "GET /entry.php?id=10271&&ser=520558 HTTP/1.1" 200 985 "http://ed.activities.at/entry.php?id=10272" "Mozilla/5.0 (Windows NT 6.1; WOW64; Trident/7.0; rv:11.0) like Gecko"
80.123.96.46 - - [30/Nov/2016:16:43:39 +0100] "GET /gui/javascript/form_form.js?1480520619 HTTP/1.1" 200 16206 "http://ed.activities.at/entry.php?id=10271&&ser=520558" "Mozilla/5.0 (Windows NT 6.1; WOW64; Trident/7.0; rv:11.0) like Gecko"
80.123.96.46 - - [30/Nov/2016:16:43:51 +0100] "POST /entry.php?id=11668 HTTP/1.1" 200 3618 "http://ed.activities.at/entry.php?id=11668" "Mozilla/5.0 (Windows NT 6.1; WOW64; Trident/7.0; rv:11.0) like Gecko"
80.123.96.46 - - [30/Nov/2016:16:43:52 +0100] "GET /gui/javascript/form_form.js?1480520632 HTTP/1.1" 200 16206 "http://ed.activities.at/entry.php?id=11668" "Mozilla/5.0 (Windows NT 6.1; WOW64; Trident/7.0; rv:11.0) like Gecko"
80.123.96.46 - - [30/Nov/2016:16:43:52 +0100] "GET /entry.php?id=10776&form=11493&name=list& HTTP/1.1" 200 1479 "http://ed.activities.at/entry.php?id=11668" "Mozilla/5.0 (Windows NT 6.1; WOW64; Trident/7.0; rv:11.0) like Gecko"
80.123.96.46 - - [30/Nov/2016:16:43:52 +0100] "GET /entry.php?id=10778&form=11493&name=list& HTTP/1.1" 200 3543 "http://ed.activities.at/entry.php?id=11668" "Mozilla/5.0 (Windows NT 6.1; WOW64; Trident/7.0; rv:11.0) like Gecko"
188.20.203.254 - - [30/Nov/2016:16:43:53 +0100] "POST /entry.php?id=11671 HTTP/1.1" 200 4953 "http://easydrivers.activities.at/entry.php?id=11671" "Mozilla/5.0 (Windows NT 5.1; rv:50.0) Gecko/20100101 Firefox/50.0"
188.20.203.254 - - [30/Nov/2016:16:43:54 +0100] "GET /gui/javascript/form_form.js?1480520633 HTTP/1.1" 200 16206 "http://easydrivers.activities.at/entry.php?id=11671" "Mozilla/5.0 (Windows NT 5.1; rv:50.0) Gecko/20100101 Firefox/50.0"
188.20.203.254 - - [30/Nov/2016:16:43:54 +0100] "GET /entry.php?id=10776&form=11496&name=list& HTTP/1.1" 200 1519 "http://easydrivers.activities.at/entry.php?id=11671" "Mozilla/5.0 (Windows NT 5.1; rv:50.0) Gecko/20100101 Firefox/50.0"
188.20.203.254 - - [30/Nov/2016:16:43:54 +0100] "GET /entry.php?id=10778&form=11496&name=list& HTTP/1.1" 200 5736 "http://easydrivers.activities.at/entry.php?id=11671" "Mozilla/5.0 (Windows NT 5.1; rv:50.0) Gecko/20100101 Firefox/50.0"
188.20.203.254 - - [30/Nov/2016:16:43:55 +0100] "POST /entry.php?id=11671 HTTP/1.1" 200 3185 "http://easydrivers.activities.at/entry.php?id=11671" "Mozilla/5.0 (Windows NT 5.1; rv:50.0) Gecko/20100101 Firefox/50.0"
188.20.203.254 - - [30/Nov/2016:16:43:56 +0100] "GET /gui/javascript/form_form.js?1480520636 HTTP/1.1" 200 16206 "http://easydrivers.activities.at/entry.php?id=11671" "Mozilla/5.0 (Windows NT 5.1; rv:50.0) Gecko/20100101 Firefox/50.0"
188.20.203.254 - - [30/Nov/2016:16:43:57 +0100] "GET /framework/webfx/javascript/tinymce/skins/lightgray/content.min.css HTTP/1.1" 404 331 "http://easydrivers.activities.at/entry.php?id=11671" "Mozilla/5.0 (Windows NT 5.1; rv:50.0) Gecko/20100101 Firefox/50.0"
188.20.203.254 - - [30/Nov/2016:16:44:16 +0100] "POST /entry.php?id=11671 HTTP/1.1" 200 3401 "http://easydrivers.activities.at/entry.php?id=11671" "Mozilla/5.0 (Windows NT 5.1; rv:50.0) Gecko/20100101 Firefox/50.0"
188.20.203.254 - - [30/Nov/2016:16:44:17 +0100] "GET /gui/javascript/form_form.js?1480520657 HTTP/1.1" 200 16206 "http://easydrivers.activities.at/entry.php?id=11671" "Mozilla/5.0 (Windows NT 5.1; rv:50.0) Gecko/20100101 Firefox/50.0"
188.20.203.254 - - [30/Nov/2016:16:44:18 +0100] "GET /framework/webfx/javascript/tinymce/skins/lightgray/content.min.css HTTP/1.1" 404 331 "http://easydrivers.activities.at/entry.php?id=11671" "Mozilla/5.0 (Windows NT 5.1; rv:50.0) Gecko/20100101 Firefox/50.0"
188.20.203.254 - - [30/Nov/2016:16:44:18 +0100] "POST /entry.php?id=11671 HTTP/1.1" 200 4791 "http://easydrivers.activities.at/entry.php?id=11671" "Mozilla/5.0 (Windows NT 5.1; rv:50.0) Gecko/20100101 Firefox/50.0"
188.20.203.254 - - [30/Nov/2016:16:44:19 +0100] "GET /gui/javascript/form_form.js?1480520659 HTTP/1.1" 200 16206 "http://easydrivers.activities.at/entry.php?id=11671" "Mozilla/5.0 (Windows NT 5.1; rv:50.0) Gecko/20100101 Firefox/50.0"
188.20.203.254 - - [30/Nov/2016:16:44:20 +0100] "GET /entry.php?id=10776&form=11496&name=list& HTTP/1.1" 200 1519 "http://easydrivers.activities.at/entry.php?id=11671" "Mozilla/5.0 (Windows NT 5.1; rv:50.0) Gecko/20100101 Firefox/50.0"
188.20.203.254 - - [30/Nov/2016:16:44:20 +0100] "GET /entry.php?id=10778&form=11496&name=list& HTTP/1.1" 200 5736 "http://easydrivers.activities.at/entry.php?id=11671" "Mozilla/5.0 (Windows NT 5.1; rv:50.0) Gecko/20100101 Firefox/50.0"
188.20.203.254 - - [30/Nov/2016:16:44:21 +0100] "POST /entry.php?id=11671 HTTP/1.1" 200 4941 "http://easydrivers.activities.at/entry.php?id=11671" "Mozilla/5.0 (Windows NT 5.1; rv:50.0) Gecko/20100101 Firefox/50.0"
188.20.203.254 - - [30/Nov/2016:16:44:22 +0100] "GET /gui/javascript/form_form.js?1480520662 HTTP/1.1" 200 16206 "http://easydrivers.activities.at/entry.php?id=11671" "Mozilla/5.0 (Windows NT 5.1; rv:50.0) Gecko/20100101 Firefox/50.0"
80.123.96.46 - - [30/Nov/2016:16:44:22 +0100] "POST /entry.php?id=11668 HTTP/1.1" 200 3474 "http://ed.activities.at/entry.php?id=11668" "Mozilla/5.0 (Windows NT 6.1; WOW64; Trident/7.0; rv:11.0) like Gecko"
80.123.96.46 - - [30/Nov/2016:16:44:22 +0100] "GET /gui/javascript/form_form.js?1480520662 HTTP/1.1" 200 16206 "http://ed.activities.at/entry.php?id=11668" "Mozilla/5.0 (Windows NT 6.1; WOW64; Trident/7.0; rv:11.0) like Gecko"
80.123.96.46 - - [30/Nov/2016:16:44:22 +0100] "GET /entry.php?id=10778&form=11493&name=list& HTTP/1.1" 200 3562 "http://ed.activities.at/entry.php?id=11668" "Mozilla/5.0 (Windows NT 6.1; WOW64; Trident/7.0; rv:11.0) like Gecko"
188.20.203.254 - - [30/Nov/2016:16:44:22 +0100] "GET /entry.php?id=10776&form=11496&name=list& HTTP/1.1" 200 1519 "http://easydrivers.activities.at/entry.php?id=11671" "Mozilla/5.0 (Windows NT 5.1; rv:50.0) Gecko/20100101 Firefox/50.0"
188.20.203.254 - - [30/Nov/2016:16:44:22 +0100] "GET /entry.php?id=10778&form=11496&name=list& HTTP/1.1" 200 5736 "http://easydrivers.activities.at/entry.php?id=11671" "Mozilla/5.0 (Windows NT 5.1; rv:50.0) Gecko/20100101 Firefox/50.0"
80.123.96.46 - - [30/Nov/2016:16:44:22 +0100] "GET /entry.php?id=10776&form=11493&name=list& HTTP/1.1" 200 1479 "http://ed.activities.at/entry.php?id=11668" "Mozilla/5.0 (Windows NT 6.1; WOW64; Trident/7.0; rv:11.0) like Gecko"
188.20.203.254 - - [30/Nov/2016:16:44:26 +0100] "GET /entry.php?id=10271&&ser=520606 HTTP/1.1" 200 985 "http://easydrivers.activities.at/entry.php?id=10271&&ser=520545" "Mozilla/5.0 (Windows NT 5.1; rv:50.0) Gecko/20100101 Firefox/50.0"
188.20.203.254 - - [30/Nov/2016:16:44:27 +0100] "GET /gui/javascript/form_form.js?1480520666 HTTP/1.1" 200 16206 "http://easydrivers.activities.at/entry.php?id=10271&&ser=520606" "Mozilla/5.0 (Windows NT 5.1; rv:50.0) Gecko/20100101 Firefox/50.0"
188.20.203.254 - - [30/Nov/2016:16:44:27 +0100] "GET /entry.php?id=10271&&ser=520606 HTTP/1.1" 200 985 "http://easydrivers.activities.at/entry.php?id=10271&&ser=520545" "Mozilla/5.0 (Windows NT 5.1; rv:50.0) Gecko/20100101 Firefox/50.0"
188.20.203.254 - - [30/Nov/2016:16:44:27 +0100] "GET /gui/javascript/form_form.js?1480520667 HTTP/1.1" 200 16206 "http://easydrivers.activities.at/entry.php?id=10271&&ser=520606" "Mozilla/5.0 (Windows NT 5.1; rv:50.0) Gecko/20100101 Firefox/50.0"
188.20.203.254 - - [30/Nov/2016:16:44:28 +0100] "GET /entry.php?id=10271&&ser=520607 HTTP/1.1" 200 985 "http://easydrivers.activities.at/entry.php?id=10271&&ser=520546" "Mozilla/5.0 (Windows NT 5.1; rv:50.0) Gecko/20100101 Firefox/50.0"
188.20.203.254 - - [30/Nov/2016:16:44:28 +0100] "GET /gui/javascript/form_form.js?1480520668 HTTP/1.1" 200 16206 "http://easydrivers.activities.at/entry.php?id=10271&&ser=520607" "Mozilla/5.0 (Windows NT 5.1; rv:50.0) Gecko/20100101 Firefox/50.0"
188.20.203.254 - - [30/Nov/2016:16:44:28 +0100] "GET /entry.php?id=10271&&ser=520607 HTTP/1.1" 200 985 "http://easydrivers.activities.at/entry.php?id=10271&&ser=520547" "Mozilla/5.0 (Windows NT 5.1; rv:50.0) Gecko/20100101 Firefox/50.0"
188.20.203.254 - - [30/Nov/2016:16:44:29 +0100] "GET /entry.php?id=10271&&ser=520608 HTTP/1.1" 200 985 "http://easydrivers.activities.at/entry.php?id=10271&&ser=520547" "Mozilla/5.0 (Windows NT 5.1; rv:50.0) Gecko/20100101 Firefox/50.0"
188.20.203.254 - - [30/Nov/2016:16:44:29 +0100] "GET /gui/javascript/form_form.js?1480520669 HTTP/1.1" 200 16206 "http://easydrivers.activities.at/entry.php?id=10271&&ser=520607" "Mozilla/5.0 (Windows NT 5.1; rv:50.0) Gecko/20100101 Firefox/50.0"
188.20.203.254 - - [30/Nov/2016:16:44:35 +0100] "GET /entry.php?id=10271&&ser=520611 HTTP/1.1" 200 985 "http://easydrivers.activities.at/entry.php?id=10271&&ser=520551" "Mozilla/5.0 (Windows NT 5.1; rv:50.0) Gecko/20100101 Firefox/50.0"
188.20.203.254 - - [30/Nov/2016:16:44:35 +0100] "GET /gui/javascript/form_form.js?1480520675 HTTP/1.1" 200 16206 "http://easydrivers.activities.at/entry.php?id=10271&&ser=520611" "Mozilla/5.0 (Windows NT 5.1; rv:50.0) Gecko/20100101 Firefox/50.0"
80.123.96.46 - - [30/Nov/2016:16:44:39 +0100] "GET /entry.php?id=10271&&ser=520619 HTTP/1.1" 200 985 "http://ed.activities.at/entry.php?id=10272" "Mozilla/5.0 (Windows NT 6.1; WOW64; Trident/7.0; rv:11.0) like Gecko"
80.123.96.46 - - [30/Nov/2016:16:44:39 +0100] "GET /gui/javascript/form_form.js?1480520679 HTTP/1.1" 200 16206 "http://ed.activities.at/entry.php?id=10271&&ser=520619" "Mozilla/5.0 (Windows NT 6.1; WOW64; Trident/7.0; rv:11.0) like Gecko"
188.20.203.254 - - [30/Nov/2016:16:44:48 +0100] "POST /entry.php?id=11671 HTTP/1.1" 200 4610 "http://easydrivers.activities.at/entry.php?id=11671" "Mozilla/5.0 (Windows NT 5.1; rv:50.0) Gecko/20100101 Firefox/50.0"
188.20.203.254 - - [30/Nov/2016:16:44:49 +0100] "GET /gui/javascript/form_form.js?1480520688 HTTP/1.1" 200 16206 "http://easydrivers.activities.at/entry.php?id=11671" "Mozilla/5.0 (Windows NT 5.1; rv:50.0) Gecko/20100101 Firefox/50.0"
188.20.203.254 - - [30/Nov/2016:16:44:49 +0100] "GET /entry.php?id=10776&form=11496&name=list& HTTP/1.1" 200 1519 "http://easydrivers.activities.at/entry.php?id=11671" "Mozilla/5.0 (Windows NT 5.1; rv:50.0) Gecko/20100101 Firefox/50.0"
188.20.203.254 - - [30/Nov/2016:16:44:49 +0100] "GET /entry.php?id=10778&form=11496&name=list& HTTP/1.1" 200 5596 "http://easydrivers.activities.at/entry.php?id=11671" "Mozilla/5.0 (Windows NT 5.1; rv:50.0) Gecko/20100101 Firefox/50.0"
188.20.203.254 - - [30/Nov/2016:16:45:27 +0100] "GET /entry.php?id=10271&&ser=520666 HTTP/1.1" 200 986 "http://easydrivers.activities.at/entry.php?id=10271&&ser=520606" "Mozilla/5.0 (Windows NT 5.1; rv:50.0) Gecko/20100101 Firefox/50.0"
188.20.203.254 - - [30/Nov/2016:16:45:27 +0100] "GET /gui/javascript/form_form.js?1480520727 HTTP/1.1" 200 16206 "http://easydrivers.activities.at/entry.php?id=10271&&ser=520666" "Mozilla/5.0 (Windows NT 5.1; rv:50.0) Gecko/20100101 Firefox/50.0"
188.20.203.254 - - [30/Nov/2016:16:45:27 +0100] "GET /entry.php?id=10271&&ser=520667 HTTP/1.1" 200 986 "http://easydrivers.activities.at/entry.php?id=10271&&ser=520606" "Mozilla/5.0 (Windows NT 5.1; rv:50.0) Gecko/20100101 Firefox/50.0"
188.20.203.254 - - [30/Nov/2016:16:45:29 +0100] "GET /entry.php?id=10271&&ser=520668 HTTP/1.1" 200 986 "http://easydrivers.activities.at/entry.php?id=10271&&ser=520607" "Mozilla/5.0 (Windows NT 5.1; rv:50.0) Gecko/20100101 Firefox/50.0"
188.20.203.254 - - [30/Nov/2016:16:45:29 +0100] "GET /gui/javascript/form_form.js?1480520729 HTTP/1.1" 200 16206 "http://easydrivers.activities.at/entry.php?id=10271&&ser=520668" "Mozilla/5.0 (Windows NT 5.1; rv:50.0) Gecko/20100101 Firefox/50.0"
188.20.203.254 - - [30/Nov/2016:16:45:30 +0100] "GET /entry.php?id=10271&&ser=520669 HTTP/1.1" 200 986 "http://easydrivers.activities.at/entry.php?id=10271&&ser=520607" "Mozilla/5.0 (Windows NT 5.1; rv:50.0) Gecko/20100101 Firefox/50.0"
188.20.203.254 - - [30/Nov/2016:16:45:31 +0100] "GET /gui/javascript/form_form.js?1480520730 HTTP/1.1" 200 16206 "http://easydrivers.activities.at/entry.php?id=10271&&ser=520669" "Mozilla/5.0 (Windows NT 5.1; rv:50.0) Gecko/20100101 Firefox/50.0"
188.20.203.254 - - [30/Nov/2016:16:45:31 +0100] "GET /entry.php?id=10271&&ser=520669 HTTP/1.1" 200 985 "http://easydrivers.activities.at/entry.php?id=10271&&ser=520608" "Mozilla/5.0 (Windows NT 5.1; rv:50.0) Gecko/20100101 Firefox/50.0"
188.20.203.254 - - [30/Nov/2016:16:45:31 +0100] "GET /gui/javascript/form_form.js?1480520731 HTTP/1.1" 200 16206 "http://easydrivers.activities.at/entry.php?id=10271&&ser=520669" "Mozilla/5.0 (Windows NT 5.1; rv:50.0) Gecko/20100101 Firefox/50.0"
188.20.203.254 - - [30/Nov/2016:16:45:31 +0100] "POST /entry.php?id=11671 HTTP/1.1" 200 4959 "http://easydrivers.activities.at/entry.php?id=11671" "Mozilla/5.0 (Windows NT 5.1; rv:50.0) Gecko/20100101 Firefox/50.0"
188.20.203.254 - - [30/Nov/2016:16:45:32 +0100] "GET /entry.php?id=10776&form=11496&name=list& HTTP/1.1" 200 1519 "http://easydrivers.activities.at/entry.php?id=11671" "Mozilla/5.0 (Windows NT 5.1; rv:50.0) Gecko/20100101 Firefox/50.0"
188.20.203.254 - - [30/Nov/2016:16:45:32 +0100] "GET /entry.php?id=10778&form=11496&name=list& HTTP/1.1" 200 5763 "http://easydrivers.activities.at/entry.php?id=11671" "Mozilla/5.0 (Windows NT 5.1; rv:50.0) Gecko/20100101 Firefox/50.0"
188.20.203.254 - - [30/Nov/2016:16:45:35 +0100] "POST /entry.php?id=11671 HTTP/1.1" 200 3184 "http://easydrivers.activities.at/entry.php?id=11671" "Mozilla/5.0 (Windows NT 5.1; rv:50.0) Gecko/20100101 Firefox/50.0"
188.20.203.254 - - [30/Nov/2016:16:45:35 +0100] "GET /entry.php?id=10271&&ser=520675 HTTP/1.1" 200 986 "http://easydrivers.activities.at/entry.php?id=10271&&ser=520611" "Mozilla/5.0 (Windows NT 5.1; rv:50.0) Gecko/20100101 Firefox/50.0"
188.20.203.254 - - [30/Nov/2016:16:45:36 +0100] "GET /gui/javascript/form_form.js?1480520736 HTTP/1.1" 200 16206 "http://easydrivers.activities.at/entry.php?id=11671" "Mozilla/5.0 (Windows NT 5.1; rv:50.0) Gecko/20100101 Firefox/50.0"
188.20.203.254 - - [30/Nov/2016:16:45:38 +0100] "GET /framework/webfx/javascript/tinymce/skins/lightgray/content.min.css HTTP/1.1" 404 331 "http://easydrivers.activities.at/entry.php?id=11671" "Mozilla/5.0 (Windows NT 5.1; rv:50.0) Gecko/20100101 Firefox/50.0"
80.123.96.46 - - [30/Nov/2016:16:45:38 +0100] "POST /entry.php?id=11668 HTTP/1.1" 200 3602 "http://ed.activities.at/entry.php?id=11668" "Mozilla/5.0 (Windows NT 6.1; WOW64; Trident/7.0; rv:11.0) like Gecko"
80.123.96.46 - - [30/Nov/2016:16:45:38 +0100] "GET /gui/javascript/form_form.js?1480520738 HTTP/1.1" 200 16206 "http://ed.activities.at/entry.php?id=11668" "Mozilla/5.0 (Windows NT 6.1; WOW64; Trident/7.0; rv:11.0) like Gecko"
80.123.96.46 - - [30/Nov/2016:16:45:39 +0100] "GET /entry.php?id=10776&form=11493&name=list& HTTP/1.1" 200 1479 "http://ed.activities.at/entry.php?id=11668" "Mozilla/5.0 (Windows NT 6.1; WOW64; Trident/7.0; rv:11.0) like Gecko"
80.123.96.46 - - [30/Nov/2016:16:45:39 +0100] "GET /entry.php?id=10778&form=11493&name=list& HTTP/1.1" 200 3543 "http://ed.activities.at/entry.php?id=11668" "Mozilla/5.0 (Windows NT 6.1; WOW64; Trident/7.0; rv:11.0) like Gecko"
80.123.96.46 - - [30/Nov/2016:16:45:40 +0100] "GET /entry.php?id=10271&&ser=520679 HTTP/1.1" 200 986 "http://ed.activities.at/entry.php?id=10272" "Mozilla/5.0 (Windows NT 6.1; WOW64; Trident/7.0; rv:11.0) like Gecko"
80.123.96.46 - - [30/Nov/2016:16:45:40 +0100] "GET /gui/javascript/form_form.js?1480520740 HTTP/1.1" 200 16206 "http://ed.activities.at/entry.php?id=10271&&ser=520679" "Mozilla/5.0 (Windows NT 6.1; WOW64; Trident/7.0; rv:11.0) like Gecko"
80.123.96.46 - - [30/Nov/2016:16:45:40 +0100] "POST /entry.php?id=11668 HTTP/1.1" 200 3478 "http://ed.activities.at/entry.php?id=11668" "Mozilla/5.0 (Windows NT 6.1; WOW64; Trident/7.0; rv:11.0) like Gecko"
80.123.96.46 - - [30/Nov/2016:16:45:41 +0100] "GET /entry.php?id=10776&form=11493&name=list& HTTP/1.1" 200 1479 "http://ed.activities.at/entry.php?id=11668" "Mozilla/5.0 (Windows NT 6.1; WOW64; Trident/7.0; rv:11.0) like Gecko"
80.123.96.46 - - [30/Nov/2016:16:45:41 +0100] "GET /entry.php?id=10778&form=11493&name=list& HTTP/1.1" 200 3556 "http://ed.activities.at/entry.php?id=11668" "Mozilla/5.0 (Windows NT 6.1; WOW64; Trident/7.0; rv:11.0) like Gecko"
188.20.203.254 - - [30/Nov/2016:16:46:02 +0100] "POST /entry.php?id=11671 HTTP/1.1" 200 3408 "http://easydrivers.activities.at/entry.php?id=11671" "Mozilla/5.0 (Windows NT 5.1; rv:50.0) Gecko/20100101 Firefox/50.0"
188.20.203.254 - - [30/Nov/2016:16:46:03 +0100] "GET /gui/javascript/form_form.js?1480520762 HTTP/1.1" 200 16206 "http://easydrivers.activities.at/entry.php?id=11671" "Mozilla/5.0 (Windows NT 5.1; rv:50.0) Gecko/20100101 Firefox/50.0"
188.20.203.254 - - [30/Nov/2016:16:46:03 +0100] "GET /framework/webfx/javascript/tinymce/skins/lightgray/content.min.css HTTP/1.1" 404 331 "http://easydrivers.activities.at/entry.php?id=11671" "Mozilla/5.0 (Windows NT 5.1; rv:50.0) Gecko/20100101 Firefox/50.0"
188.20.203.254 - - [30/Nov/2016:16:46:05 +0100] "POST /entry.php?id=11671 HTTP/1.1" 200 4791 "http://easydrivers.activities.at/entry.php?id=11671" "Mozilla/5.0 (Windows NT 5.1; rv:50.0) Gecko/20100101 Firefox/50.0"
188.20.203.254 - - [30/Nov/2016:16:46:06 +0100] "GET /gui/javascript/form_form.js?1480520766 HTTP/1.1" 200 16206 "http://easydrivers.activities.at/entry.php?id=11671" "Mozilla/5.0 (Windows NT 5.1; rv:50.0) Gecko/20100101 Firefox/50.0"
188.20.203.254 - - [30/Nov/2016:16:46:06 +0100] "GET /entry.php?id=10778&form=11496&name=list& HTTP/1.1" 200 5763 "http://easydrivers.activities.at/entry.php?id=11671" "Mozilla/5.0 (Windows NT 5.1; rv:50.0) Gecko/20100101 Firefox/50.0"
188.20.203.254 - - [30/Nov/2016:16:46:06 +0100] "GET /entry.php?id=10776&form=11496&name=list& HTTP/1.1" 200 1519 "http://easydrivers.activities.at/entry.php?id=11671" "Mozilla/5.0 (Windows NT 5.1; rv:50.0) Gecko/20100101 Firefox/50.0"
188.20.203.254 - - [30/Nov/2016:16:46:11 +0100] "POST /entry.php?id=11671 HTTP/1.1" 200 4945 "http://easydrivers.activities.at/entry.php?id=11671" "Mozilla/5.0 (Windows NT 5.1; rv:50.0) Gecko/20100101 Firefox/50.0"
188.20.203.254 - - [30/Nov/2016:16:46:12 +0100] "GET /gui/javascript/form_form.js?1480520772 HTTP/1.1" 200 16206 "http://easydrivers.activities.at/entry.php?id=11671" "Mozilla/5.0 (Windows NT 5.1; rv:50.0) Gecko/20100101 Firefox/50.0"
188.20.203.254 - - [30/Nov/2016:16:46:13 +0100] "GET /entry.php?id=10776&form=11496&name=list& HTTP/1.1" 200 1519 "http://easydrivers.activities.at/entry.php?id=11671" "Mozilla/5.0 (Windows NT 5.1; rv:50.0) Gecko/20100101 Firefox/50.0"
188.20.203.254 - - [30/Nov/2016:16:46:13 +0100] "GET /entry.php?id=10778&form=11496&name=list& HTTP/1.1" 200 5763 "http://easydrivers.activities.at/entry.php?id=11671" "Mozilla/5.0 (Windows NT 5.1; rv:50.0) Gecko/20100101 Firefox/50.0"
188.20.203.254 - - [30/Nov/2016:16:46:22 +0100] "POST /entry.php?id=11671 HTTP/1.1" 200 4611 "http://easydrivers.activities.at/entry.php?id=11671" "Mozilla/5.0 (Windows NT 5.1; rv:50.0) Gecko/20100101 Firefox/50.0"
188.20.203.254 - - [30/Nov/2016:16:46:23 +0100] "GET /gui/javascript/form_form.js?1480520783 HTTP/1.1" 200 16206 "http://easydrivers.activities.at/entry.php?id=11671" "Mozilla/5.0 (Windows NT 5.1; rv:50.0) Gecko/20100101 Firefox/50.0"
188.20.203.254 - - [30/Nov/2016:16:46:23 +0100] "GET /entry.php?id=10776&form=11496&name=list& HTTP/1.1" 200 1519 "http://easydrivers.activities.at/entry.php?id=11671" "Mozilla/5.0 (Windows NT 5.1; rv:50.0) Gecko/20100101 Firefox/50.0"
188.20.203.254 - - [30/Nov/2016:16:46:24 +0100] "GET /entry.php?id=10778&form=11496&name=list& HTTP/1.1" 200 5596 "http://easydrivers.activities.at/entry.php?id=11671" "Mozilla/5.0 (Windows NT 5.1; rv:50.0) Gecko/20100101 Firefox/50.0"
188.20.203.254 - - [30/Nov/2016:16:46:27 +0100] "GET /entry.php?id=10271&&ser=520727 HTTP/1.1" 200 986 "http://easydrivers.activities.at/entry.php?id=10271&&ser=520666" "Mozilla/5.0 (Windows NT 5.1; rv:50.0) Gecko/20100101 Firefox/50.0"
188.20.203.254 - - [30/Nov/2016:16:46:28 +0100] "GET /gui/javascript/form_form.js?1480520788 HTTP/1.1" 200 16206 "http://easydrivers.activities.at/entry.php?id=10271&&ser=520727" "Mozilla/5.0 (Windows NT 5.1; rv:50.0) Gecko/20100101 Firefox/50.0"
188.20.203.254 - - [30/Nov/2016:16:46:28 +0100] "GET /entry.php?id=10271&&ser=520727 HTTP/1.1" 200 986 "http://easydrivers.activities.at/entry.php?id=10271&&ser=520667" "Mozilla/5.0 (Windows NT 5.1; rv:50.0) Gecko/20100101 Firefox/50.0"
188.20.203.254 - - [30/Nov/2016:16:46:29 +0100] "GET /gui/javascript/form_form.js?1480520789 HTTP/1.1" 200 16206 "http://easydrivers.activities.at/entry.php?id=10271&&ser=520727" "Mozilla/5.0 (Windows NT 5.1; rv:50.0) Gecko/20100101 Firefox/50.0"
188.20.203.254 - - [30/Nov/2016:16:46:29 +0100] "GET /entry.php?id=10271&&ser=520729 HTTP/1.1" 200 986 "http://easydrivers.activities.at/entry.php?id=10271&&ser=520668" "Mozilla/5.0 (Windows NT 5.1; rv:50.0) Gecko/20100101 Firefox/50.0"
188.20.203.254 - - [30/Nov/2016:16:46:30 +0100] "GET /gui/javascript/form_form.js?1480520790 HTTP/1.1" 200 16206 "http://easydrivers.activities.at/entry.php?id=10271&&ser=520729" "Mozilla/5.0 (Windows NT 5.1; rv:50.0) Gecko/20100101 Firefox/50.0"
188.20.203.254 - - [30/Nov/2016:16:46:31 +0100] "GET /entry.php?id=10271&&ser=520730 HTTP/1.1" 200 985 "http://easydrivers.activities.at/entry.php?id=10271&&ser=520669" "Mozilla/5.0 (Windows NT 5.1; rv:50.0) Gecko/20100101 Firefox/50.0"
188.20.203.254 - - [30/Nov/2016:16:46:31 +0100] "GET /gui/javascript/form_form.js?1480520791 HTTP/1.1" 200 16206 "http://easydrivers.activities.at/entry.php?id=10271&&ser=520730" "Mozilla/5.0 (Windows NT 5.1; rv:50.0) Gecko/20100101 Firefox/50.0"
188.20.203.254 - - [30/Nov/2016:16:46:31 +0100] "GET /entry.php?id=10271&&ser=520731 HTTP/1.1" 200 986 "http://easydrivers.activities.at/entry.php?id=10271&&ser=520669" "Mozilla/5.0 (Windows NT 5.1; rv:50.0) Gecko/20100101 Firefox/50.0"
188.20.203.254 - - [30/Nov/2016:16:46:32 +0100] "GET /gui/javascript/form_form.js?1480520792 HTTP/1.1" 200 16206 "http://easydrivers.activities.at/entry.php?id=10271&&ser=520731" "Mozilla/5.0 (Windows NT 5.1; rv:50.0) Gecko/20100101 Firefox/50.0"
188.20.203.254 - - [30/Nov/2016:16:46:37 +0100] "GET /entry.php?id=10271&&ser=520736 HTTP/1.1" 200 986 "http://easydrivers.activities.at/entry.php?id=10271&&ser=520675" "Mozilla/5.0 (Windows NT 5.1; rv:50.0) Gecko/20100101 Firefox/50.0"
188.20.203.254 - - [30/Nov/2016:16:46:37 +0100] "GET /gui/javascript/form_form.js?1480520797 HTTP/1.1" 200 16206 "http://easydrivers.activities.at/entry.php?id=10271&&ser=520736" "Mozilla/5.0 (Windows NT 5.1; rv:50.0) Gecko/20100101 Firefox/50.0"
80.123.96.46 - - [30/Nov/2016:16:46:38 +0100] "POST /entry.php?id=11668 HTTP/1.1" 200 3610 "http://ed.activities.at/entry.php?id=11668" "Mozilla/5.0 (Windows NT 6.1; WOW64; Trident/7.0; rv:11.0) like Gecko"
80.123.96.46 - - [30/Nov/2016:16:46:39 +0100] "GET /gui/javascript/form_form.js?1480520799 HTTP/1.1" 200 16206 "http://ed.activities.at/entry.php?id=11668" "Mozilla/5.0 (Windows NT 6.1; WOW64; Trident/7.0; rv:11.0) like Gecko"
80.123.96.46 - - [30/Nov/2016:16:46:39 +0100] "GET /entry.php?id=10778&form=11493&name=list& HTTP/1.1" 200 3543 "http://ed.activities.at/entry.php?id=11668" "Mozilla/5.0 (Windows NT 6.1; WOW64; Trident/7.0; rv:11.0) like Gecko"
80.123.96.46 - - [30/Nov/2016:16:46:39 +0100] "GET /entry.php?id=10776&form=11493&name=list& HTTP/1.1" 200 1479 "http://ed.activities.at/entry.php?id=11668" "Mozilla/5.0 (Windows NT 6.1; WOW64; Trident/7.0; rv:11.0) like Gecko"
80.123.96.46 - - [30/Nov/2016:16:46:40 +0100] "GET /entry.php?id=10271&&ser=520740 HTTP/1.1" 200 986 "http://ed.activities.at/entry.php?id=10272" "Mozilla/5.0 (Windows NT 6.1; WOW64; Trident/7.0; rv:11.0) like Gecko"
80.123.96.46 - - [30/Nov/2016:16:46:40 +0100] "GET /gui/javascript/form_form.js?1480520800 HTTP/1.1" 200 16206 "http://ed.activities.at/entry.php?id=10271&&ser=520740" "Mozilla/5.0 (Windows NT 6.1; WOW64; Trident/7.0; rv:11.0) like Gecko"
80.123.96.46 - - [30/Nov/2016:16:46:40 +0100] "POST /entry.php?id=11668 HTTP/1.1" 200 3483 "http://ed.activities.at/entry.php?id=11668" "Mozilla/5.0 (Windows NT 6.1; WOW64; Trident/7.0; rv:11.0) like Gecko"
80.123.96.46 - - [30/Nov/2016:16:46:41 +0100] "GET /gui/javascript/form_form.js?1480520801 HTTP/1.1" 200 16206 "http://ed.activities.at/entry.php?id=11668" "Mozilla/5.0 (Windows NT 6.1; WOW64; Trident/7.0; rv:11.0) like Gecko"
80.123.96.46 - - [30/Nov/2016:16:46:41 +0100] "GET /entry.php?id=10776&form=11493&name=list& HTTP/1.1" 200 1479 "http://ed.activities.at/entry.php?id=11668" "Mozilla/5.0 (Windows NT 6.1; WOW64; Trident/7.0; rv:11.0) like Gecko"
80.123.96.46 - - [30/Nov/2016:16:46:41 +0100] "GET /entry.php?id=10778&form=11493&name=list& HTTP/1.1" 200 3562 "http://ed.activities.at/entry.php?id=11668" "Mozilla/5.0 (Windows NT 6.1; WOW64; Trident/7.0; rv:11.0) like Gecko"
80.123.96.46 - - [30/Nov/2016:16:46:57 +0100] "POST /entry.php?id=11668 HTTP/1.1" 200 3613 "http://ed.activities.at/entry.php?id=11668" "Mozilla/5.0 (Windows NT 6.1; WOW64; Trident/7.0; rv:11.0) like Gecko"
80.123.96.46 - - [30/Nov/2016:16:46:57 +0100] "GET /gui/javascript/form_form.js?1480520817 HTTP/1.1" 200 16206 "http://ed.activities.at/entry.php?id=11668" "Mozilla/5.0 (Windows NT 6.1; WOW64; Trident/7.0; rv:11.0) like Gecko"
80.123.96.46 - - [30/Nov/2016:16:46:58 +0100] "GET /entry.php?id=10776&form=11493&name=list& HTTP/1.1" 200 1479 "http://ed.activities.at/entry.php?id=11668" "Mozilla/5.0 (Windows NT 6.1; WOW64; Trident/7.0; rv:11.0) like Gecko"
80.123.96.46 - - [30/Nov/2016:16:46:58 +0100] "GET /entry.php?id=10778&form=11493&name=list& HTTP/1.1" 200 3543 "http://ed.activities.at/entry.php?id=11668" "Mozilla/5.0 (Windows NT 6.1; WOW64; Trident/7.0; rv:11.0) like Gecko"
80.123.96.46 - - [30/Nov/2016:16:47:00 +0100] "POST /entry.php?id=11668 HTTP/1.1" 200 3480 "http://ed.activities.at/entry.php?id=11668" "Mozilla/5.0 (Windows NT 6.1; WOW64; Trident/7.0; rv:11.0) like Gecko"
80.123.96.46 - - [30/Nov/2016:16:47:00 +0100] "GET /gui/javascript/form_form.js?1480520820 HTTP/1.1" 200 16206 "http://ed.activities.at/entry.php?id=11668" "Mozilla/5.0 (Windows NT 6.1; WOW64; Trident/7.0; rv:11.0) like Gecko"
80.123.96.46 - - [30/Nov/2016:16:47:01 +0100] "GET /entry.php?id=10776&form=11493&name=list& HTTP/1.1" 200 1479 "http://ed.activities.at/entry.php?id=11668" "Mozilla/5.0 (Windows NT 6.1; WOW64; Trident/7.0; rv:11.0) like Gecko"
80.123.96.46 - - [30/Nov/2016:16:47:01 +0100] "GET /entry.php?id=10778&form=11493&name=list& HTTP/1.1" 200 3562 "http://ed.activities.at/entry.php?id=11668" "Mozilla/5.0 (Windows NT 6.1; WOW64; Trident/7.0; rv:11.0) like Gecko"
188.20.203.254 - - [30/Nov/2016:16:47:24 +0100] "POST /entry.php?id=11671 HTTP/1.1" 200 4952 "http://easydrivers.activities.at/entry.php?id=11671" "Mozilla/5.0 (Windows NT 5.1; rv:50.0) Gecko/20100101 Firefox/50.0"
188.20.203.254 - - [30/Nov/2016:16:47:25 +0100] "GET /gui/javascript/form_form.js?1480520845 HTTP/1.1" 200 16206 "http://easydrivers.activities.at/entry.php?id=11671" "Mozilla/5.0 (Windows NT 5.1; rv:50.0) Gecko/20100101 Firefox/50.0"
188.20.203.254 - - [30/Nov/2016:16:47:25 +0100] "GET /entry.php?id=10776&form=11496&name=list& HTTP/1.1" 200 1519 "http://easydrivers.activities.at/entry.php?id=11671" "Mozilla/5.0 (Windows NT 5.1; rv:50.0) Gecko/20100101 Firefox/50.0"
188.20.203.254 - - [30/Nov/2016:16:47:25 +0100] "GET /entry.php?id=10778&form=11496&name=list& HTTP/1.1" 200 5752 "http://easydrivers.activities.at/entry.php?id=11671" "Mozilla/5.0 (Windows NT 5.1; rv:50.0) Gecko/20100101 Firefox/50.0"
188.20.203.254 - - [30/Nov/2016:16:47:26 +0100] "POST /entry.php?id=11671 HTTP/1.1" 200 3178 "http://easydrivers.activities.at/entry.php?id=11671" "Mozilla/5.0 (Windows NT 5.1; rv:50.0) Gecko/20100101 Firefox/50.0"
188.20.203.254 - - [30/Nov/2016:16:47:28 +0100] "GET /gui/javascript/form_form.js?1480520847 HTTP/1.1" 200 16206 "http://easydrivers.activities.at/entry.php?id=11671" "Mozilla/5.0 (Windows NT 5.1; rv:50.0) Gecko/20100101 Firefox/50.0"
188.20.203.254 - - [30/Nov/2016:16:47:29 +0100] "GET /framework/webfx/javascript/tinymce/skins/lightgray/content.min.css HTTP/1.1" 404 331 "http://easydrivers.activities.at/entry.php?id=11671" "Mozilla/5.0 (Windows NT 5.1; rv:50.0) Gecko/20100101 Firefox/50.0"
188.20.203.254 - - [30/Nov/2016:16:47:29 +0100] "GET /entry.php?id=10271&&ser=520788 HTTP/1.1" 200 986 "http://easydrivers.activities.at/entry.php?id=10271&&ser=520727" "Mozilla/5.0 (Windows NT 5.1; rv:50.0) Gecko/20100101 Firefox/50.0"
188.20.203.254 - - [30/Nov/2016:16:47:29 +0100] "GET /gui/javascript/form_form.js?1480520849 HTTP/1.1" 200 16206 "http://easydrivers.activities.at/entry.php?id=10271&&ser=520788" "Mozilla/5.0 (Windows NT 5.1; rv:50.0) Gecko/20100101 Firefox/50.0"
188.20.203.254 - - [30/Nov/2016:16:47:29 +0100] "GET /entry.php?id=10271&&ser=520789 HTTP/1.1" 200 986 "http://easydrivers.activities.at/entry.php?id=10271&&ser=520727" "Mozilla/5.0 (Windows NT 5.1; rv:50.0) Gecko/20100101 Firefox/50.0"
80.123.96.46 - - [30/Nov/2016:16:47:30 +0100] "POST /entry.php?id=11668 HTTP/1.1" 200 3613 "http://ed.activities.at/entry.php?id=11668" "Mozilla/5.0 (Windows NT 6.1; WOW64; Trident/7.0; rv:11.0) like Gecko"
188.20.203.254 - - [30/Nov/2016:16:47:30 +0100] "GET /gui/javascript/form_form.js?1480520850 HTTP/1.1" 200 16206 "http://easydrivers.activities.at/entry.php?id=10271&&ser=520789" "Mozilla/5.0 (Windows NT 5.1; rv:50.0) Gecko/20100101 Firefox/50.0"
80.123.96.46 - - [30/Nov/2016:16:47:30 +0100] "GET /gui/javascript/form_form.js?1480520850 HTTP/1.1" 200 16206 "http://ed.activities.at/entry.php?id=11668" "Mozilla/5.0 (Windows NT 6.1; WOW64; Trident/7.0; rv:11.0) like Gecko"
188.20.203.254 - - [30/Nov/2016:16:47:30 +0100] "GET /entry.php?id=10271&&ser=520790 HTTP/1.1" 200 985 "http://easydrivers.activities.at/entry.php?id=10271&&ser=520729" "Mozilla/5.0 (Windows NT 5.1; rv:50.0) Gecko/20100101 Firefox/50.0"
80.123.96.46 - - [30/Nov/2016:16:47:31 +0100] "GET /entry.php?id=10776&form=11493&name=list& HTTP/1.1" 200 1479 "http://ed.activities.at/entry.php?id=11668" "Mozilla/5.0 (Windows NT 6.1; WOW64; Trident/7.0; rv:11.0) like Gecko"
80.123.96.46 - - [30/Nov/2016:16:47:31 +0100] "GET /entry.php?id=10778&form=11493&name=list& HTTP/1.1" 200 3543 "http://ed.activities.at/entry.php?id=11668" "Mozilla/5.0 (Windows NT 6.1; WOW64; Trident/7.0; rv:11.0) like Gecko"
188.20.203.254 - - [30/Nov/2016:16:47:31 +0100] "GET /gui/javascript/form_form.js?1480520851 HTTP/1.1" 200 16206 "http://easydrivers.activities.at/entry.php?id=10271&&ser=520790" "Mozilla/5.0 (Windows NT 5.1; rv:50.0) Gecko/20100101 Firefox/50.0"
188.20.203.254 - - [30/Nov/2016:16:47:32 +0100] "GET /entry.php?id=10271&&ser=520791 HTTP/1.1" 200 986 "http://easydrivers.activities.at/entry.php?id=10271&&ser=520730" "Mozilla/5.0 (Windows NT 5.1; rv:50.0) Gecko/20100101 Firefox/50.0"
188.20.203.254 - - [30/Nov/2016:16:47:32 +0100] "GET /gui/javascript/form_form.js?1480520852 HTTP/1.1" 200 16206 "http://easydrivers.activities.at/entry.php?id=10271&&ser=520791" "Mozilla/5.0 (Windows NT 5.1; rv:50.0) Gecko/20100101 Firefox/50.0"
188.20.203.254 - - [30/Nov/2016:16:47:32 +0100] "GET /entry.php?id=10271&&ser=520792 HTTP/1.1" 200 986 "http://easydrivers.activities.at/entry.php?id=10271&&ser=520731" "Mozilla/5.0 (Windows NT 5.1; rv:50.0) Gecko/20100101 Firefox/50.0"
188.20.203.254 - - [30/Nov/2016:16:47:38 +0100] "GET /entry.php?id=10271&&ser=520797 HTTP/1.1" 200 986 "http://easydrivers.activities.at/entry.php?id=10271&&ser=520736" "Mozilla/5.0 (Windows NT 5.1; rv:50.0) Gecko/20100101 Firefox/50.0"
188.20.203.254 - - [30/Nov/2016:16:47:38 +0100] "GET /gui/javascript/form_form.js?1480520858 HTTP/1.1" 200 16206 "http://easydrivers.activities.at/entry.php?id=10271&&ser=520797" "Mozilla/5.0 (Windows NT 5.1; rv:50.0) Gecko/20100101 Firefox/50.0"
80.123.96.46 - - [30/Nov/2016:16:47:40 +0100] "GET /entry.php?id=10271&&ser=520800 HTTP/1.1" 200 985 "http://ed.activities.at/entry.php?id=10272" "Mozilla/5.0 (Windows NT 6.1; WOW64; Trident/7.0; rv:11.0) like Gecko"
80.123.96.46 - - [30/Nov/2016:16:47:41 +0100] "GET /gui/javascript/form_form.js?1480520861 HTTP/1.1" 200 16206 "http://ed.activities.at/entry.php?id=10271&&ser=520800" "Mozilla/5.0 (Windows NT 6.1; WOW64; Trident/7.0; rv:11.0) like Gecko"
80.123.96.46 - - [30/Nov/2016:16:47:43 +0100] "POST /entry.php?id=11668 HTTP/1.1" 200 3482 "http://ed.activities.at/entry.php?id=11668" "Mozilla/5.0 (Windows NT 6.1; WOW64; Trident/7.0; rv:11.0) like Gecko"
80.123.96.46 - - [30/Nov/2016:16:47:44 +0100] "GET /gui/javascript/form_form.js?1480520864 HTTP/1.1" 200 16206 "http://ed.activities.at/entry.php?id=11668" "Mozilla/5.0 (Windows NT 6.1; WOW64; Trident/7.0; rv:11.0) like Gecko"
80.123.96.46 - - [30/Nov/2016:16:47:44 +0100] "GET /entry.php?id=10776&form=11493&name=list& HTTP/1.1" 200 1479 "http://ed.activities.at/entry.php?id=11668" "Mozilla/5.0 (Windows NT 6.1; WOW64; Trident/7.0; rv:11.0) like Gecko"
80.123.96.46 - - [30/Nov/2016:16:47:44 +0100] "GET /entry.php?id=10778&form=11493&name=list& HTTP/1.1" 200 3556 "http://ed.activities.at/entry.php?id=11668" "Mozilla/5.0 (Windows NT 6.1; WOW64; Trident/7.0; rv:11.0) like Gecko"
188.20.203.254 - - [30/Nov/2016:16:47:49 +0100] "POST /entry.php?id=11671 HTTP/1.1" 200 3392 "http://easydrivers.activities.at/entry.php?id=11671" "Mozilla/5.0 (Windows NT 5.1; rv:50.0) Gecko/20100101 Firefox/50.0"
188.20.203.254 - - [30/Nov/2016:16:47:50 +0100] "GET /gui/javascript/form_form.js?1480520870 HTTP/1.1" 200 16206 "http://easydrivers.activities.at/entry.php?id=11671" "Mozilla/5.0 (Windows NT 5.1; rv:50.0) Gecko/20100101 Firefox/50.0"
188.20.203.254 - - [30/Nov/2016:16:47:51 +0100] "GET /framework/webfx/javascript/tinymce/skins/lightgray/content.min.css HTTP/1.1" 404 331 "http://easydrivers.activities.at/entry.php?id=11671" "Mozilla/5.0 (Windows NT 5.1; rv:50.0) Gecko/20100101 Firefox/50.0"
188.20.203.254 - - [30/Nov/2016:16:47:55 +0100] "POST /entry.php?id=11671 HTTP/1.1" 200 3401 "http://easydrivers.activities.at/entry.php?id=11671" "Mozilla/5.0 (Windows NT 5.1; rv:50.0) Gecko/20100101 Firefox/50.0"
