188.20.203.254 - - [30/Nov/2016:14:26:13 +0100] "POST /entry.php?id=11671 HTTP/1.1" 200 5009 "http://easydrivers.activities.at/entry.php?id=11671" "Mozilla/5.0 (Windows NT 5.1; rv:50.0) Gecko/20100101 Firefox/50.0"
93.83.110.102 - - [30/Nov/2016:14:26:13 +0100] "POST /entry.php?id=11671 HTTP/1.1" 200 3251 "http://ed.activities.at/entry.php?id=11671" "Mozilla/5.0 (Windows NT 6.1; rv:50.0) Gecko/20100101 Firefox/50.0"
93.83.110.102 - - [30/Nov/2016:14:26:14 +0100] "GET /gui/javascript/form_form.js?1480512374 HTTP/1.1" 200 16206 "http://ed.activities.at/entry.php?id=11671" "Mozilla/5.0 (Windows NT 6.1; rv:50.0) Gecko/20100101 Firefox/50.0"
188.20.203.254 - - [30/Nov/2016:14:26:14 +0100] "GET /gui/javascript/form_form.js?1480512374 HTTP/1.1" 200 16206 "http://easydrivers.activities.at/entry.php?id=11671" "Mozilla/5.0 (Windows NT 5.1; rv:50.0) Gecko/20100101 Firefox/50.0"
93.83.110.102 - - [30/Nov/2016:14:26:14 +0100] "GET /framework/webfx/javascript/tinymce/skins/lightgray/content.min.css HTTP/1.1" 404 327 "http://ed.activities.at/entry.php?id=11671" "Mozilla/5.0 (Windows NT 6.1; rv:50.0) Gecko/20100101 Firefox/50.0"
188.20.203.254 - - [30/Nov/2016:14:26:14 +0100] "GET /entry.php?id=10776&form=11496&name=list& HTTP/1.1" 200 1519 "http://easydrivers.activities.at/entry.php?id=11671" "Mozilla/5.0 (Windows NT 5.1; rv:50.0) Gecko/20100101 Firefox/50.0"
188.20.203.254 - - [30/Nov/2016:14:26:14 +0100] "GET /entry.php?id=10778&form=11496&name=list& HTTP/1.1" 200 5839 "http://easydrivers.activities.at/entry.php?id=11671" "Mozilla/5.0 (Windows NT 5.1; rv:50.0) Gecko/20100101 Firefox/50.0"
188.20.203.254 - - [30/Nov/2016:14:26:16 +0100] "POST /entry.php?id=11671 HTTP/1.1" 200 3196 "http://easydrivers.activities.at/entry.php?id=11671" "Mozilla/5.0 (Windows NT 5.1; rv:50.0) Gecko/20100101 Firefox/50.0"
188.20.203.254 - - [30/Nov/2016:14:26:17 +0100] "GET /gui/javascript/form_form.js?1480512377 HTTP/1.1" 200 16206 "http://easydrivers.activities.at/entry.php?id=11671" "Mozilla/5.0 (Windows NT 5.1; rv:50.0) Gecko/20100101 Firefox/50.0"
188.20.203.254 - - [30/Nov/2016:14:26:18 +0100] "GET /framework/webfx/javascript/tinymce/skins/lightgray/content.min.css HTTP/1.1" 404 331 "http://easydrivers.activities.at/entry.php?id=11671" "Mozilla/5.0 (Windows NT 5.1; rv:50.0) Gecko/20100101 Firefox/50.0"
93.83.110.102 - - [30/Nov/2016:14:26:28 +0100] "POST /entry.php?id=11671 HTTP/1.1" 200 3464 "http://ed.activities.at/entry.php?id=11671" "Mozilla/5.0 (Windows NT 6.1; rv:50.0) Gecko/20100101 Firefox/50.0"
93.83.110.102 - - [30/Nov/2016:14:26:29 +0100] "GET /gui/javascript/form_form.js?1480512389 HTTP/1.1" 200 16206 "http://ed.activities.at/entry.php?id=11671" "Mozilla/5.0 (Windows NT 6.1; rv:50.0) Gecko/20100101 Firefox/50.0"
93.83.110.102 - - [30/Nov/2016:14:26:29 +0100] "GET /framework/webfx/javascript/tinymce/skins/lightgray/content.min.css HTTP/1.1" 404 327 "http://ed.activities.at/entry.php?id=11671" "Mozilla/5.0 (Windows NT 6.1; rv:50.0) Gecko/20100101 Firefox/50.0"
93.83.110.102 - - [30/Nov/2016:14:26:30 +0100] "POST /entry.php?id=11671 HTTP/1.1" 200 4843 "http://ed.activities.at/entry.php?id=11671" "Mozilla/5.0 (Windows NT 6.1; rv:50.0) Gecko/20100101 Firefox/50.0"
93.83.110.102 - - [30/Nov/2016:14:26:31 +0100] "GET /gui/javascript/form_form.js?1480512391 HTTP/1.1" 200 16206 "http://ed.activities.at/entry.php?id=11671" "Mozilla/5.0 (Windows NT 6.1; rv:50.0) Gecko/20100101 Firefox/50.0"
93.83.110.102 - - [30/Nov/2016:14:26:31 +0100] "GET /entry.php?id=10776&form=11496&name=list& HTTP/1.1" 200 1519 "http://ed.activities.at/entry.php?id=11671" "Mozilla/5.0 (Windows NT 6.1; rv:50.0) Gecko/20100101 Firefox/50.0"
93.83.110.102 - - [30/Nov/2016:14:26:31 +0100] "GET /entry.php?id=10778&form=11496&name=list& HTTP/1.1" 200 5763 "http://ed.activities.at/entry.php?id=11671" "Mozilla/5.0 (Windows NT 6.1; rv:50.0) Gecko/20100101 Firefox/50.0"
93.83.110.102 - - [30/Nov/2016:14:26:32 +0100] "POST /entry.php?id=11671 HTTP/1.1" 200 5002 "http://ed.activities.at/entry.php?id=11671" "Mozilla/5.0 (Windows NT 6.1; rv:50.0) Gecko/20100101 Firefox/50.0"
93.83.110.102 - - [30/Nov/2016:14:26:33 +0100] "GET /gui/javascript/form_form.js?1480512393 HTTP/1.1" 200 16206 "http://ed.activities.at/entry.php?id=11671" "Mozilla/5.0 (Windows NT 6.1; rv:50.0) Gecko/20100101 Firefox/50.0"
93.83.110.102 - - [30/Nov/2016:14:26:34 +0100] "GET /entry.php?id=10778&form=11496&name=list& HTTP/1.1" 200 5763 "http://ed.activities.at/entry.php?id=11671" "Mozilla/5.0 (Windows NT 6.1; rv:50.0) Gecko/20100101 Firefox/50.0"
93.83.110.102 - - [30/Nov/2016:14:26:34 +0100] "GET /entry.php?id=10776&form=11496&name=list& HTTP/1.1" 200 1519 "http://ed.activities.at/entry.php?id=11671" "Mozilla/5.0 (Windows NT 6.1; rv:50.0) Gecko/20100101 Firefox/50.0"
93.83.110.102 - - [30/Nov/2016:14:26:35 +0100] "POST /entry.php?id=11671 HTTP/1.1" 200 4811 "http://ed.activities.at/entry.php?id=11671" "Mozilla/5.0 (Windows NT 6.1; rv:50.0) Gecko/20100101 Firefox/50.0"
93.83.110.102 - - [30/Nov/2016:14:26:35 +0100] "GET /gui/javascript/form_form.js?1480512395 HTTP/1.1" 200 16206 "http://ed.activities.at/entry.php?id=11671" "Mozilla/5.0 (Windows NT 6.1; rv:50.0) Gecko/20100101 Firefox/50.0"
93.83.110.102 - - [30/Nov/2016:14:26:36 +0100] "GET /entry.php?id=10778&form=11496&name=list& HTTP/1.1" 200 5763 "http://ed.activities.at/entry.php?id=11671" "Mozilla/5.0 (Windows NT 6.1; rv:50.0) Gecko/20100101 Firefox/50.0"
93.83.110.102 - - [30/Nov/2016:14:26:36 +0100] "GET /entry.php?id=10776&form=11496&name=list& HTTP/1.1" 200 1519 "http://ed.activities.at/entry.php?id=11671" "Mozilla/5.0 (Windows NT 6.1; rv:50.0) Gecko/20100101 Firefox/50.0"
93.83.110.102 - - [30/Nov/2016:14:26:37 +0100] "POST /entry.php?id=11671 HTTP/1.1" 200 3251 "http://ed.activities.at/entry.php?id=11671" "Mozilla/5.0 (Windows NT 6.1; rv:50.0) Gecko/20100101 Firefox/50.0"
93.83.110.102 - - [30/Nov/2016:14:26:38 +0100] "GET /gui/javascript/form_form.js?1480512398 HTTP/1.1" 200 16206 "http://ed.activities.at/entry.php?id=11671" "Mozilla/5.0 (Windows NT 6.1; rv:50.0) Gecko/20100101 Firefox/50.0"
93.83.110.102 - - [30/Nov/2016:14:26:38 +0100] "GET /framework/webfx/javascript/tinymce/skins/lightgray/content.min.css HTTP/1.1" 404 327 "http://ed.activities.at/entry.php?id=11671" "Mozilla/5.0 (Windows NT 6.1; rv:50.0) Gecko/20100101 Firefox/50.0"
93.83.110.102 - - [30/Nov/2016:14:26:41 +0100] "GET /entry.php?id=10271&&ser=512341 HTTP/1.1" 200 985 "http://ed.activities.at/entry.php?id=10271&&ser=512280" "Mozilla/5.0 (Windows NT 6.1; rv:50.0) Gecko/20100101 Firefox/50.0"
93.83.110.102 - - [30/Nov/2016:14:26:42 +0100] "GET /gui/javascript/form_form.js?1480512401 HTTP/1.1" 200 16206 "http://ed.activities.at/entry.php?id=10271&&ser=512341" "Mozilla/5.0 (Windows NT 6.1; rv:50.0) Gecko/20100101 Firefox/50.0"
93.83.110.102 - - [30/Nov/2016:14:26:46 +0100] "POST /entry.php?id=11671 HTTP/1.1" 200 3464 "http://ed.activities.at/entry.php?id=11671" "Mozilla/5.0 (Windows NT 6.1; rv:50.0) Gecko/20100101 Firefox/50.0"
93.83.110.102 - - [30/Nov/2016:14:26:47 +0100] "GET /gui/javascript/form_form.js?1480512406 HTTP/1.1" 200 16206 "http://ed.activities.at/entry.php?id=11671" "Mozilla/5.0 (Windows NT 6.1; rv:50.0) Gecko/20100101 Firefox/50.0"
93.83.110.102 - - [30/Nov/2016:14:26:47 +0100] "GET /framework/webfx/javascript/tinymce/skins/lightgray/content.min.css HTTP/1.1" 404 327 "http://ed.activities.at/entry.php?id=11671" "Mozilla/5.0 (Windows NT 6.1; rv:50.0) Gecko/20100101 Firefox/50.0"
93.83.110.102 - - [30/Nov/2016:14:26:48 +0100] "POST /entry.php?id=11671 HTTP/1.1" 200 4846 "http://ed.activities.at/entry.php?id=11671" "Mozilla/5.0 (Windows NT 6.1; rv:50.0) Gecko/20100101 Firefox/50.0"
93.83.110.102 - - [30/Nov/2016:14:26:48 +0100] "GET /gui/javascript/form_form.js?1480512408 HTTP/1.1" 200 16206 "http://ed.activities.at/entry.php?id=11671" "Mozilla/5.0 (Windows NT 6.1; rv:50.0) Gecko/20100101 Firefox/50.0"
93.83.110.102 - - [30/Nov/2016:14:26:49 +0100] "GET /entry.php?id=10776&form=11496&name=list& HTTP/1.1" 200 1519 "http://ed.activities.at/entry.php?id=11671" "Mozilla/5.0 (Windows NT 6.1; rv:50.0) Gecko/20100101 Firefox/50.0"
93.83.110.102 - - [30/Nov/2016:14:26:49 +0100] "GET /entry.php?id=10778&form=11496&name=list& HTTP/1.1" 200 5763 "http://ed.activities.at/entry.php?id=11671" "Mozilla/5.0 (Windows NT 6.1; rv:50.0) Gecko/20100101 Firefox/50.0"
93.83.110.102 - - [30/Nov/2016:14:26:50 +0100] "POST /entry.php?id=11671 HTTP/1.1" 200 5003 "http://ed.activities.at/entry.php?id=11671" "Mozilla/5.0 (Windows NT 6.1; rv:50.0) Gecko/20100101 Firefox/50.0"
93.83.110.102 - - [30/Nov/2016:14:26:51 +0100] "GET /gui/javascript/form_form.js?1480512411 HTTP/1.1" 200 16206 "http://ed.activities.at/entry.php?id=11671" "Mozilla/5.0 (Windows NT 6.1; rv:50.0) Gecko/20100101 Firefox/50.0"
93.83.110.102 - - [30/Nov/2016:14:26:51 +0100] "GET /entry.php?id=10776&form=11496&name=list& HTTP/1.1" 200 1519 "http://ed.activities.at/entry.php?id=11671" "Mozilla/5.0 (Windows NT 6.1; rv:50.0) Gecko/20100101 Firefox/50.0"
93.83.110.102 - - [30/Nov/2016:14:26:51 +0100] "GET /entry.php?id=10778&form=11496&name=list& HTTP/1.1" 200 5763 "http://ed.activities.at/entry.php?id=11671" "Mozilla/5.0 (Windows NT 6.1; rv:50.0) Gecko/20100101 Firefox/50.0"
93.83.110.102 - - [30/Nov/2016:14:26:52 +0100] "POST /entry.php?id=11671 HTTP/1.1" 200 4811 "http://ed.activities.at/entry.php?id=11671" "Mozilla/5.0 (Windows NT 6.1; rv:50.0) Gecko/20100101 Firefox/50.0"
93.83.110.102 - - [30/Nov/2016:14:26:53 +0100] "GET /gui/javascript/form_form.js?1480512412 HTTP/1.1" 200 16206 "http://ed.activities.at/entry.php?id=11671" "Mozilla/5.0 (Windows NT 6.1; rv:50.0) Gecko/20100101 Firefox/50.0"
93.83.110.102 - - [30/Nov/2016:14:26:53 +0100] "GET /entry.php?id=10776&form=11496&name=list& HTTP/1.1" 200 1519 "http://ed.activities.at/entry.php?id=11671" "Mozilla/5.0 (Windows NT 6.1; rv:50.0) Gecko/20100101 Firefox/50.0"
93.83.110.102 - - [30/Nov/2016:14:26:53 +0100] "GET /entry.php?id=10778&form=11496&name=list& HTTP/1.1" 200 5763 "http://ed.activities.at/entry.php?id=11671" "Mozilla/5.0 (Windows NT 6.1; rv:50.0) Gecko/20100101 Firefox/50.0"
93.83.110.102 - - [30/Nov/2016:14:26:54 +0100] "POST /entry.php?id=11671 HTTP/1.1" 200 3252 "http://ed.activities.at/entry.php?id=11671" "Mozilla/5.0 (Windows NT 6.1; rv:50.0) Gecko/20100101 Firefox/50.0"
93.83.110.102 - - [30/Nov/2016:14:26:54 +0100] "GET /gui/javascript/form_form.js?1480512414 HTTP/1.1" 200 16206 "http://ed.activities.at/entry.php?id=11671" "Mozilla/5.0 (Windows NT 6.1; rv:50.0) Gecko/20100101 Firefox/50.0"
93.83.110.102 - - [30/Nov/2016:14:26:54 +0100] "GET /framework/webfx/javascript/tinymce/skins/lightgray/content.min.css HTTP/1.1" 404 327 "http://ed.activities.at/entry.php?id=11671" "Mozilla/5.0 (Windows NT 6.1; rv:50.0) Gecko/20100101 Firefox/50.0"
188.20.203.254 - - [30/Nov/2016:14:26:57 +0100] "GET /entry.php?id=10271&&ser=512356 HTTP/1.1" 200 986 "http://easydrivers.activities.at/entry.php?id=10271&&ser=512295" "Mozilla/5.0 (Windows NT 5.1; rv:50.0) Gecko/20100101 Firefox/50.0"
188.20.203.254 - - [30/Nov/2016:14:26:57 +0100] "GET /gui/javascript/form_form.js?1480512417 HTTP/1.1" 200 16206 "http://easydrivers.activities.at/entry.php?id=10271&&ser=512356" "Mozilla/5.0 (Windows NT 5.1; rv:50.0) Gecko/20100101 Firefox/50.0"
93.83.110.102 - - [30/Nov/2016:14:26:59 +0100] "POST /entry.php?id=11671 HTTP/1.1" 200 3465 "http://ed.activities.at/entry.php?id=11671" "Mozilla/5.0 (Windows NT 6.1; rv:50.0) Gecko/20100101 Firefox/50.0"
93.83.110.102 - - [30/Nov/2016:14:27:00 +0100] "GET /gui/javascript/form_form.js?1480512420 HTTP/1.1" 200 16206 "http://ed.activities.at/entry.php?id=11671" "Mozilla/5.0 (Windows NT 6.1; rv:50.0) Gecko/20100101 Firefox/50.0"
93.83.110.102 - - [30/Nov/2016:14:27:00 +0100] "GET /framework/webfx/javascript/tinymce/skins/lightgray/content.min.css HTTP/1.1" 404 327 "http://ed.activities.at/entry.php?id=11671" "Mozilla/5.0 (Windows NT 6.1; rv:50.0) Gecko/20100101 Firefox/50.0"
188.20.203.254 - - [30/Nov/2016:14:27:03 +0100] "POST /entry.php?id=11671 HTTP/1.1" 200 3499 "http://easydrivers.activities.at/entry.php?id=11671" "Mozilla/5.0 (Windows NT 5.1; rv:50.0) Gecko/20100101 Firefox/50.0"
188.20.203.254 - - [30/Nov/2016:14:27:04 +0100] "GET /gui/javascript/form_form.js?1480512423 HTTP/1.1" 200 16206 "http://easydrivers.activities.at/entry.php?id=11671" "Mozilla/5.0 (Windows NT 5.1; rv:50.0) Gecko/20100101 Firefox/50.0"
93.83.110.102 - - [30/Nov/2016:14:27:04 +0100] "POST /entry.php?id=11671 HTTP/1.1" 200 4846 "http://ed.activities.at/entry.php?id=11671" "Mozilla/5.0 (Windows NT 6.1; rv:50.0) Gecko/20100101 Firefox/50.0"
93.83.110.102 - - [30/Nov/2016:14:27:04 +0100] "GET /gui/javascript/form_form.js?1480512424 HTTP/1.1" 200 16206 "http://ed.activities.at/entry.php?id=11671" "Mozilla/5.0 (Windows NT 6.1; rv:50.0) Gecko/20100101 Firefox/50.0"
188.20.203.254 - - [30/Nov/2016:14:27:05 +0100] "GET /framework/webfx/javascript/tinymce/skins/lightgray/content.min.css HTTP/1.1" 404 331 "http://easydrivers.activities.at/entry.php?id=11671" "Mozilla/5.0 (Windows NT 5.1; rv:50.0) Gecko/20100101 Firefox/50.0"
93.83.110.102 - - [30/Nov/2016:14:27:05 +0100] "GET /entry.php?id=10776&form=11496&name=list& HTTP/1.1" 200 1519 "http://ed.activities.at/entry.php?id=11671" "Mozilla/5.0 (Windows NT 6.1; rv:50.0) Gecko/20100101 Firefox/50.0"
93.83.110.102 - - [30/Nov/2016:14:27:05 +0100] "GET /entry.php?id=10778&form=11496&name=list& HTTP/1.1" 200 5763 "http://ed.activities.at/entry.php?id=11671" "Mozilla/5.0 (Windows NT 6.1; rv:50.0) Gecko/20100101 Firefox/50.0"
188.20.203.254 - - [30/Nov/2016:14:27:05 +0100] "POST /entry.php?id=11671 HTTP/1.1" 200 4862 "http://easydrivers.activities.at/entry.php?id=11671" "Mozilla/5.0 (Windows NT 5.1; rv:50.0) Gecko/20100101 Firefox/50.0"
188.20.203.254 - - [30/Nov/2016:14:27:06 +0100] "GET /gui/javascript/form_form.js?1480512426 HTTP/1.1" 200 16206 "http://easydrivers.activities.at/entry.php?id=11671" "Mozilla/5.0 (Windows NT 5.1; rv:50.0) Gecko/20100101 Firefox/50.0"
93.83.110.102 - - [30/Nov/2016:14:27:06 +0100] "POST /entry.php?id=11671 HTTP/1.1" 200 5000 "http://ed.activities.at/entry.php?id=11671" "Mozilla/5.0 (Windows NT 6.1; rv:50.0) Gecko/20100101 Firefox/50.0"
93.83.110.102 - - [30/Nov/2016:14:27:07 +0100] "GET /gui/javascript/form_form.js?1480512426 HTTP/1.1" 200 16206 "http://ed.activities.at/entry.php?id=11671" "Mozilla/5.0 (Windows NT 6.1; rv:50.0) Gecko/20100101 Firefox/50.0"
188.20.203.254 - - [30/Nov/2016:14:27:07 +0100] "GET /entry.php?id=10776&form=11496&name=list& HTTP/1.1" 200 1519 "http://easydrivers.activities.at/entry.php?id=11671" "Mozilla/5.0 (Windows NT 5.1; rv:50.0) Gecko/20100101 Firefox/50.0"
188.20.203.254 - - [30/Nov/2016:14:27:07 +0100] "GET /entry.php?id=10778&form=11496&name=list& HTTP/1.1" 200 5839 "http://easydrivers.activities.at/entry.php?id=11671" "Mozilla/5.0 (Windows NT 5.1; rv:50.0) Gecko/20100101 Firefox/50.0"
93.83.110.102 - - [30/Nov/2016:14:27:07 +0100] "GET /entry.php?id=10776&form=11496&name=list& HTTP/1.1" 200 1519 "http://ed.activities.at/entry.php?id=11671" "Mozilla/5.0 (Windows NT 6.1; rv:50.0) Gecko/20100101 Firefox/50.0"
93.83.110.102 - - [30/Nov/2016:14:27:07 +0100] "GET /entry.php?id=10778&form=11496&name=list& HTTP/1.1" 200 5763 "http://ed.activities.at/entry.php?id=11671" "Mozilla/5.0 (Windows NT 6.1; rv:50.0) Gecko/20100101 Firefox/50.0"
93.83.110.102 - - [30/Nov/2016:14:27:08 +0100] "POST /entry.php?id=11671 HTTP/1.1" 200 4812 "http://ed.activities.at/entry.php?id=11671" "Mozilla/5.0 (Windows NT 6.1; rv:50.0) Gecko/20100101 Firefox/50.0"
93.83.110.102 - - [30/Nov/2016:14:27:08 +0100] "GET /gui/javascript/form_form.js?1480512428 HTTP/1.1" 200 16206 "http://ed.activities.at/entry.php?id=11671" "Mozilla/5.0 (Windows NT 6.1; rv:50.0) Gecko/20100101 Firefox/50.0"
93.83.110.102 - - [30/Nov/2016:14:27:09 +0100] "GET /entry.php?id=10776&form=11496&name=list& HTTP/1.1" 200 1519 "http://ed.activities.at/entry.php?id=11671" "Mozilla/5.0 (Windows NT 6.1; rv:50.0) Gecko/20100101 Firefox/50.0"
93.83.110.102 - - [30/Nov/2016:14:27:09 +0100] "GET /entry.php?id=10778&form=11496&name=list& HTTP/1.1" 200 5763 "http://ed.activities.at/entry.php?id=11671" "Mozilla/5.0 (Windows NT 6.1; rv:50.0) Gecko/20100101 Firefox/50.0"
188.20.203.254 - - [30/Nov/2016:14:27:08 +0100] "POST /entry.php?id=11671 HTTP/1.1" 200 5046 "http://easydrivers.activities.at/entry.php?id=11671" "Mozilla/5.0 (Windows NT 5.1; rv:50.0) Gecko/20100101 Firefox/50.0"
188.20.203.254 - - [30/Nov/2016:14:27:09 +0100] "GET /gui/javascript/form_form.js?1480512429 HTTP/1.1" 200 16206 "http://easydrivers.activities.at/entry.php?id=11671" "Mozilla/5.0 (Windows NT 5.1; rv:50.0) Gecko/20100101 Firefox/50.0"
188.20.203.254 - - [30/Nov/2016:14:27:09 +0100] "GET /entry.php?id=10776&form=11496&name=list& HTTP/1.1" 200 1519 "http://easydrivers.activities.at/entry.php?id=11671" "Mozilla/5.0 (Windows NT 5.1; rv:50.0) Gecko/20100101 Firefox/50.0"
188.20.203.254 - - [30/Nov/2016:14:27:10 +0100] "GET /entry.php?id=10778&form=11496&name=list& HTTP/1.1" 200 5839 "http://easydrivers.activities.at/entry.php?id=11671" "Mozilla/5.0 (Windows NT 5.1; rv:50.0) Gecko/20100101 Firefox/50.0"
93.83.110.102 - - [30/Nov/2016:14:27:11 +0100] "POST /entry.php?id=11671 HTTP/1.1" 200 3253 "http://ed.activities.at/entry.php?id=11671" "Mozilla/5.0 (Windows NT 6.1; rv:50.0) Gecko/20100101 Firefox/50.0"
93.83.110.102 - - [30/Nov/2016:14:27:12 +0100] "GET /gui/javascript/form_form.js?1480512432 HTTP/1.1" 200 16206 "http://ed.activities.at/entry.php?id=11671" "Mozilla/5.0 (Windows NT 6.1; rv:50.0) Gecko/20100101 Firefox/50.0"
93.83.110.102 - - [30/Nov/2016:14:27:12 +0100] "GET /framework/webfx/javascript/tinymce/skins/lightgray/content.min.css HTTP/1.1" 404 327 "http://ed.activities.at/entry.php?id=11671" "Mozilla/5.0 (Windows NT 6.1; rv:50.0) Gecko/20100101 Firefox/50.0"
93.83.110.102 - - [30/Nov/2016:14:27:17 +0100] "POST /entry.php?id=11671 HTTP/1.1" 200 3466 "http://ed.activities.at/entry.php?id=11671" "Mozilla/5.0 (Windows NT 6.1; rv:50.0) Gecko/20100101 Firefox/50.0"
93.83.110.102 - - [30/Nov/2016:14:27:18 +0100] "GET /gui/javascript/form_form.js?1480512437 HTTP/1.1" 200 16206 "http://ed.activities.at/entry.php?id=11671" "Mozilla/5.0 (Windows NT 6.1; rv:50.0) Gecko/20100101 Firefox/50.0"
93.83.110.102 - - [30/Nov/2016:14:27:18 +0100] "GET /framework/webfx/javascript/tinymce/skins/lightgray/content.min.css HTTP/1.1" 404 327 "http://ed.activities.at/entry.php?id=11671" "Mozilla/5.0 (Windows NT 6.1; rv:50.0) Gecko/20100101 Firefox/50.0"
93.83.110.102 - - [30/Nov/2016:14:27:19 +0100] "POST /entry.php?id=11671 HTTP/1.1" 200 4847 "http://ed.activities.at/entry.php?id=11671" "Mozilla/5.0 (Windows NT 6.1; rv:50.0) Gecko/20100101 Firefox/50.0"
93.83.110.102 - - [30/Nov/2016:14:27:19 +0100] "GET /gui/javascript/form_form.js?1480512439 HTTP/1.1" 200 16206 "http://ed.activities.at/entry.php?id=11671" "Mozilla/5.0 (Windows NT 6.1; rv:50.0) Gecko/20100101 Firefox/50.0"
93.83.110.102 - - [30/Nov/2016:14:27:19 +0100] "GET /entry.php?id=10776&form=11496&name=list& HTTP/1.1" 200 1519 "http://ed.activities.at/entry.php?id=11671" "Mozilla/5.0 (Windows NT 6.1; rv:50.0) Gecko/20100101 Firefox/50.0"
93.83.110.102 - - [30/Nov/2016:14:27:19 +0100] "GET /entry.php?id=10778&form=11496&name=list& HTTP/1.1" 200 5763 "http://ed.activities.at/entry.php?id=11671" "Mozilla/5.0 (Windows NT 6.1; rv:50.0) Gecko/20100101 Firefox/50.0"
93.83.110.102 - - [30/Nov/2016:14:27:22 +0100] "POST /entry.php?id=11671 HTTP/1.1" 200 5004 "http://ed.activities.at/entry.php?id=11671" "Mozilla/5.0 (Windows NT 6.1; rv:50.0) Gecko/20100101 Firefox/50.0"
93.83.110.102 - - [30/Nov/2016:14:27:23 +0100] "GET /gui/javascript/form_form.js?1480512443 HTTP/1.1" 200 16206 "http://ed.activities.at/entry.php?id=11671" "Mozilla/5.0 (Windows NT 6.1; rv:50.0) Gecko/20100101 Firefox/50.0"
93.83.110.102 - - [30/Nov/2016:14:27:24 +0100] "GET /entry.php?id=10776&form=11496&name=list& HTTP/1.1" 200 1519 "http://ed.activities.at/entry.php?id=11671" "Mozilla/5.0 (Windows NT 6.1; rv:50.0) Gecko/20100101 Firefox/50.0"
93.83.110.102 - - [30/Nov/2016:14:27:24 +0100] "GET /entry.php?id=10778&form=11496&name=list& HTTP/1.1" 200 5763 "http://ed.activities.at/entry.php?id=11671" "Mozilla/5.0 (Windows NT 6.1; rv:50.0) Gecko/20100101 Firefox/50.0"
93.83.110.102 - - [30/Nov/2016:14:27:24 +0100] "POST /entry.php?id=11671 HTTP/1.1" 200 4811 "http://ed.activities.at/entry.php?id=11671" "Mozilla/5.0 (Windows NT 6.1; rv:50.0) Gecko/20100101 Firefox/50.0"
93.83.110.102 - - [30/Nov/2016:14:27:25 +0100] "GET /gui/javascript/form_form.js?1480512445 HTTP/1.1" 200 16206 "http://ed.activities.at/entry.php?id=11671" "Mozilla/5.0 (Windows NT 6.1; rv:50.0) Gecko/20100101 Firefox/50.0"
93.83.110.102 - - [30/Nov/2016:14:27:26 +0100] "GET /entry.php?id=10776&form=11496&name=list& HTTP/1.1" 200 1519 "http://ed.activities.at/entry.php?id=11671" "Mozilla/5.0 (Windows NT 6.1; rv:50.0) Gecko/20100101 Firefox/50.0"
93.83.110.102 - - [30/Nov/2016:14:27:26 +0100] "GET /entry.php?id=10778&form=11496&name=list& HTTP/1.1" 200 5763 "http://ed.activities.at/entry.php?id=11671" "Mozilla/5.0 (Windows NT 6.1; rv:50.0) Gecko/20100101 Firefox/50.0"
93.83.110.102 - - [30/Nov/2016:14:27:31 +0100] "POST /entry.php?id=11671 HTTP/1.1" 200 3253 "http://ed.activities.at/entry.php?id=11671" "Mozilla/5.0 (Windows NT 6.1; rv:50.0) Gecko/20100101 Firefox/50.0"
93.83.110.102 - - [30/Nov/2016:14:27:32 +0100] "GET /gui/javascript/form_form.js?1480512452 HTTP/1.1" 200 16206 "http://ed.activities.at/entry.php?id=11671" "Mozilla/5.0 (Windows NT 6.1; rv:50.0) Gecko/20100101 Firefox/50.0"
93.83.110.102 - - [30/Nov/2016:14:27:32 +0100] "GET /framework/webfx/javascript/tinymce/skins/lightgray/content.min.css HTTP/1.1" 404 327 "http://ed.activities.at/entry.php?id=11671" "Mozilla/5.0 (Windows NT 6.1; rv:50.0) Gecko/20100101 Firefox/50.0"
93.83.110.102 - - [30/Nov/2016:14:27:38 +0100] "POST /entry.php?id=11671 HTTP/1.1" 200 3464 "http://ed.activities.at/entry.php?id=11671" "Mozilla/5.0 (Windows NT 6.1; rv:50.0) Gecko/20100101 Firefox/50.0"
93.83.110.102 - - [30/Nov/2016:14:27:38 +0100] "GET /gui/javascript/form_form.js?1480512458 HTTP/1.1" 200 16206 "http://ed.activities.at/entry.php?id=11671" "Mozilla/5.0 (Windows NT 6.1; rv:50.0) Gecko/20100101 Firefox/50.0"
93.83.110.102 - - [30/Nov/2016:14:27:39 +0100] "GET /framework/webfx/javascript/tinymce/skins/lightgray/content.min.css HTTP/1.1" 404 327 "http://ed.activities.at/entry.php?id=11671" "Mozilla/5.0 (Windows NT 6.1; rv:50.0) Gecko/20100101 Firefox/50.0"
93.83.110.102 - - [30/Nov/2016:14:27:40 +0100] "POST /entry.php?id=11671 HTTP/1.1" 200 4847 "http://ed.activities.at/entry.php?id=11671" "Mozilla/5.0 (Windows NT 6.1; rv:50.0) Gecko/20100101 Firefox/50.0"
93.83.110.102 - - [30/Nov/2016:14:27:40 +0100] "GET /gui/javascript/form_form.js?1480512460 HTTP/1.1" 200 16206 "http://ed.activities.at/entry.php?id=11671" "Mozilla/5.0 (Windows NT 6.1; rv:50.0) Gecko/20100101 Firefox/50.0"
93.83.110.102 - - [30/Nov/2016:14:27:40 +0100] "GET /entry.php?id=10776&form=11496&name=list& HTTP/1.1" 200 1519 "http://ed.activities.at/entry.php?id=11671" "Mozilla/5.0 (Windows NT 6.1; rv:50.0) Gecko/20100101 Firefox/50.0"
93.83.110.102 - - [30/Nov/2016:14:27:40 +0100] "GET /entry.php?id=10778&form=11496&name=list& HTTP/1.1" 200 5763 "http://ed.activities.at/entry.php?id=11671" "Mozilla/5.0 (Windows NT 6.1; rv:50.0) Gecko/20100101 Firefox/50.0"
93.83.110.102 - - [30/Nov/2016:14:27:42 +0100] "GET /entry.php?id=10271&&ser=512401 HTTP/1.1" 200 986 "http://ed.activities.at/entry.php?id=10271&&ser=512341" "Mozilla/5.0 (Windows NT 6.1; rv:50.0) Gecko/20100101 Firefox/50.0"
93.83.110.102 - - [30/Nov/2016:14:27:42 +0100] "GET /gui/javascript/form_form.js?1480512462 HTTP/1.1" 200 16206 "http://ed.activities.at/entry.php?id=10271&&ser=512401" "Mozilla/5.0 (Windows NT 6.1; rv:50.0) Gecko/20100101 Firefox/50.0"
93.83.110.102 - - [30/Nov/2016:14:27:42 +0100] "POST /entry.php?id=11671 HTTP/1.1" 200 5003 "http://ed.activities.at/entry.php?id=11671" "Mozilla/5.0 (Windows NT 6.1; rv:50.0) Gecko/20100101 Firefox/50.0"
93.83.110.102 - - [30/Nov/2016:14:27:43 +0100] "GET /gui/javascript/form_form.js?1480512463 HTTP/1.1" 200 16206 "http://ed.activities.at/entry.php?id=11671" "Mozilla/5.0 (Windows NT 6.1; rv:50.0) Gecko/20100101 Firefox/50.0"
93.83.110.102 - - [30/Nov/2016:14:27:44 +0100] "GET /entry.php?id=10778&form=11496&name=list& HTTP/1.1" 200 5763 "http://ed.activities.at/entry.php?id=11671" "Mozilla/5.0 (Windows NT 6.1; rv:50.0) Gecko/20100101 Firefox/50.0"
93.83.110.102 - - [30/Nov/2016:14:27:44 +0100] "GET /entry.php?id=10776&form=11496&name=list& HTTP/1.1" 200 1519 "http://ed.activities.at/entry.php?id=11671" "Mozilla/5.0 (Windows NT 6.1; rv:50.0) Gecko/20100101 Firefox/50.0"
93.83.110.102 - - [30/Nov/2016:14:27:53 +0100] "POST /entry.php?id=11671 HTTP/1.1" 200 4840 "http://ed.activities.at/entry.php?id=11671" "Mozilla/5.0 (Windows NT 6.1; rv:50.0) Gecko/20100101 Firefox/50.0"
93.83.110.102 - - [30/Nov/2016:14:27:53 +0100] "GET /gui/javascript/form_form.js?1480512473 HTTP/1.1" 200 16206 "http://ed.activities.at/entry.php?id=11671" "Mozilla/5.0 (Windows NT 6.1; rv:50.0) Gecko/20100101 Firefox/50.0"
93.83.110.102 - - [30/Nov/2016:14:27:53 +0100] "GET /entry.php?id=10776&form=11496&name=list& HTTP/1.1" 200 1519 "http://ed.activities.at/entry.php?id=11671" "Mozilla/5.0 (Windows NT 6.1; rv:50.0) Gecko/20100101 Firefox/50.0"
93.83.110.102 - - [30/Nov/2016:14:27:53 +0100] "GET /entry.php?id=10778&form=11496&name=list& HTTP/1.1" 200 5785 "http://ed.activities.at/entry.php?id=11671" "Mozilla/5.0 (Windows NT 6.1; rv:50.0) Gecko/20100101 Firefox/50.0"
188.20.203.254 - - [30/Nov/2016:14:27:58 +0100] "GET /entry.php?id=10271&&ser=512417 HTTP/1.1" 200 986 "http://easydrivers.activities.at/entry.php?id=10271&&ser=512356" "Mozilla/5.0 (Windows NT 5.1; rv:50.0) Gecko/20100101 Firefox/50.0"
188.20.203.254 - - [30/Nov/2016:14:27:58 +0100] "GET /gui/javascript/form_form.js?1480512478 HTTP/1.1" 200 16206 "http://easydrivers.activities.at/entry.php?id=10271&&ser=512417" "Mozilla/5.0 (Windows NT 5.1; rv:50.0) Gecko/20100101 Firefox/50.0"
93.83.110.102 - - [30/Nov/2016:14:28:42 +0100] "GET /entry.php?id=10271&&ser=512462 HTTP/1.1" 200 986 "http://ed.activities.at/entry.php?id=10271&&ser=512401" "Mozilla/5.0 (Windows NT 6.1; rv:50.0) Gecko/20100101 Firefox/50.0"
93.83.110.102 - - [30/Nov/2016:14:28:43 +0100] "GET /gui/javascript/form_form.js?1480512522 HTTP/1.1" 200 16206 "http://ed.activities.at/entry.php?id=10271&&ser=512462" "Mozilla/5.0 (Windows NT 6.1; rv:50.0) Gecko/20100101 Firefox/50.0"
188.20.203.254 - - [30/Nov/2016:14:28:50 +0100] "GET /entry.php?id=11670 HTTP/1.1" 200 320 "http://easydrivers.activities.at/entry.php?id=10270&__app__=10006038" "Mozilla/5.0 (Windows NT 5.1; rv:50.0) Gecko/20100101 Firefox/50.0"
188.20.203.254 - - [30/Nov/2016:14:28:51 +0100] "GET /entry.php?id=10676&&title=Produkte HTTP/1.1" 200 1387 "http://easydrivers.activities.at/entry.php?id=11670" "Mozilla/5.0 (Windows NT 5.1; rv:50.0) Gecko/20100101 Firefox/50.0"
188.20.203.254 - - [30/Nov/2016:14:28:51 +0100] "GET /gui/javascript/form_form.js?1480512531 HTTP/1.1" 200 16206 "http://easydrivers.activities.at/entry.php?id=10676&&title=Produkte" "Mozilla/5.0 (Windows NT 5.1; rv:50.0) Gecko/20100101 Firefox/50.0"
188.20.203.254 - - [30/Nov/2016:14:28:51 +0100] "GET /entry.php?id=11669& HTTP/1.1" 200 2280 "http://easydrivers.activities.at/entry.php?id=11670" "Mozilla/5.0 (Windows NT 5.1; rv:50.0) Gecko/20100101 Firefox/50.0"
188.20.203.254 - - [30/Nov/2016:14:28:51 +0100] "GET /entry.php?id=11668& HTTP/1.1" 200 3367 "http://easydrivers.activities.at/entry.php?id=11670" "Mozilla/5.0 (Windows NT 5.1; rv:50.0) Gecko/20100101 Firefox/50.0"
188.20.203.254 - - [30/Nov/2016:14:28:52 +0100] "GET /gui/javascript/form_form.js?1480512532 HTTP/1.1" 200 16206 "http://easydrivers.activities.at/entry.php?id=11668&" "Mozilla/5.0 (Windows NT 5.1; rv:50.0) Gecko/20100101 Firefox/50.0"
188.20.203.254 - - [30/Nov/2016:14:28:52 +0100] "GET /entry.php?id=10776&form=11494&name=list& HTTP/1.1" 200 1992 "http://easydrivers.activities.at/entry.php?id=11669&" "Mozilla/5.0 (Windows NT 5.1; rv:50.0) Gecko/20100101 Firefox/50.0"
188.20.203.254 - - [30/Nov/2016:14:28:52 +0100] "GET /entry.php?id=10778&form=11494&name=list& HTTP/1.1" 200 4920 "http://easydrivers.activities.at/entry.php?id=11669&" "Mozilla/5.0 (Windows NT 5.1; rv:50.0) Gecko/20100101 Firefox/50.0"
188.20.203.254 - - [30/Nov/2016:14:28:52 +0100] "GET /entry.php?id=10776&form=11493&name=list& HTTP/1.1" 200 1487 "http://easydrivers.activities.at/entry.php?id=11668&" "Mozilla/5.0 (Windows NT 5.1; rv:50.0) Gecko/20100101 Firefox/50.0"
188.20.203.254 - - [30/Nov/2016:14:28:52 +0100] "GET /entry.php?id=10778&form=11493&name=list& HTTP/1.1" 200 2487 "http://easydrivers.activities.at/entry.php?id=11668&" "Mozilla/5.0 (Windows NT 5.1; rv:50.0) Gecko/20100101 Firefox/50.0"
188.20.203.254 - - [30/Nov/2016:14:28:58 +0100] "GET /entry.php?id=10271&&ser=512478 HTTP/1.1" 200 987 "http://easydrivers.activities.at/entry.php?id=10271&&ser=512417" "Mozilla/5.0 (Windows NT 5.1; rv:50.0) Gecko/20100101 Firefox/50.0"
188.20.203.254 - - [30/Nov/2016:14:28:59 +0100] "GET /gui/javascript/form_form.js?1480512539 HTTP/1.1" 200 16206 "http://easydrivers.activities.at/entry.php?id=10271&&ser=512478" "Mozilla/5.0 (Windows NT 5.1; rv:50.0) Gecko/20100101 Firefox/50.0"
188.20.203.254 - - [30/Nov/2016:14:29:00 +0100] "POST /entry.php?id=11668 HTTP/1.1" 200 3474 "http://easydrivers.activities.at/entry.php?id=11668&" "Mozilla/5.0 (Windows NT 5.1; rv:50.0) Gecko/20100101 Firefox/50.0"
188.20.203.254 - - [30/Nov/2016:14:29:00 +0100] "GET /gui/javascript/form_form.js?1480512540 HTTP/1.1" 200 16206 "http://easydrivers.activities.at/entry.php?id=11668" "Mozilla/5.0 (Windows NT 5.1; rv:50.0) Gecko/20100101 Firefox/50.0"
188.20.203.254 - - [30/Nov/2016:14:29:00 +0100] "GET /entry.php?id=10776&form=11493&name=list& HTTP/1.1" 200 1486 "http://easydrivers.activities.at/entry.php?id=11668" "Mozilla/5.0 (Windows NT 5.1; rv:50.0) Gecko/20100101 Firefox/50.0"
188.20.203.254 - - [30/Nov/2016:14:29:01 +0100] "GET /entry.php?id=10778&form=11493&name=list& HTTP/1.1" 200 3476 "http://easydrivers.activities.at/entry.php?id=11668" "Mozilla/5.0 (Windows NT 5.1; rv:50.0) Gecko/20100101 Firefox/50.0"
93.83.110.102 - - [30/Nov/2016:14:29:08 +0100] "GET /entry.php?id=11679 HTTP/1.1" 200 312 "http://ed.activities.at/entry.php?id=10270&__app__=10006038" "Mozilla/5.0 (Windows NT 6.1; rv:50.0) Gecko/20100101 Firefox/50.0"
93.83.110.102 - - [30/Nov/2016:14:29:09 +0100] "GET /entry.php?id=10676&title=Portal& HTTP/1.1" 200 1386 "http://ed.activities.at/entry.php?id=11679" "Mozilla/5.0 (Windows NT 6.1; rv:50.0) Gecko/20100101 Firefox/50.0"
93.83.110.102 - - [30/Nov/2016:14:29:09 +0100] "GET /gui/javascript/form_form.js?1480512549 HTTP/1.1" 200 16206 "http://ed.activities.at/entry.php?id=10676&title=Portal&" "Mozilla/5.0 (Windows NT 6.1; rv:50.0) Gecko/20100101 Firefox/50.0"
93.83.110.102 - - [30/Nov/2016:14:29:09 +0100] "GET /entry.php?id=11678& HTTP/1.1" 200 3534 "http://ed.activities.at/entry.php?id=11679" "Mozilla/5.0 (Windows NT 6.1; rv:50.0) Gecko/20100101 Firefox/50.0"
93.83.110.102 - - [30/Nov/2016:14:29:09 +0100] "GET /activities/framework/KoolControls/KoolAjax/koolajax.php?8436e354c842500aba3cbaf0584c0c24 HTTP/1.1" 200 4079 "http://ed.activities.at/entry.php?id=11678&" "Mozilla/5.0 (Windows NT 6.1; rv:50.0) Gecko/20100101 Firefox/50.0"
93.83.110.102 - - [30/Nov/2016:14:29:09 +0100] "GET /activities/framework/KoolControls/KoolTreeView/kooltreeview.php?c7cd9180e88ffef8e70f13526bb4f5f7 HTTP/1.1" 200 5055 "http://ed.activities.at/entry.php?id=11678&" "Mozilla/5.0 (Windows NT 6.1; rv:50.0) Gecko/20100101 Firefox/50.0"
93.83.110.102 - - [30/Nov/2016:14:29:09 +0100] "GET /entry.php?id=11677& HTTP/1.1" 200 4372 "http://ed.activities.at/entry.php?id=11679" "Mozilla/5.0 (Windows NT 6.1; rv:50.0) Gecko/20100101 Firefox/50.0"
93.83.110.102 - - [30/Nov/2016:14:29:10 +0100] "GET /entry.php?id=11618&&object=&item=&emu_class= HTTP/1.1" 200 1696 "http://ed.activities.at/entry.php?id=11677&" "Mozilla/5.0 (Windows NT 6.1; rv:50.0) Gecko/20100101 Firefox/50.0"
93.83.110.102 - - [30/Nov/2016:14:29:10 +0100] "GET /gui/javascript/form_form.js?1480512550 HTTP/1.1" 200 16206 "http://ed.activities.at/entry.php?id=11618&&object=&item=&emu_class=" "Mozilla/5.0 (Windows NT 6.1; rv:50.0) Gecko/20100101 Firefox/50.0"
188.20.203.254 - - [30/Nov/2016:14:29:13 +0100] "POST /entry.php?id=11668 HTTP/1.1" 200 3603 "http://easydrivers.activities.at/entry.php?id=11668" "Mozilla/5.0 (Windows NT 5.1; rv:50.0) Gecko/20100101 Firefox/50.0"
188.20.203.254 - - [30/Nov/2016:14:29:14 +0100] "GET /gui/javascript/form_form.js?1480512554 HTTP/1.1" 200 16206 "http://easydrivers.activities.at/entry.php?id=11668" "Mozilla/5.0 (Windows NT 5.1; rv:50.0) Gecko/20100101 Firefox/50.0"
188.20.203.254 - - [30/Nov/2016:14:29:14 +0100] "GET /entry.php?id=10776&form=11493&name=list& HTTP/1.1" 200 1479 "http://easydrivers.activities.at/entry.php?id=11668" "Mozilla/5.0 (Windows NT 5.1; rv:50.0) Gecko/20100101 Firefox/50.0"
188.20.203.254 - - [30/Nov/2016:14:29:14 +0100] "GET /entry.php?id=10778&form=11493&name=list& HTTP/1.1" 200 3473 "http://easydrivers.activities.at/entry.php?id=11668" "Mozilla/5.0 (Windows NT 5.1; rv:50.0) Gecko/20100101 Firefox/50.0"
93.83.110.102 - - [30/Nov/2016:14:29:17 +0100] "POST /entry.php?id=11677 HTTP/1.1" 200 5105 "http://ed.activities.at/entry.php?id=11677&" "Mozilla/5.0 (Windows NT 6.1; rv:50.0) Gecko/20100101 Firefox/50.0"
93.83.110.102 - - [30/Nov/2016:14:29:18 +0100] "GET /gui/javascript/form_form.js?1480512557 HTTP/1.1" 200 16206 "http://ed.activities.at/entry.php?id=11677" "Mozilla/5.0 (Windows NT 6.1; rv:50.0) Gecko/20100101 Firefox/50.0"
188.20.203.254 - - [30/Nov/2016:14:29:18 +0100] "POST /entry.php?id=11668 HTTP/1.1" 200 3105 "http://easydrivers.activities.at/entry.php?id=11668" "Mozilla/5.0 (Windows NT 5.1; rv:50.0) Gecko/20100101 Firefox/50.0"
188.20.203.254 - - [30/Nov/2016:14:29:19 +0100] "GET /gui/javascript/form_form.js?1480512558 HTTP/1.1" 200 16206 "http://easydrivers.activities.at/entry.php?id=11668" "Mozilla/5.0 (Windows NT 5.1; rv:50.0) Gecko/20100101 Firefox/50.0"
188.20.203.254 - - [30/Nov/2016:14:29:20 +0100] "GET /framework/webfx/javascript/tinymce/skins/lightgray/content.min.css HTTP/1.1" 404 331 "http://easydrivers.activities.at/entry.php?id=11668" "Mozilla/5.0 (Windows NT 5.1; rv:50.0) Gecko/20100101 Firefox/50.0"
93.83.110.102 - - [30/Nov/2016:14:29:24 +0100] "POST /entry.php?id=11677 HTTP/1.1" 200 5183 "http://ed.activities.at/entry.php?id=11677" "Mozilla/5.0 (Windows NT 6.1; rv:50.0) Gecko/20100101 Firefox/50.0"
93.83.110.102 - - [30/Nov/2016:14:29:24 +0100] "GET /gui/javascript/form_form.js?1480512564 HTTP/1.1" 200 16206 "http://ed.activities.at/entry.php?id=11677" "Mozilla/5.0 (Windows NT 6.1; rv:50.0) Gecko/20100101 Firefox/50.0"
93.83.110.102 - - [30/Nov/2016:14:29:27 +0100] "POST /entry.php?id=11677 HTTP/1.1" 200 5097 "http://ed.activities.at/entry.php?id=11677" "Mozilla/5.0 (Windows NT 6.1; rv:50.0) Gecko/20100101 Firefox/50.0"
93.83.110.102 - - [30/Nov/2016:14:29:28 +0100] "GET /gui/javascript/form_form.js?1480512567 HTTP/1.1" 200 16206 "http://ed.activities.at/entry.php?id=11677" "Mozilla/5.0 (Windows NT 6.1; rv:50.0) Gecko/20100101 Firefox/50.0"
93.83.110.102 - - [30/Nov/2016:14:29:33 +0100] "POST /entry.php?id=11677 HTTP/1.1" 200 5099 "http://ed.activities.at/entry.php?id=11677" "Mozilla/5.0 (Windows NT 6.1; rv:50.0) Gecko/20100101 Firefox/50.0"
93.83.110.102 - - [30/Nov/2016:14:29:34 +0100] "GET /gui/javascript/form_form.js?1480512574 HTTP/1.1" 200 16206 "http://ed.activities.at/entry.php?id=11677" "Mozilla/5.0 (Windows NT 6.1; rv:50.0) Gecko/20100101 Firefox/50.0"
93.83.110.102 - - [30/Nov/2016:14:29:38 +0100] "POST /entry.php?id=11677 HTTP/1.1" 200 5094 "http://ed.activities.at/entry.php?id=11677" "Mozilla/5.0 (Windows NT 6.1; rv:50.0) Gecko/20100101 Firefox/50.0"
93.83.110.102 - - [30/Nov/2016:14:29:38 +0100] "GET /gui/javascript/form_form.js?1480512578 HTTP/1.1" 200 16206 "http://ed.activities.at/entry.php?id=11677" "Mozilla/5.0 (Windows NT 6.1; rv:50.0) Gecko/20100101 Firefox/50.0"
93.83.110.102 - - [30/Nov/2016:14:29:43 +0100] "GET /entry.php?id=10271&&ser=512522 HTTP/1.1" 200 986 "http://ed.activities.at/entry.php?id=10271&&ser=512462" "Mozilla/5.0 (Windows NT 6.1; rv:50.0) Gecko/20100101 Firefox/50.0"
93.83.110.102 - - [30/Nov/2016:14:29:43 +0100] "GET /gui/javascript/form_form.js?1480512583 HTTP/1.1" 200 16206 "http://ed.activities.at/entry.php?id=10271&&ser=512522" "Mozilla/5.0 (Windows NT 6.1; rv:50.0) Gecko/20100101 Firefox/50.0"
93.83.110.102 - - [30/Nov/2016:14:29:47 +0100] "POST /entry.php?id=11677 HTTP/1.1" 200 5095 "http://ed.activities.at/entry.php?id=11677" "Mozilla/5.0 (Windows NT 6.1; rv:50.0) Gecko/20100101 Firefox/50.0"
93.83.110.102 - - [30/Nov/2016:14:29:48 +0100] "GET /gui/javascript/form_form.js?1480512588 HTTP/1.1" 200 16206 "http://ed.activities.at/entry.php?id=11677" "Mozilla/5.0 (Windows NT 6.1; rv:50.0) Gecko/20100101 Firefox/50.0"
188.20.203.254 - - [30/Nov/2016:14:29:59 +0100] "GET /entry.php?id=10271&&ser=512538 HTTP/1.1" 200 986 "http://easydrivers.activities.at/entry.php?id=10271&&ser=512478" "Mozilla/5.0 (Windows NT 5.1; rv:50.0) Gecko/20100101 Firefox/50.0"
188.20.203.254 - - [30/Nov/2016:14:29:59 +0100] "GET /gui/javascript/form_form.js?1480512599 HTTP/1.1" 200 16206 "http://easydrivers.activities.at/entry.php?id=10271&&ser=512538" "Mozilla/5.0 (Windows NT 5.1; rv:50.0) Gecko/20100101 Firefox/50.0"
93.83.110.102 - - [30/Nov/2016:14:30:08 +0100] "POST /entry.php?id=11677 HTTP/1.1" 200 5179 "http://ed.activities.at/entry.php?id=11677" "Mozilla/5.0 (Windows NT 6.1; rv:50.0) Gecko/20100101 Firefox/50.0"
93.83.110.102 - - [30/Nov/2016:14:30:09 +0100] "GET /gui/javascript/form_form.js?1480512609 HTTP/1.1" 200 16206 "http://ed.activities.at/entry.php?id=11677" "Mozilla/5.0 (Windows NT 6.1; rv:50.0) Gecko/20100101 Firefox/50.0"
188.20.203.254 - - [30/Nov/2016:14:30:25 +0100] "POST /entry.php?id=11668 HTTP/1.1" 200 3172 "http://easydrivers.activities.at/entry.php?id=11668" "Mozilla/5.0 (Windows NT 5.1; rv:50.0) Gecko/20100101 Firefox/50.0"
188.20.203.254 - - [30/Nov/2016:14:30:25 +0100] "GET /gui/javascript/form_form.js?1480512625 HTTP/1.1" 200 16206 "http://easydrivers.activities.at/entry.php?id=11668" "Mozilla/5.0 (Windows NT 5.1; rv:50.0) Gecko/20100101 Firefox/50.0"
188.20.203.254 - - [30/Nov/2016:14:30:26 +0100] "GET /framework/webfx/javascript/tinymce/skins/lightgray/content.min.css HTTP/1.1" 404 331 "http://easydrivers.activities.at/entry.php?id=11668" "Mozilla/5.0 (Windows NT 5.1; rv:50.0) Gecko/20100101 Firefox/50.0"
188.20.203.254 - - [30/Nov/2016:14:30:28 +0100] "POST /entry.php?id=11668 HTTP/1.1" 200 3473 "http://easydrivers.activities.at/entry.php?id=11668" "Mozilla/5.0 (Windows NT 5.1; rv:50.0) Gecko/20100101 Firefox/50.0"
188.20.203.254 - - [30/Nov/2016:14:30:28 +0100] "GET /gui/javascript/form_form.js?1480512628 HTTP/1.1" 200 16206 "http://easydrivers.activities.at/entry.php?id=11668" "Mozilla/5.0 (Windows NT 5.1; rv:50.0) Gecko/20100101 Firefox/50.0"
188.20.203.254 - - [30/Nov/2016:14:30:29 +0100] "GET /entry.php?id=10776&form=11493&name=list& HTTP/1.1" 200 1486 "http://easydrivers.activities.at/entry.php?id=11668" "Mozilla/5.0 (Windows NT 5.1; rv:50.0) Gecko/20100101 Firefox/50.0"
188.20.203.254 - - [30/Nov/2016:14:30:29 +0100] "GET /entry.php?id=10778&form=11493&name=list& HTTP/1.1" 200 3476 "http://easydrivers.activities.at/entry.php?id=11668" "Mozilla/5.0 (Windows NT 5.1; rv:50.0) Gecko/20100101 Firefox/50.0"
188.20.203.254 - - [30/Nov/2016:14:30:39 +0100] "GET /entry.php?id=11670 HTTP/1.1" 200 320 "http://easydrivers.activities.at/entry.php?id=10270&__app__=10006038" "Mozilla/5.0 (Windows NT 5.1; rv:50.0) Gecko/20100101 Firefox/50.0"
188.20.203.254 - - [30/Nov/2016:14:30:39 +0100] "GET /entry.php?id=10676&&title=Produkte HTTP/1.1" 200 1388 "http://easydrivers.activities.at/entry.php?id=11670" "Mozilla/5.0 (Windows NT 5.1; rv:50.0) Gecko/20100101 Firefox/50.0"
188.20.203.254 - - [30/Nov/2016:14:30:39 +0100] "GET /gui/javascript/form_form.js?1480512639 HTTP/1.1" 200 16206 "http://easydrivers.activities.at/entry.php?id=10676&&title=Produkte" "Mozilla/5.0 (Windows NT 5.1; rv:50.0) Gecko/20100101 Firefox/50.0"
93.83.110.102 - - [30/Nov/2016:14:30:39 +0100] "POST /entry.php?id=11678 HTTP/1.1" 200 3587 "http://ed.activities.at/entry.php?id=11678&" "Mozilla/5.0 (Windows NT 6.1; rv:50.0) Gecko/20100101 Firefox/50.0"
188.20.203.254 - - [30/Nov/2016:14:30:39 +0100] "GET /entry.php?id=11669& HTTP/1.1" 200 2281 "http://easydrivers.activities.at/entry.php?id=11670" "Mozilla/5.0 (Windows NT 5.1; rv:50.0) Gecko/20100101 Firefox/50.0"
93.83.110.102 - - [30/Nov/2016:14:30:40 +0100] "GET /activities/framework/KoolControls/KoolAjax/koolajax.php?8436e354c842500aba3cbaf0584c0c24 HTTP/1.1" 200 4079 "http://ed.activities.at/entry.php?id=11678" "Mozilla/5.0 (Windows NT 6.1; rv:50.0) Gecko/20100101 Firefox/50.0"
93.83.110.102 - - [30/Nov/2016:14:30:40 +0100] "GET /gui/javascript/form_form.js?1480512640 HTTP/1.1" 200 16206 "http://ed.activities.at/entry.php?id=11678" "Mozilla/5.0 (Windows NT 6.1; rv:50.0) Gecko/20100101 Firefox/50.0"
188.20.203.254 - - [30/Nov/2016:14:30:40 +0100] "GET /gui/javascript/form_form.js?1480512640 HTTP/1.1" 200 16206 "http://easydrivers.activities.at/entry.php?id=11669&" "Mozilla/5.0 (Windows NT 5.1; rv:50.0) Gecko/20100101 Firefox/50.0"
93.83.110.102 - - [30/Nov/2016:14:30:40 +0100] "GET /activities/framework/KoolControls/KoolTreeView/kooltreeview.php?c7cd9180e88ffef8e70f13526bb4f5f7 HTTP/1.1" 200 5055 "http://ed.activities.at/entry.php?id=11678" "Mozilla/5.0 (Windows NT 6.1; rv:50.0) Gecko/20100101 Firefox/50.0"
188.20.203.254 - - [30/Nov/2016:14:30:39 +0100] "GET /entry.php?id=11668& HTTP/1.1" 200 3366 "http://easydrivers.activities.at/entry.php?id=11670" "Mozilla/5.0 (Windows NT 5.1; rv:50.0) Gecko/20100101 Firefox/50.0"
188.20.203.254 - - [30/Nov/2016:14:30:40 +0100] "GET /entry.php?id=10776&form=11494&name=list& HTTP/1.1" 200 1992 "http://easydrivers.activities.at/entry.php?id=11669&" "Mozilla/5.0 (Windows NT 5.1; rv:50.0) Gecko/20100101 Firefox/50.0"
188.20.203.254 - - [30/Nov/2016:14:30:40 +0100] "GET /entry.php?id=10778&form=11494&name=list& HTTP/1.1" 200 4916 "http://easydrivers.activities.at/entry.php?id=11669&" "Mozilla/5.0 (Windows NT 5.1; rv:50.0) Gecko/20100101 Firefox/50.0"
188.20.203.254 - - [30/Nov/2016:14:30:40 +0100] "GET /entry.php?id=10776&form=11493&name=list& HTTP/1.1" 200 1487 "http://easydrivers.activities.at/entry.php?id=11668&" "Mozilla/5.0 (Windows NT 5.1; rv:50.0) Gecko/20100101 Firefox/50.0"
188.20.203.254 - - [30/Nov/2016:14:30:40 +0100] "GET /entry.php?id=10778&form=11493&name=list& HTTP/1.1" 200 2487 "http://easydrivers.activities.at/entry.php?id=11668&" "Mozilla/5.0 (Windows NT 5.1; rv:50.0) Gecko/20100101 Firefox/50.0"
93.83.110.102 - - [30/Nov/2016:14:30:41 +0100] "POST /entry.php?id=11677 HTTP/1.1" 200 5097 "http://ed.activities.at/entry.php?id=11677" "Mozilla/5.0 (Windows NT 6.1; rv:50.0) Gecko/20100101 Firefox/50.0"
93.83.110.102 - - [30/Nov/2016:14:30:42 +0100] "GET /gui/javascript/form_form.js?1480512641 HTTP/1.1" 200 16206 "http://ed.activities.at/entry.php?id=11677" "Mozilla/5.0 (Windows NT 6.1; rv:50.0) Gecko/20100101 Firefox/50.0"
93.83.110.102 - - [30/Nov/2016:14:30:43 +0100] "GET /entry.php?id=10271&&ser=512583 HTTP/1.1" 200 986 "http://ed.activities.at/entry.php?id=10271&&ser=512522" "Mozilla/5.0 (Windows NT 6.1; rv:50.0) Gecko/20100101 Firefox/50.0"
93.83.110.102 - - [30/Nov/2016:14:30:44 +0100] "GET /gui/javascript/form_form.js?1480512643 HTTP/1.1" 200 16206 "http://ed.activities.at/entry.php?id=10271&&ser=512583" "Mozilla/5.0 (Windows NT 6.1; rv:50.0) Gecko/20100101 Firefox/50.0"
93.83.110.102 - - [30/Nov/2016:14:30:59 +0100] "POST /entry.php?id=11677 HTTP/1.1" 200 5175 "http://ed.activities.at/entry.php?id=11677" "Mozilla/5.0 (Windows NT 6.1; rv:50.0) Gecko/20100101 Firefox/50.0"
93.83.110.102 - - [30/Nov/2016:14:31:00 +0100] "GET /gui/javascript/form_form.js?1480512660 HTTP/1.1" 200 16206 "http://ed.activities.at/entry.php?id=11677" "Mozilla/5.0 (Windows NT 6.1; rv:50.0) Gecko/20100101 Firefox/50.0"
188.20.203.254 - - [30/Nov/2016:14:31:00 +0100] "GET /entry.php?id=10271&&ser=512599 HTTP/1.1" 200 986 "http://easydrivers.activities.at/entry.php?id=10271&&ser=512538" "Mozilla/5.0 (Windows NT 5.1; rv:50.0) Gecko/20100101 Firefox/50.0"
188.20.203.254 - - [30/Nov/2016:14:31:00 +0100] "GET /gui/javascript/form_form.js?1480512660 HTTP/1.1" 200 16206 "http://easydrivers.activities.at/entry.php?id=10271&&ser=512599" "Mozilla/5.0 (Windows NT 5.1; rv:50.0) Gecko/20100101 Firefox/50.0"
93.83.110.102 - - [30/Nov/2016:14:31:05 +0100] "POST /entry.php?id=11677 HTTP/1.1" 200 5110 "http://ed.activities.at/entry.php?id=11677" "Mozilla/5.0 (Windows NT 6.1; rv:50.0) Gecko/20100101 Firefox/50.0"
93.83.110.102 - - [30/Nov/2016:14:31:06 +0100] "GET /gui/javascript/form_form.js?1480512666 HTTP/1.1" 200 16206 "http://ed.activities.at/entry.php?id=11677" "Mozilla/5.0 (Windows NT 6.1; rv:50.0) Gecko/20100101 Firefox/50.0"
93.83.110.102 - - [30/Nov/2016:14:31:10 +0100] "POST /entry.php?id=11678 HTTP/1.1" 200 3590 "http://ed.activities.at/entry.php?id=11678" "Mozilla/5.0 (Windows NT 6.1; rv:50.0) Gecko/20100101 Firefox/50.0"
93.83.110.102 - - [30/Nov/2016:14:31:10 +0100] "GET /activities/framework/KoolControls/KoolAjax/koolajax.php?8436e354c842500aba3cbaf0584c0c24 HTTP/1.1" 200 4079 "http://ed.activities.at/entry.php?id=11678" "Mozilla/5.0 (Windows NT 6.1; rv:50.0) Gecko/20100101 Firefox/50.0"
93.83.110.102 - - [30/Nov/2016:14:31:10 +0100] "GET /gui/javascript/form_form.js?1480512670 HTTP/1.1" 200 16206 "http://ed.activities.at/entry.php?id=11678" "Mozilla/5.0 (Windows NT 6.1; rv:50.0) Gecko/20100101 Firefox/50.0"
93.83.110.102 - - [30/Nov/2016:14:31:10 +0100] "GET /activities/framework/KoolControls/KoolTreeView/kooltreeview.php?c7cd9180e88ffef8e70f13526bb4f5f7 HTTP/1.1" 200 5055 "http://ed.activities.at/entry.php?id=11678" "Mozilla/5.0 (Windows NT 6.1; rv:50.0) Gecko/20100101 Firefox/50.0"
93.83.110.102 - - [30/Nov/2016:14:31:12 +0100] "POST /entry.php?id=11677 HTTP/1.1" 200 5101 "http://ed.activities.at/entry.php?id=11677" "Mozilla/5.0 (Windows NT 6.1; rv:50.0) Gecko/20100101 Firefox/50.0"
93.83.110.102 - - [30/Nov/2016:14:31:12 +0100] "GET /gui/javascript/form_form.js?1480512672 HTTP/1.1" 200 16206 "http://ed.activities.at/entry.php?id=11677" "Mozilla/5.0 (Windows NT 6.1; rv:50.0) Gecko/20100101 Firefox/50.0"
93.83.110.102 - - [30/Nov/2016:14:31:22 +0100] "POST /entry.php?id=11677 HTTP/1.1" 200 5183 "http://ed.activities.at/entry.php?id=11677" "Mozilla/5.0 (Windows NT 6.1; rv:50.0) Gecko/20100101 Firefox/50.0"
93.83.110.102 - - [30/Nov/2016:14:31:23 +0100] "GET /gui/javascript/form_form.js?1480512683 HTTP/1.1" 200 16206 "http://ed.activities.at/entry.php?id=11677" "Mozilla/5.0 (Windows NT 6.1; rv:50.0) Gecko/20100101 Firefox/50.0"
93.83.110.102 - - [30/Nov/2016:14:31:34 +0100] "POST /entry.php?id=11677 HTTP/1.1" 200 5182 "http://ed.activities.at/entry.php?id=11677" "Mozilla/5.0 (Windows NT 6.1; rv:50.0) Gecko/20100101 Firefox/50.0"
93.83.110.102 - - [30/Nov/2016:14:31:34 +0100] "GET /gui/javascript/form_form.js?1480512694 HTTP/1.1" 200 16206 "http://ed.activities.at/entry.php?id=11677" "Mozilla/5.0 (Windows NT 6.1; rv:50.0) Gecko/20100101 Firefox/50.0"
93.83.110.102 - - [30/Nov/2016:14:31:38 +0100] "POST /entry.php?id=11677 HTTP/1.1" 200 5099 "http://ed.activities.at/entry.php?id=11677" "Mozilla/5.0 (Windows NT 6.1; rv:50.0) Gecko/20100101 Firefox/50.0"
93.83.110.102 - - [30/Nov/2016:14:31:39 +0100] "GET /gui/javascript/form_form.js?1480512698 HTTP/1.1" 200 16206 "http://ed.activities.at/entry.php?id=11677" "Mozilla/5.0 (Windows NT 6.1; rv:50.0) Gecko/20100101 Firefox/50.0"
93.83.110.102 - - [30/Nov/2016:14:31:43 +0100] "POST /entry.php?id=11678 HTTP/1.1" 200 3596 "http://ed.activities.at/entry.php?id=11678" "Mozilla/5.0 (Windows NT 6.1; rv:50.0) Gecko/20100101 Firefox/50.0"
93.83.110.102 - - [30/Nov/2016:14:31:44 +0100] "GET /activities/framework/KoolControls/KoolAjax/koolajax.php?8436e354c842500aba3cbaf0584c0c24 HTTP/1.1" 200 4079 "http://ed.activities.at/entry.php?id=11678" "Mozilla/5.0 (Windows NT 6.1; rv:50.0) Gecko/20100101 Firefox/50.0"
93.83.110.102 - - [30/Nov/2016:14:31:44 +0100] "GET /gui/javascript/form_form.js?1480512704 HTTP/1.1" 200 16206 "http://ed.activities.at/entry.php?id=11678" "Mozilla/5.0 (Windows NT 6.1; rv:50.0) Gecko/20100101 Firefox/50.0"
93.83.110.102 - - [30/Nov/2016:14:31:44 +0100] "GET /activities/framework/KoolControls/KoolTreeView/kooltreeview.php?c7cd9180e88ffef8e70f13526bb4f5f7 HTTP/1.1" 200 5055 "http://ed.activities.at/entry.php?id=11678" "Mozilla/5.0 (Windows NT 6.1; rv:50.0) Gecko/20100101 Firefox/50.0"
93.83.110.102 - - [30/Nov/2016:14:31:44 +0100] "GET /entry.php?id=10271&&ser=512643 HTTP/1.1" 200 986 "http://ed.activities.at/entry.php?id=10271&&ser=512583" "Mozilla/5.0 (Windows NT 6.1; rv:50.0) Gecko/20100101 Firefox/50.0"
93.83.110.102 - - [30/Nov/2016:14:31:45 +0100] "POST /entry.php?id=11677 HTTP/1.1" 200 5092 "http://ed.activities.at/entry.php?id=11677" "Mozilla/5.0 (Windows NT 6.1; rv:50.0) Gecko/20100101 Firefox/50.0"
93.83.110.102 - - [30/Nov/2016:14:31:46 +0100] "GET /gui/javascript/form_form.js?1480512706 HTTP/1.1" 200 16206 "http://ed.activities.at/entry.php?id=11677" "Mozilla/5.0 (Windows NT 6.1; rv:50.0) Gecko/20100101 Firefox/50.0"
93.83.110.102 - - [30/Nov/2016:14:31:47 +0100] "POST /entry.php?id=11677 HTTP/1.1" 200 5097 "http://ed.activities.at/entry.php?id=11677" "Mozilla/5.0 (Windows NT 6.1; rv:50.0) Gecko/20100101 Firefox/50.0"
