93.83.110.102 - - [30/Nov/2016:14:18:36 +0100] "GET /gui/javascript/jquery/css/gui-themes/ui.spinner.css HTTP/1.1" 304 - "http://ed.activities.at/entry.php?id=10271&UIN=cf15a8cc27c007e5af9cacc64afc3af2" "Mozilla/5.0 (Windows NT 6.1; rv:50.0) Gecko/20100101 Firefox/50.0"
93.83.110.102 - - [30/Nov/2016:14:18:36 +0100] "GET /gui/styles/tmplDefault.css HTTP/1.1" 304 - "http://ed.activities.at/entry.php?id=10271&UIN=cf15a8cc27c007e5af9cacc64afc3af2" "Mozilla/5.0 (Windows NT 6.1; rv:50.0) Gecko/20100101 Firefox/50.0"
93.83.110.102 - - [30/Nov/2016:14:18:36 +0100] "GET /gui/javascript/jquery/css/gui-themes/jquery.tooltip.css HTTP/1.1" 304 - "http://ed.activities.at/entry.php?id=10271&UIN=cf15a8cc27c007e5af9cacc64afc3af2" "Mozilla/5.0 (Windows NT 6.1; rv:50.0) Gecko/20100101 Firefox/50.0"
93.83.110.102 - - [30/Nov/2016:14:18:36 +0100] "GET /gui/javascript/jquery/js/jquery-1.8.2.js HTTP/1.1" 304 - "http://ed.activities.at/entry.php?id=10271&UIN=cf15a8cc27c007e5af9cacc64afc3af2" "Mozilla/5.0 (Windows NT 6.1; rv:50.0) Gecko/20100101 Firefox/50.0"
93.83.110.102 - - [30/Nov/2016:14:18:36 +0100] "GET /gui/javascript/form_form.js?1480511916 HTTP/1.1" 200 16206 "http://ed.activities.at/entry.php?id=10271&UIN=cf15a8cc27c007e5af9cacc64afc3af2" "Mozilla/5.0 (Windows NT 6.1; rv:50.0) Gecko/20100101 Firefox/50.0"
93.83.110.102 - - [30/Nov/2016:14:18:36 +0100] "GET /gui/javascript/jquery/js/jquery-ui-1.9.0.custom.min.js HTTP/1.1" 304 - "http://ed.activities.at/entry.php?id=10271&UIN=cf15a8cc27c007e5af9cacc64afc3af2" "Mozilla/5.0 (Windows NT 6.1; rv:50.0) Gecko/20100101 Firefox/50.0"
93.83.110.102 - - [30/Nov/2016:14:18:36 +0100] "GET /gui/javascript/jquery/jquery-tooltip/jquery.tooltip.min.js HTTP/1.1" 304 - "http://ed.activities.at/entry.php?id=10271&UIN=cf15a8cc27c007e5af9cacc64afc3af2" "Mozilla/5.0 (Windows NT 6.1; rv:50.0) Gecko/20100101 Firefox/50.0"
93.83.110.102 - - [30/Nov/2016:14:18:37 +0100] "GET /entry.php?id=11673 HTTP/1.1" 200 358 "http://ed.activities.at/entry.php?id=10270&__app__=10006038" "Mozilla/5.0 (Windows NT 6.1; rv:50.0) Gecko/20100101 Firefox/50.0"
93.83.110.102 - - [30/Nov/2016:14:18:38 +0100] "GET /entry.php?id=10676&&title=F%FChrerscheinkurse HTTP/1.1" 200 1393 "http://ed.activities.at/entry.php?id=11673" "Mozilla/5.0 (Windows NT 6.1; rv:50.0) Gecko/20100101 Firefox/50.0"
93.83.110.102 - - [30/Nov/2016:14:18:38 +0100] "GET /entry.php?id=11672& HTTP/1.1" 200 2688 "http://ed.activities.at/entry.php?id=11673" "Mozilla/5.0 (Windows NT 6.1; rv:50.0) Gecko/20100101 Firefox/50.0"
93.83.110.102 - - [30/Nov/2016:14:18:38 +0100] "GET /gui/javascript/form_form.js?1480511918 HTTP/1.1" 200 16206 "http://ed.activities.at/entry.php?id=10676&&title=F%FChrerscheinkurse" "Mozilla/5.0 (Windows NT 6.1; rv:50.0) Gecko/20100101 Firefox/50.0"
93.83.110.102 - - [30/Nov/2016:14:18:38 +0100] "GET /entry.php?id=11694& HTTP/1.1" 200 3284 "http://ed.activities.at/entry.php?id=11673" "Mozilla/5.0 (Windows NT 6.1; rv:50.0) Gecko/20100101 Firefox/50.0"
93.83.110.102 - - [30/Nov/2016:14:18:39 +0100] "GET /gui/javascript/form_form.js?1480511919 HTTP/1.1" 200 16206 "http://ed.activities.at/entry.php?id=11694&" "Mozilla/5.0 (Windows NT 6.1; rv:50.0) Gecko/20100101 Firefox/50.0"
93.83.110.102 - - [30/Nov/2016:14:18:39 +0100] "GET /entry.php?id=10776&form=11497&name=list& HTTP/1.1" 200 1943 "http://ed.activities.at/entry.php?id=11672&" "Mozilla/5.0 (Windows NT 6.1; rv:50.0) Gecko/20100101 Firefox/50.0"
93.83.110.102 - - [30/Nov/2016:14:18:39 +0100] "GET /activities/framework/KoolControls/KoolAjax/koolajax.php?8436e354c842500aba3cbaf0584c0c24 HTTP/1.1" 200 4079 "http://ed.activities.at/entry.php?id=11694&" "Mozilla/5.0 (Windows NT 6.1; rv:50.0) Gecko/20100101 Firefox/50.0"
93.83.110.102 - - [30/Nov/2016:14:18:39 +0100] "GET /activities/framework/KoolControls/KoolTreeView/kooltreeview.php?c7cd9180e88ffef8e70f13526bb4f5f7 HTTP/1.1" 200 5055 "http://ed.activities.at/entry.php?id=11694&" "Mozilla/5.0 (Windows NT 6.1; rv:50.0) Gecko/20100101 Firefox/50.0"
93.83.110.102 - - [30/Nov/2016:14:18:38 +0100] "GET /entry.php?id=11671& HTTP/1.1" 200 4540 "http://ed.activities.at/entry.php?id=11673" "Mozilla/5.0 (Windows NT 6.1; rv:50.0) Gecko/20100101 Firefox/50.0"
93.83.110.102 - - [30/Nov/2016:14:18:39 +0100] "GET /entry.php?id=10778&form=11497&name=list& HTTP/1.1" 200 5924 "http://ed.activities.at/entry.php?id=11672&" "Mozilla/5.0 (Windows NT 6.1; rv:50.0) Gecko/20100101 Firefox/50.0"
93.83.110.102 - - [30/Nov/2016:14:18:40 +0100] "GET /entry.php?id=10778&form=11496&name=list& HTTP/1.1" 200 2493 "http://ed.activities.at/entry.php?id=11671&" "Mozilla/5.0 (Windows NT 6.1; rv:50.0) Gecko/20100101 Firefox/50.0"
93.83.110.102 - - [30/Nov/2016:14:18:40 +0100] "GET /entry.php?id=10776&form=11496&name=list& HTTP/1.1" 200 1526 "http://ed.activities.at/entry.php?id=11671&" "Mozilla/5.0 (Windows NT 6.1; rv:50.0) Gecko/20100101 Firefox/50.0"
188.20.203.254 - - [30/Nov/2016:14:18:50 +0100] "GET /entry.php?id=10271&&ser=511870 HTTP/1.1" 200 985 "http://easydrivers.activities.at/entry.php?id=10271&&ser=511809" "Mozilla/5.0 (Windows NT 5.1; rv:50.0) Gecko/20100101 Firefox/50.0"
188.20.203.254 - - [30/Nov/2016:14:18:51 +0100] "GET /gui/javascript/form_form.js?1480511931 HTTP/1.1" 200 16206 "http://easydrivers.activities.at/entry.php?id=10271&&ser=511870" "Mozilla/5.0 (Windows NT 5.1; rv:50.0) Gecko/20100101 Firefox/50.0"
93.83.110.102 - - [30/Nov/2016:14:18:55 +0100] "POST /entry.php?id=11672 HTTP/1.1" 200 2699 "http://ed.activities.at/entry.php?id=11672&" "Mozilla/5.0 (Windows NT 6.1; rv:50.0) Gecko/20100101 Firefox/50.0"
93.83.110.102 - - [30/Nov/2016:14:18:56 +0100] "GET /gui/javascript/form_form.js?1480511936 HTTP/1.1" 200 16206 "http://ed.activities.at/entry.php?id=11672" "Mozilla/5.0 (Windows NT 6.1; rv:50.0) Gecko/20100101 Firefox/50.0"
93.83.110.102 - - [30/Nov/2016:14:18:56 +0100] "GET /entry.php?id=10778&form=11497&name=list& HTTP/1.1" 200 4379 "http://ed.activities.at/entry.php?id=11672" "Mozilla/5.0 (Windows NT 6.1; rv:50.0) Gecko/20100101 Firefox/50.0"
93.83.110.102 - - [30/Nov/2016:14:18:56 +0100] "GET /entry.php?id=10776&form=11497&name=list& HTTP/1.1" 200 1941 "http://ed.activities.at/entry.php?id=11672" "Mozilla/5.0 (Windows NT 6.1; rv:50.0) Gecko/20100101 Firefox/50.0"
93.83.110.102 - - [30/Nov/2016:14:19:08 +0100] "POST /entry.php?id=11671 HTTP/1.1" 200 4906 "http://ed.activities.at/entry.php?id=11671&" "Mozilla/5.0 (Windows NT 6.1; rv:50.0) Gecko/20100101 Firefox/50.0"
93.83.110.102 - - [30/Nov/2016:14:19:08 +0100] "GET /gui/javascript/form_form.js?1480511948 HTTP/1.1" 200 16206 "http://ed.activities.at/entry.php?id=11671" "Mozilla/5.0 (Windows NT 6.1; rv:50.0) Gecko/20100101 Firefox/50.0"
93.83.110.102 - - [30/Nov/2016:14:19:09 +0100] "GET /entry.php?id=10776&form=11496&name=list& HTTP/1.1" 200 1519 "http://ed.activities.at/entry.php?id=11671" "Mozilla/5.0 (Windows NT 6.1; rv:50.0) Gecko/20100101 Firefox/50.0"
93.83.110.102 - - [30/Nov/2016:14:19:09 +0100] "GET /entry.php?id=10778&form=11496&name=list& HTTP/1.1" 200 5895 "http://ed.activities.at/entry.php?id=11671" "Mozilla/5.0 (Windows NT 6.1; rv:50.0) Gecko/20100101 Firefox/50.0"
93.83.110.102 - - [30/Nov/2016:14:19:11 +0100] "POST /entry.php?id=11671 HTTP/1.1" 200 3332 "http://ed.activities.at/entry.php?id=11671" "Mozilla/5.0 (Windows NT 6.1; rv:50.0) Gecko/20100101 Firefox/50.0"
93.83.110.102 - - [30/Nov/2016:14:19:11 +0100] "GET /gui/javascript/form_form.js?1480511951 HTTP/1.1" 200 16206 "http://ed.activities.at/entry.php?id=11671" "Mozilla/5.0 (Windows NT 6.1; rv:50.0) Gecko/20100101 Firefox/50.0"
93.83.110.102 - - [30/Nov/2016:14:19:12 +0100] "GET /framework/webfx/javascript/tinymce/skins/lightgray/content.min.css HTTP/1.1" 404 327 "http://ed.activities.at/entry.php?id=11671" "Mozilla/5.0 (Windows NT 6.1; rv:50.0) Gecko/20100101 Firefox/50.0"
93.83.110.102 - - [30/Nov/2016:14:19:32 +0100] "POST /entry.php?id=11671 HTTP/1.1" 200 3602 "http://ed.activities.at/entry.php?id=11671" "Mozilla/5.0 (Windows NT 6.1; rv:50.0) Gecko/20100101 Firefox/50.0"
93.83.110.102 - - [30/Nov/2016:14:19:33 +0100] "GET /gui/javascript/form_form.js?1480511973 HTTP/1.1" 200 16206 "http://ed.activities.at/entry.php?id=11671" "Mozilla/5.0 (Windows NT 6.1; rv:50.0) Gecko/20100101 Firefox/50.0"
93.83.110.102 - - [30/Nov/2016:14:19:33 +0100] "GET /framework/webfx/javascript/tinymce/skins/lightgray/content.min.css HTTP/1.1" 404 327 "http://ed.activities.at/entry.php?id=11671" "Mozilla/5.0 (Windows NT 6.1; rv:50.0) Gecko/20100101 Firefox/50.0"
93.83.110.102 - - [30/Nov/2016:14:19:34 +0100] "POST /entry.php?id=11671 HTTP/1.1" 200 4940 "http://ed.activities.at/entry.php?id=11671" "Mozilla/5.0 (Windows NT 6.1; rv:50.0) Gecko/20100101 Firefox/50.0"
93.83.110.102 - - [30/Nov/2016:14:19:35 +0100] "GET /gui/javascript/form_form.js?1480511975 HTTP/1.1" 200 16206 "http://ed.activities.at/entry.php?id=11671" "Mozilla/5.0 (Windows NT 6.1; rv:50.0) Gecko/20100101 Firefox/50.0"
93.83.110.102 - - [30/Nov/2016:14:19:35 +0100] "GET /entry.php?id=10776&form=11496&name=list& HTTP/1.1" 200 1519 "http://ed.activities.at/entry.php?id=11671" "Mozilla/5.0 (Windows NT 6.1; rv:50.0) Gecko/20100101 Firefox/50.0"
93.83.110.102 - - [30/Nov/2016:14:19:35 +0100] "GET /entry.php?id=10778&form=11496&name=list& HTTP/1.1" 200 5895 "http://ed.activities.at/entry.php?id=11671" "Mozilla/5.0 (Windows NT 6.1; rv:50.0) Gecko/20100101 Firefox/50.0"
93.83.110.102 - - [30/Nov/2016:14:19:36 +0100] "GET /entry.php?id=10271&&ser=511916 HTTP/1.1" 200 986 "http://ed.activities.at/entry.php?id=10271&UIN=cf15a8cc27c007e5af9cacc64afc3af2" "Mozilla/5.0 (Windows NT 6.1; rv:50.0) Gecko/20100101 Firefox/50.0"
93.83.110.102 - - [30/Nov/2016:14:19:36 +0100] "GET /gui/javascript/form_form.js?1480511976 HTTP/1.1" 200 16206 "http://ed.activities.at/entry.php?id=10271&&ser=511916" "Mozilla/5.0 (Windows NT 6.1; rv:50.0) Gecko/20100101 Firefox/50.0"
93.83.110.102 - - [30/Nov/2016:14:19:40 +0100] "POST /entry.php?id=11671 HTTP/1.1" 200 5136 "http://ed.activities.at/entry.php?id=11671" "Mozilla/5.0 (Windows NT 6.1; rv:50.0) Gecko/20100101 Firefox/50.0"
93.83.110.102 - - [30/Nov/2016:14:19:41 +0100] "GET /gui/javascript/form_form.js?1480511981 HTTP/1.1" 200 16206 "http://ed.activities.at/entry.php?id=11671" "Mozilla/5.0 (Windows NT 6.1; rv:50.0) Gecko/20100101 Firefox/50.0"
93.83.110.102 - - [30/Nov/2016:14:19:41 +0100] "GET /entry.php?id=10776&form=11496&name=list& HTTP/1.1" 200 1519 "http://ed.activities.at/entry.php?id=11671" "Mozilla/5.0 (Windows NT 6.1; rv:50.0) Gecko/20100101 Firefox/50.0"
93.83.110.102 - - [30/Nov/2016:14:19:41 +0100] "GET /entry.php?id=10778&form=11496&name=list& HTTP/1.1" 200 5895 "http://ed.activities.at/entry.php?id=11671" "Mozilla/5.0 (Windows NT 6.1; rv:50.0) Gecko/20100101 Firefox/50.0"
188.20.203.254 - - [30/Nov/2016:14:19:51 +0100] "GET /entry.php?id=10271&&ser=511931 HTTP/1.1" 200 985 "http://easydrivers.activities.at/entry.php?id=10271&&ser=511870" "Mozilla/5.0 (Windows NT 5.1; rv:50.0) Gecko/20100101 Firefox/50.0"
188.20.203.254 - - [30/Nov/2016:14:19:51 +0100] "GET /gui/javascript/form_form.js?1480511991 HTTP/1.1" 200 16206 "http://easydrivers.activities.at/entry.php?id=10271&&ser=511931" "Mozilla/5.0 (Windows NT 5.1; rv:50.0) Gecko/20100101 Firefox/50.0"
93.83.110.102 - - [30/Nov/2016:14:19:56 +0100] "POST /entry.php?id=11671 HTTP/1.1" 200 5150 "http://ed.activities.at/entry.php?id=11671" "Mozilla/5.0 (Windows NT 6.1; rv:50.0) Gecko/20100101 Firefox/50.0"
93.83.110.102 - - [30/Nov/2016:14:19:56 +0100] "GET /gui/javascript/form_form.js?1480511996 HTTP/1.1" 200 16206 "http://ed.activities.at/entry.php?id=11671" "Mozilla/5.0 (Windows NT 6.1; rv:50.0) Gecko/20100101 Firefox/50.0"
93.83.110.102 - - [30/Nov/2016:14:19:57 +0100] "GET /entry.php?id=10776&form=11496&name=list& HTTP/1.1" 200 1519 "http://ed.activities.at/entry.php?id=11671" "Mozilla/5.0 (Windows NT 6.1; rv:50.0) Gecko/20100101 Firefox/50.0"
93.83.110.102 - - [30/Nov/2016:14:19:57 +0100] "GET /entry.php?id=10778&form=11496&name=list& HTTP/1.1" 200 5895 "http://ed.activities.at/entry.php?id=11671" "Mozilla/5.0 (Windows NT 6.1; rv:50.0) Gecko/20100101 Firefox/50.0"
93.83.110.102 - - [30/Nov/2016:14:19:58 +0100] "POST /entry.php?id=11671 HTTP/1.1" 200 5134 "http://ed.activities.at/entry.php?id=11671" "Mozilla/5.0 (Windows NT 6.1; rv:50.0) Gecko/20100101 Firefox/50.0"
93.83.110.102 - - [30/Nov/2016:14:19:58 +0100] "GET /gui/javascript/form_form.js?1480511998 HTTP/1.1" 200 16206 "http://ed.activities.at/entry.php?id=11671" "Mozilla/5.0 (Windows NT 6.1; rv:50.0) Gecko/20100101 Firefox/50.0"
93.83.110.102 - - [30/Nov/2016:14:19:59 +0100] "GET /entry.php?id=10776&form=11496&name=list& HTTP/1.1" 200 1519 "http://ed.activities.at/entry.php?id=11671" "Mozilla/5.0 (Windows NT 6.1; rv:50.0) Gecko/20100101 Firefox/50.0"
93.83.110.102 - - [30/Nov/2016:14:19:59 +0100] "GET /entry.php?id=10778&form=11496&name=list& HTTP/1.1" 200 5895 "http://ed.activities.at/entry.php?id=11671" "Mozilla/5.0 (Windows NT 6.1; rv:50.0) Gecko/20100101 Firefox/50.0"
93.83.110.102 - - [30/Nov/2016:14:20:03 +0100] "POST /entry.php?id=11671 HTTP/1.1" 200 4898 "http://ed.activities.at/entry.php?id=11671" "Mozilla/5.0 (Windows NT 6.1; rv:50.0) Gecko/20100101 Firefox/50.0"
93.83.110.102 - - [30/Nov/2016:14:20:04 +0100] "GET /gui/javascript/form_form.js?1480512004 HTTP/1.1" 200 16206 "http://ed.activities.at/entry.php?id=11671" "Mozilla/5.0 (Windows NT 6.1; rv:50.0) Gecko/20100101 Firefox/50.0"
93.83.110.102 - - [30/Nov/2016:14:20:05 +0100] "GET /entry.php?id=10776&form=11496&name=list& HTTP/1.1" 200 1519 "http://ed.activities.at/entry.php?id=11671" "Mozilla/5.0 (Windows NT 6.1; rv:50.0) Gecko/20100101 Firefox/50.0"
93.83.110.102 - - [30/Nov/2016:14:20:05 +0100] "GET /entry.php?id=10778&form=11496&name=list& HTTP/1.1" 200 5895 "http://ed.activities.at/entry.php?id=11671" "Mozilla/5.0 (Windows NT 6.1; rv:50.0) Gecko/20100101 Firefox/50.0"
93.83.110.102 - - [30/Nov/2016:14:20:16 +0100] "POST /entry.php?id=11671 HTTP/1.1" 200 5118 "http://ed.activities.at/entry.php?id=11671" "Mozilla/5.0 (Windows NT 6.1; rv:50.0) Gecko/20100101 Firefox/50.0"
93.83.110.102 - - [30/Nov/2016:14:20:16 +0100] "GET /gui/javascript/form_form.js?1480512016 HTTP/1.1" 200 16206 "http://ed.activities.at/entry.php?id=11671" "Mozilla/5.0 (Windows NT 6.1; rv:50.0) Gecko/20100101 Firefox/50.0"
93.83.110.102 - - [30/Nov/2016:14:20:17 +0100] "GET /entry.php?id=10776&form=11496&name=list& HTTP/1.1" 200 1519 "http://ed.activities.at/entry.php?id=11671" "Mozilla/5.0 (Windows NT 6.1; rv:50.0) Gecko/20100101 Firefox/50.0"
93.83.110.102 - - [30/Nov/2016:14:20:17 +0100] "GET /entry.php?id=10778&form=11496&name=list& HTTP/1.1" 200 5895 "http://ed.activities.at/entry.php?id=11671" "Mozilla/5.0 (Windows NT 6.1; rv:50.0) Gecko/20100101 Firefox/50.0"
93.83.110.102 - - [30/Nov/2016:14:20:18 +0100] "POST /entry.php?id=11671 HTTP/1.1" 200 3324 "http://ed.activities.at/entry.php?id=11671" "Mozilla/5.0 (Windows NT 6.1; rv:50.0) Gecko/20100101 Firefox/50.0"
93.83.110.102 - - [30/Nov/2016:14:20:19 +0100] "GET /gui/javascript/form_form.js?1480512019 HTTP/1.1" 200 16206 "http://ed.activities.at/entry.php?id=11671" "Mozilla/5.0 (Windows NT 6.1; rv:50.0) Gecko/20100101 Firefox/50.0"
93.83.110.102 - - [30/Nov/2016:14:20:19 +0100] "GET /framework/webfx/javascript/tinymce/skins/lightgray/content.min.css HTTP/1.1" 404 327 "http://ed.activities.at/entry.php?id=11671" "Mozilla/5.0 (Windows NT 6.1; rv:50.0) Gecko/20100101 Firefox/50.0"
188.20.203.254 - - [30/Nov/2016:14:20:25 +0100] "POST /entry.php?id=11671 HTTP/1.1" 200 3192 "http://easydrivers.activities.at/entry.php?id=11671" "Mozilla/5.0 (Windows NT 5.1; rv:50.0) Gecko/20100101 Firefox/50.0"
188.20.203.254 - - [30/Nov/2016:14:20:26 +0100] "GET /gui/javascript/form_form.js?1480512026 HTTP/1.1" 200 16206 "http://easydrivers.activities.at/entry.php?id=11671" "Mozilla/5.0 (Windows NT 5.1; rv:50.0) Gecko/20100101 Firefox/50.0"
188.20.203.254 - - [30/Nov/2016:14:20:26 +0100] "GET /framework/webfx/javascript/tinymce/skins/lightgray/content.min.css HTTP/1.1" 404 331 "http://easydrivers.activities.at/entry.php?id=11671" "Mozilla/5.0 (Windows NT 5.1; rv:50.0) Gecko/20100101 Firefox/50.0"
93.83.110.102 - - [30/Nov/2016:14:20:30 +0100] "POST /entry.php?id=11671 HTTP/1.1" 200 3594 "http://ed.activities.at/entry.php?id=11671" "Mozilla/5.0 (Windows NT 6.1; rv:50.0) Gecko/20100101 Firefox/50.0"
93.83.110.102 - - [30/Nov/2016:14:20:30 +0100] "GET /gui/javascript/form_form.js?1480512030 HTTP/1.1" 200 16206 "http://ed.activities.at/entry.php?id=11671" "Mozilla/5.0 (Windows NT 6.1; rv:50.0) Gecko/20100101 Firefox/50.0"
93.83.110.102 - - [30/Nov/2016:14:20:31 +0100] "GET /framework/webfx/javascript/tinymce/skins/lightgray/content.min.css HTTP/1.1" 404 327 "http://ed.activities.at/entry.php?id=11671" "Mozilla/5.0 (Windows NT 6.1; rv:50.0) Gecko/20100101 Firefox/50.0"
188.20.203.254 - - [30/Nov/2016:14:20:36 +0100] "POST /entry.php?id=11671 HTTP/1.1" 200 3179 "http://easydrivers.activities.at/entry.php?id=11671" "Mozilla/5.0 (Windows NT 5.1; rv:50.0) Gecko/20100101 Firefox/50.0"
188.20.203.254 - - [30/Nov/2016:14:20:36 +0100] "GET /gui/javascript/form_form.js?1480512036 HTTP/1.1" 200 16206 "http://easydrivers.activities.at/entry.php?id=11671" "Mozilla/5.0 (Windows NT 5.1; rv:50.0) Gecko/20100101 Firefox/50.0"
93.83.110.102 - - [30/Nov/2016:14:20:37 +0100] "GET /entry.php?id=10271&&ser=511976 HTTP/1.1" 200 986 "http://ed.activities.at/entry.php?id=10271&&ser=511916" "Mozilla/5.0 (Windows NT 6.1; rv:50.0) Gecko/20100101 Firefox/50.0"
93.83.110.102 - - [30/Nov/2016:14:20:37 +0100] "GET /gui/javascript/form_form.js?1480512037 HTTP/1.1" 200 16206 "http://ed.activities.at/entry.php?id=10271&&ser=511976" "Mozilla/5.0 (Windows NT 6.1; rv:50.0) Gecko/20100101 Firefox/50.0"
188.20.203.254 - - [30/Nov/2016:14:20:37 +0100] "GET /framework/webfx/javascript/tinymce/skins/lightgray/content.min.css HTTP/1.1" 404 331 "http://easydrivers.activities.at/entry.php?id=11671" "Mozilla/5.0 (Windows NT 5.1; rv:50.0) Gecko/20100101 Firefox/50.0"
93.83.110.102 - - [30/Nov/2016:14:20:47 +0100] "POST /entry.php?id=11671 HTTP/1.1" 200 3324 "http://ed.activities.at/entry.php?id=11671" "Mozilla/5.0 (Windows NT 6.1; rv:50.0) Gecko/20100101 Firefox/50.0"
93.83.110.102 - - [30/Nov/2016:14:20:47 +0100] "GET /gui/javascript/form_form.js?1480512047 HTTP/1.1" 200 16206 "http://ed.activities.at/entry.php?id=11671" "Mozilla/5.0 (Windows NT 6.1; rv:50.0) Gecko/20100101 Firefox/50.0"
93.83.110.102 - - [30/Nov/2016:14:20:48 +0100] "GET /framework/webfx/javascript/tinymce/skins/lightgray/content.min.css HTTP/1.1" 404 327 "http://ed.activities.at/entry.php?id=11671" "Mozilla/5.0 (Windows NT 6.1; rv:50.0) Gecko/20100101 Firefox/50.0"
93.83.110.102 - - [30/Nov/2016:14:20:50 +0100] "POST /entry.php?id=11671 HTTP/1.1" 200 3349 "http://ed.activities.at/entry.php?id=11671" "Mozilla/5.0 (Windows NT 6.1; rv:50.0) Gecko/20100101 Firefox/50.0"
93.83.110.102 - - [30/Nov/2016:14:20:51 +0100] "GET /gui/javascript/form_form.js?1480512051 HTTP/1.1" 200 16206 "http://ed.activities.at/entry.php?id=11671" "Mozilla/5.0 (Windows NT 6.1; rv:50.0) Gecko/20100101 Firefox/50.0"
93.83.110.102 - - [30/Nov/2016:14:20:52 +0100] "GET /framework/webfx/javascript/tinymce/skins/lightgray/content.min.css HTTP/1.1" 404 327 "http://ed.activities.at/entry.php?id=11671" "Mozilla/5.0 (Windows NT 6.1; rv:50.0) Gecko/20100101 Firefox/50.0"
188.20.203.254 - - [30/Nov/2016:14:20:52 +0100] "GET /entry.php?id=10271&&ser=511991 HTTP/1.1" 200 986 "http://easydrivers.activities.at/entry.php?id=10271&&ser=511931" "Mozilla/5.0 (Windows NT 5.1; rv:50.0) Gecko/20100101 Firefox/50.0"
188.20.203.254 - - [30/Nov/2016:14:20:52 +0100] "GET /gui/javascript/form_form.js?1480512052 HTTP/1.1" 200 16206 "http://easydrivers.activities.at/entry.php?id=10271&&ser=511991" "Mozilla/5.0 (Windows NT 5.1; rv:50.0) Gecko/20100101 Firefox/50.0"
188.20.203.254 - - [30/Nov/2016:14:20:52 +0100] "POST /entry.php?id=11671 HTTP/1.1" 200 3435 "http://easydrivers.activities.at/entry.php?id=11671" "Mozilla/5.0 (Windows NT 5.1; rv:50.0) Gecko/20100101 Firefox/50.0"
188.20.203.254 - - [30/Nov/2016:14:20:53 +0100] "GET /framework/webfx/javascript/tinymce/skins/lightgray/content.min.css HTTP/1.1" 404 331 "http://easydrivers.activities.at/entry.php?id=11671" "Mozilla/5.0 (Windows NT 5.1; rv:50.0) Gecko/20100101 Firefox/50.0"
93.83.110.102 - - [30/Nov/2016:14:20:53 +0100] "POST /entry.php?id=11671 HTTP/1.1" 200 4931 "http://ed.activities.at/entry.php?id=11671" "Mozilla/5.0 (Windows NT 6.1; rv:50.0) Gecko/20100101 Firefox/50.0"
93.83.110.102 - - [30/Nov/2016:14:20:53 +0100] "GET /gui/javascript/form_form.js?1480512053 HTTP/1.1" 200 16206 "http://ed.activities.at/entry.php?id=11671" "Mozilla/5.0 (Windows NT 6.1; rv:50.0) Gecko/20100101 Firefox/50.0"
93.83.110.102 - - [30/Nov/2016:14:20:54 +0100] "GET /entry.php?id=10776&form=11496&name=list& HTTP/1.1" 200 1519 "http://ed.activities.at/entry.php?id=11671" "Mozilla/5.0 (Windows NT 6.1; rv:50.0) Gecko/20100101 Firefox/50.0"
93.83.110.102 - - [30/Nov/2016:14:20:54 +0100] "GET /entry.php?id=10778&form=11496&name=list& HTTP/1.1" 200 5895 "http://ed.activities.at/entry.php?id=11671" "Mozilla/5.0 (Windows NT 6.1; rv:50.0) Gecko/20100101 Firefox/50.0"
93.83.110.102 - - [30/Nov/2016:14:20:56 +0100] "POST /entry.php?id=11671 HTTP/1.1" 200 5127 "http://ed.activities.at/entry.php?id=11671" "Mozilla/5.0 (Windows NT 6.1; rv:50.0) Gecko/20100101 Firefox/50.0"
93.83.110.102 - - [30/Nov/2016:14:20:57 +0100] "GET /gui/javascript/form_form.js?1480512057 HTTP/1.1" 200 16206 "http://ed.activities.at/entry.php?id=11671" "Mozilla/5.0 (Windows NT 6.1; rv:50.0) Gecko/20100101 Firefox/50.0"
93.83.110.102 - - [30/Nov/2016:14:20:57 +0100] "GET /entry.php?id=10776&form=11496&name=list& HTTP/1.1" 200 1519 "http://ed.activities.at/entry.php?id=11671" "Mozilla/5.0 (Windows NT 6.1; rv:50.0) Gecko/20100101 Firefox/50.0"
93.83.110.102 - - [30/Nov/2016:14:20:57 +0100] "GET /entry.php?id=10778&form=11496&name=list& HTTP/1.1" 200 5895 "http://ed.activities.at/entry.php?id=11671" "Mozilla/5.0 (Windows NT 6.1; rv:50.0) Gecko/20100101 Firefox/50.0"
188.20.203.254 - - [30/Nov/2016:14:20:59 +0100] "POST /entry.php?id=11671 HTTP/1.1" 200 3291 "http://easydrivers.activities.at/entry.php?id=11671" "Mozilla/5.0 (Windows NT 5.1; rv:50.0) Gecko/20100101 Firefox/50.0"
188.20.203.254 - - [30/Nov/2016:14:21:00 +0100] "GET /gui/javascript/form_form.js?1480512060 HTTP/1.1" 200 16206 "http://easydrivers.activities.at/entry.php?id=11671" "Mozilla/5.0 (Windows NT 5.1; rv:50.0) Gecko/20100101 Firefox/50.0"
188.20.203.254 - - [30/Nov/2016:14:21:01 +0100] "GET /framework/webfx/javascript/tinymce/skins/lightgray/content.min.css HTTP/1.1" 404 331 "http://easydrivers.activities.at/entry.php?id=11671" "Mozilla/5.0 (Windows NT 5.1; rv:50.0) Gecko/20100101 Firefox/50.0"
93.83.110.102 - - [30/Nov/2016:14:21:02 +0100] "POST /entry.php?id=11671 HTTP/1.1" 200 4898 "http://ed.activities.at/entry.php?id=11671" "Mozilla/5.0 (Windows NT 6.1; rv:50.0) Gecko/20100101 Firefox/50.0"
93.83.110.102 - - [30/Nov/2016:14:21:03 +0100] "GET /gui/javascript/form_form.js?1480512062 HTTP/1.1" 200 16206 "http://ed.activities.at/entry.php?id=11671" "Mozilla/5.0 (Windows NT 6.1; rv:50.0) Gecko/20100101 Firefox/50.0"
93.83.110.102 - - [30/Nov/2016:14:21:03 +0100] "GET /entry.php?id=10776&form=11496&name=list& HTTP/1.1" 200 1519 "http://ed.activities.at/entry.php?id=11671" "Mozilla/5.0 (Windows NT 6.1; rv:50.0) Gecko/20100101 Firefox/50.0"
93.83.110.102 - - [30/Nov/2016:14:21:03 +0100] "GET /entry.php?id=10778&form=11496&name=list& HTTP/1.1" 200 5895 "http://ed.activities.at/entry.php?id=11671" "Mozilla/5.0 (Windows NT 6.1; rv:50.0) Gecko/20100101 Firefox/50.0"
93.83.110.102 - - [30/Nov/2016:14:21:06 +0100] "POST /entry.php?id=11671 HTTP/1.1" 200 3325 "http://ed.activities.at/entry.php?id=11671" "Mozilla/5.0 (Windows NT 6.1; rv:50.0) Gecko/20100101 Firefox/50.0"
93.83.110.102 - - [30/Nov/2016:14:21:07 +0100] "GET /gui/javascript/form_form.js?1480512067 HTTP/1.1" 200 16206 "http://ed.activities.at/entry.php?id=11671" "Mozilla/5.0 (Windows NT 6.1; rv:50.0) Gecko/20100101 Firefox/50.0"
93.83.110.102 - - [30/Nov/2016:14:21:07 +0100] "GET /framework/webfx/javascript/tinymce/skins/lightgray/content.min.css HTTP/1.1" 404 327 "http://ed.activities.at/entry.php?id=11671" "Mozilla/5.0 (Windows NT 6.1; rv:50.0) Gecko/20100101 Firefox/50.0"
188.20.203.254 - - [30/Nov/2016:14:21:08 +0100] "POST /entry.php?id=11671 HTTP/1.1" 200 4791 "http://easydrivers.activities.at/entry.php?id=11671" "Mozilla/5.0 (Windows NT 5.1; rv:50.0) Gecko/20100101 Firefox/50.0"
188.20.203.254 - - [30/Nov/2016:14:21:09 +0100] "GET /gui/javascript/form_form.js?1480512069 HTTP/1.1" 200 16206 "http://easydrivers.activities.at/entry.php?id=11671" "Mozilla/5.0 (Windows NT 5.1; rv:50.0) Gecko/20100101 Firefox/50.0"
188.20.203.254 - - [30/Nov/2016:14:21:09 +0100] "GET /entry.php?id=10776&form=11496&name=list& HTTP/1.1" 200 1519 "http://easydrivers.activities.at/entry.php?id=11671" "Mozilla/5.0 (Windows NT 5.1; rv:50.0) Gecko/20100101 Firefox/50.0"
188.20.203.254 - - [30/Nov/2016:14:21:10 +0100] "GET /entry.php?id=10778&form=11496&name=list& HTTP/1.1" 200 5839 "http://easydrivers.activities.at/entry.php?id=11671" "Mozilla/5.0 (Windows NT 5.1; rv:50.0) Gecko/20100101 Firefox/50.0"
93.83.110.102 - - [30/Nov/2016:14:21:13 +0100] "POST /entry.php?id=11671 HTTP/1.1" 200 3596 "http://ed.activities.at/entry.php?id=11671" "Mozilla/5.0 (Windows NT 6.1; rv:50.0) Gecko/20100101 Firefox/50.0"
93.83.110.102 - - [30/Nov/2016:14:21:13 +0100] "GET /gui/javascript/form_form.js?1480512073 HTTP/1.1" 200 16206 "http://ed.activities.at/entry.php?id=11671" "Mozilla/5.0 (Windows NT 6.1; rv:50.0) Gecko/20100101 Firefox/50.0"
93.83.110.102 - - [30/Nov/2016:14:21:14 +0100] "GET /framework/webfx/javascript/tinymce/skins/lightgray/content.min.css HTTP/1.1" 404 327 "http://ed.activities.at/entry.php?id=11671" "Mozilla/5.0 (Windows NT 6.1; rv:50.0) Gecko/20100101 Firefox/50.0"
188.20.203.254 - - [30/Nov/2016:14:21:16 +0100] "POST /entry.php?id=11671 HTTP/1.1" 200 3225 "http://easydrivers.activities.at/entry.php?id=11671" "Mozilla/5.0 (Windows NT 5.1; rv:50.0) Gecko/20100101 Firefox/50.0"
93.83.110.102 - - [30/Nov/2016:14:21:16 +0100] "POST /entry.php?id=11671 HTTP/1.1" 200 4933 "http://ed.activities.at/entry.php?id=11671" "Mozilla/5.0 (Windows NT 6.1; rv:50.0) Gecko/20100101 Firefox/50.0"
188.20.203.254 - - [30/Nov/2016:14:21:17 +0100] "GET /gui/javascript/form_form.js?1480512076 HTTP/1.1" 200 16206 "http://easydrivers.activities.at/entry.php?id=11671" "Mozilla/5.0 (Windows NT 5.1; rv:50.0) Gecko/20100101 Firefox/50.0"
93.83.110.102 - - [30/Nov/2016:14:21:17 +0100] "GET /gui/javascript/form_form.js?1480512076 HTTP/1.1" 200 16206 "http://ed.activities.at/entry.php?id=11671" "Mozilla/5.0 (Windows NT 6.1; rv:50.0) Gecko/20100101 Firefox/50.0"
93.83.110.102 - - [30/Nov/2016:14:21:17 +0100] "GET /entry.php?id=10778&form=11496&name=list& HTTP/1.1" 200 5895 "http://ed.activities.at/entry.php?id=11671" "Mozilla/5.0 (Windows NT 6.1; rv:50.0) Gecko/20100101 Firefox/50.0"
93.83.110.102 - - [30/Nov/2016:14:21:17 +0100] "GET /entry.php?id=10776&form=11496&name=list& HTTP/1.1" 200 1519 "http://ed.activities.at/entry.php?id=11671" "Mozilla/5.0 (Windows NT 6.1; rv:50.0) Gecko/20100101 Firefox/50.0"
188.20.203.254 - - [30/Nov/2016:14:21:17 +0100] "GET /framework/webfx/javascript/tinymce/skins/lightgray/content.min.css HTTP/1.1" 404 331 "http://easydrivers.activities.at/entry.php?id=11671" "Mozilla/5.0 (Windows NT 5.1; rv:50.0) Gecko/20100101 Firefox/50.0"
93.83.110.102 - - [30/Nov/2016:14:21:19 +0100] "POST /entry.php?id=11671 HTTP/1.1" 200 5135 "http://ed.activities.at/entry.php?id=11671" "Mozilla/5.0 (Windows NT 6.1; rv:50.0) Gecko/20100101 Firefox/50.0"
93.83.110.102 - - [30/Nov/2016:14:21:20 +0100] "GET /gui/javascript/form_form.js?1480512080 HTTP/1.1" 200 16206 "http://ed.activities.at/entry.php?id=11671" "Mozilla/5.0 (Windows NT 6.1; rv:50.0) Gecko/20100101 Firefox/50.0"
93.83.110.102 - - [30/Nov/2016:14:21:20 +0100] "GET /entry.php?id=10778&form=11496&name=list& HTTP/1.1" 200 5895 "http://ed.activities.at/entry.php?id=11671" "Mozilla/5.0 (Windows NT 6.1; rv:50.0) Gecko/20100101 Firefox/50.0"
93.83.110.102 - - [30/Nov/2016:14:21:20 +0100] "GET /entry.php?id=10776&form=11496&name=list& HTTP/1.1" 200 1519 "http://ed.activities.at/entry.php?id=11671" "Mozilla/5.0 (Windows NT 6.1; rv:50.0) Gecko/20100101 Firefox/50.0"
188.20.203.254 - - [30/Nov/2016:14:21:21 +0100] "POST /entry.php?id=11671 HTTP/1.1" 200 3444 "http://easydrivers.activities.at/entry.php?id=11671" "Mozilla/5.0 (Windows NT 5.1; rv:50.0) Gecko/20100101 Firefox/50.0"
188.20.203.254 - - [30/Nov/2016:14:21:22 +0100] "GET /gui/javascript/form_form.js?1480512082 HTTP/1.1" 200 16206 "http://easydrivers.activities.at/entry.php?id=11671" "Mozilla/5.0 (Windows NT 5.1; rv:50.0) Gecko/20100101 Firefox/50.0"
188.20.203.254 - - [30/Nov/2016:14:21:23 +0100] "GET /framework/webfx/javascript/tinymce/skins/lightgray/content.min.css HTTP/1.1" 404 331 "http://easydrivers.activities.at/entry.php?id=11671" "Mozilla/5.0 (Windows NT 5.1; rv:50.0) Gecko/20100101 Firefox/50.0"
93.83.110.102 - - [30/Nov/2016:14:21:23 +0100] "POST /entry.php?id=11671 HTTP/1.1" 200 4899 "http://ed.activities.at/entry.php?id=11671" "Mozilla/5.0 (Windows NT 6.1; rv:50.0) Gecko/20100101 Firefox/50.0"
93.83.110.102 - - [30/Nov/2016:14:21:23 +0100] "GET /gui/javascript/form_form.js?1480512083 HTTP/1.1" 200 16206 "http://ed.activities.at/entry.php?id=11671" "Mozilla/5.0 (Windows NT 6.1; rv:50.0) Gecko/20100101 Firefox/50.0"
93.83.110.102 - - [30/Nov/2016:14:21:24 +0100] "GET /entry.php?id=10778&form=11496&name=list& HTTP/1.1" 200 5895 "http://ed.activities.at/entry.php?id=11671" "Mozilla/5.0 (Windows NT 6.1; rv:50.0) Gecko/20100101 Firefox/50.0"
93.83.110.102 - - [30/Nov/2016:14:21:24 +0100] "GET /entry.php?id=10776&form=11496&name=list& HTTP/1.1" 200 1519 "http://ed.activities.at/entry.php?id=11671" "Mozilla/5.0 (Windows NT 6.1; rv:50.0) Gecko/20100101 Firefox/50.0"
188.20.203.254 - - [30/Nov/2016:14:21:24 +0100] "POST /entry.php?id=11671 HTTP/1.1" 200 4802 "http://easydrivers.activities.at/entry.php?id=11671" "Mozilla/5.0 (Windows NT 5.1; rv:50.0) Gecko/20100101 Firefox/50.0"
188.20.203.254 - - [30/Nov/2016:14:21:24 +0100] "GET /gui/javascript/form_form.js?1480512084 HTTP/1.1" 200 16206 "http://easydrivers.activities.at/entry.php?id=11671" "Mozilla/5.0 (Windows NT 5.1; rv:50.0) Gecko/20100101 Firefox/50.0"
188.20.203.254 - - [30/Nov/2016:14:21:25 +0100] "GET /entry.php?id=10776&form=11496&name=list& HTTP/1.1" 200 1519 "http://easydrivers.activities.at/entry.php?id=11671" "Mozilla/5.0 (Windows NT 5.1; rv:50.0) Gecko/20100101 Firefox/50.0"
188.20.203.254 - - [30/Nov/2016:14:21:25 +0100] "GET /entry.php?id=10778&form=11496&name=list& HTTP/1.1" 200 5839 "http://easydrivers.activities.at/entry.php?id=11671" "Mozilla/5.0 (Windows NT 5.1; rv:50.0) Gecko/20100101 Firefox/50.0"
188.20.203.254 - - [30/Nov/2016:14:21:29 +0100] "POST /entry.php?id=11671 HTTP/1.1" 200 4986 "http://easydrivers.activities.at/entry.php?id=11671" "Mozilla/5.0 (Windows NT 5.1; rv:50.0) Gecko/20100101 Firefox/50.0"
188.20.203.254 - - [30/Nov/2016:14:21:30 +0100] "GET /gui/javascript/form_form.js?1480512090 HTTP/1.1" 200 16206 "http://easydrivers.activities.at/entry.php?id=11671" "Mozilla/5.0 (Windows NT 5.1; rv:50.0) Gecko/20100101 Firefox/50.0"
188.20.203.254 - - [30/Nov/2016:14:21:30 +0100] "GET /entry.php?id=10776&form=11496&name=list& HTTP/1.1" 200 1519 "http://easydrivers.activities.at/entry.php?id=11671" "Mozilla/5.0 (Windows NT 5.1; rv:50.0) Gecko/20100101 Firefox/50.0"
188.20.203.254 - - [30/Nov/2016:14:21:30 +0100] "GET /entry.php?id=10778&form=11496&name=list& HTTP/1.1" 200 5839 "http://easydrivers.activities.at/entry.php?id=11671" "Mozilla/5.0 (Windows NT 5.1; rv:50.0) Gecko/20100101 Firefox/50.0"
93.83.110.102 - - [30/Nov/2016:14:21:31 +0100] "POST /entry.php?id=11671 HTTP/1.1" 200 5121 "http://ed.activities.at/entry.php?id=11671" "Mozilla/5.0 (Windows NT 6.1; rv:50.0) Gecko/20100101 Firefox/50.0"
93.83.110.102 - - [30/Nov/2016:14:21:31 +0100] "GET /gui/javascript/form_form.js?1480512091 HTTP/1.1" 200 16206 "http://ed.activities.at/entry.php?id=11671" "Mozilla/5.0 (Windows NT 6.1; rv:50.0) Gecko/20100101 Firefox/50.0"
93.83.110.102 - - [30/Nov/2016:14:21:32 +0100] "GET /entry.php?id=10778&form=11496&name=list& HTTP/1.1" 200 5895 "http://ed.activities.at/entry.php?id=11671" "Mozilla/5.0 (Windows NT 6.1; rv:50.0) Gecko/20100101 Firefox/50.0"
93.83.110.102 - - [30/Nov/2016:14:21:32 +0100] "GET /entry.php?id=10776&form=11496&name=list& HTTP/1.1" 200 1519 "http://ed.activities.at/entry.php?id=11671" "Mozilla/5.0 (Windows NT 6.1; rv:50.0) Gecko/20100101 Firefox/50.0"
93.83.110.102 - - [30/Nov/2016:14:21:33 +0100] "POST /entry.php?id=11671 HTTP/1.1" 200 3325 "http://ed.activities.at/entry.php?id=11671" "Mozilla/5.0 (Windows NT 6.1; rv:50.0) Gecko/20100101 Firefox/50.0"
93.83.110.102 - - [30/Nov/2016:14:21:33 +0100] "GET /gui/javascript/form_form.js?1480512093 HTTP/1.1" 200 16206 "http://ed.activities.at/entry.php?id=11671" "Mozilla/5.0 (Windows NT 6.1; rv:50.0) Gecko/20100101 Firefox/50.0"
93.83.110.102 - - [30/Nov/2016:14:21:34 +0100] "GET /framework/webfx/javascript/tinymce/skins/lightgray/content.min.css HTTP/1.1" 404 327 "http://ed.activities.at/entry.php?id=11671" "Mozilla/5.0 (Windows NT 6.1; rv:50.0) Gecko/20100101 Firefox/50.0"
188.20.203.254 - - [30/Nov/2016:14:21:36 +0100] "POST /entry.php?id=11671 HTTP/1.1" 200 4611 "http://easydrivers.activities.at/entry.php?id=11671" "Mozilla/5.0 (Windows NT 5.1; rv:50.0) Gecko/20100101 Firefox/50.0"
188.20.203.254 - - [30/Nov/2016:14:21:37 +0100] "GET /gui/javascript/form_form.js?1480512096 HTTP/1.1" 200 16206 "http://easydrivers.activities.at/entry.php?id=11671" "Mozilla/5.0 (Windows NT 5.1; rv:50.0) Gecko/20100101 Firefox/50.0"
188.20.203.254 - - [30/Nov/2016:14:21:37 +0100] "GET /entry.php?id=10776&form=11496&name=list& HTTP/1.1" 200 1519 "http://easydrivers.activities.at/entry.php?id=11671" "Mozilla/5.0 (Windows NT 5.1; rv:50.0) Gecko/20100101 Firefox/50.0"
188.20.203.254 - - [30/Nov/2016:14:21:37 +0100] "GET /entry.php?id=10778&form=11496&name=list& HTTP/1.1" 200 5596 "http://easydrivers.activities.at/entry.php?id=11671" "Mozilla/5.0 (Windows NT 5.1; rv:50.0) Gecko/20100101 Firefox/50.0"
93.83.110.102 - - [30/Nov/2016:14:21:37 +0100] "GET /entry.php?id=10271&&ser=512037 HTTP/1.1" 200 986 "http://ed.activities.at/entry.php?id=10271&&ser=511976" "Mozilla/5.0 (Windows NT 6.1; rv:50.0) Gecko/20100101 Firefox/50.0"
93.83.110.102 - - [30/Nov/2016:14:21:37 +0100] "GET /gui/javascript/form_form.js?1480512097 HTTP/1.1" 200 16206 "http://ed.activities.at/entry.php?id=10271&&ser=512037" "Mozilla/5.0 (Windows NT 6.1; rv:50.0) Gecko/20100101 Firefox/50.0"
93.83.110.102 - - [30/Nov/2016:14:21:41 +0100] "POST /entry.php?id=11671 HTTP/1.1" 200 3592 "http://ed.activities.at/entry.php?id=11671" "Mozilla/5.0 (Windows NT 6.1; rv:50.0) Gecko/20100101 Firefox/50.0"
93.83.110.102 - - [30/Nov/2016:14:21:43 +0100] "GET /gui/javascript/form_form.js?1480512102 HTTP/1.1" 200 16206 "http://ed.activities.at/entry.php?id=11671" "Mozilla/5.0 (Windows NT 6.1; rv:50.0) Gecko/20100101 Firefox/50.0"
93.83.110.102 - - [30/Nov/2016:14:21:43 +0100] "GET /framework/webfx/javascript/tinymce/skins/lightgray/content.min.css HTTP/1.1" 404 327 "http://ed.activities.at/entry.php?id=11671" "Mozilla/5.0 (Windows NT 6.1; rv:50.0) Gecko/20100101 Firefox/50.0"
93.83.110.102 - - [30/Nov/2016:14:21:45 +0100] "POST /entry.php?id=11671 HTTP/1.1" 200 4931 "http://ed.activities.at/entry.php?id=11671" "Mozilla/5.0 (Windows NT 6.1; rv:50.0) Gecko/20100101 Firefox/50.0"
93.83.110.102 - - [30/Nov/2016:14:21:46 +0100] "GET /gui/javascript/form_form.js?1480512105 HTTP/1.1" 200 16206 "http://ed.activities.at/entry.php?id=11671" "Mozilla/5.0 (Windows NT 6.1; rv:50.0) Gecko/20100101 Firefox/50.0"
93.83.110.102 - - [30/Nov/2016:14:21:46 +0100] "GET /entry.php?id=10776&form=11496&name=list& HTTP/1.1" 200 1519 "http://ed.activities.at/entry.php?id=11671" "Mozilla/5.0 (Windows NT 6.1; rv:50.0) Gecko/20100101 Firefox/50.0"
93.83.110.102 - - [30/Nov/2016:14:21:46 +0100] "GET /entry.php?id=10778&form=11496&name=list& HTTP/1.1" 200 5895 "http://ed.activities.at/entry.php?id=11671" "Mozilla/5.0 (Windows NT 6.1; rv:50.0) Gecko/20100101 Firefox/50.0"
93.83.110.102 - - [30/Nov/2016:14:21:51 +0100] "POST /entry.php?id=11671 HTTP/1.1" 200 5132 "http://ed.activities.at/entry.php?id=11671" "Mozilla/5.0 (Windows NT 6.1; rv:50.0) Gecko/20100101 Firefox/50.0"
93.83.110.102 - - [30/Nov/2016:14:21:52 +0100] "GET /gui/javascript/form_form.js?1480512112 HTTP/1.1" 200 16206 "http://ed.activities.at/entry.php?id=11671" "Mozilla/5.0 (Windows NT 6.1; rv:50.0) Gecko/20100101 Firefox/50.0"
188.20.203.254 - - [30/Nov/2016:14:21:52 +0100] "GET /entry.php?id=10271&&ser=512052 HTTP/1.1" 200 986 "http://easydrivers.activities.at/entry.php?id=10271&&ser=511991" "Mozilla/5.0 (Windows NT 5.1; rv:50.0) Gecko/20100101 Firefox/50.0"
93.83.110.102 - - [30/Nov/2016:14:21:52 +0100] "GET /entry.php?id=10776&form=11496&name=list& HTTP/1.1" 200 1519 "http://ed.activities.at/entry.php?id=11671" "Mozilla/5.0 (Windows NT 6.1; rv:50.0) Gecko/20100101 Firefox/50.0"
93.83.110.102 - - [30/Nov/2016:14:21:52 +0100] "GET /entry.php?id=10778&form=11496&name=list& HTTP/1.1" 200 5895 "http://ed.activities.at/entry.php?id=11671" "Mozilla/5.0 (Windows NT 6.1; rv:50.0) Gecko/20100101 Firefox/50.0"
188.20.203.254 - - [30/Nov/2016:14:21:53 +0100] "GET /gui/javascript/form_form.js?1480512112 HTTP/1.1" 200 16206 "http://easydrivers.activities.at/entry.php?id=10271&&ser=512052" "Mozilla/5.0 (Windows NT 5.1; rv:50.0) Gecko/20100101 Firefox/50.0"
93.83.110.102 - - [30/Nov/2016:14:21:54 +0100] "POST /entry.php?id=11671 HTTP/1.1" 200 4903 "http://ed.activities.at/entry.php?id=11671" "Mozilla/5.0 (Windows NT 6.1; rv:50.0) Gecko/20100101 Firefox/50.0"
93.83.110.102 - - [30/Nov/2016:14:21:54 +0100] "GET /gui/javascript/form_form.js?1480512114 HTTP/1.1" 200 16206 "http://ed.activities.at/entry.php?id=11671" "Mozilla/5.0 (Windows NT 6.1; rv:50.0) Gecko/20100101 Firefox/50.0"
93.83.110.102 - - [30/Nov/2016:14:21:55 +0100] "GET /entry.php?id=10778&form=11496&name=list& HTTP/1.1" 200 5895 "http://ed.activities.at/entry.php?id=11671" "Mozilla/5.0 (Windows NT 6.1; rv:50.0) Gecko/20100101 Firefox/50.0"
93.83.110.102 - - [30/Nov/2016:14:21:55 +0100] "GET /entry.php?id=10776&form=11496&name=list& HTTP/1.1" 200 1519 "http://ed.activities.at/entry.php?id=11671" "Mozilla/5.0 (Windows NT 6.1; rv:50.0) Gecko/20100101 Firefox/50.0"
93.83.110.102 - - [30/Nov/2016:14:22:02 +0100] "POST /entry.php?id=11671 HTTP/1.1" 200 5127 "http://ed.activities.at/entry.php?id=11671" "Mozilla/5.0 (Windows NT 6.1; rv:50.0) Gecko/20100101 Firefox/50.0"
93.83.110.102 - - [30/Nov/2016:14:22:03 +0100] "GET /gui/javascript/form_form.js?1480512123 HTTP/1.1" 200 16206 "http://ed.activities.at/entry.php?id=11671" "Mozilla/5.0 (Windows NT 6.1; rv:50.0) Gecko/20100101 Firefox/50.0"
93.83.110.102 - - [30/Nov/2016:14:22:03 +0100] "GET /entry.php?id=10776&form=11496&name=list& HTTP/1.1" 200 1519 "http://ed.activities.at/entry.php?id=11671" "Mozilla/5.0 (Windows NT 6.1; rv:50.0) Gecko/20100101 Firefox/50.0"
93.83.110.102 - - [30/Nov/2016:14:22:03 +0100] "GET /entry.php?id=10778&form=11496&name=list& HTTP/1.1" 200 5895 "http://ed.activities.at/entry.php?id=11671" "Mozilla/5.0 (Windows NT 6.1; rv:50.0) Gecko/20100101 Firefox/50.0"
93.83.110.102 - - [30/Nov/2016:14:22:04 +0100] "POST /entry.php?id=11671 HTTP/1.1" 200 3323 "http://ed.activities.at/entry.php?id=11671" "Mozilla/5.0 (Windows NT 6.1; rv:50.0) Gecko/20100101 Firefox/50.0"
93.83.110.102 - - [30/Nov/2016:14:22:04 +0100] "GET /gui/javascript/form_form.js?1480512124 HTTP/1.1" 200 16206 "http://ed.activities.at/entry.php?id=11671" "Mozilla/5.0 (Windows NT 6.1; rv:50.0) Gecko/20100101 Firefox/50.0"
93.83.110.102 - - [30/Nov/2016:14:22:05 +0100] "GET /framework/webfx/javascript/tinymce/skins/lightgray/content.min.css HTTP/1.1" 404 327 "http://ed.activities.at/entry.php?id=11671" "Mozilla/5.0 (Windows NT 6.1; rv:50.0) Gecko/20100101 Firefox/50.0"
93.83.110.102 - - [30/Nov/2016:14:22:10 +0100] "POST /entry.php?id=11671 HTTP/1.1" 200 3596 "http://ed.activities.at/entry.php?id=11671" "Mozilla/5.0 (Windows NT 6.1; rv:50.0) Gecko/20100101 Firefox/50.0"
93.83.110.102 - - [30/Nov/2016:14:22:11 +0100] "GET /gui/javascript/form_form.js?1480512131 HTTP/1.1" 200 16206 "http://ed.activities.at/entry.php?id=11671" "Mozilla/5.0 (Windows NT 6.1; rv:50.0) Gecko/20100101 Firefox/50.0"
93.83.110.102 - - [30/Nov/2016:14:22:12 +0100] "GET /framework/webfx/javascript/tinymce/skins/lightgray/content.min.css HTTP/1.1" 404 327 "http://ed.activities.at/entry.php?id=11671" "Mozilla/5.0 (Windows NT 6.1; rv:50.0) Gecko/20100101 Firefox/50.0"
93.83.110.102 - - [30/Nov/2016:14:22:13 +0100] "POST /entry.php?id=11671 HTTP/1.1" 200 4937 "http://ed.activities.at/entry.php?id=11671" "Mozilla/5.0 (Windows NT 6.1; rv:50.0) Gecko/20100101 Firefox/50.0"
93.83.110.102 - - [30/Nov/2016:14:22:14 +0100] "GET /gui/javascript/form_form.js?1480512133 HTTP/1.1" 200 16206 "http://ed.activities.at/entry.php?id=11671" "Mozilla/5.0 (Windows NT 6.1; rv:50.0) Gecko/20100101 Firefox/50.0"
93.83.110.102 - - [30/Nov/2016:14:22:14 +0100] "GET /entry.php?id=10778&form=11496&name=list& HTTP/1.1" 200 5895 "http://ed.activities.at/entry.php?id=11671" "Mozilla/5.0 (Windows NT 6.1; rv:50.0) Gecko/20100101 Firefox/50.0"
93.83.110.102 - - [30/Nov/2016:14:22:14 +0100] "GET /entry.php?id=10776&form=11496&name=list& HTTP/1.1" 200 1519 "http://ed.activities.at/entry.php?id=11671" "Mozilla/5.0 (Windows NT 6.1; rv:50.0) Gecko/20100101 Firefox/50.0"
93.83.110.102 - - [30/Nov/2016:14:22:16 +0100] "POST /entry.php?id=11671 HTTP/1.1" 200 5136 "http://ed.activities.at/entry.php?id=11671" "Mozilla/5.0 (Windows NT 6.1; rv:50.0) Gecko/20100101 Firefox/50.0"
93.83.110.102 - - [30/Nov/2016:14:22:17 +0100] "GET /gui/javascript/form_form.js?1480512137 HTTP/1.1" 200 16206 "http://ed.activities.at/entry.php?id=11671" "Mozilla/5.0 (Windows NT 6.1; rv:50.0) Gecko/20100101 Firefox/50.0"
93.83.110.102 - - [30/Nov/2016:14:22:17 +0100] "GET /entry.php?id=10776&form=11496&name=list& HTTP/1.1" 200 1519 "http://ed.activities.at/entry.php?id=11671" "Mozilla/5.0 (Windows NT 6.1; rv:50.0) Gecko/20100101 Firefox/50.0"
93.83.110.102 - - [30/Nov/2016:14:22:17 +0100] "GET /entry.php?id=10778&form=11496&name=list& HTTP/1.1" 200 5895 "http://ed.activities.at/entry.php?id=11671" "Mozilla/5.0 (Windows NT 6.1; rv:50.0) Gecko/20100101 Firefox/50.0"
188.20.203.254 - - [30/Nov/2016:14:22:17 +0100] "POST /entry.php?id=11671 HTTP/1.1" 200 5004 "http://easydrivers.activities.at/entry.php?id=11671" "Mozilla/5.0 (Windows NT 5.1; rv:50.0) Gecko/20100101 Firefox/50.0"
188.20.203.254 - - [30/Nov/2016:14:22:18 +0100] "GET /gui/javascript/form_form.js?1480512138 HTTP/1.1" 200 16206 "http://easydrivers.activities.at/entry.php?id=11671" "Mozilla/5.0 (Windows NT 5.1; rv:50.0) Gecko/20100101 Firefox/50.0"
188.20.203.254 - - [30/Nov/2016:14:22:18 +0100] "GET /entry.php?id=10778&form=11496&name=list& HTTP/1.1" 200 5839 "http://easydrivers.activities.at/entry.php?id=11671" "Mozilla/5.0 (Windows NT 5.1; rv:50.0) Gecko/20100101 Firefox/50.0"
188.20.203.254 - - [30/Nov/2016:14:22:18 +0100] "GET /entry.php?id=10776&form=11496&name=list& HTTP/1.1" 200 1519 "http://easydrivers.activities.at/entry.php?id=11671" "Mozilla/5.0 (Windows NT 5.1; rv:50.0) Gecko/20100101 Firefox/50.0"
93.83.110.102 - - [30/Nov/2016:14:22:19 +0100] "POST /entry.php?id=11671 HTTP/1.1" 200 4899 "http://ed.activities.at/entry.php?id=11671" "Mozilla/5.0 (Windows NT 6.1; rv:50.0) Gecko/20100101 Firefox/50.0"
93.83.110.102 - - [30/Nov/2016:14:22:19 +0100] "GET /gui/javascript/form_form.js?1480512139 HTTP/1.1" 200 16206 "http://ed.activities.at/entry.php?id=11671" "Mozilla/5.0 (Windows NT 6.1; rv:50.0) Gecko/20100101 Firefox/50.0"
93.83.110.102 - - [30/Nov/2016:14:22:20 +0100] "GET /entry.php?id=10778&form=11496&name=list& HTTP/1.1" 200 5895 "http://ed.activities.at/entry.php?id=11671" "Mozilla/5.0 (Windows NT 6.1; rv:50.0) Gecko/20100101 Firefox/50.0"
93.83.110.102 - - [30/Nov/2016:14:22:20 +0100] "GET /entry.php?id=10776&form=11496&name=list& HTTP/1.1" 200 1519 "http://ed.activities.at/entry.php?id=11671" "Mozilla/5.0 (Windows NT 6.1; rv:50.0) Gecko/20100101 Firefox/50.0"
188.20.203.254 - - [30/Nov/2016:14:22:21 +0100] "POST /entry.php?id=11671 HTTP/1.1" 200 3192 "http://easydrivers.activities.at/entry.php?id=11671" "Mozilla/5.0 (Windows NT 5.1; rv:50.0) Gecko/20100101 Firefox/50.0"
188.20.203.254 - - [30/Nov/2016:14:22:22 +0100] "GET /gui/javascript/form_form.js?1480512142 HTTP/1.1" 200 16206 "http://easydrivers.activities.at/entry.php?id=11671" "Mozilla/5.0 (Windows NT 5.1; rv:50.0) Gecko/20100101 Firefox/50.0"
188.20.203.254 - - [30/Nov/2016:14:22:23 +0100] "GET /framework/webfx/javascript/tinymce/skins/lightgray/content.min.css HTTP/1.1" 404 331 "http://easydrivers.activities.at/entry.php?id=11671" "Mozilla/5.0 (Windows NT 5.1; rv:50.0) Gecko/20100101 Firefox/50.0"
93.83.110.102 - - [30/Nov/2016:14:22:28 +0100] "POST /entry.php?id=11671 HTTP/1.1" 200 5123 "http://ed.activities.at/entry.php?id=11671" "Mozilla/5.0 (Windows NT 6.1; rv:50.0) Gecko/20100101 Firefox/50.0"
93.83.110.102 - - [30/Nov/2016:14:22:29 +0100] "GET /gui/javascript/form_form.js?1480512149 HTTP/1.1" 200 16206 "http://ed.activities.at/entry.php?id=11671" "Mozilla/5.0 (Windows NT 6.1; rv:50.0) Gecko/20100101 Firefox/50.0"
93.83.110.102 - - [30/Nov/2016:14:22:29 +0100] "GET /entry.php?id=10776&form=11496&name=list& HTTP/1.1" 200 1519 "http://ed.activities.at/entry.php?id=11671" "Mozilla/5.0 (Windows NT 6.1; rv:50.0) Gecko/20100101 Firefox/50.0"
93.83.110.102 - - [30/Nov/2016:14:22:29 +0100] "GET /entry.php?id=10778&form=11496&name=list& HTTP/1.1" 200 5895 "http://ed.activities.at/entry.php?id=11671" "Mozilla/5.0 (Windows NT 6.1; rv:50.0) Gecko/20100101 Firefox/50.0"
93.83.110.102 - - [30/Nov/2016:14:22:31 +0100] "POST /entry.php?id=11671 HTTP/1.1" 200 3324 "http://ed.activities.at/entry.php?id=11671" "Mozilla/5.0 (Windows NT 6.1; rv:50.0) Gecko/20100101 Firefox/50.0"
93.83.110.102 - - [30/Nov/2016:14:22:32 +0100] "GET /gui/javascript/form_form.js?1480512151 HTTP/1.1" 200 16206 "http://ed.activities.at/entry.php?id=11671" "Mozilla/5.0 (Windows NT 6.1; rv:50.0) Gecko/20100101 Firefox/50.0"
93.83.110.102 - - [30/Nov/2016:14:22:32 +0100] "GET /framework/webfx/javascript/tinymce/skins/lightgray/content.min.css HTTP/1.1" 404 327 "http://ed.activities.at/entry.php?id=11671" "Mozilla/5.0 (Windows NT 6.1; rv:50.0) Gecko/20100101 Firefox/50.0"
93.83.110.102 - - [30/Nov/2016:14:22:38 +0100] "GET /entry.php?id=10271&&ser=512097 HTTP/1.1" 200 986 "http://ed.activities.at/entry.php?id=10271&&ser=512037" "Mozilla/5.0 (Windows NT 6.1; rv:50.0) Gecko/20100101 Firefox/50.0"
93.83.110.102 - - [30/Nov/2016:14:22:38 +0100] "GET /gui/javascript/form_form.js?1480512158 HTTP/1.1" 200 16206 "http://ed.activities.at/entry.php?id=10271&&ser=512097" "Mozilla/5.0 (Windows NT 6.1; rv:50.0) Gecko/20100101 Firefox/50.0"
93.83.110.102 - - [30/Nov/2016:14:22:38 +0100] "POST /entry.php?id=11671 HTTP/1.1" 200 3593 "http://ed.activities.at/entry.php?id=11671" "Mozilla/5.0 (Windows NT 6.1; rv:50.0) Gecko/20100101 Firefox/50.0"
93.83.110.102 - - [30/Nov/2016:14:22:39 +0100] "GET /framework/webfx/javascript/tinymce/skins/lightgray/content.min.css HTTP/1.1" 404 327 "http://ed.activities.at/entry.php?id=11671" "Mozilla/5.0 (Windows NT 6.1; rv:50.0) Gecko/20100101 Firefox/50.0"
93.83.110.102 - - [30/Nov/2016:14:22:41 +0100] "POST /entry.php?id=11671 HTTP/1.1" 200 4931 "http://ed.activities.at/entry.php?id=11671" "Mozilla/5.0 (Windows NT 6.1; rv:50.0) Gecko/20100101 Firefox/50.0"
93.83.110.102 - - [30/Nov/2016:14:22:41 +0100] "GET /gui/javascript/form_form.js?1480512161 HTTP/1.1" 200 16206 "http://ed.activities.at/entry.php?id=11671" "Mozilla/5.0 (Windows NT 6.1; rv:50.0) Gecko/20100101 Firefox/50.0"
93.83.110.102 - - [30/Nov/2016:14:22:42 +0100] "GET /entry.php?id=10778&form=11496&name=list& HTTP/1.1" 200 5895 "http://ed.activities.at/entry.php?id=11671" "Mozilla/5.0 (Windows NT 6.1; rv:50.0) Gecko/20100101 Firefox/50.0"
93.83.110.102 - - [30/Nov/2016:14:22:42 +0100] "GET /entry.php?id=10776&form=11496&name=list& HTTP/1.1" 200 1519 "http://ed.activities.at/entry.php?id=11671" "Mozilla/5.0 (Windows NT 6.1; rv:50.0) Gecko/20100101 Firefox/50.0"
93.83.110.102 - - [30/Nov/2016:14:22:46 +0100] "POST /entry.php?id=11671 HTTP/1.1" 200 5133 "http://ed.activities.at/entry.php?id=11671" "Mozilla/5.0 (Windows NT 6.1; rv:50.0) Gecko/20100101 Firefox/50.0"
93.83.110.102 - - [30/Nov/2016:14:22:47 +0100] "GET /gui/javascript/form_form.js?1480512167 HTTP/1.1" 200 16206 "http://ed.activities.at/entry.php?id=11671" "Mozilla/5.0 (Windows NT 6.1; rv:50.0) Gecko/20100101 Firefox/50.0"
188.20.203.254 - - [30/Nov/2016:14:22:46 +0100] "POST /entry.php?id=11671 HTTP/1.1" 200 3443 "http://easydrivers.activities.at/entry.php?id=11671" "Mozilla/5.0 (Windows NT 5.1; rv:50.0) Gecko/20100101 Firefox/50.0"
188.20.203.254 - - [30/Nov/2016:14:22:47 +0100] "GET /gui/javascript/form_form.js?1480512167 HTTP/1.1" 200 16206 "http://easydrivers.activities.at/entry.php?id=11671" "Mozilla/5.0 (Windows NT 5.1; rv:50.0) Gecko/20100101 Firefox/50.0"
93.83.110.102 - - [30/Nov/2016:14:22:47 +0100] "GET /entry.php?id=10776&form=11496&name=list& HTTP/1.1" 200 1519 "http://ed.activities.at/entry.php?id=11671" "Mozilla/5.0 (Windows NT 6.1; rv:50.0) Gecko/20100101 Firefox/50.0"
93.83.110.102 - - [30/Nov/2016:14:22:47 +0100] "GET /entry.php?id=10778&form=11496&name=list& HTTP/1.1" 200 5895 "http://ed.activities.at/entry.php?id=11671" "Mozilla/5.0 (Windows NT 6.1; rv:50.0) Gecko/20100101 Firefox/50.0"
