188.20.203.254 - - [30/Nov/2016:12:03:04 +0100] "GET /entry.php?id=10776&form=11496&name=list& HTTP/1.1" 200 1519 "http://easydrivers.activities.at/entry.php?id=11671" "Mozilla/5.0 (Windows NT 5.1; rv:50.0) Gecko/20100101 Firefox/50.0"
188.20.203.254 - - [30/Nov/2016:12:03:05 +0100] "GET /entry.php?id=10271&&ser=503724 HTTP/1.1" 200 986 "http://easydrivers.activities.at/entry.php?id=10271&&ser=503664" "Mozilla/5.0 (Windows NT 5.1; rv:50.0) Gecko/20100101 Firefox/50.0"
188.20.203.254 - - [30/Nov/2016:12:03:05 +0100] "GET /gui/javascript/form_form.js?1480503785 HTTP/1.1" 200 16206 "http://easydrivers.activities.at/entry.php?id=10271&&ser=503724" "Mozilla/5.0 (Windows NT 5.1; rv:50.0) Gecko/20100101 Firefox/50.0"
213.86.241.133 - - [30/Nov/2016:12:03:29 +0100] "POST /entry.php?id=11671 HTTP/1.1" 200 4952 "http://easydrivers.activities.at/entry.php?id=11671" "Mozilla/5.0 (Windows NT 10.0; WOW64; Trident/7.0; rv:11.0) like Gecko"
213.86.241.133 - - [30/Nov/2016:12:03:30 +0100] "GET /gui/javascript/form_form.js?1480503810 HTTP/1.1" 200 16206 "http://easydrivers.activities.at/entry.php?id=11671" "Mozilla/5.0 (Windows NT 10.0; WOW64; Trident/7.0; rv:11.0) like Gecko"
213.86.241.133 - - [30/Nov/2016:12:03:30 +0100] "GET /entry.php?id=10776&form=11496&name=list& HTTP/1.1" 200 1519 "http://easydrivers.activities.at/entry.php?id=11671" "Mozilla/5.0 (Windows NT 10.0; WOW64; Trident/7.0; rv:11.0) like Gecko"
213.86.241.133 - - [30/Nov/2016:12:03:30 +0100] "GET /entry.php?id=10778&form=11496&name=list& HTTP/1.1" 200 5741 "http://easydrivers.activities.at/entry.php?id=11671" "Mozilla/5.0 (Windows NT 10.0; WOW64; Trident/7.0; rv:11.0) like Gecko"
213.86.241.133 - - [30/Nov/2016:12:03:33 +0100] "POST /entry.php?id=11671 HTTP/1.1" 200 4902 "http://easydrivers.activities.at/entry.php?id=11671" "Mozilla/5.0 (Windows NT 10.0; WOW64; Trident/7.0; rv:11.0) like Gecko"
213.86.241.133 - - [30/Nov/2016:12:03:35 +0100] "GET /gui/javascript/form_form.js?1480503815 HTTP/1.1" 200 16206 "http://easydrivers.activities.at/entry.php?id=11671" "Mozilla/5.0 (Windows NT 10.0; WOW64; Trident/7.0; rv:11.0) like Gecko"
213.86.241.133 - - [30/Nov/2016:12:03:35 +0100] "GET /entry.php?id=10776&form=11496&name=list& HTTP/1.1" 200 1519 "http://easydrivers.activities.at/entry.php?id=11671" "Mozilla/5.0 (Windows NT 10.0; WOW64; Trident/7.0; rv:11.0) like Gecko"
213.86.241.133 - - [30/Nov/2016:12:03:35 +0100] "GET /entry.php?id=10778&form=11496&name=list& HTTP/1.1" 200 5741 "http://easydrivers.activities.at/entry.php?id=11671" "Mozilla/5.0 (Windows NT 10.0; WOW64; Trident/7.0; rv:11.0) like Gecko"
213.86.241.133 - - [30/Nov/2016:12:03:36 +0100] "GET /entry.php?id=10271&&ser=503756 HTTP/1.1" 200 986 "http://easydrivers.activities.at/entry.php?id=10271&&ser=503695" "Mozilla/5.0 (Windows NT 10.0; WOW64; Trident/7.0; rv:11.0) like Gecko"
213.86.241.133 - - [30/Nov/2016:12:03:37 +0100] "GET /gui/javascript/form_form.js?1480503817 HTTP/1.1" 200 16206 "http://easydrivers.activities.at/entry.php?id=10271&&ser=503756" "Mozilla/5.0 (Windows NT 10.0; WOW64; Trident/7.0; rv:11.0) like Gecko"
188.20.203.254 - - [30/Nov/2016:12:03:44 +0100] "POST /entry.php?id=11671 HTTP/1.1" 200 5003 "http://easydrivers.activities.at/entry.php?id=11671" "Mozilla/5.0 (Windows NT 5.1; rv:50.0) Gecko/20100101 Firefox/50.0"
188.20.203.254 - - [30/Nov/2016:12:03:45 +0100] "GET /gui/javascript/form_form.js?1480503825 HTTP/1.1" 200 16206 "http://easydrivers.activities.at/entry.php?id=11671" "Mozilla/5.0 (Windows NT 5.1; rv:50.0) Gecko/20100101 Firefox/50.0"
188.20.203.254 - - [30/Nov/2016:12:03:45 +0100] "GET /entry.php?id=10776&form=11496&name=list& HTTP/1.1" 200 1519 "http://easydrivers.activities.at/entry.php?id=11671" "Mozilla/5.0 (Windows NT 5.1; rv:50.0) Gecko/20100101 Firefox/50.0"
188.20.203.254 - - [30/Nov/2016:12:03:45 +0100] "GET /entry.php?id=10778&form=11496&name=list& HTTP/1.1" 200 5865 "http://easydrivers.activities.at/entry.php?id=11671" "Mozilla/5.0 (Windows NT 5.1; rv:50.0) Gecko/20100101 Firefox/50.0"
213.86.241.133 - - [30/Nov/2016:12:03:45 +0100] "POST /entry.php?id=11671 HTTP/1.1" 200 4610 "http://easydrivers.activities.at/entry.php?id=11671" "Mozilla/5.0 (Windows NT 10.0; WOW64; Trident/7.0; rv:11.0) like Gecko"
213.86.241.133 - - [30/Nov/2016:12:03:46 +0100] "GET /gui/javascript/form_form.js?1480503826 HTTP/1.1" 200 16206 "http://easydrivers.activities.at/entry.php?id=11671" "Mozilla/5.0 (Windows NT 10.0; WOW64; Trident/7.0; rv:11.0) like Gecko"
213.86.241.133 - - [30/Nov/2016:12:03:46 +0100] "GET /entry.php?id=10778&form=11496&name=list& HTTP/1.1" 200 5590 "http://easydrivers.activities.at/entry.php?id=11671" "Mozilla/5.0 (Windows NT 10.0; WOW64; Trident/7.0; rv:11.0) like Gecko"
213.86.241.133 - - [30/Nov/2016:12:03:46 +0100] "GET /entry.php?id=10776&form=11496&name=list& HTTP/1.1" 200 1519 "http://easydrivers.activities.at/entry.php?id=11671" "Mozilla/5.0 (Windows NT 10.0; WOW64; Trident/7.0; rv:11.0) like Gecko"
188.20.203.254 - - [30/Nov/2016:12:03:47 +0100] "POST /entry.php?id=11671 HTTP/1.1" 200 3194 "http://easydrivers.activities.at/entry.php?id=11671" "Mozilla/5.0 (Windows NT 5.1; rv:50.0) Gecko/20100101 Firefox/50.0"
188.20.203.254 - - [30/Nov/2016:12:03:48 +0100] "GET /gui/javascript/form_form.js?1480503827 HTTP/1.1" 200 16206 "http://easydrivers.activities.at/entry.php?id=11671" "Mozilla/5.0 (Windows NT 5.1; rv:50.0) Gecko/20100101 Firefox/50.0"
188.20.203.254 - - [30/Nov/2016:12:03:48 +0100] "GET /framework/webfx/javascript/tinymce/skins/lightgray/content.min.css HTTP/1.1" 404 331 "http://easydrivers.activities.at/entry.php?id=11671" "Mozilla/5.0 (Windows NT 5.1; rv:50.0) Gecko/20100101 Firefox/50.0"
188.20.203.254 - - [30/Nov/2016:12:04:05 +0100] "GET /entry.php?id=10271&&ser=503785 HTTP/1.1" 200 986 "http://easydrivers.activities.at/entry.php?id=10271&&ser=503724" "Mozilla/5.0 (Windows NT 5.1; rv:50.0) Gecko/20100101 Firefox/50.0"
188.20.203.254 - - [30/Nov/2016:12:04:06 +0100] "GET /gui/javascript/form_form.js?1480503846 HTTP/1.1" 200 16206 "http://easydrivers.activities.at/entry.php?id=10271&&ser=503785" "Mozilla/5.0 (Windows NT 5.1; rv:50.0) Gecko/20100101 Firefox/50.0"
188.20.203.254 - - [30/Nov/2016:12:04:06 +0100] "POST /entry.php?id=11671 HTTP/1.1" 200 3444 "http://easydrivers.activities.at/entry.php?id=11671" "Mozilla/5.0 (Windows NT 5.1; rv:50.0) Gecko/20100101 Firefox/50.0"
188.20.203.254 - - [30/Nov/2016:12:04:07 +0100] "GET /framework/webfx/javascript/tinymce/skins/lightgray/content.min.css HTTP/1.1" 404 331 "http://easydrivers.activities.at/entry.php?id=11671" "Mozilla/5.0 (Windows NT 5.1; rv:50.0) Gecko/20100101 Firefox/50.0"
188.20.203.254 - - [30/Nov/2016:12:04:08 +0100] "POST /entry.php?id=11671 HTTP/1.1" 200 4804 "http://easydrivers.activities.at/entry.php?id=11671" "Mozilla/5.0 (Windows NT 5.1; rv:50.0) Gecko/20100101 Firefox/50.0"
188.20.203.254 - - [30/Nov/2016:12:04:09 +0100] "GET /gui/javascript/form_form.js?1480503849 HTTP/1.1" 200 16206 "http://easydrivers.activities.at/entry.php?id=11671" "Mozilla/5.0 (Windows NT 5.1; rv:50.0) Gecko/20100101 Firefox/50.0"
188.20.203.254 - - [30/Nov/2016:12:04:09 +0100] "GET /entry.php?id=10776&form=11496&name=list& HTTP/1.1" 200 1519 "http://easydrivers.activities.at/entry.php?id=11671" "Mozilla/5.0 (Windows NT 5.1; rv:50.0) Gecko/20100101 Firefox/50.0"
188.20.203.254 - - [30/Nov/2016:12:04:09 +0100] "GET /entry.php?id=10778&form=11496&name=list& HTTP/1.1" 200 5865 "http://easydrivers.activities.at/entry.php?id=11671" "Mozilla/5.0 (Windows NT 5.1; rv:50.0) Gecko/20100101 Firefox/50.0"
188.20.203.254 - - [30/Nov/2016:12:04:11 +0100] "POST /entry.php?id=11671 HTTP/1.1" 200 4988 "http://easydrivers.activities.at/entry.php?id=11671" "Mozilla/5.0 (Windows NT 5.1; rv:50.0) Gecko/20100101 Firefox/50.0"
188.20.203.254 - - [30/Nov/2016:12:04:12 +0100] "GET /gui/javascript/form_form.js?1480503852 HTTP/1.1" 200 16206 "http://easydrivers.activities.at/entry.php?id=11671" "Mozilla/5.0 (Windows NT 5.1; rv:50.0) Gecko/20100101 Firefox/50.0"
188.20.203.254 - - [30/Nov/2016:12:04:12 +0100] "GET /entry.php?id=10776&form=11496&name=list& HTTP/1.1" 200 1519 "http://easydrivers.activities.at/entry.php?id=11671" "Mozilla/5.0 (Windows NT 5.1; rv:50.0) Gecko/20100101 Firefox/50.0"
188.20.203.254 - - [30/Nov/2016:12:04:12 +0100] "GET /entry.php?id=10778&form=11496&name=list& HTTP/1.1" 200 5865 "http://easydrivers.activities.at/entry.php?id=11671" "Mozilla/5.0 (Windows NT 5.1; rv:50.0) Gecko/20100101 Firefox/50.0"
188.20.203.254 - - [30/Nov/2016:12:04:16 +0100] "POST /entry.php?id=11671 HTTP/1.1" 200 4609 "http://easydrivers.activities.at/entry.php?id=11671" "Mozilla/5.0 (Windows NT 5.1; rv:50.0) Gecko/20100101 Firefox/50.0"
188.20.203.254 - - [30/Nov/2016:12:04:17 +0100] "GET /gui/javascript/form_form.js?1480503857 HTTP/1.1" 200 16206 "http://easydrivers.activities.at/entry.php?id=11671" "Mozilla/5.0 (Windows NT 5.1; rv:50.0) Gecko/20100101 Firefox/50.0"
188.20.203.254 - - [30/Nov/2016:12:04:17 +0100] "GET /entry.php?id=10776&form=11496&name=list& HTTP/1.1" 200 1519 "http://easydrivers.activities.at/entry.php?id=11671" "Mozilla/5.0 (Windows NT 5.1; rv:50.0) Gecko/20100101 Firefox/50.0"
188.20.203.254 - - [30/Nov/2016:12:04:17 +0100] "GET /entry.php?id=10778&form=11496&name=list& HTTP/1.1" 200 5627 "http://easydrivers.activities.at/entry.php?id=11671" "Mozilla/5.0 (Windows NT 5.1; rv:50.0) Gecko/20100101 Firefox/50.0"
213.86.241.133 - - [30/Nov/2016:12:04:37 +0100] "POST /entry.php?id=11671 HTTP/1.1" 200 4949 "http://easydrivers.activities.at/entry.php?id=11671" "Mozilla/5.0 (Windows NT 10.0; WOW64; Trident/7.0; rv:11.0) like Gecko"
213.86.241.133 - - [30/Nov/2016:12:04:38 +0100] "GET /gui/javascript/form_form.js?1480503878 HTTP/1.1" 200 16206 "http://easydrivers.activities.at/entry.php?id=11671" "Mozilla/5.0 (Windows NT 10.0; WOW64; Trident/7.0; rv:11.0) like Gecko"
213.86.241.133 - - [30/Nov/2016:12:04:37 +0100] "GET /entry.php?id=10271&&ser=503817 HTTP/1.1" 200 986 "http://easydrivers.activities.at/entry.php?id=10271&&ser=503756" "Mozilla/5.0 (Windows NT 10.0; WOW64; Trident/7.0; rv:11.0) like Gecko"
213.86.241.133 - - [30/Nov/2016:12:04:38 +0100] "GET /entry.php?id=10776&form=11496&name=list& HTTP/1.1" 200 1519 "http://easydrivers.activities.at/entry.php?id=11671" "Mozilla/5.0 (Windows NT 10.0; WOW64; Trident/7.0; rv:11.0) like Gecko"
213.86.241.133 - - [30/Nov/2016:12:04:38 +0100] "GET /entry.php?id=10778&form=11496&name=list& HTTP/1.1" 200 5716 "http://easydrivers.activities.at/entry.php?id=11671" "Mozilla/5.0 (Windows NT 10.0; WOW64; Trident/7.0; rv:11.0) like Gecko"
213.86.241.133 - - [30/Nov/2016:12:04:40 +0100] "POST /entry.php?id=11671 HTTP/1.1" 200 4898 "http://easydrivers.activities.at/entry.php?id=11671" "Mozilla/5.0 (Windows NT 10.0; WOW64; Trident/7.0; rv:11.0) like Gecko"
213.86.241.133 - - [30/Nov/2016:12:04:41 +0100] "GET /gui/javascript/form_form.js?1480503881 HTTP/1.1" 200 16206 "http://easydrivers.activities.at/entry.php?id=11671" "Mozilla/5.0 (Windows NT 10.0; WOW64; Trident/7.0; rv:11.0) like Gecko"
213.86.241.133 - - [30/Nov/2016:12:04:42 +0100] "GET /entry.php?id=10776&form=11496&name=list& HTTP/1.1" 200 1519 "http://easydrivers.activities.at/entry.php?id=11671" "Mozilla/5.0 (Windows NT 10.0; WOW64; Trident/7.0; rv:11.0) like Gecko"
213.86.241.133 - - [30/Nov/2016:12:04:42 +0100] "GET /entry.php?id=10778&form=11496&name=list& HTTP/1.1" 200 5716 "http://easydrivers.activities.at/entry.php?id=11671" "Mozilla/5.0 (Windows NT 10.0; WOW64; Trident/7.0; rv:11.0) like Gecko"
188.20.203.254 - - [30/Nov/2016:12:05:06 +0100] "GET /entry.php?id=10271&&ser=503846 HTTP/1.1" 200 985 "http://easydrivers.activities.at/entry.php?id=10271&&ser=503785" "Mozilla/5.0 (Windows NT 5.1; rv:50.0) Gecko/20100101 Firefox/50.0"
188.20.203.254 - - [30/Nov/2016:12:05:07 +0100] "GET /gui/javascript/form_form.js?1480503906 HTTP/1.1" 200 16206 "http://easydrivers.activities.at/entry.php?id=10271&&ser=503846" "Mozilla/5.0 (Windows NT 5.1; rv:50.0) Gecko/20100101 Firefox/50.0"
213.86.241.133 - - [30/Nov/2016:12:05:11 +0100] "GET /entry.php?id=11679 HTTP/1.1" 200 312 "http://easydrivers.activities.at/entry.php?id=11412" "Mozilla/5.0 (Windows NT 10.0; WOW64; Trident/7.0; rv:11.0) like Gecko"
213.86.241.133 - - [30/Nov/2016:12:05:11 +0100] "GET /entry.php?id=10676&title=Portal& HTTP/1.1" 200 1385 "http://easydrivers.activities.at/entry.php?id=11679" "Mozilla/5.0 (Windows NT 10.0; WOW64; Trident/7.0; rv:11.0) like Gecko"
213.86.241.133 - - [30/Nov/2016:12:05:11 +0100] "GET /gui/javascript/form_form.js?1480503911 HTTP/1.1" 200 16206 "http://easydrivers.activities.at/entry.php?id=10676&title=Portal&" "Mozilla/5.0 (Windows NT 10.0; WOW64; Trident/7.0; rv:11.0) like Gecko"
213.86.241.133 - - [30/Nov/2016:12:05:11 +0100] "GET /entry.php?id=11677& HTTP/1.1" 200 4372 "http://easydrivers.activities.at/entry.php?id=11679" "Mozilla/5.0 (Windows NT 10.0; WOW64; Trident/7.0; rv:11.0) like Gecko"
213.86.241.133 - - [30/Nov/2016:12:05:11 +0100] "GET /entry.php?id=11678& HTTP/1.1" 200 3169 "http://easydrivers.activities.at/entry.php?id=11679" "Mozilla/5.0 (Windows NT 10.0; WOW64; Trident/7.0; rv:11.0) like Gecko"
213.86.241.133 - - [30/Nov/2016:12:05:12 +0100] "GET /activities/framework/KoolControls/KoolAjax/koolajax.php?8436e354c842500aba3cbaf0584c0c24 HTTP/1.1" 200 4079 "http://easydrivers.activities.at/entry.php?id=11678&" "Mozilla/5.0 (Windows NT 10.0; WOW64; Trident/7.0; rv:11.0) like Gecko"
213.86.241.133 - - [30/Nov/2016:12:05:12 +0100] "GET /gui/javascript/form_form.js?1480503912 HTTP/1.1" 200 16206 "http://easydrivers.activities.at/entry.php?id=11678&" "Mozilla/5.0 (Windows NT 10.0; WOW64; Trident/7.0; rv:11.0) like Gecko"
213.86.241.133 - - [30/Nov/2016:12:05:12 +0100] "GET /entry.php?id=11618&&object=&item=&emu_class= HTTP/1.1" 200 1697 "http://easydrivers.activities.at/entry.php?id=11677&" "Mozilla/5.0 (Windows NT 10.0; WOW64; Trident/7.0; rv:11.0) like Gecko"
213.86.241.133 - - [30/Nov/2016:12:05:12 +0100] "GET /activities/framework/KoolControls/KoolTreeView/kooltreeview.php?c7cd9180e88ffef8e70f13526bb4f5f7 HTTP/1.1" 200 5055 "http://easydrivers.activities.at/entry.php?id=11678&" "Mozilla/5.0 (Windows NT 10.0; WOW64; Trident/7.0; rv:11.0) like Gecko"
213.86.241.133 - - [30/Nov/2016:12:05:12 +0100] "POST /entry.php?id=11677 HTTP/1.1" 200 4395 "http://easydrivers.activities.at/entry.php?id=11677&" "Mozilla/5.0 (Windows NT 10.0; WOW64; Trident/7.0; rv:11.0) like Gecko"
213.86.241.133 - - [30/Nov/2016:12:05:13 +0100] "POST /entry.php?id=11677 HTTP/1.1" 200 4395 "http://easydrivers.activities.at/entry.php?id=11677" "Mozilla/5.0 (Windows NT 10.0; WOW64; Trident/7.0; rv:11.0) like Gecko"
213.86.241.133 - - [30/Nov/2016:12:05:13 +0100] "GET /gui/javascript/form_form.js?1480503913 HTTP/1.1" 200 16206 "http://easydrivers.activities.at/entry.php?id=11677" "Mozilla/5.0 (Windows NT 10.0; WOW64; Trident/7.0; rv:11.0) like Gecko"
213.86.241.133 - - [30/Nov/2016:12:05:15 +0100] "POST /entry.php?id=11677 HTTP/1.1" 200 3217 "http://easydrivers.activities.at/entry.php?id=11677" "Mozilla/5.0 (Windows NT 10.0; WOW64; Trident/7.0; rv:11.0) like Gecko"
213.86.241.133 - - [30/Nov/2016:12:05:15 +0100] "GET /gui/javascript/form_form.js?1480503915 HTTP/1.1" 200 16206 "http://easydrivers.activities.at/entry.php?id=11677" "Mozilla/5.0 (Windows NT 10.0; WOW64; Trident/7.0; rv:11.0) like Gecko"
213.86.241.133 - - [30/Nov/2016:12:05:15 +0100] "GET /entry.php?id=10776&form=11502&name=list& HTTP/1.1" 200 1475 "http://easydrivers.activities.at/entry.php?id=11677" "Mozilla/5.0 (Windows NT 10.0; WOW64; Trident/7.0; rv:11.0) like Gecko"
213.86.241.133 - - [30/Nov/2016:12:05:15 +0100] "GET /entry.php?id=10778&form=11502&name=list& HTTP/1.1" 200 3839 "http://easydrivers.activities.at/entry.php?id=11677" "Mozilla/5.0 (Windows NT 10.0; WOW64; Trident/7.0; rv:11.0) like Gecko"
213.86.241.133 - - [30/Nov/2016:12:05:18 +0100] "GET /entry.php?id=11685&object=10230522&site=10201431&item=10221997 HTTP/1.1" 200 3605 "http://easydrivers.activities.at/entry.php?id=11412" "Mozilla/5.0 (Windows NT 10.0; WOW64; Trident/7.0; rv:11.0) like Gecko"
213.86.241.133 - - [30/Nov/2016:12:05:19 +0100] "GET /gui/javascript/form_form.js?1480503918 HTTP/1.1" 200 16206 "http://easydrivers.activities.at/entry.php?id=11685&object=10230522&site=10201431&item=10221997" "Mozilla/5.0 (Windows NT 10.0; WOW64; Trident/7.0; rv:11.0) like Gecko"
213.86.241.133 - - [30/Nov/2016:12:05:38 +0100] "GET /entry.php?id=10271&&ser=503878 HTTP/1.1" 200 986 "http://easydrivers.activities.at/entry.php?id=10271&&ser=503817" "Mozilla/5.0 (Windows NT 10.0; WOW64; Trident/7.0; rv:11.0) like Gecko"
213.86.241.133 - - [30/Nov/2016:12:05:38 +0100] "GET /gui/javascript/form_form.js?1480503938 HTTP/1.1" 200 16206 "http://easydrivers.activities.at/entry.php?id=10271&&ser=503878" "Mozilla/5.0 (Windows NT 10.0; WOW64; Trident/7.0; rv:11.0) like Gecko"
188.20.203.254 - - [30/Nov/2016:12:05:43 +0100] "POST /entry.php?id=11671 HTTP/1.1" 200 5015 "http://easydrivers.activities.at/entry.php?id=11671" "Mozilla/5.0 (Windows NT 5.1; rv:50.0) Gecko/20100101 Firefox/50.0"
188.20.203.254 - - [30/Nov/2016:12:05:44 +0100] "GET /gui/javascript/form_form.js?1480503944 HTTP/1.1" 200 16206 "http://easydrivers.activities.at/entry.php?id=11671" "Mozilla/5.0 (Windows NT 5.1; rv:50.0) Gecko/20100101 Firefox/50.0"
188.20.203.254 - - [30/Nov/2016:12:05:44 +0100] "GET /entry.php?id=10776&form=11496&name=list& HTTP/1.1" 200 1519 "http://easydrivers.activities.at/entry.php?id=11671" "Mozilla/5.0 (Windows NT 5.1; rv:50.0) Gecko/20100101 Firefox/50.0"
188.20.203.254 - - [30/Nov/2016:12:05:44 +0100] "GET /entry.php?id=10778&form=11496&name=list& HTTP/1.1" 200 5865 "http://easydrivers.activities.at/entry.php?id=11671" "Mozilla/5.0 (Windows NT 5.1; rv:50.0) Gecko/20100101 Firefox/50.0"
188.20.203.254 - - [30/Nov/2016:12:05:46 +0100] "POST /entry.php?id=11671 HTTP/1.1" 200 3196 "http://easydrivers.activities.at/entry.php?id=11671" "Mozilla/5.0 (Windows NT 5.1; rv:50.0) Gecko/20100101 Firefox/50.0"
188.20.203.254 - - [30/Nov/2016:12:05:47 +0100] "GET /gui/javascript/form_form.js?1480503947 HTTP/1.1" 200 16206 "http://easydrivers.activities.at/entry.php?id=11671" "Mozilla/5.0 (Windows NT 5.1; rv:50.0) Gecko/20100101 Firefox/50.0"
188.20.203.254 - - [30/Nov/2016:12:05:48 +0100] "GET /framework/webfx/javascript/tinymce/skins/lightgray/content.min.css HTTP/1.1" 404 331 "http://easydrivers.activities.at/entry.php?id=11671" "Mozilla/5.0 (Windows NT 5.1; rv:50.0) Gecko/20100101 Firefox/50.0"
213.86.241.133 - - [30/Nov/2016:12:06:03 +0100] "POST /entry.php?id=11685 HTTP/1.1" 200 3691 "http://easydrivers.activities.at/entry.php?id=11685&object=10230522&site=10201431&item=10221997" "Mozilla/5.0 (Windows NT 10.0; WOW64; Trident/7.0; rv:11.0) like Gecko"
213.86.241.133 - - [30/Nov/2016:12:06:03 +0100] "GET /gui/javascript/form_form.js?1480503963 HTTP/1.1" 200 16206 "http://easydrivers.activities.at/entry.php?id=11685" "Mozilla/5.0 (Windows NT 10.0; WOW64; Trident/7.0; rv:11.0) like Gecko"
188.20.203.254 - - [30/Nov/2016:12:06:07 +0100] "GET /entry.php?id=10271&&ser=503906 HTTP/1.1" 200 986 "http://easydrivers.activities.at/entry.php?id=10271&&ser=503846" "Mozilla/5.0 (Windows NT 5.1; rv:50.0) Gecko/20100101 Firefox/50.0"
188.20.203.254 - - [30/Nov/2016:12:06:07 +0100] "GET /gui/javascript/form_form.js?1480503967 HTTP/1.1" 200 16206 "http://easydrivers.activities.at/entry.php?id=10271&&ser=503906" "Mozilla/5.0 (Windows NT 5.1; rv:50.0) Gecko/20100101 Firefox/50.0"
188.20.203.254 - - [30/Nov/2016:12:06:13 +0100] "POST /entry.php?id=11671 HTTP/1.1" 200 3451 "http://easydrivers.activities.at/entry.php?id=11671" "Mozilla/5.0 (Windows NT 5.1; rv:50.0) Gecko/20100101 Firefox/50.0"
188.20.203.254 - - [30/Nov/2016:12:06:13 +0100] "GET /gui/javascript/form_form.js?1480503973 HTTP/1.1" 200 16206 "http://easydrivers.activities.at/entry.php?id=11671" "Mozilla/5.0 (Windows NT 5.1; rv:50.0) Gecko/20100101 Firefox/50.0"
188.20.203.254 - - [30/Nov/2016:12:06:14 +0100] "GET /framework/webfx/javascript/tinymce/skins/lightgray/content.min.css HTTP/1.1" 404 331 "http://easydrivers.activities.at/entry.php?id=11671" "Mozilla/5.0 (Windows NT 5.1; rv:50.0) Gecko/20100101 Firefox/50.0"
188.20.203.254 - - [30/Nov/2016:12:06:15 +0100] "POST /entry.php?id=11671 HTTP/1.1" 200 4817 "http://easydrivers.activities.at/entry.php?id=11671" "Mozilla/5.0 (Windows NT 5.1; rv:50.0) Gecko/20100101 Firefox/50.0"
188.20.203.254 - - [30/Nov/2016:12:06:16 +0100] "GET /gui/javascript/form_form.js?1480503976 HTTP/1.1" 200 16206 "http://easydrivers.activities.at/entry.php?id=11671" "Mozilla/5.0 (Windows NT 5.1; rv:50.0) Gecko/20100101 Firefox/50.0"
188.20.203.254 - - [30/Nov/2016:12:06:16 +0100] "GET /entry.php?id=10776&form=11496&name=list& HTTP/1.1" 200 1519 "http://easydrivers.activities.at/entry.php?id=11671" "Mozilla/5.0 (Windows NT 5.1; rv:50.0) Gecko/20100101 Firefox/50.0"
188.20.203.254 - - [30/Nov/2016:12:06:16 +0100] "GET /entry.php?id=10778&form=11496&name=list& HTTP/1.1" 200 5865 "http://easydrivers.activities.at/entry.php?id=11671" "Mozilla/5.0 (Windows NT 5.1; rv:50.0) Gecko/20100101 Firefox/50.0"
188.20.203.254 - - [30/Nov/2016:12:06:22 +0100] "POST /entry.php?id=11671 HTTP/1.1" 200 5001 "http://easydrivers.activities.at/entry.php?id=11671" "Mozilla/5.0 (Windows NT 5.1; rv:50.0) Gecko/20100101 Firefox/50.0"
188.20.203.254 - - [30/Nov/2016:12:06:23 +0100] "GET /gui/javascript/form_form.js?1480503982 HTTP/1.1" 200 16206 "http://easydrivers.activities.at/entry.php?id=11671" "Mozilla/5.0 (Windows NT 5.1; rv:50.0) Gecko/20100101 Firefox/50.0"
188.20.203.254 - - [30/Nov/2016:12:06:23 +0100] "GET /entry.php?id=10776&form=11496&name=list& HTTP/1.1" 200 1519 "http://easydrivers.activities.at/entry.php?id=11671" "Mozilla/5.0 (Windows NT 5.1; rv:50.0) Gecko/20100101 Firefox/50.0"
188.20.203.254 - - [30/Nov/2016:12:06:23 +0100] "GET /entry.php?id=10778&form=11496&name=list& HTTP/1.1" 200 5865 "http://easydrivers.activities.at/entry.php?id=11671" "Mozilla/5.0 (Windows NT 5.1; rv:50.0) Gecko/20100101 Firefox/50.0"
188.20.203.254 - - [30/Nov/2016:12:06:25 +0100] "POST /entry.php?id=11671 HTTP/1.1" 200 4609 "http://easydrivers.activities.at/entry.php?id=11671" "Mozilla/5.0 (Windows NT 5.1; rv:50.0) Gecko/20100101 Firefox/50.0"
188.20.203.254 - - [30/Nov/2016:12:06:25 +0100] "GET /gui/javascript/form_form.js?1480503985 HTTP/1.1" 200 16206 "http://easydrivers.activities.at/entry.php?id=11671" "Mozilla/5.0 (Windows NT 5.1; rv:50.0) Gecko/20100101 Firefox/50.0"
188.20.203.254 - - [30/Nov/2016:12:06:26 +0100] "GET /entry.php?id=10778&form=11496&name=list& HTTP/1.1" 200 5627 "http://easydrivers.activities.at/entry.php?id=11671" "Mozilla/5.0 (Windows NT 5.1; rv:50.0) Gecko/20100101 Firefox/50.0"
188.20.203.254 - - [30/Nov/2016:12:06:26 +0100] "GET /entry.php?id=10776&form=11496&name=list& HTTP/1.1" 200 1519 "http://easydrivers.activities.at/entry.php?id=11671" "Mozilla/5.0 (Windows NT 5.1; rv:50.0) Gecko/20100101 Firefox/50.0"
213.86.241.133 - - [30/Nov/2016:12:06:38 +0100] "GET /entry.php?id=10271&&ser=503938 HTTP/1.1" 200 986 "http://easydrivers.activities.at/entry.php?id=10271&&ser=503878" "Mozilla/5.0 (Windows NT 10.0; WOW64; Trident/7.0; rv:11.0) like Gecko"
213.86.241.133 - - [30/Nov/2016:12:06:39 +0100] "GET /gui/javascript/form_form.js?1480503999 HTTP/1.1" 200 16206 "http://easydrivers.activities.at/entry.php?id=10271&&ser=503938" "Mozilla/5.0 (Windows NT 10.0; WOW64; Trident/7.0; rv:11.0) like Gecko"
213.86.241.133 - - [30/Nov/2016:12:06:54 +0100] "GET /entry.php?id=11686&object=10230522&site=10201431 HTTP/1.1" 200 1748 "http://easydrivers.activities.at/entry.php?id=11412" "Mozilla/5.0 (Windows NT 10.0; WOW64; Trident/7.0; rv:11.0) like Gecko"
213.86.241.133 - - [30/Nov/2016:12:06:55 +0100] "GET /gui/javascript/form_form.js?1480504014 HTTP/1.1" 200 16206 "http://easydrivers.activities.at/entry.php?id=11686&object=10230522&site=10201431" "Mozilla/5.0 (Windows NT 10.0; WOW64; Trident/7.0; rv:11.0) like Gecko"
188.20.203.254 - - [30/Nov/2016:12:07:08 +0100] "GET /entry.php?id=10271&&ser=503967 HTTP/1.1" 200 986 "http://easydrivers.activities.at/entry.php?id=10271&&ser=503906" "Mozilla/5.0 (Windows NT 5.1; rv:50.0) Gecko/20100101 Firefox/50.0"
188.20.203.254 - - [30/Nov/2016:12:07:08 +0100] "GET /gui/javascript/form_form.js?1480504028 HTTP/1.1" 200 16206 "http://easydrivers.activities.at/entry.php?id=10271&&ser=503967" "Mozilla/5.0 (Windows NT 5.1; rv:50.0) Gecko/20100101 Firefox/50.0"
213.86.241.133 - - [30/Nov/2016:12:07:08 +0100] "POST /entry.php?id=11677 HTTP/1.1" 200 3217 "http://easydrivers.activities.at/entry.php?id=11677" "Mozilla/5.0 (Windows NT 10.0; WOW64; Trident/7.0; rv:11.0) like Gecko"
213.86.241.133 - - [30/Nov/2016:12:07:08 +0100] "GET /gui/javascript/form_form.js?1480504028 HTTP/1.1" 200 16206 "http://easydrivers.activities.at/entry.php?id=11677" "Mozilla/5.0 (Windows NT 10.0; WOW64; Trident/7.0; rv:11.0) like Gecko"
213.86.241.133 - - [30/Nov/2016:12:07:08 +0100] "GET /entry.php?id=10778&form=11502&name=list& HTTP/1.1" 200 3836 "http://easydrivers.activities.at/entry.php?id=11677" "Mozilla/5.0 (Windows NT 10.0; WOW64; Trident/7.0; rv:11.0) like Gecko"
213.86.241.133 - - [30/Nov/2016:12:07:08 +0100] "GET /entry.php?id=10776&form=11502&name=list& HTTP/1.1" 200 1475 "http://easydrivers.activities.at/entry.php?id=11677" "Mozilla/5.0 (Windows NT 10.0; WOW64; Trident/7.0; rv:11.0) like Gecko"
213.86.241.133 - - [30/Nov/2016:12:07:18 +0100] "POST /entry.php?id=11677 HTTP/1.1" 200 4401 "http://easydrivers.activities.at/entry.php?id=11677" "Mozilla/5.0 (Windows NT 10.0; WOW64; Trident/7.0; rv:11.0) like Gecko"
213.86.241.133 - - [30/Nov/2016:12:07:18 +0100] "GET /gui/javascript/form_form.js?1480504038 HTTP/1.1" 200 16206 "http://easydrivers.activities.at/entry.php?id=11677" "Mozilla/5.0 (Windows NT 10.0; WOW64; Trident/7.0; rv:11.0) like Gecko"
213.86.241.133 - - [30/Nov/2016:12:07:24 +0100] "POST /entry.php?id=11678 HTTP/1.1" 200 3225 "http://easydrivers.activities.at/entry.php?id=11678&" "Mozilla/5.0 (Windows NT 10.0; WOW64; Trident/7.0; rv:11.0) like Gecko"
213.86.241.133 - - [30/Nov/2016:12:07:24 +0100] "GET /activities/framework/KoolControls/KoolAjax/koolajax.php?8436e354c842500aba3cbaf0584c0c24 HTTP/1.1" 200 4079 "http://easydrivers.activities.at/entry.php?id=11678" "Mozilla/5.0 (Windows NT 10.0; WOW64; Trident/7.0; rv:11.0) like Gecko"
213.86.241.133 - - [30/Nov/2016:12:07:24 +0100] "GET /gui/javascript/form_form.js?1480504044 HTTP/1.1" 200 16206 "http://easydrivers.activities.at/entry.php?id=11678" "Mozilla/5.0 (Windows NT 10.0; WOW64; Trident/7.0; rv:11.0) like Gecko"
213.86.241.133 - - [30/Nov/2016:12:07:24 +0100] "GET /activities/framework/KoolControls/KoolTreeView/kooltreeview.php?c7cd9180e88ffef8e70f13526bb4f5f7 HTTP/1.1" 200 5055 "http://easydrivers.activities.at/entry.php?id=11678" "Mozilla/5.0 (Windows NT 10.0; WOW64; Trident/7.0; rv:11.0) like Gecko"
213.86.241.133 - - [30/Nov/2016:12:07:25 +0100] "POST /entry.php?id=11677 HTTP/1.1" 200 4395 "http://easydrivers.activities.at/entry.php?id=11677" "Mozilla/5.0 (Windows NT 10.0; WOW64; Trident/7.0; rv:11.0) like Gecko"
213.86.241.133 - - [30/Nov/2016:12:07:26 +0100] "GET /gui/javascript/form_form.js?1480504046 HTTP/1.1" 200 16206 "http://easydrivers.activities.at/entry.php?id=11677" "Mozilla/5.0 (Windows NT 10.0; WOW64; Trident/7.0; rv:11.0) like Gecko"
213.86.241.133 - - [30/Nov/2016:12:07:29 +0100] "POST /entry.php?id=11677 HTTP/1.1" 200 3216 "http://easydrivers.activities.at/entry.php?id=11677" "Mozilla/5.0 (Windows NT 10.0; WOW64; Trident/7.0; rv:11.0) like Gecko"
213.86.241.133 - - [30/Nov/2016:12:07:30 +0100] "GET /gui/javascript/form_form.js?1480504050 HTTP/1.1" 200 16206 "http://easydrivers.activities.at/entry.php?id=11677" "Mozilla/5.0 (Windows NT 10.0; WOW64; Trident/7.0; rv:11.0) like Gecko"
213.86.241.133 - - [30/Nov/2016:12:07:30 +0100] "GET /entry.php?id=10776&form=11502&name=list& HTTP/1.1" 200 1475 "http://easydrivers.activities.at/entry.php?id=11677" "Mozilla/5.0 (Windows NT 10.0; WOW64; Trident/7.0; rv:11.0) like Gecko"
213.86.241.133 - - [30/Nov/2016:12:07:30 +0100] "GET /entry.php?id=10778&form=11502&name=list& HTTP/1.1" 200 3836 "http://easydrivers.activities.at/entry.php?id=11677" "Mozilla/5.0 (Windows NT 10.0; WOW64; Trident/7.0; rv:11.0) like Gecko"
213.86.241.133 - - [30/Nov/2016:12:07:33 +0100] "GET /entry.php?id=11686&object=10230522&site=10201431 HTTP/1.1" 200 1748 "http://easydrivers.activities.at/entry.php?id=11412" "Mozilla/5.0 (Windows NT 10.0; WOW64; Trident/7.0; rv:11.0) like Gecko"
213.86.241.133 - - [30/Nov/2016:12:07:34 +0100] "GET /gui/javascript/form_form.js?1480504054 HTTP/1.1" 200 16206 "http://easydrivers.activities.at/entry.php?id=11686&object=10230522&site=10201431" "Mozilla/5.0 (Windows NT 10.0; WOW64; Trident/7.0; rv:11.0) like Gecko"
213.86.241.133 - - [30/Nov/2016:12:07:39 +0100] "GET /entry.php?id=10271&&ser=503999 HTTP/1.1" 200 986 "http://easydrivers.activities.at/entry.php?id=10271&&ser=503938" "Mozilla/5.0 (Windows NT 10.0; WOW64; Trident/7.0; rv:11.0) like Gecko"
213.86.241.133 - - [30/Nov/2016:12:07:39 +0100] "GET /gui/javascript/form_form.js?1480504059 HTTP/1.1" 200 16206 "http://easydrivers.activities.at/entry.php?id=10271&&ser=503999" "Mozilla/5.0 (Windows NT 10.0; WOW64; Trident/7.0; rv:11.0) like Gecko"
188.20.203.254 - - [30/Nov/2016:12:08:06 +0100] "POST /entry.php?id=11671 HTTP/1.1" 200 4996 "http://easydrivers.activities.at/entry.php?id=11671" "Mozilla/5.0 (Windows NT 5.1; rv:50.0) Gecko/20100101 Firefox/50.0"
188.20.203.254 - - [30/Nov/2016:12:08:07 +0100] "GET /gui/javascript/form_form.js?1480504087 HTTP/1.1" 200 16206 "http://easydrivers.activities.at/entry.php?id=11671" "Mozilla/5.0 (Windows NT 5.1; rv:50.0) Gecko/20100101 Firefox/50.0"
188.20.203.254 - - [30/Nov/2016:12:08:07 +0100] "GET /entry.php?id=10776&form=11496&name=list& HTTP/1.1" 200 1519 "http://easydrivers.activities.at/entry.php?id=11671" "Mozilla/5.0 (Windows NT 5.1; rv:50.0) Gecko/20100101 Firefox/50.0"
188.20.203.254 - - [30/Nov/2016:12:08:07 +0100] "GET /entry.php?id=10778&form=11496&name=list& HTTP/1.1" 200 5865 "http://easydrivers.activities.at/entry.php?id=11671" "Mozilla/5.0 (Windows NT 5.1; rv:50.0) Gecko/20100101 Firefox/50.0"
188.20.203.254 - - [30/Nov/2016:12:08:08 +0100] "GET /entry.php?id=10271&&ser=504028 HTTP/1.1" 200 986 "http://easydrivers.activities.at/entry.php?id=10271&&ser=503967" "Mozilla/5.0 (Windows NT 5.1; rv:50.0) Gecko/20100101 Firefox/50.0"
188.20.203.254 - - [30/Nov/2016:12:08:09 +0100] "GET /gui/javascript/form_form.js?1480504088 HTTP/1.1" 200 16206 "http://easydrivers.activities.at/entry.php?id=10271&&ser=504028" "Mozilla/5.0 (Windows NT 5.1; rv:50.0) Gecko/20100101 Firefox/50.0"
188.20.203.254 - - [30/Nov/2016:12:08:08 +0100] "POST /entry.php?id=11671 HTTP/1.1" 200 3190 "http://easydrivers.activities.at/entry.php?id=11671" "Mozilla/5.0 (Windows NT 5.1; rv:50.0) Gecko/20100101 Firefox/50.0"
188.20.203.254 - - [30/Nov/2016:12:08:09 +0100] "GET /gui/javascript/form_form.js?1480504089 HTTP/1.1" 200 16206 "http://easydrivers.activities.at/entry.php?id=11671" "Mozilla/5.0 (Windows NT 5.1; rv:50.0) Gecko/20100101 Firefox/50.0"
188.20.203.254 - - [30/Nov/2016:12:08:10 +0100] "GET /framework/webfx/javascript/tinymce/skins/lightgray/content.min.css HTTP/1.1" 404 331 "http://easydrivers.activities.at/entry.php?id=11671" "Mozilla/5.0 (Windows NT 5.1; rv:50.0) Gecko/20100101 Firefox/50.0"
213.86.241.133 - - [30/Nov/2016:12:08:29 +0100] "GET /entry.php?id=11679 HTTP/1.1" 200 312 "http://easydrivers.activities.at/entry.php?id=11412" "Mozilla/5.0 (Windows NT 10.0; WOW64; Trident/7.0; rv:11.0) like Gecko"
213.86.241.133 - - [30/Nov/2016:12:08:29 +0100] "GET /entry.php?id=11678& HTTP/1.1" 200 3172 "http://easydrivers.activities.at/entry.php?id=11679" "Mozilla/5.0 (Windows NT 10.0; WOW64; Trident/7.0; rv:11.0) like Gecko"
213.86.241.133 - - [30/Nov/2016:12:08:29 +0100] "GET /activities/framework/KoolControls/KoolAjax/koolajax.php?8436e354c842500aba3cbaf0584c0c24 HTTP/1.1" 200 4079 "http://easydrivers.activities.at/entry.php?id=11678&" "Mozilla/5.0 (Windows NT 10.0; WOW64; Trident/7.0; rv:11.0) like Gecko"
213.86.241.133 - - [30/Nov/2016:12:08:29 +0100] "GET /gui/javascript/form_form.js?1480504109 HTTP/1.1" 200 16206 "http://easydrivers.activities.at/entry.php?id=11678&" "Mozilla/5.0 (Windows NT 10.0; WOW64; Trident/7.0; rv:11.0) like Gecko"
213.86.241.133 - - [30/Nov/2016:12:08:29 +0100] "GET /activities/framework/KoolControls/KoolTreeView/kooltreeview.php?c7cd9180e88ffef8e70f13526bb4f5f7 HTTP/1.1" 200 5055 "http://easydrivers.activities.at/entry.php?id=11678&" "Mozilla/5.0 (Windows NT 10.0; WOW64; Trident/7.0; rv:11.0) like Gecko"
213.86.241.133 - - [30/Nov/2016:12:08:29 +0100] "GET /entry.php?id=11677& HTTP/1.1" 200 4373 "http://easydrivers.activities.at/entry.php?id=11679" "Mozilla/5.0 (Windows NT 10.0; WOW64; Trident/7.0; rv:11.0) like Gecko"
213.86.241.133 - - [30/Nov/2016:12:08:29 +0100] "GET /entry.php?id=10676&title=Portal& HTTP/1.1" 200 1385 "http://easydrivers.activities.at/entry.php?id=11679" "Mozilla/5.0 (Windows NT 10.0; WOW64; Trident/7.0; rv:11.0) like Gecko"
213.86.241.133 - - [30/Nov/2016:12:08:30 +0100] "GET /gui/javascript/form_form.js?1480504110 HTTP/1.1" 200 16206 "http://easydrivers.activities.at/entry.php?id=10676&title=Portal&" "Mozilla/5.0 (Windows NT 10.0; WOW64; Trident/7.0; rv:11.0) like Gecko"
213.86.241.133 - - [30/Nov/2016:12:08:30 +0100] "GET /entry.php?id=11618&&object=&item=&emu_class= HTTP/1.1" 200 1697 "http://easydrivers.activities.at/entry.php?id=11677&" "Mozilla/5.0 (Windows NT 10.0; WOW64; Trident/7.0; rv:11.0) like Gecko"
213.86.241.133 - - [30/Nov/2016:12:08:33 +0100] "GET /entry.php?id=10287&login=1 HTTP/1.1" 200 1873 "http://easydrivers.activities.at/entry.php?id=11412" "Mozilla/5.0 (Windows NT 10.0; WOW64; Trident/7.0; rv:11.0) like Gecko"
213.86.241.133 - - [30/Nov/2016:12:08:33 +0100] "GET /gui/javascript/form_form.js?1480504113 HTTP/1.1" 200 16206 "http://easydrivers.activities.at/entry.php?id=10287&login=1" "Mozilla/5.0 (Windows NT 10.0; WOW64; Trident/7.0; rv:11.0) like Gecko"
213.86.241.133 - - [30/Nov/2016:12:08:35 +0100] "POST /entry.php?id=10287& HTTP/1.1" 200 2425 "http://easydrivers.activities.at/entry.php?id=10287&login=1" "Mozilla/5.0 (Windows NT 10.0; WOW64; Trident/7.0; rv:11.0) like Gecko"
213.86.241.133 - - [30/Nov/2016:12:08:35 +0100] "GET /gui/javascript/form_form.js?1480504115 HTTP/1.1" 200 16206 "http://easydrivers.activities.at/entry.php?id=10287&" "Mozilla/5.0 (Windows NT 10.0; WOW64; Trident/7.0; rv:11.0) like Gecko"
213.86.241.133 - - [30/Nov/2016:12:08:35 +0100] "GET /entry.php?id=10270& HTTP/1.1" 200 908 "http://easydrivers.activities.at/layout.php" "Mozilla/5.0 (Windows NT 10.0; WOW64; Trident/7.0; rv:11.0) like Gecko"
213.86.241.133 - - [30/Nov/2016:12:08:35 +0100] "GET /entry.php?id=10273&logout=true& HTTP/1.1" 200 1910 "http://easydrivers.activities.at/layout.php" "Mozilla/5.0 (Windows NT 10.0; WOW64; Trident/7.0; rv:11.0) like Gecko"
188.20.203.254 - - [30/Nov/2016:12:08:40 +0100] "POST /entry.php?id=11671 HTTP/1.1" 200 3441 "http://easydrivers.activities.at/entry.php?id=11671" "Mozilla/5.0 (Windows NT 5.1; rv:50.0) Gecko/20100101 Firefox/50.0"
188.20.203.254 - - [30/Nov/2016:12:08:41 +0100] "GET /gui/javascript/form_form.js?1480504121 HTTP/1.1" 200 16206 "http://easydrivers.activities.at/entry.php?id=11671" "Mozilla/5.0 (Windows NT 5.1; rv:50.0) Gecko/20100101 Firefox/50.0"
188.20.203.254 - - [30/Nov/2016:12:08:42 +0100] "GET /framework/webfx/javascript/tinymce/skins/lightgray/content.min.css HTTP/1.1" 404 331 "http://easydrivers.activities.at/entry.php?id=11671" "Mozilla/5.0 (Windows NT 5.1; rv:50.0) Gecko/20100101 Firefox/50.0"
188.20.203.254 - - [30/Nov/2016:12:08:44 +0100] "POST /entry.php?id=11671 HTTP/1.1" 200 4800 "http://easydrivers.activities.at/entry.php?id=11671" "Mozilla/5.0 (Windows NT 5.1; rv:50.0) Gecko/20100101 Firefox/50.0"
188.20.203.254 - - [30/Nov/2016:12:08:45 +0100] "GET /gui/javascript/form_form.js?1480504124 HTTP/1.1" 200 16206 "http://easydrivers.activities.at/entry.php?id=11671" "Mozilla/5.0 (Windows NT 5.1; rv:50.0) Gecko/20100101 Firefox/50.0"
188.20.203.254 - - [30/Nov/2016:12:08:45 +0100] "GET /entry.php?id=10776&form=11496&name=list& HTTP/1.1" 200 1519 "http://easydrivers.activities.at/entry.php?id=11671" "Mozilla/5.0 (Windows NT 5.1; rv:50.0) Gecko/20100101 Firefox/50.0"
188.20.203.254 - - [30/Nov/2016:12:08:45 +0100] "GET /entry.php?id=10778&form=11496&name=list& HTTP/1.1" 200 5865 "http://easydrivers.activities.at/entry.php?id=11671" "Mozilla/5.0 (Windows NT 5.1; rv:50.0) Gecko/20100101 Firefox/50.0"
188.20.203.254 - - [30/Nov/2016:12:08:48 +0100] "POST /entry.php?id=11671 HTTP/1.1" 200 4984 "http://easydrivers.activities.at/entry.php?id=11671" "Mozilla/5.0 (Windows NT 5.1; rv:50.0) Gecko/20100101 Firefox/50.0"
188.20.203.254 - - [30/Nov/2016:12:08:49 +0100] "GET /gui/javascript/form_form.js?1480504129 HTTP/1.1" 200 16206 "http://easydrivers.activities.at/entry.php?id=11671" "Mozilla/5.0 (Windows NT 5.1; rv:50.0) Gecko/20100101 Firefox/50.0"
188.20.203.254 - - [30/Nov/2016:12:08:50 +0100] "GET /entry.php?id=10776&form=11496&name=list& HTTP/1.1" 200 1519 "http://easydrivers.activities.at/entry.php?id=11671" "Mozilla/5.0 (Windows NT 5.1; rv:50.0) Gecko/20100101 Firefox/50.0"
188.20.203.254 - - [30/Nov/2016:12:08:50 +0100] "GET /entry.php?id=10778&form=11496&name=list& HTTP/1.1" 200 5865 "http://easydrivers.activities.at/entry.php?id=11671" "Mozilla/5.0 (Windows NT 5.1; rv:50.0) Gecko/20100101 Firefox/50.0"
188.20.203.254 - - [30/Nov/2016:12:08:55 +0100] "POST /entry.php?id=11671 HTTP/1.1" 200 4609 "http://easydrivers.activities.at/entry.php?id=11671" "Mozilla/5.0 (Windows NT 5.1; rv:50.0) Gecko/20100101 Firefox/50.0"
188.20.203.254 - - [30/Nov/2016:12:08:56 +0100] "GET /gui/javascript/form_form.js?1480504135 HTTP/1.1" 200 16206 "http://easydrivers.activities.at/entry.php?id=11671" "Mozilla/5.0 (Windows NT 5.1; rv:50.0) Gecko/20100101 Firefox/50.0"
188.20.203.254 - - [30/Nov/2016:12:08:56 +0100] "GET /entry.php?id=10776&form=11496&name=list& HTTP/1.1" 200 1519 "http://easydrivers.activities.at/entry.php?id=11671" "Mozilla/5.0 (Windows NT 5.1; rv:50.0) Gecko/20100101 Firefox/50.0"
188.20.203.254 - - [30/Nov/2016:12:08:56 +0100] "GET /entry.php?id=10778&form=11496&name=list& HTTP/1.1" 200 5627 "http://easydrivers.activities.at/entry.php?id=11671" "Mozilla/5.0 (Windows NT 5.1; rv:50.0) Gecko/20100101 Firefox/50.0"
188.20.203.254 - - [30/Nov/2016:12:09:09 +0100] "GET /entry.php?id=10271&&ser=504088 HTTP/1.1" 200 986 "http://easydrivers.activities.at/entry.php?id=10271&&ser=504028" "Mozilla/5.0 (Windows NT 5.1; rv:50.0) Gecko/20100101 Firefox/50.0"
188.20.203.254 - - [30/Nov/2016:12:09:09 +0100] "GET /gui/javascript/form_form.js?1480504149 HTTP/1.1" 200 16206 "http://easydrivers.activities.at/entry.php?id=10271&&ser=504088" "Mozilla/5.0 (Windows NT 5.1; rv:50.0) Gecko/20100101 Firefox/50.0"
188.20.203.254 - - [30/Nov/2016:12:09:35 +0100] "POST /entry.php?id=11671 HTTP/1.1" 200 5004 "http://easydrivers.activities.at/entry.php?id=11671" "Mozilla/5.0 (Windows NT 5.1; rv:50.0) Gecko/20100101 Firefox/50.0"
188.20.203.254 - - [30/Nov/2016:12:09:36 +0100] "GET /gui/javascript/form_form.js?1480504176 HTTP/1.1" 200 16206 "http://easydrivers.activities.at/entry.php?id=11671" "Mozilla/5.0 (Windows NT 5.1; rv:50.0) Gecko/20100101 Firefox/50.0"
188.20.203.254 - - [30/Nov/2016:12:09:36 +0100] "GET /entry.php?id=10776&form=11496&name=list& HTTP/1.1" 200 1519 "http://easydrivers.activities.at/entry.php?id=11671" "Mozilla/5.0 (Windows NT 5.1; rv:50.0) Gecko/20100101 Firefox/50.0"
188.20.203.254 - - [30/Nov/2016:12:09:36 +0100] "GET /entry.php?id=10778&form=11496&name=list& HTTP/1.1" 200 5865 "http://easydrivers.activities.at/entry.php?id=11671" "Mozilla/5.0 (Windows NT 5.1; rv:50.0) Gecko/20100101 Firefox/50.0"
188.20.203.254 - - [30/Nov/2016:12:09:40 +0100] "POST /entry.php?id=11671 HTTP/1.1" 200 3191 "http://easydrivers.activities.at/entry.php?id=11671" "Mozilla/5.0 (Windows NT 5.1; rv:50.0) Gecko/20100101 Firefox/50.0"
188.20.203.254 - - [30/Nov/2016:12:09:41 +0100] "GET /gui/javascript/form_form.js?1480504181 HTTP/1.1" 200 16206 "http://easydrivers.activities.at/entry.php?id=11671" "Mozilla/5.0 (Windows NT 5.1; rv:50.0) Gecko/20100101 Firefox/50.0"
188.20.203.254 - - [30/Nov/2016:12:09:42 +0100] "GET /framework/webfx/javascript/tinymce/skins/lightgray/content.min.css HTTP/1.1" 404 331 "http://easydrivers.activities.at/entry.php?id=11671" "Mozilla/5.0 (Windows NT 5.1; rv:50.0) Gecko/20100101 Firefox/50.0"
188.20.203.254 - - [30/Nov/2016:12:10:09 +0100] "GET /entry.php?id=10271&&ser=504149 HTTP/1.1" 200 986 "http://easydrivers.activities.at/entry.php?id=10271&&ser=504088" "Mozilla/5.0 (Windows NT 5.1; rv:50.0) Gecko/20100101 Firefox/50.0"
188.20.203.254 - - [30/Nov/2016:12:10:10 +0100] "GET /gui/javascript/form_form.js?1480504210 HTTP/1.1" 200 16206 "http://easydrivers.activities.at/entry.php?id=10271&&ser=504149" "Mozilla/5.0 (Windows NT 5.1; rv:50.0) Gecko/20100101 Firefox/50.0"
188.20.203.254 - - [30/Nov/2016:12:10:37 +0100] "POST /entry.php?id=11671 HTTP/1.1" 200 3443 "http://easydrivers.activities.at/entry.php?id=11671" "Mozilla/5.0 (Windows NT 5.1; rv:50.0) Gecko/20100101 Firefox/50.0"
188.20.203.254 - - [30/Nov/2016:12:10:38 +0100] "GET /gui/javascript/form_form.js?1480504237 HTTP/1.1" 200 16206 "http://easydrivers.activities.at/entry.php?id=11671" "Mozilla/5.0 (Windows NT 5.1; rv:50.0) Gecko/20100101 Firefox/50.0"
188.20.203.254 - - [30/Nov/2016:12:10:38 +0100] "GET /framework/webfx/javascript/tinymce/skins/lightgray/content.min.css HTTP/1.1" 404 331 "http://easydrivers.activities.at/entry.php?id=11671" "Mozilla/5.0 (Windows NT 5.1; rv:50.0) Gecko/20100101 Firefox/50.0"
188.20.203.254 - - [30/Nov/2016:12:10:39 +0100] "POST /entry.php?id=11671 HTTP/1.1" 200 4806 "http://easydrivers.activities.at/entry.php?id=11671" "Mozilla/5.0 (Windows NT 5.1; rv:50.0) Gecko/20100101 Firefox/50.0"
188.20.203.254 - - [30/Nov/2016:12:10:40 +0100] "GET /gui/javascript/form_form.js?1480504240 HTTP/1.1" 200 16206 "http://easydrivers.activities.at/entry.php?id=11671" "Mozilla/5.0 (Windows NT 5.1; rv:50.0) Gecko/20100101 Firefox/50.0"
188.20.203.254 - - [30/Nov/2016:12:10:40 +0100] "GET /entry.php?id=10776&form=11496&name=list& HTTP/1.1" 200 1519 "http://easydrivers.activities.at/entry.php?id=11671" "Mozilla/5.0 (Windows NT 5.1; rv:50.0) Gecko/20100101 Firefox/50.0"
188.20.203.254 - - [30/Nov/2016:12:10:40 +0100] "GET /entry.php?id=10778&form=11496&name=list& HTTP/1.1" 200 5865 "http://easydrivers.activities.at/entry.php?id=11671" "Mozilla/5.0 (Windows NT 5.1; rv:50.0) Gecko/20100101 Firefox/50.0"
188.20.203.254 - - [30/Nov/2016:12:10:43 +0100] "POST /entry.php?id=11671 HTTP/1.1" 200 4990 "http://easydrivers.activities.at/entry.php?id=11671" "Mozilla/5.0 (Windows NT 5.1; rv:50.0) Gecko/20100101 Firefox/50.0"
188.20.203.254 - - [30/Nov/2016:12:10:44 +0100] "GET /gui/javascript/form_form.js?1480504244 HTTP/1.1" 200 16206 "http://easydrivers.activities.at/entry.php?id=11671" "Mozilla/5.0 (Windows NT 5.1; rv:50.0) Gecko/20100101 Firefox/50.0"
188.20.203.254 - - [30/Nov/2016:12:10:45 +0100] "GET /entry.php?id=10776&form=11496&name=list& HTTP/1.1" 200 1519 "http://easydrivers.activities.at/entry.php?id=11671" "Mozilla/5.0 (Windows NT 5.1; rv:50.0) Gecko/20100101 Firefox/50.0"
188.20.203.254 - - [30/Nov/2016:12:10:45 +0100] "GET /entry.php?id=10778&form=11496&name=list& HTTP/1.1" 200 5865 "http://easydrivers.activities.at/entry.php?id=11671" "Mozilla/5.0 (Windows NT 5.1; rv:50.0) Gecko/20100101 Firefox/50.0"
188.20.203.254 - - [30/Nov/2016:12:10:50 +0100] "POST /entry.php?id=11671 HTTP/1.1" 200 4609 "http://easydrivers.activities.at/entry.php?id=11671" "Mozilla/5.0 (Windows NT 5.1; rv:50.0) Gecko/20100101 Firefox/50.0"
188.20.203.254 - - [30/Nov/2016:12:10:51 +0100] "GET /gui/javascript/form_form.js?1480504251 HTTP/1.1" 200 16206 "http://easydrivers.activities.at/entry.php?id=11671" "Mozilla/5.0 (Windows NT 5.1; rv:50.0) Gecko/20100101 Firefox/50.0"
188.20.203.254 - - [30/Nov/2016:12:10:51 +0100] "GET /entry.php?id=10778&form=11496&name=list& HTTP/1.1" 200 5627 "http://easydrivers.activities.at/entry.php?id=11671" "Mozilla/5.0 (Windows NT 5.1; rv:50.0) Gecko/20100101 Firefox/50.0"
188.20.203.254 - - [30/Nov/2016:12:10:51 +0100] "GET /entry.php?id=10776&form=11496&name=list& HTTP/1.1" 200 1519 "http://easydrivers.activities.at/entry.php?id=11671" "Mozilla/5.0 (Windows NT 5.1; rv:50.0) Gecko/20100101 Firefox/50.0"
188.20.203.254 - - [30/Nov/2016:12:11:10 +0100] "GET /entry.php?id=10271&&ser=504210 HTTP/1.1" 200 986 "http://easydrivers.activities.at/entry.php?id=10271&&ser=504149" "Mozilla/5.0 (Windows NT 5.1; rv:50.0) Gecko/20100101 Firefox/50.0"
188.20.203.254 - - [30/Nov/2016:12:11:10 +0100] "GET /gui/javascript/form_form.js?1480504270 HTTP/1.1" 200 16206 "http://easydrivers.activities.at/entry.php?id=10271&&ser=504210" "Mozilla/5.0 (Windows NT 5.1; rv:50.0) Gecko/20100101 Firefox/50.0"
188.20.203.254 - - [30/Nov/2016:12:11:26 +0100] "POST /entry.php?id=11671 HTTP/1.1" 200 5000 "http://easydrivers.activities.at/entry.php?id=11671" "Mozilla/5.0 (Windows NT 5.1; rv:50.0) Gecko/20100101 Firefox/50.0"
188.20.203.254 - - [30/Nov/2016:12:11:27 +0100] "GET /gui/javascript/form_form.js?1480504287 HTTP/1.1" 200 16206 "http://easydrivers.activities.at/entry.php?id=11671" "Mozilla/5.0 (Windows NT 5.1; rv:50.0) Gecko/20100101 Firefox/50.0"
188.20.203.254 - - [30/Nov/2016:12:11:27 +0100] "GET /entry.php?id=10778&form=11496&name=list& HTTP/1.1" 200 5865 "http://easydrivers.activities.at/entry.php?id=11671" "Mozilla/5.0 (Windows NT 5.1; rv:50.0) Gecko/20100101 Firefox/50.0"
188.20.203.254 - - [30/Nov/2016:12:11:27 +0100] "GET /entry.php?id=10776&form=11496&name=list& HTTP/1.1" 200 1519 "http://easydrivers.activities.at/entry.php?id=11671" "Mozilla/5.0 (Windows NT 5.1; rv:50.0) Gecko/20100101 Firefox/50.0"
188.20.203.254 - - [30/Nov/2016:12:11:30 +0100] "POST /entry.php?id=11671 HTTP/1.1" 200 3190 "http://easydrivers.activities.at/entry.php?id=11671" "Mozilla/5.0 (Windows NT 5.1; rv:50.0) Gecko/20100101 Firefox/50.0"
188.20.203.254 - - [30/Nov/2016:12:11:31 +0100] "GET /gui/javascript/form_form.js?1480504291 HTTP/1.1" 200 16206 "http://easydrivers.activities.at/entry.php?id=11671" "Mozilla/5.0 (Windows NT 5.1; rv:50.0) Gecko/20100101 Firefox/50.0"
188.20.203.254 - - [30/Nov/2016:12:11:32 +0100] "GET /framework/webfx/javascript/tinymce/skins/lightgray/content.min.css HTTP/1.1" 404 331 "http://easydrivers.activities.at/entry.php?id=11671" "Mozilla/5.0 (Windows NT 5.1; rv:50.0) Gecko/20100101 Firefox/50.0"
188.20.203.254 - - [30/Nov/2016:12:11:48 +0100] "POST /entry.php?id=11671 HTTP/1.1" 200 3442 "http://easydrivers.activities.at/entry.php?id=11671" "Mozilla/5.0 (Windows NT 5.1; rv:50.0) Gecko/20100101 Firefox/50.0"
188.20.203.254 - - [30/Nov/2016:12:11:49 +0100] "GET /gui/javascript/form_form.js?1480504309 HTTP/1.1" 200 16206 "http://easydrivers.activities.at/entry.php?id=11671" "Mozilla/5.0 (Windows NT 5.1; rv:50.0) Gecko/20100101 Firefox/50.0"
188.20.203.254 - - [30/Nov/2016:12:11:50 +0100] "GET /framework/webfx/javascript/tinymce/skins/lightgray/content.min.css HTTP/1.1" 404 331 "http://easydrivers.activities.at/entry.php?id=11671" "Mozilla/5.0 (Windows NT 5.1; rv:50.0) Gecko/20100101 Firefox/50.0"
188.20.203.254 - - [30/Nov/2016:12:11:51 +0100] "POST /entry.php?id=11671 HTTP/1.1" 200 4804 "http://easydrivers.activities.at/entry.php?id=11671" "Mozilla/5.0 (Windows NT 5.1; rv:50.0) Gecko/20100101 Firefox/50.0"
188.20.203.254 - - [30/Nov/2016:12:11:52 +0100] "GET /gui/javascript/form_form.js?1480504312 HTTP/1.1" 200 16206 "http://easydrivers.activities.at/entry.php?id=11671" "Mozilla/5.0 (Windows NT 5.1; rv:50.0) Gecko/20100101 Firefox/50.0"
188.20.203.254 - - [30/Nov/2016:12:11:52 +0100] "GET /entry.php?id=10776&form=11496&name=list& HTTP/1.1" 200 1519 "http://easydrivers.activities.at/entry.php?id=11671" "Mozilla/5.0 (Windows NT 5.1; rv:50.0) Gecko/20100101 Firefox/50.0"
188.20.203.254 - - [30/Nov/2016:12:11:52 +0100] "GET /entry.php?id=10778&form=11496&name=list& HTTP/1.1" 200 5865 "http://easydrivers.activities.at/entry.php?id=11671" "Mozilla/5.0 (Windows NT 5.1; rv:50.0) Gecko/20100101 Firefox/50.0"
188.20.203.254 - - [30/Nov/2016:12:11:54 +0100] "POST /entry.php?id=11671 HTTP/1.1" 200 4987 "http://easydrivers.activities.at/entry.php?id=11671" "Mozilla/5.0 (Windows NT 5.1; rv:50.0) Gecko/20100101 Firefox/50.0"
188.20.203.254 - - [30/Nov/2016:12:11:55 +0100] "GET /gui/javascript/form_form.js?1480504315 HTTP/1.1" 200 16206 "http://easydrivers.activities.at/entry.php?id=11671" "Mozilla/5.0 (Windows NT 5.1; rv:50.0) Gecko/20100101 Firefox/50.0"
188.20.203.254 - - [30/Nov/2016:12:11:55 +0100] "GET /entry.php?id=10776&form=11496&name=list& HTTP/1.1" 200 1519 "http://easydrivers.activities.at/entry.php?id=11671" "Mozilla/5.0 (Windows NT 5.1; rv:50.0) Gecko/20100101 Firefox/50.0"
188.20.203.254 - - [30/Nov/2016:12:11:55 +0100] "GET /entry.php?id=10778&form=11496&name=list& HTTP/1.1" 200 5865 "http://easydrivers.activities.at/entry.php?id=11671" "Mozilla/5.0 (Windows NT 5.1; rv:50.0) Gecko/20100101 Firefox/50.0"
188.20.203.254 - - [30/Nov/2016:12:11:57 +0100] "POST /entry.php?id=11671 HTTP/1.1" 200 4610 "http://easydrivers.activities.at/entry.php?id=11671" "Mozilla/5.0 (Windows NT 5.1; rv:50.0) Gecko/20100101 Firefox/50.0"
188.20.203.254 - - [30/Nov/2016:12:11:57 +0100] "GET /gui/javascript/form_form.js?1480504317 HTTP/1.1" 200 16206 "http://easydrivers.activities.at/entry.php?id=11671" "Mozilla/5.0 (Windows NT 5.1; rv:50.0) Gecko/20100101 Firefox/50.0"
188.20.203.254 - - [30/Nov/2016:12:11:58 +0100] "GET /entry.php?id=10776&form=11496&name=list& HTTP/1.1" 200 1519 "http://easydrivers.activities.at/entry.php?id=11671" "Mozilla/5.0 (Windows NT 5.1; rv:50.0) Gecko/20100101 Firefox/50.0"
