213.86.241.133 - - [30/Nov/2016:11:47:21 +0100] "GET /entry.php?id=10776&form=11496&name=list& HTTP/1.1" 200 1519 "http://easydrivers.activities.at/entry.php?id=11671" "Mozilla/5.0 (Windows NT 10.0; WOW64; Trident/7.0; rv:11.0) like Gecko"
213.86.241.133 - - [30/Nov/2016:11:47:21 +0100] "GET /entry.php?id=10778&form=11496&name=list& HTTP/1.1" 200 5716 "http://easydrivers.activities.at/entry.php?id=11671" "Mozilla/5.0 (Windows NT 10.0; WOW64; Trident/7.0; rv:11.0) like Gecko"
213.86.241.133 - - [30/Nov/2016:11:47:23 +0100] "POST /entry.php?id=11671 HTTP/1.1" 200 4898 "http://easydrivers.activities.at/entry.php?id=11671" "Mozilla/5.0 (Windows NT 10.0; WOW64; Trident/7.0; rv:11.0) like Gecko"
213.86.241.133 - - [30/Nov/2016:11:47:25 +0100] "GET /gui/javascript/form_form.js?1480502845 HTTP/1.1" 200 16206 "http://easydrivers.activities.at/entry.php?id=11671" "Mozilla/5.0 (Windows NT 10.0; WOW64; Trident/7.0; rv:11.0) like Gecko"
213.86.241.133 - - [30/Nov/2016:11:47:25 +0100] "GET /entry.php?id=10776&form=11496&name=list& HTTP/1.1" 200 1519 "http://easydrivers.activities.at/entry.php?id=11671" "Mozilla/5.0 (Windows NT 10.0; WOW64; Trident/7.0; rv:11.0) like Gecko"
213.86.241.133 - - [30/Nov/2016:11:47:25 +0100] "GET /entry.php?id=10778&form=11496&name=list& HTTP/1.1" 200 5716 "http://easydrivers.activities.at/entry.php?id=11671" "Mozilla/5.0 (Windows NT 10.0; WOW64; Trident/7.0; rv:11.0) like Gecko"
213.86.241.133 - - [30/Nov/2016:11:47:27 +0100] "POST /entry.php?id=11671 HTTP/1.1" 200 4609 "http://easydrivers.activities.at/entry.php?id=11671" "Mozilla/5.0 (Windows NT 10.0; WOW64; Trident/7.0; rv:11.0) like Gecko"
213.86.241.133 - - [30/Nov/2016:11:47:27 +0100] "GET /entry.php?id=10271&&ser=502787 HTTP/1.1" 200 986 "http://easydrivers.activities.at/entry.php?id=10271&&ser=502726" "Mozilla/5.0 (Windows NT 10.0; WOW64; Trident/7.0; rv:11.0) like Gecko"
213.86.241.133 - - [30/Nov/2016:11:47:28 +0100] "GET /gui/javascript/form_form.js?1480502848 HTTP/1.1" 200 16206 "http://easydrivers.activities.at/entry.php?id=11671" "Mozilla/5.0 (Windows NT 10.0; WOW64; Trident/7.0; rv:11.0) like Gecko"
213.86.241.133 - - [30/Nov/2016:11:47:29 +0100] "GET /entry.php?id=10776&form=11496&name=list& HTTP/1.1" 200 1519 "http://easydrivers.activities.at/entry.php?id=11671" "Mozilla/5.0 (Windows NT 10.0; WOW64; Trident/7.0; rv:11.0) like Gecko"
213.86.241.133 - - [30/Nov/2016:11:47:29 +0100] "GET /entry.php?id=10778&form=11496&name=list& HTTP/1.1" 200 5590 "http://easydrivers.activities.at/entry.php?id=11671" "Mozilla/5.0 (Windows NT 10.0; WOW64; Trident/7.0; rv:11.0) like Gecko"
188.20.203.254 - - [30/Nov/2016:11:47:40 +0100] "POST /entry.php?id=11671 HTTP/1.1" 200 3451 "http://easydrivers.activities.at/entry.php?id=11671" "Mozilla/5.0 (Windows NT 5.1; rv:50.0) Gecko/20100101 Firefox/50.0"
188.20.203.254 - - [30/Nov/2016:11:47:41 +0100] "GET /gui/javascript/form_form.js?1480502861 HTTP/1.1" 200 16206 "http://easydrivers.activities.at/entry.php?id=11671" "Mozilla/5.0 (Windows NT 5.1; rv:50.0) Gecko/20100101 Firefox/50.0"
188.20.203.254 - - [30/Nov/2016:11:47:42 +0100] "GET /framework/webfx/javascript/tinymce/skins/lightgray/content.min.css HTTP/1.1" 404 331 "http://easydrivers.activities.at/entry.php?id=11671" "Mozilla/5.0 (Windows NT 5.1; rv:50.0) Gecko/20100101 Firefox/50.0"
188.20.203.254 - - [30/Nov/2016:11:47:43 +0100] "POST /entry.php?id=11671 HTTP/1.1" 200 4814 "http://easydrivers.activities.at/entry.php?id=11671" "Mozilla/5.0 (Windows NT 5.1; rv:50.0) Gecko/20100101 Firefox/50.0"
188.20.203.254 - - [30/Nov/2016:11:47:44 +0100] "GET /gui/javascript/form_form.js?1480502864 HTTP/1.1" 200 16206 "http://easydrivers.activities.at/entry.php?id=11671" "Mozilla/5.0 (Windows NT 5.1; rv:50.0) Gecko/20100101 Firefox/50.0"
188.20.203.254 - - [30/Nov/2016:11:47:44 +0100] "GET /gui/images/icons/information.gif HTTP/1.1" 304 - "http://easydrivers.activities.at/entry.php?id=11671" "Mozilla/5.0 (Windows NT 5.1; rv:50.0) Gecko/20100101 Firefox/50.0"
188.20.203.254 - - [30/Nov/2016:11:47:53 +0100] "POST /entry.php?id=11671 HTTP/1.1" 200 4811 "http://easydrivers.activities.at/entry.php?id=11671" "Mozilla/5.0 (Windows NT 5.1; rv:50.0) Gecko/20100101 Firefox/50.0"
188.20.203.254 - - [30/Nov/2016:11:47:54 +0100] "GET /gui/javascript/form_form.js?1480502874 HTTP/1.1" 200 16206 "http://easydrivers.activities.at/entry.php?id=11671" "Mozilla/5.0 (Windows NT 5.1; rv:50.0) Gecko/20100101 Firefox/50.0"
188.20.203.254 - - [30/Nov/2016:11:47:54 +0100] "GET /entry.php?id=10776&form=11496&name=list& HTTP/1.1" 200 1519 "http://easydrivers.activities.at/entry.php?id=11671" "Mozilla/5.0 (Windows NT 5.1; rv:50.0) Gecko/20100101 Firefox/50.0"
188.20.203.254 - - [30/Nov/2016:11:47:54 +0100] "GET /entry.php?id=10778&form=11496&name=list& HTTP/1.1" 200 5865 "http://easydrivers.activities.at/entry.php?id=11671" "Mozilla/5.0 (Windows NT 5.1; rv:50.0) Gecko/20100101 Firefox/50.0"
188.20.203.254 - - [30/Nov/2016:11:47:54 +0100] "GET /entry.php?id=10271&&ser=502814 HTTP/1.1" 200 986 "http://easydrivers.activities.at/entry.php?id=10271&&ser=502753" "Mozilla/5.0 (Windows NT 5.1; rv:50.0) Gecko/20100101 Firefox/50.0"
188.20.203.254 - - [30/Nov/2016:11:48:08 +0100] "POST /entry.php?id=11671 HTTP/1.1" 200 4996 "http://easydrivers.activities.at/entry.php?id=11671" "Mozilla/5.0 (Windows NT 5.1; rv:50.0) Gecko/20100101 Firefox/50.0"
188.20.203.254 - - [30/Nov/2016:11:48:09 +0100] "GET /gui/javascript/form_form.js?1480502889 HTTP/1.1" 200 16206 "http://easydrivers.activities.at/entry.php?id=11671" "Mozilla/5.0 (Windows NT 5.1; rv:50.0) Gecko/20100101 Firefox/50.0"
188.20.203.254 - - [30/Nov/2016:11:48:10 +0100] "GET /entry.php?id=10776&form=11496&name=list& HTTP/1.1" 200 1519 "http://easydrivers.activities.at/entry.php?id=11671" "Mozilla/5.0 (Windows NT 5.1; rv:50.0) Gecko/20100101 Firefox/50.0"
188.20.203.254 - - [30/Nov/2016:11:48:10 +0100] "GET /entry.php?id=10778&form=11496&name=list& HTTP/1.1" 200 5865 "http://easydrivers.activities.at/entry.php?id=11671" "Mozilla/5.0 (Windows NT 5.1; rv:50.0) Gecko/20100101 Firefox/50.0"
188.20.203.254 - - [30/Nov/2016:11:48:13 +0100] "POST /entry.php?id=11671 HTTP/1.1" 200 4610 "http://easydrivers.activities.at/entry.php?id=11671" "Mozilla/5.0 (Windows NT 5.1; rv:50.0) Gecko/20100101 Firefox/50.0"
188.20.203.254 - - [30/Nov/2016:11:48:13 +0100] "GET /gui/javascript/form_form.js?1480502893 HTTP/1.1" 200 16206 "http://easydrivers.activities.at/entry.php?id=11671" "Mozilla/5.0 (Windows NT 5.1; rv:50.0) Gecko/20100101 Firefox/50.0"
188.20.203.254 - - [30/Nov/2016:11:48:14 +0100] "GET /entry.php?id=10776&form=11496&name=list& HTTP/1.1" 200 1519 "http://easydrivers.activities.at/entry.php?id=11671" "Mozilla/5.0 (Windows NT 5.1; rv:50.0) Gecko/20100101 Firefox/50.0"
188.20.203.254 - - [30/Nov/2016:11:48:14 +0100] "GET /entry.php?id=10778&form=11496&name=list& HTTP/1.1" 200 5627 "http://easydrivers.activities.at/entry.php?id=11671" "Mozilla/5.0 (Windows NT 5.1; rv:50.0) Gecko/20100101 Firefox/50.0"
213.86.241.133 - - [30/Nov/2016:11:48:29 +0100] "GET /entry.php?id=10271&&ser=502848 HTTP/1.1" 200 986 "http://easydrivers.activities.at/entry.php?id=10271&&ser=502787" "Mozilla/5.0 (Windows NT 10.0; WOW64; Trident/7.0; rv:11.0) like Gecko"
213.86.241.133 - - [30/Nov/2016:11:48:29 +0100] "GET /gui/javascript/form_form.js?1480502909 HTTP/1.1" 200 16206 "http://easydrivers.activities.at/entry.php?id=10271&&ser=502848" "Mozilla/5.0 (Windows NT 10.0; WOW64; Trident/7.0; rv:11.0) like Gecko"
213.86.241.133 - - [30/Nov/2016:11:48:46 +0100] "POST /entry.php?id=11671 HTTP/1.1" 200 4944 "http://easydrivers.activities.at/entry.php?id=11671" "Mozilla/5.0 (Windows NT 10.0; WOW64; Trident/7.0; rv:11.0) like Gecko"
213.86.241.133 - - [30/Nov/2016:11:48:46 +0100] "GET /gui/javascript/form_form.js?1480502926 HTTP/1.1" 200 16206 "http://easydrivers.activities.at/entry.php?id=11671" "Mozilla/5.0 (Windows NT 10.0; WOW64; Trident/7.0; rv:11.0) like Gecko"
213.86.241.133 - - [30/Nov/2016:11:48:47 +0100] "GET /entry.php?id=10776&form=11496&name=list& HTTP/1.1" 200 1519 "http://easydrivers.activities.at/entry.php?id=11671" "Mozilla/5.0 (Windows NT 10.0; WOW64; Trident/7.0; rv:11.0) like Gecko"
213.86.241.133 - - [30/Nov/2016:11:48:47 +0100] "GET /entry.php?id=10778&form=11496&name=list& HTTP/1.1" 200 5724 "http://easydrivers.activities.at/entry.php?id=11671" "Mozilla/5.0 (Windows NT 10.0; WOW64; Trident/7.0; rv:11.0) like Gecko"
213.86.241.133 - - [30/Nov/2016:11:48:48 +0100] "POST /entry.php?id=11671 HTTP/1.1" 200 4891 "http://easydrivers.activities.at/entry.php?id=11671" "Mozilla/5.0 (Windows NT 10.0; WOW64; Trident/7.0; rv:11.0) like Gecko"
213.86.241.133 - - [30/Nov/2016:11:48:49 +0100] "GET /gui/javascript/form_form.js?1480502929 HTTP/1.1" 200 16206 "http://easydrivers.activities.at/entry.php?id=11671" "Mozilla/5.0 (Windows NT 10.0; WOW64; Trident/7.0; rv:11.0) like Gecko"
213.86.241.133 - - [30/Nov/2016:11:48:49 +0100] "GET /entry.php?id=10776&form=11496&name=list& HTTP/1.1" 200 1519 "http://easydrivers.activities.at/entry.php?id=11671" "Mozilla/5.0 (Windows NT 10.0; WOW64; Trident/7.0; rv:11.0) like Gecko"
213.86.241.133 - - [30/Nov/2016:11:48:49 +0100] "GET /entry.php?id=10778&form=11496&name=list& HTTP/1.1" 200 5724 "http://easydrivers.activities.at/entry.php?id=11671" "Mozilla/5.0 (Windows NT 10.0; WOW64; Trident/7.0; rv:11.0) like Gecko"
188.20.203.254 - - [30/Nov/2016:11:48:55 +0100] "GET /entry.php?id=10271&&ser=502874 HTTP/1.1" 200 986 "http://easydrivers.activities.at/entry.php?id=10271&&ser=502814" "Mozilla/5.0 (Windows NT 5.1; rv:50.0) Gecko/20100101 Firefox/50.0"
188.20.203.254 - - [30/Nov/2016:11:48:55 +0100] "GET /gui/javascript/form_form.js?1480502935 HTTP/1.1" 200 16206 "http://easydrivers.activities.at/entry.php?id=10271&&ser=502874" "Mozilla/5.0 (Windows NT 5.1; rv:50.0) Gecko/20100101 Firefox/50.0"
213.86.241.133 - - [30/Nov/2016:11:49:08 +0100] "GET /entry.php?id=11679 HTTP/1.1" 200 312 "http://easydrivers.activities.at/entry.php?id=11412" "Mozilla/5.0 (Windows NT 10.0; WOW64; Trident/7.0; rv:11.0) like Gecko"
213.86.241.133 - - [30/Nov/2016:11:49:08 +0100] "GET /entry.php?id=10676&title=Portal& HTTP/1.1" 200 1386 "http://easydrivers.activities.at/entry.php?id=11679" "Mozilla/5.0 (Windows NT 10.0; WOW64; Trident/7.0; rv:11.0) like Gecko"
213.86.241.133 - - [30/Nov/2016:11:49:09 +0100] "GET /gui/javascript/form_form.js?1480502948 HTTP/1.1" 200 16206 "http://easydrivers.activities.at/entry.php?id=10676&title=Portal&" "Mozilla/5.0 (Windows NT 10.0; WOW64; Trident/7.0; rv:11.0) like Gecko"
213.86.241.133 - - [30/Nov/2016:11:49:08 +0100] "GET /entry.php?id=11677& HTTP/1.1" 200 4372 "http://easydrivers.activities.at/entry.php?id=11679" "Mozilla/5.0 (Windows NT 10.0; WOW64; Trident/7.0; rv:11.0) like Gecko"
213.86.241.133 - - [30/Nov/2016:11:49:09 +0100] "GET /gui/javascript/form_form.js?1480502949 HTTP/1.1" 200 16206 "http://easydrivers.activities.at/entry.php?id=11677&" "Mozilla/5.0 (Windows NT 10.0; WOW64; Trident/7.0; rv:11.0) like Gecko"
213.86.241.133 - - [30/Nov/2016:11:49:08 +0100] "GET /entry.php?id=11678& HTTP/1.1" 200 3171 "http://easydrivers.activities.at/entry.php?id=11679" "Mozilla/5.0 (Windows NT 10.0; WOW64; Trident/7.0; rv:11.0) like Gecko"
213.86.241.133 - - [30/Nov/2016:11:49:09 +0100] "GET /activities/framework/KoolControls/KoolAjax/koolajax.php?8436e354c842500aba3cbaf0584c0c24 HTTP/1.1" 200 4079 "http://easydrivers.activities.at/entry.php?id=11678&" "Mozilla/5.0 (Windows NT 10.0; WOW64; Trident/7.0; rv:11.0) like Gecko"
213.86.241.133 - - [30/Nov/2016:11:49:09 +0100] "GET /activities/framework/KoolControls/KoolTreeView/kooltreeview.php?c7cd9180e88ffef8e70f13526bb4f5f7 HTTP/1.1" 200 5055 "http://easydrivers.activities.at/entry.php?id=11678&" "Mozilla/5.0 (Windows NT 10.0; WOW64; Trident/7.0; rv:11.0) like Gecko"
213.86.241.133 - - [30/Nov/2016:11:49:09 +0100] "GET /entry.php?id=11618&&object=&item=&emu_class= HTTP/1.1" 200 1697 "http://easydrivers.activities.at/entry.php?id=11677&" "Mozilla/5.0 (Windows NT 10.0; WOW64; Trident/7.0; rv:11.0) like Gecko"
213.86.241.133 - - [30/Nov/2016:11:49:09 +0100] "POST /entry.php?id=11677 HTTP/1.1" 200 4394 "http://easydrivers.activities.at/entry.php?id=11677&" "Mozilla/5.0 (Windows NT 10.0; WOW64; Trident/7.0; rv:11.0) like Gecko"
213.86.241.133 - - [30/Nov/2016:11:49:10 +0100] "GET /gui/javascript/form_form.js?1480502950 HTTP/1.1" 200 16206 "http://easydrivers.activities.at/entry.php?id=11677" "Mozilla/5.0 (Windows NT 10.0; WOW64; Trident/7.0; rv:11.0) like Gecko"
213.86.241.133 - - [30/Nov/2016:11:49:10 +0100] "POST /entry.php?id=11677 HTTP/1.1" 200 4394 "http://easydrivers.activities.at/entry.php?id=11677" "Mozilla/5.0 (Windows NT 10.0; WOW64; Trident/7.0; rv:11.0) like Gecko"
213.86.241.133 - - [30/Nov/2016:11:49:11 +0100] "GET /gui/javascript/form_form.js?1480502951 HTTP/1.1" 200 16206 "http://easydrivers.activities.at/entry.php?id=11677" "Mozilla/5.0 (Windows NT 10.0; WOW64; Trident/7.0; rv:11.0) like Gecko"
213.86.241.133 - - [30/Nov/2016:11:49:13 +0100] "GET /entry.php?id=11673 HTTP/1.1" 200 358 "http://easydrivers.activities.at/entry.php?id=11412" "Mozilla/5.0 (Windows NT 10.0; WOW64; Trident/7.0; rv:11.0) like Gecko"
213.86.241.133 - - [30/Nov/2016:11:49:13 +0100] "GET /entry.php?id=10676&&title=F\xfchrerscheinkurse HTTP/1.1" 200 1395 "http://easydrivers.activities.at/entry.php?id=11673" "Mozilla/5.0 (Windows NT 10.0; WOW64; Trident/7.0; rv:11.0) like Gecko"
213.86.241.133 - - [30/Nov/2016:11:49:14 +0100] "GET /gui/javascript/form_form.js?1480502954 HTTP/1.1" 200 16206 "http://easydrivers.activities.at/entry.php?id=10676&&title=F%C3%BChrerscheinkurse" "Mozilla/5.0 (Windows NT 10.0; WOW64; Trident/7.0; rv:11.0) like Gecko"
213.86.241.133 - - [30/Nov/2016:11:49:13 +0100] "GET /entry.php?id=11694& HTTP/1.1" 200 3439 "http://easydrivers.activities.at/entry.php?id=11673" "Mozilla/5.0 (Windows NT 10.0; WOW64; Trident/7.0; rv:11.0) like Gecko"
213.86.241.133 - - [30/Nov/2016:11:49:14 +0100] "GET /activities/framework/KoolControls/KoolAjax/koolajax.php?8436e354c842500aba3cbaf0584c0c24 HTTP/1.1" 200 4079 "http://easydrivers.activities.at/entry.php?id=11694&" "Mozilla/5.0 (Windows NT 10.0; WOW64; Trident/7.0; rv:11.0) like Gecko"
213.86.241.133 - - [30/Nov/2016:11:49:14 +0100] "GET /activities/framework/KoolControls/KoolTreeView/kooltreeview.php?c7cd9180e88ffef8e70f13526bb4f5f7 HTTP/1.1" 200 5055 "http://easydrivers.activities.at/entry.php?id=11694&" "Mozilla/5.0 (Windows NT 10.0; WOW64; Trident/7.0; rv:11.0) like Gecko"
213.86.241.133 - - [30/Nov/2016:11:49:13 +0100] "GET /entry.php?id=11671& HTTP/1.1" 200 4534 "http://easydrivers.activities.at/entry.php?id=11673" "Mozilla/5.0 (Windows NT 10.0; WOW64; Trident/7.0; rv:11.0) like Gecko"
213.86.241.133 - - [30/Nov/2016:11:49:15 +0100] "GET /gui/javascript/form_form.js?1480502955 HTTP/1.1" 200 16206 "http://easydrivers.activities.at/entry.php?id=11671&" "Mozilla/5.0 (Windows NT 10.0; WOW64; Trident/7.0; rv:11.0) like Gecko"
213.86.241.133 - - [30/Nov/2016:11:49:13 +0100] "GET /entry.php?id=11672& HTTP/1.1" 200 2691 "http://easydrivers.activities.at/entry.php?id=11673" "Mozilla/5.0 (Windows NT 10.0; WOW64; Trident/7.0; rv:11.0) like Gecko"
213.86.241.133 - - [30/Nov/2016:11:49:15 +0100] "GET /entry.php?id=10776&form=11496&name=list& HTTP/1.1" 200 1526 "http://easydrivers.activities.at/entry.php?id=11671&" "Mozilla/5.0 (Windows NT 10.0; WOW64; Trident/7.0; rv:11.0) like Gecko"
213.86.241.133 - - [30/Nov/2016:11:49:15 +0100] "GET /entry.php?id=10778&form=11496&name=list& HTTP/1.1" 200 2493 "http://easydrivers.activities.at/entry.php?id=11671&" "Mozilla/5.0 (Windows NT 10.0; WOW64; Trident/7.0; rv:11.0) like Gecko"
213.86.241.133 - - [30/Nov/2016:11:49:15 +0100] "GET /entry.php?id=10776&form=11497&name=list& HTTP/1.1" 200 1942 "http://easydrivers.activities.at/entry.php?id=11672&" "Mozilla/5.0 (Windows NT 10.0; WOW64; Trident/7.0; rv:11.0) like Gecko"
213.86.241.133 - - [30/Nov/2016:11:49:15 +0100] "GET /entry.php?id=10778&form=11497&name=list& HTTP/1.1" 200 11961 "http://easydrivers.activities.at/entry.php?id=11672&" "Mozilla/5.0 (Windows NT 10.0; WOW64; Trident/7.0; rv:11.0) like Gecko"
213.86.241.133 - - [30/Nov/2016:11:49:18 +0100] "POST /entry.php?id=11672 HTTP/1.1" 200 2702 "http://easydrivers.activities.at/entry.php?id=11672&" "Mozilla/5.0 (Windows NT 10.0; WOW64; Trident/7.0; rv:11.0) like Gecko"
213.86.241.133 - - [30/Nov/2016:11:49:19 +0100] "GET /gui/javascript/form_form.js?1480502959 HTTP/1.1" 200 16206 "http://easydrivers.activities.at/entry.php?id=11672" "Mozilla/5.0 (Windows NT 10.0; WOW64; Trident/7.0; rv:11.0) like Gecko"
213.86.241.133 - - [30/Nov/2016:11:49:19 +0100] "GET /entry.php?id=10776&form=11497&name=list& HTTP/1.1" 200 1941 "http://easydrivers.activities.at/entry.php?id=11672" "Mozilla/5.0 (Windows NT 10.0; WOW64; Trident/7.0; rv:11.0) like Gecko"
213.86.241.133 - - [30/Nov/2016:11:49:19 +0100] "GET /entry.php?id=10778&form=11497&name=list& HTTP/1.1" 200 3281 "http://easydrivers.activities.at/entry.php?id=11672" "Mozilla/5.0 (Windows NT 10.0; WOW64; Trident/7.0; rv:11.0) like Gecko"
188.20.203.254 - - [30/Nov/2016:11:49:26 +0100] "POST /entry.php?id=11671 HTTP/1.1" 200 4999 "http://easydrivers.activities.at/entry.php?id=11671" "Mozilla/5.0 (Windows NT 5.1; rv:50.0) Gecko/20100101 Firefox/50.0"
188.20.203.254 - - [30/Nov/2016:11:49:26 +0100] "GET /gui/javascript/form_form.js?1480502966 HTTP/1.1" 200 16206 "http://easydrivers.activities.at/entry.php?id=11671" "Mozilla/5.0 (Windows NT 5.1; rv:50.0) Gecko/20100101 Firefox/50.0"
188.20.203.254 - - [30/Nov/2016:11:49:27 +0100] "GET /entry.php?id=10776&form=11496&name=list& HTTP/1.1" 200 1519 "http://easydrivers.activities.at/entry.php?id=11671" "Mozilla/5.0 (Windows NT 5.1; rv:50.0) Gecko/20100101 Firefox/50.0"
188.20.203.254 - - [30/Nov/2016:11:49:27 +0100] "GET /entry.php?id=10778&form=11496&name=list& HTTP/1.1" 200 5854 "http://easydrivers.activities.at/entry.php?id=11671" "Mozilla/5.0 (Windows NT 5.1; rv:50.0) Gecko/20100101 Firefox/50.0"
188.20.203.254 - - [30/Nov/2016:11:49:28 +0100] "POST /entry.php?id=11671 HTTP/1.1" 200 3192 "http://easydrivers.activities.at/entry.php?id=11671" "Mozilla/5.0 (Windows NT 5.1; rv:50.0) Gecko/20100101 Firefox/50.0"
188.20.203.254 - - [30/Nov/2016:11:49:29 +0100] "GET /gui/javascript/form_form.js?1480502969 HTTP/1.1" 200 16206 "http://easydrivers.activities.at/entry.php?id=11671" "Mozilla/5.0 (Windows NT 5.1; rv:50.0) Gecko/20100101 Firefox/50.0"
213.86.241.133 - - [30/Nov/2016:11:49:29 +0100] "GET /entry.php?id=10271&&ser=502909 HTTP/1.1" 200 986 "http://easydrivers.activities.at/entry.php?id=10271&&ser=502848" "Mozilla/5.0 (Windows NT 10.0; WOW64; Trident/7.0; rv:11.0) like Gecko"
213.86.241.133 - - [30/Nov/2016:11:49:29 +0100] "GET /gui/javascript/form_form.js?1480502969 HTTP/1.1" 200 16206 "http://easydrivers.activities.at/entry.php?id=10271&&ser=502909" "Mozilla/5.0 (Windows NT 10.0; WOW64; Trident/7.0; rv:11.0) like Gecko"
188.20.203.254 - - [30/Nov/2016:11:49:30 +0100] "GET /framework/webfx/javascript/tinymce/skins/lightgray/content.min.css HTTP/1.1" 404 331 "http://easydrivers.activities.at/entry.php?id=11671" "Mozilla/5.0 (Windows NT 5.1; rv:50.0) Gecko/20100101 Firefox/50.0"
188.20.203.254 - - [30/Nov/2016:11:49:54 +0100] "POST /entry.php?id=11671 HTTP/1.1" 200 3440 "http://easydrivers.activities.at/entry.php?id=11671" "Mozilla/5.0 (Windows NT 5.1; rv:50.0) Gecko/20100101 Firefox/50.0"
188.20.203.254 - - [30/Nov/2016:11:49:55 +0100] "GET /gui/javascript/form_form.js?1480502995 HTTP/1.1" 200 16206 "http://easydrivers.activities.at/entry.php?id=11671" "Mozilla/5.0 (Windows NT 5.1; rv:50.0) Gecko/20100101 Firefox/50.0"
188.20.203.254 - - [30/Nov/2016:11:49:56 +0100] "GET /framework/webfx/javascript/tinymce/skins/lightgray/content.min.css HTTP/1.1" 404 331 "http://easydrivers.activities.at/entry.php?id=11671" "Mozilla/5.0 (Windows NT 5.1; rv:50.0) Gecko/20100101 Firefox/50.0"
188.20.203.254 - - [30/Nov/2016:11:49:56 +0100] "GET /entry.php?id=10271&&ser=502935 HTTP/1.1" 200 986 "http://easydrivers.activities.at/entry.php?id=10271&&ser=502874" "Mozilla/5.0 (Windows NT 5.1; rv:50.0) Gecko/20100101 Firefox/50.0"
188.20.203.254 - - [30/Nov/2016:11:49:56 +0100] "GET /gui/javascript/form_form.js?1480502996 HTTP/1.1" 200 16206 "http://easydrivers.activities.at/entry.php?id=10271&&ser=502935" "Mozilla/5.0 (Windows NT 5.1; rv:50.0) Gecko/20100101 Firefox/50.0"
188.20.203.254 - - [30/Nov/2016:11:49:58 +0100] "POST /entry.php?id=11671 HTTP/1.1" 200 4804 "http://easydrivers.activities.at/entry.php?id=11671" "Mozilla/5.0 (Windows NT 5.1; rv:50.0) Gecko/20100101 Firefox/50.0"
188.20.203.254 - - [30/Nov/2016:11:49:59 +0100] "GET /gui/javascript/form_form.js?1480502999 HTTP/1.1" 200 16206 "http://easydrivers.activities.at/entry.php?id=11671" "Mozilla/5.0 (Windows NT 5.1; rv:50.0) Gecko/20100101 Firefox/50.0"
188.20.203.254 - - [30/Nov/2016:11:49:59 +0100] "GET /entry.php?id=10776&form=11496&name=list& HTTP/1.1" 200 1519 "http://easydrivers.activities.at/entry.php?id=11671" "Mozilla/5.0 (Windows NT 5.1; rv:50.0) Gecko/20100101 Firefox/50.0"
188.20.203.254 - - [30/Nov/2016:11:49:59 +0100] "GET /entry.php?id=10778&form=11496&name=list& HTTP/1.1" 200 5854 "http://easydrivers.activities.at/entry.php?id=11671" "Mozilla/5.0 (Windows NT 5.1; rv:50.0) Gecko/20100101 Firefox/50.0"
188.20.203.254 - - [30/Nov/2016:11:50:01 +0100] "POST /entry.php?id=11671 HTTP/1.1" 200 4983 "http://easydrivers.activities.at/entry.php?id=11671" "Mozilla/5.0 (Windows NT 5.1; rv:50.0) Gecko/20100101 Firefox/50.0"
188.20.203.254 - - [30/Nov/2016:11:50:02 +0100] "GET /gui/javascript/form_form.js?1480503002 HTTP/1.1" 200 16206 "http://easydrivers.activities.at/entry.php?id=11671" "Mozilla/5.0 (Windows NT 5.1; rv:50.0) Gecko/20100101 Firefox/50.0"
188.20.203.254 - - [30/Nov/2016:11:50:02 +0100] "GET /entry.php?id=10776&form=11496&name=list& HTTP/1.1" 200 1519 "http://easydrivers.activities.at/entry.php?id=11671" "Mozilla/5.0 (Windows NT 5.1; rv:50.0) Gecko/20100101 Firefox/50.0"
188.20.203.254 - - [30/Nov/2016:11:50:02 +0100] "GET /entry.php?id=10778&form=11496&name=list& HTTP/1.1" 200 5854 "http://easydrivers.activities.at/entry.php?id=11671" "Mozilla/5.0 (Windows NT 5.1; rv:50.0) Gecko/20100101 Firefox/50.0"
188.20.203.254 - - [30/Nov/2016:11:50:06 +0100] "POST /entry.php?id=11671 HTTP/1.1" 200 4609 "http://easydrivers.activities.at/entry.php?id=11671" "Mozilla/5.0 (Windows NT 5.1; rv:50.0) Gecko/20100101 Firefox/50.0"
188.20.203.254 - - [30/Nov/2016:11:50:07 +0100] "GET /gui/javascript/form_form.js?1480503007 HTTP/1.1" 200 16206 "http://easydrivers.activities.at/entry.php?id=11671" "Mozilla/5.0 (Windows NT 5.1; rv:50.0) Gecko/20100101 Firefox/50.0"
188.20.203.254 - - [30/Nov/2016:11:50:07 +0100] "GET /entry.php?id=10778&form=11496&name=list& HTTP/1.1" 200 5627 "http://easydrivers.activities.at/entry.php?id=11671" "Mozilla/5.0 (Windows NT 5.1; rv:50.0) Gecko/20100101 Firefox/50.0"
188.20.203.254 - - [30/Nov/2016:11:50:07 +0100] "GET /entry.php?id=10776&form=11496&name=list& HTTP/1.1" 200 1519 "http://easydrivers.activities.at/entry.php?id=11671" "Mozilla/5.0 (Windows NT 5.1; rv:50.0) Gecko/20100101 Firefox/50.0"
213.86.241.133 - - [30/Nov/2016:11:50:29 +0100] "GET /entry.php?id=10271&&ser=502969 HTTP/1.1" 200 985 "http://easydrivers.activities.at/entry.php?id=10271&&ser=502909" "Mozilla/5.0 (Windows NT 10.0; WOW64; Trident/7.0; rv:11.0) like Gecko"
213.86.241.133 - - [30/Nov/2016:11:50:30 +0100] "GET /gui/javascript/form_form.js?1480503030 HTTP/1.1" 200 16206 "http://easydrivers.activities.at/entry.php?id=10271&&ser=502969" "Mozilla/5.0 (Windows NT 10.0; WOW64; Trident/7.0; rv:11.0) like Gecko"
188.20.203.254 - - [30/Nov/2016:11:50:56 +0100] "GET /entry.php?id=10271&&ser=502996 HTTP/1.1" 200 985 "http://easydrivers.activities.at/entry.php?id=10271&&ser=502935" "Mozilla/5.0 (Windows NT 5.1; rv:50.0) Gecko/20100101 Firefox/50.0"
188.20.203.254 - - [30/Nov/2016:11:50:57 +0100] "GET /gui/javascript/form_form.js?1480503056 HTTP/1.1" 200 16206 "http://easydrivers.activities.at/entry.php?id=10271&&ser=502996" "Mozilla/5.0 (Windows NT 5.1; rv:50.0) Gecko/20100101 Firefox/50.0"
188.20.203.254 - - [30/Nov/2016:11:50:56 +0100] "POST /entry.php?id=11671 HTTP/1.1" 200 4942 "http://easydrivers.activities.at/entry.php?id=11671" "Mozilla/5.0 (Windows NT 5.1; rv:50.0) Gecko/20100101 Firefox/50.0"
188.20.203.254 - - [30/Nov/2016:11:50:57 +0100] "GET /gui/javascript/form_form.js?1480503057 HTTP/1.1" 200 16206 "http://easydrivers.activities.at/entry.php?id=11671" "Mozilla/5.0 (Windows NT 5.1; rv:50.0) Gecko/20100101 Firefox/50.0"
188.20.203.254 - - [30/Nov/2016:11:50:57 +0100] "GET /entry.php?id=10778&form=11496&name=list& HTTP/1.1" 200 5627 "http://easydrivers.activities.at/entry.php?id=11671" "Mozilla/5.0 (Windows NT 5.1; rv:50.0) Gecko/20100101 Firefox/50.0"
188.20.203.254 - - [30/Nov/2016:11:50:57 +0100] "GET /entry.php?id=10776&form=11496&name=list& HTTP/1.1" 200 1519 "http://easydrivers.activities.at/entry.php?id=11671" "Mozilla/5.0 (Windows NT 5.1; rv:50.0) Gecko/20100101 Firefox/50.0"
213.86.241.133 - - [30/Nov/2016:11:51:30 +0100] "GET /entry.php?id=10271&&ser=503030 HTTP/1.1" 200 985 "http://easydrivers.activities.at/entry.php?id=10271&&ser=502969" "Mozilla/5.0 (Windows NT 10.0; WOW64; Trident/7.0; rv:11.0) like Gecko"
213.86.241.133 - - [30/Nov/2016:11:51:30 +0100] "GET /gui/javascript/form_form.js?1480503090 HTTP/1.1" 200 16206 "http://easydrivers.activities.at/entry.php?id=10271&&ser=503030" "Mozilla/5.0 (Windows NT 10.0; WOW64; Trident/7.0; rv:11.0) like Gecko"
188.20.203.254 - - [30/Nov/2016:11:51:30 +0100] "POST /entry.php?id=11671 HTTP/1.1" 200 4966 "http://easydrivers.activities.at/entry.php?id=11671" "Mozilla/5.0 (Windows NT 5.1; rv:50.0) Gecko/20100101 Firefox/50.0"
188.20.203.254 - - [30/Nov/2016:11:51:31 +0100] "GET /gui/javascript/form_form.js?1480503091 HTTP/1.1" 200 16206 "http://easydrivers.activities.at/entry.php?id=11671" "Mozilla/5.0 (Windows NT 5.1; rv:50.0) Gecko/20100101 Firefox/50.0"
188.20.203.254 - - [30/Nov/2016:11:51:32 +0100] "GET /entry.php?id=10778&form=11496&name=list& HTTP/1.1" 200 5865 "http://easydrivers.activities.at/entry.php?id=11671" "Mozilla/5.0 (Windows NT 5.1; rv:50.0) Gecko/20100101 Firefox/50.0"
188.20.203.254 - - [30/Nov/2016:11:51:32 +0100] "GET /entry.php?id=10776&form=11496&name=list& HTTP/1.1" 200 1519 "http://easydrivers.activities.at/entry.php?id=11671" "Mozilla/5.0 (Windows NT 5.1; rv:50.0) Gecko/20100101 Firefox/50.0"
188.20.203.254 - - [30/Nov/2016:11:51:33 +0100] "POST /entry.php?id=11671 HTTP/1.1" 200 3193 "http://easydrivers.activities.at/entry.php?id=11671" "Mozilla/5.0 (Windows NT 5.1; rv:50.0) Gecko/20100101 Firefox/50.0"
188.20.203.254 - - [30/Nov/2016:11:51:34 +0100] "GET /gui/javascript/form_form.js?1480503093 HTTP/1.1" 200 16206 "http://easydrivers.activities.at/entry.php?id=11671" "Mozilla/5.0 (Windows NT 5.1; rv:50.0) Gecko/20100101 Firefox/50.0"
188.20.203.254 - - [30/Nov/2016:11:51:34 +0100] "GET /framework/webfx/javascript/tinymce/skins/lightgray/content.min.css HTTP/1.1" 404 331 "http://easydrivers.activities.at/entry.php?id=11671" "Mozilla/5.0 (Windows NT 5.1; rv:50.0) Gecko/20100101 Firefox/50.0"
213.86.241.133 - - [30/Nov/2016:11:51:52 +0100] "POST /entry.php?id=11672 HTTP/1.1" 200 2703 "http://easydrivers.activities.at/entry.php?id=11672" "Mozilla/5.0 (Windows NT 10.0; WOW64; Trident/7.0; rv:11.0) like Gecko"
213.86.241.133 - - [30/Nov/2016:11:51:52 +0100] "GET /gui/javascript/form_form.js?1480503112 HTTP/1.1" 200 16206 "http://easydrivers.activities.at/entry.php?id=11672" "Mozilla/5.0 (Windows NT 10.0; WOW64; Trident/7.0; rv:11.0) like Gecko"
213.86.241.133 - - [30/Nov/2016:11:51:52 +0100] "GET /entry.php?id=10776&form=11497&name=list& HTTP/1.1" 200 1940 "http://easydrivers.activities.at/entry.php?id=11672" "Mozilla/5.0 (Windows NT 10.0; WOW64; Trident/7.0; rv:11.0) like Gecko"
213.86.241.133 - - [30/Nov/2016:11:51:52 +0100] "GET /entry.php?id=10778&form=11497&name=list& HTTP/1.1" 200 2979 "http://easydrivers.activities.at/entry.php?id=11672" "Mozilla/5.0 (Windows NT 10.0; WOW64; Trident/7.0; rv:11.0) like Gecko"
188.20.203.254 - - [30/Nov/2016:11:51:54 +0100] "POST /entry.php?id=11671 HTTP/1.1" 200 3440 "http://easydrivers.activities.at/entry.php?id=11671" "Mozilla/5.0 (Windows NT 5.1; rv:50.0) Gecko/20100101 Firefox/50.0"
188.20.203.254 - - [30/Nov/2016:11:51:55 +0100] "GET /gui/javascript/form_form.js?1480503115 HTTP/1.1" 200 16206 "http://easydrivers.activities.at/entry.php?id=11671" "Mozilla/5.0 (Windows NT 5.1; rv:50.0) Gecko/20100101 Firefox/50.0"
188.20.203.254 - - [30/Nov/2016:11:51:56 +0100] "GET /framework/webfx/javascript/tinymce/skins/lightgray/content.min.css HTTP/1.1" 404 331 "http://easydrivers.activities.at/entry.php?id=11671" "Mozilla/5.0 (Windows NT 5.1; rv:50.0) Gecko/20100101 Firefox/50.0"
188.20.203.254 - - [30/Nov/2016:11:51:57 +0100] "GET /entry.php?id=10271&&ser=503056 HTTP/1.1" 200 986 "http://easydrivers.activities.at/entry.php?id=10271&&ser=502996" "Mozilla/5.0 (Windows NT 5.1; rv:50.0) Gecko/20100101 Firefox/50.0"
188.20.203.254 - - [30/Nov/2016:11:51:57 +0100] "GET /gui/javascript/form_form.js?1480503117 HTTP/1.1" 200 16206 "http://easydrivers.activities.at/entry.php?id=10271&&ser=503056" "Mozilla/5.0 (Windows NT 5.1; rv:50.0) Gecko/20100101 Firefox/50.0"
213.86.241.133 - - [30/Nov/2016:11:51:57 +0100] "POST /entry.php?id=11672 HTTP/1.1" 200 2703 "http://easydrivers.activities.at/entry.php?id=11672" "Mozilla/5.0 (Windows NT 10.0; WOW64; Trident/7.0; rv:11.0) like Gecko"
213.86.241.133 - - [30/Nov/2016:11:51:58 +0100] "GET /gui/javascript/form_form.js?1480503118 HTTP/1.1" 200 16206 "http://easydrivers.activities.at/entry.php?id=11672" "Mozilla/5.0 (Windows NT 10.0; WOW64; Trident/7.0; rv:11.0) like Gecko"
213.86.241.133 - - [30/Nov/2016:11:51:58 +0100] "GET /entry.php?id=10776&form=11497&name=list& HTTP/1.1" 200 1941 "http://easydrivers.activities.at/entry.php?id=11672" "Mozilla/5.0 (Windows NT 10.0; WOW64; Trident/7.0; rv:11.0) like Gecko"
213.86.241.133 - - [30/Nov/2016:11:51:58 +0100] "GET /entry.php?id=10778&form=11497&name=list& HTTP/1.1" 200 3281 "http://easydrivers.activities.at/entry.php?id=11672" "Mozilla/5.0 (Windows NT 10.0; WOW64; Trident/7.0; rv:11.0) like Gecko"
188.20.203.254 - - [30/Nov/2016:11:51:58 +0100] "POST /entry.php?id=11671 HTTP/1.1" 200 4802 "http://easydrivers.activities.at/entry.php?id=11671" "Mozilla/5.0 (Windows NT 5.1; rv:50.0) Gecko/20100101 Firefox/50.0"
188.20.203.254 - - [30/Nov/2016:11:51:58 +0100] "GET /gui/javascript/form_form.js?1480503118 HTTP/1.1" 200 16206 "http://easydrivers.activities.at/entry.php?id=11671" "Mozilla/5.0 (Windows NT 5.1; rv:50.0) Gecko/20100101 Firefox/50.0"
188.20.203.254 - - [30/Nov/2016:11:51:59 +0100] "GET /entry.php?id=10776&form=11496&name=list& HTTP/1.1" 200 1519 "http://easydrivers.activities.at/entry.php?id=11671" "Mozilla/5.0 (Windows NT 5.1; rv:50.0) Gecko/20100101 Firefox/50.0"
188.20.203.254 - - [30/Nov/2016:11:51:59 +0100] "GET /entry.php?id=10778&form=11496&name=list& HTTP/1.1" 200 5865 "http://easydrivers.activities.at/entry.php?id=11671" "Mozilla/5.0 (Windows NT 5.1; rv:50.0) Gecko/20100101 Firefox/50.0"
188.20.203.254 - - [30/Nov/2016:11:52:03 +0100] "POST /entry.php?id=11671 HTTP/1.1" 200 4985 "http://easydrivers.activities.at/entry.php?id=11671" "Mozilla/5.0 (Windows NT 5.1; rv:50.0) Gecko/20100101 Firefox/50.0"
188.20.203.254 - - [30/Nov/2016:11:52:04 +0100] "GET /gui/javascript/form_form.js?1480503124 HTTP/1.1" 200 16206 "http://easydrivers.activities.at/entry.php?id=11671" "Mozilla/5.0 (Windows NT 5.1; rv:50.0) Gecko/20100101 Firefox/50.0"
188.20.203.254 - - [30/Nov/2016:11:52:04 +0100] "GET /entry.php?id=10776&form=11496&name=list& HTTP/1.1" 200 1519 "http://easydrivers.activities.at/entry.php?id=11671" "Mozilla/5.0 (Windows NT 5.1; rv:50.0) Gecko/20100101 Firefox/50.0"
188.20.203.254 - - [30/Nov/2016:11:52:04 +0100] "GET /entry.php?id=10778&form=11496&name=list& HTTP/1.1" 200 5865 "http://easydrivers.activities.at/entry.php?id=11671" "Mozilla/5.0 (Windows NT 5.1; rv:50.0) Gecko/20100101 Firefox/50.0"
188.20.203.254 - - [30/Nov/2016:11:52:06 +0100] "POST /entry.php?id=11671 HTTP/1.1" 200 4791 "http://easydrivers.activities.at/entry.php?id=11671" "Mozilla/5.0 (Windows NT 5.1; rv:50.0) Gecko/20100101 Firefox/50.0"
188.20.203.254 - - [30/Nov/2016:11:52:07 +0100] "GET /gui/javascript/form_form.js?1480503127 HTTP/1.1" 200 16206 "http://easydrivers.activities.at/entry.php?id=11671" "Mozilla/5.0 (Windows NT 5.1; rv:50.0) Gecko/20100101 Firefox/50.0"
188.20.203.254 - - [30/Nov/2016:11:52:08 +0100] "GET /entry.php?id=10778&form=11496&name=list& HTTP/1.1" 200 5854 "http://easydrivers.activities.at/entry.php?id=11671" "Mozilla/5.0 (Windows NT 5.1; rv:50.0) Gecko/20100101 Firefox/50.0"
188.20.203.254 - - [30/Nov/2016:11:52:08 +0100] "GET /entry.php?id=10776&form=11496&name=list& HTTP/1.1" 200 1519 "http://easydrivers.activities.at/entry.php?id=11671" "Mozilla/5.0 (Windows NT 5.1; rv:50.0) Gecko/20100101 Firefox/50.0"
213.86.241.133 - - [30/Nov/2016:11:52:16 +0100] "POST /entry.php?id=11672 HTTP/1.1" 200 2702 "http://easydrivers.activities.at/entry.php?id=11672" "Mozilla/5.0 (Windows NT 10.0; WOW64; Trident/7.0; rv:11.0) like Gecko"
213.86.241.133 - - [30/Nov/2016:11:52:16 +0100] "GET /gui/javascript/form_form.js?1480503136 HTTP/1.1" 200 16206 "http://easydrivers.activities.at/entry.php?id=11672" "Mozilla/5.0 (Windows NT 10.0; WOW64; Trident/7.0; rv:11.0) like Gecko"
213.86.241.133 - - [30/Nov/2016:11:52:16 +0100] "GET /entry.php?id=10776&form=11497&name=list& HTTP/1.1" 200 1940 "http://easydrivers.activities.at/entry.php?id=11672" "Mozilla/5.0 (Windows NT 10.0; WOW64; Trident/7.0; rv:11.0) like Gecko"
213.86.241.133 - - [30/Nov/2016:11:52:16 +0100] "GET /entry.php?id=10778&form=11497&name=list& HTTP/1.1" 200 2979 "http://easydrivers.activities.at/entry.php?id=11672" "Mozilla/5.0 (Windows NT 10.0; WOW64; Trident/7.0; rv:11.0) like Gecko"
188.20.203.254 - - [30/Nov/2016:11:52:25 +0100] "POST /entry.php?id=11671 HTTP/1.1" 200 5004 "http://easydrivers.activities.at/entry.php?id=11671" "Mozilla/5.0 (Windows NT 5.1; rv:50.0) Gecko/20100101 Firefox/50.0"
188.20.203.254 - - [30/Nov/2016:11:52:25 +0100] "GET /gui/javascript/form_form.js?1480503145 HTTP/1.1" 200 16206 "http://easydrivers.activities.at/entry.php?id=11671" "Mozilla/5.0 (Windows NT 5.1; rv:50.0) Gecko/20100101 Firefox/50.0"
188.20.203.254 - - [30/Nov/2016:11:52:26 +0100] "GET /entry.php?id=10778&form=11496&name=list& HTTP/1.1" 200 5854 "http://easydrivers.activities.at/entry.php?id=11671" "Mozilla/5.0 (Windows NT 5.1; rv:50.0) Gecko/20100101 Firefox/50.0"
188.20.203.254 - - [30/Nov/2016:11:52:26 +0100] "GET /entry.php?id=10776&form=11496&name=list& HTTP/1.1" 200 1519 "http://easydrivers.activities.at/entry.php?id=11671" "Mozilla/5.0 (Windows NT 5.1; rv:50.0) Gecko/20100101 Firefox/50.0"
188.20.203.254 - - [30/Nov/2016:11:52:27 +0100] "POST /entry.php?id=11671 HTTP/1.1" 200 3233 "http://easydrivers.activities.at/entry.php?id=11671" "Mozilla/5.0 (Windows NT 5.1; rv:50.0) Gecko/20100101 Firefox/50.0"
188.20.203.254 - - [30/Nov/2016:11:52:28 +0100] "GET /gui/javascript/form_form.js?1480503148 HTTP/1.1" 200 16206 "http://easydrivers.activities.at/entry.php?id=11671" "Mozilla/5.0 (Windows NT 5.1; rv:50.0) Gecko/20100101 Firefox/50.0"
188.20.203.254 - - [30/Nov/2016:11:52:28 +0100] "GET /framework/webfx/javascript/tinymce/skins/lightgray/content.min.css HTTP/1.1" 404 331 "http://easydrivers.activities.at/entry.php?id=11671" "Mozilla/5.0 (Windows NT 5.1; rv:50.0) Gecko/20100101 Firefox/50.0"
213.86.241.133 - - [30/Nov/2016:11:52:30 +0100] "GET /entry.php?id=10271&&ser=503090 HTTP/1.1" 200 986 "http://easydrivers.activities.at/entry.php?id=10271&&ser=503030" "Mozilla/5.0 (Windows NT 10.0; WOW64; Trident/7.0; rv:11.0) like Gecko"
213.86.241.133 - - [30/Nov/2016:11:52:31 +0100] "GET /gui/javascript/form_form.js?1480503150 HTTP/1.1" 200 16206 "http://easydrivers.activities.at/entry.php?id=10271&&ser=503090" "Mozilla/5.0 (Windows NT 10.0; WOW64; Trident/7.0; rv:11.0) like Gecko"
188.20.203.254 - - [30/Nov/2016:11:52:35 +0100] "POST /entry.php?id=11671 HTTP/1.1" 200 3441 "http://easydrivers.activities.at/entry.php?id=11671" "Mozilla/5.0 (Windows NT 5.1; rv:50.0) Gecko/20100101 Firefox/50.0"
188.20.203.254 - - [30/Nov/2016:11:52:36 +0100] "GET /gui/javascript/form_form.js?1480503156 HTTP/1.1" 200 16206 "http://easydrivers.activities.at/entry.php?id=11671" "Mozilla/5.0 (Windows NT 5.1; rv:50.0) Gecko/20100101 Firefox/50.0"
188.20.203.254 - - [30/Nov/2016:11:52:37 +0100] "GET /framework/webfx/javascript/tinymce/skins/lightgray/content.min.css HTTP/1.1" 404 331 "http://easydrivers.activities.at/entry.php?id=11671" "Mozilla/5.0 (Windows NT 5.1; rv:50.0) Gecko/20100101 Firefox/50.0"
188.20.203.254 - - [30/Nov/2016:11:52:40 +0100] "POST /entry.php?id=11671 HTTP/1.1" 200 4804 "http://easydrivers.activities.at/entry.php?id=11671" "Mozilla/5.0 (Windows NT 5.1; rv:50.0) Gecko/20100101 Firefox/50.0"
188.20.203.254 - - [30/Nov/2016:11:52:41 +0100] "GET /gui/javascript/form_form.js?1480503161 HTTP/1.1" 200 16206 "http://easydrivers.activities.at/entry.php?id=11671" "Mozilla/5.0 (Windows NT 5.1; rv:50.0) Gecko/20100101 Firefox/50.0"
188.20.203.254 - - [30/Nov/2016:11:52:42 +0100] "GET /entry.php?id=10776&form=11496&name=list& HTTP/1.1" 200 1519 "http://easydrivers.activities.at/entry.php?id=11671" "Mozilla/5.0 (Windows NT 5.1; rv:50.0) Gecko/20100101 Firefox/50.0"
188.20.203.254 - - [30/Nov/2016:11:52:42 +0100] "GET /entry.php?id=10778&form=11496&name=list& HTTP/1.1" 200 5854 "http://easydrivers.activities.at/entry.php?id=11671" "Mozilla/5.0 (Windows NT 5.1; rv:50.0) Gecko/20100101 Firefox/50.0"
213.86.241.133 - - [30/Nov/2016:11:52:46 +0100] "POST /entry.php?id=11671 HTTP/1.1" 200 4609 "http://easydrivers.activities.at/entry.php?id=11671&" "Mozilla/5.0 (Windows NT 10.0; WOW64; Trident/7.0; rv:11.0) like Gecko"
213.86.241.133 - - [30/Nov/2016:11:52:46 +0100] "GET /gui/javascript/form_form.js?1480503166 HTTP/1.1" 200 16206 "http://easydrivers.activities.at/entry.php?id=11671" "Mozilla/5.0 (Windows NT 10.0; WOW64; Trident/7.0; rv:11.0) like Gecko"
213.86.241.133 - - [30/Nov/2016:11:52:47 +0100] "GET /entry.php?id=10776&form=11496&name=list& HTTP/1.1" 200 1519 "http://easydrivers.activities.at/entry.php?id=11671" "Mozilla/5.0 (Windows NT 10.0; WOW64; Trident/7.0; rv:11.0) like Gecko"
213.86.241.133 - - [30/Nov/2016:11:52:47 +0100] "GET /entry.php?id=10778&form=11496&name=list& HTTP/1.1" 200 5590 "http://easydrivers.activities.at/entry.php?id=11671" "Mozilla/5.0 (Windows NT 10.0; WOW64; Trident/7.0; rv:11.0) like Gecko"
188.20.203.254 - - [30/Nov/2016:11:52:48 +0100] "POST /entry.php?id=11671 HTTP/1.1" 200 4986 "http://easydrivers.activities.at/entry.php?id=11671" "Mozilla/5.0 (Windows NT 5.1; rv:50.0) Gecko/20100101 Firefox/50.0"
188.20.203.254 - - [30/Nov/2016:11:52:48 +0100] "GET /gui/javascript/form_form.js?1480503168 HTTP/1.1" 200 16206 "http://easydrivers.activities.at/entry.php?id=11671" "Mozilla/5.0 (Windows NT 5.1; rv:50.0) Gecko/20100101 Firefox/50.0"
188.20.203.254 - - [30/Nov/2016:11:52:49 +0100] "GET /entry.php?id=10778&form=11496&name=list& HTTP/1.1" 200 5854 "http://easydrivers.activities.at/entry.php?id=11671" "Mozilla/5.0 (Windows NT 5.1; rv:50.0) Gecko/20100101 Firefox/50.0"
188.20.203.254 - - [30/Nov/2016:11:52:49 +0100] "GET /entry.php?id=10776&form=11496&name=list& HTTP/1.1" 200 1519 "http://easydrivers.activities.at/entry.php?id=11671" "Mozilla/5.0 (Windows NT 5.1; rv:50.0) Gecko/20100101 Firefox/50.0"
188.20.203.254 - - [30/Nov/2016:11:52:57 +0100] "GET /entry.php?id=10271&&ser=503117 HTTP/1.1" 200 986 "http://easydrivers.activities.at/entry.php?id=10271&&ser=503056" "Mozilla/5.0 (Windows NT 5.1; rv:50.0) Gecko/20100101 Firefox/50.0"
188.20.203.254 - - [30/Nov/2016:11:52:58 +0100] "GET /gui/javascript/form_form.js?1480503178 HTTP/1.1" 200 16206 "http://easydrivers.activities.at/entry.php?id=10271&&ser=503117" "Mozilla/5.0 (Windows NT 5.1; rv:50.0) Gecko/20100101 Firefox/50.0"
188.20.203.254 - - [30/Nov/2016:11:52:59 +0100] "POST /entry.php?id=11671 HTTP/1.1" 200 5003 "http://easydrivers.activities.at/entry.php?id=11671" "Mozilla/5.0 (Windows NT 5.1; rv:50.0) Gecko/20100101 Firefox/50.0"
188.20.203.254 - - [30/Nov/2016:11:53:00 +0100] "GET /gui/javascript/form_form.js?1480503180 HTTP/1.1" 200 16206 "http://easydrivers.activities.at/entry.php?id=11671" "Mozilla/5.0 (Windows NT 5.1; rv:50.0) Gecko/20100101 Firefox/50.0"
188.20.203.254 - - [30/Nov/2016:11:53:00 +0100] "GET /entry.php?id=10776&form=11496&name=list& HTTP/1.1" 200 1519 "http://easydrivers.activities.at/entry.php?id=11671" "Mozilla/5.0 (Windows NT 5.1; rv:50.0) Gecko/20100101 Firefox/50.0"
188.20.203.254 - - [30/Nov/2016:11:53:00 +0100] "GET /entry.php?id=10778&form=11496&name=list& HTTP/1.1" 200 5865 "http://easydrivers.activities.at/entry.php?id=11671" "Mozilla/5.0 (Windows NT 5.1; rv:50.0) Gecko/20100101 Firefox/50.0"
188.20.203.254 - - [30/Nov/2016:11:53:07 +0100] "POST /entry.php?id=11671 HTTP/1.1" 200 4986 "http://easydrivers.activities.at/entry.php?id=11671" "Mozilla/5.0 (Windows NT 5.1; rv:50.0) Gecko/20100101 Firefox/50.0"
188.20.203.254 - - [30/Nov/2016:11:53:08 +0100] "GET /gui/javascript/form_form.js?1480503188 HTTP/1.1" 200 16206 "http://easydrivers.activities.at/entry.php?id=11671" "Mozilla/5.0 (Windows NT 5.1; rv:50.0) Gecko/20100101 Firefox/50.0"
188.20.203.254 - - [30/Nov/2016:11:53:09 +0100] "GET /entry.php?id=10776&form=11496&name=list& HTTP/1.1" 200 1519 "http://easydrivers.activities.at/entry.php?id=11671" "Mozilla/5.0 (Windows NT 5.1; rv:50.0) Gecko/20100101 Firefox/50.0"
188.20.203.254 - - [30/Nov/2016:11:53:09 +0100] "GET /entry.php?id=10778&form=11496&name=list& HTTP/1.1" 200 5865 "http://easydrivers.activities.at/entry.php?id=11671" "Mozilla/5.0 (Windows NT 5.1; rv:50.0) Gecko/20100101 Firefox/50.0"
188.20.203.254 - - [30/Nov/2016:11:53:23 +0100] "POST /entry.php?id=11671 HTTP/1.1" 200 4611 "http://easydrivers.activities.at/entry.php?id=11671" "Mozilla/5.0 (Windows NT 5.1; rv:50.0) Gecko/20100101 Firefox/50.0"
188.20.203.254 - - [30/Nov/2016:11:53:23 +0100] "GET /gui/javascript/form_form.js?1480503203 HTTP/1.1" 200 16206 "http://easydrivers.activities.at/entry.php?id=11671" "Mozilla/5.0 (Windows NT 5.1; rv:50.0) Gecko/20100101 Firefox/50.0"
188.20.203.254 - - [30/Nov/2016:11:53:24 +0100] "GET /entry.php?id=10776&form=11496&name=list& HTTP/1.1" 200 1519 "http://easydrivers.activities.at/entry.php?id=11671" "Mozilla/5.0 (Windows NT 5.1; rv:50.0) Gecko/20100101 Firefox/50.0"
188.20.203.254 - - [30/Nov/2016:11:53:24 +0100] "GET /entry.php?id=10778&form=11496&name=list& HTTP/1.1" 200 5627 "http://easydrivers.activities.at/entry.php?id=11671" "Mozilla/5.0 (Windows NT 5.1; rv:50.0) Gecko/20100101 Firefox/50.0"
213.86.241.133 - - [30/Nov/2016:11:53:31 +0100] "GET /entry.php?id=10271&&ser=503150 HTTP/1.1" 200 985 "http://easydrivers.activities.at/entry.php?id=10271&&ser=503090" "Mozilla/5.0 (Windows NT 10.0; WOW64; Trident/7.0; rv:11.0) like Gecko"
213.86.241.133 - - [30/Nov/2016:11:53:32 +0100] "GET /gui/javascript/form_form.js?1480503211 HTTP/1.1" 200 16206 "http://easydrivers.activities.at/entry.php?id=10271&&ser=503150" "Mozilla/5.0 (Windows NT 10.0; WOW64; Trident/7.0; rv:11.0) like Gecko"
188.20.203.254 - - [30/Nov/2016:11:53:58 +0100] "GET /entry.php?id=10271&&ser=503178 HTTP/1.1" 200 986 "http://easydrivers.activities.at/entry.php?id=10271&&ser=503117" "Mozilla/5.0 (Windows NT 5.1; rv:50.0) Gecko/20100101 Firefox/50.0"
188.20.203.254 - - [30/Nov/2016:11:53:58 +0100] "GET /gui/javascript/form_form.js?1480503238 HTTP/1.1" 200 16206 "http://easydrivers.activities.at/entry.php?id=10271&&ser=503178" "Mozilla/5.0 (Windows NT 5.1; rv:50.0) Gecko/20100101 Firefox/50.0"
213.86.241.133 - - [30/Nov/2016:11:54:07 +0100] "POST /entry.php?id=11671 HTTP/1.1" 200 4943 "http://easydrivers.activities.at/entry.php?id=11671" "Mozilla/5.0 (Windows NT 10.0; WOW64; Trident/7.0; rv:11.0) like Gecko"
213.86.241.133 - - [30/Nov/2016:11:54:08 +0100] "GET /gui/javascript/form_form.js?1480503248 HTTP/1.1" 200 16206 "http://easydrivers.activities.at/entry.php?id=11671" "Mozilla/5.0 (Windows NT 10.0; WOW64; Trident/7.0; rv:11.0) like Gecko"
213.86.241.133 - - [30/Nov/2016:11:54:08 +0100] "GET /entry.php?id=10776&form=11496&name=list& HTTP/1.1" 200 1519 "http://easydrivers.activities.at/entry.php?id=11671" "Mozilla/5.0 (Windows NT 10.0; WOW64; Trident/7.0; rv:11.0) like Gecko"
213.86.241.133 - - [30/Nov/2016:11:54:08 +0100] "GET /entry.php?id=10778&form=11496&name=list& HTTP/1.1" 200 5723 "http://easydrivers.activities.at/entry.php?id=11671" "Mozilla/5.0 (Windows NT 10.0; WOW64; Trident/7.0; rv:11.0) like Gecko"
213.86.241.133 - - [30/Nov/2016:11:54:10 +0100] "POST /entry.php?id=11671 HTTP/1.1" 200 4893 "http://easydrivers.activities.at/entry.php?id=11671" "Mozilla/5.0 (Windows NT 10.0; WOW64; Trident/7.0; rv:11.0) like Gecko"
213.86.241.133 - - [30/Nov/2016:11:54:12 +0100] "GET /gui/javascript/form_form.js?1480503251 HTTP/1.1" 200 16206 "http://easydrivers.activities.at/entry.php?id=11671" "Mozilla/5.0 (Windows NT 10.0; WOW64; Trident/7.0; rv:11.0) like Gecko"
213.86.241.133 - - [30/Nov/2016:11:54:12 +0100] "GET /entry.php?id=10776&form=11496&name=list& HTTP/1.1" 200 1519 "http://easydrivers.activities.at/entry.php?id=11671" "Mozilla/5.0 (Windows NT 10.0; WOW64; Trident/7.0; rv:11.0) like Gecko"
213.86.241.133 - - [30/Nov/2016:11:54:12 +0100] "GET /entry.php?id=10778&form=11496&name=list& HTTP/1.1" 200 5723 "http://easydrivers.activities.at/entry.php?id=11671" "Mozilla/5.0 (Windows NT 10.0; WOW64; Trident/7.0; rv:11.0) like Gecko"
188.20.203.254 - - [30/Nov/2016:11:54:13 +0100] "POST /entry.php?id=11671 HTTP/1.1" 200 5001 "http://easydrivers.activities.at/entry.php?id=11671" "Mozilla/5.0 (Windows NT 5.1; rv:50.0) Gecko/20100101 Firefox/50.0"
188.20.203.254 - - [30/Nov/2016:11:54:14 +0100] "GET /gui/javascript/form_form.js?1480503253 HTTP/1.1" 200 16206 "http://easydrivers.activities.at/entry.php?id=11671" "Mozilla/5.0 (Windows NT 5.1; rv:50.0) Gecko/20100101 Firefox/50.0"
188.20.203.254 - - [30/Nov/2016:11:54:14 +0100] "GET /entry.php?id=10776&form=11496&name=list& HTTP/1.1" 200 1519 "http://easydrivers.activities.at/entry.php?id=11671" "Mozilla/5.0 (Windows NT 5.1; rv:50.0) Gecko/20100101 Firefox/50.0"
188.20.203.254 - - [30/Nov/2016:11:54:14 +0100] "GET /entry.php?id=10778&form=11496&name=list& HTTP/1.1" 200 5865 "http://easydrivers.activities.at/entry.php?id=11671" "Mozilla/5.0 (Windows NT 5.1; rv:50.0) Gecko/20100101 Firefox/50.0"
188.20.203.254 - - [30/Nov/2016:11:54:15 +0100] "POST /entry.php?id=11671 HTTP/1.1" 200 3192 "http://easydrivers.activities.at/entry.php?id=11671" "Mozilla/5.0 (Windows NT 5.1; rv:50.0) Gecko/20100101 Firefox/50.0"
188.20.203.254 - - [30/Nov/2016:11:54:16 +0100] "GET /gui/javascript/form_form.js?1480503256 HTTP/1.1" 200 16206 "http://easydrivers.activities.at/entry.php?id=11671" "Mozilla/5.0 (Windows NT 5.1; rv:50.0) Gecko/20100101 Firefox/50.0"
188.20.203.254 - - [30/Nov/2016:11:54:17 +0100] "GET /framework/webfx/javascript/tinymce/skins/lightgray/content.min.css HTTP/1.1" 404 331 "http://easydrivers.activities.at/entry.php?id=11671" "Mozilla/5.0 (Windows NT 5.1; rv:50.0) Gecko/20100101 Firefox/50.0"
213.86.241.133 - - [30/Nov/2016:11:54:17 +0100] "POST /entry.php?id=11671 HTTP/1.1" 200 4609 "http://easydrivers.activities.at/entry.php?id=11671" "Mozilla/5.0 (Windows NT 10.0; WOW64; Trident/7.0; rv:11.0) like Gecko"
213.86.241.133 - - [30/Nov/2016:11:54:18 +0100] "GET /gui/javascript/form_form.js?1480503258 HTTP/1.1" 200 16206 "http://easydrivers.activities.at/entry.php?id=11671" "Mozilla/5.0 (Windows NT 10.0; WOW64; Trident/7.0; rv:11.0) like Gecko"
213.86.241.133 - - [30/Nov/2016:11:54:18 +0100] "GET /entry.php?id=10776&form=11496&name=list& HTTP/1.1" 200 1519 "http://easydrivers.activities.at/entry.php?id=11671" "Mozilla/5.0 (Windows NT 10.0; WOW64; Trident/7.0; rv:11.0) like Gecko"
213.86.241.133 - - [30/Nov/2016:11:54:18 +0100] "GET /entry.php?id=10778&form=11496&name=list& HTTP/1.1" 200 5590 "http://easydrivers.activities.at/entry.php?id=11671" "Mozilla/5.0 (Windows NT 10.0; WOW64; Trident/7.0; rv:11.0) like Gecko"
213.86.241.133 - - [30/Nov/2016:11:54:32 +0100] "GET /entry.php?id=10271&&ser=503211 HTTP/1.1" 200 986 "http://easydrivers.activities.at/entry.php?id=10271&&ser=503150" "Mozilla/5.0 (Windows NT 10.0; WOW64; Trident/7.0; rv:11.0) like Gecko"
213.86.241.133 - - [30/Nov/2016:11:54:32 +0100] "GET /gui/javascript/form_form.js?1480503272 HTTP/1.1" 200 16206 "http://easydrivers.activities.at/entry.php?id=10271&&ser=503211" "Mozilla/5.0 (Windows NT 10.0; WOW64; Trident/7.0; rv:11.0) like Gecko"
188.20.203.254 - - [30/Nov/2016:11:54:33 +0100] "POST /entry.php?id=11671 HTTP/1.1" 200 3432 "http://easydrivers.activities.at/entry.php?id=11671" "Mozilla/5.0 (Windows NT 5.1; rv:50.0) Gecko/20100101 Firefox/50.0"
188.20.203.254 - - [30/Nov/2016:11:54:33 +0100] "GET /gui/javascript/form_form.js?1480503273 HTTP/1.1" 200 16206 "http://easydrivers.activities.at/entry.php?id=11671" "Mozilla/5.0 (Windows NT 5.1; rv:50.0) Gecko/20100101 Firefox/50.0"
188.20.203.254 - - [30/Nov/2016:11:54:34 +0100] "GET /framework/webfx/javascript/tinymce/skins/lightgray/content.min.css HTTP/1.1" 404 331 "http://easydrivers.activities.at/entry.php?id=11671" "Mozilla/5.0 (Windows NT 5.1; rv:50.0) Gecko/20100101 Firefox/50.0"
188.20.203.254 - - [30/Nov/2016:11:54:36 +0100] "POST /entry.php?id=11671 HTTP/1.1" 200 4792 "http://easydrivers.activities.at/entry.php?id=11671" "Mozilla/5.0 (Windows NT 5.1; rv:50.0) Gecko/20100101 Firefox/50.0"
188.20.203.254 - - [30/Nov/2016:11:54:37 +0100] "GET /gui/javascript/form_form.js?1480503276 HTTP/1.1" 200 16206 "http://easydrivers.activities.at/entry.php?id=11671" "Mozilla/5.0 (Windows NT 5.1; rv:50.0) Gecko/20100101 Firefox/50.0"
