83.64.76.58 - - [16/Jan/2017:17:07:46 +0100] "GET /gui/javascript/form_form.js?1484582866 HTTP/1.1" 200 16206 "http://ed.activities.at/entry.php?id=11671" "Mozilla/5.0 (Windows NT 10.0; WOW64; rv:50.0) Gecko/20100101 Firefox/50.0"
83.64.76.58 - - [16/Jan/2017:17:07:47 +0100] "GET /gui/images/icons/wizard.png HTTP/1.1" 200 724 "http://ed.activities.at/entry.php?id=11671" "Mozilla/5.0 (Windows NT 10.0; WOW64; rv:50.0) Gecko/20100101 Firefox/50.0"
83.64.76.58 - - [16/Jan/2017:17:07:47 +0100] "GET /entry.php?id=10776&form=11496&name=list& HTTP/1.1" 200 1519 "http://ed.activities.at/entry.php?id=11671" "Mozilla/5.0 (Windows NT 10.0; WOW64; rv:50.0) Gecko/20100101 Firefox/50.0"
83.64.76.58 - - [16/Jan/2017:17:07:47 +0100] "GET /entry.php?id=10778&form=11496&name=list& HTTP/1.1" 200 5748 "http://ed.activities.at/entry.php?id=11671" "Mozilla/5.0 (Windows NT 10.0; WOW64; rv:50.0) Gecko/20100101 Firefox/50.0"
83.64.76.58 - - [16/Jan/2017:17:07:55 +0100] "GET /framework/icons/note_msg_icon.gif HTTP/1.1" 200 1022 "http://ed.activities.at/gui/styles/tmplDefault.css" "Mozilla/5.0 (Windows NT 10.0; WOW64; rv:50.0) Gecko/20100101 Firefox/50.0"
83.64.76.58 - - [16/Jan/2017:17:07:55 +0100] "GET /gui/javascript/jquery/css/gui-themes/images/ui-bg_flat_90_eeeeee_40x100.png HTTP/1.1" 200 180 "http://ed.activities.at/gui/javascript/jquery/css/gui-themes/custom.min.css" "Mozilla/5.0 (Windows NT 10.0; WOW64; rv:50.0) Gecko/20100101 Firefox/50.0"
83.64.76.58 - - [16/Jan/2017:17:07:55 +0100] "GET /gui/javascript/jquery/css/gui-themes/images/ui-bg_flat_100_808080_40x100.png HTTP/1.1" 200 209 "http://ed.activities.at/gui/javascript/jquery/css/gui-themes/custom.min.css" "Mozilla/5.0 (Windows NT 10.0; WOW64; rv:50.0) Gecko/20100101 Firefox/50.0"
83.64.76.58 - - [16/Jan/2017:17:07:55 +0100] "GET /gui/javascript/jquery/css/gui-themes/images/ui-icons_ffffff_256x240_ev.png HTTP/1.1" 200 6912 "http://ed.activities.at/gui/javascript/jquery/css/gui-themes/custom.min.css" "Mozilla/5.0 (Windows NT 10.0; WOW64; rv:50.0) Gecko/20100101 Firefox/50.0"
83.64.76.58 - - [16/Jan/2017:17:07:55 +0100] "GET /gui/javascript/jquery/css/gui-themes/images/ui-bg_flat_80_ece9d8_40x100.png HTTP/1.1" 200 183 "http://ed.activities.at/gui/javascript/jquery/css/gui-themes/custom.min.css" "Mozilla/5.0 (Windows NT 10.0; WOW64; rv:50.0) Gecko/20100101 Firefox/50.0"
83.64.76.58 - - [16/Jan/2017:17:07:58 +0100] "GET /gui/javascript/jquery/css/gui-themes/images/ui-bg_flat_100_ffffff_40x100.png HTTP/1.1" 200 178 "http://ed.activities.at/gui/javascript/jquery/css/gui-themes/custom.min.css" "Mozilla/5.0 (Windows NT 10.0; WOW64; rv:50.0) Gecko/20100101 Firefox/50.0"
83.64.76.58 - - [16/Jan/2017:17:07:59 +0100] "POST /entry.php?id=11671 HTTP/1.1" 200 5188 "http://ed.activities.at/entry.php?id=11671" "Mozilla/5.0 (Windows NT 10.0; WOW64; rv:50.0) Gecko/20100101 Firefox/50.0"
83.64.76.58 - - [16/Jan/2017:17:07:59 +0100] "GET /gui/javascript/form_form.js?1484582879 HTTP/1.1" 200 16206 "http://ed.activities.at/entry.php?id=11671" "Mozilla/5.0 (Windows NT 10.0; WOW64; rv:50.0) Gecko/20100101 Firefox/50.0"
83.64.76.58 - - [16/Jan/2017:17:07:59 +0100] "GET /entry.php?id=10776&form=11496&name=list& HTTP/1.1" 200 1519 "http://ed.activities.at/entry.php?id=11671" "Mozilla/5.0 (Windows NT 10.0; WOW64; rv:50.0) Gecko/20100101 Firefox/50.0"
83.64.76.58 - - [16/Jan/2017:17:07:59 +0100] "GET /entry.php?id=10778&form=11496&name=list& HTTP/1.1" 200 5748 "http://ed.activities.at/entry.php?id=11671" "Mozilla/5.0 (Windows NT 10.0; WOW64; rv:50.0) Gecko/20100101 Firefox/50.0"
83.64.76.58 - - [16/Jan/2017:17:08:02 +0100] "POST /entry.php?id=11671 HTTP/1.1" 200 4953 "http://ed.activities.at/entry.php?id=11671" "Mozilla/5.0 (Windows NT 10.0; WOW64; rv:50.0) Gecko/20100101 Firefox/50.0"
83.64.76.58 - - [16/Jan/2017:17:08:02 +0100] "GET /gui/javascript/form_form.js?1484582882 HTTP/1.1" 200 16206 "http://ed.activities.at/entry.php?id=11671" "Mozilla/5.0 (Windows NT 10.0; WOW64; rv:50.0) Gecko/20100101 Firefox/50.0"
83.64.76.58 - - [16/Jan/2017:17:08:02 +0100] "GET /entry.php?id=10776&form=11496&name=list& HTTP/1.1" 200 1519 "http://ed.activities.at/entry.php?id=11671" "Mozilla/5.0 (Windows NT 10.0; WOW64; rv:50.0) Gecko/20100101 Firefox/50.0"
83.64.76.58 - - [16/Jan/2017:17:08:02 +0100] "GET /entry.php?id=10778&form=11496&name=list& HTTP/1.1" 200 5747 "http://ed.activities.at/entry.php?id=11671" "Mozilla/5.0 (Windows NT 10.0; WOW64; rv:50.0) Gecko/20100101 Firefox/50.0"
83.64.76.58 - - [16/Jan/2017:17:08:12 +0100] "POST /entry.php?id=11671 HTTP/1.1" 200 5171 "http://ed.activities.at/entry.php?id=11671" "Mozilla/5.0 (Windows NT 10.0; WOW64; rv:50.0) Gecko/20100101 Firefox/50.0"
83.64.76.58 - - [16/Jan/2017:17:08:12 +0100] "GET /gui/javascript/form_form.js?1484582892 HTTP/1.1" 200 16206 "http://ed.activities.at/entry.php?id=11671" "Mozilla/5.0 (Windows NT 10.0; WOW64; rv:50.0) Gecko/20100101 Firefox/50.0"
83.64.76.58 - - [16/Jan/2017:17:08:12 +0100] "GET /entry.php?id=10778&form=11496&name=list& HTTP/1.1" 200 5747 "http://ed.activities.at/entry.php?id=11671" "Mozilla/5.0 (Windows NT 10.0; WOW64; rv:50.0) Gecko/20100101 Firefox/50.0"
83.64.76.58 - - [16/Jan/2017:17:08:12 +0100] "GET /entry.php?id=10776&form=11496&name=list& HTTP/1.1" 200 1519 "http://ed.activities.at/entry.php?id=11671" "Mozilla/5.0 (Windows NT 10.0; WOW64; rv:50.0) Gecko/20100101 Firefox/50.0"
83.64.76.58 - - [16/Jan/2017:17:08:15 +0100] "POST /entry.php?id=11671 HTTP/1.1" 200 4788 "http://ed.activities.at/entry.php?id=11671" "Mozilla/5.0 (Windows NT 10.0; WOW64; rv:50.0) Gecko/20100101 Firefox/50.0"
83.64.76.58 - - [16/Jan/2017:17:08:16 +0100] "GET /gui/javascript/form_form.js?1484582896 HTTP/1.1" 200 16206 "http://ed.activities.at/entry.php?id=11671" "Mozilla/5.0 (Windows NT 10.0; WOW64; rv:50.0) Gecko/20100101 Firefox/50.0"
83.64.76.58 - - [16/Jan/2017:17:08:16 +0100] "GET /entry.php?id=10776&form=11496&name=list& HTTP/1.1" 200 1519 "http://ed.activities.at/entry.php?id=11671" "Mozilla/5.0 (Windows NT 10.0; WOW64; rv:50.0) Gecko/20100101 Firefox/50.0"
83.64.76.58 - - [16/Jan/2017:17:08:16 +0100] "GET /entry.php?id=10778&form=11496&name=list& HTTP/1.1" 200 5731 "http://ed.activities.at/entry.php?id=11671" "Mozilla/5.0 (Windows NT 10.0; WOW64; rv:50.0) Gecko/20100101 Firefox/50.0"
83.64.76.58 - - [16/Jan/2017:17:08:18 +0100] "GET /entry.php?id=10271&&ser=582838 HTTP/1.1" 200 986 "http://ed.activities.at/entry.php?id=10271&&ser=582777" "Mozilla/5.0 (Windows NT 10.0; WOW64; rv:50.0) Gecko/20100101 Firefox/50.0"
83.64.76.58 - - [16/Jan/2017:17:08:18 +0100] "GET /gui/javascript/form_form.js?1484582898 HTTP/1.1" 200 16206 "http://ed.activities.at/entry.php?id=10271&&ser=582838" "Mozilla/5.0 (Windows NT 10.0; WOW64; rv:50.0) Gecko/20100101 Firefox/50.0"
83.64.76.58 - - [16/Jan/2017:17:08:22 +0100] "POST /entry.php?id=11671 HTTP/1.1" 200 5002 "http://ed.activities.at/entry.php?id=11671" "Mozilla/5.0 (Windows NT 10.0; WOW64; rv:50.0) Gecko/20100101 Firefox/50.0"
83.64.76.58 - - [16/Jan/2017:17:08:23 +0100] "GET /gui/javascript/form_form.js?1484582903 HTTP/1.1" 200 16206 "http://ed.activities.at/entry.php?id=11671" "Mozilla/5.0 (Windows NT 10.0; WOW64; rv:50.0) Gecko/20100101 Firefox/50.0"
83.64.76.58 - - [16/Jan/2017:17:08:23 +0100] "GET /entry.php?id=10776&form=11496&name=list& HTTP/1.1" 200 1519 "http://ed.activities.at/entry.php?id=11671" "Mozilla/5.0 (Windows NT 10.0; WOW64; rv:50.0) Gecko/20100101 Firefox/50.0"
83.64.76.58 - - [16/Jan/2017:17:08:23 +0100] "GET /entry.php?id=10778&form=11496&name=list& HTTP/1.1" 200 5731 "http://ed.activities.at/entry.php?id=11671" "Mozilla/5.0 (Windows NT 10.0; WOW64; rv:50.0) Gecko/20100101 Firefox/50.0"
83.64.76.58 - - [16/Jan/2017:17:08:25 +0100] "POST /entry.php?id=11671 HTTP/1.1" 200 4787 "http://ed.activities.at/entry.php?id=11671" "Mozilla/5.0 (Windows NT 10.0; WOW64; rv:50.0) Gecko/20100101 Firefox/50.0"
83.64.76.58 - - [16/Jan/2017:17:08:26 +0100] "GET /gui/javascript/form_form.js?1484582906 HTTP/1.1" 200 16206 "http://ed.activities.at/entry.php?id=11671" "Mozilla/5.0 (Windows NT 10.0; WOW64; rv:50.0) Gecko/20100101 Firefox/50.0"
83.64.76.58 - - [16/Jan/2017:17:08:26 +0100] "GET /entry.php?id=10778&form=11496&name=list& HTTP/1.1" 200 5731 "http://ed.activities.at/entry.php?id=11671" "Mozilla/5.0 (Windows NT 10.0; WOW64; rv:50.0) Gecko/20100101 Firefox/50.0"
83.64.76.58 - - [16/Jan/2017:17:08:26 +0100] "GET /entry.php?id=10776&form=11496&name=list& HTTP/1.1" 200 1519 "http://ed.activities.at/entry.php?id=11671" "Mozilla/5.0 (Windows NT 10.0; WOW64; rv:50.0) Gecko/20100101 Firefox/50.0"
83.64.76.58 - - [16/Jan/2017:17:08:30 +0100] "POST /entry.php?id=11671 HTTP/1.1" 200 4999 "http://ed.activities.at/entry.php?id=11671" "Mozilla/5.0 (Windows NT 10.0; WOW64; rv:50.0) Gecko/20100101 Firefox/50.0"
83.64.76.58 - - [16/Jan/2017:17:08:31 +0100] "GET /gui/javascript/form_form.js?1484582911 HTTP/1.1" 200 16206 "http://ed.activities.at/entry.php?id=11671" "Mozilla/5.0 (Windows NT 10.0; WOW64; rv:50.0) Gecko/20100101 Firefox/50.0"
83.64.76.58 - - [16/Jan/2017:17:08:31 +0100] "GET /entry.php?id=10776&form=11496&name=list& HTTP/1.1" 200 1519 "http://ed.activities.at/entry.php?id=11671" "Mozilla/5.0 (Windows NT 10.0; WOW64; rv:50.0) Gecko/20100101 Firefox/50.0"
83.64.76.58 - - [16/Jan/2017:17:08:31 +0100] "GET /entry.php?id=10778&form=11496&name=list& HTTP/1.1" 200 5731 "http://ed.activities.at/entry.php?id=11671" "Mozilla/5.0 (Windows NT 10.0; WOW64; rv:50.0) Gecko/20100101 Firefox/50.0"
90.146.3.54 - - [16/Jan/2017:17:08:31 +0100] "GET /entry.php?id=10271&&ser=582849 HTTP/1.1" 200 986 "http://ed.activities.at/entry.php?id=10271&&ser=582787" "Mozilla/5.0 (Windows NT 10.0; WOW64) AppleWebKit/537.36 (KHTML, like Gecko) Chrome/55.0.2883.87 Safari/537.36"
90.146.3.54 - - [16/Jan/2017:17:08:32 +0100] "GET /gui/javascript/form_form.js?1484582911 HTTP/1.1" 200 16206 "http://ed.activities.at/entry.php?id=10271&&ser=582849" "Mozilla/5.0 (Windows NT 10.0; WOW64) AppleWebKit/537.36 (KHTML, like Gecko) Chrome/55.0.2883.87 Safari/537.36"
83.64.76.58 - - [16/Jan/2017:17:08:33 +0100] "POST /entry.php?id=11671 HTTP/1.1" 200 4767 "http://ed.activities.at/entry.php?id=11671" "Mozilla/5.0 (Windows NT 10.0; WOW64; rv:50.0) Gecko/20100101 Firefox/50.0"
83.64.76.58 - - [16/Jan/2017:17:08:34 +0100] "GET /gui/javascript/form_form.js?1484582914 HTTP/1.1" 200 16206 "http://ed.activities.at/entry.php?id=11671" "Mozilla/5.0 (Windows NT 10.0; WOW64; rv:50.0) Gecko/20100101 Firefox/50.0"
83.64.76.58 - - [16/Jan/2017:17:08:34 +0100] "GET /entry.php?id=10778&form=11496&name=list& HTTP/1.1" 200 5659 "http://ed.activities.at/entry.php?id=11671" "Mozilla/5.0 (Windows NT 10.0; WOW64; rv:50.0) Gecko/20100101 Firefox/50.0"
83.64.76.58 - - [16/Jan/2017:17:08:34 +0100] "GET /entry.php?id=10776&form=11496&name=list& HTTP/1.1" 200 1519 "http://ed.activities.at/entry.php?id=11671" "Mozilla/5.0 (Windows NT 10.0; WOW64; rv:50.0) Gecko/20100101 Firefox/50.0"
83.64.76.58 - - [16/Jan/2017:17:08:38 +0100] "POST /entry.php?id=11671 HTTP/1.1" 200 4947 "http://ed.activities.at/entry.php?id=11671" "Mozilla/5.0 (Windows NT 10.0; WOW64; rv:50.0) Gecko/20100101 Firefox/50.0"
83.64.76.58 - - [16/Jan/2017:17:08:39 +0100] "GET /gui/javascript/form_form.js?1484582919 HTTP/1.1" 200 16206 "http://ed.activities.at/entry.php?id=11671" "Mozilla/5.0 (Windows NT 10.0; WOW64; rv:50.0) Gecko/20100101 Firefox/50.0"
83.64.76.58 - - [16/Jan/2017:17:08:39 +0100] "GET /entry.php?id=10776&form=11496&name=list& HTTP/1.1" 200 1519 "http://ed.activities.at/entry.php?id=11671" "Mozilla/5.0 (Windows NT 10.0; WOW64; rv:50.0) Gecko/20100101 Firefox/50.0"
83.64.76.58 - - [16/Jan/2017:17:08:39 +0100] "GET /entry.php?id=10778&form=11496&name=list& HTTP/1.1" 200 5659 "http://ed.activities.at/entry.php?id=11671" "Mozilla/5.0 (Windows NT 10.0; WOW64; rv:50.0) Gecko/20100101 Firefox/50.0"
83.64.76.58 - - [16/Jan/2017:17:08:41 +0100] "POST /entry.php?id=11671 HTTP/1.1" 200 4767 "http://ed.activities.at/entry.php?id=11671" "Mozilla/5.0 (Windows NT 10.0; WOW64; rv:50.0) Gecko/20100101 Firefox/50.0"
83.64.76.58 - - [16/Jan/2017:17:08:42 +0100] "GET /gui/javascript/form_form.js?1484582922 HTTP/1.1" 200 16206 "http://ed.activities.at/entry.php?id=11671" "Mozilla/5.0 (Windows NT 10.0; WOW64; rv:50.0) Gecko/20100101 Firefox/50.0"
83.64.76.58 - - [16/Jan/2017:17:08:42 +0100] "GET /entry.php?id=10776&form=11496&name=list& HTTP/1.1" 200 1519 "http://ed.activities.at/entry.php?id=11671" "Mozilla/5.0 (Windows NT 10.0; WOW64; rv:50.0) Gecko/20100101 Firefox/50.0"
83.64.76.58 - - [16/Jan/2017:17:08:42 +0100] "GET /entry.php?id=10778&form=11496&name=list& HTTP/1.1" 200 5659 "http://ed.activities.at/entry.php?id=11671" "Mozilla/5.0 (Windows NT 10.0; WOW64; rv:50.0) Gecko/20100101 Firefox/50.0"
83.64.76.58 - - [16/Jan/2017:17:08:47 +0100] "POST /entry.php?id=11671 HTTP/1.1" 200 4947 "http://ed.activities.at/entry.php?id=11671" "Mozilla/5.0 (Windows NT 10.0; WOW64; rv:50.0) Gecko/20100101 Firefox/50.0"
83.64.76.58 - - [16/Jan/2017:17:08:48 +0100] "GET /gui/javascript/form_form.js?1484582927 HTTP/1.1" 200 16206 "http://ed.activities.at/entry.php?id=11671" "Mozilla/5.0 (Windows NT 10.0; WOW64; rv:50.0) Gecko/20100101 Firefox/50.0"
83.64.76.58 - - [16/Jan/2017:17:08:48 +0100] "GET /entry.php?id=10776&form=11496&name=list& HTTP/1.1" 200 1519 "http://ed.activities.at/entry.php?id=11671" "Mozilla/5.0 (Windows NT 10.0; WOW64; rv:50.0) Gecko/20100101 Firefox/50.0"
83.64.76.58 - - [16/Jan/2017:17:08:48 +0100] "GET /entry.php?id=10778&form=11496&name=list& HTTP/1.1" 200 5659 "http://ed.activities.at/entry.php?id=11671" "Mozilla/5.0 (Windows NT 10.0; WOW64; rv:50.0) Gecko/20100101 Firefox/50.0"
83.64.76.58 - - [16/Jan/2017:17:08:49 +0100] "POST /entry.php?id=11671 HTTP/1.1" 200 4768 "http://ed.activities.at/entry.php?id=11671" "Mozilla/5.0 (Windows NT 10.0; WOW64; rv:50.0) Gecko/20100101 Firefox/50.0"
83.64.76.58 - - [16/Jan/2017:17:08:50 +0100] "GET /gui/javascript/form_form.js?1484582930 HTTP/1.1" 200 16206 "http://ed.activities.at/entry.php?id=11671" "Mozilla/5.0 (Windows NT 10.0; WOW64; rv:50.0) Gecko/20100101 Firefox/50.0"
83.64.76.58 - - [16/Jan/2017:17:08:50 +0100] "GET /entry.php?id=10776&form=11496&name=list& HTTP/1.1" 200 1519 "http://ed.activities.at/entry.php?id=11671" "Mozilla/5.0 (Windows NT 10.0; WOW64; rv:50.0) Gecko/20100101 Firefox/50.0"
83.64.76.58 - - [16/Jan/2017:17:08:50 +0100] "GET /entry.php?id=10778&form=11496&name=list& HTTP/1.1" 200 5659 "http://ed.activities.at/entry.php?id=11671" "Mozilla/5.0 (Windows NT 10.0; WOW64; rv:50.0) Gecko/20100101 Firefox/50.0"
83.64.76.58 - - [16/Jan/2017:17:08:58 +0100] "POST /entry.php?id=11671 HTTP/1.1" 200 4949 "http://ed.activities.at/entry.php?id=11671" "Mozilla/5.0 (Windows NT 10.0; WOW64; rv:50.0) Gecko/20100101 Firefox/50.0"
83.64.76.58 - - [16/Jan/2017:17:08:59 +0100] "GET /gui/javascript/form_form.js?1484582939 HTTP/1.1" 200 16206 "http://ed.activities.at/entry.php?id=11671" "Mozilla/5.0 (Windows NT 10.0; WOW64; rv:50.0) Gecko/20100101 Firefox/50.0"
83.64.76.58 - - [16/Jan/2017:17:08:59 +0100] "GET /entry.php?id=10776&form=11496&name=list& HTTP/1.1" 200 1519 "http://ed.activities.at/entry.php?id=11671" "Mozilla/5.0 (Windows NT 10.0; WOW64; rv:50.0) Gecko/20100101 Firefox/50.0"
83.64.76.58 - - [16/Jan/2017:17:08:59 +0100] "GET /entry.php?id=10778&form=11496&name=list& HTTP/1.1" 200 5659 "http://ed.activities.at/entry.php?id=11671" "Mozilla/5.0 (Windows NT 10.0; WOW64; rv:50.0) Gecko/20100101 Firefox/50.0"
83.64.76.58 - - [16/Jan/2017:17:09:00 +0100] "POST /entry.php?id=11671 HTTP/1.1" 200 4769 "http://ed.activities.at/entry.php?id=11671" "Mozilla/5.0 (Windows NT 10.0; WOW64; rv:50.0) Gecko/20100101 Firefox/50.0"
83.64.76.58 - - [16/Jan/2017:17:09:01 +0100] "GET /gui/javascript/form_form.js?1484582941 HTTP/1.1" 200 16206 "http://ed.activities.at/entry.php?id=11671" "Mozilla/5.0 (Windows NT 10.0; WOW64; rv:50.0) Gecko/20100101 Firefox/50.0"
83.64.76.58 - - [16/Jan/2017:17:09:01 +0100] "GET /entry.php?id=10776&form=11496&name=list& HTTP/1.1" 200 1519 "http://ed.activities.at/entry.php?id=11671" "Mozilla/5.0 (Windows NT 10.0; WOW64; rv:50.0) Gecko/20100101 Firefox/50.0"
83.64.76.58 - - [16/Jan/2017:17:09:01 +0100] "GET /entry.php?id=10778&form=11496&name=list& HTTP/1.1" 200 5668 "http://ed.activities.at/entry.php?id=11671" "Mozilla/5.0 (Windows NT 10.0; WOW64; rv:50.0) Gecko/20100101 Firefox/50.0"
83.64.76.58 - - [16/Jan/2017:17:09:07 +0100] "POST /entry.php?id=11671 HTTP/1.1" 200 4958 "http://ed.activities.at/entry.php?id=11671" "Mozilla/5.0 (Windows NT 10.0; WOW64; rv:50.0) Gecko/20100101 Firefox/50.0"
83.64.76.58 - - [16/Jan/2017:17:09:08 +0100] "GET /gui/javascript/form_form.js?1484582948 HTTP/1.1" 200 16206 "http://ed.activities.at/entry.php?id=11671" "Mozilla/5.0 (Windows NT 10.0; WOW64; rv:50.0) Gecko/20100101 Firefox/50.0"
83.64.76.58 - - [16/Jan/2017:17:09:08 +0100] "GET /entry.php?id=10776&form=11496&name=list& HTTP/1.1" 200 1519 "http://ed.activities.at/entry.php?id=11671" "Mozilla/5.0 (Windows NT 10.0; WOW64; rv:50.0) Gecko/20100101 Firefox/50.0"
83.64.76.58 - - [16/Jan/2017:17:09:08 +0100] "GET /entry.php?id=10778&form=11496&name=list& HTTP/1.1" 200 5668 "http://ed.activities.at/entry.php?id=11671" "Mozilla/5.0 (Windows NT 10.0; WOW64; rv:50.0) Gecko/20100101 Firefox/50.0"
83.64.76.58 - - [16/Jan/2017:17:09:13 +0100] "POST /entry.php?id=11671 HTTP/1.1" 200 4771 "http://ed.activities.at/entry.php?id=11671" "Mozilla/5.0 (Windows NT 10.0; WOW64; rv:50.0) Gecko/20100101 Firefox/50.0"
83.64.76.58 - - [16/Jan/2017:17:09:14 +0100] "GET /gui/javascript/form_form.js?1484582954 HTTP/1.1" 200 16206 "http://ed.activities.at/entry.php?id=11671" "Mozilla/5.0 (Windows NT 10.0; WOW64; rv:50.0) Gecko/20100101 Firefox/50.0"
83.64.76.58 - - [16/Jan/2017:17:09:14 +0100] "GET /entry.php?id=10776&form=11496&name=list& HTTP/1.1" 200 1519 "http://ed.activities.at/entry.php?id=11671" "Mozilla/5.0 (Windows NT 10.0; WOW64; rv:50.0) Gecko/20100101 Firefox/50.0"
83.64.76.58 - - [16/Jan/2017:17:09:14 +0100] "GET /entry.php?id=10778&form=11496&name=list& HTTP/1.1" 200 5650 "http://ed.activities.at/entry.php?id=11671" "Mozilla/5.0 (Windows NT 10.0; WOW64; rv:50.0) Gecko/20100101 Firefox/50.0"
83.64.76.58 - - [16/Jan/2017:17:09:17 +0100] "POST /entry.php?id=11671 HTTP/1.1" 200 4949 "http://ed.activities.at/entry.php?id=11671" "Mozilla/5.0 (Windows NT 10.0; WOW64; rv:50.0) Gecko/20100101 Firefox/50.0"
83.64.76.58 - - [16/Jan/2017:17:09:17 +0100] "GET /gui/javascript/form_form.js?1484582957 HTTP/1.1" 200 16206 "http://ed.activities.at/entry.php?id=11671" "Mozilla/5.0 (Windows NT 10.0; WOW64; rv:50.0) Gecko/20100101 Firefox/50.0"
83.64.76.58 - - [16/Jan/2017:17:09:18 +0100] "GET /entry.php?id=10776&form=11496&name=list& HTTP/1.1" 200 1519 "http://ed.activities.at/entry.php?id=11671" "Mozilla/5.0 (Windows NT 10.0; WOW64; rv:50.0) Gecko/20100101 Firefox/50.0"
83.64.76.58 - - [16/Jan/2017:17:09:18 +0100] "GET /entry.php?id=10778&form=11496&name=list& HTTP/1.1" 200 5650 "http://ed.activities.at/entry.php?id=11671" "Mozilla/5.0 (Windows NT 10.0; WOW64; rv:50.0) Gecko/20100101 Firefox/50.0"
83.64.76.58 - - [16/Jan/2017:17:09:18 +0100] "GET /entry.php?id=10271&&ser=582898 HTTP/1.1" 200 987 "http://ed.activities.at/entry.php?id=10271&&ser=582838" "Mozilla/5.0 (Windows NT 10.0; WOW64; rv:50.0) Gecko/20100101 Firefox/50.0"
83.64.76.58 - - [16/Jan/2017:17:09:19 +0100] "GET /gui/javascript/form_form.js?1484582958 HTTP/1.1" 200 16206 "http://ed.activities.at/entry.php?id=10271&&ser=582898" "Mozilla/5.0 (Windows NT 10.0; WOW64; rv:50.0) Gecko/20100101 Firefox/50.0"
83.64.76.58 - - [16/Jan/2017:17:09:19 +0100] "POST /entry.php?id=11671 HTTP/1.1" 200 4773 "http://ed.activities.at/entry.php?id=11671" "Mozilla/5.0 (Windows NT 10.0; WOW64; rv:50.0) Gecko/20100101 Firefox/50.0"
83.64.76.58 - - [16/Jan/2017:17:09:20 +0100] "GET /gui/javascript/form_form.js?1484582960 HTTP/1.1" 200 16206 "http://ed.activities.at/entry.php?id=11671" "Mozilla/5.0 (Windows NT 10.0; WOW64; rv:50.0) Gecko/20100101 Firefox/50.0"
83.64.76.58 - - [16/Jan/2017:17:09:20 +0100] "GET /entry.php?id=10776&form=11496&name=list& HTTP/1.1" 200 1519 "http://ed.activities.at/entry.php?id=11671" "Mozilla/5.0 (Windows NT 10.0; WOW64; rv:50.0) Gecko/20100101 Firefox/50.0"
83.64.76.58 - - [16/Jan/2017:17:09:20 +0100] "GET /entry.php?id=10778&form=11496&name=list& HTTP/1.1" 200 5650 "http://ed.activities.at/entry.php?id=11671" "Mozilla/5.0 (Windows NT 10.0; WOW64; rv:50.0) Gecko/20100101 Firefox/50.0"
83.64.76.58 - - [16/Jan/2017:17:09:24 +0100] "POST /entry.php?id=11671 HTTP/1.1" 200 4952 "http://ed.activities.at/entry.php?id=11671" "Mozilla/5.0 (Windows NT 10.0; WOW64; rv:50.0) Gecko/20100101 Firefox/50.0"
83.64.76.58 - - [16/Jan/2017:17:09:24 +0100] "GET /gui/javascript/form_form.js?1484582964 HTTP/1.1" 200 16206 "http://ed.activities.at/entry.php?id=11671" "Mozilla/5.0 (Windows NT 10.0; WOW64; rv:50.0) Gecko/20100101 Firefox/50.0"
83.64.76.58 - - [16/Jan/2017:17:09:25 +0100] "GET /entry.php?id=10776&form=11496&name=list& HTTP/1.1" 200 1519 "http://ed.activities.at/entry.php?id=11671" "Mozilla/5.0 (Windows NT 10.0; WOW64; rv:50.0) Gecko/20100101 Firefox/50.0"
83.64.76.58 - - [16/Jan/2017:17:09:25 +0100] "GET /entry.php?id=10778&form=11496&name=list& HTTP/1.1" 200 5650 "http://ed.activities.at/entry.php?id=11671" "Mozilla/5.0 (Windows NT 10.0; WOW64; rv:50.0) Gecko/20100101 Firefox/50.0"
83.64.76.58 - - [16/Jan/2017:17:09:28 +0100] "POST /entry.php?id=11671 HTTP/1.1" 200 4770 "http://ed.activities.at/entry.php?id=11671" "Mozilla/5.0 (Windows NT 10.0; WOW64; rv:50.0) Gecko/20100101 Firefox/50.0"
83.64.76.58 - - [16/Jan/2017:17:09:29 +0100] "GET /gui/javascript/form_form.js?1484582969 HTTP/1.1" 200 16206 "http://ed.activities.at/entry.php?id=11671" "Mozilla/5.0 (Windows NT 10.0; WOW64; rv:50.0) Gecko/20100101 Firefox/50.0"
83.64.76.58 - - [16/Jan/2017:17:09:29 +0100] "GET /entry.php?id=10776&form=11496&name=list& HTTP/1.1" 200 1519 "http://ed.activities.at/entry.php?id=11671" "Mozilla/5.0 (Windows NT 10.0; WOW64; rv:50.0) Gecko/20100101 Firefox/50.0"
83.64.76.58 - - [16/Jan/2017:17:09:29 +0100] "GET /entry.php?id=10778&form=11496&name=list& HTTP/1.1" 200 5650 "http://ed.activities.at/entry.php?id=11671" "Mozilla/5.0 (Windows NT 10.0; WOW64; rv:50.0) Gecko/20100101 Firefox/50.0"
83.64.76.58 - - [16/Jan/2017:17:09:33 +0100] "POST /entry.php?id=11671 HTTP/1.1" 200 4951 "http://ed.activities.at/entry.php?id=11671" "Mozilla/5.0 (Windows NT 10.0; WOW64; rv:50.0) Gecko/20100101 Firefox/50.0"
83.64.76.58 - - [16/Jan/2017:17:09:33 +0100] "GET /gui/javascript/form_form.js?1484582973 HTTP/1.1" 200 16206 "http://ed.activities.at/entry.php?id=11671" "Mozilla/5.0 (Windows NT 10.0; WOW64; rv:50.0) Gecko/20100101 Firefox/50.0"
90.146.3.54 - - [16/Jan/2017:17:09:33 +0100] "GET /entry.php?id=10271&&ser=582911 HTTP/1.1" 200 987 "http://ed.activities.at/entry.php?id=10271&&ser=582849" "Mozilla/5.0 (Windows NT 10.0; WOW64) AppleWebKit/537.36 (KHTML, like Gecko) Chrome/55.0.2883.87 Safari/537.36"
90.146.3.54 - - [16/Jan/2017:17:09:34 +0100] "GET /gui/javascript/form_form.js?1484582973 HTTP/1.1" 200 16206 "http://ed.activities.at/entry.php?id=10271&&ser=582911" "Mozilla/5.0 (Windows NT 10.0; WOW64) AppleWebKit/537.36 (KHTML, like Gecko) Chrome/55.0.2883.87 Safari/537.36"
83.64.76.58 - - [16/Jan/2017:17:09:34 +0100] "GET /entry.php?id=10778&form=11496&name=list& HTTP/1.1" 200 5650 "http://ed.activities.at/entry.php?id=11671" "Mozilla/5.0 (Windows NT 10.0; WOW64; rv:50.0) Gecko/20100101 Firefox/50.0"
83.64.76.58 - - [16/Jan/2017:17:09:34 +0100] "GET /entry.php?id=10776&form=11496&name=list& HTTP/1.1" 200 1519 "http://ed.activities.at/entry.php?id=11671" "Mozilla/5.0 (Windows NT 10.0; WOW64; rv:50.0) Gecko/20100101 Firefox/50.0"
83.64.76.58 - - [16/Jan/2017:17:09:35 +0100] "POST /entry.php?id=11671 HTTP/1.1" 200 4758 "http://ed.activities.at/entry.php?id=11671" "Mozilla/5.0 (Windows NT 10.0; WOW64; rv:50.0) Gecko/20100101 Firefox/50.0"
83.64.76.58 - - [16/Jan/2017:17:09:36 +0100] "GET /gui/javascript/form_form.js?1484582976 HTTP/1.1" 200 16206 "http://ed.activities.at/entry.php?id=11671" "Mozilla/5.0 (Windows NT 10.0; WOW64; rv:50.0) Gecko/20100101 Firefox/50.0"
83.64.76.58 - - [16/Jan/2017:17:09:36 +0100] "GET /entry.php?id=10778&form=11496&name=list& HTTP/1.1" 200 5633 "http://ed.activities.at/entry.php?id=11671" "Mozilla/5.0 (Windows NT 10.0; WOW64; rv:50.0) Gecko/20100101 Firefox/50.0"
83.64.76.58 - - [16/Jan/2017:17:09:36 +0100] "GET /entry.php?id=10776&form=11496&name=list& HTTP/1.1" 200 1519 "http://ed.activities.at/entry.php?id=11671" "Mozilla/5.0 (Windows NT 10.0; WOW64; rv:50.0) Gecko/20100101 Firefox/50.0"
83.64.76.58 - - [16/Jan/2017:17:09:40 +0100] "POST /entry.php?id=11671 HTTP/1.1" 200 4939 "http://ed.activities.at/entry.php?id=11671" "Mozilla/5.0 (Windows NT 10.0; WOW64; rv:50.0) Gecko/20100101 Firefox/50.0"
83.64.76.58 - - [16/Jan/2017:17:09:41 +0100] "GET /gui/javascript/form_form.js?1484582981 HTTP/1.1" 200 16206 "http://ed.activities.at/entry.php?id=11671" "Mozilla/5.0 (Windows NT 10.0; WOW64; rv:50.0) Gecko/20100101 Firefox/50.0"
83.64.76.58 - - [16/Jan/2017:17:09:41 +0100] "GET /entry.php?id=10776&form=11496&name=list& HTTP/1.1" 200 1519 "http://ed.activities.at/entry.php?id=11671" "Mozilla/5.0 (Windows NT 10.0; WOW64; rv:50.0) Gecko/20100101 Firefox/50.0"
83.64.76.58 - - [16/Jan/2017:17:09:41 +0100] "GET /entry.php?id=10778&form=11496&name=list& HTTP/1.1" 200 5633 "http://ed.activities.at/entry.php?id=11671" "Mozilla/5.0 (Windows NT 10.0; WOW64; rv:50.0) Gecko/20100101 Firefox/50.0"
83.64.76.58 - - [16/Jan/2017:17:09:44 +0100] "POST /entry.php?id=11671 HTTP/1.1" 200 4769 "http://ed.activities.at/entry.php?id=11671" "Mozilla/5.0 (Windows NT 10.0; WOW64; rv:50.0) Gecko/20100101 Firefox/50.0"
83.64.76.58 - - [16/Jan/2017:17:09:45 +0100] "GET /gui/javascript/form_form.js?1484582985 HTTP/1.1" 200 16206 "http://ed.activities.at/entry.php?id=11671" "Mozilla/5.0 (Windows NT 10.0; WOW64; rv:50.0) Gecko/20100101 Firefox/50.0"
83.64.76.58 - - [16/Jan/2017:17:09:45 +0100] "GET /entry.php?id=10776&form=11496&name=list& HTTP/1.1" 200 1519 "http://ed.activities.at/entry.php?id=11671" "Mozilla/5.0 (Windows NT 10.0; WOW64; rv:50.0) Gecko/20100101 Firefox/50.0"
83.64.76.58 - - [16/Jan/2017:17:09:45 +0100] "GET /entry.php?id=10778&form=11496&name=list& HTTP/1.1" 200 5633 "http://ed.activities.at/entry.php?id=11671" "Mozilla/5.0 (Windows NT 10.0; WOW64; rv:50.0) Gecko/20100101 Firefox/50.0"
83.64.76.58 - - [16/Jan/2017:17:09:48 +0100] "POST /entry.php?id=11671 HTTP/1.1" 200 4949 "http://ed.activities.at/entry.php?id=11671" "Mozilla/5.0 (Windows NT 10.0; WOW64; rv:50.0) Gecko/20100101 Firefox/50.0"
83.64.76.58 - - [16/Jan/2017:17:09:48 +0100] "GET /gui/javascript/form_form.js?1484582988 HTTP/1.1" 200 16206 "http://ed.activities.at/entry.php?id=11671" "Mozilla/5.0 (Windows NT 10.0; WOW64; rv:50.0) Gecko/20100101 Firefox/50.0"
83.64.76.58 - - [16/Jan/2017:17:09:49 +0100] "GET /entry.php?id=10776&form=11496&name=list& HTTP/1.1" 200 1519 "http://ed.activities.at/entry.php?id=11671" "Mozilla/5.0 (Windows NT 10.0; WOW64; rv:50.0) Gecko/20100101 Firefox/50.0"
83.64.76.58 - - [16/Jan/2017:17:09:49 +0100] "GET /entry.php?id=10778&form=11496&name=list& HTTP/1.1" 200 5633 "http://ed.activities.at/entry.php?id=11671" "Mozilla/5.0 (Windows NT 10.0; WOW64; rv:50.0) Gecko/20100101 Firefox/50.0"
83.64.76.58 - - [16/Jan/2017:17:09:59 +0100] "POST /entry.php?id=11672 HTTP/1.1" 200 2710 "http://ed.activities.at/entry.php?id=11672" "Mozilla/5.0 (Windows NT 10.0; WOW64; rv:50.0) Gecko/20100101 Firefox/50.0"
83.64.76.58 - - [16/Jan/2017:17:10:00 +0100] "GET /gui/javascript/form_form.js?1484583000 HTTP/1.1" 200 16206 "http://ed.activities.at/entry.php?id=11672" "Mozilla/5.0 (Windows NT 10.0; WOW64; rv:50.0) Gecko/20100101 Firefox/50.0"
83.64.76.58 - - [16/Jan/2017:17:10:00 +0100] "GET /entry.php?id=10776&form=11497&name=list& HTTP/1.1" 200 1941 "http://ed.activities.at/entry.php?id=11672" "Mozilla/5.0 (Windows NT 10.0; WOW64; rv:50.0) Gecko/20100101 Firefox/50.0"
83.64.76.58 - - [16/Jan/2017:17:10:00 +0100] "GET /entry.php?id=10778&form=11497&name=list& HTTP/1.1" 200 9438 "http://ed.activities.at/entry.php?id=11672" "Mozilla/5.0 (Windows NT 10.0; WOW64; rv:50.0) Gecko/20100101 Firefox/50.0"
83.64.76.58 - - [16/Jan/2017:17:10:12 +0100] "POST /entry.php?id=11672 HTTP/1.1" 200 2710 "http://ed.activities.at/entry.php?id=11672" "Mozilla/5.0 (Windows NT 10.0; WOW64; rv:50.0) Gecko/20100101 Firefox/50.0"
83.64.76.58 - - [16/Jan/2017:17:10:13 +0100] "GET /gui/javascript/form_form.js?1484583012 HTTP/1.1" 200 16206 "http://ed.activities.at/entry.php?id=11672" "Mozilla/5.0 (Windows NT 10.0; WOW64; rv:50.0) Gecko/20100101 Firefox/50.0"
83.64.76.58 - - [16/Jan/2017:17:10:13 +0100] "GET /entry.php?id=10776&form=11497&name=list& HTTP/1.1" 200 1943 "http://ed.activities.at/entry.php?id=11672" "Mozilla/5.0 (Windows NT 10.0; WOW64; rv:50.0) Gecko/20100101 Firefox/50.0"
83.64.76.58 - - [16/Jan/2017:17:10:13 +0100] "GET /entry.php?id=10778&form=11497&name=list& HTTP/1.1" 200 9348 "http://ed.activities.at/entry.php?id=11672" "Mozilla/5.0 (Windows NT 10.0; WOW64; rv:50.0) Gecko/20100101 Firefox/50.0"
83.64.76.58 - - [16/Jan/2017:17:10:19 +0100] "GET /entry.php?id=10271&&ser=582958 HTTP/1.1" 200 986 "http://ed.activities.at/entry.php?id=10271&&ser=582898" "Mozilla/5.0 (Windows NT 10.0; WOW64; rv:50.0) Gecko/20100101 Firefox/50.0"
83.64.76.58 - - [16/Jan/2017:17:10:19 +0100] "GET /gui/javascript/form_form.js?1484583019 HTTP/1.1" 200 16206 "http://ed.activities.at/entry.php?id=10271&&ser=582958" "Mozilla/5.0 (Windows NT 10.0; WOW64; rv:50.0) Gecko/20100101 Firefox/50.0"
83.64.76.58 - - [16/Jan/2017:17:10:28 +0100] "POST /entry.php?id=11672 HTTP/1.1" 200 2711 "http://ed.activities.at/entry.php?id=11672" "Mozilla/5.0 (Windows NT 10.0; WOW64; rv:50.0) Gecko/20100101 Firefox/50.0"
83.64.76.58 - - [16/Jan/2017:17:10:29 +0100] "GET /gui/javascript/form_form.js?1484583029 HTTP/1.1" 200 16206 "http://ed.activities.at/entry.php?id=11672" "Mozilla/5.0 (Windows NT 10.0; WOW64; rv:50.0) Gecko/20100101 Firefox/50.0"
83.64.76.58 - - [16/Jan/2017:17:10:29 +0100] "GET /entry.php?id=10776&form=11497&name=list& HTTP/1.1" 200 1941 "http://ed.activities.at/entry.php?id=11672" "Mozilla/5.0 (Windows NT 10.0; WOW64; rv:50.0) Gecko/20100101 Firefox/50.0"
83.64.76.58 - - [16/Jan/2017:17:10:29 +0100] "GET /entry.php?id=10778&form=11497&name=list& HTTP/1.1" 200 9438 "http://ed.activities.at/entry.php?id=11672" "Mozilla/5.0 (Windows NT 10.0; WOW64; rv:50.0) Gecko/20100101 Firefox/50.0"
90.146.3.54 - - [16/Jan/2017:17:10:35 +0100] "GET /entry.php?id=10271&&ser=582973 HTTP/1.1" 200 987 "http://ed.activities.at/entry.php?id=10271&&ser=582911" "Mozilla/5.0 (Windows NT 10.0; WOW64) AppleWebKit/537.36 (KHTML, like Gecko) Chrome/55.0.2883.87 Safari/537.36"
90.146.3.54 - - [16/Jan/2017:17:10:36 +0100] "GET /gui/javascript/form_form.js?1484583035 HTTP/1.1" 200 16206 "http://ed.activities.at/entry.php?id=10271&&ser=582973" "Mozilla/5.0 (Windows NT 10.0; WOW64) AppleWebKit/537.36 (KHTML, like Gecko) Chrome/55.0.2883.87 Safari/537.36"
83.64.76.58 - - [16/Jan/2017:17:11:19 +0100] "GET /entry.php?id=10271&&ser=583019 HTTP/1.1" 200 987 "http://ed.activities.at/entry.php?id=10271&&ser=582958" "Mozilla/5.0 (Windows NT 10.0; WOW64; rv:50.0) Gecko/20100101 Firefox/50.0"
83.64.76.58 - - [16/Jan/2017:17:11:19 +0100] "GET /gui/javascript/form_form.js?1484583079 HTTP/1.1" 200 16206 "http://ed.activities.at/entry.php?id=10271&&ser=583019" "Mozilla/5.0 (Windows NT 10.0; WOW64; rv:50.0) Gecko/20100101 Firefox/50.0"
90.146.3.54 - - [16/Jan/2017:17:11:37 +0100] "GET /entry.php?id=10271&&ser=583035 HTTP/1.1" 200 987 "http://ed.activities.at/entry.php?id=10271&&ser=582973" "Mozilla/5.0 (Windows NT 10.0; WOW64) AppleWebKit/537.36 (KHTML, like Gecko) Chrome/55.0.2883.87 Safari/537.36"
90.146.3.54 - - [16/Jan/2017:17:11:38 +0100] "GET /gui/javascript/form_form.js?1484583097 HTTP/1.1" 200 16206 "http://ed.activities.at/entry.php?id=10271&&ser=583035" "Mozilla/5.0 (Windows NT 10.0; WOW64) AppleWebKit/537.36 (KHTML, like Gecko) Chrome/55.0.2883.87 Safari/537.36"
83.64.76.58 - - [16/Jan/2017:17:11:50 +0100] "POST /entry.php?id=11672 HTTP/1.1" 200 2709 "http://ed.activities.at/entry.php?id=11672" "Mozilla/5.0 (Windows NT 10.0; WOW64; rv:50.0) Gecko/20100101 Firefox/50.0"
83.64.76.58 - - [16/Jan/2017:17:11:50 +0100] "GET /gui/javascript/form_form.js?1484583110 HTTP/1.1" 200 16206 "http://ed.activities.at/entry.php?id=11672" "Mozilla/5.0 (Windows NT 10.0; WOW64; rv:50.0) Gecko/20100101 Firefox/50.0"
83.64.76.58 - - [16/Jan/2017:17:11:50 +0100] "GET /entry.php?id=10776&form=11497&name=list& HTTP/1.1" 200 1942 "http://ed.activities.at/entry.php?id=11672" "Mozilla/5.0 (Windows NT 10.0; WOW64; rv:50.0) Gecko/20100101 Firefox/50.0"
83.64.76.58 - - [16/Jan/2017:17:11:50 +0100] "GET /entry.php?id=10778&form=11497&name=list& HTTP/1.1" 200 5980 "http://ed.activities.at/entry.php?id=11672" "Mozilla/5.0 (Windows NT 10.0; WOW64; rv:50.0) Gecko/20100101 Firefox/50.0"
83.64.76.58 - - [16/Jan/2017:17:12:20 +0100] "GET /entry.php?id=10271&&ser=583079 HTTP/1.1" 200 986 "http://ed.activities.at/entry.php?id=10271&&ser=583019" "Mozilla/5.0 (Windows NT 10.0; WOW64; rv:50.0) Gecko/20100101 Firefox/50.0"
83.64.76.58 - - [16/Jan/2017:17:12:20 +0100] "GET /gui/javascript/form_form.js?1484583140 HTTP/1.1" 200 16206 "http://ed.activities.at/entry.php?id=10271&&ser=583079" "Mozilla/5.0 (Windows NT 10.0; WOW64; rv:50.0) Gecko/20100101 Firefox/50.0"
90.146.3.54 - - [16/Jan/2017:17:12:39 +0100] "GET /entry.php?id=10271&&ser=583097 HTTP/1.1" 200 987 "http://ed.activities.at/entry.php?id=10271&&ser=583035" "Mozilla/5.0 (Windows NT 10.0; WOW64) AppleWebKit/537.36 (KHTML, like Gecko) Chrome/55.0.2883.87 Safari/537.36"
90.146.3.54 - - [16/Jan/2017:17:12:40 +0100] "GET /gui/javascript/form_form.js?1484583159 HTTP/1.1" 200 16206 "http://ed.activities.at/entry.php?id=10271&&ser=583097" "Mozilla/5.0 (Windows NT 10.0; WOW64) AppleWebKit/537.36 (KHTML, like Gecko) Chrome/55.0.2883.87 Safari/537.36"
83.64.76.58 - - [16/Jan/2017:17:12:59 +0100] "POST /entry.php?id=11671 HTTP/1.1" 200 4808 "http://ed.activities.at/entry.php?id=11671" "Mozilla/5.0 (Windows NT 10.0; WOW64; rv:50.0) Gecko/20100101 Firefox/50.0"
83.64.76.58 - - [16/Jan/2017:17:13:00 +0100] "GET /gui/javascript/form_form.js?1484583180 HTTP/1.1" 200 16206 "http://ed.activities.at/entry.php?id=11671" "Mozilla/5.0 (Windows NT 10.0; WOW64; rv:50.0) Gecko/20100101 Firefox/50.0"
83.64.76.58 - - [16/Jan/2017:17:13:00 +0100] "GET /entry.php?id=10776&form=11496&name=list& HTTP/1.1" 200 1519 "http://ed.activities.at/entry.php?id=11671" "Mozilla/5.0 (Windows NT 10.0; WOW64; rv:50.0) Gecko/20100101 Firefox/50.0"
83.64.76.58 - - [16/Jan/2017:17:13:00 +0100] "GET /entry.php?id=10778&form=11496&name=list& HTTP/1.1" 200 5731 "http://ed.activities.at/entry.php?id=11671" "Mozilla/5.0 (Windows NT 10.0; WOW64; rv:50.0) Gecko/20100101 Firefox/50.0"
83.64.76.58 - - [16/Jan/2017:17:13:20 +0100] "GET /entry.php?id=10271&&ser=583140 HTTP/1.1" 200 986 "http://ed.activities.at/entry.php?id=10271&&ser=583079" "Mozilla/5.0 (Windows NT 10.0; WOW64; rv:50.0) Gecko/20100101 Firefox/50.0"
83.64.76.58 - - [16/Jan/2017:17:13:20 +0100] "GET /gui/javascript/form_form.js?1484583200 HTTP/1.1" 200 16206 "http://ed.activities.at/entry.php?id=10271&&ser=583140" "Mozilla/5.0 (Windows NT 10.0; WOW64; rv:50.0) Gecko/20100101 Firefox/50.0"
83.64.76.58 - - [16/Jan/2017:17:13:28 +0100] "POST /entry.php?id=11671 HTTP/1.1" 200 4841 "http://ed.activities.at/entry.php?id=11671" "Mozilla/5.0 (Windows NT 10.0; WOW64; rv:50.0) Gecko/20100101 Firefox/50.0"
83.64.76.58 - - [16/Jan/2017:17:13:29 +0100] "GET /gui/javascript/form_form.js?1484583209 HTTP/1.1" 200 16206 "http://ed.activities.at/entry.php?id=11671" "Mozilla/5.0 (Windows NT 10.0; WOW64; rv:50.0) Gecko/20100101 Firefox/50.0"
83.64.76.58 - - [16/Jan/2017:17:13:29 +0100] "GET /entry.php?id=10776&form=11496&name=list& HTTP/1.1" 200 1519 "http://ed.activities.at/entry.php?id=11671" "Mozilla/5.0 (Windows NT 10.0; WOW64; rv:50.0) Gecko/20100101 Firefox/50.0"
83.64.76.58 - - [16/Jan/2017:17:13:29 +0100] "GET /entry.php?id=10778&form=11496&name=list& HTTP/1.1" 200 5731 "http://ed.activities.at/entry.php?id=11671" "Mozilla/5.0 (Windows NT 10.0; WOW64; rv:50.0) Gecko/20100101 Firefox/50.0"
90.146.3.54 - - [16/Jan/2017:17:13:41 +0100] "GET /entry.php?id=10271&&ser=583159 HTTP/1.1" 200 986 "http://ed.activities.at/entry.php?id=10271&&ser=583097" "Mozilla/5.0 (Windows NT 10.0; WOW64) AppleWebKit/537.36 (KHTML, like Gecko) Chrome/55.0.2883.87 Safari/537.36"
90.146.3.54 - - [16/Jan/2017:17:13:42 +0100] "GET /gui/javascript/form_form.js?1484583221 HTTP/1.1" 200 16206 "http://ed.activities.at/entry.php?id=10271&&ser=583159" "Mozilla/5.0 (Windows NT 10.0; WOW64) AppleWebKit/537.36 (KHTML, like Gecko) Chrome/55.0.2883.87 Safari/537.36"
83.64.76.58 - - [16/Jan/2017:17:14:20 +0100] "GET /entry.php?id=10271&&ser=583200 HTTP/1.1" 200 986 "http://ed.activities.at/entry.php?id=10271&&ser=583140" "Mozilla/5.0 (Windows NT 10.0; WOW64; rv:50.0) Gecko/20100101 Firefox/50.0"
83.64.76.58 - - [16/Jan/2017:17:14:21 +0100] "GET /gui/javascript/form_form.js?1484583261 HTTP/1.1" 200 16206 "http://ed.activities.at/entry.php?id=10271&&ser=583200" "Mozilla/5.0 (Windows NT 10.0; WOW64; rv:50.0) Gecko/20100101 Firefox/50.0"
83.64.76.58 - - [16/Jan/2017:17:14:28 +0100] "GET /gui/javascript/jquery/css/gui-themes/images/ui-icons_000000_256x240_ev.png HTTP/1.1" 200 11218 "http://ed.activities.at/gui/javascript/jquery/css/gui-themes/custom.min.css" "Mozilla/5.0 (Windows NT 10.0; WOW64; rv:50.0) Gecko/20100101 Firefox/50.0"
90.146.3.54 - - [16/Jan/2017:17:14:43 +0100] "GET /entry.php?id=10271&&ser=583221 HTTP/1.1" 200 987 "http://ed.activities.at/entry.php?id=10271&&ser=583159" "Mozilla/5.0 (Windows NT 10.0; WOW64) AppleWebKit/537.36 (KHTML, like Gecko) Chrome/55.0.2883.87 Safari/537.36"
90.146.3.54 - - [16/Jan/2017:17:14:44 +0100] "GET /gui/javascript/form_form.js?1484583283 HTTP/1.1" 200 16206 "http://ed.activities.at/entry.php?id=10271&&ser=583221" "Mozilla/5.0 (Windows NT 10.0; WOW64) AppleWebKit/537.36 (KHTML, like Gecko) Chrome/55.0.2883.87 Safari/537.36"
83.64.76.58 - - [16/Jan/2017:17:15:06 +0100] "POST /entry.php?id=11671 HTTP/1.1" 200 3264 "http://ed.activities.at/entry.php?id=11671" "Mozilla/5.0 (Windows NT 10.0; WOW64; rv:50.0) Gecko/20100101 Firefox/50.0"
83.64.76.58 - - [16/Jan/2017:17:15:07 +0100] "GET /gui/javascript/form_form.js?1484583306 HTTP/1.1" 200 16206 "http://ed.activities.at/entry.php?id=11671" "Mozilla/5.0 (Windows NT 10.0; WOW64; rv:50.0) Gecko/20100101 Firefox/50.0"
83.64.76.58 - - [16/Jan/2017:17:15:07 +0100] "GET /framework/webfx/javascript/tinymce/tinyEdit.js HTTP/1.1" 200 1251 "http://ed.activities.at/entry.php?id=11671" "Mozilla/5.0 (Windows NT 10.0; WOW64; rv:50.0) Gecko/20100101 Firefox/50.0"
83.64.76.58 - - [16/Jan/2017:17:15:07 +0100] "GET /framework/webfx/javascript/tinymce/tinymce.min.js HTTP/1.1" 200 101898 "http://ed.activities.at/entry.php?id=11671" "Mozilla/5.0 (Windows NT 10.0; WOW64; rv:50.0) Gecko/20100101 Firefox/50.0"
83.64.76.58 - - [16/Jan/2017:17:15:07 +0100] "GET /framework/webfx/javascript/tinymce/themes/modern/theme.min.js HTTP/1.1" 200 2636 "http://ed.activities.at/entry.php?id=11671" "Mozilla/5.0 (Windows NT 10.0; WOW64; rv:50.0) Gecko/20100101 Firefox/50.0"
83.64.76.58 - - [16/Jan/2017:17:15:07 +0100] "GET /framework/webfx/javascript/tinymce/plugins/advlist/plugin.min.js HTTP/1.1" 200 613 "http://ed.activities.at/entry.php?id=11671" "Mozilla/5.0 (Windows NT 10.0; WOW64; rv:50.0) Gecko/20100101 Firefox/50.0"
83.64.76.58 - - [16/Jan/2017:17:15:07 +0100] "GET /framework/webfx/javascript/tinymce/langs/de.js HTTP/1.1" 200 3001 "http://ed.activities.at/entry.php?id=11671" "Mozilla/5.0 (Windows NT 10.0; WOW64; rv:50.0) Gecko/20100101 Firefox/50.0"
83.64.76.58 - - [16/Jan/2017:17:15:07 +0100] "GET /framework/webfx/javascript/tinymce/plugins/preview/plugin.min.js HTTP/1.1" 200 734 "http://ed.activities.at/entry.php?id=11671" "Mozilla/5.0 (Windows NT 10.0; WOW64; rv:50.0) Gecko/20100101 Firefox/50.0"
83.64.76.58 - - [16/Jan/2017:17:15:07 +0100] "GET /framework/webfx/javascript/tinymce/plugins/lists/plugin.min.js HTTP/1.1" 200 2642 "http://ed.activities.at/entry.php?id=11671" "Mozilla/5.0 (Windows NT 10.0; WOW64; rv:50.0) Gecko/20100101 Firefox/50.0"
83.64.76.58 - - [16/Jan/2017:17:15:07 +0100] "GET /framework/webfx/javascript/tinymce/plugins/hr/plugin.min.js HTTP/1.1" 200 191 "http://ed.activities.at/entry.php?id=11671" "Mozilla/5.0 (Windows NT 10.0; WOW64; rv:50.0) Gecko/20100101 Firefox/50.0"
83.64.76.58 - - [16/Jan/2017:17:15:07 +0100] "GET /framework/webfx/javascript/tinymce/plugins/anchor/plugin.min.js HTTP/1.1" 200 338 "http://ed.activities.at/entry.php?id=11671" "Mozilla/5.0 (Windows NT 10.0; WOW64; rv:50.0) Gecko/20100101 Firefox/50.0"
83.64.76.58 - - [16/Jan/2017:17:15:07 +0100] "GET /framework/webfx/javascript/tinymce/plugins/wordcount/plugin.min.js HTTP/1.1" 200 524 "http://ed.activities.at/entry.php?id=11671" "Mozilla/5.0 (Windows NT 10.0; WOW64; rv:50.0) Gecko/20100101 Firefox/50.0"
83.64.76.58 - - [16/Jan/2017:17:15:07 +0100] "GET /framework/webfx/javascript/tinymce/plugins/visualblocks/plugin.min.js HTTP/1.1" 200 523 "http://ed.activities.at/entry.php?id=11671" "Mozilla/5.0 (Windows NT 10.0; WOW64; rv:50.0) Gecko/20100101 Firefox/50.0"
83.64.76.58 - - [16/Jan/2017:17:15:07 +0100] "GET /framework/webfx/javascript/tinymce/plugins/pagebreak/plugin.min.js HTTP/1.1" 200 636 "http://ed.activities.at/entry.php?id=11671" "Mozilla/5.0 (Windows NT 10.0; WOW64; rv:50.0) Gecko/20100101 Firefox/50.0"
83.64.76.58 - - [16/Jan/2017:17:15:07 +0100] "GET /framework/webfx/javascript/tinymce/plugins/searchreplace/plugin.min.js HTTP/1.1" 200 2568 "http://ed.activities.at/entry.php?id=11671" "Mozilla/5.0 (Windows NT 10.0; WOW64; rv:50.0) Gecko/20100101 Firefox/50.0"
83.64.76.58 - - [16/Jan/2017:17:15:07 +0100] "GET /framework/webfx/javascript/tinymce/plugins/visualchars/plugin.min.js HTTP/1.1" 200 602 "http://ed.activities.at/entry.php?id=11671" "Mozilla/5.0 (Windows NT 10.0; WOW64; rv:50.0) Gecko/20100101 Firefox/50.0"
83.64.76.58 - - [16/Jan/2017:17:15:07 +0100] "GET /framework/webfx/javascript/tinymce/plugins/nonbreaking/plugin.min.js HTTP/1.1" 200 371 "http://ed.activities.at/entry.php?id=11671" "Mozilla/5.0 (Windows NT 10.0; WOW64; rv:50.0) Gecko/20100101 Firefox/50.0"
83.64.76.58 - - [16/Jan/2017:17:15:07 +0100] "GET /framework/webfx/javascript/tinymce/plugins/template/plugin.min.js HTTP/1.1" 200 1703 "http://ed.activities.at/entry.php?id=11671" "Mozilla/5.0 (Windows NT 10.0; WOW64; rv:50.0) Gecko/20100101 Firefox/50.0"
83.64.76.58 - - [16/Jan/2017:17:15:07 +0100] "GET /framework/webfx/javascript/tinymce/plugins/paste/plugin.min.js HTTP/1.1" 200 6164 "http://ed.activities.at/entry.php?id=11671" "Mozilla/5.0 (Windows NT 10.0; WOW64; rv:50.0) Gecko/20100101 Firefox/50.0"
83.64.76.58 - - [16/Jan/2017:17:15:07 +0100] "GET /framework/webfx/javascript/tinymce/plugins/colorpicker/plugin.min.js HTTP/1.1" 200 613 "http://ed.activities.at/entry.php?id=11671" "Mozilla/5.0 (Windows NT 10.0; WOW64; rv:50.0) Gecko/20100101 Firefox/50.0"
83.64.76.58 - - [16/Jan/2017:17:15:07 +0100] "GET /framework/webfx/javascript/tinymce/plugins/textcolor/plugin.min.js HTTP/1.1" 200 1636 "http://ed.activities.at/entry.php?id=11671" "Mozilla/5.0 (Windows NT 10.0; WOW64; rv:50.0) Gecko/20100101 Firefox/50.0"
83.64.76.58 - - [16/Jan/2017:17:15:07 +0100] "GET /framework/webfx/javascript/tinymce/skins/lightgray/skin.min.css HTTP/1.1" 200 6110 "http://ed.activities.at/entry.php?id=11671" "Mozilla/5.0 (Windows NT 10.0; WOW64; rv:50.0) Gecko/20100101 Firefox/50.0"
83.64.76.58 - - [16/Jan/2017:17:15:07 +0100] "GET /framework/webfx/javascript/tinymce/skins/lightgray/content.min.css HTTP/1.1" 404 327 "http://ed.activities.at/entry.php?id=11671" "Mozilla/5.0 (Windows NT 10.0; WOW64; rv:50.0) Gecko/20100101 Firefox/50.0"
83.64.76.58 - - [16/Jan/2017:17:15:07 +0100] "GET /framework/webfx/javascript/tinymce/skins/lightgray/fonts/tinymce-small.woff HTTP/1.1" 200 7848 "http://ed.activities.at/framework/webfx/javascript/tinymce/skins/lightgray/skin.min.css" "Mozilla/5.0 (Windows NT 10.0; WOW64; rv:50.0) Gecko/20100101 Firefox/50.0"
83.64.76.58 - - [16/Jan/2017:17:15:12 +0100] "POST /entry.php?id=11671 HTTP/1.1" 200 4805 "http://ed.activities.at/entry.php?id=11671" "Mozilla/5.0 (Windows NT 10.0; WOW64; rv:50.0) Gecko/20100101 Firefox/50.0"
83.64.76.58 - - [16/Jan/2017:17:15:12 +0100] "GET /gui/javascript/form_form.js?1484583312 HTTP/1.1" 200 16206 "http://ed.activities.at/entry.php?id=11671" "Mozilla/5.0 (Windows NT 10.0; WOW64; rv:50.0) Gecko/20100101 Firefox/50.0"
83.64.76.58 - - [16/Jan/2017:17:15:15 +0100] "POST /entry.php?id=11671 HTTP/1.1" 200 4840 "http://ed.activities.at/entry.php?id=11671" "Mozilla/5.0 (Windows NT 10.0; WOW64; rv:50.0) Gecko/20100101 Firefox/50.0"
83.64.76.58 - - [16/Jan/2017:17:15:16 +0100] "GET /gui/javascript/form_form.js?1484583316 HTTP/1.1" 200 16206 "http://ed.activities.at/entry.php?id=11671" "Mozilla/5.0 (Windows NT 10.0; WOW64; rv:50.0) Gecko/20100101 Firefox/50.0"
83.64.76.58 - - [16/Jan/2017:17:15:16 +0100] "GET /entry.php?id=10778&form=11496&name=list& HTTP/1.1" 200 5731 "http://ed.activities.at/entry.php?id=11671" "Mozilla/5.0 (Windows NT 10.0; WOW64; rv:50.0) Gecko/20100101 Firefox/50.0"
83.64.76.58 - - [16/Jan/2017:17:15:16 +0100] "GET /entry.php?id=10776&form=11496&name=list& HTTP/1.1" 200 1519 "http://ed.activities.at/entry.php?id=11671" "Mozilla/5.0 (Windows NT 10.0; WOW64; rv:50.0) Gecko/20100101 Firefox/50.0"
83.64.76.58 - - [16/Jan/2017:17:15:21 +0100] "GET /entry.php?id=10271&&ser=583261 HTTP/1.1" 200 986 "http://ed.activities.at/entry.php?id=10271&&ser=583200" "Mozilla/5.0 (Windows NT 10.0; WOW64; rv:50.0) Gecko/20100101 Firefox/50.0"
83.64.76.58 - - [16/Jan/2017:17:15:21 +0100] "GET /gui/javascript/form_form.js?1484583321 HTTP/1.1" 200 16206 "http://ed.activities.at/entry.php?id=10271&&ser=583261" "Mozilla/5.0 (Windows NT 10.0; WOW64; rv:50.0) Gecko/20100101 Firefox/50.0"
90.146.3.54 - - [16/Jan/2017:17:15:45 +0100] "GET /entry.php?id=10271&&ser=583283 HTTP/1.1" 200 987 "http://ed.activities.at/entry.php?id=10271&&ser=583221" "Mozilla/5.0 (Windows NT 10.0; WOW64) AppleWebKit/537.36 (KHTML, like Gecko) Chrome/55.0.2883.87 Safari/537.36"
90.146.3.54 - - [16/Jan/2017:17:15:46 +0100] "GET /gui/javascript/form_form.js?1484583345 HTTP/1.1" 200 16206 "http://ed.activities.at/entry.php?id=10271&&ser=583283" "Mozilla/5.0 (Windows NT 10.0; WOW64) AppleWebKit/537.36 (KHTML, like Gecko) Chrome/55.0.2883.87 Safari/537.36"
83.64.76.58 - - [16/Jan/2017:17:16:16 +0100] "POST /entry.php?id=11671 HTTP/1.1" 200 4840 "http://ed.activities.at/entry.php?id=11671" "Mozilla/5.0 (Windows NT 10.0; WOW64; rv:50.0) Gecko/20100101 Firefox/50.0"
83.64.76.58 - - [16/Jan/2017:17:16:16 +0100] "GET /gui/javascript/form_form.js?1484583376 HTTP/1.1" 200 16206 "http://ed.activities.at/entry.php?id=11671" "Mozilla/5.0 (Windows NT 10.0; WOW64; rv:50.0) Gecko/20100101 Firefox/50.0"
83.64.76.58 - - [16/Jan/2017:17:16:17 +0100] "GET /entry.php?id=10778&form=11496&name=list& HTTP/1.1" 200 5731 "http://ed.activities.at/entry.php?id=11671" "Mozilla/5.0 (Windows NT 10.0; WOW64; rv:50.0) Gecko/20100101 Firefox/50.0"
83.64.76.58 - - [16/Jan/2017:17:16:17 +0100] "GET /entry.php?id=10776&form=11496&name=list& HTTP/1.1" 200 1519 "http://ed.activities.at/entry.php?id=11671" "Mozilla/5.0 (Windows NT 10.0; WOW64; rv:50.0) Gecko/20100101 Firefox/50.0"
83.64.76.58 - - [16/Jan/2017:17:16:21 +0100] "GET /entry.php?id=10271&&ser=583321 HTTP/1.1" 200 986 "http://ed.activities.at/entry.php?id=10271&&ser=583261" "Mozilla/5.0 (Windows NT 10.0; WOW64; rv:50.0) Gecko/20100101 Firefox/50.0"
83.64.76.58 - - [16/Jan/2017:17:16:21 +0100] "GET /gui/javascript/form_form.js?1484583381 HTTP/1.1" 200 16206 "http://ed.activities.at/entry.php?id=10271&&ser=583321" "Mozilla/5.0 (Windows NT 10.0; WOW64; rv:50.0) Gecko/20100101 Firefox/50.0"
90.146.3.54 - - [16/Jan/2017:17:16:47 +0100] "GET /entry.php?id=10271&&ser=583345 HTTP/1.1" 200 987 "http://ed.activities.at/entry.php?id=10271&&ser=583283" "Mozilla/5.0 (Windows NT 10.0; WOW64) AppleWebKit/537.36 (KHTML, like Gecko) Chrome/55.0.2883.87 Safari/537.36"
90.146.3.54 - - [16/Jan/2017:17:16:48 +0100] "GET /gui/javascript/form_form.js?1484583407 HTTP/1.1" 200 16206 "http://ed.activities.at/entry.php?id=10271&&ser=583345" "Mozilla/5.0 (Windows NT 10.0; WOW64) AppleWebKit/537.36 (KHTML, like Gecko) Chrome/55.0.2883.87 Safari/537.36"
83.64.76.58 - - [16/Jan/2017:17:17:11 +0100] "GET /entry.php?id=11679 HTTP/1.1" 200 312 "http://ed.activities.at/entry.php?id=10270&&__app__=10006038" "Mozilla/5.0 (Windows NT 10.0; WOW64; rv:50.0) Gecko/20100101 Firefox/50.0"
83.64.76.58 - - [16/Jan/2017:17:17:11 +0100] "GET /entry.php?id=10676&title=Portal& HTTP/1.1" 200 1386 "http://ed.activities.at/entry.php?id=11679" "Mozilla/5.0 (Windows NT 10.0; WOW64; rv:50.0) Gecko/20100101 Firefox/50.0"
83.64.76.58 - - [16/Jan/2017:17:17:12 +0100] "GET /gui/javascript/form_form.js?1484583432 HTTP/1.1" 200 16206 "http://ed.activities.at/entry.php?id=10676&title=Portal&" "Mozilla/5.0 (Windows NT 10.0; WOW64; rv:50.0) Gecko/20100101 Firefox/50.0"
83.64.76.58 - - [16/Jan/2017:17:17:11 +0100] "GET /entry.php?id=11677& HTTP/1.1" 200 4372 "http://ed.activities.at/entry.php?id=11679" "Mozilla/5.0 (Windows NT 10.0; WOW64; rv:50.0) Gecko/20100101 Firefox/50.0"
83.64.76.58 - - [16/Jan/2017:17:17:12 +0100] "GET /gui/javascript/form_cm_menu_item.js?id=2 HTTP/1.1" 200 6317 "http://ed.activities.at/entry.php?id=11677&" "Mozilla/5.0 (Windows NT 10.0; WOW64; rv:50.0) Gecko/20100101 Firefox/50.0"
83.64.76.58 - - [16/Jan/2017:17:17:12 +0100] "GET /gui/images/icons/edit.gif HTTP/1.1" 200 384 "http://ed.activities.at/entry.php?id=11677&" "Mozilla/5.0 (Windows NT 10.0; WOW64; rv:50.0) Gecko/20100101 Firefox/50.0"
