213.163.226.237 - - [16/Jan/2017:17:23:19 +0100] "POST /entry.php?id=11678 HTTP/1.1" 200 3112 "http://easydrivers.activities.at/entry.php?id=11678&" "Mozilla/5.0 (Windows NT 10.0; WOW64) AppleWebKit/537.36 (KHTML, like Gecko) Chrome/55.0.2883.87 Safari/537.36"
213.163.226.237 - - [16/Jan/2017:17:23:19 +0100] "GET /activities/framework/KoolControls/KoolAjax/koolajax.php?8436e354c842500aba3cbaf0584c0c24 HTTP/1.1" 200 4079 "http://easydrivers.activities.at/entry.php?id=11678" "Mozilla/5.0 (Windows NT 10.0; WOW64) AppleWebKit/537.36 (KHTML, like Gecko) Chrome/55.0.2883.87 Safari/537.36"
213.163.226.237 - - [16/Jan/2017:17:23:19 +0100] "GET /gui/javascript/form_form.js?1484583799 HTTP/1.1" 200 16206 "http://easydrivers.activities.at/entry.php?id=11678" "Mozilla/5.0 (Windows NT 10.0; WOW64) AppleWebKit/537.36 (KHTML, like Gecko) Chrome/55.0.2883.87 Safari/537.36"
213.163.226.237 - - [16/Jan/2017:17:23:20 +0100] "GET /activities/framework/KoolControls/KoolTreeView/kooltreeview.php?c7cd9180e88ffef8e70f13526bb4f5f7 HTTP/1.1" 200 5055 "http://easydrivers.activities.at/entry.php?id=11678" "Mozilla/5.0 (Windows NT 10.0; WOW64) AppleWebKit/537.36 (KHTML, like Gecko) Chrome/55.0.2883.87 Safari/537.36"
213.163.226.237 - - [16/Jan/2017:17:23:21 +0100] "POST /entry.php?id=11677 HTTP/1.1" 200 4429 "http://easydrivers.activities.at/entry.php?id=11677" "Mozilla/5.0 (Windows NT 10.0; WOW64) AppleWebKit/537.36 (KHTML, like Gecko) Chrome/55.0.2883.87 Safari/537.36"
213.163.226.237 - - [16/Jan/2017:17:23:22 +0100] "GET /gui/javascript/form_form.js?1484583801 HTTP/1.1" 200 16206 "http://easydrivers.activities.at/entry.php?id=11677" "Mozilla/5.0 (Windows NT 10.0; WOW64) AppleWebKit/537.36 (KHTML, like Gecko) Chrome/55.0.2883.87 Safari/537.36"
83.64.76.58 - - [16/Jan/2017:17:23:24 +0100] "GET /entry.php?id=10271&&ser=583744 HTTP/1.1" 200 986 "http://ed.activities.at/entry.php?id=10271&&ser=583684" "Mozilla/5.0 (Windows NT 10.0; WOW64; rv:50.0) Gecko/20100101 Firefox/50.0"
83.64.76.58 - - [16/Jan/2017:17:23:24 +0100] "GET /gui/javascript/form_form.js?1484583804 HTTP/1.1" 200 16206 "http://ed.activities.at/entry.php?id=10271&&ser=583744" "Mozilla/5.0 (Windows NT 10.0; WOW64; rv:50.0) Gecko/20100101 Firefox/50.0"
213.163.226.237 - - [16/Jan/2017:17:23:40 +0100] "POST /entry.php?id=11677 HTTP/1.1" 200 4612 "http://easydrivers.activities.at/entry.php?id=11677" "Mozilla/5.0 (Windows NT 10.0; WOW64) AppleWebKit/537.36 (KHTML, like Gecko) Chrome/55.0.2883.87 Safari/537.36"
213.163.226.237 - - [16/Jan/2017:17:23:41 +0100] "GET /gui/javascript/form_form.js?1484583820 HTTP/1.1" 200 16206 "http://easydrivers.activities.at/entry.php?id=11677" "Mozilla/5.0 (Windows NT 10.0; WOW64) AppleWebKit/537.36 (KHTML, like Gecko) Chrome/55.0.2883.87 Safari/537.36"
213.163.226.237 - - [16/Jan/2017:17:23:53 +0100] "GET /entry.php?id=11664 HTTP/1.1" 200 343 "http://easydrivers.activities.at/entry.php?id=10270&__app__=10006038" "Mozilla/5.0 (Windows NT 10.0; WOW64) AppleWebKit/537.36 (KHTML, like Gecko) Chrome/55.0.2883.87 Safari/537.36"
213.163.226.237 - - [16/Jan/2017:17:23:54 +0100] "GET /entry.php?id=10676&&title=Standorte HTTP/1.1" 200 1388 "http://easydrivers.activities.at/entry.php?id=11664" "Mozilla/5.0 (Windows NT 10.0; WOW64) AppleWebKit/537.36 (KHTML, like Gecko) Chrome/55.0.2883.87 Safari/537.36"
213.163.226.237 - - [16/Jan/2017:17:23:54 +0100] "GET /entry.php?id=11665& HTTP/1.1" 200 2316 "http://easydrivers.activities.at/entry.php?id=11664" "Mozilla/5.0 (Windows NT 10.0; WOW64) AppleWebKit/537.36 (KHTML, like Gecko) Chrome/55.0.2883.87 Safari/537.36"
213.163.226.237 - - [16/Jan/2017:17:23:54 +0100] "GET /gui/javascript/form_form.js?1484583834 HTTP/1.1" 200 16206 "http://easydrivers.activities.at/entry.php?id=10676&&title=Standorte" "Mozilla/5.0 (Windows NT 10.0; WOW64) AppleWebKit/537.36 (KHTML, like Gecko) Chrome/55.0.2883.87 Safari/537.36"
213.163.226.237 - - [16/Jan/2017:17:23:55 +0100] "GET /gui/javascript/form_ed_addresses.js HTTP/1.1" 200 2295 "http://easydrivers.activities.at/entry.php?id=11665&" "Mozilla/5.0 (Windows NT 10.0; WOW64) AppleWebKit/537.36 (KHTML, like Gecko) Chrome/55.0.2883.87 Safari/537.36"
213.163.226.237 - - [16/Jan/2017:17:23:54 +0100] "GET /entry.php?id=11666& HTTP/1.1" 200 3725 "http://easydrivers.activities.at/entry.php?id=11664" "Mozilla/5.0 (Windows NT 10.0; WOW64) AppleWebKit/537.36 (KHTML, like Gecko) Chrome/55.0.2883.87 Safari/537.36"
213.163.226.237 - - [16/Jan/2017:17:23:55 +0100] "GET /gui/javascript/form_form.js?1484583835 HTTP/1.1" 200 16206 "http://easydrivers.activities.at/entry.php?id=11666&" "Mozilla/5.0 (Windows NT 10.0; WOW64) AppleWebKit/537.36 (KHTML, like Gecko) Chrome/55.0.2883.87 Safari/537.36"
213.163.226.237 - - [16/Jan/2017:17:23:55 +0100] "GET /gui/images/icons/email.gif HTTP/1.1" 200 937 "http://easydrivers.activities.at/entry.php?id=11666&" "Mozilla/5.0 (Windows NT 10.0; WOW64) AppleWebKit/537.36 (KHTML, like Gecko) Chrome/55.0.2883.87 Safari/537.36"
213.163.226.237 - - [16/Jan/2017:17:23:55 +0100] "GET /entry.php?id=10776&form=11490&name=list& HTTP/1.1" 200 2009 "http://easydrivers.activities.at/entry.php?id=11665&" "Mozilla/5.0 (Windows NT 10.0; WOW64) AppleWebKit/537.36 (KHTML, like Gecko) Chrome/55.0.2883.87 Safari/537.36"
213.163.226.237 - - [16/Jan/2017:17:23:56 +0100] "GET /gui/images/icons/filter_on.gif HTTP/1.1" 200 316 "http://easydrivers.activities.at/entry.php?id=10776&form=11490&name=list&" "Mozilla/5.0 (Windows NT 10.0; WOW64) AppleWebKit/537.36 (KHTML, like Gecko) Chrome/55.0.2883.87 Safari/537.36"
213.163.226.237 - - [16/Jan/2017:17:23:55 +0100] "GET /entry.php?id=10778&form=11490&name=list& HTTP/1.1" 200 2779 "http://easydrivers.activities.at/entry.php?id=11665&" "Mozilla/5.0 (Windows NT 10.0; WOW64) AppleWebKit/537.36 (KHTML, like Gecko) Chrome/55.0.2883.87 Safari/537.36"
213.163.226.237 - - [16/Jan/2017:17:23:54 +0100] "GET /entry.php?id=11697& HTTP/1.1" 200 2601 "http://easydrivers.activities.at/entry.php?id=11664" "Mozilla/5.0 (Windows NT 10.0; WOW64) AppleWebKit/537.36 (KHTML, like Gecko) Chrome/55.0.2883.87 Safari/537.36"
213.163.226.237 - - [16/Jan/2017:17:23:56 +0100] "GET /gui/images/icons/disable_light.gif HTTP/1.1" 200 616 "http://easydrivers.activities.at/entry.php?id=10776&form=11490&name=list&" "Mozilla/5.0 (Windows NT 10.0; WOW64) AppleWebKit/537.36 (KHTML, like Gecko) Chrome/55.0.2883.87 Safari/537.36"
213.163.226.237 - - [16/Jan/2017:17:23:56 +0100] "GET /gui/images/icons/disabled_user_admin.png HTTP/1.1" 200 770 "http://easydrivers.activities.at/entry.php?id=10776&form=11490&name=list&" "Mozilla/5.0 (Windows NT 10.0; WOW64) AppleWebKit/537.36 (KHTML, like Gecko) Chrome/55.0.2883.87 Safari/537.36"
213.163.226.237 - - [16/Jan/2017:17:23:56 +0100] "GET /gui/images/icons/lupe.gif HTTP/1.1" 200 324 "http://easydrivers.activities.at/entry.php?id=10776&form=11490&name=list&" "Mozilla/5.0 (Windows NT 10.0; WOW64) AppleWebKit/537.36 (KHTML, like Gecko) Chrome/55.0.2883.87 Safari/537.36"
213.163.226.237 - - [16/Jan/2017:17:23:56 +0100] "GET /gui/images/icons/note_msg_icon.gif HTTP/1.1" 200 1022 "http://easydrivers.activities.at/entry.php?id=10778&form=11490&name=list&" "Mozilla/5.0 (Windows NT 10.0; WOW64) AppleWebKit/537.36 (KHTML, like Gecko) Chrome/55.0.2883.87 Safari/537.36"
213.163.226.237 - - [16/Jan/2017:17:23:56 +0100] "GET /gui/images/icons/user_admin.png HTTP/1.1" 200 875 "http://easydrivers.activities.at/entry.php?id=10778&form=11490&name=list&" "Mozilla/5.0 (Windows NT 10.0; WOW64) AppleWebKit/537.36 (KHTML, like Gecko) Chrome/55.0.2883.87 Safari/537.36"
213.163.226.237 - - [16/Jan/2017:17:23:56 +0100] "GET /framework/icons/rowselect.gif HTTP/1.1" 200 67 "http://easydrivers.activities.at/entry.php?id=10778&form=11490&name=list&" "Mozilla/5.0 (Windows NT 10.0; WOW64) AppleWebKit/537.36 (KHTML, like Gecko) Chrome/55.0.2883.87 Safari/537.36"
213.163.226.237 - - [16/Jan/2017:17:23:56 +0100] "GET /gui/javascript/form_form.js?1484583836 HTTP/1.1" 200 16206 "http://easydrivers.activities.at/entry.php?id=11697&" "Mozilla/5.0 (Windows NT 10.0; WOW64) AppleWebKit/537.36 (KHTML, like Gecko) Chrome/55.0.2883.87 Safari/537.36"
213.163.226.237 - - [16/Jan/2017:17:23:56 +0100] "GET /entry.php?id=10776&form=11522&name=list& HTTP/1.1" 200 2279 "http://easydrivers.activities.at/entry.php?id=11697&" "Mozilla/5.0 (Windows NT 10.0; WOW64) AppleWebKit/537.36 (KHTML, like Gecko) Chrome/55.0.2883.87 Safari/537.36"
213.163.226.237 - - [16/Jan/2017:17:23:56 +0100] "GET /entry.php?id=10778&form=11522&name=list& HTTP/1.1" 200 3096 "http://easydrivers.activities.at/entry.php?id=11697&" "Mozilla/5.0 (Windows NT 10.0; WOW64) AppleWebKit/537.36 (KHTML, like Gecko) Chrome/55.0.2883.87 Safari/537.36"
213.163.226.237 - - [16/Jan/2017:17:23:57 +0100] "GET /gui/images/icons/user_add.png HTTP/1.1" 200 746 "http://easydrivers.activities.at/entry.php?id=10776&form=11522&name=list&" "Mozilla/5.0 (Windows NT 10.0; WOW64) AppleWebKit/537.36 (KHTML, like Gecko) Chrome/55.0.2883.87 Safari/537.36"
213.163.226.237 - - [16/Jan/2017:17:23:57 +0100] "GET /gui/images/icons/user_link.png HTTP/1.1" 200 905 "http://easydrivers.activities.at/entry.php?id=10776&form=11522&name=list&" "Mozilla/5.0 (Windows NT 10.0; WOW64) AppleWebKit/537.36 (KHTML, like Gecko) Chrome/55.0.2883.87 Safari/537.36"
213.163.226.237 - - [16/Jan/2017:17:23:57 +0100] "GET /gui/images/icons/user_edit.png HTTP/1.1" 200 833 "http://easydrivers.activities.at/entry.php?id=10776&form=11522&name=list&" "Mozilla/5.0 (Windows NT 10.0; WOW64) AppleWebKit/537.36 (KHTML, like Gecko) Chrome/55.0.2883.87 Safari/537.36"
213.163.226.237 - - [16/Jan/2017:17:23:57 +0100] "GET /gui/images/icons/group.gif HTTP/1.1" 200 1014 "http://easydrivers.activities.at/entry.php?id=10776&form=11522&name=list&" "Mozilla/5.0 (Windows NT 10.0; WOW64) AppleWebKit/537.36 (KHTML, like Gecko) Chrome/55.0.2883.87 Safari/537.36"
90.146.3.54 - - [16/Jan/2017:17:24:01 +0100] "GET /entry.php?id=10271&&ser=583779 HTTP/1.1" 200 986 "http://ed.activities.at/entry.php?id=10271&&ser=583717" "Mozilla/5.0 (Windows NT 10.0; WOW64) AppleWebKit/537.36 (KHTML, like Gecko) Chrome/55.0.2883.87 Safari/537.36"
90.146.3.54 - - [16/Jan/2017:17:24:02 +0100] "GET /gui/javascript/form_form.js?1484583841 HTTP/1.1" 200 16206 "http://ed.activities.at/entry.php?id=10271&&ser=583779" "Mozilla/5.0 (Windows NT 10.0; WOW64) AppleWebKit/537.36 (KHTML, like Gecko) Chrome/55.0.2883.87 Safari/537.36"
213.163.226.237 - - [16/Jan/2017:17:24:03 +0100] "POST /entry.php?id=11666 HTTP/1.1" 200 3894 "http://easydrivers.activities.at/entry.php?id=11666&" "Mozilla/5.0 (Windows NT 10.0; WOW64) AppleWebKit/537.36 (KHTML, like Gecko) Chrome/55.0.2883.87 Safari/537.36"
213.163.226.237 - - [16/Jan/2017:17:24:05 +0100] "GET /gui/javascript/form_form.js?1484583844 HTTP/1.1" 200 16206 "http://easydrivers.activities.at/entry.php?id=11666" "Mozilla/5.0 (Windows NT 10.0; WOW64) AppleWebKit/537.36 (KHTML, like Gecko) Chrome/55.0.2883.87 Safari/537.36"
83.64.76.58 - - [16/Jan/2017:17:24:11 +0100] "POST /entry.php?id=11671 HTTP/1.1" 200 4607 "http://ed.activities.at/entry.php?id=11671" "Mozilla/5.0 (Windows NT 10.0; WOW64; rv:50.0) Gecko/20100101 Firefox/50.0"
83.64.76.58 - - [16/Jan/2017:17:24:11 +0100] "GET /gui/javascript/form_form.js?1484583851 HTTP/1.1" 200 16206 "http://ed.activities.at/entry.php?id=11671" "Mozilla/5.0 (Windows NT 10.0; WOW64; rv:50.0) Gecko/20100101 Firefox/50.0"
83.64.76.58 - - [16/Jan/2017:17:24:11 +0100] "GET /entry.php?id=10776&form=11496&name=list& HTTP/1.1" 200 1519 "http://ed.activities.at/entry.php?id=11671" "Mozilla/5.0 (Windows NT 10.0; WOW64; rv:50.0) Gecko/20100101 Firefox/50.0"
83.64.76.58 - - [16/Jan/2017:17:24:11 +0100] "GET /entry.php?id=10778&form=11496&name=list& HTTP/1.1" 200 5493 "http://ed.activities.at/entry.php?id=11671" "Mozilla/5.0 (Windows NT 10.0; WOW64; rv:50.0) Gecko/20100101 Firefox/50.0"
213.163.226.237 - - [16/Jan/2017:17:24:14 +0100] "GET /entry.php?id=10271&&ser=583793 HTTP/1.1" 200 987 "http://easydrivers.activities.at/entry.php?id=10271&&ser=583733" "Mozilla/5.0 (Windows NT 10.0; WOW64) AppleWebKit/537.36 (KHTML, like Gecko) Chrome/55.0.2883.87 Safari/537.36"
213.163.226.237 - - [16/Jan/2017:17:24:14 +0100] "GET /gui/javascript/form_form.js?1484583854 HTTP/1.1" 200 16206 "http://easydrivers.activities.at/entry.php?id=10271&&ser=583793" "Mozilla/5.0 (Windows NT 10.0; WOW64) AppleWebKit/537.36 (KHTML, like Gecko) Chrome/55.0.2883.87 Safari/537.36"
83.64.76.58 - - [16/Jan/2017:17:24:25 +0100] "GET /entry.php?id=10271&&ser=583804 HTTP/1.1" 200 987 "http://ed.activities.at/entry.php?id=10271&&ser=583744" "Mozilla/5.0 (Windows NT 10.0; WOW64; rv:50.0) Gecko/20100101 Firefox/50.0"
83.64.76.58 - - [16/Jan/2017:17:24:25 +0100] "GET /gui/javascript/form_form.js?1484583865 HTTP/1.1" 200 16206 "http://ed.activities.at/entry.php?id=10271&&ser=583804" "Mozilla/5.0 (Windows NT 10.0; WOW64; rv:50.0) Gecko/20100101 Firefox/50.0"
90.146.3.54 - - [16/Jan/2017:17:25:03 +0100] "GET /entry.php?id=10271&&ser=583841 HTTP/1.1" 200 986 "http://ed.activities.at/entry.php?id=10271&&ser=583779" "Mozilla/5.0 (Windows NT 10.0; WOW64) AppleWebKit/537.36 (KHTML, like Gecko) Chrome/55.0.2883.87 Safari/537.36"
90.146.3.54 - - [16/Jan/2017:17:25:04 +0100] "GET /gui/javascript/form_form.js?1484583903 HTTP/1.1" 200 16206 "http://ed.activities.at/entry.php?id=10271&&ser=583841" "Mozilla/5.0 (Windows NT 10.0; WOW64) AppleWebKit/537.36 (KHTML, like Gecko) Chrome/55.0.2883.87 Safari/537.36"
213.163.226.237 - - [16/Jan/2017:17:25:15 +0100] "GET /entry.php?id=10271&&ser=583854 HTTP/1.1" 200 987 "http://easydrivers.activities.at/entry.php?id=10271&&ser=583793" "Mozilla/5.0 (Windows NT 10.0; WOW64) AppleWebKit/537.36 (KHTML, like Gecko) Chrome/55.0.2883.87 Safari/537.36"
213.163.226.237 - - [16/Jan/2017:17:25:15 +0100] "GET /gui/javascript/form_form.js?1484583915 HTTP/1.1" 200 16206 "http://easydrivers.activities.at/entry.php?id=10271&&ser=583854" "Mozilla/5.0 (Windows NT 10.0; WOW64) AppleWebKit/537.36 (KHTML, like Gecko) Chrome/55.0.2883.87 Safari/537.36"
83.64.76.58 - - [16/Jan/2017:17:25:25 +0100] "GET /entry.php?id=10271&&ser=583865 HTTP/1.1" 200 987 "http://ed.activities.at/entry.php?id=10271&&ser=583804" "Mozilla/5.0 (Windows NT 10.0; WOW64; rv:50.0) Gecko/20100101 Firefox/50.0"
83.64.76.58 - - [16/Jan/2017:17:25:25 +0100] "GET /gui/javascript/form_form.js?1484583925 HTTP/1.1" 200 16206 "http://ed.activities.at/entry.php?id=10271&&ser=583865" "Mozilla/5.0 (Windows NT 10.0; WOW64; rv:50.0) Gecko/20100101 Firefox/50.0"
90.146.3.54 - - [16/Jan/2017:17:26:05 +0100] "GET /entry.php?id=10271&&ser=583903 HTTP/1.1" 200 987 "http://ed.activities.at/entry.php?id=10271&&ser=583841" "Mozilla/5.0 (Windows NT 10.0; WOW64) AppleWebKit/537.36 (KHTML, like Gecko) Chrome/55.0.2883.87 Safari/537.36"
90.146.3.54 - - [16/Jan/2017:17:26:06 +0100] "GET /gui/javascript/form_form.js?1484583965 HTTP/1.1" 200 16206 "http://ed.activities.at/entry.php?id=10271&&ser=583903" "Mozilla/5.0 (Windows NT 10.0; WOW64) AppleWebKit/537.36 (KHTML, like Gecko) Chrome/55.0.2883.87 Safari/537.36"
213.163.226.237 - - [16/Jan/2017:17:26:15 +0100] "GET /entry.php?id=10271&&ser=583915 HTTP/1.1" 200 987 "http://easydrivers.activities.at/entry.php?id=10271&&ser=583854" "Mozilla/5.0 (Windows NT 10.0; WOW64) AppleWebKit/537.36 (KHTML, like Gecko) Chrome/55.0.2883.87 Safari/537.36"
213.163.226.237 - - [16/Jan/2017:17:26:16 +0100] "GET /gui/javascript/form_form.js?1484583975 HTTP/1.1" 200 16206 "http://easydrivers.activities.at/entry.php?id=10271&&ser=583915" "Mozilla/5.0 (Windows NT 10.0; WOW64) AppleWebKit/537.36 (KHTML, like Gecko) Chrome/55.0.2883.87 Safari/537.36"
83.64.76.58 - - [16/Jan/2017:17:26:25 +0100] "GET /entry.php?id=10271&&ser=583925 HTTP/1.1" 200 987 "http://ed.activities.at/entry.php?id=10271&&ser=583865" "Mozilla/5.0 (Windows NT 10.0; WOW64; rv:50.0) Gecko/20100101 Firefox/50.0"
83.64.76.58 - - [16/Jan/2017:17:26:26 +0100] "GET /gui/javascript/form_form.js?1484583986 HTTP/1.1" 200 16206 "http://ed.activities.at/entry.php?id=10271&&ser=583925" "Mozilla/5.0 (Windows NT 10.0; WOW64; rv:50.0) Gecko/20100101 Firefox/50.0"
90.146.3.54 - - [16/Jan/2017:17:27:07 +0100] "GET /entry.php?id=10271&&ser=583965 HTTP/1.1" 200 986 "http://ed.activities.at/entry.php?id=10271&&ser=583903" "Mozilla/5.0 (Windows NT 10.0; WOW64) AppleWebKit/537.36 (KHTML, like Gecko) Chrome/55.0.2883.87 Safari/537.36"
90.146.3.54 - - [16/Jan/2017:17:27:08 +0100] "GET /gui/javascript/form_form.js?1484584027 HTTP/1.1" 200 16206 "http://ed.activities.at/entry.php?id=10271&&ser=583965" "Mozilla/5.0 (Windows NT 10.0; WOW64) AppleWebKit/537.36 (KHTML, like Gecko) Chrome/55.0.2883.87 Safari/537.36"
213.163.226.237 - - [16/Jan/2017:17:27:16 +0100] "GET /entry.php?id=10271&&ser=583975 HTTP/1.1" 200 986 "http://easydrivers.activities.at/entry.php?id=10271&&ser=583915" "Mozilla/5.0 (Windows NT 10.0; WOW64) AppleWebKit/537.36 (KHTML, like Gecko) Chrome/55.0.2883.87 Safari/537.36"
213.163.226.237 - - [16/Jan/2017:17:27:16 +0100] "GET /gui/javascript/form_form.js?1484584036 HTTP/1.1" 200 16206 "http://easydrivers.activities.at/entry.php?id=10271&&ser=583975" "Mozilla/5.0 (Windows NT 10.0; WOW64) AppleWebKit/537.36 (KHTML, like Gecko) Chrome/55.0.2883.87 Safari/537.36"
83.64.76.58 - - [16/Jan/2017:17:27:26 +0100] "GET /entry.php?id=10271&&ser=583986 HTTP/1.1" 200 987 "http://ed.activities.at/entry.php?id=10271&&ser=583925" "Mozilla/5.0 (Windows NT 10.0; WOW64; rv:50.0) Gecko/20100101 Firefox/50.0"
83.64.76.58 - - [16/Jan/2017:17:27:26 +0100] "GET /gui/javascript/form_form.js?1484584046 HTTP/1.1" 200 16206 "http://ed.activities.at/entry.php?id=10271&&ser=583986" "Mozilla/5.0 (Windows NT 10.0; WOW64; rv:50.0) Gecko/20100101 Firefox/50.0"
90.146.3.54 - - [16/Jan/2017:17:28:09 +0100] "GET /entry.php?id=10271&&ser=584027 HTTP/1.1" 200 986 "http://ed.activities.at/entry.php?id=10271&&ser=583965" "Mozilla/5.0 (Windows NT 10.0; WOW64) AppleWebKit/537.36 (KHTML, like Gecko) Chrome/55.0.2883.87 Safari/537.36"
90.146.3.54 - - [16/Jan/2017:17:28:10 +0100] "GET /gui/javascript/form_form.js?1484584089 HTTP/1.1" 200 16206 "http://ed.activities.at/entry.php?id=10271&&ser=584027" "Mozilla/5.0 (Windows NT 10.0; WOW64) AppleWebKit/537.36 (KHTML, like Gecko) Chrome/55.0.2883.87 Safari/537.36"
213.163.226.237 - - [16/Jan/2017:17:28:17 +0100] "GET /entry.php?id=10271&&ser=584036 HTTP/1.1" 200 987 "http://easydrivers.activities.at/entry.php?id=10271&&ser=583975" "Mozilla/5.0 (Windows NT 10.0; WOW64) AppleWebKit/537.36 (KHTML, like Gecko) Chrome/55.0.2883.87 Safari/537.36"
213.163.226.237 - - [16/Jan/2017:17:28:17 +0100] "GET /gui/javascript/form_form.js?1484584097 HTTP/1.1" 200 16206 "http://easydrivers.activities.at/entry.php?id=10271&&ser=584036" "Mozilla/5.0 (Windows NT 10.0; WOW64) AppleWebKit/537.36 (KHTML, like Gecko) Chrome/55.0.2883.87 Safari/537.36"
83.64.76.58 - - [16/Jan/2017:17:28:26 +0100] "GET /entry.php?id=10271&&ser=584046 HTTP/1.1" 200 986 "http://ed.activities.at/entry.php?id=10271&&ser=583986" "Mozilla/5.0 (Windows NT 10.0; WOW64; rv:50.0) Gecko/20100101 Firefox/50.0"
83.64.76.58 - - [16/Jan/2017:17:28:26 +0100] "GET /gui/javascript/form_form.js?1484584106 HTTP/1.1" 200 16206 "http://ed.activities.at/entry.php?id=10271&&ser=584046" "Mozilla/5.0 (Windows NT 10.0; WOW64; rv:50.0) Gecko/20100101 Firefox/50.0"
83.64.76.58 - - [16/Jan/2017:17:28:33 +0100] "POST /entry.php?id=11671 HTTP/1.1" 200 4670 "http://ed.activities.at/entry.php?id=11671" "Mozilla/5.0 (Windows NT 10.0; WOW64; rv:50.0) Gecko/20100101 Firefox/50.0"
83.64.76.58 - - [16/Jan/2017:17:28:34 +0100] "GET /gui/javascript/form_form.js?1484584114 HTTP/1.1" 200 16206 "http://ed.activities.at/entry.php?id=11671" "Mozilla/5.0 (Windows NT 10.0; WOW64; rv:50.0) Gecko/20100101 Firefox/50.0"
83.64.76.58 - - [16/Jan/2017:17:28:34 +0100] "GET /entry.php?id=10778&form=11496&name=list& HTTP/1.1" 200 5493 "http://ed.activities.at/entry.php?id=11671" "Mozilla/5.0 (Windows NT 10.0; WOW64; rv:50.0) Gecko/20100101 Firefox/50.0"
83.64.76.58 - - [16/Jan/2017:17:28:34 +0100] "GET /entry.php?id=10776&form=11496&name=list& HTTP/1.1" 200 1519 "http://ed.activities.at/entry.php?id=11671" "Mozilla/5.0 (Windows NT 10.0; WOW64; rv:50.0) Gecko/20100101 Firefox/50.0"
90.146.3.54 - - [16/Jan/2017:17:29:11 +0100] "GET /entry.php?id=10271&&ser=584089 HTTP/1.1" 200 985 "http://ed.activities.at/entry.php?id=10271&&ser=584027" "Mozilla/5.0 (Windows NT 10.0; WOW64) AppleWebKit/537.36 (KHTML, like Gecko) Chrome/55.0.2883.87 Safari/537.36"
90.146.3.54 - - [16/Jan/2017:17:29:12 +0100] "GET /gui/javascript/form_form.js?1484584151 HTTP/1.1" 200 16206 "http://ed.activities.at/entry.php?id=10271&&ser=584089" "Mozilla/5.0 (Windows NT 10.0; WOW64) AppleWebKit/537.36 (KHTML, like Gecko) Chrome/55.0.2883.87 Safari/537.36"
213.163.226.237 - - [16/Jan/2017:17:29:18 +0100] "GET /entry.php?id=10271&&ser=584097 HTTP/1.1" 200 986 "http://easydrivers.activities.at/entry.php?id=10271&&ser=584036" "Mozilla/5.0 (Windows NT 10.0; WOW64) AppleWebKit/537.36 (KHTML, like Gecko) Chrome/55.0.2883.87 Safari/537.36"
83.64.76.58 - - [16/Jan/2017:17:29:18 +0100] "GET /gui/javascript/jquery/css/gui-themes/images/ui-bg_highlight-soft_25_ffef8f_1x100.png HTTP/1.1" 200 119 "http://ed.activities.at/gui/javascript/jquery/css/gui-themes/custom.min.css" "Mozilla/5.0 (Windows NT 10.0; WOW64; rv:50.0) Gecko/20100101 Firefox/50.0"
213.163.226.237 - - [16/Jan/2017:17:29:18 +0100] "GET /gui/javascript/form_form.js?1484584158 HTTP/1.1" 200 16206 "http://easydrivers.activities.at/entry.php?id=10271&&ser=584097" "Mozilla/5.0 (Windows NT 10.0; WOW64) AppleWebKit/537.36 (KHTML, like Gecko) Chrome/55.0.2883.87 Safari/537.36"
83.64.76.58 - - [16/Jan/2017:17:29:27 +0100] "GET /entry.php?id=10271&&ser=584106 HTTP/1.1" 200 987 "http://ed.activities.at/entry.php?id=10271&&ser=584046" "Mozilla/5.0 (Windows NT 10.0; WOW64; rv:50.0) Gecko/20100101 Firefox/50.0"
83.64.76.58 - - [16/Jan/2017:17:29:27 +0100] "GET /gui/javascript/form_form.js?1484584167 HTTP/1.1" 200 16206 "http://ed.activities.at/entry.php?id=10271&&ser=584106" "Mozilla/5.0 (Windows NT 10.0; WOW64; rv:50.0) Gecko/20100101 Firefox/50.0"
90.146.3.54 - - [16/Jan/2017:17:30:13 +0100] "GET /entry.php?id=10271&&ser=584151 HTTP/1.1" 200 987 "http://ed.activities.at/entry.php?id=10271&&ser=584089" "Mozilla/5.0 (Windows NT 10.0; WOW64) AppleWebKit/537.36 (KHTML, like Gecko) Chrome/55.0.2883.87 Safari/537.36"
90.146.3.54 - - [16/Jan/2017:17:30:14 +0100] "GET /gui/javascript/form_form.js?1484584213 HTTP/1.1" 200 16206 "http://ed.activities.at/entry.php?id=10271&&ser=584151" "Mozilla/5.0 (Windows NT 10.0; WOW64) AppleWebKit/537.36 (KHTML, like Gecko) Chrome/55.0.2883.87 Safari/537.36"
83.64.76.58 - - [16/Jan/2017:17:30:15 +0100] "POST /entry.php?id=11671 HTTP/1.1" 200 4947 "http://ed.activities.at/entry.php?id=11671" "Mozilla/5.0 (Windows NT 10.0; WOW64; rv:50.0) Gecko/20100101 Firefox/50.0"
83.64.76.58 - - [16/Jan/2017:17:30:16 +0100] "GET /gui/javascript/form_form.js?1484584216 HTTP/1.1" 200 16206 "http://ed.activities.at/entry.php?id=11671" "Mozilla/5.0 (Windows NT 10.0; WOW64; rv:50.0) Gecko/20100101 Firefox/50.0"
83.64.76.58 - - [16/Jan/2017:17:30:16 +0100] "GET /entry.php?id=10776&form=11496&name=list& HTTP/1.1" 200 1519 "http://ed.activities.at/entry.php?id=11671" "Mozilla/5.0 (Windows NT 10.0; WOW64; rv:50.0) Gecko/20100101 Firefox/50.0"
83.64.76.58 - - [16/Jan/2017:17:30:16 +0100] "GET /entry.php?id=10778&form=11496&name=list& HTTP/1.1" 200 5493 "http://ed.activities.at/entry.php?id=11671" "Mozilla/5.0 (Windows NT 10.0; WOW64; rv:50.0) Gecko/20100101 Firefox/50.0"
213.163.226.237 - - [16/Jan/2017:17:30:18 +0100] "GET /entry.php?id=10271&&ser=584158 HTTP/1.1" 200 987 "http://easydrivers.activities.at/entry.php?id=10271&&ser=584097" "Mozilla/5.0 (Windows NT 10.0; WOW64) AppleWebKit/537.36 (KHTML, like Gecko) Chrome/55.0.2883.87 Safari/537.36"
213.163.226.237 - - [16/Jan/2017:17:30:19 +0100] "GET /gui/javascript/form_form.js?1484584219 HTTP/1.1" 200 16206 "http://easydrivers.activities.at/entry.php?id=10271&&ser=584158" "Mozilla/5.0 (Windows NT 10.0; WOW64) AppleWebKit/537.36 (KHTML, like Gecko) Chrome/55.0.2883.87 Safari/537.36"
83.64.76.58 - - [16/Jan/2017:17:30:27 +0100] "GET /entry.php?id=10271&&ser=584167 HTTP/1.1" 200 987 "http://ed.activities.at/entry.php?id=10271&&ser=584106" "Mozilla/5.0 (Windows NT 10.0; WOW64; rv:50.0) Gecko/20100101 Firefox/50.0"
83.64.76.58 - - [16/Jan/2017:17:30:27 +0100] "GET /gui/javascript/form_form.js?1484584227 HTTP/1.1" 200 16206 "http://ed.activities.at/entry.php?id=10271&&ser=584167" "Mozilla/5.0 (Windows NT 10.0; WOW64; rv:50.0) Gecko/20100101 Firefox/50.0"
90.146.3.54 - - [16/Jan/2017:17:31:15 +0100] "GET /entry.php?id=10271&&ser=584213 HTTP/1.1" 200 987 "http://ed.activities.at/entry.php?id=10271&&ser=584151" "Mozilla/5.0 (Windows NT 10.0; WOW64) AppleWebKit/537.36 (KHTML, like Gecko) Chrome/55.0.2883.87 Safari/537.36"
90.146.3.54 - - [16/Jan/2017:17:31:16 +0100] "GET /gui/javascript/form_form.js?1484584275 HTTP/1.1" 200 16206 "http://ed.activities.at/entry.php?id=10271&&ser=584213" "Mozilla/5.0 (Windows NT 10.0; WOW64) AppleWebKit/537.36 (KHTML, like Gecko) Chrome/55.0.2883.87 Safari/537.36"
213.163.226.237 - - [16/Jan/2017:17:31:19 +0100] "GET /entry.php?id=10271&&ser=584219 HTTP/1.1" 200 987 "http://easydrivers.activities.at/entry.php?id=10271&&ser=584158" "Mozilla/5.0 (Windows NT 10.0; WOW64) AppleWebKit/537.36 (KHTML, like Gecko) Chrome/55.0.2883.87 Safari/537.36"
213.163.226.237 - - [16/Jan/2017:17:31:20 +0100] "GET /gui/javascript/form_form.js?1484584279 HTTP/1.1" 200 16206 "http://easydrivers.activities.at/entry.php?id=10271&&ser=584219" "Mozilla/5.0 (Windows NT 10.0; WOW64) AppleWebKit/537.36 (KHTML, like Gecko) Chrome/55.0.2883.87 Safari/537.36"
83.64.76.58 - - [16/Jan/2017:17:31:27 +0100] "GET /entry.php?id=10271&&ser=584227 HTTP/1.1" 200 986 "http://ed.activities.at/entry.php?id=10271&&ser=584167" "Mozilla/5.0 (Windows NT 10.0; WOW64; rv:50.0) Gecko/20100101 Firefox/50.0"
83.64.76.58 - - [16/Jan/2017:17:31:28 +0100] "GET /gui/javascript/form_form.js?1484584288 HTTP/1.1" 200 16206 "http://ed.activities.at/entry.php?id=10271&&ser=584227" "Mozilla/5.0 (Windows NT 10.0; WOW64; rv:50.0) Gecko/20100101 Firefox/50.0"
83.64.76.58 - - [16/Jan/2017:17:31:43 +0100] "POST /entry.php?id=11671 HTTP/1.1" 200 4980 "http://ed.activities.at/entry.php?id=11671" "Mozilla/5.0 (Windows NT 10.0; WOW64; rv:50.0) Gecko/20100101 Firefox/50.0"
83.64.76.58 - - [16/Jan/2017:17:31:44 +0100] "GET /gui/javascript/form_form.js?1484584304 HTTP/1.1" 200 16206 "http://ed.activities.at/entry.php?id=11671" "Mozilla/5.0 (Windows NT 10.0; WOW64; rv:50.0) Gecko/20100101 Firefox/50.0"
83.64.76.58 - - [16/Jan/2017:17:31:44 +0100] "GET /entry.php?id=10778&form=11496&name=list& HTTP/1.1" 200 5735 "http://ed.activities.at/entry.php?id=11671" "Mozilla/5.0 (Windows NT 10.0; WOW64; rv:50.0) Gecko/20100101 Firefox/50.0"
83.64.76.58 - - [16/Jan/2017:17:31:44 +0100] "GET /entry.php?id=10776&form=11496&name=list& HTTP/1.1" 200 1519 "http://ed.activities.at/entry.php?id=11671" "Mozilla/5.0 (Windows NT 10.0; WOW64; rv:50.0) Gecko/20100101 Firefox/50.0"
83.64.76.58 - - [16/Jan/2017:17:32:09 +0100] "POST /entry.php?id=11671 HTTP/1.1" 200 3196 "http://ed.activities.at/entry.php?id=11671" "Mozilla/5.0 (Windows NT 10.0; WOW64; rv:50.0) Gecko/20100101 Firefox/50.0"
83.64.76.58 - - [16/Jan/2017:17:32:10 +0100] "GET /gui/javascript/form_form.js?1484584330 HTTP/1.1" 200 16206 "http://ed.activities.at/entry.php?id=11671" "Mozilla/5.0 (Windows NT 10.0; WOW64; rv:50.0) Gecko/20100101 Firefox/50.0"
83.64.76.58 - - [16/Jan/2017:17:32:10 +0100] "GET /framework/webfx/javascript/tinymce/skins/lightgray/content.min.css HTTP/1.1" 404 327 "http://ed.activities.at/entry.php?id=11671" "Mozilla/5.0 (Windows NT 10.0; WOW64; rv:50.0) Gecko/20100101 Firefox/50.0"
90.146.3.54 - - [16/Jan/2017:17:32:17 +0100] "GET /entry.php?id=10271&&ser=584275 HTTP/1.1" 200 987 "http://ed.activities.at/entry.php?id=10271&&ser=584213" "Mozilla/5.0 (Windows NT 10.0; WOW64) AppleWebKit/537.36 (KHTML, like Gecko) Chrome/55.0.2883.87 Safari/537.36"
90.146.3.54 - - [16/Jan/2017:17:32:18 +0100] "GET /gui/javascript/form_form.js?1484584337 HTTP/1.1" 200 16206 "http://ed.activities.at/entry.php?id=10271&&ser=584275" "Mozilla/5.0 (Windows NT 10.0; WOW64) AppleWebKit/537.36 (KHTML, like Gecko) Chrome/55.0.2883.87 Safari/537.36"
213.163.226.237 - - [16/Jan/2017:17:32:21 +0100] "GET /entry.php?id=10271&&ser=584279 HTTP/1.1" 200 986 "http://easydrivers.activities.at/entry.php?id=10271&&ser=584219" "Mozilla/5.0 (Windows NT 10.0; WOW64) AppleWebKit/537.36 (KHTML, like Gecko) Chrome/55.0.2883.87 Safari/537.36"
213.163.226.237 - - [16/Jan/2017:17:32:21 +0100] "GET /gui/javascript/form_form.js?1484584341 HTTP/1.1" 200 16206 "http://easydrivers.activities.at/entry.php?id=10271&&ser=584279" "Mozilla/5.0 (Windows NT 10.0; WOW64) AppleWebKit/537.36 (KHTML, like Gecko) Chrome/55.0.2883.87 Safari/537.36"
83.64.76.58 - - [16/Jan/2017:17:32:26 +0100] "POST /entry.php?id=11671 HTTP/1.1" 200 3205 "http://ed.activities.at/entry.php?id=11671" "Mozilla/5.0 (Windows NT 10.0; WOW64; rv:50.0) Gecko/20100101 Firefox/50.0"
83.64.76.58 - - [16/Jan/2017:17:32:27 +0100] "GET /gui/javascript/form_form.js?1484584347 HTTP/1.1" 200 16206 "http://ed.activities.at/entry.php?id=11671" "Mozilla/5.0 (Windows NT 10.0; WOW64; rv:50.0) Gecko/20100101 Firefox/50.0"
83.64.76.58 - - [16/Jan/2017:17:32:27 +0100] "GET /framework/webfx/javascript/tinymce/skins/lightgray/content.min.css HTTP/1.1" 404 327 "http://ed.activities.at/entry.php?id=11671" "Mozilla/5.0 (Windows NT 10.0; WOW64; rv:50.0) Gecko/20100101 Firefox/50.0"
83.64.76.58 - - [16/Jan/2017:17:32:28 +0100] "GET /entry.php?id=10271&&ser=584288 HTTP/1.1" 200 987 "http://ed.activities.at/entry.php?id=10271&&ser=584227" "Mozilla/5.0 (Windows NT 10.0; WOW64; rv:50.0) Gecko/20100101 Firefox/50.0"
83.64.76.58 - - [16/Jan/2017:17:32:28 +0100] "GET /gui/javascript/form_form.js?1484584348 HTTP/1.1" 200 16206 "http://ed.activities.at/entry.php?id=10271&&ser=584288" "Mozilla/5.0 (Windows NT 10.0; WOW64; rv:50.0) Gecko/20100101 Firefox/50.0"
83.64.76.58 - - [16/Jan/2017:17:32:34 +0100] "POST /entry.php?id=11671 HTTP/1.1" 200 3248 "http://ed.activities.at/entry.php?id=11671" "Mozilla/5.0 (Windows NT 10.0; WOW64; rv:50.0) Gecko/20100101 Firefox/50.0"
83.64.76.58 - - [16/Jan/2017:17:32:35 +0100] "GET /gui/javascript/form_form.js?1484584355 HTTP/1.1" 200 16206 "http://ed.activities.at/entry.php?id=11671" "Mozilla/5.0 (Windows NT 10.0; WOW64; rv:50.0) Gecko/20100101 Firefox/50.0"
83.64.76.58 - - [16/Jan/2017:17:32:35 +0100] "GET /framework/webfx/javascript/tinymce/skins/lightgray/content.min.css HTTP/1.1" 404 327 "http://ed.activities.at/entry.php?id=11671" "Mozilla/5.0 (Windows NT 10.0; WOW64; rv:50.0) Gecko/20100101 Firefox/50.0"
83.64.76.58 - - [16/Jan/2017:17:32:45 +0100] "POST /entry.php?id=11672 HTTP/1.1" 200 2713 "http://ed.activities.at/entry.php?id=11672" "Mozilla/5.0 (Windows NT 10.0; WOW64; rv:50.0) Gecko/20100101 Firefox/50.0"
83.64.76.58 - - [16/Jan/2017:17:32:45 +0100] "GET /gui/javascript/form_form.js?1484584365 HTTP/1.1" 200 16206 "http://ed.activities.at/entry.php?id=11672" "Mozilla/5.0 (Windows NT 10.0; WOW64; rv:50.0) Gecko/20100101 Firefox/50.0"
83.64.76.58 - - [16/Jan/2017:17:32:45 +0100] "GET /entry.php?id=10778&form=11497&name=list& HTTP/1.1" 200 3172 "http://ed.activities.at/entry.php?id=11672" "Mozilla/5.0 (Windows NT 10.0; WOW64; rv:50.0) Gecko/20100101 Firefox/50.0"
83.64.76.58 - - [16/Jan/2017:17:32:45 +0100] "GET /entry.php?id=10776&form=11497&name=list& HTTP/1.1" 200 1940 "http://ed.activities.at/entry.php?id=11672" "Mozilla/5.0 (Windows NT 10.0; WOW64; rv:50.0) Gecko/20100101 Firefox/50.0"
83.64.76.58 - - [16/Jan/2017:17:32:49 +0100] "POST /entry.php?id=11671 HTTP/1.1" 200 3204 "http://ed.activities.at/entry.php?id=11671" "Mozilla/5.0 (Windows NT 10.0; WOW64; rv:50.0) Gecko/20100101 Firefox/50.0"
83.64.76.58 - - [16/Jan/2017:17:32:49 +0100] "GET /gui/javascript/form_form.js?1484584369 HTTP/1.1" 200 16206 "http://ed.activities.at/entry.php?id=11671" "Mozilla/5.0 (Windows NT 10.0; WOW64; rv:50.0) Gecko/20100101 Firefox/50.0"
83.64.76.58 - - [16/Jan/2017:17:32:50 +0100] "GET /framework/webfx/javascript/tinymce/skins/lightgray/content.min.css HTTP/1.1" 404 327 "http://ed.activities.at/entry.php?id=11671" "Mozilla/5.0 (Windows NT 10.0; WOW64; rv:50.0) Gecko/20100101 Firefox/50.0"
83.64.76.58 - - [16/Jan/2017:17:32:54 +0100] "POST /entry.php?id=11671 HTTP/1.1" 200 3248 "http://ed.activities.at/entry.php?id=11671" "Mozilla/5.0 (Windows NT 10.0; WOW64; rv:50.0) Gecko/20100101 Firefox/50.0"
83.64.76.58 - - [16/Jan/2017:17:32:55 +0100] "GET /gui/javascript/form_form.js?1484584375 HTTP/1.1" 200 16206 "http://ed.activities.at/entry.php?id=11671" "Mozilla/5.0 (Windows NT 10.0; WOW64; rv:50.0) Gecko/20100101 Firefox/50.0"
83.64.76.58 - - [16/Jan/2017:17:32:55 +0100] "GET /framework/webfx/javascript/tinymce/skins/lightgray/content.min.css HTTP/1.1" 404 327 "http://ed.activities.at/entry.php?id=11671" "Mozilla/5.0 (Windows NT 10.0; WOW64; rv:50.0) Gecko/20100101 Firefox/50.0"
83.64.76.58 - - [16/Jan/2017:17:33:08 +0100] "POST /entry.php?id=11672 HTTP/1.1" 200 2711 "http://ed.activities.at/entry.php?id=11672" "Mozilla/5.0 (Windows NT 10.0; WOW64; rv:50.0) Gecko/20100101 Firefox/50.0"
83.64.76.58 - - [16/Jan/2017:17:33:09 +0100] "GET /gui/javascript/form_form.js?1484584389 HTTP/1.1" 200 16206 "http://ed.activities.at/entry.php?id=11672" "Mozilla/5.0 (Windows NT 10.0; WOW64; rv:50.0) Gecko/20100101 Firefox/50.0"
83.64.76.58 - - [16/Jan/2017:17:33:09 +0100] "GET /entry.php?id=10778&form=11497&name=list& HTTP/1.1" 200 3166 "http://ed.activities.at/entry.php?id=11672" "Mozilla/5.0 (Windows NT 10.0; WOW64; rv:50.0) Gecko/20100101 Firefox/50.0"
83.64.76.58 - - [16/Jan/2017:17:33:09 +0100] "GET /entry.php?id=10776&form=11497&name=list& HTTP/1.1" 200 1940 "http://ed.activities.at/entry.php?id=11672" "Mozilla/5.0 (Windows NT 10.0; WOW64; rv:50.0) Gecko/20100101 Firefox/50.0"
83.64.76.58 - - [16/Jan/2017:17:33:11 +0100] "POST /entry.php?id=11671 HTTP/1.1" 200 3265 "http://ed.activities.at/entry.php?id=11671" "Mozilla/5.0 (Windows NT 10.0; WOW64; rv:50.0) Gecko/20100101 Firefox/50.0"
83.64.76.58 - - [16/Jan/2017:17:33:11 +0100] "GET /gui/javascript/form_form.js?1484584391 HTTP/1.1" 200 16206 "http://ed.activities.at/entry.php?id=11671" "Mozilla/5.0 (Windows NT 10.0; WOW64; rv:50.0) Gecko/20100101 Firefox/50.0"
83.64.76.58 - - [16/Jan/2017:17:33:12 +0100] "GET /framework/webfx/javascript/tinymce/skins/lightgray/content.min.css HTTP/1.1" 404 327 "http://ed.activities.at/entry.php?id=11671" "Mozilla/5.0 (Windows NT 10.0; WOW64; rv:50.0) Gecko/20100101 Firefox/50.0"
83.64.76.58 - - [16/Jan/2017:17:33:17 +0100] "POST /entry.php?id=11671 HTTP/1.1" 200 3248 "http://ed.activities.at/entry.php?id=11671" "Mozilla/5.0 (Windows NT 10.0; WOW64; rv:50.0) Gecko/20100101 Firefox/50.0"
83.64.76.58 - - [16/Jan/2017:17:33:17 +0100] "GET /gui/javascript/form_form.js?1484584397 HTTP/1.1" 200 16206 "http://ed.activities.at/entry.php?id=11671" "Mozilla/5.0 (Windows NT 10.0; WOW64; rv:50.0) Gecko/20100101 Firefox/50.0"
83.64.76.58 - - [16/Jan/2017:17:33:18 +0100] "GET /framework/webfx/javascript/tinymce/skins/lightgray/content.min.css HTTP/1.1" 404 327 "http://ed.activities.at/entry.php?id=11671" "Mozilla/5.0 (Windows NT 10.0; WOW64; rv:50.0) Gecko/20100101 Firefox/50.0"
90.146.3.54 - - [16/Jan/2017:17:33:19 +0100] "GET /entry.php?id=10271&&ser=584337 HTTP/1.1" 200 986 "http://ed.activities.at/entry.php?id=10271&&ser=584275" "Mozilla/5.0 (Windows NT 10.0; WOW64) AppleWebKit/537.36 (KHTML, like Gecko) Chrome/55.0.2883.87 Safari/537.36"
90.146.3.54 - - [16/Jan/2017:17:33:20 +0100] "GET /gui/javascript/form_form.js?1484584399 HTTP/1.1" 200 16206 "http://ed.activities.at/entry.php?id=10271&&ser=584337" "Mozilla/5.0 (Windows NT 10.0; WOW64) AppleWebKit/537.36 (KHTML, like Gecko) Chrome/55.0.2883.87 Safari/537.36"
213.163.226.237 - - [16/Jan/2017:17:33:22 +0100] "GET /entry.php?id=10271&&ser=584341 HTTP/1.1" 200 987 "http://easydrivers.activities.at/entry.php?id=10271&&ser=584279" "Mozilla/5.0 (Windows NT 10.0; WOW64) AppleWebKit/537.36 (KHTML, like Gecko) Chrome/55.0.2883.87 Safari/537.36"
213.163.226.237 - - [16/Jan/2017:17:33:22 +0100] "GET /gui/javascript/form_form.js?1484584402 HTTP/1.1" 200 16206 "http://easydrivers.activities.at/entry.php?id=10271&&ser=584341" "Mozilla/5.0 (Windows NT 10.0; WOW64) AppleWebKit/537.36 (KHTML, like Gecko) Chrome/55.0.2883.87 Safari/537.36"
83.64.76.58 - - [16/Jan/2017:17:33:28 +0100] "GET /entry.php?id=10271&&ser=584348 HTTP/1.1" 200 986 "http://ed.activities.at/entry.php?id=10271&&ser=584288" "Mozilla/5.0 (Windows NT 10.0; WOW64; rv:50.0) Gecko/20100101 Firefox/50.0"
83.64.76.58 - - [16/Jan/2017:17:33:29 +0100] "GET /gui/javascript/form_form.js?1484584408 HTTP/1.1" 200 16206 "http://ed.activities.at/entry.php?id=10271&&ser=584348" "Mozilla/5.0 (Windows NT 10.0; WOW64; rv:50.0) Gecko/20100101 Firefox/50.0"
83.64.76.58 - - [16/Jan/2017:17:33:29 +0100] "POST /entry.php?id=11671 HTTP/1.1" 200 3203 "http://ed.activities.at/entry.php?id=11671" "Mozilla/5.0 (Windows NT 10.0; WOW64; rv:50.0) Gecko/20100101 Firefox/50.0"
83.64.76.58 - - [16/Jan/2017:17:33:29 +0100] "GET /gui/javascript/form_form.js?1484584409 HTTP/1.1" 200 16206 "http://ed.activities.at/entry.php?id=11671" "Mozilla/5.0 (Windows NT 10.0; WOW64; rv:50.0) Gecko/20100101 Firefox/50.0"
83.64.76.58 - - [16/Jan/2017:17:33:30 +0100] "GET /framework/webfx/javascript/tinymce/skins/lightgray/content.min.css HTTP/1.1" 404 327 "http://ed.activities.at/entry.php?id=11671" "Mozilla/5.0 (Windows NT 10.0; WOW64; rv:50.0) Gecko/20100101 Firefox/50.0"
90.146.3.54 - - [16/Jan/2017:17:34:21 +0100] "GET /entry.php?id=10271&&ser=584399 HTTP/1.1" 200 986 "http://ed.activities.at/entry.php?id=10271&&ser=584337" "Mozilla/5.0 (Windows NT 10.0; WOW64) AppleWebKit/537.36 (KHTML, like Gecko) Chrome/55.0.2883.87 Safari/537.36"
90.146.3.54 - - [16/Jan/2017:17:34:22 +0100] "GET /gui/javascript/form_form.js?1484584461 HTTP/1.1" 200 16206 "http://ed.activities.at/entry.php?id=10271&&ser=584399" "Mozilla/5.0 (Windows NT 10.0; WOW64) AppleWebKit/537.36 (KHTML, like Gecko) Chrome/55.0.2883.87 Safari/537.36"
213.163.226.237 - - [16/Jan/2017:17:34:23 +0100] "GET /entry.php?id=10271&&ser=584402 HTTP/1.1" 200 987 "http://easydrivers.activities.at/entry.php?id=10271&&ser=584341" "Mozilla/5.0 (Windows NT 10.0; WOW64) AppleWebKit/537.36 (KHTML, like Gecko) Chrome/55.0.2883.87 Safari/537.36"
213.163.226.237 - - [16/Jan/2017:17:34:23 +0100] "GET /gui/javascript/form_form.js?1484584463 HTTP/1.1" 200 16206 "http://easydrivers.activities.at/entry.php?id=10271&&ser=584402" "Mozilla/5.0 (Windows NT 10.0; WOW64) AppleWebKit/537.36 (KHTML, like Gecko) Chrome/55.0.2883.87 Safari/537.36"
83.64.76.58 - - [16/Jan/2017:17:34:29 +0100] "GET /entry.php?id=10271&&ser=584408 HTTP/1.1" 200 987 "http://ed.activities.at/entry.php?id=10271&&ser=584348" "Mozilla/5.0 (Windows NT 10.0; WOW64; rv:50.0) Gecko/20100101 Firefox/50.0"
83.64.76.58 - - [16/Jan/2017:17:34:29 +0100] "GET /gui/javascript/form_form.js?1484584469 HTTP/1.1" 200 16206 "http://ed.activities.at/entry.php?id=10271&&ser=584408" "Mozilla/5.0 (Windows NT 10.0; WOW64; rv:50.0) Gecko/20100101 Firefox/50.0"
83.64.76.58 - - [16/Jan/2017:17:35:20 +0100] "POST /entry.php?id=11672 HTTP/1.1" 200 2711 "http://ed.activities.at/entry.php?id=11672" "Mozilla/5.0 (Windows NT 10.0; WOW64; rv:50.0) Gecko/20100101 Firefox/50.0"
83.64.76.58 - - [16/Jan/2017:17:35:20 +0100] "GET /gui/javascript/form_form.js?1484584520 HTTP/1.1" 200 16206 "http://ed.activities.at/entry.php?id=11672" "Mozilla/5.0 (Windows NT 10.0; WOW64; rv:50.0) Gecko/20100101 Firefox/50.0"
83.64.76.58 - - [16/Jan/2017:17:35:20 +0100] "GET /entry.php?id=10776&form=11497&name=list& HTTP/1.1" 200 1940 "http://ed.activities.at/entry.php?id=11672" "Mozilla/5.0 (Windows NT 10.0; WOW64; rv:50.0) Gecko/20100101 Firefox/50.0"
83.64.76.58 - - [16/Jan/2017:17:35:20 +0100] "GET /entry.php?id=10778&form=11497&name=list& HTTP/1.1" 200 3117 "http://ed.activities.at/entry.php?id=11672" "Mozilla/5.0 (Windows NT 10.0; WOW64; rv:50.0) Gecko/20100101 Firefox/50.0"
213.163.226.237 - - [16/Jan/2017:17:35:23 +0100] "GET /entry.php?id=10271&&ser=584463 HTTP/1.1" 200 986 "http://easydrivers.activities.at/entry.php?id=10271&&ser=584402" "Mozilla/5.0 (Windows NT 10.0; WOW64) AppleWebKit/537.36 (KHTML, like Gecko) Chrome/55.0.2883.87 Safari/537.36"
90.146.3.54 - - [16/Jan/2017:17:35:23 +0100] "GET /entry.php?id=10271&&ser=584461 HTTP/1.1" 200 986 "http://ed.activities.at/entry.php?id=10271&&ser=584399" "Mozilla/5.0 (Windows NT 10.0; WOW64) AppleWebKit/537.36 (KHTML, like Gecko) Chrome/55.0.2883.87 Safari/537.36"
90.146.3.54 - - [16/Jan/2017:17:35:24 +0100] "GET /gui/javascript/form_form.js?1484584523 HTTP/1.1" 200 16206 "http://ed.activities.at/entry.php?id=10271&&ser=584461" "Mozilla/5.0 (Windows NT 10.0; WOW64) AppleWebKit/537.36 (KHTML, like Gecko) Chrome/55.0.2883.87 Safari/537.36"
213.163.226.237 - - [16/Jan/2017:17:35:24 +0100] "GET /gui/javascript/form_form.js?1484584523 HTTP/1.1" 200 16206 "http://easydrivers.activities.at/entry.php?id=10271&&ser=584463" "Mozilla/5.0 (Windows NT 10.0; WOW64) AppleWebKit/537.36 (KHTML, like Gecko) Chrome/55.0.2883.87 Safari/537.36"
83.64.76.58 - - [16/Jan/2017:17:35:29 +0100] "GET /entry.php?id=10271&&ser=584469 HTTP/1.1" 200 986 "http://ed.activities.at/entry.php?id=10271&&ser=584408" "Mozilla/5.0 (Windows NT 10.0; WOW64; rv:50.0) Gecko/20100101 Firefox/50.0"
83.64.76.58 - - [16/Jan/2017:17:35:29 +0100] "GET /gui/javascript/form_form.js?1484584529 HTTP/1.1" 200 16206 "http://ed.activities.at/entry.php?id=10271&&ser=584469" "Mozilla/5.0 (Windows NT 10.0; WOW64; rv:50.0) Gecko/20100101 Firefox/50.0"
83.64.76.58 - - [16/Jan/2017:17:35:37 +0100] "POST /entry.php?id=11671 HTTP/1.1" 200 4808 "http://ed.activities.at/entry.php?id=11671" "Mozilla/5.0 (Windows NT 10.0; WOW64; rv:50.0) Gecko/20100101 Firefox/50.0"
83.64.76.58 - - [16/Jan/2017:17:35:38 +0100] "GET /gui/javascript/form_form.js?1484584538 HTTP/1.1" 200 16206 "http://ed.activities.at/entry.php?id=11671" "Mozilla/5.0 (Windows NT 10.0; WOW64; rv:50.0) Gecko/20100101 Firefox/50.0"
83.64.76.58 - - [16/Jan/2017:17:35:38 +0100] "GET /entry.php?id=10776&form=11496&name=list& HTTP/1.1" 200 1519 "http://ed.activities.at/entry.php?id=11671" "Mozilla/5.0 (Windows NT 10.0; WOW64; rv:50.0) Gecko/20100101 Firefox/50.0"
83.64.76.58 - - [16/Jan/2017:17:35:38 +0100] "GET /entry.php?id=10778&form=11496&name=list& HTTP/1.1" 200 5731 "http://ed.activities.at/entry.php?id=11671" "Mozilla/5.0 (Windows NT 10.0; WOW64; rv:50.0) Gecko/20100101 Firefox/50.0"
83.64.76.58 - - [16/Jan/2017:17:35:52 +0100] "POST /entry.php?id=11671 HTTP/1.1" 200 3230 "http://ed.activities.at/entry.php?id=11671" "Mozilla/5.0 (Windows NT 10.0; WOW64; rv:50.0) Gecko/20100101 Firefox/50.0"
83.64.76.58 - - [16/Jan/2017:17:35:52 +0100] "GET /gui/javascript/form_form.js?1484584552 HTTP/1.1" 200 16206 "http://ed.activities.at/entry.php?id=11671" "Mozilla/5.0 (Windows NT 10.0; WOW64; rv:50.0) Gecko/20100101 Firefox/50.0"
83.64.76.58 - - [16/Jan/2017:17:35:53 +0100] "GET /framework/webfx/javascript/tinymce/skins/lightgray/content.min.css HTTP/1.1" 404 327 "http://ed.activities.at/entry.php?id=11671" "Mozilla/5.0 (Windows NT 10.0; WOW64; rv:50.0) Gecko/20100101 Firefox/50.0"
83.64.76.58 - - [16/Jan/2017:17:36:12 +0100] "GET /entry.php?id=11673 HTTP/1.1" 200 358 "http://ed.activities.at/entry.php?id=10270&&__app__=10006038" "Mozilla/5.0 (Windows NT 10.0; WOW64; rv:50.0) Gecko/20100101 Firefox/50.0"
83.64.76.58 - - [16/Jan/2017:17:36:13 +0100] "GET /entry.php?id=10676&&title=F%FChrerscheinkurse HTTP/1.1" 200 1394 "http://ed.activities.at/entry.php?id=11673" "Mozilla/5.0 (Windows NT 10.0; WOW64; rv:50.0) Gecko/20100101 Firefox/50.0"
83.64.76.58 - - [16/Jan/2017:17:36:13 +0100] "GET /gui/javascript/form_form.js?1484584573 HTTP/1.1" 200 16206 "http://ed.activities.at/entry.php?id=10676&&title=F%FChrerscheinkurse" "Mozilla/5.0 (Windows NT 10.0; WOW64; rv:50.0) Gecko/20100101 Firefox/50.0"
83.64.76.58 - - [16/Jan/2017:17:36:13 +0100] "GET /entry.php?id=11694& HTTP/1.1" 200 3149 "http://ed.activities.at/entry.php?id=11673" "Mozilla/5.0 (Windows NT 10.0; WOW64; rv:50.0) Gecko/20100101 Firefox/50.0"
83.64.76.58 - - [16/Jan/2017:17:36:14 +0100] "GET /activities/framework/KoolControls/KoolAjax/koolajax.php?8436e354c842500aba3cbaf0584c0c24 HTTP/1.1" 200 4079 "http://ed.activities.at/entry.php?id=11694&" "Mozilla/5.0 (Windows NT 10.0; WOW64; rv:50.0) Gecko/20100101 Firefox/50.0"
83.64.76.58 - - [16/Jan/2017:17:36:14 +0100] "GET /activities/framework/KoolControls/KoolTreeView/kooltreeview.php?c7cd9180e88ffef8e70f13526bb4f5f7 HTTP/1.1" 200 5055 "http://ed.activities.at/entry.php?id=11694&" "Mozilla/5.0 (Windows NT 10.0; WOW64; rv:50.0) Gecko/20100101 Firefox/50.0"
83.64.76.58 - - [16/Jan/2017:17:36:13 +0100] "GET /entry.php?id=11671& HTTP/1.1" 200 4535 "http://ed.activities.at/entry.php?id=11673" "Mozilla/5.0 (Windows NT 10.0; WOW64; rv:50.0) Gecko/20100101 Firefox/50.0"
83.64.76.58 - - [16/Jan/2017:17:36:14 +0100] "GET /gui/javascript/form_form.js?1484584574 HTTP/1.1" 200 16206 "http://ed.activities.at/entry.php?id=11671&" "Mozilla/5.0 (Windows NT 10.0; WOW64; rv:50.0) Gecko/20100101 Firefox/50.0"
83.64.76.58 - - [16/Jan/2017:17:36:13 +0100] "GET /entry.php?id=11672& HTTP/1.1" 200 2691 "http://ed.activities.at/entry.php?id=11673" "Mozilla/5.0 (Windows NT 10.0; WOW64; rv:50.0) Gecko/20100101 Firefox/50.0"
83.64.76.58 - - [16/Jan/2017:17:36:14 +0100] "GET /entry.php?id=10776&form=11496&name=list& HTTP/1.1" 200 1526 "http://ed.activities.at/entry.php?id=11671&" "Mozilla/5.0 (Windows NT 10.0; WOW64; rv:50.0) Gecko/20100101 Firefox/50.0"
83.64.76.58 - - [16/Jan/2017:17:36:14 +0100] "GET /entry.php?id=10778&form=11496&name=list& HTTP/1.1" 200 2493 "http://ed.activities.at/entry.php?id=11671&" "Mozilla/5.0 (Windows NT 10.0; WOW64; rv:50.0) Gecko/20100101 Firefox/50.0"
83.64.76.58 - - [16/Jan/2017:17:36:14 +0100] "GET /entry.php?id=10776&form=11497&name=list& HTTP/1.1" 200 1942 "http://ed.activities.at/entry.php?id=11672&" "Mozilla/5.0 (Windows NT 10.0; WOW64; rv:50.0) Gecko/20100101 Firefox/50.0"
83.64.76.58 - - [16/Jan/2017:17:36:14 +0100] "GET /entry.php?id=10778&form=11497&name=list& HTTP/1.1" 200 9519 "http://ed.activities.at/entry.php?id=11672&" "Mozilla/5.0 (Windows NT 10.0; WOW64; rv:50.0) Gecko/20100101 Firefox/50.0"
83.64.76.58 - - [16/Jan/2017:17:36:23 +0100] "POST /entry.php?id=11672 HTTP/1.1" 200 2706 "http://ed.activities.at/entry.php?id=11672&" "Mozilla/5.0 (Windows NT 10.0; WOW64; rv:50.0) Gecko/20100101 Firefox/50.0"
83.64.76.58 - - [16/Jan/2017:17:36:23 +0100] "GET /gui/javascript/form_form.js?1484584583 HTTP/1.1" 200 16206 "http://ed.activities.at/entry.php?id=11672" "Mozilla/5.0 (Windows NT 10.0; WOW64; rv:50.0) Gecko/20100101 Firefox/50.0"
83.64.76.58 - - [16/Jan/2017:17:36:23 +0100] "GET /entry.php?id=10776&form=11497&name=list& HTTP/1.1" 200 1940 "http://ed.activities.at/entry.php?id=11672" "Mozilla/5.0 (Windows NT 10.0; WOW64; rv:50.0) Gecko/20100101 Firefox/50.0"
83.64.76.58 - - [16/Jan/2017:17:36:23 +0100] "GET /entry.php?id=10778&form=11497&name=list& HTTP/1.1" 200 2860 "http://ed.activities.at/entry.php?id=11672" "Mozilla/5.0 (Windows NT 10.0; WOW64; rv:50.0) Gecko/20100101 Firefox/50.0"
213.163.226.237 - - [16/Jan/2017:17:36:24 +0100] "GET /entry.php?id=10271&&ser=584523 HTTP/1.1" 200 984 "http://easydrivers.activities.at/entry.php?id=10271&&ser=584463" "Mozilla/5.0 (Windows NT 10.0; WOW64) AppleWebKit/537.36 (KHTML, like Gecko) Chrome/55.0.2883.87 Safari/537.36"
213.163.226.237 - - [16/Jan/2017:17:36:24 +0100] "GET /gui/javascript/form_form.js?1484584584 HTTP/1.1" 200 16206 "http://easydrivers.activities.at/entry.php?id=10271&&ser=584523" "Mozilla/5.0 (Windows NT 10.0; WOW64) AppleWebKit/537.36 (KHTML, like Gecko) Chrome/55.0.2883.87 Safari/537.36"
90.146.3.54 - - [16/Jan/2017:17:36:25 +0100] "GET /entry.php?id=10271&&ser=584523 HTTP/1.1" 200 985 "http://ed.activities.at/entry.php?id=10271&&ser=584461" "Mozilla/5.0 (Windows NT 10.0; WOW64) AppleWebKit/537.36 (KHTML, like Gecko) Chrome/55.0.2883.87 Safari/537.36"
90.146.3.54 - - [16/Jan/2017:17:36:26 +0100] "GET /gui/javascript/form_form.js?1484584585 HTTP/1.1" 200 16206 "http://ed.activities.at/entry.php?id=10271&&ser=584523" "Mozilla/5.0 (Windows NT 10.0; WOW64) AppleWebKit/537.36 (KHTML, like Gecko) Chrome/55.0.2883.87 Safari/537.36"
83.64.76.58 - - [16/Jan/2017:17:36:29 +0100] "POST /entry.php?id=11671 HTTP/1.1" 200 4772 "http://ed.activities.at/entry.php?id=11671&" "Mozilla/5.0 (Windows NT 10.0; WOW64; rv:50.0) Gecko/20100101 Firefox/50.0"
83.64.76.58 - - [16/Jan/2017:17:36:30 +0100] "GET /gui/javascript/form_form.js?1484584590 HTTP/1.1" 200 16206 "http://ed.activities.at/entry.php?id=11671" "Mozilla/5.0 (Windows NT 10.0; WOW64; rv:50.0) Gecko/20100101 Firefox/50.0"
83.64.76.58 - - [16/Jan/2017:17:36:30 +0100] "GET /entry.php?id=10271&&ser=584529 HTTP/1.1" 200 986 "http://ed.activities.at/entry.php?id=10271&&ser=584469" "Mozilla/5.0 (Windows NT 10.0; WOW64; rv:50.0) Gecko/20100101 Firefox/50.0"
83.64.76.58 - - [16/Jan/2017:17:36:30 +0100] "GET /entry.php?id=10776&form=11496&name=list& HTTP/1.1" 200 1519 "http://ed.activities.at/entry.php?id=11671" "Mozilla/5.0 (Windows NT 10.0; WOW64; rv:50.0) Gecko/20100101 Firefox/50.0"
83.64.76.58 - - [16/Jan/2017:17:36:30 +0100] "GET /entry.php?id=10778&form=11496&name=list& HTTP/1.1" 200 5735 "http://ed.activities.at/entry.php?id=11671" "Mozilla/5.0 (Windows NT 10.0; WOW64; rv:50.0) Gecko/20100101 Firefox/50.0"
83.64.76.58 - - [16/Jan/2017:17:36:32 +0100] "POST /entry.php?id=11671 HTTP/1.1" 200 3196 "http://ed.activities.at/entry.php?id=11671" "Mozilla/5.0 (Windows NT 10.0; WOW64; rv:50.0) Gecko/20100101 Firefox/50.0"
