62.99.181.193 - - [24/Jan/2017:17:14:40 +0100] "GET /gui/javascript/form_form.js?1485274480 HTTP/1.1" 200 16206 "http://easydrivers.activities.at/entry.php?id=10271&&ser=274419" "Mozilla/5.0 (Windows NT 10.0; WOW64; Trident/7.0; rv:11.0) like Gecko"
62.99.181.193 - - [24/Jan/2017:17:14:51 +0100] "POST /entry.php?id=11676 HTTP/1.1" 200 4873 "http://easydrivers.activities.at/entry.php?id=11676" "Mozilla/5.0 (Windows NT 10.0; WOW64; Trident/7.0; rv:11.0) like Gecko"
62.99.181.193 - - [24/Jan/2017:17:14:52 +0100] "GET /gui/javascript/form_form.js?1485274491 HTTP/1.1" 200 16206 "http://easydrivers.activities.at/entry.php?id=11676" "Mozilla/5.0 (Windows NT 10.0; WOW64; Trident/7.0; rv:11.0) like Gecko"
213.86.241.133 - - [24/Jan/2017:17:14:53 +0100] "POST /entry.php?id=11676 HTTP/1.1" 200 3210 "http://easydrivers.activities.at/entry.php?id=11676" "Mozilla/5.0 (Windows NT 10.0; Trident/7.0; rv:11.0) like Gecko"
213.86.241.133 - - [24/Jan/2017:17:14:54 +0100] "GET /gui/javascript/form_form.js?1485274494 HTTP/1.1" 200 16206 "http://easydrivers.activities.at/entry.php?id=11676" "Mozilla/5.0 (Windows NT 10.0; Trident/7.0; rv:11.0) like Gecko"
213.86.241.133 - - [24/Jan/2017:17:14:56 +0100] "GET /framework/webfx/javascript/tinymce/skins/lightgray/content.min.css HTTP/1.1" 404 331 "http://easydrivers.activities.at/entry.php?id=11676" "Mozilla/5.0 (Windows NT 10.0; Trident/7.0; rv:11.0) like Gecko"
213.86.241.133 - - [24/Jan/2017:17:15:04 +0100] "POST /entry.php?id=11676 HTTP/1.1" 200 4572 "http://easydrivers.activities.at/entry.php?id=11676" "Mozilla/5.0 (Windows NT 10.0; Trident/7.0; rv:11.0) like Gecko"
213.86.241.133 - - [24/Jan/2017:17:15:04 +0100] "GET /gui/javascript/form_form.js?1485274504 HTTP/1.1" 200 16206 "http://easydrivers.activities.at/entry.php?id=11676" "Mozilla/5.0 (Windows NT 10.0; Trident/7.0; rv:11.0) like Gecko"
62.99.181.193 - - [24/Jan/2017:17:15:05 +0100] "POST /entry.php?id=11676 HTTP/1.1" 200 3046 "http://easydrivers.activities.at/entry.php?id=11676" "Mozilla/5.0 (Windows NT 10.0; WOW64; Trident/7.0; rv:11.0) like Gecko"
62.99.181.193 - - [24/Jan/2017:17:15:06 +0100] "GET /gui/javascript/form_form.js?1485274506 HTTP/1.1" 200 16206 "http://easydrivers.activities.at/entry.php?id=11676" "Mozilla/5.0 (Windows NT 10.0; WOW64; Trident/7.0; rv:11.0) like Gecko"
62.99.181.193 - - [24/Jan/2017:17:15:08 +0100] "GET /framework/webfx/javascript/tinymce/skins/lightgray/content.min.css HTTP/1.1" 404 331 "http://easydrivers.activities.at/entry.php?id=11676" "Mozilla/5.0 (Windows NT 10.0; WOW64; Trident/7.0; rv:11.0) like Gecko"
213.86.241.133 - - [24/Jan/2017:17:15:09 +0100] "POST /entry.php?id=11676 HTTP/1.1" 200 3209 "http://easydrivers.activities.at/entry.php?id=11676" "Mozilla/5.0 (Windows NT 10.0; Trident/7.0; rv:11.0) like Gecko"
213.86.241.133 - - [24/Jan/2017:17:15:10 +0100] "GET /gui/javascript/form_form.js?1485274510 HTTP/1.1" 200 16206 "http://easydrivers.activities.at/entry.php?id=11676" "Mozilla/5.0 (Windows NT 10.0; Trident/7.0; rv:11.0) like Gecko"
213.86.241.133 - - [24/Jan/2017:17:15:12 +0100] "GET /framework/webfx/javascript/tinymce/skins/lightgray/content.min.css HTTP/1.1" 404 331 "http://easydrivers.activities.at/entry.php?id=11676" "Mozilla/5.0 (Windows NT 10.0; Trident/7.0; rv:11.0) like Gecko"
213.86.241.133 - - [24/Jan/2017:17:15:30 +0100] "GET /entry.php?id=10271&&ser=274469 HTTP/1.1" 200 986 "http://easydrivers.activities.at/entry.php?id=10271&&ser=274408" "Mozilla/5.0 (Windows NT 10.0; Trident/7.0; rv:11.0) like Gecko"
213.86.241.133 - - [24/Jan/2017:17:15:31 +0100] "GET /gui/javascript/form_form.js?1485274530 HTTP/1.1" 200 16206 "http://easydrivers.activities.at/entry.php?id=10271&&ser=274469" "Mozilla/5.0 (Windows NT 10.0; Trident/7.0; rv:11.0) like Gecko"
207.46.13.172 - - [24/Jan/2017:17:15:37 +0100] "GET /layout.php HTTP/1.1" 200 915 "-" "Mozilla/5.0 (iPhone; CPU iPhone OS 7_0 like Mac OS X) AppleWebKit/537.51.1 (KHTML, like Gecko) Version/7.0 Mobile/11A465 Safari/9537.53 (compatible; bingbot/2.0; +http://www.bing.com/bingbot.htm)"
62.99.181.193 - - [24/Jan/2017:17:15:40 +0100] "GET /entry.php?id=10271&&ser=274480 HTTP/1.1" 200 985 "http://easydrivers.activities.at/entry.php?id=10271&&ser=274419" "Mozilla/5.0 (Windows NT 10.0; WOW64; Trident/7.0; rv:11.0) like Gecko"
62.99.181.193 - - [24/Jan/2017:17:15:41 +0100] "GET /gui/javascript/form_form.js?1485274541 HTTP/1.1" 200 16206 "http://easydrivers.activities.at/entry.php?id=10271&&ser=274480" "Mozilla/5.0 (Windows NT 10.0; WOW64; Trident/7.0; rv:11.0) like Gecko"
40.77.167.80 - - [24/Jan/2017:17:15:43 +0100] "GET /robots.txt HTTP/1.1" 404 292 "-" "Mozilla/5.0 (compatible; bingbot/2.0; +http://www.bing.com/bingbot.htm)"
40.77.167.80 - - [24/Jan/2017:17:15:43 +0100] "GET /robots.txt HTTP/1.1" 404 292 "-" "Mozilla/5.0 (compatible; bingbot/2.0; +http://www.bing.com/bingbot.htm)"
40.77.167.80 - - [24/Jan/2017:17:15:43 +0100] "GET /robots.txt HTTP/1.1" 404 292 "-" "Mozilla/5.0 (compatible; bingbot/2.0; +http://www.bing.com/bingbot.htm)"
157.55.39.10 - - [24/Jan/2017:17:15:50 +0100] "GET /entry.php?id=10272 HTTP/1.1" 200 1188 "-" "Mozilla/5.0 (iPhone; CPU iPhone OS 7_0 like Mac OS X) AppleWebKit/537.51.1 (KHTML, like Gecko) Version/7.0 Mobile/11A465 Safari/9537.53 (compatible; bingbot/2.0; +http://www.bing.com/bingbot.htm)"
40.77.167.80 - - [24/Jan/2017:17:15:54 +0100] "GET /entry.php?id=10273 HTTP/1.1" 200 1933 "-" "Mozilla/5.0 (iPhone; CPU iPhone OS 7_0 like Mac OS X) AppleWebKit/537.51.1 (KHTML, like Gecko) Version/7.0 Mobile/11A465 Safari/9537.53 (compatible; bingbot/2.0; +http://www.bing.com/bingbot.htm)"
40.77.167.80 - - [24/Jan/2017:17:15:55 +0100] "GET /entry.php?id=11412 HTTP/1.1" 200 1759 "-" "Mozilla/5.0 (iPhone; CPU iPhone OS 7_0 like Mac OS X) AppleWebKit/537.51.1 (KHTML, like Gecko) Version/7.0 Mobile/11A465 Safari/9537.53 (compatible; bingbot/2.0; +http://www.bing.com/bingbot.htm)"
40.77.167.80 - - [24/Jan/2017:17:15:55 +0100] "GET /gui/javascript/form_form.js HTTP/1.1" 200 16206 "-" "Mozilla/5.0 (iPhone; CPU iPhone OS 7_0 like Mac OS X) AppleWebKit/537.51.1 (KHTML, like Gecko) Version/7.0 Mobile/11A465 Safari/9537.53 (compatible; bingbot/2.0; +http://www.bing.com/bingbot.htm)"
207.46.13.172 - - [24/Jan/2017:17:15:59 +0100] "GET /entry.php?id=10270 HTTP/1.1" 200 908 "-" "Mozilla/5.0 (iPhone; CPU iPhone OS 7_0 like Mac OS X) AppleWebKit/537.51.1 (KHTML, like Gecko) Version/7.0 Mobile/11A465 Safari/9537.53 (compatible; bingbot/2.0; +http://www.bing.com/bingbot.htm)"
213.86.241.133 - - [24/Jan/2017:17:16:32 +0100] "GET /entry.php?id=10271&&ser=274530 HTTP/1.1" 200 986 "http://easydrivers.activities.at/entry.php?id=10271&&ser=274469" "Mozilla/5.0 (Windows NT 10.0; Trident/7.0; rv:11.0) like Gecko"
213.86.241.133 - - [24/Jan/2017:17:16:32 +0100] "GET /gui/javascript/form_form.js?1485274592 HTTP/1.1" 200 16206 "http://easydrivers.activities.at/entry.php?id=10271&&ser=274530" "Mozilla/5.0 (Windows NT 10.0; Trident/7.0; rv:11.0) like Gecko"
62.99.181.193 - - [24/Jan/2017:17:16:41 +0100] "GET /entry.php?id=10271&&ser=274541 HTTP/1.1" 200 985 "http://easydrivers.activities.at/entry.php?id=10271&&ser=274480" "Mozilla/5.0 (Windows NT 10.0; WOW64; Trident/7.0; rv:11.0) like Gecko"
62.99.181.193 - - [24/Jan/2017:17:16:41 +0100] "GET /gui/javascript/form_form.js?1485274601 HTTP/1.1" 200 16206 "http://easydrivers.activities.at/entry.php?id=10271&&ser=274541" "Mozilla/5.0 (Windows NT 10.0; WOW64; Trident/7.0; rv:11.0) like Gecko"
213.86.241.133 - - [24/Jan/2017:17:17:00 +0100] "POST /entry.php?id=11676 HTTP/1.1" 200 3568 "http://easydrivers.activities.at/entry.php?id=11676" "Mozilla/5.0 (Windows NT 10.0; Trident/7.0; rv:11.0) like Gecko"
213.86.241.133 - - [24/Jan/2017:17:17:01 +0100] "GET /gui/javascript/form_form.js?1485274620 HTTP/1.1" 200 16206 "http://easydrivers.activities.at/entry.php?id=11676" "Mozilla/5.0 (Windows NT 10.0; Trident/7.0; rv:11.0) like Gecko"
213.86.241.133 - - [24/Jan/2017:17:17:03 +0100] "GET /framework/webfx/javascript/tinymce/skins/lightgray/content.min.css HTTP/1.1" 404 331 "http://easydrivers.activities.at/entry.php?id=11676" "Mozilla/5.0 (Windows NT 10.0; Trident/7.0; rv:11.0) like Gecko"
213.86.241.133 - - [24/Jan/2017:17:17:33 +0100] "GET /entry.php?id=10271&&ser=274592 HTTP/1.1" 200 986 "http://easydrivers.activities.at/entry.php?id=10271&&ser=274530" "Mozilla/5.0 (Windows NT 10.0; Trident/7.0; rv:11.0) like Gecko"
213.86.241.133 - - [24/Jan/2017:17:17:33 +0100] "GET /gui/javascript/form_form.js?1485274653 HTTP/1.1" 200 16206 "http://easydrivers.activities.at/entry.php?id=10271&&ser=274592" "Mozilla/5.0 (Windows NT 10.0; Trident/7.0; rv:11.0) like Gecko"
62.99.181.193 - - [24/Jan/2017:17:17:42 +0100] "GET /entry.php?id=10271&&ser=274601 HTTP/1.1" 200 986 "http://easydrivers.activities.at/entry.php?id=10271&&ser=274541" "Mozilla/5.0 (Windows NT 10.0; WOW64; Trident/7.0; rv:11.0) like Gecko"
62.99.181.193 - - [24/Jan/2017:17:17:42 +0100] "GET /gui/javascript/form_form.js?1485274662 HTTP/1.1" 200 16206 "http://easydrivers.activities.at/entry.php?id=10271&&ser=274601" "Mozilla/5.0 (Windows NT 10.0; WOW64; Trident/7.0; rv:11.0) like Gecko"
213.86.241.133 - - [24/Jan/2017:17:18:11 +0100] "POST /entry.php?id=11676 HTTP/1.1" 200 4571 "http://easydrivers.activities.at/entry.php?id=11676" "Mozilla/5.0 (Windows NT 10.0; Trident/7.0; rv:11.0) like Gecko"
213.86.241.133 - - [24/Jan/2017:17:18:12 +0100] "GET /gui/javascript/form_form.js?1485274691 HTTP/1.1" 200 16206 "http://easydrivers.activities.at/entry.php?id=11676" "Mozilla/5.0 (Windows NT 10.0; Trident/7.0; rv:11.0) like Gecko"
213.86.241.133 - - [24/Jan/2017:17:18:14 +0100] "POST /entry.php?id=11676 HTTP/1.1" 200 3213 "http://easydrivers.activities.at/entry.php?id=11676" "Mozilla/5.0 (Windows NT 10.0; Trident/7.0; rv:11.0) like Gecko"
213.86.241.133 - - [24/Jan/2017:17:18:15 +0100] "GET /gui/javascript/form_form.js?1485274695 HTTP/1.1" 200 16206 "http://easydrivers.activities.at/entry.php?id=11676" "Mozilla/5.0 (Windows NT 10.0; Trident/7.0; rv:11.0) like Gecko"
213.86.241.133 - - [24/Jan/2017:17:18:17 +0100] "GET /framework/webfx/javascript/tinymce/skins/lightgray/content.min.css HTTP/1.1" 404 331 "http://easydrivers.activities.at/entry.php?id=11676" "Mozilla/5.0 (Windows NT 10.0; Trident/7.0; rv:11.0) like Gecko"
213.86.241.133 - - [24/Jan/2017:17:18:27 +0100] "POST /entry.php?id=11676 HTTP/1.1" 200 4572 "http://easydrivers.activities.at/entry.php?id=11676" "Mozilla/5.0 (Windows NT 10.0; Trident/7.0; rv:11.0) like Gecko"
213.86.241.133 - - [24/Jan/2017:17:18:27 +0100] "GET /gui/javascript/form_form.js?1485274707 HTTP/1.1" 200 16206 "http://easydrivers.activities.at/entry.php?id=11676" "Mozilla/5.0 (Windows NT 10.0; Trident/7.0; rv:11.0) like Gecko"
213.86.241.133 - - [24/Jan/2017:17:18:34 +0100] "GET /entry.php?id=10271&&ser=274653 HTTP/1.1" 200 986 "http://easydrivers.activities.at/entry.php?id=10271&&ser=274592" "Mozilla/5.0 (Windows NT 10.0; Trident/7.0; rv:11.0) like Gecko"
213.86.241.133 - - [24/Jan/2017:17:18:35 +0100] "GET /gui/javascript/form_form.js?1485274714 HTTP/1.1" 200 16206 "http://easydrivers.activities.at/entry.php?id=10271&&ser=274653" "Mozilla/5.0 (Windows NT 10.0; Trident/7.0; rv:11.0) like Gecko"
213.86.241.133 - - [24/Jan/2017:17:18:41 +0100] "POST /entry.php?id=11676 HTTP/1.1" 200 3213 "http://easydrivers.activities.at/entry.php?id=11676" "Mozilla/5.0 (Windows NT 10.0; Trident/7.0; rv:11.0) like Gecko"
213.86.241.133 - - [24/Jan/2017:17:18:42 +0100] "GET /gui/javascript/form_form.js?1485274721 HTTP/1.1" 200 16206 "http://easydrivers.activities.at/entry.php?id=11676" "Mozilla/5.0 (Windows NT 10.0; Trident/7.0; rv:11.0) like Gecko"
62.99.181.193 - - [24/Jan/2017:17:18:43 +0100] "GET /entry.php?id=10271&&ser=274662 HTTP/1.1" 200 986 "http://easydrivers.activities.at/entry.php?id=10271&&ser=274601" "Mozilla/5.0 (Windows NT 10.0; WOW64; Trident/7.0; rv:11.0) like Gecko"
62.99.181.193 - - [24/Jan/2017:17:18:43 +0100] "GET /gui/javascript/form_form.js?1485274723 HTTP/1.1" 200 16206 "http://easydrivers.activities.at/entry.php?id=10271&&ser=274662" "Mozilla/5.0 (Windows NT 10.0; WOW64; Trident/7.0; rv:11.0) like Gecko"
62.99.181.193 - - [24/Jan/2017:17:18:44 +0100] "POST /entry.php?id=11676 HTTP/1.1" 200 3536 "http://easydrivers.activities.at/entry.php?id=11676" "Mozilla/5.0 (Windows NT 10.0; WOW64; Trident/7.0; rv:11.0) like Gecko"
213.86.241.133 - - [24/Jan/2017:17:18:44 +0100] "GET /framework/webfx/javascript/tinymce/skins/lightgray/content.min.css HTTP/1.1" 404 331 "http://easydrivers.activities.at/entry.php?id=11676" "Mozilla/5.0 (Windows NT 10.0; Trident/7.0; rv:11.0) like Gecko"
62.99.181.193 - - [24/Jan/2017:17:18:44 +0100] "GET /gui/javascript/form_form.js?1485274724 HTTP/1.1" 200 16206 "http://easydrivers.activities.at/entry.php?id=11676" "Mozilla/5.0 (Windows NT 10.0; WOW64; Trident/7.0; rv:11.0) like Gecko"
62.99.181.193 - - [24/Jan/2017:17:18:45 +0100] "GET /framework/webfx/javascript/tinymce/skins/lightgray/content.min.css HTTP/1.1" 404 331 "http://easydrivers.activities.at/entry.php?id=11676" "Mozilla/5.0 (Windows NT 10.0; WOW64; Trident/7.0; rv:11.0) like Gecko"
213.86.241.133 - - [24/Jan/2017:17:18:55 +0100] "POST /entry.php?id=11676 HTTP/1.1" 200 4572 "http://easydrivers.activities.at/entry.php?id=11676" "Mozilla/5.0 (Windows NT 10.0; Trident/7.0; rv:11.0) like Gecko"
213.86.241.133 - - [24/Jan/2017:17:18:55 +0100] "GET /gui/javascript/form_form.js?1485274735 HTTP/1.1" 200 16206 "http://easydrivers.activities.at/entry.php?id=11676" "Mozilla/5.0 (Windows NT 10.0; Trident/7.0; rv:11.0) like Gecko"
213.86.241.133 - - [24/Jan/2017:17:19:05 +0100] "POST /entry.php?id=11676 HTTP/1.1" 200 4852 "http://easydrivers.activities.at/entry.php?id=11676" "Mozilla/5.0 (Windows NT 10.0; Trident/7.0; rv:11.0) like Gecko"
213.86.241.133 - - [24/Jan/2017:17:19:06 +0100] "GET /gui/javascript/form_form.js?1485274746 HTTP/1.1" 200 16206 "http://easydrivers.activities.at/entry.php?id=11676" "Mozilla/5.0 (Windows NT 10.0; Trident/7.0; rv:11.0) like Gecko"
62.99.181.193 - - [24/Jan/2017:17:19:11 +0100] "POST /entry.php?id=11676 HTTP/1.1" 200 4556 "http://easydrivers.activities.at/entry.php?id=11676" "Mozilla/5.0 (Windows NT 10.0; WOW64; Trident/7.0; rv:11.0) like Gecko"
62.99.181.193 - - [24/Jan/2017:17:19:12 +0100] "GET /gui/javascript/form_form.js?1485274751 HTTP/1.1" 200 16206 "http://easydrivers.activities.at/entry.php?id=11676" "Mozilla/5.0 (Windows NT 10.0; WOW64; Trident/7.0; rv:11.0) like Gecko"
62.99.181.193 - - [24/Jan/2017:17:19:14 +0100] "POST /entry.php?id=11676 HTTP/1.1" 200 4836 "http://easydrivers.activities.at/entry.php?id=11676" "Mozilla/5.0 (Windows NT 10.0; WOW64; Trident/7.0; rv:11.0) like Gecko"
62.99.181.193 - - [24/Jan/2017:17:19:15 +0100] "GET /gui/javascript/form_form.js?1485274755 HTTP/1.1" 200 16206 "http://easydrivers.activities.at/entry.php?id=11676" "Mozilla/5.0 (Windows NT 10.0; WOW64; Trident/7.0; rv:11.0) like Gecko"
213.86.241.133 - - [24/Jan/2017:17:19:35 +0100] "GET /entry.php?id=10271&&ser=274714 HTTP/1.1" 200 986 "http://easydrivers.activities.at/entry.php?id=10271&&ser=274653" "Mozilla/5.0 (Windows NT 10.0; Trident/7.0; rv:11.0) like Gecko"
213.86.241.133 - - [24/Jan/2017:17:19:36 +0100] "GET /gui/javascript/form_form.js?1485274776 HTTP/1.1" 200 16206 "http://easydrivers.activities.at/entry.php?id=10271&&ser=274714" "Mozilla/5.0 (Windows NT 10.0; Trident/7.0; rv:11.0) like Gecko"
62.99.181.193 - - [24/Jan/2017:17:19:40 +0100] "GET /entry.php?id=10287&login=1 HTTP/1.1" 200 2174 "http://easydrivers.activities.at/entry.php?id=11412" "Mozilla/5.0 (Windows NT 10.0; WOW64; Trident/7.0; rv:11.0) like Gecko"
62.99.181.193 - - [24/Jan/2017:17:19:40 +0100] "GET /gui/javascript/form_form.js?1485274780 HTTP/1.1" 200 16206 "http://easydrivers.activities.at/entry.php?id=10287&login=1" "Mozilla/5.0 (Windows NT 10.0; WOW64; Trident/7.0; rv:11.0) like Gecko"
213.86.241.133 - - [24/Jan/2017:17:19:42 +0100] "GET /entry.php?id=10287&login=1 HTTP/1.1" 200 2174 "http://easydrivers.activities.at/entry.php?id=11412" "Mozilla/5.0 (Windows NT 10.0; Trident/7.0; rv:11.0) like Gecko"
213.86.241.133 - - [24/Jan/2017:17:19:42 +0100] "GET /gui/javascript/form_form.js?1485274782 HTTP/1.1" 200 16206 "http://easydrivers.activities.at/entry.php?id=10287&login=1" "Mozilla/5.0 (Windows NT 10.0; Trident/7.0; rv:11.0) like Gecko"
62.99.181.193 - - [24/Jan/2017:17:19:42 +0100] "POST /entry.php?id=10287& HTTP/1.1" 200 2429 "http://easydrivers.activities.at/entry.php?id=10287&login=1" "Mozilla/5.0 (Windows NT 10.0; WOW64; Trident/7.0; rv:11.0) like Gecko"
62.99.181.193 - - [24/Jan/2017:17:19:43 +0100] "GET /gui/javascript/form_form.js?1485274783 HTTP/1.1" 200 16206 "http://easydrivers.activities.at/entry.php?id=10287&" "Mozilla/5.0 (Windows NT 10.0; WOW64; Trident/7.0; rv:11.0) like Gecko"
62.99.181.193 - - [24/Jan/2017:17:19:43 +0100] "GET /entry.php?id=10270& HTTP/1.1" 200 907 "http://easydrivers.activities.at/layout.php" "Mozilla/5.0 (Windows NT 10.0; WOW64; Trident/7.0; rv:11.0) like Gecko"
62.99.181.193 - - [24/Jan/2017:17:19:43 +0100] "GET /entry.php?id=10273&logout=true& HTTP/1.1" 200 1912 "http://easydrivers.activities.at/layout.php" "Mozilla/5.0 (Windows NT 10.0; WOW64; Trident/7.0; rv:11.0) like Gecko"
213.86.241.133 - - [24/Jan/2017:17:19:47 +0100] "POST /entry.php?id=10287& HTTP/1.1" 200 2247 "http://easydrivers.activities.at/entry.php?id=10287&login=1" "Mozilla/5.0 (Windows NT 10.0; Trident/7.0; rv:11.0) like Gecko"
213.86.241.133 - - [24/Jan/2017:17:19:47 +0100] "GET /gui/javascript/form_form.js?1485274787 HTTP/1.1" 200 16206 "http://easydrivers.activities.at/entry.php?id=10287&" "Mozilla/5.0 (Windows NT 10.0; Trident/7.0; rv:11.0) like Gecko"
213.86.241.133 - - [24/Jan/2017:17:19:48 +0100] "GET /entry.php?id=10271&&ser=274714 HTTP/1.1" 200 986 "http://easydrivers.activities.at/entry.php?id=10271&&ser=274653" "Mozilla/5.0 (Windows NT 10.0; Trident/7.0; rv:11.0) like Gecko"
213.86.241.133 - - [24/Jan/2017:17:19:49 +0100] "GET /gui/javascript/jquery/css/gui-themes/custom.min.css HTTP/1.1" 304 - "http://easydrivers.activities.at/entry.php?id=10271&&ser=274714" "Mozilla/5.0 (Windows NT 10.0; Trident/7.0; rv:11.0) like Gecko"
213.86.241.133 - - [24/Jan/2017:17:19:49 +0100] "GET /gui/javascript/jquery/css/gui-themes/ui.spinner.css HTTP/1.1" 304 - "http://easydrivers.activities.at/entry.php?id=10271&&ser=274714" "Mozilla/5.0 (Windows NT 10.0; Trident/7.0; rv:11.0) like Gecko"
213.86.241.133 - - [24/Jan/2017:17:19:49 +0100] "GET /gui/javascript/jquery/css/gui-themes/jquery.tooltip.css HTTP/1.1" 304 - "http://easydrivers.activities.at/entry.php?id=10271&&ser=274714" "Mozilla/5.0 (Windows NT 10.0; Trident/7.0; rv:11.0) like Gecko"
213.86.241.133 - - [24/Jan/2017:17:19:49 +0100] "GET /gui/styles/tmplDefault.css HTTP/1.1" 304 - "http://easydrivers.activities.at/entry.php?id=10271&&ser=274714" "Mozilla/5.0 (Windows NT 10.0; Trident/7.0; rv:11.0) like Gecko"
213.86.241.133 - - [24/Jan/2017:17:19:49 +0100] "GET /gui/javascript/form_form.js?1485274788 HTTP/1.1" 200 16206 "http://easydrivers.activities.at/entry.php?id=10271&&ser=274714" "Mozilla/5.0 (Windows NT 10.0; Trident/7.0; rv:11.0) like Gecko"
213.86.241.133 - - [24/Jan/2017:17:19:49 +0100] "GET /gui/javascript/jquery/js/jquery-1.8.2.js HTTP/1.1" 304 - "http://easydrivers.activities.at/entry.php?id=10271&&ser=274714" "Mozilla/5.0 (Windows NT 10.0; Trident/7.0; rv:11.0) like Gecko"
213.86.241.133 - - [24/Jan/2017:17:19:49 +0100] "GET /gui/javascript/jquery/js/jquery-ui-1.9.0.custom.min.js HTTP/1.1" 304 - "http://easydrivers.activities.at/entry.php?id=10271&&ser=274714" "Mozilla/5.0 (Windows NT 10.0; Trident/7.0; rv:11.0) like Gecko"
213.86.241.133 - - [24/Jan/2017:17:19:50 +0100] "GET /gui/javascript/jquery/jquery-tooltip/jquery.tooltip.min.js HTTP/1.1" 304 - "http://easydrivers.activities.at/entry.php?id=10271&&ser=274714" "Mozilla/5.0 (Windows NT 10.0; Trident/7.0; rv:11.0) like Gecko"
213.86.241.133 - - [24/Jan/2017:17:19:51 +0100] "GET /entry.php?id=11674 HTTP/1.1" 200 321 "http://easydrivers.activities.at/entry.php?id=11412" "Mozilla/5.0 (Windows NT 10.0; Trident/7.0; rv:11.0) like Gecko"
213.86.241.133 - - [24/Jan/2017:17:19:51 +0100] "GET /entry.php?id=10676&&title=Aktionen HTTP/1.1" 200 1388 "http://easydrivers.activities.at/entry.php?id=11674" "Mozilla/5.0 (Windows NT 10.0; Trident/7.0; rv:11.0) like Gecko"
213.86.241.133 - - [24/Jan/2017:17:19:51 +0100] "GET /gui/javascript/form_form.js?1485274791 HTTP/1.1" 200 16206 "http://easydrivers.activities.at/entry.php?id=10676&&title=Aktionen" "Mozilla/5.0 (Windows NT 10.0; Trident/7.0; rv:11.0) like Gecko"
213.86.241.133 - - [24/Jan/2017:17:19:51 +0100] "GET /entry.php?id=11675& HTTP/1.1" 200 2691 "http://easydrivers.activities.at/entry.php?id=11674" "Mozilla/5.0 (Windows NT 10.0; Trident/7.0; rv:11.0) like Gecko"
213.86.241.133 - - [24/Jan/2017:17:19:51 +0100] "GET /entry.php?id=11676& HTTP/1.1" 200 4383 "http://easydrivers.activities.at/entry.php?id=11674" "Mozilla/5.0 (Windows NT 10.0; Trident/7.0; rv:11.0) like Gecko"
213.86.241.133 - - [24/Jan/2017:17:19:52 +0100] "GET /gui/javascript/form_form.js?1485274792 HTTP/1.1" 200 16206 "http://easydrivers.activities.at/entry.php?id=11675&" "Mozilla/5.0 (Windows NT 10.0; Trident/7.0; rv:11.0) like Gecko"
213.86.241.133 - - [24/Jan/2017:17:19:53 +0100] "GET /entry.php?id=10776&form=11500&name=list& HTTP/1.1" 200 2450 "http://easydrivers.activities.at/entry.php?id=11675&" "Mozilla/5.0 (Windows NT 10.0; Trident/7.0; rv:11.0) like Gecko"
213.86.241.133 - - [24/Jan/2017:17:19:53 +0100] "GET /entry.php?id=10778&form=11500&name=list& HTTP/1.1" 200 2993 "http://easydrivers.activities.at/entry.php?id=11675&" "Mozilla/5.0 (Windows NT 10.0; Trident/7.0; rv:11.0) like Gecko"
213.86.241.133 - - [24/Jan/2017:17:19:56 +0100] "POST /entry.php?id=11676 HTTP/1.1" 200 4549 "http://easydrivers.activities.at/entry.php?id=11676&" "Mozilla/5.0 (Windows NT 10.0; Trident/7.0; rv:11.0) like Gecko"
213.86.241.133 - - [24/Jan/2017:17:19:57 +0100] "GET /gui/javascript/form_form.js?1485274797 HTTP/1.1" 200 16206 "http://easydrivers.activities.at/entry.php?id=11676" "Mozilla/5.0 (Windows NT 10.0; Trident/7.0; rv:11.0) like Gecko"
213.86.241.133 - - [24/Jan/2017:17:19:59 +0100] "POST /entry.php?id=11676 HTTP/1.1" 200 3195 "http://easydrivers.activities.at/entry.php?id=11676" "Mozilla/5.0 (Windows NT 10.0; Trident/7.0; rv:11.0) like Gecko"
213.86.241.133 - - [24/Jan/2017:17:20:00 +0100] "GET /gui/javascript/form_form.js?1485274800 HTTP/1.1" 200 16206 "http://easydrivers.activities.at/entry.php?id=11676" "Mozilla/5.0 (Windows NT 10.0; Trident/7.0; rv:11.0) like Gecko"
213.86.241.133 - - [24/Jan/2017:17:20:02 +0100] "GET /framework/webfx/javascript/tinymce/skins/lightgray/content.min.css HTTP/1.1" 404 331 "http://easydrivers.activities.at/entry.php?id=11676" "Mozilla/5.0 (Windows NT 10.0; Trident/7.0; rv:11.0) like Gecko"
213.86.241.133 - - [24/Jan/2017:17:20:50 +0100] "GET /entry.php?id=10271&&ser=274788 HTTP/1.1" 200 986 "http://easydrivers.activities.at/entry.php?id=10271&&ser=274714" "Mozilla/5.0 (Windows NT 10.0; Trident/7.0; rv:11.0) like Gecko"
213.86.241.133 - - [24/Jan/2017:17:20:50 +0100] "GET /gui/javascript/form_form.js?1485274850 HTTP/1.1" 200 16206 "http://easydrivers.activities.at/entry.php?id=10271&&ser=274788" "Mozilla/5.0 (Windows NT 10.0; Trident/7.0; rv:11.0) like Gecko"
213.86.241.133 - - [24/Jan/2017:17:21:51 +0100] "GET /entry.php?id=10271&&ser=274850 HTTP/1.1" 200 985 "http://easydrivers.activities.at/entry.php?id=10271&&ser=274788" "Mozilla/5.0 (Windows NT 10.0; Trident/7.0; rv:11.0) like Gecko"
213.86.241.133 - - [24/Jan/2017:17:21:51 +0100] "GET /gui/javascript/form_form.js?1485274911 HTTP/1.1" 200 16206 "http://easydrivers.activities.at/entry.php?id=10271&&ser=274850" "Mozilla/5.0 (Windows NT 10.0; Trident/7.0; rv:11.0) like Gecko"
213.86.241.133 - - [24/Jan/2017:17:22:52 +0100] "GET /entry.php?id=10271&&ser=274911 HTTP/1.1" 200 986 "http://easydrivers.activities.at/entry.php?id=10271&&ser=274850" "Mozilla/5.0 (Windows NT 10.0; Trident/7.0; rv:11.0) like Gecko"
213.86.241.133 - - [24/Jan/2017:17:22:53 +0100] "GET /gui/javascript/form_form.js?1485274972 HTTP/1.1" 200 16206 "http://easydrivers.activities.at/entry.php?id=10271&&ser=274911" "Mozilla/5.0 (Windows NT 10.0; Trident/7.0; rv:11.0) like Gecko"
213.86.241.133 - - [24/Jan/2017:17:22:54 +0100] "GET /gui/images/emptybar.gif HTTP/1.1" 200 89 "http://easydrivers.activities.at/entry.php?id=10272" "Mozilla/5.0 (Windows NT 10.0; Trident/7.0; rv:11.0) like Gecko"
213.86.241.133 - - [24/Jan/2017:17:23:54 +0100] "GET /entry.php?id=10271&&ser=274972 HTTP/1.1" 200 987 "http://easydrivers.activities.at/entry.php?id=10271&&ser=274911" "Mozilla/5.0 (Windows NT 10.0; Trident/7.0; rv:11.0) like Gecko"
213.86.241.133 - - [24/Jan/2017:17:23:54 +0100] "GET /gui/javascript/form_form.js?1485275034 HTTP/1.1" 200 16206 "http://easydrivers.activities.at/entry.php?id=10271&&ser=274972" "Mozilla/5.0 (Windows NT 10.0; Trident/7.0; rv:11.0) like Gecko"
213.86.241.133 - - [24/Jan/2017:17:24:55 +0100] "GET /entry.php?id=10271&&ser=275034 HTTP/1.1" 200 987 "http://easydrivers.activities.at/entry.php?id=10271&&ser=274972" "Mozilla/5.0 (Windows NT 10.0; Trident/7.0; rv:11.0) like Gecko"
213.86.241.133 - - [24/Jan/2017:17:24:55 +0100] "GET /gui/javascript/form_form.js?1485275095 HTTP/1.1" 200 16206 "http://easydrivers.activities.at/entry.php?id=10271&&ser=275034" "Mozilla/5.0 (Windows NT 10.0; Trident/7.0; rv:11.0) like Gecko"
213.86.241.133 - - [24/Jan/2017:17:25:56 +0100] "GET /entry.php?id=10271&&ser=275095 HTTP/1.1" 200 987 "http://easydrivers.activities.at/entry.php?id=10271&&ser=275034" "Mozilla/5.0 (Windows NT 10.0; Trident/7.0; rv:11.0) like Gecko"
213.86.241.133 - - [24/Jan/2017:17:25:57 +0100] "GET /gui/javascript/form_form.js?1485275157 HTTP/1.1" 200 16206 "http://easydrivers.activities.at/entry.php?id=10271&&ser=275095" "Mozilla/5.0 (Windows NT 10.0; Trident/7.0; rv:11.0) like Gecko"
213.86.241.133 - - [24/Jan/2017:17:26:58 +0100] "GET /entry.php?id=10271&&ser=275157 HTTP/1.1" 200 986 "http://easydrivers.activities.at/entry.php?id=10271&&ser=275095" "Mozilla/5.0 (Windows NT 10.0; Trident/7.0; rv:11.0) like Gecko"
213.86.241.133 - - [24/Jan/2017:17:26:58 +0100] "GET /gui/javascript/form_form.js?1485275218 HTTP/1.1" 200 16206 "http://easydrivers.activities.at/entry.php?id=10271&&ser=275157" "Mozilla/5.0 (Windows NT 10.0; Trident/7.0; rv:11.0) like Gecko"
213.86.241.133 - - [24/Jan/2017:17:27:59 +0100] "GET /entry.php?id=10271&&ser=275218 HTTP/1.1" 200 986 "http://easydrivers.activities.at/entry.php?id=10271&&ser=275157" "Mozilla/5.0 (Windows NT 10.0; Trident/7.0; rv:11.0) like Gecko"
213.86.241.133 - - [24/Jan/2017:17:28:00 +0100] "GET /gui/javascript/form_form.js?1485275279 HTTP/1.1" 200 16206 "http://easydrivers.activities.at/entry.php?id=10271&&ser=275218" "Mozilla/5.0 (Windows NT 10.0; Trident/7.0; rv:11.0) like Gecko"
213.86.241.133 - - [24/Jan/2017:17:29:01 +0100] "GET /entry.php?id=10271&&ser=275279 HTTP/1.1" 200 986 "http://easydrivers.activities.at/entry.php?id=10271&&ser=275218" "Mozilla/5.0 (Windows NT 10.0; Trident/7.0; rv:11.0) like Gecko"
213.86.241.133 - - [24/Jan/2017:17:29:01 +0100] "GET /gui/javascript/form_form.js?1485275341 HTTP/1.1" 200 16206 "http://easydrivers.activities.at/entry.php?id=10271&&ser=275279" "Mozilla/5.0 (Windows NT 10.0; Trident/7.0; rv:11.0) like Gecko"
213.86.241.133 - - [24/Jan/2017:17:30:02 +0100] "GET /entry.php?id=10271&&ser=275341 HTTP/1.1" 200 987 "http://easydrivers.activities.at/entry.php?id=10271&&ser=275279" "Mozilla/5.0 (Windows NT 10.0; Trident/7.0; rv:11.0) like Gecko"
213.86.241.133 - - [24/Jan/2017:17:30:02 +0100] "GET /gui/javascript/form_form.js?1485275402 HTTP/1.1" 200 16206 "http://easydrivers.activities.at/entry.php?id=10271&&ser=275341" "Mozilla/5.0 (Windows NT 10.0; Trident/7.0; rv:11.0) like Gecko"
213.86.241.133 - - [24/Jan/2017:17:31:03 +0100] "GET /entry.php?id=10271&&ser=275402 HTTP/1.1" 200 987 "http://easydrivers.activities.at/entry.php?id=10271&&ser=275341" "Mozilla/5.0 (Windows NT 10.0; Trident/7.0; rv:11.0) like Gecko"
213.86.241.133 - - [24/Jan/2017:17:31:03 +0100] "GET /gui/javascript/form_form.js?1485275463 HTTP/1.1" 200 16206 "http://easydrivers.activities.at/entry.php?id=10271&&ser=275402" "Mozilla/5.0 (Windows NT 10.0; Trident/7.0; rv:11.0) like Gecko"
213.86.241.133 - - [24/Jan/2017:17:32:04 +0100] "GET /entry.php?id=10271&&ser=275463 HTTP/1.1" 200 987 "http://easydrivers.activities.at/entry.php?id=10271&&ser=275402" "Mozilla/5.0 (Windows NT 10.0; Trident/7.0; rv:11.0) like Gecko"
213.86.241.133 - - [24/Jan/2017:17:32:05 +0100] "GET /gui/javascript/form_form.js?1485275525 HTTP/1.1" 200 16206 "http://easydrivers.activities.at/entry.php?id=10271&&ser=275463" "Mozilla/5.0 (Windows NT 10.0; Trident/7.0; rv:11.0) like Gecko"
213.86.241.133 - - [24/Jan/2017:17:33:06 +0100] "GET /entry.php?id=10271&&ser=275525 HTTP/1.1" 200 987 "http://easydrivers.activities.at/entry.php?id=10271&&ser=275463" "Mozilla/5.0 (Windows NT 10.0; Trident/7.0; rv:11.0) like Gecko"
213.86.241.133 - - [24/Jan/2017:17:33:06 +0100] "GET /gui/javascript/form_form.js?1485275586 HTTP/1.1" 200 16206 "http://easydrivers.activities.at/entry.php?id=10271&&ser=275525" "Mozilla/5.0 (Windows NT 10.0; Trident/7.0; rv:11.0) like Gecko"
213.86.241.133 - - [24/Jan/2017:17:34:07 +0100] "GET /entry.php?id=10271&&ser=275586 HTTP/1.1" 200 987 "http://easydrivers.activities.at/entry.php?id=10271&&ser=275525" "Mozilla/5.0 (Windows NT 10.0; Trident/7.0; rv:11.0) like Gecko"
213.86.241.133 - - [24/Jan/2017:17:34:07 +0100] "GET /gui/javascript/form_form.js?1485275647 HTTP/1.1" 200 16206 "http://easydrivers.activities.at/entry.php?id=10271&&ser=275586" "Mozilla/5.0 (Windows NT 10.0; Trident/7.0; rv:11.0) like Gecko"
213.86.241.133 - - [24/Jan/2017:17:35:00 +0100] "GET /gui/images/progressbar.gif HTTP/1.1" 200 2157 "http://easydrivers.activities.at/entry.php?id=10272" "Mozilla/5.0 (Windows NT 10.0; Trident/7.0; rv:11.0) like Gecko"
213.86.241.133 - - [24/Jan/2017:17:35:00 +0100] "POST /entry.php?id=11676 HTTP/1.1" 200 3546 "http://easydrivers.activities.at/entry.php?id=11676" "Mozilla/5.0 (Windows NT 10.0; Trident/7.0; rv:11.0) like Gecko"
213.86.241.133 - - [24/Jan/2017:17:35:00 +0100] "GET /gui/javascript/form_form.js?1485275700 HTTP/1.1" 200 16206 "http://easydrivers.activities.at/entry.php?id=11676" "Mozilla/5.0 (Windows NT 10.0; Trident/7.0; rv:11.0) like Gecko"
213.86.241.133 - - [24/Jan/2017:17:35:00 +0100] "GET /activities/framework/fwx_trans.gif HTTP/1.1" 200 43 "http://easydrivers.activities.at/entry.php?id=11676" "Mozilla/5.0 (Windows NT 10.0; Trident/7.0; rv:11.0) like Gecko"
213.86.241.133 - - [24/Jan/2017:17:35:01 +0100] "GET /gui/images/icons/note_msg_icon.gif HTTP/1.1" 200 1022 "http://easydrivers.activities.at/entry.php?id=10778&form=11500&name=list&" "Mozilla/5.0 (Windows NT 10.0; Trident/7.0; rv:11.0) like Gecko"
213.86.241.133 - - [24/Jan/2017:17:35:03 +0100] "GET /framework/webfx/javascript/tinymce/skins/lightgray/content.min.css HTTP/1.1" 404 331 "http://easydrivers.activities.at/entry.php?id=11676" "Mozilla/5.0 (Windows NT 10.0; Trident/7.0; rv:11.0) like Gecko"
213.86.241.133 - - [24/Jan/2017:17:35:08 +0100] "GET /entry.php?id=10271&&ser=275647 HTTP/1.1" 200 987 "http://easydrivers.activities.at/entry.php?id=10271&&ser=275586" "Mozilla/5.0 (Windows NT 10.0; Trident/7.0; rv:11.0) like Gecko"
213.86.241.133 - - [24/Jan/2017:17:35:08 +0100] "GET /gui/javascript/form_form.js?1485275708 HTTP/1.1" 200 16206 "http://easydrivers.activities.at/entry.php?id=10271&&ser=275647" "Mozilla/5.0 (Windows NT 10.0; Trident/7.0; rv:11.0) like Gecko"
213.86.241.133 - - [24/Jan/2017:17:36:09 +0100] "GET /entry.php?id=10271&&ser=275708 HTTP/1.1" 200 987 "http://easydrivers.activities.at/entry.php?id=10271&&ser=275647" "Mozilla/5.0 (Windows NT 10.0; Trident/7.0; rv:11.0) like Gecko"
213.86.241.133 - - [24/Jan/2017:17:36:10 +0100] "GET /gui/javascript/form_form.js?1485275770 HTTP/1.1" 200 16206 "http://easydrivers.activities.at/entry.php?id=10271&&ser=275708" "Mozilla/5.0 (Windows NT 10.0; Trident/7.0; rv:11.0) like Gecko"
213.86.241.133 - - [24/Jan/2017:17:36:29 +0100] "POST /entry.php?id=11676 HTTP/1.1" 200 4559 "http://easydrivers.activities.at/entry.php?id=11676" "Mozilla/5.0 (Windows NT 10.0; Trident/7.0; rv:11.0) like Gecko"
213.86.241.133 - - [24/Jan/2017:17:36:30 +0100] "GET /gui/javascript/form_form.js?1485275790 HTTP/1.1" 200 16206 "http://easydrivers.activities.at/entry.php?id=11676" "Mozilla/5.0 (Windows NT 10.0; Trident/7.0; rv:11.0) like Gecko"
213.86.241.133 - - [24/Jan/2017:17:36:31 +0100] "GET /gui/images/icons/disabled_delete.gif HTTP/1.1" 200 86 "http://easydrivers.activities.at/entry.php?id=11676" "Mozilla/5.0 (Windows NT 10.0; Trident/7.0; rv:11.0) like Gecko"
213.86.241.133 - - [24/Jan/2017:17:36:33 +0100] "POST /entry.php?id=11676 HTTP/1.1" 200 4838 "http://easydrivers.activities.at/entry.php?id=11676" "Mozilla/5.0 (Windows NT 10.0; Trident/7.0; rv:11.0) like Gecko"
213.86.241.133 - - [24/Jan/2017:17:36:34 +0100] "GET /gui/javascript/form_form.js?1485275794 HTTP/1.1" 200 16206 "http://easydrivers.activities.at/entry.php?id=11676" "Mozilla/5.0 (Windows NT 10.0; Trident/7.0; rv:11.0) like Gecko"
62.99.181.193 - - [24/Jan/2017:17:36:46 +0100] "GET / HTTP/1.1" 200 382 "-" "Mozilla/5.0 (Windows NT 10.0; WOW64; Trident/7.0; rv:11.0) like Gecko"
213.86.241.133 - - [24/Jan/2017:17:36:46 +0100] "GET /entry.php?id=10287&login=1 HTTP/1.1" 200 2174 "http://easydrivers.activities.at/entry.php?id=11412" "Mozilla/5.0 (Windows NT 10.0; Trident/7.0; rv:11.0) like Gecko"
213.86.241.133 - - [24/Jan/2017:17:36:46 +0100] "GET /gui/javascript/form_form.js?1485275806 HTTP/1.1" 200 16206 "http://easydrivers.activities.at/entry.php?id=10287&login=1" "Mozilla/5.0 (Windows NT 10.0; Trident/7.0; rv:11.0) like Gecko"
62.99.181.193 - - [24/Jan/2017:17:36:46 +0100] "GET /layout.php HTTP/1.1" 200 914 "-" "Mozilla/5.0 (Windows NT 10.0; WOW64; Trident/7.0; rv:11.0) like Gecko"
62.99.181.193 - - [24/Jan/2017:17:36:46 +0100] "GET /entry.php?id=10270 HTTP/1.1" 200 908 "http://easydrivers.activities.at/layout.php" "Mozilla/5.0 (Windows NT 10.0; WOW64; Trident/7.0; rv:11.0) like Gecko"
62.99.181.193 - - [24/Jan/2017:17:36:46 +0100] "GET /entry.php?id=10273 HTTP/1.1" 200 1902 "http://easydrivers.activities.at/layout.php" "Mozilla/5.0 (Windows NT 10.0; WOW64; Trident/7.0; rv:11.0) like Gecko"
62.99.181.193 - - [24/Jan/2017:17:36:46 +0100] "GET /entry.php?id=10272 HTTP/1.1" 200 1159 "http://easydrivers.activities.at/layout.php" "Mozilla/5.0 (Windows NT 10.0; WOW64; Trident/7.0; rv:11.0) like Gecko"
62.99.181.193 - - [24/Jan/2017:17:36:46 +0100] "GET /entry.php?id=11412 HTTP/1.1" 200 1758 "http://easydrivers.activities.at/layout.php" "Mozilla/5.0 (Windows NT 10.0; WOW64; Trident/7.0; rv:11.0) like Gecko"
62.99.181.193 - - [24/Jan/2017:17:36:46 +0100] "GET /gui/javascript/form_form.js?1485275806 HTTP/1.1" 200 16206 "http://easydrivers.activities.at/entry.php?id=10273" "Mozilla/5.0 (Windows NT 10.0; WOW64; Trident/7.0; rv:11.0) like Gecko"
62.99.181.193 - - [24/Jan/2017:17:36:47 +0100] "GET /entry.php?id=10287 HTTP/1.1" 200 2414 "http://easydrivers.activities.at/entry.php?id=11412" "Mozilla/5.0 (Windows NT 10.0; WOW64; Trident/7.0; rv:11.0) like Gecko"
62.99.181.193 - - [24/Jan/2017:17:36:47 +0100] "GET /entry.php?id=10271& HTTP/1.1" 200 934 "http://easydrivers.activities.at/entry.php?id=10272" "Mozilla/5.0 (Windows NT 10.0; WOW64; Trident/7.0; rv:11.0) like Gecko"
62.99.181.193 - - [24/Jan/2017:17:36:47 +0100] "GET /gui/javascript/form_form.js?1485275807 HTTP/1.1" 200 16206 "http://easydrivers.activities.at/entry.php?id=10287" "Mozilla/5.0 (Windows NT 10.0; WOW64; Trident/7.0; rv:11.0) like Gecko"
62.99.181.193 - - [24/Jan/2017:17:36:48 +0100] "GET /entry.php?id=10270& HTTP/1.1" 200 908 "http://easydrivers.activities.at/layout.php" "Mozilla/5.0 (Windows NT 10.0; WOW64; Trident/7.0; rv:11.0) like Gecko"
62.99.181.193 - - [24/Jan/2017:17:36:48 +0100] "GET /entry.php?id=10273& HTTP/1.1" 200 1902 "http://easydrivers.activities.at/layout.php" "Mozilla/5.0 (Windows NT 10.0; WOW64; Trident/7.0; rv:11.0) like Gecko"
62.99.181.193 - - [24/Jan/2017:17:36:48 +0100] "GET /gui/javascript/form_form.js?1485275808 HTTP/1.1" 200 16206 "http://easydrivers.activities.at/entry.php?id=10273&" "Mozilla/5.0 (Windows NT 10.0; WOW64; Trident/7.0; rv:11.0) like Gecko"
213.86.241.133 - - [24/Jan/2017:17:36:57 +0100] "POST /entry.php?id=10287& HTTP/1.1" 200 2428 "http://easydrivers.activities.at/entry.php?id=10287&login=1" "Mozilla/5.0 (Windows NT 10.0; Trident/7.0; rv:11.0) like Gecko"
213.86.241.133 - - [24/Jan/2017:17:36:57 +0100] "GET /gui/javascript/form_form.js?1485275817 HTTP/1.1" 200 16206 "http://easydrivers.activities.at/entry.php?id=10287&" "Mozilla/5.0 (Windows NT 10.0; Trident/7.0; rv:11.0) like Gecko"
213.86.241.133 - - [24/Jan/2017:17:36:58 +0100] "GET /entry.php?id=10273& HTTP/1.1" 200 1902 "http://easydrivers.activities.at/layout.php" "Mozilla/5.0 (Windows NT 10.0; Trident/7.0; rv:11.0) like Gecko"
213.86.241.133 - - [24/Jan/2017:17:36:58 +0100] "GET /entry.php?id=10270& HTTP/1.1" 200 908 "http://easydrivers.activities.at/layout.php" "Mozilla/5.0 (Windows NT 10.0; Trident/7.0; rv:11.0) like Gecko"
213.86.241.133 - - [24/Jan/2017:17:36:58 +0100] "GET /entry.php?id=10273&logout=true& HTTP/1.1" 200 1912 "http://easydrivers.activities.at/layout.php" "Mozilla/5.0 (Windows NT 10.0; Trident/7.0; rv:11.0) like Gecko"
213.86.241.133 - - [24/Jan/2017:17:36:58 +0100] "GET /gui/images/icons/Logo_activites_RGB.gif HTTP/1.1" 200 1336 "http://easydrivers.activities.at/entry.php?id=10273&logout=true&" "Mozilla/5.0 (Windows NT 10.0; Trident/7.0; rv:11.0) like Gecko"
213.86.241.133 - - [24/Jan/2017:17:36:58 +0100] "GET /gui/javascript/form_form.js?1485275818 HTTP/1.1" 200 16206 "http://easydrivers.activities.at/entry.php?id=10270&" "Mozilla/5.0 (Windows NT 10.0; Trident/7.0; rv:11.0) like Gecko"
62.99.181.193 - - [24/Jan/2017:17:37:01 +0100] "POST /entry.php?id=10287& HTTP/1.1" 200 2278 "http://easydrivers.activities.at/entry.php?id=10287" "Mozilla/5.0 (Windows NT 10.0; WOW64; Trident/7.0; rv:11.0) like Gecko"
62.99.181.193 - - [24/Jan/2017:17:37:02 +0100] "GET /gui/javascript/form_form.js?1485275821 HTTP/1.1" 200 16206 "http://easydrivers.activities.at/entry.php?id=10287&" "Mozilla/5.0 (Windows NT 10.0; WOW64; Trident/7.0; rv:11.0) like Gecko"
62.99.181.193 - - [24/Jan/2017:17:37:02 +0100] "GET /entry.php?id=10271& HTTP/1.1" 200 988 "http://easydrivers.activities.at/entry.php?id=10272" "Mozilla/5.0 (Windows NT 10.0; WOW64; Trident/7.0; rv:11.0) like Gecko"
62.99.181.193 - - [24/Jan/2017:17:37:03 +0100] "GET /gui/javascript/jquery/css/gui-themes/custom.min.css HTTP/1.1" 304 - "http://easydrivers.activities.at/entry.php?id=10271&" "Mozilla/5.0 (Windows NT 10.0; WOW64; Trident/7.0; rv:11.0) like Gecko"
62.99.181.193 - - [24/Jan/2017:17:37:02 +0100] "GET /entry.php?id=10273& HTTP/1.1" 200 2031 "http://easydrivers.activities.at/layout.php" "Mozilla/5.0 (Windows NT 10.0; WOW64; Trident/7.0; rv:11.0) like Gecko"
62.99.181.193 - - [24/Jan/2017:17:37:03 +0100] "GET /gui/javascript/jquery/css/gui-themes/ui.spinner.css HTTP/1.1" 304 - "http://easydrivers.activities.at/entry.php?id=10271&" "Mozilla/5.0 (Windows NT 10.0; WOW64; Trident/7.0; rv:11.0) like Gecko"
62.99.181.193 - - [24/Jan/2017:17:37:03 +0100] "GET /gui/javascript/form_form.js?1485275823 HTTP/1.1" 200 16206 "http://easydrivers.activities.at/entry.php?id=10273&" "Mozilla/5.0 (Windows NT 10.0; WOW64; Trident/7.0; rv:11.0) like Gecko"
62.99.181.193 - - [24/Jan/2017:17:37:03 +0100] "GET /gui/javascript/jquery/css/gui-themes/jquery.tooltip.css HTTP/1.1" 304 - "http://easydrivers.activities.at/entry.php?id=10271&" "Mozilla/5.0 (Windows NT 10.0; WOW64; Trident/7.0; rv:11.0) like Gecko"
62.99.181.193 - - [24/Jan/2017:17:37:03 +0100] "GET /gui/styles/tmplDefault.css HTTP/1.1" 304 - "http://easydrivers.activities.at/entry.php?id=10271&" "Mozilla/5.0 (Windows NT 10.0; WOW64; Trident/7.0; rv:11.0) like Gecko"
62.99.181.193 - - [24/Jan/2017:17:37:03 +0100] "GET /gui/javascript/form_form.js?1485275823 HTTP/1.1" 200 16206 "http://easydrivers.activities.at/entry.php?id=10271&" "Mozilla/5.0 (Windows NT 10.0; WOW64; Trident/7.0; rv:11.0) like Gecko"
62.99.181.193 - - [24/Jan/2017:17:37:03 +0100] "GET /framework/webfx/style/toolbar/images/cbback.gif HTTP/1.1" 404 319 "http://easydrivers.activities.at/entry.php?id=10273&" "Mozilla/5.0 (Windows NT 10.0; WOW64; Trident/7.0; rv:11.0) like Gecko"
62.99.181.193 - - [24/Jan/2017:17:37:03 +0100] "GET /gui/javascript/jquery/js/jquery-1.8.2.js HTTP/1.1" 304 - "http://easydrivers.activities.at/entry.php?id=10271&" "Mozilla/5.0 (Windows NT 10.0; WOW64; Trident/7.0; rv:11.0) like Gecko"
62.99.181.193 - - [24/Jan/2017:17:37:03 +0100] "GET /entry.php?id=10270&__app__=10006038 HTTP/1.1" 200 1649 "http://easydrivers.activities.at/layout.php" "Mozilla/5.0 (Windows NT 10.0; WOW64; Trident/7.0; rv:11.0) like Gecko"
62.99.181.193 - - [24/Jan/2017:17:37:03 +0100] "GET /gui/javascript/jquery/js/jquery-ui-1.9.0.custom.min.js HTTP/1.1" 304 - "http://easydrivers.activities.at/entry.php?id=10271&" "Mozilla/5.0 (Windows NT 10.0; WOW64; Trident/7.0; rv:11.0) like Gecko"
62.99.181.193 - - [24/Jan/2017:17:37:03 +0100] "GET /gui/javascript/jquery/jquery-tooltip/jquery.tooltip.min.js HTTP/1.1" 304 - "http://easydrivers.activities.at/entry.php?id=10271&" "Mozilla/5.0 (Windows NT 10.0; WOW64; Trident/7.0; rv:11.0) like Gecko"
62.99.181.193 - - [24/Jan/2017:17:37:03 +0100] "GET /undefined HTTP/1.1" 404 290 "http://easydrivers.activities.at/entry.php?id=10270&__app__=10006038" "Mozilla/5.0 (Windows NT 10.0; WOW64; Trident/7.0; rv:11.0) like Gecko"
62.99.181.193 - - [24/Jan/2017:17:37:05 +0100] "GET /entry.php?id=11674 HTTP/1.1" 200 321 "http://easydrivers.activities.at/entry.php?id=11412" "Mozilla/5.0 (Windows NT 10.0; WOW64; Trident/7.0; rv:11.0) like Gecko"
62.99.181.193 - - [24/Jan/2017:17:37:05 +0100] "GET /entry.php?id=10676&&title=Aktionen HTTP/1.1" 200 1386 "http://easydrivers.activities.at/entry.php?id=11674" "Mozilla/5.0 (Windows NT 10.0; WOW64; Trident/7.0; rv:11.0) like Gecko"
62.99.181.193 - - [24/Jan/2017:17:37:05 +0100] "GET /gui/javascript/form_form.js?1485275825 HTTP/1.1" 200 16206 "http://easydrivers.activities.at/entry.php?id=10676&&title=Aktionen" "Mozilla/5.0 (Windows NT 10.0; WOW64; Trident/7.0; rv:11.0) like Gecko"
62.99.181.193 - - [24/Jan/2017:17:37:05 +0100] "GET /entry.php?id=11675& HTTP/1.1" 200 2690 "http://easydrivers.activities.at/entry.php?id=11674" "Mozilla/5.0 (Windows NT 10.0; WOW64; Trident/7.0; rv:11.0) like Gecko"
62.99.181.193 - - [24/Jan/2017:17:37:05 +0100] "GET /entry.php?id=11676& HTTP/1.1" 200 4381 "http://easydrivers.activities.at/entry.php?id=11674" "Mozilla/5.0 (Windows NT 10.0; WOW64; Trident/7.0; rv:11.0) like Gecko"
62.99.181.193 - - [24/Jan/2017:17:37:06 +0100] "GET /gui/javascript/form_form.js?1485275826 HTTP/1.1" 200 16206 "http://easydrivers.activities.at/entry.php?id=11676&" "Mozilla/5.0 (Windows NT 10.0; WOW64; Trident/7.0; rv:11.0) like Gecko"
62.99.181.193 - - [24/Jan/2017:17:37:06 +0100] "GET /entry.php?id=10778&form=11500&name=list& HTTP/1.1" 200 2994 "http://easydrivers.activities.at/entry.php?id=11675&" "Mozilla/5.0 (Windows NT 10.0; WOW64; Trident/7.0; rv:11.0) like Gecko"
62.99.181.193 - - [24/Jan/2017:17:37:06 +0100] "GET /entry.php?id=10776&form=11500&name=list& HTTP/1.1" 200 2450 "http://easydrivers.activities.at/entry.php?id=11675&" "Mozilla/5.0 (Windows NT 10.0; WOW64; Trident/7.0; rv:11.0) like Gecko"
62.99.181.193 - - [24/Jan/2017:17:38:04 +0100] "GET /entry.php?id=10271&&ser=275822 HTTP/1.1" 200 987 "http://easydrivers.activities.at/entry.php?id=10271&" "Mozilla/5.0 (Windows NT 10.0; WOW64; Trident/7.0; rv:11.0) like Gecko"
62.99.181.193 - - [24/Jan/2017:17:38:04 +0100] "GET /gui/javascript/form_form.js?1485275884 HTTP/1.1" 200 16206 "http://easydrivers.activities.at/entry.php?id=10271&&ser=275822" "Mozilla/5.0 (Windows NT 10.0; WOW64; Trident/7.0; rv:11.0) like Gecko"
62.99.181.193 - - [24/Jan/2017:17:38:11 +0100] "POST /entry.php?id=11676 HTTP/1.1" 200 4548 "http://easydrivers.activities.at/entry.php?id=11676&" "Mozilla/5.0 (Windows NT 10.0; WOW64; Trident/7.0; rv:11.0) like Gecko"
62.99.181.193 - - [24/Jan/2017:17:38:11 +0100] "GET /gui/javascript/form_form.js?1485275891 HTTP/1.1" 200 16206 "http://easydrivers.activities.at/entry.php?id=11676" "Mozilla/5.0 (Windows NT 10.0; WOW64; Trident/7.0; rv:11.0) like Gecko"
62.99.181.193 - - [24/Jan/2017:17:38:15 +0100] "POST /entry.php?id=11676 HTTP/1.1" 200 3201 "http://easydrivers.activities.at/entry.php?id=11676" "Mozilla/5.0 (Windows NT 10.0; WOW64; Trident/7.0; rv:11.0) like Gecko"
62.99.181.193 - - [24/Jan/2017:17:38:16 +0100] "GET /gui/javascript/form_form.js?1485275896 HTTP/1.1" 200 16206 "http://easydrivers.activities.at/entry.php?id=11676" "Mozilla/5.0 (Windows NT 10.0; WOW64; Trident/7.0; rv:11.0) like Gecko"
62.99.181.193 - - [24/Jan/2017:17:38:17 +0100] "GET /framework/webfx/javascript/tinymce/skins/lightgray/content.min.css HTTP/1.1" 404 331 "http://easydrivers.activities.at/entry.php?id=11676" "Mozilla/5.0 (Windows NT 10.0; WOW64; Trident/7.0; rv:11.0) like Gecko"
62.99.181.193 - - [24/Jan/2017:17:38:47 +0100] "GET /framework/webfx/javascript/tinymce/skins/lightgray/content.min.css HTTP/1.1" 404 331 "http://easydrivers.activities.at/entry.php?id=11676" "Mozilla/5.0 (Windows NT 10.0; WOW64; Trident/7.0; rv:11.0) like Gecko"
62.99.181.193 - - [24/Jan/2017:17:39:04 +0100] "GET /entry.php?id=10271&&ser=275884 HTTP/1.1" 200 988 "http://easydrivers.activities.at/entry.php?id=10271&&ser=275822" "Mozilla/5.0 (Windows NT 10.0; WOW64; Trident/7.0; rv:11.0) like Gecko"
62.99.181.193 - - [24/Jan/2017:17:39:05 +0100] "GET /gui/javascript/form_form.js?1485275945 HTTP/1.1" 200 16206 "http://easydrivers.activities.at/entry.php?id=10271&&ser=275884" "Mozilla/5.0 (Windows NT 10.0; WOW64; Trident/7.0; rv:11.0) like Gecko"
62.99.181.193 - - [24/Jan/2017:17:39:16 +0100] "POST /entry.php?id=11676 HTTP/1.1" 200 4548 "http://easydrivers.activities.at/entry.php?id=11676" "Mozilla/5.0 (Windows NT 10.0; WOW64; Trident/7.0; rv:11.0) like Gecko"
62.99.181.193 - - [24/Jan/2017:17:39:17 +0100] "GET /gui/javascript/form_form.js?1485275957 HTTP/1.1" 200 16206 "http://easydrivers.activities.at/entry.php?id=11676" "Mozilla/5.0 (Windows NT 10.0; WOW64; Trident/7.0; rv:11.0) like Gecko"
62.99.181.193 - - [24/Jan/2017:17:39:19 +0100] "POST /entry.php?id=11676 HTTP/1.1" 200 3201 "http://easydrivers.activities.at/entry.php?id=11676" "Mozilla/5.0 (Windows NT 10.0; WOW64; Trident/7.0; rv:11.0) like Gecko"
62.99.181.193 - - [24/Jan/2017:17:39:20 +0100] "GET /gui/javascript/form_form.js?1485275960 HTTP/1.1" 200 16206 "http://easydrivers.activities.at/entry.php?id=11676" "Mozilla/5.0 (Windows NT 10.0; WOW64; Trident/7.0; rv:11.0) like Gecko"
62.99.181.193 - - [24/Jan/2017:17:39:21 +0100] "GET /framework/webfx/javascript/tinymce/skins/lightgray/content.min.css HTTP/1.1" 404 331 "http://easydrivers.activities.at/entry.php?id=11676" "Mozilla/5.0 (Windows NT 10.0; WOW64; Trident/7.0; rv:11.0) like Gecko"
62.99.181.193 - - [24/Jan/2017:17:39:34 +0100] "GET /entry.php?id=10287&login=1 HTTP/1.1" 200 2174 "http://easydrivers.activities.at/entry.php?id=11412" "Mozilla/5.0 (Windows NT 10.0; WOW64; Trident/7.0; rv:11.0) like Gecko"
62.99.181.193 - - [24/Jan/2017:17:39:35 +0100] "GET /gui/javascript/form_form.js?1485275975 HTTP/1.1" 200 16206 "http://easydrivers.activities.at/entry.php?id=10287&login=1" "Mozilla/5.0 (Windows NT 10.0; WOW64; Trident/7.0; rv:11.0) like Gecko"
62.99.181.193 - - [24/Jan/2017:17:39:37 +0100] "POST /entry.php?id=10287& HTTP/1.1" 200 2428 "http://easydrivers.activities.at/entry.php?id=10287&login=1" "Mozilla/5.0 (Windows NT 10.0; WOW64; Trident/7.0; rv:11.0) like Gecko"
62.99.181.193 - - [24/Jan/2017:17:39:37 +0100] "GET /gui/javascript/form_form.js?1485275977 HTTP/1.1" 200 16206 "http://easydrivers.activities.at/entry.php?id=10287&" "Mozilla/5.0 (Windows NT 10.0; WOW64; Trident/7.0; rv:11.0) like Gecko"
62.99.181.193 - - [24/Jan/2017:17:39:38 +0100] "GET /entry.php?id=10270& HTTP/1.1" 200 908 "http://easydrivers.activities.at/layout.php" "Mozilla/5.0 (Windows NT 10.0; WOW64; Trident/7.0; rv:11.0) like Gecko"
62.99.181.193 - - [24/Jan/2017:17:39:38 +0100] "GET /entry.php?id=10273&logout=true& HTTP/1.1" 200 1912 "http://easydrivers.activities.at/layout.php" "Mozilla/5.0 (Windows NT 10.0; WOW64; Trident/7.0; rv:11.0) like Gecko"
62.99.181.193 - - [24/Jan/2017:17:39:38 +0100] "GET /gui/javascript/form_form.js?1485275978 HTTP/1.1" 200 16206 "http://easydrivers.activities.at/entry.php?id=10270&" "Mozilla/5.0 (Windows NT 10.0; WOW64; Trident/7.0; rv:11.0) like Gecko"
199.30.24.85 - - [24/Jan/2017:18:16:51 +0100] "GET /gui/javascript/jquery/css/gui-themes/jquery.tooltip.css HTTP/1.1" 200 246 "http://easydrivers.activities.at/entry.php?id=10273" "Mozilla/5.0 (iPhone; CPU iPhone OS 7_0 like Mac OS X) AppleWebKit/537.51.1 (KHTML, like Gecko) Version/7.0 Mobile/11A465 Safari/9537.53 BingPreview/1.0b"
199.30.24.85 - - [24/Jan/2017:18:16:51 +0100] "GET /framework/webfx/style/toolbar/cb2.css HTTP/1.1" 200 793 "http://easydrivers.activities.at/entry.php?id=10273" "Mozilla/5.0 (iPhone; CPU iPhone OS 7_0 like Mac OS X) AppleWebKit/537.51.1 (KHTML, like Gecko) Version/7.0 Mobile/11A465 Safari/9537.53 BingPreview/1.0b"
199.30.24.85 - - [24/Jan/2017:18:16:51 +0100] "GET /gui/javascript/jquery/css/gui-themes/ui.spinner.css HTTP/1.1" 200 350 "http://easydrivers.activities.at/entry.php?id=10273" "Mozilla/5.0 (iPhone; CPU iPhone OS 7_0 like Mac OS X) AppleWebKit/537.51.1 (KHTML, like Gecko) Version/7.0 Mobile/11A465 Safari/9537.53 BingPreview/1.0b"
