213.86.241.133 - - [24/Jan/2017:17:06:03 +0100] "GET /gui/javascript/form_form.js?1485273963 HTTP/1.1" 200 16206 "http://easydrivers.activities.at/entry.php?id=10271&&ser=273901" "Mozilla/5.0 (Windows NT 10.0; Trident/7.0; rv:11.0) like Gecko"
213.86.241.133 - - [24/Jan/2017:17:06:18 +0100] "POST /entry.php?id=11676 HTTP/1.1" 200 3108 "http://easydrivers.activities.at/entry.php?id=11676" "Mozilla/5.0 (Windows NT 10.0; Trident/7.0; rv:11.0) like Gecko"
213.86.241.133 - - [24/Jan/2017:17:06:18 +0100] "GET /gui/javascript/form_form.js?1485273978 HTTP/1.1" 200 16206 "http://easydrivers.activities.at/entry.php?id=11676" "Mozilla/5.0 (Windows NT 10.0; Trident/7.0; rv:11.0) like Gecko"
213.86.241.133 - - [24/Jan/2017:17:06:19 +0100] "GET /entry.php?id=10776&form=11499&name=image_list& HTTP/1.1" 200 1538 "http://easydrivers.activities.at/entry.php?id=11676" "Mozilla/5.0 (Windows NT 10.0; Trident/7.0; rv:11.0) like Gecko"
213.86.241.133 - - [24/Jan/2017:17:06:19 +0100] "GET /entry.php?id=10778&form=11499&name=image_list& HTTP/1.1" 200 2502 "http://easydrivers.activities.at/entry.php?id=11676" "Mozilla/5.0 (Windows NT 10.0; Trident/7.0; rv:11.0) like Gecko"
213.86.241.133 - - [24/Jan/2017:17:06:22 +0100] "POST /entry.php?id=11676 HTTP/1.1" 200 3239 "http://easydrivers.activities.at/entry.php?id=11676" "Mozilla/5.0 (Windows NT 10.0; Trident/7.0; rv:11.0) like Gecko"
213.86.241.133 - - [24/Jan/2017:17:06:22 +0100] "GET /gui/javascript/form_form.js?1485273982 HTTP/1.1" 200 16206 "http://easydrivers.activities.at/entry.php?id=11676" "Mozilla/5.0 (Windows NT 10.0; Trident/7.0; rv:11.0) like Gecko"
213.86.241.133 - - [24/Jan/2017:17:06:24 +0100] "GET /framework/webfx/javascript/tinymce/skins/lightgray/content.min.css HTTP/1.1" 404 331 "http://easydrivers.activities.at/entry.php?id=11676" "Mozilla/5.0 (Windows NT 10.0; Trident/7.0; rv:11.0) like Gecko"
213.86.241.133 - - [24/Jan/2017:17:06:33 +0100] "POST /entry.php?id=11676 HTTP/1.1" 200 3591 "http://easydrivers.activities.at/entry.php?id=11676" "Mozilla/5.0 (Windows NT 10.0; Trident/7.0; rv:11.0) like Gecko"
213.86.241.133 - - [24/Jan/2017:17:06:34 +0100] "GET /gui/javascript/form_form.js?1485273994 HTTP/1.1" 200 16206 "http://easydrivers.activities.at/entry.php?id=11676" "Mozilla/5.0 (Windows NT 10.0; Trident/7.0; rv:11.0) like Gecko"
213.86.241.133 - - [24/Jan/2017:17:06:36 +0100] "GET /framework/webfx/javascript/tinymce/skins/lightgray/content.min.css HTTP/1.1" 404 331 "http://easydrivers.activities.at/entry.php?id=11676" "Mozilla/5.0 (Windows NT 10.0; Trident/7.0; rv:11.0) like Gecko"
62.99.181.193 - - [24/Jan/2017:17:06:42 +0100] "GET /entry.php?id=10271&&ser=273942 HTTP/1.1" 200 985 "http://easydrivers.activities.at/entry.php?id=10271&&ser=273880" "Mozilla/5.0 (Windows NT 10.0; WOW64; Trident/7.0; rv:11.0) like Gecko"
62.99.181.193 - - [24/Jan/2017:17:06:43 +0100] "GET /gui/javascript/form_form.js?1485274002 HTTP/1.1" 200 16206 "http://easydrivers.activities.at/entry.php?id=10271&&ser=273942" "Mozilla/5.0 (Windows NT 10.0; WOW64; Trident/7.0; rv:11.0) like Gecko"
213.86.241.133 - - [24/Jan/2017:17:06:45 +0100] "POST /entry.php?id=11676 HTTP/1.1" 200 4605 "http://easydrivers.activities.at/entry.php?id=11676" "Mozilla/5.0 (Windows NT 10.0; Trident/7.0; rv:11.0) like Gecko"
213.86.241.133 - - [24/Jan/2017:17:06:45 +0100] "GET /gui/javascript/form_form.js?1485274005 HTTP/1.1" 200 16206 "http://easydrivers.activities.at/entry.php?id=11676" "Mozilla/5.0 (Windows NT 10.0; Trident/7.0; rv:11.0) like Gecko"
213.86.241.133 - - [24/Jan/2017:17:06:50 +0100] "POST /entry.php?id=11676 HTTP/1.1" 200 4873 "http://easydrivers.activities.at/entry.php?id=11676" "Mozilla/5.0 (Windows NT 10.0; Trident/7.0; rv:11.0) like Gecko"
213.86.241.133 - - [24/Jan/2017:17:06:51 +0100] "GET /gui/javascript/form_form.js?1485274011 HTTP/1.1" 200 16206 "http://easydrivers.activities.at/entry.php?id=11676" "Mozilla/5.0 (Windows NT 10.0; Trident/7.0; rv:11.0) like Gecko"
62.99.181.193 - - [24/Jan/2017:17:06:52 +0100] "GET /gui/images/icons/filter_off.gif HTTP/1.1" 200 309 "http://easydrivers.activities.at/entry.php?id=10776&form=11500&name=list&" "Mozilla/5.0 (Windows NT 10.0; WOW64; Trident/7.0; rv:11.0) like Gecko"
62.99.181.193 - - [24/Jan/2017:17:06:55 +0100] "POST /entry.php?id=11675 HTTP/1.1" 200 2631 "http://easydrivers.activities.at/entry.php?id=11675&" "Mozilla/5.0 (Windows NT 10.0; WOW64; Trident/7.0; rv:11.0) like Gecko"
62.99.181.193 - - [24/Jan/2017:17:06:56 +0100] "GET /gui/javascript/form_form.js?1485274016 HTTP/1.1" 200 16206 "http://easydrivers.activities.at/entry.php?id=11675" "Mozilla/5.0 (Windows NT 10.0; WOW64; Trident/7.0; rv:11.0) like Gecko"
62.99.181.193 - - [24/Jan/2017:17:06:56 +0100] "GET /entry.php?id=10778&form=11500&name=list& HTTP/1.1" 200 2635 "http://easydrivers.activities.at/entry.php?id=11675" "Mozilla/5.0 (Windows NT 10.0; WOW64; Trident/7.0; rv:11.0) like Gecko"
62.99.181.193 - - [24/Jan/2017:17:06:56 +0100] "GET /entry.php?id=10776&form=11500&name=list& HTTP/1.1" 200 2400 "http://easydrivers.activities.at/entry.php?id=11675" "Mozilla/5.0 (Windows NT 10.0; WOW64; Trident/7.0; rv:11.0) like Gecko"
213.86.241.133 - - [24/Jan/2017:17:07:00 +0100] "GET /entry.php?id=10287&login=1 HTTP/1.1" 200 2174 "http://easydrivers.activities.at/entry.php?id=11412" "Mozilla/5.0 (Windows NT 10.0; Trident/7.0; rv:11.0) like Gecko"
213.86.241.133 - - [24/Jan/2017:17:07:00 +0100] "GET /gui/javascript/form_form.js?1485274020 HTTP/1.1" 200 16206 "http://easydrivers.activities.at/entry.php?id=10287&login=1" "Mozilla/5.0 (Windows NT 10.0; Trident/7.0; rv:11.0) like Gecko"
213.86.241.133 - - [24/Jan/2017:17:07:04 +0100] "GET /entry.php?id=10271&&ser=273963 HTTP/1.1" 200 986 "http://easydrivers.activities.at/entry.php?id=10271&&ser=273901" "Mozilla/5.0 (Windows NT 10.0; Trident/7.0; rv:11.0) like Gecko"
213.86.241.133 - - [24/Jan/2017:17:07:04 +0100] "GET /gui/javascript/form_form.js?1485274024 HTTP/1.1" 200 16206 "http://easydrivers.activities.at/entry.php?id=10271&&ser=273963" "Mozilla/5.0 (Windows NT 10.0; Trident/7.0; rv:11.0) like Gecko"
213.86.241.133 - - [24/Jan/2017:17:07:09 +0100] "POST /entry.php?id=10287& HTTP/1.1" 200 2428 "http://easydrivers.activities.at/entry.php?id=10287&login=1" "Mozilla/5.0 (Windows NT 10.0; Trident/7.0; rv:11.0) like Gecko"
213.86.241.133 - - [24/Jan/2017:17:07:09 +0100] "GET /gui/javascript/form_form.js?1485274029 HTTP/1.1" 200 16206 "http://easydrivers.activities.at/entry.php?id=10287&" "Mozilla/5.0 (Windows NT 10.0; Trident/7.0; rv:11.0) like Gecko"
213.86.241.133 - - [24/Jan/2017:17:07:10 +0100] "GET /entry.php?id=10273& HTTP/1.1" 200 1901 "http://easydrivers.activities.at/layout.php" "Mozilla/5.0 (Windows NT 10.0; Trident/7.0; rv:11.0) like Gecko"
213.86.241.133 - - [24/Jan/2017:17:07:10 +0100] "GET /entry.php?id=10270& HTTP/1.1" 200 907 "http://easydrivers.activities.at/layout.php" "Mozilla/5.0 (Windows NT 10.0; Trident/7.0; rv:11.0) like Gecko"
213.86.241.133 - - [24/Jan/2017:17:07:10 +0100] "GET /entry.php?id=10273&logout=true& HTTP/1.1" 200 1911 "http://easydrivers.activities.at/layout.php" "Mozilla/5.0 (Windows NT 10.0; Trident/7.0; rv:11.0) like Gecko"
213.86.241.133 - - [24/Jan/2017:17:07:10 +0100] "GET /gui/javascript/form_form.js?1485274030 HTTP/1.1" 200 16206 "http://easydrivers.activities.at/entry.php?id=10270&" "Mozilla/5.0 (Windows NT 10.0; Trident/7.0; rv:11.0) like Gecko"
62.99.181.193 - - [24/Jan/2017:17:07:43 +0100] "GET /entry.php?id=10271&&ser=274002 HTTP/1.1" 200 986 "http://easydrivers.activities.at/entry.php?id=10271&&ser=273942" "Mozilla/5.0 (Windows NT 10.0; WOW64; Trident/7.0; rv:11.0) like Gecko"
62.99.181.193 - - [24/Jan/2017:17:07:43 +0100] "GET /gui/javascript/form_form.js?1485274063 HTTP/1.1" 200 16206 "http://easydrivers.activities.at/entry.php?id=10271&&ser=274002" "Mozilla/5.0 (Windows NT 10.0; WOW64; Trident/7.0; rv:11.0) like Gecko"
62.99.181.193 - - [24/Jan/2017:17:08:44 +0100] "GET /entry.php?id=10271&&ser=274063 HTTP/1.1" 200 986 "http://easydrivers.activities.at/entry.php?id=10271&&ser=274002" "Mozilla/5.0 (Windows NT 10.0; WOW64; Trident/7.0; rv:11.0) like Gecko"
62.99.181.193 - - [24/Jan/2017:17:08:44 +0100] "GET /gui/javascript/form_form.js?1485274124 HTTP/1.1" 200 16206 "http://easydrivers.activities.at/entry.php?id=10271&&ser=274063" "Mozilla/5.0 (Windows NT 10.0; WOW64; Trident/7.0; rv:11.0) like Gecko"
62.99.181.193 - - [24/Jan/2017:17:09:45 +0100] "GET /entry.php?id=10271&&ser=274124 HTTP/1.1" 200 986 "http://easydrivers.activities.at/entry.php?id=10271&&ser=274063" "Mozilla/5.0 (Windows NT 10.0; WOW64; Trident/7.0; rv:11.0) like Gecko"
62.99.181.193 - - [24/Jan/2017:17:09:45 +0100] "GET /gui/javascript/form_form.js?1485274185 HTTP/1.1" 200 16206 "http://easydrivers.activities.at/entry.php?id=10271&&ser=274124" "Mozilla/5.0 (Windows NT 10.0; WOW64; Trident/7.0; rv:11.0) like Gecko"
213.86.241.133 - - [24/Jan/2017:17:10:45 +0100] "GET / HTTP/1.1" 200 382 "-" "Mozilla/5.0 (Windows NT 10.0; Trident/7.0; rv:11.0) like Gecko"
62.99.181.193 - - [24/Jan/2017:17:10:45 +0100] "GET /entry.php?id=10271&&ser=274185 HTTP/1.1" 200 986 "http://easydrivers.activities.at/entry.php?id=10271&&ser=274124" "Mozilla/5.0 (Windows NT 10.0; WOW64; Trident/7.0; rv:11.0) like Gecko"
62.99.181.193 - - [24/Jan/2017:17:10:46 +0100] "GET /gui/javascript/form_form.js?1485274246 HTTP/1.1" 200 16206 "http://easydrivers.activities.at/entry.php?id=10271&&ser=274185" "Mozilla/5.0 (Windows NT 10.0; WOW64; Trident/7.0; rv:11.0) like Gecko"
213.86.241.133 - - [24/Jan/2017:17:10:46 +0100] "GET /layout.php HTTP/1.1" 200 916 "-" "Mozilla/5.0 (Windows NT 10.0; Trident/7.0; rv:11.0) like Gecko"
213.86.241.133 - - [24/Jan/2017:17:10:46 +0100] "GET /entry.php?id=10270 HTTP/1.1" 200 907 "http://easydrivers.activities.at/layout.php" "Mozilla/5.0 (Windows NT 10.0; Trident/7.0; rv:11.0) like Gecko"
213.86.241.133 - - [24/Jan/2017:17:10:46 +0100] "GET /entry.php?id=10273 HTTP/1.1" 200 1901 "http://easydrivers.activities.at/layout.php" "Mozilla/5.0 (Windows NT 10.0; Trident/7.0; rv:11.0) like Gecko"
213.86.241.133 - - [24/Jan/2017:17:10:46 +0100] "GET /gui/javascript/form_form.js?1485274246 HTTP/1.1" 200 16206 "http://easydrivers.activities.at/entry.php?id=10270" "Mozilla/5.0 (Windows NT 10.0; Trident/7.0; rv:11.0) like Gecko"
213.86.241.133 - - [24/Jan/2017:17:10:46 +0100] "GET /entry.php?id=10272 HTTP/1.1" 200 1158 "http://easydrivers.activities.at/layout.php" "Mozilla/5.0 (Windows NT 10.0; Trident/7.0; rv:11.0) like Gecko"
213.86.241.133 - - [24/Jan/2017:17:10:46 +0100] "GET /entry.php?id=11412 HTTP/1.1" 200 1759 "http://easydrivers.activities.at/layout.php" "Mozilla/5.0 (Windows NT 10.0; Trident/7.0; rv:11.0) like Gecko"
213.86.241.133 - - [24/Jan/2017:17:10:48 +0100] "GET /entry.php?id=10287 HTTP/1.1" 200 2414 "http://easydrivers.activities.at/entry.php?id=11412" "Mozilla/5.0 (Windows NT 10.0; Trident/7.0; rv:11.0) like Gecko"
213.86.241.133 - - [24/Jan/2017:17:10:48 +0100] "GET /entry.php?id=10271& HTTP/1.1" 200 933 "http://easydrivers.activities.at/entry.php?id=10272" "Mozilla/5.0 (Windows NT 10.0; Trident/7.0; rv:11.0) like Gecko"
213.86.241.133 - - [24/Jan/2017:17:10:48 +0100] "GET /gui/javascript/form_form.js?1485274248 HTTP/1.1" 200 16206 "http://easydrivers.activities.at/entry.php?id=10287" "Mozilla/5.0 (Windows NT 10.0; Trident/7.0; rv:11.0) like Gecko"
213.86.241.133 - - [24/Jan/2017:17:10:49 +0100] "GET /entry.php?id=10270& HTTP/1.1" 200 907 "http://easydrivers.activities.at/layout.php" "Mozilla/5.0 (Windows NT 10.0; Trident/7.0; rv:11.0) like Gecko"
213.86.241.133 - - [24/Jan/2017:17:10:49 +0100] "GET /entry.php?id=10273& HTTP/1.1" 200 1902 "http://easydrivers.activities.at/layout.php" "Mozilla/5.0 (Windows NT 10.0; Trident/7.0; rv:11.0) like Gecko"
213.86.241.133 - - [24/Jan/2017:17:10:49 +0100] "GET /gui/javascript/form_form.js?1485274249 HTTP/1.1" 200 16206 "http://easydrivers.activities.at/entry.php?id=10270&" "Mozilla/5.0 (Windows NT 10.0; Trident/7.0; rv:11.0) like Gecko"
213.86.241.133 - - [24/Jan/2017:17:11:01 +0100] "POST /entry.php?id=10287& HTTP/1.1" 200 2278 "http://easydrivers.activities.at/entry.php?id=10287" "Mozilla/5.0 (Windows NT 10.0; Trident/7.0; rv:11.0) like Gecko"
213.86.241.133 - - [24/Jan/2017:17:11:02 +0100] "GET /gui/javascript/form_form.js?1485274262 HTTP/1.1" 200 16206 "http://easydrivers.activities.at/entry.php?id=10287&" "Mozilla/5.0 (Windows NT 10.0; Trident/7.0; rv:11.0) like Gecko"
213.86.241.133 - - [24/Jan/2017:17:11:03 +0100] "GET /entry.php?id=10271& HTTP/1.1" 200 986 "http://easydrivers.activities.at/entry.php?id=10272" "Mozilla/5.0 (Windows NT 10.0; Trident/7.0; rv:11.0) like Gecko"
213.86.241.133 - - [24/Jan/2017:17:11:03 +0100] "GET /gui/javascript/jquery/css/gui-themes/custom.min.css HTTP/1.1" 304 - "http://easydrivers.activities.at/entry.php?id=10271&" "Mozilla/5.0 (Windows NT 10.0; Trident/7.0; rv:11.0) like Gecko"
213.86.241.133 - - [24/Jan/2017:17:11:03 +0100] "GET /gui/javascript/jquery/css/gui-themes/ui.spinner.css HTTP/1.1" 304 - "http://easydrivers.activities.at/entry.php?id=10271&" "Mozilla/5.0 (Windows NT 10.0; Trident/7.0; rv:11.0) like Gecko"
213.86.241.133 - - [24/Jan/2017:17:11:03 +0100] "GET /entry.php?id=10273& HTTP/1.1" 200 2031 "http://easydrivers.activities.at/layout.php" "Mozilla/5.0 (Windows NT 10.0; Trident/7.0; rv:11.0) like Gecko"
213.86.241.133 - - [24/Jan/2017:17:11:03 +0100] "GET /gui/javascript/jquery/css/gui-themes/jquery.tooltip.css HTTP/1.1" 304 - "http://easydrivers.activities.at/entry.php?id=10271&" "Mozilla/5.0 (Windows NT 10.0; Trident/7.0; rv:11.0) like Gecko"
213.86.241.133 - - [24/Jan/2017:17:11:03 +0100] "GET /gui/styles/tmplDefault.css HTTP/1.1" 304 - "http://easydrivers.activities.at/entry.php?id=10271&" "Mozilla/5.0 (Windows NT 10.0; Trident/7.0; rv:11.0) like Gecko"
213.86.241.133 - - [24/Jan/2017:17:11:03 +0100] "GET /gui/javascript/form_form.js?1485274263 HTTP/1.1" 200 16206 "http://easydrivers.activities.at/entry.php?id=10273&" "Mozilla/5.0 (Windows NT 10.0; Trident/7.0; rv:11.0) like Gecko"
213.86.241.133 - - [24/Jan/2017:17:11:03 +0100] "GET /gui/javascript/form_form.js?1485274263 HTTP/1.1" 200 16206 "http://easydrivers.activities.at/entry.php?id=10271&" "Mozilla/5.0 (Windows NT 10.0; Trident/7.0; rv:11.0) like Gecko"
213.86.241.133 - - [24/Jan/2017:17:11:04 +0100] "GET /gui/javascript/jquery/js/jquery-1.8.2.js HTTP/1.1" 304 - "http://easydrivers.activities.at/entry.php?id=10271&" "Mozilla/5.0 (Windows NT 10.0; Trident/7.0; rv:11.0) like Gecko"
213.86.241.133 - - [24/Jan/2017:17:11:04 +0100] "GET /gui/javascript/jquery/js/jquery-ui-1.9.0.custom.min.js HTTP/1.1" 304 - "http://easydrivers.activities.at/entry.php?id=10271&" "Mozilla/5.0 (Windows NT 10.0; Trident/7.0; rv:11.0) like Gecko"
213.86.241.133 - - [24/Jan/2017:17:11:04 +0100] "GET /framework/webfx/style/toolbar/images/cbback.gif HTTP/1.1" 404 319 "http://easydrivers.activities.at/entry.php?id=10273&" "Mozilla/5.0 (Windows NT 10.0; Trident/7.0; rv:11.0) like Gecko"
213.86.241.133 - - [24/Jan/2017:17:11:04 +0100] "GET /entry.php?id=10270&__app__=10006038 HTTP/1.1" 200 1648 "http://easydrivers.activities.at/layout.php" "Mozilla/5.0 (Windows NT 10.0; Trident/7.0; rv:11.0) like Gecko"
213.86.241.133 - - [24/Jan/2017:17:11:04 +0100] "GET /gui/javascript/jquery/jquery-tooltip/jquery.tooltip.min.js HTTP/1.1" 304 - "http://easydrivers.activities.at/entry.php?id=10271&" "Mozilla/5.0 (Windows NT 10.0; Trident/7.0; rv:11.0) like Gecko"
213.86.241.133 - - [24/Jan/2017:17:11:05 +0100] "GET /gui/javascript/form_form.js?1485274264 HTTP/1.1" 200 16206 "http://easydrivers.activities.at/entry.php?id=10270&__app__=10006038" "Mozilla/5.0 (Windows NT 10.0; Trident/7.0; rv:11.0) like Gecko"
213.86.241.133 - - [24/Jan/2017:17:11:05 +0100] "GET /undefined HTTP/1.1" 404 290 "http://easydrivers.activities.at/entry.php?id=10270&__app__=10006038" "Mozilla/5.0 (Windows NT 10.0; Trident/7.0; rv:11.0) like Gecko"
213.86.241.133 - - [24/Jan/2017:17:11:05 +0100] "POST /entry.php?id=10287& HTTP/1.1" 200 2346 "http://easydrivers.activities.at/entry.php?id=10287&" "Mozilla/5.0 (Windows NT 10.0; Trident/7.0; rv:11.0) like Gecko"
213.86.241.133 - - [24/Jan/2017:17:11:06 +0100] "GET /gui/javascript/form_form.js?1485274266 HTTP/1.1" 200 16206 "http://easydrivers.activities.at/entry.php?id=10287&" "Mozilla/5.0 (Windows NT 10.0; Trident/7.0; rv:11.0) like Gecko"
213.86.241.133 - - [24/Jan/2017:17:11:07 +0100] "GET /entry.php?id=10271& HTTP/1.1" 200 986 "http://easydrivers.activities.at/entry.php?id=10272" "Mozilla/5.0 (Windows NT 10.0; Trident/7.0; rv:11.0) like Gecko"
213.86.241.133 - - [24/Jan/2017:17:11:09 +0100] "GET /gui/javascript/jquery/css/gui-themes/custom.min.css HTTP/1.1" 304 - "http://easydrivers.activities.at/entry.php?id=10271&" "Mozilla/5.0 (Windows NT 10.0; Trident/7.0; rv:11.0) like Gecko"
213.86.241.133 - - [24/Jan/2017:17:11:09 +0100] "GET /gui/javascript/jquery/css/gui-themes/ui.spinner.css HTTP/1.1" 304 - "http://easydrivers.activities.at/entry.php?id=10271&" "Mozilla/5.0 (Windows NT 10.0; Trident/7.0; rv:11.0) like Gecko"
213.86.241.133 - - [24/Jan/2017:17:11:09 +0100] "GET /gui/javascript/jquery/css/gui-themes/jquery.tooltip.css HTTP/1.1" 304 - "http://easydrivers.activities.at/entry.php?id=10271&" "Mozilla/5.0 (Windows NT 10.0; Trident/7.0; rv:11.0) like Gecko"
213.86.241.133 - - [24/Jan/2017:17:11:09 +0100] "GET /gui/styles/tmplDefault.css HTTP/1.1" 304 - "http://easydrivers.activities.at/entry.php?id=10271&" "Mozilla/5.0 (Windows NT 10.0; Trident/7.0; rv:11.0) like Gecko"
213.86.241.133 - - [24/Jan/2017:17:11:09 +0100] "GET /gui/javascript/form_form.js?1485274267 HTTP/1.1" 200 16206 "http://easydrivers.activities.at/entry.php?id=10271&" "Mozilla/5.0 (Windows NT 10.0; Trident/7.0; rv:11.0) like Gecko"
213.86.241.133 - - [24/Jan/2017:17:11:09 +0100] "GET /entry.php?id=10374 HTTP/1.1" 200 2016 "http://easydrivers.activities.at/entry.php?id=10287&" "Mozilla/5.0 (Windows NT 10.0; Trident/7.0; rv:11.0) like Gecko"
213.86.241.133 - - [24/Jan/2017:17:11:10 +0100] "GET /gui/javascript/form_form.js?1485274269 HTTP/1.1" 200 16206 "http://easydrivers.activities.at/entry.php?id=10374" "Mozilla/5.0 (Windows NT 10.0; Trident/7.0; rv:11.0) like Gecko"
213.86.241.133 - - [24/Jan/2017:17:11:10 +0100] "GET /gui/javascript/jquery/js/jquery-1.8.2.js HTTP/1.1" 304 - "http://easydrivers.activities.at/entry.php?id=10271&" "Mozilla/5.0 (Windows NT 10.0; Trident/7.0; rv:11.0) like Gecko"
213.86.241.133 - - [24/Jan/2017:17:11:10 +0100] "GET /gui/javascript/jquery/js/jquery-ui-1.9.0.custom.min.js HTTP/1.1" 304 - "http://easydrivers.activities.at/entry.php?id=10271&" "Mozilla/5.0 (Windows NT 10.0; Trident/7.0; rv:11.0) like Gecko"
213.86.241.133 - - [24/Jan/2017:17:11:10 +0100] "GET /gui/javascript/jquery/jquery-tooltip/jquery.tooltip.min.js HTTP/1.1" 304 - "http://easydrivers.activities.at/entry.php?id=10271&" "Mozilla/5.0 (Windows NT 10.0; Trident/7.0; rv:11.0) like Gecko"
213.86.241.133 - - [24/Jan/2017:17:11:11 +0100] "GET /entry.php?id=11674 HTTP/1.1" 200 321 "http://easydrivers.activities.at/entry.php?id=11412" "Mozilla/5.0 (Windows NT 10.0; Trident/7.0; rv:11.0) like Gecko"
213.86.241.133 - - [24/Jan/2017:17:11:12 +0100] "GET /entry.php?id=10676&&title=Aktionen HTTP/1.1" 200 1386 "http://easydrivers.activities.at/entry.php?id=11674" "Mozilla/5.0 (Windows NT 10.0; Trident/7.0; rv:11.0) like Gecko"
213.86.241.133 - - [24/Jan/2017:17:11:12 +0100] "GET /gui/javascript/form_form.js?1485274272 HTTP/1.1" 200 16206 "http://easydrivers.activities.at/entry.php?id=10676&&title=Aktionen" "Mozilla/5.0 (Windows NT 10.0; Trident/7.0; rv:11.0) like Gecko"
213.86.241.133 - - [24/Jan/2017:17:11:12 +0100] "GET /entry.php?id=11675& HTTP/1.1" 200 2631 "http://easydrivers.activities.at/entry.php?id=11674" "Mozilla/5.0 (Windows NT 10.0; Trident/7.0; rv:11.0) like Gecko"
213.86.241.133 - - [24/Jan/2017:17:11:12 +0100] "GET /entry.php?id=11676& HTTP/1.1" 200 4382 "http://easydrivers.activities.at/entry.php?id=11674" "Mozilla/5.0 (Windows NT 10.0; Trident/7.0; rv:11.0) like Gecko"
213.86.241.133 - - [24/Jan/2017:17:11:13 +0100] "GET /entry.php?id=10776&form=11500&name=list& HTTP/1.1" 200 2402 "http://easydrivers.activities.at/entry.php?id=11675&" "Mozilla/5.0 (Windows NT 10.0; Trident/7.0; rv:11.0) like Gecko"
213.86.241.133 - - [24/Jan/2017:17:11:13 +0100] "GET /entry.php?id=10778&form=11500&name=list& HTTP/1.1" 200 2636 "http://easydrivers.activities.at/entry.php?id=11675&" "Mozilla/5.0 (Windows NT 10.0; Trident/7.0; rv:11.0) like Gecko"
213.86.241.133 - - [24/Jan/2017:17:11:30 +0100] "GET /entry.php?id=10287&login=1 HTTP/1.1" 200 2173 "http://easydrivers.activities.at/entry.php?id=11412" "Mozilla/5.0 (Windows NT 10.0; Trident/7.0; rv:11.0) like Gecko"
213.86.241.133 - - [24/Jan/2017:17:11:30 +0100] "GET /gui/javascript/form_form.js?1485274290 HTTP/1.1" 200 16206 "http://easydrivers.activities.at/entry.php?id=10287&login=1" "Mozilla/5.0 (Windows NT 10.0; Trident/7.0; rv:11.0) like Gecko"
213.86.241.133 - - [24/Jan/2017:17:11:33 +0100] "POST /entry.php?id=10287& HTTP/1.1" 200 2428 "http://easydrivers.activities.at/entry.php?id=10287&login=1" "Mozilla/5.0 (Windows NT 10.0; Trident/7.0; rv:11.0) like Gecko"
213.86.241.133 - - [24/Jan/2017:17:11:34 +0100] "GET /gui/javascript/form_form.js?1485274294 HTTP/1.1" 200 16206 "http://easydrivers.activities.at/entry.php?id=10287&" "Mozilla/5.0 (Windows NT 10.0; Trident/7.0; rv:11.0) like Gecko"
213.86.241.133 - - [24/Jan/2017:17:11:35 +0100] "GET /entry.php?id=10273& HTTP/1.1" 200 1901 "http://easydrivers.activities.at/layout.php" "Mozilla/5.0 (Windows NT 10.0; Trident/7.0; rv:11.0) like Gecko"
213.86.241.133 - - [24/Jan/2017:17:11:35 +0100] "GET /entry.php?id=10270& HTTP/1.1" 200 907 "http://easydrivers.activities.at/layout.php" "Mozilla/5.0 (Windows NT 10.0; Trident/7.0; rv:11.0) like Gecko"
213.86.241.133 - - [24/Jan/2017:17:11:35 +0100] "GET /entry.php?id=10273&logout=true& HTTP/1.1" 200 1911 "http://easydrivers.activities.at/layout.php" "Mozilla/5.0 (Windows NT 10.0; Trident/7.0; rv:11.0) like Gecko"
213.86.241.133 - - [24/Jan/2017:17:11:35 +0100] "GET /gui/javascript/form_form.js?1485274295 HTTP/1.1" 200 16206 "http://easydrivers.activities.at/entry.php?id=10270&" "Mozilla/5.0 (Windows NT 10.0; Trident/7.0; rv:11.0) like Gecko"
62.99.181.193 - - [24/Jan/2017:17:11:46 +0100] "GET /entry.php?id=10271&&ser=274246 HTTP/1.1" 200 985 "http://easydrivers.activities.at/entry.php?id=10271&&ser=274185" "Mozilla/5.0 (Windows NT 10.0; WOW64; Trident/7.0; rv:11.0) like Gecko"
62.99.181.193 - - [24/Jan/2017:17:11:47 +0100] "GET /gui/javascript/form_form.js?1485274306 HTTP/1.1" 200 16206 "http://easydrivers.activities.at/entry.php?id=10271&&ser=274246" "Mozilla/5.0 (Windows NT 10.0; WOW64; Trident/7.0; rv:11.0) like Gecko"
213.86.241.133 - - [24/Jan/2017:17:11:50 +0100] "GET / HTTP/1.1" 200 382 "-" "Mozilla/5.0 (Windows NT 10.0; Trident/7.0; rv:11.0) like Gecko"
213.86.241.133 - - [24/Jan/2017:17:11:51 +0100] "GET /layout.php HTTP/1.1" 200 914 "-" "Mozilla/5.0 (Windows NT 10.0; Trident/7.0; rv:11.0) like Gecko"
213.86.241.133 - - [24/Jan/2017:17:11:51 +0100] "GET /entry.php?id=10270 HTTP/1.1" 200 906 "http://easydrivers.activities.at/layout.php" "Mozilla/5.0 (Windows NT 10.0; Trident/7.0; rv:11.0) like Gecko"
213.86.241.133 - - [24/Jan/2017:17:11:51 +0100] "GET /entry.php?id=10272 HTTP/1.1" 200 1157 "http://easydrivers.activities.at/layout.php" "Mozilla/5.0 (Windows NT 10.0; Trident/7.0; rv:11.0) like Gecko"
213.86.241.133 - - [24/Jan/2017:17:11:51 +0100] "GET /entry.php?id=10273 HTTP/1.1" 200 1901 "http://easydrivers.activities.at/layout.php" "Mozilla/5.0 (Windows NT 10.0; Trident/7.0; rv:11.0) like Gecko"
213.86.241.133 - - [24/Jan/2017:17:11:51 +0100] "GET /entry.php?id=11412 HTTP/1.1" 200 1758 "http://easydrivers.activities.at/layout.php" "Mozilla/5.0 (Windows NT 10.0; Trident/7.0; rv:11.0) like Gecko"
213.86.241.133 - - [24/Jan/2017:17:11:51 +0100] "GET /gui/javascript/form_form.js?1485274311 HTTP/1.1" 200 16206 "http://easydrivers.activities.at/entry.php?id=10270" "Mozilla/5.0 (Windows NT 10.0; Trident/7.0; rv:11.0) like Gecko"
213.86.241.133 - - [24/Jan/2017:17:11:53 +0100] "GET /entry.php?id=10287 HTTP/1.1" 200 2413 "http://easydrivers.activities.at/entry.php?id=11412" "Mozilla/5.0 (Windows NT 10.0; Trident/7.0; rv:11.0) like Gecko"
213.86.241.133 - - [24/Jan/2017:17:11:53 +0100] "GET /entry.php?id=10271& HTTP/1.1" 200 933 "http://easydrivers.activities.at/entry.php?id=10272" "Mozilla/5.0 (Windows NT 10.0; Trident/7.0; rv:11.0) like Gecko"
213.86.241.133 - - [24/Jan/2017:17:11:53 +0100] "GET /gui/javascript/form_form.js?1485274313 HTTP/1.1" 200 16206 "http://easydrivers.activities.at/entry.php?id=10287" "Mozilla/5.0 (Windows NT 10.0; Trident/7.0; rv:11.0) like Gecko"
213.86.241.133 - - [24/Jan/2017:17:11:54 +0100] "GET /entry.php?id=10270& HTTP/1.1" 200 907 "http://easydrivers.activities.at/layout.php" "Mozilla/5.0 (Windows NT 10.0; Trident/7.0; rv:11.0) like Gecko"
213.86.241.133 - - [24/Jan/2017:17:11:54 +0100] "GET /entry.php?id=10273& HTTP/1.1" 200 1902 "http://easydrivers.activities.at/layout.php" "Mozilla/5.0 (Windows NT 10.0; Trident/7.0; rv:11.0) like Gecko"
213.86.241.133 - - [24/Jan/2017:17:11:54 +0100] "GET /gui/javascript/form_form.js?1485274314 HTTP/1.1" 200 16206 "http://easydrivers.activities.at/entry.php?id=10270&" "Mozilla/5.0 (Windows NT 10.0; Trident/7.0; rv:11.0) like Gecko"
62.99.181.193 - - [24/Jan/2017:17:11:55 +0100] "GET /entry.php?id=10441&UIN=d700bfa04bad834bde68690f7c94c319 HTTP/1.1" 200 1172 "-" "Mozilla/5.0 (Windows NT 10.0; WOW64; Trident/7.0; rv:11.0) like Gecko"
62.99.181.193 - - [24/Jan/2017:17:11:55 +0100] "GET /gui/javascript/form_form.js?1485274315 HTTP/1.1" 200 16206 "http://easydrivers.activities.at/entry.php?id=10441&UIN=d700bfa04bad834bde68690f7c94c319" "Mozilla/5.0 (Windows NT 10.0; WOW64; Trident/7.0; rv:11.0) like Gecko"
213.86.241.133 - - [24/Jan/2017:17:12:07 +0100] "POST /entry.php?id=10287& HTTP/1.1" 200 2446 "http://easydrivers.activities.at/entry.php?id=10287" "Mozilla/5.0 (Windows NT 10.0; Trident/7.0; rv:11.0) like Gecko"
213.86.241.133 - - [24/Jan/2017:17:12:07 +0100] "GET /gui/javascript/form_form.js?1485274327 HTTP/1.1" 200 16206 "http://easydrivers.activities.at/entry.php?id=10287&" "Mozilla/5.0 (Windows NT 10.0; Trident/7.0; rv:11.0) like Gecko"
213.86.241.133 - - [24/Jan/2017:17:12:18 +0100] "POST /entry.php?id=10287& HTTP/1.1" 200 2278 "http://easydrivers.activities.at/entry.php?id=10287&" "Mozilla/5.0 (Windows NT 10.0; Trident/7.0; rv:11.0) like Gecko"
213.86.241.133 - - [24/Jan/2017:17:12:19 +0100] "GET /gui/javascript/form_form.js?1485274339 HTTP/1.1" 200 16206 "http://easydrivers.activities.at/entry.php?id=10287&" "Mozilla/5.0 (Windows NT 10.0; Trident/7.0; rv:11.0) like Gecko"
62.99.181.193 - - [24/Jan/2017:17:12:20 +0100] "GET / HTTP/1.1" 200 382 "-" "Mozilla/5.0 (Windows NT 10.0; WOW64; Trident/7.0; rv:11.0) like Gecko"
213.86.241.133 - - [24/Jan/2017:17:12:20 +0100] "GET /entry.php?id=10271& HTTP/1.1" 200 985 "http://easydrivers.activities.at/entry.php?id=10272" "Mozilla/5.0 (Windows NT 10.0; Trident/7.0; rv:11.0) like Gecko"
213.86.241.133 - - [24/Jan/2017:17:12:20 +0100] "GET /gui/javascript/jquery/css/gui-themes/custom.min.css HTTP/1.1" 304 - "http://easydrivers.activities.at/entry.php?id=10271&" "Mozilla/5.0 (Windows NT 10.0; Trident/7.0; rv:11.0) like Gecko"
213.86.241.133 - - [24/Jan/2017:17:12:20 +0100] "GET /gui/javascript/jquery/css/gui-themes/ui.spinner.css HTTP/1.1" 304 - "http://easydrivers.activities.at/entry.php?id=10271&" "Mozilla/5.0 (Windows NT 10.0; Trident/7.0; rv:11.0) like Gecko"
213.86.241.133 - - [24/Jan/2017:17:12:20 +0100] "GET /entry.php?id=10273& HTTP/1.1" 200 2030 "http://easydrivers.activities.at/layout.php" "Mozilla/5.0 (Windows NT 10.0; Trident/7.0; rv:11.0) like Gecko"
213.86.241.133 - - [24/Jan/2017:17:12:20 +0100] "GET /gui/javascript/jquery/css/gui-themes/jquery.tooltip.css HTTP/1.1" 304 - "http://easydrivers.activities.at/entry.php?id=10271&" "Mozilla/5.0 (Windows NT 10.0; Trident/7.0; rv:11.0) like Gecko"
213.86.241.133 - - [24/Jan/2017:17:12:20 +0100] "GET /gui/styles/tmplDefault.css HTTP/1.1" 304 - "http://easydrivers.activities.at/entry.php?id=10271&" "Mozilla/5.0 (Windows NT 10.0; Trident/7.0; rv:11.0) like Gecko"
213.86.241.133 - - [24/Jan/2017:17:12:20 +0100] "GET /gui/javascript/form_form.js?1485274340 HTTP/1.1" 200 16206 "http://easydrivers.activities.at/entry.php?id=10273&" "Mozilla/5.0 (Windows NT 10.0; Trident/7.0; rv:11.0) like Gecko"
213.86.241.133 - - [24/Jan/2017:17:12:20 +0100] "GET /gui/javascript/form_form.js?1485274340 HTTP/1.1" 200 16206 "http://easydrivers.activities.at/entry.php?id=10271&" "Mozilla/5.0 (Windows NT 10.0; Trident/7.0; rv:11.0) like Gecko"
62.99.181.193 - - [24/Jan/2017:17:12:20 +0100] "GET /layout.php HTTP/1.1" 200 916 "-" "Mozilla/5.0 (Windows NT 10.0; WOW64; Trident/7.0; rv:11.0) like Gecko"
62.99.181.193 - - [24/Jan/2017:17:12:21 +0100] "GET /entry.php?id=10270 HTTP/1.1" 200 907 "http://easydrivers.activities.at/layout.php" "Mozilla/5.0 (Windows NT 10.0; WOW64; Trident/7.0; rv:11.0) like Gecko"
62.99.181.193 - - [24/Jan/2017:17:12:21 +0100] "GET /entry.php?id=10273 HTTP/1.1" 200 1901 "http://easydrivers.activities.at/layout.php" "Mozilla/5.0 (Windows NT 10.0; WOW64; Trident/7.0; rv:11.0) like Gecko"
62.99.181.193 - - [24/Jan/2017:17:12:21 +0100] "GET /entry.php?id=10272 HTTP/1.1" 200 1157 "http://easydrivers.activities.at/layout.php" "Mozilla/5.0 (Windows NT 10.0; WOW64; Trident/7.0; rv:11.0) like Gecko"
62.99.181.193 - - [24/Jan/2017:17:12:21 +0100] "GET /entry.php?id=11412 HTTP/1.1" 200 1759 "http://easydrivers.activities.at/layout.php" "Mozilla/5.0 (Windows NT 10.0; WOW64; Trident/7.0; rv:11.0) like Gecko"
62.99.181.193 - - [24/Jan/2017:17:12:21 +0100] "GET /gui/javascript/form_form.js?1485274341 HTTP/1.1" 200 16206 "http://easydrivers.activities.at/entry.php?id=10270" "Mozilla/5.0 (Windows NT 10.0; WOW64; Trident/7.0; rv:11.0) like Gecko"
213.86.241.133 - - [24/Jan/2017:17:12:21 +0100] "GET /gui/javascript/jquery/js/jquery-1.8.2.js HTTP/1.1" 304 - "http://easydrivers.activities.at/entry.php?id=10271&" "Mozilla/5.0 (Windows NT 10.0; Trident/7.0; rv:11.0) like Gecko"
213.86.241.133 - - [24/Jan/2017:17:12:21 +0100] "GET /gui/javascript/jquery/js/jquery-ui-1.9.0.custom.min.js HTTP/1.1" 304 - "http://easydrivers.activities.at/entry.php?id=10271&" "Mozilla/5.0 (Windows NT 10.0; Trident/7.0; rv:11.0) like Gecko"
213.86.241.133 - - [24/Jan/2017:17:12:21 +0100] "GET /framework/webfx/style/toolbar/images/cbback.gif HTTP/1.1" 404 319 "http://easydrivers.activities.at/entry.php?id=10273&" "Mozilla/5.0 (Windows NT 10.0; Trident/7.0; rv:11.0) like Gecko"
213.86.241.133 - - [24/Jan/2017:17:12:21 +0100] "GET /entry.php?id=10270&__app__=10006038 HTTP/1.1" 200 1647 "http://easydrivers.activities.at/layout.php" "Mozilla/5.0 (Windows NT 10.0; Trident/7.0; rv:11.0) like Gecko"
213.86.241.133 - - [24/Jan/2017:17:12:21 +0100] "GET /gui/javascript/jquery/jquery-tooltip/jquery.tooltip.min.js HTTP/1.1" 304 - "http://easydrivers.activities.at/entry.php?id=10271&" "Mozilla/5.0 (Windows NT 10.0; Trident/7.0; rv:11.0) like Gecko"
213.86.241.133 - - [24/Jan/2017:17:12:21 +0100] "GET /gui/javascript/form_form.js?1485274341 HTTP/1.1" 200 16206 "http://easydrivers.activities.at/entry.php?id=10270&__app__=10006038" "Mozilla/5.0 (Windows NT 10.0; Trident/7.0; rv:11.0) like Gecko"
62.99.181.193 - - [24/Jan/2017:17:12:21 +0100] "GET /entry.php?id=10287 HTTP/1.1" 200 2414 "http://easydrivers.activities.at/entry.php?id=11412" "Mozilla/5.0 (Windows NT 10.0; WOW64; Trident/7.0; rv:11.0) like Gecko"
62.99.181.193 - - [24/Jan/2017:17:12:21 +0100] "GET /entry.php?id=10271& HTTP/1.1" 200 933 "http://easydrivers.activities.at/entry.php?id=10272" "Mozilla/5.0 (Windows NT 10.0; WOW64; Trident/7.0; rv:11.0) like Gecko"
62.99.181.193 - - [24/Jan/2017:17:12:22 +0100] "GET /gui/javascript/form_form.js?1485274342 HTTP/1.1" 200 16206 "http://easydrivers.activities.at/entry.php?id=10287" "Mozilla/5.0 (Windows NT 10.0; WOW64; Trident/7.0; rv:11.0) like Gecko"
213.86.241.133 - - [24/Jan/2017:17:12:22 +0100] "GET /undefined HTTP/1.1" 404 290 "http://easydrivers.activities.at/entry.php?id=10270&__app__=10006038" "Mozilla/5.0 (Windows NT 10.0; Trident/7.0; rv:11.0) like Gecko"
62.99.181.193 - - [24/Jan/2017:17:12:22 +0100] "GET /entry.php?id=10270& HTTP/1.1" 200 907 "http://easydrivers.activities.at/layout.php" "Mozilla/5.0 (Windows NT 10.0; WOW64; Trident/7.0; rv:11.0) like Gecko"
62.99.181.193 - - [24/Jan/2017:17:12:22 +0100] "GET /entry.php?id=10273& HTTP/1.1" 200 1902 "http://easydrivers.activities.at/layout.php" "Mozilla/5.0 (Windows NT 10.0; WOW64; Trident/7.0; rv:11.0) like Gecko"
213.86.241.133 - - [24/Jan/2017:17:12:24 +0100] "POST /entry.php?id=10287& HTTP/1.1" 200 2345 "http://easydrivers.activities.at/entry.php?id=10287&" "Mozilla/5.0 (Windows NT 10.0; Trident/7.0; rv:11.0) like Gecko"
213.86.241.133 - - [24/Jan/2017:17:12:24 +0100] "GET /gui/javascript/form_form.js?1485274344 HTTP/1.1" 200 16206 "http://easydrivers.activities.at/entry.php?id=10287&" "Mozilla/5.0 (Windows NT 10.0; Trident/7.0; rv:11.0) like Gecko"
213.86.241.133 - - [24/Jan/2017:17:12:25 +0100] "GET /entry.php?id=10271& HTTP/1.1" 200 985 "http://easydrivers.activities.at/entry.php?id=10272" "Mozilla/5.0 (Windows NT 10.0; Trident/7.0; rv:11.0) like Gecko"
213.86.241.133 - - [24/Jan/2017:17:12:26 +0100] "GET /gui/javascript/jquery/css/gui-themes/custom.min.css HTTP/1.1" 304 - "http://easydrivers.activities.at/entry.php?id=10271&" "Mozilla/5.0 (Windows NT 10.0; Trident/7.0; rv:11.0) like Gecko"
213.86.241.133 - - [24/Jan/2017:17:12:26 +0100] "GET /gui/javascript/jquery/css/gui-themes/ui.spinner.css HTTP/1.1" 304 - "http://easydrivers.activities.at/entry.php?id=10271&" "Mozilla/5.0 (Windows NT 10.0; Trident/7.0; rv:11.0) like Gecko"
213.86.241.133 - - [24/Jan/2017:17:12:26 +0100] "GET /gui/javascript/jquery/css/gui-themes/jquery.tooltip.css HTTP/1.1" 304 - "http://easydrivers.activities.at/entry.php?id=10271&" "Mozilla/5.0 (Windows NT 10.0; Trident/7.0; rv:11.0) like Gecko"
213.86.241.133 - - [24/Jan/2017:17:12:26 +0100] "GET /gui/styles/tmplDefault.css HTTP/1.1" 304 - "http://easydrivers.activities.at/entry.php?id=10271&" "Mozilla/5.0 (Windows NT 10.0; Trident/7.0; rv:11.0) like Gecko"
213.86.241.133 - - [24/Jan/2017:17:12:26 +0100] "GET /gui/javascript/form_form.js?1485274345 HTTP/1.1" 200 16206 "http://easydrivers.activities.at/entry.php?id=10271&" "Mozilla/5.0 (Windows NT 10.0; Trident/7.0; rv:11.0) like Gecko"
213.86.241.133 - - [24/Jan/2017:17:12:26 +0100] "GET /entry.php?id=10374 HTTP/1.1" 200 2017 "http://easydrivers.activities.at/entry.php?id=10287&" "Mozilla/5.0 (Windows NT 10.0; Trident/7.0; rv:11.0) like Gecko"
213.86.241.133 - - [24/Jan/2017:17:12:27 +0100] "GET /gui/javascript/form_form.js?1485274346 HTTP/1.1" 200 16206 "http://easydrivers.activities.at/entry.php?id=10374" "Mozilla/5.0 (Windows NT 10.0; Trident/7.0; rv:11.0) like Gecko"
213.86.241.133 - - [24/Jan/2017:17:12:27 +0100] "GET /gui/javascript/jquery/js/jquery-1.8.2.js HTTP/1.1" 304 - "http://easydrivers.activities.at/entry.php?id=10271&" "Mozilla/5.0 (Windows NT 10.0; Trident/7.0; rv:11.0) like Gecko"
213.86.241.133 - - [24/Jan/2017:17:12:27 +0100] "GET /gui/javascript/jquery/js/jquery-ui-1.9.0.custom.min.js HTTP/1.1" 304 - "http://easydrivers.activities.at/entry.php?id=10271&" "Mozilla/5.0 (Windows NT 10.0; Trident/7.0; rv:11.0) like Gecko"
213.86.241.133 - - [24/Jan/2017:17:12:28 +0100] "GET /gui/javascript/jquery/jquery-tooltip/jquery.tooltip.min.js HTTP/1.1" 304 - "http://easydrivers.activities.at/entry.php?id=10271&" "Mozilla/5.0 (Windows NT 10.0; Trident/7.0; rv:11.0) like Gecko"
213.86.241.133 - - [24/Jan/2017:17:12:29 +0100] "GET /entry.php?id=11674 HTTP/1.1" 200 321 "http://easydrivers.activities.at/entry.php?id=11412" "Mozilla/5.0 (Windows NT 10.0; Trident/7.0; rv:11.0) like Gecko"
213.86.241.133 - - [24/Jan/2017:17:12:29 +0100] "GET /entry.php?id=10676&&title=Aktionen HTTP/1.1" 200 1386 "http://easydrivers.activities.at/entry.php?id=11674" "Mozilla/5.0 (Windows NT 10.0; Trident/7.0; rv:11.0) like Gecko"
213.86.241.133 - - [24/Jan/2017:17:12:30 +0100] "GET /gui/javascript/form_form.js?1485274349 HTTP/1.1" 200 16206 "http://easydrivers.activities.at/entry.php?id=10676&&title=Aktionen" "Mozilla/5.0 (Windows NT 10.0; Trident/7.0; rv:11.0) like Gecko"
213.86.241.133 - - [24/Jan/2017:17:12:29 +0100] "GET /entry.php?id=11676& HTTP/1.1" 200 4383 "http://easydrivers.activities.at/entry.php?id=11674" "Mozilla/5.0 (Windows NT 10.0; Trident/7.0; rv:11.0) like Gecko"
213.86.241.133 - - [24/Jan/2017:17:12:29 +0100] "GET /entry.php?id=11675& HTTP/1.1" 200 2690 "http://easydrivers.activities.at/entry.php?id=11674" "Mozilla/5.0 (Windows NT 10.0; Trident/7.0; rv:11.0) like Gecko"
213.86.241.133 - - [24/Jan/2017:17:12:30 +0100] "GET /gui/javascript/form_form.js?1485274350 HTTP/1.1" 200 16206 "http://easydrivers.activities.at/entry.php?id=11676&" "Mozilla/5.0 (Windows NT 10.0; Trident/7.0; rv:11.0) like Gecko"
213.86.241.133 - - [24/Jan/2017:17:12:31 +0100] "GET /entry.php?id=10776&form=11500&name=list& HTTP/1.1" 200 2450 "http://easydrivers.activities.at/entry.php?id=11675&" "Mozilla/5.0 (Windows NT 10.0; Trident/7.0; rv:11.0) like Gecko"
213.86.241.133 - - [24/Jan/2017:17:12:31 +0100] "GET /entry.php?id=10778&form=11500&name=list& HTTP/1.1" 200 3029 "http://easydrivers.activities.at/entry.php?id=11675&" "Mozilla/5.0 (Windows NT 10.0; Trident/7.0; rv:11.0) like Gecko"
62.99.181.193 - - [24/Jan/2017:17:12:36 +0100] "POST /entry.php?id=10287& HTTP/1.1" 200 2278 "http://easydrivers.activities.at/entry.php?id=10287" "Mozilla/5.0 (Windows NT 10.0; WOW64; Trident/7.0; rv:11.0) like Gecko"
62.99.181.193 - - [24/Jan/2017:17:12:37 +0100] "GET /gui/javascript/form_form.js?1485274357 HTTP/1.1" 200 16206 "http://easydrivers.activities.at/entry.php?id=10287&" "Mozilla/5.0 (Windows NT 10.0; WOW64; Trident/7.0; rv:11.0) like Gecko"
62.99.181.193 - - [24/Jan/2017:17:12:37 +0100] "GET /entry.php?id=10271& HTTP/1.1" 200 987 "http://easydrivers.activities.at/entry.php?id=10272" "Mozilla/5.0 (Windows NT 10.0; WOW64; Trident/7.0; rv:11.0) like Gecko"
62.99.181.193 - - [24/Jan/2017:17:12:37 +0100] "GET /entry.php?id=10273& HTTP/1.1" 200 2031 "http://easydrivers.activities.at/layout.php" "Mozilla/5.0 (Windows NT 10.0; WOW64; Trident/7.0; rv:11.0) like Gecko"
62.99.181.193 - - [24/Jan/2017:17:12:38 +0100] "GET /gui/javascript/jquery/css/gui-themes/custom.min.css HTTP/1.1" 304 - "http://easydrivers.activities.at/entry.php?id=10271&" "Mozilla/5.0 (Windows NT 10.0; WOW64; Trident/7.0; rv:11.0) like Gecko"
62.99.181.193 - - [24/Jan/2017:17:12:38 +0100] "GET /gui/javascript/jquery/css/gui-themes/ui.spinner.css HTTP/1.1" 304 - "http://easydrivers.activities.at/entry.php?id=10271&" "Mozilla/5.0 (Windows NT 10.0; WOW64; Trident/7.0; rv:11.0) like Gecko"
62.99.181.193 - - [24/Jan/2017:17:12:38 +0100] "GET /gui/javascript/form_form.js?1485274358 HTTP/1.1" 200 16206 "http://easydrivers.activities.at/entry.php?id=10273&" "Mozilla/5.0 (Windows NT 10.0; WOW64; Trident/7.0; rv:11.0) like Gecko"
62.99.181.193 - - [24/Jan/2017:17:12:38 +0100] "GET /gui/javascript/jquery/css/gui-themes/jquery.tooltip.css HTTP/1.1" 304 - "http://easydrivers.activities.at/entry.php?id=10271&" "Mozilla/5.0 (Windows NT 10.0; WOW64; Trident/7.0; rv:11.0) like Gecko"
62.99.181.193 - - [24/Jan/2017:17:12:38 +0100] "GET /gui/styles/tmplDefault.css HTTP/1.1" 304 - "http://easydrivers.activities.at/entry.php?id=10271&" "Mozilla/5.0 (Windows NT 10.0; WOW64; Trident/7.0; rv:11.0) like Gecko"
213.86.241.133 - - [24/Jan/2017:17:12:38 +0100] "POST /entry.php?id=11676 HTTP/1.1" 200 4584 "http://easydrivers.activities.at/entry.php?id=11676&" "Mozilla/5.0 (Windows NT 10.0; Trident/7.0; rv:11.0) like Gecko"
213.86.241.133 - - [24/Jan/2017:17:12:38 +0100] "GET /gui/javascript/form_form.js?1485274358 HTTP/1.1" 200 16206 "http://easydrivers.activities.at/entry.php?id=11676" "Mozilla/5.0 (Windows NT 10.0; Trident/7.0; rv:11.0) like Gecko"
62.99.181.193 - - [24/Jan/2017:17:12:38 +0100] "GET /gui/javascript/form_form.js?1485274358 HTTP/1.1" 200 16206 "http://easydrivers.activities.at/entry.php?id=10271&" "Mozilla/5.0 (Windows NT 10.0; WOW64; Trident/7.0; rv:11.0) like Gecko"
62.99.181.193 - - [24/Jan/2017:17:12:38 +0100] "GET /framework/webfx/style/toolbar/images/cbback.gif HTTP/1.1" 404 319 "http://easydrivers.activities.at/entry.php?id=10273&" "Mozilla/5.0 (Windows NT 10.0; WOW64; Trident/7.0; rv:11.0) like Gecko"
62.99.181.193 - - [24/Jan/2017:17:12:38 +0100] "GET /gui/javascript/jquery/js/jquery-1.8.2.js HTTP/1.1" 304 - "http://easydrivers.activities.at/entry.php?id=10271&" "Mozilla/5.0 (Windows NT 10.0; WOW64; Trident/7.0; rv:11.0) like Gecko"
62.99.181.193 - - [24/Jan/2017:17:12:38 +0100] "GET /entry.php?id=10270&__app__=10006038 HTTP/1.1" 200 1648 "http://easydrivers.activities.at/layout.php" "Mozilla/5.0 (Windows NT 10.0; WOW64; Trident/7.0; rv:11.0) like Gecko"
62.99.181.193 - - [24/Jan/2017:17:12:39 +0100] "GET /gui/javascript/jquery/js/jquery-ui-1.9.0.custom.min.js HTTP/1.1" 304 - "http://easydrivers.activities.at/entry.php?id=10271&" "Mozilla/5.0 (Windows NT 10.0; WOW64; Trident/7.0; rv:11.0) like Gecko"
62.99.181.193 - - [24/Jan/2017:17:12:39 +0100] "GET /gui/javascript/jquery/jquery-tooltip/jquery.tooltip.min.js HTTP/1.1" 304 - "http://easydrivers.activities.at/entry.php?id=10271&" "Mozilla/5.0 (Windows NT 10.0; WOW64; Trident/7.0; rv:11.0) like Gecko"
62.99.181.193 - - [24/Jan/2017:17:12:39 +0100] "GET /undefined HTTP/1.1" 404 290 "http://easydrivers.activities.at/entry.php?id=10270&__app__=10006038" "Mozilla/5.0 (Windows NT 10.0; WOW64; Trident/7.0; rv:11.0) like Gecko"
62.99.181.193 - - [24/Jan/2017:17:12:48 +0100] "GET /entry.php?id=11674 HTTP/1.1" 200 321 "http://easydrivers.activities.at/entry.php?id=11412" "Mozilla/5.0 (Windows NT 10.0; WOW64; Trident/7.0; rv:11.0) like Gecko"
62.99.181.193 - - [24/Jan/2017:17:12:48 +0100] "GET /entry.php?id=10676&&title=Aktionen HTTP/1.1" 200 1386 "http://easydrivers.activities.at/entry.php?id=11674" "Mozilla/5.0 (Windows NT 10.0; WOW64; Trident/7.0; rv:11.0) like Gecko"
62.99.181.193 - - [24/Jan/2017:17:12:48 +0100] "GET /gui/javascript/form_form.js?1485274368 HTTP/1.1" 200 16206 "http://easydrivers.activities.at/entry.php?id=10676&&title=Aktionen" "Mozilla/5.0 (Windows NT 10.0; WOW64; Trident/7.0; rv:11.0) like Gecko"
62.99.181.193 - - [24/Jan/2017:17:12:48 +0100] "GET /entry.php?id=11676& HTTP/1.1" 200 4383 "http://easydrivers.activities.at/entry.php?id=11674" "Mozilla/5.0 (Windows NT 10.0; WOW64; Trident/7.0; rv:11.0) like Gecko"
62.99.181.193 - - [24/Jan/2017:17:12:48 +0100] "GET /entry.php?id=11675& HTTP/1.1" 200 2631 "http://easydrivers.activities.at/entry.php?id=11674" "Mozilla/5.0 (Windows NT 10.0; WOW64; Trident/7.0; rv:11.0) like Gecko"
62.99.181.193 - - [24/Jan/2017:17:12:49 +0100] "GET /gui/javascript/form_form.js?1485274369 HTTP/1.1" 200 16206 "http://easydrivers.activities.at/entry.php?id=11675&" "Mozilla/5.0 (Windows NT 10.0; WOW64; Trident/7.0; rv:11.0) like Gecko"
62.99.181.193 - - [24/Jan/2017:17:12:49 +0100] "GET /entry.php?id=10776&form=11500&name=list& HTTP/1.1" 200 2402 "http://easydrivers.activities.at/entry.php?id=11675&" "Mozilla/5.0 (Windows NT 10.0; WOW64; Trident/7.0; rv:11.0) like Gecko"
62.99.181.193 - - [24/Jan/2017:17:12:49 +0100] "GET /entry.php?id=10778&form=11500&name=list& HTTP/1.1" 200 2636 "http://easydrivers.activities.at/entry.php?id=11675&" "Mozilla/5.0 (Windows NT 10.0; WOW64; Trident/7.0; rv:11.0) like Gecko"
213.86.241.133 - - [24/Jan/2017:17:13:16 +0100] "POST /entry.php?id=11676 HTTP/1.1" 200 4877 "http://easydrivers.activities.at/entry.php?id=11676" "Mozilla/5.0 (Windows NT 10.0; Trident/7.0; rv:11.0) like Gecko"
213.86.241.133 - - [24/Jan/2017:17:13:17 +0100] "GET /gui/javascript/form_form.js?1485274397 HTTP/1.1" 200 16206 "http://easydrivers.activities.at/entry.php?id=11676" "Mozilla/5.0 (Windows NT 10.0; Trident/7.0; rv:11.0) like Gecko"
213.86.241.133 - - [24/Jan/2017:17:13:24 +0100] "POST /entry.php?id=11676 HTTP/1.1" 200 3209 "http://easydrivers.activities.at/entry.php?id=11676" "Mozilla/5.0 (Windows NT 10.0; Trident/7.0; rv:11.0) like Gecko"
213.86.241.133 - - [24/Jan/2017:17:13:25 +0100] "GET /gui/javascript/form_form.js?1485274404 HTTP/1.1" 200 16206 "http://easydrivers.activities.at/entry.php?id=11676" "Mozilla/5.0 (Windows NT 10.0; Trident/7.0; rv:11.0) like Gecko"
213.86.241.133 - - [24/Jan/2017:17:13:27 +0100] "GET /framework/webfx/javascript/tinymce/skins/lightgray/content.min.css HTTP/1.1" 404 331 "http://easydrivers.activities.at/entry.php?id=11676" "Mozilla/5.0 (Windows NT 10.0; Trident/7.0; rv:11.0) like Gecko"
213.86.241.133 - - [24/Jan/2017:17:13:28 +0100] "GET /entry.php?id=10271&&ser=274345 HTTP/1.1" 200 985 "http://easydrivers.activities.at/entry.php?id=10271&" "Mozilla/5.0 (Windows NT 10.0; Trident/7.0; rv:11.0) like Gecko"
213.86.241.133 - - [24/Jan/2017:17:13:28 +0100] "GET /gui/javascript/form_form.js?1485274408 HTTP/1.1" 200 16206 "http://easydrivers.activities.at/entry.php?id=10271&&ser=274345" "Mozilla/5.0 (Windows NT 10.0; Trident/7.0; rv:11.0) like Gecko"
213.86.241.133 - - [24/Jan/2017:17:13:37 +0100] "POST /entry.php?id=11676 HTTP/1.1" 200 4584 "http://easydrivers.activities.at/entry.php?id=11676" "Mozilla/5.0 (Windows NT 10.0; Trident/7.0; rv:11.0) like Gecko"
213.86.241.133 - - [24/Jan/2017:17:13:37 +0100] "GET /gui/javascript/form_form.js?1485274417 HTTP/1.1" 200 16206 "http://easydrivers.activities.at/entry.php?id=11676" "Mozilla/5.0 (Windows NT 10.0; Trident/7.0; rv:11.0) like Gecko"
62.99.181.193 - - [24/Jan/2017:17:13:39 +0100] "GET /entry.php?id=10271&&ser=274357 HTTP/1.1" 200 985 "http://easydrivers.activities.at/entry.php?id=10271&" "Mozilla/5.0 (Windows NT 10.0; WOW64; Trident/7.0; rv:11.0) like Gecko"
62.99.181.193 - - [24/Jan/2017:17:13:39 +0100] "GET /gui/javascript/form_form.js?1485274419 HTTP/1.1" 200 16206 "http://easydrivers.activities.at/entry.php?id=10271&&ser=274357" "Mozilla/5.0 (Windows NT 10.0; WOW64; Trident/7.0; rv:11.0) like Gecko"
213.86.241.133 - - [24/Jan/2017:17:13:42 +0100] "POST /entry.php?id=11676 HTTP/1.1" 200 4857 "http://easydrivers.activities.at/entry.php?id=11676" "Mozilla/5.0 (Windows NT 10.0; Trident/7.0; rv:11.0) like Gecko"
213.86.241.133 - - [24/Jan/2017:17:13:43 +0100] "GET /gui/javascript/form_form.js?1485274423 HTTP/1.1" 200 16206 "http://easydrivers.activities.at/entry.php?id=11676" "Mozilla/5.0 (Windows NT 10.0; Trident/7.0; rv:11.0) like Gecko"
62.99.181.193 - - [24/Jan/2017:17:13:56 +0100] "GET /entry.php?id=11674 HTTP/1.1" 200 321 "http://easydrivers.activities.at/entry.php?id=11412" "Mozilla/5.0 (Windows NT 10.0; WOW64; Trident/7.0; rv:11.0) like Gecko"
62.99.181.193 - - [24/Jan/2017:17:13:56 +0100] "GET /entry.php?id=10676&&title=Aktionen HTTP/1.1" 200 1387 "http://easydrivers.activities.at/entry.php?id=11674" "Mozilla/5.0 (Windows NT 10.0; WOW64; Trident/7.0; rv:11.0) like Gecko"
62.99.181.193 - - [24/Jan/2017:17:13:57 +0100] "GET /gui/javascript/form_form.js?1485274437 HTTP/1.1" 200 16206 "http://easydrivers.activities.at/entry.php?id=10676&&title=Aktionen" "Mozilla/5.0 (Windows NT 10.0; WOW64; Trident/7.0; rv:11.0) like Gecko"
62.99.181.193 - - [24/Jan/2017:17:13:56 +0100] "GET /entry.php?id=11675& HTTP/1.1" 200 2631 "http://easydrivers.activities.at/entry.php?id=11674" "Mozilla/5.0 (Windows NT 10.0; WOW64; Trident/7.0; rv:11.0) like Gecko"
62.99.181.193 - - [24/Jan/2017:17:13:56 +0100] "GET /entry.php?id=11676& HTTP/1.1" 200 4380 "http://easydrivers.activities.at/entry.php?id=11674" "Mozilla/5.0 (Windows NT 10.0; WOW64; Trident/7.0; rv:11.0) like Gecko"
62.99.181.193 - - [24/Jan/2017:17:13:57 +0100] "GET /entry.php?id=10778&form=11500&name=list& HTTP/1.1" 200 2636 "http://easydrivers.activities.at/entry.php?id=11675&" "Mozilla/5.0 (Windows NT 10.0; WOW64; Trident/7.0; rv:11.0) like Gecko"
62.99.181.193 - - [24/Jan/2017:17:13:57 +0100] "GET /entry.php?id=10776&form=11500&name=list& HTTP/1.1" 200 2402 "http://easydrivers.activities.at/entry.php?id=11675&" "Mozilla/5.0 (Windows NT 10.0; WOW64; Trident/7.0; rv:11.0) like Gecko"
62.99.181.193 - - [24/Jan/2017:17:14:06 +0100] "POST /entry.php?id=11676 HTTP/1.1" 200 4372 "http://easydrivers.activities.at/entry.php?id=11676&" "Mozilla/5.0 (Windows NT 10.0; WOW64; Trident/7.0; rv:11.0) like Gecko"
62.99.181.193 - - [24/Jan/2017:17:14:06 +0100] "GET /gui/javascript/form_form.js?1485274446 HTTP/1.1" 200 16206 "http://easydrivers.activities.at/entry.php?id=11676" "Mozilla/5.0 (Windows NT 10.0; WOW64; Trident/7.0; rv:11.0) like Gecko"
213.86.241.133 - - [24/Jan/2017:17:14:18 +0100] "POST /entry.php?id=11676 HTTP/1.1" 200 4867 "http://easydrivers.activities.at/entry.php?id=11676" "Mozilla/5.0 (Windows NT 10.0; Trident/7.0; rv:11.0) like Gecko"
213.86.241.133 - - [24/Jan/2017:17:14:19 +0100] "GET /gui/javascript/form_form.js?1485274459 HTTP/1.1" 200 16206 "http://easydrivers.activities.at/entry.php?id=11676" "Mozilla/5.0 (Windows NT 10.0; Trident/7.0; rv:11.0) like Gecko"
213.86.241.133 - - [24/Jan/2017:17:14:29 +0100] "GET /entry.php?id=10271&&ser=274408 HTTP/1.1" 200 985 "http://easydrivers.activities.at/entry.php?id=10271&&ser=274345" "Mozilla/5.0 (Windows NT 10.0; Trident/7.0; rv:11.0) like Gecko"
213.86.241.133 - - [24/Jan/2017:17:14:29 +0100] "GET /gui/javascript/form_form.js?1485274469 HTTP/1.1" 200 16206 "http://easydrivers.activities.at/entry.php?id=10271&&ser=274408" "Mozilla/5.0 (Windows NT 10.0; Trident/7.0; rv:11.0) like Gecko"
62.99.181.193 - - [24/Jan/2017:17:14:40 +0100] "GET /entry.php?id=10271&&ser=274419 HTTP/1.1" 200 985 "http://easydrivers.activities.at/entry.php?id=10271&&ser=274357" "Mozilla/5.0 (Windows NT 10.0; WOW64; Trident/7.0; rv:11.0) like Gecko"
