93.83.197.18 - - [26/Jan/2017:14:48:51 +0100] "GET /framework/webfx/javascript/tinymce/skins/lightgray/skin.ie7.min.css HTTP/1.1" 200 6148 "http://ed.activities.at/entry.php?id=11671" "Mozilla/5.0 (Windows NT 6.1; WOW64; Trident/7.0; rv:11.0) like Gecko"
93.83.197.18 - - [26/Jan/2017:14:48:51 +0100] "GET /framework/webfx/javascript/tinymce/skins/lightgray/content.min.css HTTP/1.1" 404 327 "http://ed.activities.at/entry.php?id=11671" "Mozilla/5.0 (Windows NT 6.1; WOW64; Trident/7.0; rv:11.0) like Gecko"
93.83.197.18 - - [26/Jan/2017:14:48:51 +0100] "GET /framework/webfx/javascript/tinymce/skins/lightgray/fonts/tinymce.eot HTTP/1.1" 200 10024 "http://ed.activities.at/entry.php?id=11671" "Mozilla/5.0 (Windows NT 6.1; WOW64; Trident/7.0; rv:11.0) like Gecko"
93.83.197.18 - - [26/Jan/2017:14:48:51 +0100] "GET /framework/webfx/javascript/tinymce/skins/lightgray/fonts/tinymce-small.eot HTTP/1.1" 200 10316 "http://ed.activities.at/entry.php?id=11671" "Mozilla/5.0 (Windows NT 6.1; WOW64; Trident/7.0; rv:11.0) like Gecko"
93.83.197.18 - - [26/Jan/2017:14:49:01 +0100] "POST /entry.php?id=11671 HTTP/1.1" 200 3547 "http://ed.activities.at/entry.php?id=11671" "Mozilla/5.0 (Windows NT 6.1; WOW64; Trident/7.0; rv:11.0) like Gecko"
93.83.197.18 - - [26/Jan/2017:14:49:01 +0100] "GET /gui/javascript/form_form.js?1485438541 HTTP/1.1" 200 16206 "http://ed.activities.at/entry.php?id=11671" "Mozilla/5.0 (Windows NT 6.1; WOW64; Trident/7.0; rv:11.0) like Gecko"
93.83.197.18 - - [26/Jan/2017:14:49:02 +0100] "GET /framework/webfx/javascript/tinymce/skins/lightgray/content.min.css HTTP/1.1" 404 327 "http://ed.activities.at/entry.php?id=11671" "Mozilla/5.0 (Windows NT 6.1; WOW64; Trident/7.0; rv:11.0) like Gecko"
93.83.197.18 - - [26/Jan/2017:14:49:11 +0100] "GET /entry.php?id=10271&&ser=438491 HTTP/1.1" 200 987 "http://ed.activities.at/entry.php?id=10272" "Mozilla/5.0 (Windows NT 6.1; WOW64; Trident/7.0; rv:11.0) like Gecko"
93.83.197.18 - - [26/Jan/2017:14:49:11 +0100] "GET /gui/javascript/form_form.js?1485438551 HTTP/1.1" 200 16206 "http://ed.activities.at/entry.php?id=10271&&ser=438491" "Mozilla/5.0 (Windows NT 6.1; WOW64; Trident/7.0; rv:11.0) like Gecko"
93.83.197.18 - - [26/Jan/2017:14:49:14 +0100] "POST /entry.php?id=11671 HTTP/1.1" 200 4914 "http://ed.activities.at/entry.php?id=11671" "Mozilla/5.0 (Windows NT 6.1; WOW64; Trident/7.0; rv:11.0) like Gecko"
93.83.197.18 - - [26/Jan/2017:14:49:15 +0100] "GET /gui/javascript/form_form.js?1485438555 HTTP/1.1" 200 16206 "http://ed.activities.at/entry.php?id=11671" "Mozilla/5.0 (Windows NT 6.1; WOW64; Trident/7.0; rv:11.0) like Gecko"
93.83.197.18 - - [26/Jan/2017:14:49:15 +0100] "GET /entry.php?id=10778&form=11496&name=list& HTTP/1.1" 200 5751 "http://ed.activities.at/entry.php?id=11671" "Mozilla/5.0 (Windows NT 6.1; WOW64; Trident/7.0; rv:11.0) like Gecko"
93.83.197.18 - - [26/Jan/2017:14:49:15 +0100] "GET /entry.php?id=10776&form=11496&name=list& HTTP/1.1" 200 1519 "http://ed.activities.at/entry.php?id=11671" "Mozilla/5.0 (Windows NT 6.1; WOW64; Trident/7.0; rv:11.0) like Gecko"
212.108.43.59 - - [26/Jan/2017:14:49:16 +0100] "GET / HTTP/1.1" 200 382 "-" "Mozilla/5.0 (Windows NT 10.0; Win64; x64) AppleWebKit/537.36 (KHTML, like Gecko) Chrome/55.0.2883.87 Safari/537.36"
212.108.43.59 - - [26/Jan/2017:14:49:16 +0100] "GET /layout.php HTTP/1.1" 200 909 "http://ed.activities.at/" "Mozilla/5.0 (Windows NT 10.0; Win64; x64) AppleWebKit/537.36 (KHTML, like Gecko) Chrome/55.0.2883.87 Safari/537.36"
212.108.43.59 - - [26/Jan/2017:14:49:16 +0100] "GET /entry.php?id=10273 HTTP/1.1" 200 1902 "http://ed.activities.at/layout.php" "Mozilla/5.0 (Windows NT 10.0; Win64; x64) AppleWebKit/537.36 (KHTML, like Gecko) Chrome/55.0.2883.87 Safari/537.36"
212.108.43.59 - - [26/Jan/2017:14:49:16 +0100] "GET /framework/webfx/style/toolbar/cb2.css HTTP/1.1" 200 793 "http://ed.activities.at/entry.php?id=10273" "Mozilla/5.0 (Windows NT 10.0; Win64; x64) AppleWebKit/537.36 (KHTML, like Gecko) Chrome/55.0.2883.87 Safari/537.36"
212.108.43.59 - - [26/Jan/2017:14:49:17 +0100] "GET /framework/webfx/javascript/toolbar/cb2.js HTTP/1.1" 200 1686 "http://ed.activities.at/entry.php?id=10273" "Mozilla/5.0 (Windows NT 10.0; Win64; x64) AppleWebKit/537.36 (KHTML, like Gecko) Chrome/55.0.2883.87 Safari/537.36"
212.108.43.59 - - [26/Jan/2017:14:49:17 +0100] "GET /framework/webfx/javascript/toolbar/ieemu.js HTTP/1.1" 200 2366 "http://ed.activities.at/entry.php?id=10273" "Mozilla/5.0 (Windows NT 10.0; Win64; x64) AppleWebKit/537.36 (KHTML, like Gecko) Chrome/55.0.2883.87 Safari/537.36"
212.108.43.59 - - [26/Jan/2017:14:49:17 +0100] "GET /gui/javascript/form_form.js?1485438556 HTTP/1.1" 200 16206 "http://ed.activities.at/entry.php?id=10273" "Mozilla/5.0 (Windows NT 10.0; Win64; x64) AppleWebKit/537.36 (KHTML, like Gecko) Chrome/55.0.2883.87 Safari/537.36"
212.108.43.59 - - [26/Jan/2017:14:49:17 +0100] "GET /gui/images/icons/Logo_activites_RGB.gif HTTP/1.1" 200 1336 "http://ed.activities.at/entry.php?id=10273" "Mozilla/5.0 (Windows NT 10.0; Win64; x64) AppleWebKit/537.36 (KHTML, like Gecko) Chrome/55.0.2883.87 Safari/537.36"
212.108.43.59 - - [26/Jan/2017:14:49:16 +0100] "GET /entry.php?id=10272 HTTP/1.1" 200 1159 "http://ed.activities.at/layout.php" "Mozilla/5.0 (Windows NT 10.0; Win64; x64) AppleWebKit/537.36 (KHTML, like Gecko) Chrome/55.0.2883.87 Safari/537.36"
212.108.43.59 - - [26/Jan/2017:14:49:16 +0100] "GET /entry.php?id=10270 HTTP/1.1" 200 909 "http://ed.activities.at/layout.php" "Mozilla/5.0 (Windows NT 10.0; Win64; x64) AppleWebKit/537.36 (KHTML, like Gecko) Chrome/55.0.2883.87 Safari/537.36"
212.108.43.59 - - [26/Jan/2017:14:49:16 +0100] "GET /entry.php?id=11412 HTTP/1.1" 200 1759 "http://ed.activities.at/layout.php" "Mozilla/5.0 (Windows NT 10.0; Win64; x64) AppleWebKit/537.36 (KHTML, like Gecko) Chrome/55.0.2883.87 Safari/537.36"
212.108.43.59 - - [26/Jan/2017:14:49:17 +0100] "GET /framework/webfx/javascript/statusbar/statusBar.js HTTP/1.1" 200 649 "http://ed.activities.at/entry.php?id=10272" "Mozilla/5.0 (Windows NT 10.0; Win64; x64) AppleWebKit/537.36 (KHTML, like Gecko) Chrome/55.0.2883.87 Safari/537.36"
212.108.43.59 - - [26/Jan/2017:14:49:17 +0100] "GET /gui/javascript/form_form.js?1485438557 HTTP/1.1" 200 16206 "http://ed.activities.at/entry.php?id=10272" "Mozilla/5.0 (Windows NT 10.0; Win64; x64) AppleWebKit/537.36 (KHTML, like Gecko) Chrome/55.0.2883.87 Safari/537.36"
212.108.43.59 - - [26/Jan/2017:14:49:17 +0100] "GET /gui/images/icons/cancel.gif HTTP/1.1" 200 125 "http://ed.activities.at/entry.php?id=11412" "Mozilla/5.0 (Windows NT 10.0; Win64; x64) AppleWebKit/537.36 (KHTML, like Gecko) Chrome/55.0.2883.87 Safari/537.36"
212.108.43.59 - - [26/Jan/2017:14:49:17 +0100] "GET /entry.php?id=10271& HTTP/1.1" 200 935 "http://ed.activities.at/entry.php?id=10272" "Mozilla/5.0 (Windows NT 10.0; Win64; x64) AppleWebKit/537.36 (KHTML, like Gecko) Chrome/55.0.2883.87 Safari/537.36"
212.108.43.59 - - [26/Jan/2017:14:49:17 +0100] "GET /entry.php?id=10287 HTTP/1.1" 200 2410 "http://ed.activities.at/entry.php?id=11412" "Mozilla/5.0 (Windows NT 10.0; Win64; x64) AppleWebKit/537.36 (KHTML, like Gecko) Chrome/55.0.2883.87 Safari/537.36"
212.108.43.59 - - [26/Jan/2017:14:49:17 +0100] "GET /entry.php?id=10270& HTTP/1.1" 200 909 "http://ed.activities.at/entry.php?id=10287" "Mozilla/5.0 (Windows NT 10.0; Win64; x64) AppleWebKit/537.36 (KHTML, like Gecko) Chrome/55.0.2883.87 Safari/537.36"
212.108.43.59 - - [26/Jan/2017:14:49:17 +0100] "GET /entry.php?id=10273& HTTP/1.1" 200 1902 "http://ed.activities.at/entry.php?id=10287" "Mozilla/5.0 (Windows NT 10.0; Win64; x64) AppleWebKit/537.36 (KHTML, like Gecko) Chrome/55.0.2883.87 Safari/537.36"
212.108.43.59 - - [26/Jan/2017:14:49:18 +0100] "GET /gui/images/progressbar.gif HTTP/1.1" 200 2157 "http://ed.activities.at/entry.php?id=10272" "Mozilla/5.0 (Windows NT 10.0; Win64; x64) AppleWebKit/537.36 (KHTML, like Gecko) Chrome/55.0.2883.87 Safari/537.36"
212.108.43.59 - - [26/Jan/2017:14:49:18 +0100] "POST /entry.php?id=10287& HTTP/1.1" 200 3064 "http://ed.activities.at/entry.php?id=10287" "Mozilla/5.0 (Windows NT 10.0; Win64; x64) AppleWebKit/537.36 (KHTML, like Gecko) Chrome/55.0.2883.87 Safari/537.36"
212.108.43.59 - - [26/Jan/2017:14:49:19 +0100] "GET /gui/javascript/form_form.js?1485438559 HTTP/1.1" 200 16206 "http://ed.activities.at/entry.php?id=10287&" "Mozilla/5.0 (Windows NT 10.0; Win64; x64) AppleWebKit/537.36 (KHTML, like Gecko) Chrome/55.0.2883.87 Safari/537.36"
93.83.197.18 - - [26/Jan/2017:14:49:19 +0100] "POST /entry.php?id=11671 HTTP/1.1" 200 5063 "http://ed.activities.at/entry.php?id=11671" "Mozilla/5.0 (Windows NT 6.1; WOW64; Trident/7.0; rv:11.0) like Gecko"
93.83.197.18 - - [26/Jan/2017:14:49:19 +0100] "GET /gui/javascript/form_form.js?1485438559 HTTP/1.1" 200 16206 "http://ed.activities.at/entry.php?id=11671" "Mozilla/5.0 (Windows NT 6.1; WOW64; Trident/7.0; rv:11.0) like Gecko"
93.83.197.18 - - [26/Jan/2017:14:49:20 +0100] "GET /entry.php?id=10778&form=11496&name=list& HTTP/1.1" 200 5751 "http://ed.activities.at/entry.php?id=11671" "Mozilla/5.0 (Windows NT 6.1; WOW64; Trident/7.0; rv:11.0) like Gecko"
212.108.43.59 - - [26/Jan/2017:14:49:19 +0100] "GET /entry.php?id=10271& HTTP/1.1" 200 990 "http://ed.activities.at/entry.php?id=10271&" "Mozilla/5.0 (Windows NT 10.0; Win64; x64) AppleWebKit/537.36 (KHTML, like Gecko) Chrome/55.0.2883.87 Safari/537.36"
212.108.43.59 - - [26/Jan/2017:14:49:20 +0100] "GET /gui/javascript/jquery/css/gui-themes/custom.min.css HTTP/1.1" 304 - "http://ed.activities.at/entry.php?id=10271&" "Mozilla/5.0 (Windows NT 10.0; Win64; x64) AppleWebKit/537.36 (KHTML, like Gecko) Chrome/55.0.2883.87 Safari/537.36"
212.108.43.59 - - [26/Jan/2017:14:49:20 +0100] "GET /gui/javascript/jquery/css/gui-themes/jquery.tooltip.css HTTP/1.1" 304 - "http://ed.activities.at/entry.php?id=10271&" "Mozilla/5.0 (Windows NT 10.0; Win64; x64) AppleWebKit/537.36 (KHTML, like Gecko) Chrome/55.0.2883.87 Safari/537.36"
212.108.43.59 - - [26/Jan/2017:14:49:20 +0100] "GET /gui/javascript/jquery/css/gui-themes/ui.spinner.css HTTP/1.1" 304 - "http://ed.activities.at/entry.php?id=10271&" "Mozilla/5.0 (Windows NT 10.0; Win64; x64) AppleWebKit/537.36 (KHTML, like Gecko) Chrome/55.0.2883.87 Safari/537.36"
212.108.43.59 - - [26/Jan/2017:14:49:20 +0100] "GET /gui/styles/tmplDefault.css HTTP/1.1" 304 - "http://ed.activities.at/entry.php?id=10271&" "Mozilla/5.0 (Windows NT 10.0; Win64; x64) AppleWebKit/537.36 (KHTML, like Gecko) Chrome/55.0.2883.87 Safari/537.36"
212.108.43.59 - - [26/Jan/2017:14:49:20 +0100] "GET /gui/javascript/jquery/js/jquery-1.8.2.js HTTP/1.1" 304 - "http://ed.activities.at/entry.php?id=10271&" "Mozilla/5.0 (Windows NT 10.0; Win64; x64) AppleWebKit/537.36 (KHTML, like Gecko) Chrome/55.0.2883.87 Safari/537.36"
212.108.43.59 - - [26/Jan/2017:14:49:20 +0100] "GET /gui/javascript/jquery/js/jquery-ui-1.9.0.custom.min.js HTTP/1.1" 304 - "http://ed.activities.at/entry.php?id=10271&" "Mozilla/5.0 (Windows NT 10.0; Win64; x64) AppleWebKit/537.36 (KHTML, like Gecko) Chrome/55.0.2883.87 Safari/537.36"
212.108.43.59 - - [26/Jan/2017:14:49:20 +0100] "GET /gui/javascript/jquery/jquery-tooltip/jquery.tooltip.min.js HTTP/1.1" 304 - "http://ed.activities.at/entry.php?id=10271&" "Mozilla/5.0 (Windows NT 10.0; Win64; x64) AppleWebKit/537.36 (KHTML, like Gecko) Chrome/55.0.2883.87 Safari/537.36"
212.108.43.59 - - [26/Jan/2017:14:49:20 +0100] "GET /gui/javascript/form_form.js?1485438560 HTTP/1.1" 200 16206 "http://ed.activities.at/entry.php?id=10271&" "Mozilla/5.0 (Windows NT 10.0; Win64; x64) AppleWebKit/537.36 (KHTML, like Gecko) Chrome/55.0.2883.87 Safari/537.36"
212.108.43.59 - - [26/Jan/2017:14:49:19 +0100] "GET /entry.php?id=10273& HTTP/1.1" 200 2029 "http://ed.activities.at/entry.php?id=10287&" "Mozilla/5.0 (Windows NT 10.0; Win64; x64) AppleWebKit/537.36 (KHTML, like Gecko) Chrome/55.0.2883.87 Safari/537.36"
93.83.197.18 - - [26/Jan/2017:14:49:20 +0100] "GET /entry.php?id=10776&form=11496&name=list& HTTP/1.1" 200 1519 "http://ed.activities.at/entry.php?id=11671" "Mozilla/5.0 (Windows NT 6.1; WOW64; Trident/7.0; rv:11.0) like Gecko"
212.108.43.59 - - [26/Jan/2017:14:49:20 +0100] "GET /framework/webfx/style/toolbar/images/cbback.gif HTTP/1.1" 404 314 "http://ed.activities.at/framework/webfx/style/toolbar/cb2.css" "Mozilla/5.0 (Windows NT 10.0; Win64; x64) AppleWebKit/537.36 (KHTML, like Gecko) Chrome/55.0.2883.87 Safari/537.36"
212.108.43.59 - - [26/Jan/2017:14:49:20 +0100] "GET /entry.php?id=10270&__app__=10006038 HTTP/1.1" 200 1696 "http://ed.activities.at/entry.php?id=10273&" "Mozilla/5.0 (Windows NT 10.0; Win64; x64) AppleWebKit/537.36 (KHTML, like Gecko) Chrome/55.0.2883.87 Safari/537.36"
212.108.43.59 - - [26/Jan/2017:14:49:20 +0100] "GET /framework/webfx/javascript/navigation/crossbrowser.js HTTP/1.1" 200 1842 "http://ed.activities.at/entry.php?id=10270&__app__=10006038" "Mozilla/5.0 (Windows NT 10.0; Win64; x64) AppleWebKit/537.36 (KHTML, like Gecko) Chrome/55.0.2883.87 Safari/537.36"
212.108.43.59 - - [26/Jan/2017:14:49:20 +0100] "GET /framework/webfx/javascript/navigation/outlook.js HTTP/1.1" 200 6351 "http://ed.activities.at/entry.php?id=10270&__app__=10006038" "Mozilla/5.0 (Windows NT 10.0; Win64; x64) AppleWebKit/537.36 (KHTML, like Gecko) Chrome/55.0.2883.87 Safari/537.36"
212.108.43.59 - - [26/Jan/2017:14:49:20 +0100] "GET /gui/images/icons/i_artikelgruppen.gif HTTP/1.1" 200 1538 "http://ed.activities.at/entry.php?id=10270&__app__=10006038" "Mozilla/5.0 (Windows NT 10.0; Win64; x64) AppleWebKit/537.36 (KHTML, like Gecko) Chrome/55.0.2883.87 Safari/537.36"
212.108.43.59 - - [26/Jan/2017:14:49:20 +0100] "GET /gui/images/icons/i_haendler_sollverteiler.gif HTTP/1.1" 200 1330 "http://ed.activities.at/entry.php?id=10270&__app__=10006038" "Mozilla/5.0 (Windows NT 10.0; Win64; x64) AppleWebKit/537.36 (KHTML, like Gecko) Chrome/55.0.2883.87 Safari/537.36"
212.108.43.59 - - [26/Jan/2017:14:49:20 +0100] "GET /gui/images/icons/artikelbearbeitung_verfassung.gif HTTP/1.1" 200 1719 "http://ed.activities.at/entry.php?id=10270&__app__=10006038" "Mozilla/5.0 (Windows NT 10.0; Win64; x64) AppleWebKit/537.36 (KHTML, like Gecko) Chrome/55.0.2883.87 Safari/537.36"
212.108.43.59 - - [26/Jan/2017:14:49:20 +0100] "GET /gui/images/icons/i_aktionsreminder.gif HTTP/1.1" 200 2181 "http://ed.activities.at/entry.php?id=10270&__app__=10006038" "Mozilla/5.0 (Windows NT 10.0; Win64; x64) AppleWebKit/537.36 (KHTML, like Gecko) Chrome/55.0.2883.87 Safari/537.36"
212.108.43.59 - - [26/Jan/2017:14:49:20 +0100] "GET /gui/images/icons/menumanagement.gif HTTP/1.1" 200 204 "http://ed.activities.at/entry.php?id=10270&__app__=10006038" "Mozilla/5.0 (Windows NT 10.0; Win64; x64) AppleWebKit/537.36 (KHTML, like Gecko) Chrome/55.0.2883.87 Safari/537.36"
212.108.43.59 - - [26/Jan/2017:14:49:20 +0100] "GET /gui/images/icons/i_aktionen.gif HTTP/1.1" 200 1920 "http://ed.activities.at/entry.php?id=10270&__app__=10006038" "Mozilla/5.0 (Windows NT 10.0; Win64; x64) AppleWebKit/537.36 (KHTML, like Gecko) Chrome/55.0.2883.87 Safari/537.36"
212.108.43.59 - - [26/Jan/2017:14:49:20 +0100] "GET /undefined HTTP/1.1" 404 285 "http://ed.activities.at/entry.php?id=10270&__app__=10006038" "Mozilla/5.0 (Windows NT 10.0; Win64; x64) AppleWebKit/537.36 (KHTML, like Gecko) Chrome/55.0.2883.87 Safari/537.36"
212.108.43.59 - - [26/Jan/2017:14:49:20 +0100] "GET /framework/icons/navigation/arrowdown.gif HTTP/1.1" 200 424 "http://ed.activities.at/entry.php?id=10270&__app__=10006038" "Mozilla/5.0 (Windows NT 10.0; Win64; x64) AppleWebKit/537.36 (KHTML, like Gecko) Chrome/55.0.2883.87 Safari/537.36"
212.108.43.59 - - [26/Jan/2017:14:49:20 +0100] "GET /framework/icons/navigation/arrowup.gif HTTP/1.1" 200 407 "http://ed.activities.at/entry.php?id=10270&__app__=10006038" "Mozilla/5.0 (Windows NT 10.0; Win64; x64) AppleWebKit/537.36 (KHTML, like Gecko) Chrome/55.0.2883.87 Safari/537.36"
212.108.43.59 - - [26/Jan/2017:14:49:20 +0100] "GET /gui/images/icons/pers_einstellungen.gif HTTP/1.1" 200 1461 "http://ed.activities.at/entry.php?id=10270&__app__=10006038" "Mozilla/5.0 (Windows NT 10.0; Win64; x64) AppleWebKit/537.36 (KHTML, like Gecko) Chrome/55.0.2883.87 Safari/537.36"
212.108.43.59 - - [26/Jan/2017:14:49:20 +0100] "GET /gui/images/icons/i_firmen.gif HTTP/1.1" 200 1463 "http://ed.activities.at/entry.php?id=10270&__app__=10006038" "Mozilla/5.0 (Windows NT 10.0; Win64; x64) AppleWebKit/537.36 (KHTML, like Gecko) Chrome/55.0.2883.87 Safari/537.36"
212.108.43.59 - - [26/Jan/2017:14:49:20 +0100] "GET /gui/images/icons/i_resourcenverwaltung.gif HTTP/1.1" 200 2102 "http://ed.activities.at/entry.php?id=10270&__app__=10006038" "Mozilla/5.0 (Windows NT 10.0; Win64; x64) AppleWebKit/537.36 (KHTML, like Gecko) Chrome/55.0.2883.87 Safari/537.36"
212.108.43.59 - - [26/Jan/2017:14:49:20 +0100] "GET /gui/images/icons/i_artikel.gif HTTP/1.1" 200 1765 "http://ed.activities.at/entry.php?id=10270&__app__=10006038" "Mozilla/5.0 (Windows NT 10.0; Win64; x64) AppleWebKit/537.36 (KHTML, like Gecko) Chrome/55.0.2883.87 Safari/537.36"
188.20.126.106 - - [26/Jan/2017:14:49:24 +0100] "GET /entry.php?id=10271&&ser=438504 HTTP/1.1" 200 987 "http://easydrivers.activities.at/entry.php?id=10271&&ser=438443" "Mozilla/5.0 (Macintosh; Intel Mac OS X 10.6; rv:48.0) Gecko/20100101 Firefox/48.0"
188.20.126.106 - - [26/Jan/2017:14:49:25 +0100] "GET /gui/javascript/form_form.js?1485438565 HTTP/1.1" 200 16206 "http://easydrivers.activities.at/entry.php?id=10271&&ser=438504" "Mozilla/5.0 (Macintosh; Intel Mac OS X 10.6; rv:48.0) Gecko/20100101 Firefox/48.0"
93.83.197.18 - - [26/Jan/2017:14:49:51 +0100] "POST /entry.php?id=11671 HTTP/1.1" 200 4936 "http://ed.activities.at/entry.php?id=11671" "Mozilla/5.0 (Windows NT 6.1; WOW64; Trident/7.0; rv:11.0) like Gecko"
93.83.197.18 - - [26/Jan/2017:14:49:52 +0100] "GET /gui/javascript/form_form.js?1485438592 HTTP/1.1" 200 16206 "http://ed.activities.at/entry.php?id=11671" "Mozilla/5.0 (Windows NT 6.1; WOW64; Trident/7.0; rv:11.0) like Gecko"
93.83.197.18 - - [26/Jan/2017:14:49:52 +0100] "GET /entry.php?id=10778&form=11496&name=list& HTTP/1.1" 200 5856 "http://ed.activities.at/entry.php?id=11671" "Mozilla/5.0 (Windows NT 6.1; WOW64; Trident/7.0; rv:11.0) like Gecko"
93.83.197.18 - - [26/Jan/2017:14:49:52 +0100] "GET /entry.php?id=10776&form=11496&name=list& HTTP/1.1" 200 1519 "http://ed.activities.at/entry.php?id=11671" "Mozilla/5.0 (Windows NT 6.1; WOW64; Trident/7.0; rv:11.0) like Gecko"
212.108.43.59 - - [26/Jan/2017:14:50:07 +0100] "POST /entry.php?id=10287& HTTP/1.1" 200 3028 "http://ed.activities.at/entry.php?id=10287&" "Mozilla/5.0 (Windows NT 10.0; Win64; x64) AppleWebKit/537.36 (KHTML, like Gecko) Chrome/55.0.2883.87 Safari/537.36"
212.108.43.59 - - [26/Jan/2017:14:50:07 +0100] "GET /gui/javascript/form_form.js?1485438607 HTTP/1.1" 200 16206 "http://ed.activities.at/entry.php?id=10287&" "Mozilla/5.0 (Windows NT 10.0; Win64; x64) AppleWebKit/537.36 (KHTML, like Gecko) Chrome/55.0.2883.87 Safari/537.36"
212.108.43.59 - - [26/Jan/2017:14:50:07 +0100] "GET /entry.php?id=10271& HTTP/1.1" 200 987 "http://ed.activities.at/entry.php?id=10271&" "Mozilla/5.0 (Windows NT 10.0; Win64; x64) AppleWebKit/537.36 (KHTML, like Gecko) Chrome/55.0.2883.87 Safari/537.36"
212.108.43.59 - - [26/Jan/2017:14:50:07 +0100] "GET /gui/javascript/jquery/css/gui-themes/custom.min.css HTTP/1.1" 304 - "http://ed.activities.at/entry.php?id=10271&" "Mozilla/5.0 (Windows NT 10.0; Win64; x64) AppleWebKit/537.36 (KHTML, like Gecko) Chrome/55.0.2883.87 Safari/537.36"
212.108.43.59 - - [26/Jan/2017:14:50:07 +0100] "GET /gui/javascript/jquery/css/gui-themes/ui.spinner.css HTTP/1.1" 304 - "http://ed.activities.at/entry.php?id=10271&" "Mozilla/5.0 (Windows NT 10.0; Win64; x64) AppleWebKit/537.36 (KHTML, like Gecko) Chrome/55.0.2883.87 Safari/537.36"
212.108.43.59 - - [26/Jan/2017:14:50:07 +0100] "GET /gui/javascript/jquery/css/gui-themes/jquery.tooltip.css HTTP/1.1" 304 - "http://ed.activities.at/entry.php?id=10271&" "Mozilla/5.0 (Windows NT 10.0; Win64; x64) AppleWebKit/537.36 (KHTML, like Gecko) Chrome/55.0.2883.87 Safari/537.36"
212.108.43.59 - - [26/Jan/2017:14:50:07 +0100] "GET /gui/styles/tmplDefault.css HTTP/1.1" 304 - "http://ed.activities.at/entry.php?id=10271&" "Mozilla/5.0 (Windows NT 10.0; Win64; x64) AppleWebKit/537.36 (KHTML, like Gecko) Chrome/55.0.2883.87 Safari/537.36"
212.108.43.59 - - [26/Jan/2017:14:50:07 +0100] "GET /gui/javascript/form_form.js?1485438607 HTTP/1.1" 304 - "http://ed.activities.at/entry.php?id=10271&" "Mozilla/5.0 (Windows NT 10.0; Win64; x64) AppleWebKit/537.36 (KHTML, like Gecko) Chrome/55.0.2883.87 Safari/537.36"
212.108.43.59 - - [26/Jan/2017:14:50:07 +0100] "GET /gui/javascript/jquery/js/jquery-1.8.2.js HTTP/1.1" 304 - "http://ed.activities.at/entry.php?id=10271&" "Mozilla/5.0 (Windows NT 10.0; Win64; x64) AppleWebKit/537.36 (KHTML, like Gecko) Chrome/55.0.2883.87 Safari/537.36"
212.108.43.59 - - [26/Jan/2017:14:50:07 +0100] "GET /gui/javascript/jquery/js/jquery-ui-1.9.0.custom.min.js HTTP/1.1" 304 - "http://ed.activities.at/entry.php?id=10271&" "Mozilla/5.0 (Windows NT 10.0; Win64; x64) AppleWebKit/537.36 (KHTML, like Gecko) Chrome/55.0.2883.87 Safari/537.36"
212.108.43.59 - - [26/Jan/2017:14:50:07 +0100] "GET /gui/javascript/jquery/jquery-tooltip/jquery.tooltip.min.js HTTP/1.1" 304 - "http://ed.activities.at/entry.php?id=10271&" "Mozilla/5.0 (Windows NT 10.0; Win64; x64) AppleWebKit/537.36 (KHTML, like Gecko) Chrome/55.0.2883.87 Safari/537.36"
93.83.197.18 - - [26/Jan/2017:14:50:11 +0100] "GET /entry.php?id=10271&&ser=438551 HTTP/1.1" 200 987 "http://ed.activities.at/entry.php?id=10272" "Mozilla/5.0 (Windows NT 6.1; WOW64; Trident/7.0; rv:11.0) like Gecko"
93.83.197.18 - - [26/Jan/2017:14:50:12 +0100] "GET /gui/javascript/form_form.js?1485438612 HTTP/1.1" 200 16206 "http://ed.activities.at/entry.php?id=10271&&ser=438551" "Mozilla/5.0 (Windows NT 6.1; WOW64; Trident/7.0; rv:11.0) like Gecko"
188.20.126.106 - - [26/Jan/2017:14:50:25 +0100] "GET /entry.php?id=10271&&ser=438565 HTTP/1.1" 200 987 "http://easydrivers.activities.at/entry.php?id=10271&&ser=438504" "Mozilla/5.0 (Macintosh; Intel Mac OS X 10.6; rv:48.0) Gecko/20100101 Firefox/48.0"
188.20.126.106 - - [26/Jan/2017:14:50:25 +0100] "GET /gui/javascript/form_form.js?1485438625 HTTP/1.1" 200 16206 "http://easydrivers.activities.at/entry.php?id=10271&&ser=438565" "Mozilla/5.0 (Macintosh; Intel Mac OS X 10.6; rv:48.0) Gecko/20100101 Firefox/48.0"
93.83.197.18 - - [26/Jan/2017:14:50:53 +0100] "POST /entry.php?id=11671 HTTP/1.1" 200 5153 "http://ed.activities.at/entry.php?id=11671" "Mozilla/5.0 (Windows NT 6.1; WOW64; Trident/7.0; rv:11.0) like Gecko"
93.83.197.18 - - [26/Jan/2017:14:50:54 +0100] "GET /gui/javascript/form_form.js?1485438654 HTTP/1.1" 200 16206 "http://ed.activities.at/entry.php?id=11671" "Mozilla/5.0 (Windows NT 6.1; WOW64; Trident/7.0; rv:11.0) like Gecko"
93.83.197.18 - - [26/Jan/2017:14:50:54 +0100] "GET /entry.php?id=10776&form=11496&name=list& HTTP/1.1" 200 1519 "http://ed.activities.at/entry.php?id=11671" "Mozilla/5.0 (Windows NT 6.1; WOW64; Trident/7.0; rv:11.0) like Gecko"
93.83.197.18 - - [26/Jan/2017:14:50:54 +0100] "GET /entry.php?id=10778&form=11496&name=list& HTTP/1.1" 200 5856 "http://ed.activities.at/entry.php?id=11671" "Mozilla/5.0 (Windows NT 6.1; WOW64; Trident/7.0; rv:11.0) like Gecko"
93.83.197.18 - - [26/Jan/2017:14:50:57 +0100] "POST /entry.php?id=11671 HTTP/1.1" 200 4940 "http://ed.activities.at/entry.php?id=11671" "Mozilla/5.0 (Windows NT 6.1; WOW64; Trident/7.0; rv:11.0) like Gecko"
93.83.197.18 - - [26/Jan/2017:14:50:58 +0100] "GET /gui/javascript/form_form.js?1485438658 HTTP/1.1" 200 16206 "http://ed.activities.at/entry.php?id=11671" "Mozilla/5.0 (Windows NT 6.1; WOW64; Trident/7.0; rv:11.0) like Gecko"
93.83.197.18 - - [26/Jan/2017:14:50:58 +0100] "GET /entry.php?id=10778&form=11496&name=list& HTTP/1.1" 200 5856 "http://ed.activities.at/entry.php?id=11671" "Mozilla/5.0 (Windows NT 6.1; WOW64; Trident/7.0; rv:11.0) like Gecko"
93.83.197.18 - - [26/Jan/2017:14:50:58 +0100] "GET /entry.php?id=10776&form=11496&name=list& HTTP/1.1" 200 1519 "http://ed.activities.at/entry.php?id=11671" "Mozilla/5.0 (Windows NT 6.1; WOW64; Trident/7.0; rv:11.0) like Gecko"
93.83.197.18 - - [26/Jan/2017:14:51:00 +0100] "POST /entry.php?id=11671 HTTP/1.1" 200 4948 "http://ed.activities.at/entry.php?id=11671" "Mozilla/5.0 (Windows NT 6.1; WOW64; Trident/7.0; rv:11.0) like Gecko"
93.83.197.18 - - [26/Jan/2017:14:51:00 +0100] "GET /gui/javascript/form_form.js?1485438660 HTTP/1.1" 200 16206 "http://ed.activities.at/entry.php?id=11671" "Mozilla/5.0 (Windows NT 6.1; WOW64; Trident/7.0; rv:11.0) like Gecko"
93.83.197.18 - - [26/Jan/2017:14:51:00 +0100] "GET /entry.php?id=10778&form=11496&name=list& HTTP/1.1" 200 5856 "http://ed.activities.at/entry.php?id=11671" "Mozilla/5.0 (Windows NT 6.1; WOW64; Trident/7.0; rv:11.0) like Gecko"
93.83.197.18 - - [26/Jan/2017:14:51:00 +0100] "GET /entry.php?id=10776&form=11496&name=list& HTTP/1.1" 200 1519 "http://ed.activities.at/entry.php?id=11671" "Mozilla/5.0 (Windows NT 6.1; WOW64; Trident/7.0; rv:11.0) like Gecko"
93.83.197.18 - - [26/Jan/2017:14:51:03 +0100] "POST /entry.php?id=11671 HTTP/1.1" 200 5136 "http://ed.activities.at/entry.php?id=11671" "Mozilla/5.0 (Windows NT 6.1; WOW64; Trident/7.0; rv:11.0) like Gecko"
93.83.197.18 - - [26/Jan/2017:14:51:04 +0100] "GET /gui/javascript/form_form.js?1485438664 HTTP/1.1" 200 16206 "http://ed.activities.at/entry.php?id=11671" "Mozilla/5.0 (Windows NT 6.1; WOW64; Trident/7.0; rv:11.0) like Gecko"
93.83.197.18 - - [26/Jan/2017:14:51:04 +0100] "GET /entry.php?id=10778&form=11496&name=list& HTTP/1.1" 200 5856 "http://ed.activities.at/entry.php?id=11671" "Mozilla/5.0 (Windows NT 6.1; WOW64; Trident/7.0; rv:11.0) like Gecko"
93.83.197.18 - - [26/Jan/2017:14:51:04 +0100] "GET /entry.php?id=10776&form=11496&name=list& HTTP/1.1" 200 1519 "http://ed.activities.at/entry.php?id=11671" "Mozilla/5.0 (Windows NT 6.1; WOW64; Trident/7.0; rv:11.0) like Gecko"
212.108.43.59 - - [26/Jan/2017:14:51:05 +0100] "POST /entry.php?id=10287& HTTP/1.1" 200 3028 "http://ed.activities.at/entry.php?id=10287&" "Mozilla/5.0 (Windows NT 10.0; Win64; x64) AppleWebKit/537.36 (KHTML, like Gecko) Chrome/55.0.2883.87 Safari/537.36"
212.108.43.59 - - [26/Jan/2017:14:51:06 +0100] "GET /gui/javascript/form_form.js?1485438666 HTTP/1.1" 200 16206 "http://ed.activities.at/entry.php?id=10287&" "Mozilla/5.0 (Windows NT 10.0; Win64; x64) AppleWebKit/537.36 (KHTML, like Gecko) Chrome/55.0.2883.87 Safari/537.36"
212.108.43.59 - - [26/Jan/2017:14:51:06 +0100] "GET /entry.php?id=10271& HTTP/1.1" 200 987 "http://ed.activities.at/entry.php?id=10271&" "Mozilla/5.0 (Windows NT 10.0; Win64; x64) AppleWebKit/537.36 (KHTML, like Gecko) Chrome/55.0.2883.87 Safari/537.36"
212.108.43.59 - - [26/Jan/2017:14:51:06 +0100] "GET /gui/javascript/jquery/css/gui-themes/custom.min.css HTTP/1.1" 304 - "http://ed.activities.at/entry.php?id=10271&" "Mozilla/5.0 (Windows NT 10.0; Win64; x64) AppleWebKit/537.36 (KHTML, like Gecko) Chrome/55.0.2883.87 Safari/537.36"
212.108.43.59 - - [26/Jan/2017:14:51:06 +0100] "GET /gui/javascript/jquery/css/gui-themes/ui.spinner.css HTTP/1.1" 304 - "http://ed.activities.at/entry.php?id=10271&" "Mozilla/5.0 (Windows NT 10.0; Win64; x64) AppleWebKit/537.36 (KHTML, like Gecko) Chrome/55.0.2883.87 Safari/537.36"
212.108.43.59 - - [26/Jan/2017:14:51:06 +0100] "GET /gui/styles/tmplDefault.css HTTP/1.1" 304 - "http://ed.activities.at/entry.php?id=10271&" "Mozilla/5.0 (Windows NT 10.0; Win64; x64) AppleWebKit/537.36 (KHTML, like Gecko) Chrome/55.0.2883.87 Safari/537.36"
212.108.43.59 - - [26/Jan/2017:14:51:06 +0100] "GET /gui/javascript/jquery/css/gui-themes/jquery.tooltip.css HTTP/1.1" 304 - "http://ed.activities.at/entry.php?id=10271&" "Mozilla/5.0 (Windows NT 10.0; Win64; x64) AppleWebKit/537.36 (KHTML, like Gecko) Chrome/55.0.2883.87 Safari/537.36"
212.108.43.59 - - [26/Jan/2017:14:51:06 +0100] "GET /gui/javascript/form_form.js?1485438666 HTTP/1.1" 304 - "http://ed.activities.at/entry.php?id=10271&" "Mozilla/5.0 (Windows NT 10.0; Win64; x64) AppleWebKit/537.36 (KHTML, like Gecko) Chrome/55.0.2883.87 Safari/537.36"
212.108.43.59 - - [26/Jan/2017:14:51:06 +0100] "GET /gui/javascript/jquery/js/jquery-1.8.2.js HTTP/1.1" 304 - "http://ed.activities.at/entry.php?id=10271&" "Mozilla/5.0 (Windows NT 10.0; Win64; x64) AppleWebKit/537.36 (KHTML, like Gecko) Chrome/55.0.2883.87 Safari/537.36"
212.108.43.59 - - [26/Jan/2017:14:51:06 +0100] "GET /gui/javascript/jquery/js/jquery-ui-1.9.0.custom.min.js HTTP/1.1" 304 - "http://ed.activities.at/entry.php?id=10271&" "Mozilla/5.0 (Windows NT 10.0; Win64; x64) AppleWebKit/537.36 (KHTML, like Gecko) Chrome/55.0.2883.87 Safari/537.36"
212.108.43.59 - - [26/Jan/2017:14:51:06 +0100] "GET /gui/javascript/jquery/jquery-tooltip/jquery.tooltip.min.js HTTP/1.1" 304 - "http://ed.activities.at/entry.php?id=10271&" "Mozilla/5.0 (Windows NT 10.0; Win64; x64) AppleWebKit/537.36 (KHTML, like Gecko) Chrome/55.0.2883.87 Safari/537.36"
93.83.197.18 - - [26/Jan/2017:14:51:07 +0100] "POST /entry.php?id=11671 HTTP/1.1" 200 4939 "http://ed.activities.at/entry.php?id=11671" "Mozilla/5.0 (Windows NT 6.1; WOW64; Trident/7.0; rv:11.0) like Gecko"
93.83.197.18 - - [26/Jan/2017:14:51:07 +0100] "GET /gui/javascript/form_form.js?1485438667 HTTP/1.1" 200 16206 "http://ed.activities.at/entry.php?id=11671" "Mozilla/5.0 (Windows NT 6.1; WOW64; Trident/7.0; rv:11.0) like Gecko"
93.83.197.18 - - [26/Jan/2017:14:51:07 +0100] "GET /entry.php?id=10778&form=11496&name=list& HTTP/1.1" 200 5856 "http://ed.activities.at/entry.php?id=11671" "Mozilla/5.0 (Windows NT 6.1; WOW64; Trident/7.0; rv:11.0) like Gecko"
93.83.197.18 - - [26/Jan/2017:14:51:07 +0100] "GET /entry.php?id=10776&form=11496&name=list& HTTP/1.1" 200 1519 "http://ed.activities.at/entry.php?id=11671" "Mozilla/5.0 (Windows NT 6.1; WOW64; Trident/7.0; rv:11.0) like Gecko"
212.108.43.59 - - [26/Jan/2017:14:51:09 +0100] "GET /entry.php?id=11679 HTTP/1.1" 200 312 "http://ed.activities.at/entry.php?id=10270&__app__=10006038" "Mozilla/5.0 (Windows NT 10.0; Win64; x64) AppleWebKit/537.36 (KHTML, like Gecko) Chrome/55.0.2883.87 Safari/537.36"
212.108.43.59 - - [26/Jan/2017:14:51:09 +0100] "GET /entry.php?id=11678& HTTP/1.1" 200 3387 "http://ed.activities.at/entry.php?id=11679" "Mozilla/5.0 (Windows NT 10.0; Win64; x64) AppleWebKit/537.36 (KHTML, like Gecko) Chrome/55.0.2883.87 Safari/537.36"
212.108.43.59 - - [26/Jan/2017:14:51:10 +0100] "GET /activities/framework/KoolControls/KoolAjax/koolajax.php?8436e354c842500aba3cbaf0584c0c24 HTTP/1.1" 200 4079 "http://ed.activities.at/entry.php?id=11678&" "Mozilla/5.0 (Windows NT 10.0; Win64; x64) AppleWebKit/537.36 (KHTML, like Gecko) Chrome/55.0.2883.87 Safari/537.36"
212.108.43.59 - - [26/Jan/2017:14:51:10 +0100] "GET /gui/javascript/form_form.js?1485438670 HTTP/1.1" 200 16206 "http://ed.activities.at/entry.php?id=11678&" "Mozilla/5.0 (Windows NT 10.0; Win64; x64) AppleWebKit/537.36 (KHTML, like Gecko) Chrome/55.0.2883.87 Safari/537.36"
212.108.43.59 - - [26/Jan/2017:14:51:10 +0100] "GET /activities/framework/KoolControls/KoolTreeView/icons/website_modified.gif HTTP/1.1" 200 1060 "http://ed.activities.at/entry.php?id=11678&" "Mozilla/5.0 (Windows NT 10.0; Win64; x64) AppleWebKit/537.36 (KHTML, like Gecko) Chrome/55.0.2883.87 Safari/537.36"
212.108.43.59 - - [26/Jan/2017:14:51:10 +0100] "GET /activities/framework/KoolControls/KoolTreeView/icons/square_greenS.gif HTTP/1.1" 200 541 "http://ed.activities.at/entry.php?id=11678&" "Mozilla/5.0 (Windows NT 10.0; Win64; x64) AppleWebKit/537.36 (KHTML, like Gecko) Chrome/55.0.2883.87 Safari/537.36"
212.108.43.59 - - [26/Jan/2017:14:51:10 +0100] "GET /gui/images/icons/website_modified.gif HTTP/1.1" 200 1060 "http://ed.activities.at/entry.php?id=11678&" "Mozilla/5.0 (Windows NT 10.0; Win64; x64) AppleWebKit/537.36 (KHTML, like Gecko) Chrome/55.0.2883.87 Safari/537.36"
212.108.43.59 - - [26/Jan/2017:14:51:09 +0100] "GET /entry.php?id=10676&title=Portal& HTTP/1.1" 200 1386 "http://ed.activities.at/entry.php?id=11679" "Mozilla/5.0 (Windows NT 10.0; Win64; x64) AppleWebKit/537.36 (KHTML, like Gecko) Chrome/55.0.2883.87 Safari/537.36"
212.108.43.59 - - [26/Jan/2017:14:51:10 +0100] "GET /gui/images/icons/square_yellowS.gif HTTP/1.1" 200 541 "http://ed.activities.at/entry.php?id=11678&" "Mozilla/5.0 (Windows NT 10.0; Win64; x64) AppleWebKit/537.36 (KHTML, like Gecko) Chrome/55.0.2883.87 Safari/537.36"
212.108.43.59 - - [26/Jan/2017:14:51:10 +0100] "GET /gui/images/icons/square_greyS.gif HTTP/1.1" 200 342 "http://ed.activities.at/entry.php?id=11678&" "Mozilla/5.0 (Windows NT 10.0; Win64; x64) AppleWebKit/537.36 (KHTML, like Gecko) Chrome/55.0.2883.87 Safari/537.36"
212.108.43.59 - - [26/Jan/2017:14:51:10 +0100] "GET /gui/images/icons/square_greenS.gif HTTP/1.1" 200 541 "http://ed.activities.at/entry.php?id=11678&" "Mozilla/5.0 (Windows NT 10.0; Win64; x64) AppleWebKit/537.36 (KHTML, like Gecko) Chrome/55.0.2883.87 Safari/537.36"
212.108.43.59 - - [26/Jan/2017:14:51:10 +0100] "GET /activities/framework/KoolControls/KoolTreeView/styles/default/default.css HTTP/1.1" 200 1099 "http://ed.activities.at/entry.php?id=11678&" "Mozilla/5.0 (Windows NT 10.0; Win64; x64) AppleWebKit/537.36 (KHTML, like Gecko) Chrome/55.0.2883.87 Safari/537.36"
212.108.43.59 - - [26/Jan/2017:14:51:10 +0100] "GET /activities/framework/KoolControls/KoolTreeView/kooltreeview.php?c7cd9180e88ffef8e70f13526bb4f5f7 HTTP/1.1" 200 5055 "http://ed.activities.at/entry.php?id=11678&" "Mozilla/5.0 (Windows NT 10.0; Win64; x64) AppleWebKit/537.36 (KHTML, like Gecko) Chrome/55.0.2883.87 Safari/537.36"
212.108.43.59 - - [26/Jan/2017:14:51:10 +0100] "GET /activities/framework/KoolControls/KoolTreeView/styles/default/L.gif HTTP/1.1" 200 67 "http://ed.activities.at/activities/framework/KoolControls/KoolTreeView/styles/default/default.css" "Mozilla/5.0 (Windows NT 10.0; Win64; x64) AppleWebKit/537.36 (KHTML, like Gecko) Chrome/55.0.2883.87 Safari/537.36"
212.108.43.59 - - [26/Jan/2017:14:51:10 +0100] "GET /activities/framework/KoolControls/KoolTreeView/styles/default/pm.gif HTTP/1.1" 200 214 "http://ed.activities.at/activities/framework/KoolControls/KoolTreeView/styles/default/default.css" "Mozilla/5.0 (Windows NT 10.0; Win64; x64) AppleWebKit/537.36 (KHTML, like Gecko) Chrome/55.0.2883.87 Safari/537.36"
212.108.43.59 - - [26/Jan/2017:14:51:10 +0100] "GET /activities/framework/KoolControls/KoolTreeView/styles/default/v.gif HTTP/1.1" 200 1940 "http://ed.activities.at/activities/framework/KoolControls/KoolTreeView/styles/default/default.css" "Mozilla/5.0 (Windows NT 10.0; Win64; x64) AppleWebKit/537.36 (KHTML, like Gecko) Chrome/55.0.2883.87 Safari/537.36"
212.108.43.59 - - [26/Jan/2017:14:51:10 +0100] "GET /activities/framework/KoolControls/KoolTreeView/styles/default/horizon.gif HTTP/1.1" 200 844 "http://ed.activities.at/activities/framework/KoolControls/KoolTreeView/styles/default/default.css" "Mozilla/5.0 (Windows NT 10.0; Win64; x64) AppleWebKit/537.36 (KHTML, like Gecko) Chrome/55.0.2883.87 Safari/537.36"
212.108.43.59 - - [26/Jan/2017:14:51:10 +0100] "GET /activities/framework/KoolControls/KoolTreeView/styles/default/mid.gif HTTP/1.1" 200 71 "http://ed.activities.at/activities/framework/KoolControls/KoolTreeView/styles/default/default.css" "Mozilla/5.0 (Windows NT 10.0; Win64; x64) AppleWebKit/537.36 (KHTML, like Gecko) Chrome/55.0.2883.87 Safari/537.36"
212.108.43.59 - - [26/Jan/2017:14:51:09 +0100] "GET /entry.php?id=11677& HTTP/1.1" 200 4451 "http://ed.activities.at/entry.php?id=11679" "Mozilla/5.0 (Windows NT 10.0; Win64; x64) AppleWebKit/537.36 (KHTML, like Gecko) Chrome/55.0.2883.87 Safari/537.36"
212.108.43.59 - - [26/Jan/2017:14:51:11 +0100] "GET /gui/javascript/jquery/js/i18n/jquery.ui.datepicker-de.js HTTP/1.1" 200 479 "http://ed.activities.at/entry.php?id=11677&" "Mozilla/5.0 (Windows NT 10.0; Win64; x64) AppleWebKit/537.36 (KHTML, like Gecko) Chrome/55.0.2883.87 Safari/537.36"
212.108.43.59 - - [26/Jan/2017:14:51:11 +0100] "GET /gui/javascript/jquery/js/i18n/jquery-ui-timepicker-de.js HTTP/1.1" 200 333 "http://ed.activities.at/entry.php?id=11677&" "Mozilla/5.0 (Windows NT 10.0; Win64; x64) AppleWebKit/537.36 (KHTML, like Gecko) Chrome/55.0.2883.87 Safari/537.36"
212.108.43.59 - - [26/Jan/2017:14:51:11 +0100] "GET /activities/framework/fwx_trans.gif HTTP/1.1" 200 43 "http://ed.activities.at/entry.php?id=11677&" "Mozilla/5.0 (Windows NT 10.0; Win64; x64) AppleWebKit/537.36 (KHTML, like Gecko) Chrome/55.0.2883.87 Safari/537.36"
212.108.43.59 - - [26/Jan/2017:14:51:11 +0100] "GET /gui/javascript/form_form.js?1485438671 HTTP/1.1" 200 16206 "http://ed.activities.at/entry.php?id=11677&" "Mozilla/5.0 (Windows NT 10.0; Win64; x64) AppleWebKit/537.36 (KHTML, like Gecko) Chrome/55.0.2883.87 Safari/537.36"
212.108.43.59 - - [26/Jan/2017:14:51:11 +0100] "GET /gui/javascript/jquery/js/ui-timepicker-addon.js HTTP/1.1" 200 17574 "http://ed.activities.at/entry.php?id=11677&" "Mozilla/5.0 (Windows NT 10.0; Win64; x64) AppleWebKit/537.36 (KHTML, like Gecko) Chrome/55.0.2883.87 Safari/537.36"
212.108.43.59 - - [26/Jan/2017:14:51:11 +0100] "GET /gui/images/icons/disabled_lupe.gif HTTP/1.1" 200 322 "http://ed.activities.at/entry.php?id=11677&" "Mozilla/5.0 (Windows NT 10.0; Win64; x64) AppleWebKit/537.36 (KHTML, like Gecko) Chrome/55.0.2883.87 Safari/537.36"
212.108.43.59 - - [26/Jan/2017:14:51:11 +0100] "GET /gui/images/icons/edit.gif HTTP/1.1" 200 384 "http://ed.activities.at/entry.php?id=11677&" "Mozilla/5.0 (Windows NT 10.0; Win64; x64) AppleWebKit/537.36 (KHTML, like Gecko) Chrome/55.0.2883.87 Safari/537.36"
212.108.43.59 - - [26/Jan/2017:14:51:11 +0100] "GET /gui/images/icons/disabled_wizard.png HTTP/1.1" 200 658 "http://ed.activities.at/entry.php?id=11677&" "Mozilla/5.0 (Windows NT 10.0; Win64; x64) AppleWebKit/537.36 (KHTML, like Gecko) Chrome/55.0.2883.87 Safari/537.36"
212.108.43.59 - - [26/Jan/2017:14:51:11 +0100] "GET /gui/images/icons/disabled_calendar.png HTTP/1.1" 200 640 "http://ed.activities.at/entry.php?id=11677&" "Mozilla/5.0 (Windows NT 10.0; Win64; x64) AppleWebKit/537.36 (KHTML, like Gecko) Chrome/55.0.2883.87 Safari/537.36"
212.108.43.59 - - [26/Jan/2017:14:51:11 +0100] "GET /entry.php?id=11618&&object=&item=&emu_class= HTTP/1.1" 200 1696 "http://ed.activities.at/entry.php?id=11677&" "Mozilla/5.0 (Windows NT 10.0; Win64; x64) AppleWebKit/537.36 (KHTML, like Gecko) Chrome/55.0.2883.87 Safari/537.36"
212.108.43.59 - - [26/Jan/2017:14:51:11 +0100] "GET /gui/images/icons/ajax_loading.gif HTTP/1.1" 200 1542 "http://ed.activities.at/entry.php?id=11618&&object=&item=&emu_class=" "Mozilla/5.0 (Windows NT 10.0; Win64; x64) AppleWebKit/537.36 (KHTML, like Gecko) Chrome/55.0.2883.87 Safari/537.36"
212.108.43.59 - - [26/Jan/2017:14:51:11 +0100] "POST /entry.php?id=11677 HTTP/1.1" 200 5151 "http://ed.activities.at/entry.php?id=11677&" "Mozilla/5.0 (Windows NT 10.0; Win64; x64) AppleWebKit/537.36 (KHTML, like Gecko) Chrome/55.0.2883.87 Safari/537.36"
212.108.43.59 - - [26/Jan/2017:14:51:12 +0100] "GET /gui/images/icons/wizard.png HTTP/1.1" 200 724 "http://ed.activities.at/entry.php?id=11677" "Mozilla/5.0 (Windows NT 10.0; Win64; x64) AppleWebKit/537.36 (KHTML, like Gecko) Chrome/55.0.2883.87 Safari/537.36"
212.108.43.59 - - [26/Jan/2017:14:51:12 +0100] "GET /gui/images/icons/disabled_edit.gif HTTP/1.1" 200 408 "http://ed.activities.at/entry.php?id=11677" "Mozilla/5.0 (Windows NT 10.0; Win64; x64) AppleWebKit/537.36 (KHTML, like Gecko) Chrome/55.0.2883.87 Safari/537.36"
212.108.43.59 - - [26/Jan/2017:14:51:12 +0100] "GET /gui/javascript/form_form.js?1485438672 HTTP/1.1" 200 16206 "http://ed.activities.at/entry.php?id=11677" "Mozilla/5.0 (Windows NT 10.0; Win64; x64) AppleWebKit/537.36 (KHTML, like Gecko) Chrome/55.0.2883.87 Safari/537.36"
212.108.43.59 - - [26/Jan/2017:14:51:12 +0100] "GET /gui/images/icons/calendar.png HTTP/1.1" 200 675 "http://ed.activities.at/entry.php?id=11677" "Mozilla/5.0 (Windows NT 10.0; Win64; x64) AppleWebKit/537.36 (KHTML, like Gecko) Chrome/55.0.2883.87 Safari/537.36"
93.83.197.18 - - [26/Jan/2017:14:51:12 +0100] "GET /entry.php?id=10271&&ser=438612 HTTP/1.1" 200 987 "http://ed.activities.at/entry.php?id=10272" "Mozilla/5.0 (Windows NT 6.1; WOW64; Trident/7.0; rv:11.0) like Gecko"
93.83.197.18 - - [26/Jan/2017:14:51:13 +0100] "GET /gui/javascript/form_form.js?1485438673 HTTP/1.1" 200 16206 "http://ed.activities.at/entry.php?id=10271&&ser=438612" "Mozilla/5.0 (Windows NT 6.1; WOW64; Trident/7.0; rv:11.0) like Gecko"
93.83.197.18 - - [26/Jan/2017:14:51:22 +0100] "POST /entry.php?id=11671 HTTP/1.1" 200 5155 "http://ed.activities.at/entry.php?id=11671" "Mozilla/5.0 (Windows NT 6.1; WOW64; Trident/7.0; rv:11.0) like Gecko"
93.83.197.18 - - [26/Jan/2017:14:51:23 +0100] "GET /gui/javascript/form_form.js?1485438683 HTTP/1.1" 200 16206 "http://ed.activities.at/entry.php?id=11671" "Mozilla/5.0 (Windows NT 6.1; WOW64; Trident/7.0; rv:11.0) like Gecko"
93.83.197.18 - - [26/Jan/2017:14:51:23 +0100] "GET /entry.php?id=10776&form=11496&name=list& HTTP/1.1" 200 1519 "http://ed.activities.at/entry.php?id=11671" "Mozilla/5.0 (Windows NT 6.1; WOW64; Trident/7.0; rv:11.0) like Gecko"
93.83.197.18 - - [26/Jan/2017:14:51:23 +0100] "GET /entry.php?id=10778&form=11496&name=list& HTTP/1.1" 200 5856 "http://ed.activities.at/entry.php?id=11671" "Mozilla/5.0 (Windows NT 6.1; WOW64; Trident/7.0; rv:11.0) like Gecko"
188.20.126.106 - - [26/Jan/2017:14:51:26 +0100] "GET /entry.php?id=10271&&ser=438625 HTTP/1.1" 200 987 "http://easydrivers.activities.at/entry.php?id=10271&&ser=438565" "Mozilla/5.0 (Macintosh; Intel Mac OS X 10.6; rv:48.0) Gecko/20100101 Firefox/48.0"
188.20.126.106 - - [26/Jan/2017:14:51:26 +0100] "GET /gui/javascript/form_form.js?1485438686 HTTP/1.1" 200 16206 "http://easydrivers.activities.at/entry.php?id=10271&&ser=438625" "Mozilla/5.0 (Macintosh; Intel Mac OS X 10.6; rv:48.0) Gecko/20100101 Firefox/48.0"
93.83.197.18 - - [26/Jan/2017:14:51:26 +0100] "POST /entry.php?id=11671 HTTP/1.1" 200 5139 "http://ed.activities.at/entry.php?id=11671" "Mozilla/5.0 (Windows NT 6.1; WOW64; Trident/7.0; rv:11.0) like Gecko"
93.83.197.18 - - [26/Jan/2017:14:51:27 +0100] "GET /gui/javascript/form_form.js?1485438687 HTTP/1.1" 200 16206 "http://ed.activities.at/entry.php?id=11671" "Mozilla/5.0 (Windows NT 6.1; WOW64; Trident/7.0; rv:11.0) like Gecko"
93.83.197.18 - - [26/Jan/2017:14:51:27 +0100] "GET /entry.php?id=10778&form=11496&name=list& HTTP/1.1" 200 5856 "http://ed.activities.at/entry.php?id=11671" "Mozilla/5.0 (Windows NT 6.1; WOW64; Trident/7.0; rv:11.0) like Gecko"
93.83.197.18 - - [26/Jan/2017:14:51:27 +0100] "GET /entry.php?id=10776&form=11496&name=list& HTTP/1.1" 200 1519 "http://ed.activities.at/entry.php?id=11671" "Mozilla/5.0 (Windows NT 6.1; WOW64; Trident/7.0; rv:11.0) like Gecko"
212.108.43.59 - - [26/Jan/2017:14:51:28 +0100] "POST /entry.php?id=11677 HTTP/1.1" 200 5184 "http://ed.activities.at/entry.php?id=11677" "Mozilla/5.0 (Windows NT 10.0; Win64; x64) AppleWebKit/537.36 (KHTML, like Gecko) Chrome/55.0.2883.87 Safari/537.36"
212.108.43.59 - - [26/Jan/2017:14:51:29 +0100] "GET /gui/images/icons/lupe.gif HTTP/1.1" 200 324 "http://ed.activities.at/entry.php?id=11677" "Mozilla/5.0 (Windows NT 10.0; Win64; x64) AppleWebKit/537.36 (KHTML, like Gecko) Chrome/55.0.2883.87 Safari/537.36"
212.108.43.59 - - [26/Jan/2017:14:51:29 +0100] "GET /gui/javascript/form_form.js?1485438689 HTTP/1.1" 200 16206 "http://ed.activities.at/entry.php?id=11677" "Mozilla/5.0 (Windows NT 10.0; Win64; x64) AppleWebKit/537.36 (KHTML, like Gecko) Chrome/55.0.2883.87 Safari/537.36"
93.83.197.18 - - [26/Jan/2017:14:51:30 +0100] "POST /entry.php?id=11671 HTTP/1.1" 200 4941 "http://ed.activities.at/entry.php?id=11671" "Mozilla/5.0 (Windows NT 6.1; WOW64; Trident/7.0; rv:11.0) like Gecko"
93.83.197.18 - - [26/Jan/2017:14:51:30 +0100] "GET /gui/javascript/form_form.js?1485438690 HTTP/1.1" 200 16206 "http://ed.activities.at/entry.php?id=11671" "Mozilla/5.0 (Windows NT 6.1; WOW64; Trident/7.0; rv:11.0) like Gecko"
93.83.197.18 - - [26/Jan/2017:14:51:31 +0100] "GET /entry.php?id=10776&form=11496&name=list& HTTP/1.1" 200 1519 "http://ed.activities.at/entry.php?id=11671" "Mozilla/5.0 (Windows NT 6.1; WOW64; Trident/7.0; rv:11.0) like Gecko"
93.83.197.18 - - [26/Jan/2017:14:51:31 +0100] "GET /entry.php?id=10778&form=11496&name=list& HTTP/1.1" 200 5856 "http://ed.activities.at/entry.php?id=11671" "Mozilla/5.0 (Windows NT 6.1; WOW64; Trident/7.0; rv:11.0) like Gecko"
212.108.43.59 - - [26/Jan/2017:14:51:34 +0100] "POST /entry.php?id=11677 HTTP/1.1" 200 5160 "http://ed.activities.at/entry.php?id=11677" "Mozilla/5.0 (Windows NT 10.0; Win64; x64) AppleWebKit/537.36 (KHTML, like Gecko) Chrome/55.0.2883.87 Safari/537.36"
212.108.43.59 - - [26/Jan/2017:14:51:35 +0100] "GET /gui/javascript/form_form.js?1485438695 HTTP/1.1" 200 16206 "http://ed.activities.at/entry.php?id=11677" "Mozilla/5.0 (Windows NT 10.0; Win64; x64) AppleWebKit/537.36 (KHTML, like Gecko) Chrome/55.0.2883.87 Safari/537.36"
212.108.43.59 - - [26/Jan/2017:14:51:42 +0100] "POST /entry.php?id=11677 HTTP/1.1" 200 5178 "http://ed.activities.at/entry.php?id=11677" "Mozilla/5.0 (Windows NT 10.0; Win64; x64) AppleWebKit/537.36 (KHTML, like Gecko) Chrome/55.0.2883.87 Safari/537.36"
212.108.43.59 - - [26/Jan/2017:14:51:43 +0100] "GET /gui/javascript/form_form.js?1485438703 HTTP/1.1" 200 16206 "http://ed.activities.at/entry.php?id=11677" "Mozilla/5.0 (Windows NT 10.0; Win64; x64) AppleWebKit/537.36 (KHTML, like Gecko) Chrome/55.0.2883.87 Safari/537.36"
93.83.197.18 - - [26/Jan/2017:14:51:50 +0100] "POST /entry.php?id=11671 HTTP/1.1" 200 5157 "http://ed.activities.at/entry.php?id=11671" "Mozilla/5.0 (Windows NT 6.1; WOW64; Trident/7.0; rv:11.0) like Gecko"
93.83.197.18 - - [26/Jan/2017:14:51:51 +0100] "GET /gui/javascript/form_form.js?1485438711 HTTP/1.1" 200 16206 "http://ed.activities.at/entry.php?id=11671" "Mozilla/5.0 (Windows NT 6.1; WOW64; Trident/7.0; rv:11.0) like Gecko"
93.83.197.18 - - [26/Jan/2017:14:51:51 +0100] "GET /entry.php?id=10776&form=11496&name=list& HTTP/1.1" 200 1519 "http://ed.activities.at/entry.php?id=11671" "Mozilla/5.0 (Windows NT 6.1; WOW64; Trident/7.0; rv:11.0) like Gecko"
93.83.197.18 - - [26/Jan/2017:14:51:51 +0100] "GET /entry.php?id=10778&form=11496&name=list& HTTP/1.1" 200 5856 "http://ed.activities.at/entry.php?id=11671" "Mozilla/5.0 (Windows NT 6.1; WOW64; Trident/7.0; rv:11.0) like Gecko"
93.83.197.18 - - [26/Jan/2017:14:52:03 +0100] "POST /entry.php?id=11671 HTTP/1.1" 200 5158 "http://ed.activities.at/entry.php?id=11671" "Mozilla/5.0 (Windows NT 6.1; WOW64; Trident/7.0; rv:11.0) like Gecko"
93.83.197.18 - - [26/Jan/2017:14:52:03 +0100] "GET /gui/javascript/form_form.js?1485438723 HTTP/1.1" 200 16206 "http://ed.activities.at/entry.php?id=11671" "Mozilla/5.0 (Windows NT 6.1; WOW64; Trident/7.0; rv:11.0) like Gecko"
93.83.197.18 - - [26/Jan/2017:14:52:03 +0100] "GET /entry.php?id=10776&form=11496&name=list& HTTP/1.1" 200 1519 "http://ed.activities.at/entry.php?id=11671" "Mozilla/5.0 (Windows NT 6.1; WOW64; Trident/7.0; rv:11.0) like Gecko"
93.83.197.18 - - [26/Jan/2017:14:52:03 +0100] "GET /entry.php?id=10778&form=11496&name=list& HTTP/1.1" 200 5856 "http://ed.activities.at/entry.php?id=11671" "Mozilla/5.0 (Windows NT 6.1; WOW64; Trident/7.0; rv:11.0) like Gecko"
212.108.43.59 - - [26/Jan/2017:14:52:06 +0100] "GET /entry.php?id=10271&&ser=438666 HTTP/1.1" 200 986 "http://ed.activities.at/entry.php?id=10271&" "Mozilla/5.0 (Windows NT 10.0; Win64; x64) AppleWebKit/537.36 (KHTML, like Gecko) Chrome/55.0.2883.87 Safari/537.36"
212.108.43.59 - - [26/Jan/2017:14:52:06 +0100] "GET /gui/javascript/form_form.js?1485438726 HTTP/1.1" 200 16206 "http://ed.activities.at/entry.php?id=10271&&ser=438666" "Mozilla/5.0 (Windows NT 10.0; Win64; x64) AppleWebKit/537.36 (KHTML, like Gecko) Chrome/55.0.2883.87 Safari/537.36"
93.83.197.18 - - [26/Jan/2017:14:52:06 +0100] "POST /entry.php?id=11671 HTTP/1.1" 200 5141 "http://ed.activities.at/entry.php?id=11671" "Mozilla/5.0 (Windows NT 6.1; WOW64; Trident/7.0; rv:11.0) like Gecko"
93.83.197.18 - - [26/Jan/2017:14:52:07 +0100] "GET /gui/javascript/form_form.js?1485438727 HTTP/1.1" 200 16206 "http://ed.activities.at/entry.php?id=11671" "Mozilla/5.0 (Windows NT 6.1; WOW64; Trident/7.0; rv:11.0) like Gecko"
93.83.197.18 - - [26/Jan/2017:14:52:08 +0100] "GET /entry.php?id=10778&form=11496&name=list& HTTP/1.1" 200 5856 "http://ed.activities.at/entry.php?id=11671" "Mozilla/5.0 (Windows NT 6.1; WOW64; Trident/7.0; rv:11.0) like Gecko"
93.83.197.18 - - [26/Jan/2017:14:52:08 +0100] "GET /entry.php?id=10776&form=11496&name=list& HTTP/1.1" 200 1519 "http://ed.activities.at/entry.php?id=11671" "Mozilla/5.0 (Windows NT 6.1; WOW64; Trident/7.0; rv:11.0) like Gecko"
212.108.43.59 - - [26/Jan/2017:14:52:09 +0100] "POST /entry.php?id=11677 HTTP/1.1" 200 2887 "http://ed.activities.at/entry.php?id=11677" "Mozilla/5.0 (Windows NT 10.0; Win64; x64) AppleWebKit/537.36 (KHTML, like Gecko) Chrome/55.0.2883.87 Safari/537.36"
212.108.43.59 - - [26/Jan/2017:14:52:10 +0100] "GET /gui/javascript/form_form.js?1485438730 HTTP/1.1" 200 16206 "http://ed.activities.at/entry.php?id=11677" "Mozilla/5.0 (Windows NT 10.0; Win64; x64) AppleWebKit/537.36 (KHTML, like Gecko) Chrome/55.0.2883.87 Safari/537.36"
212.108.43.59 - - [26/Jan/2017:14:52:10 +0100] "GET /entry.php?id=10776&form=11502&name=image_list& HTTP/1.1" 200 1531 "http://ed.activities.at/entry.php?id=11677" "Mozilla/5.0 (Windows NT 10.0; Win64; x64) AppleWebKit/537.36 (KHTML, like Gecko) Chrome/55.0.2883.87 Safari/537.36"
212.108.43.59 - - [26/Jan/2017:14:52:10 +0100] "GET /entry.php?id=10778&form=11502&name=image_list& HTTP/1.1" 200 2501 "http://ed.activities.at/entry.php?id=11677" "Mozilla/5.0 (Windows NT 10.0; Win64; x64) AppleWebKit/537.36 (KHTML, like Gecko) Chrome/55.0.2883.87 Safari/537.36"
