93.83.197.18 - - [14/Feb/2017:08:32:13 +0100] "GET /entry.php?id=11148&object=10244928&view=thumbnail&width=100&height=100&wrap=false&mime=image/jpeg&image=jpg.gif HTTP/1.1" 200 1603 "http://ed.activities.at/entry.php?id=10778&form=11518&name=list&" "Mozilla/5.0 (Windows NT 6.1; WOW64; Trident/7.0; rv:11.0) like Gecko"
93.83.197.18 - - [14/Feb/2017:08:32:14 +0100] "GET /gui/javascript/form_form.js?1487057533 HTTP/1.1" 200 16206 "http://ed.activities.at/entry.php?id=11148&object=10279635&view=thumbnail&width=100&height=100&wrap=false&mime=image/jpeg&image=jpg.gif" "Mozilla/5.0 (Windows NT 6.1; WOW64; Trident/7.0; rv:11.0) like Gecko"
93.83.197.18 - - [14/Feb/2017:08:32:13 +0100] "GET /entry.php?id=11148&object=10244940&view=thumbnail&width=100&height=100&wrap=false&mime=image/jpeg&image=jpg.gif HTTP/1.1" 200 1603 "http://ed.activities.at/entry.php?id=10778&form=11518&name=list&" "Mozilla/5.0 (Windows NT 6.1; WOW64; Trident/7.0; rv:11.0) like Gecko"
93.83.197.18 - - [14/Feb/2017:08:32:14 +0100] "GET /gui/javascript/form_form.js?1487057534 HTTP/1.1" 200 16206 "http://ed.activities.at/entry.php?id=11148&object=10244928&view=thumbnail&width=100&height=100&wrap=false&mime=image/jpeg&image=jpg.gif" "Mozilla/5.0 (Windows NT 6.1; WOW64; Trident/7.0; rv:11.0) like Gecko"
93.83.197.18 - - [14/Feb/2017:08:32:13 +0100] "GET /entry.php?id=11148&object=10244944&view=thumbnail&width=100&height=100&wrap=false&mime=image/jpeg&image=jpg.gif HTTP/1.1" 200 1604 "http://ed.activities.at/entry.php?id=10778&form=11518&name=list&" "Mozilla/5.0 (Windows NT 6.1; WOW64; Trident/7.0; rv:11.0) like Gecko"
93.83.197.18 - - [14/Feb/2017:08:32:13 +0100] "GET /entry.php?id=11148&object=10244938&view=thumbnail&width=100&height=100&wrap=false&mime=image/jpeg&image=jpg.gif HTTP/1.1" 200 1604 "http://ed.activities.at/entry.php?id=10778&form=11518&name=list&" "Mozilla/5.0 (Windows NT 6.1; WOW64; Trident/7.0; rv:11.0) like Gecko"
93.83.197.18 - - [14/Feb/2017:08:32:13 +0100] "GET /entry.php?id=11148&object=10244801&view=thumbnail&width=100&height=100&wrap=false&mime=image/jpeg&image=jpg.gif HTTP/1.1" 200 1603 "http://ed.activities.at/entry.php?id=10778&form=11518&name=list&" "Mozilla/5.0 (Windows NT 6.1; WOW64; Trident/7.0; rv:11.0) like Gecko"
93.83.197.18 - - [14/Feb/2017:08:32:13 +0100] "GET /entry.php?id=11148&object=10244946&view=thumbnail&width=100&height=100&wrap=false&mime=image/jpeg&image=jpg.gif HTTP/1.1" 200 1604 "http://ed.activities.at/entry.php?id=10778&form=11518&name=list&" "Mozilla/5.0 (Windows NT 6.1; WOW64; Trident/7.0; rv:11.0) like Gecko"
93.83.197.18 - - [14/Feb/2017:08:32:18 +0100] "GET /entry.php?id=10271&&ser=57478 HTTP/1.1" 200 987 "http://ed.activities.at/entry.php?id=10272" "Mozilla/5.0 (Windows NT 6.1; WOW64; Trident/7.0; rv:11.0) like Gecko"
93.83.197.18 - - [14/Feb/2017:08:32:18 +0100] "GET /gui/javascript/form_form.js?1487057538 HTTP/1.1" 200 16206 "http://ed.activities.at/entry.php?id=10271&&ser=57478" "Mozilla/5.0 (Windows NT 6.1; WOW64; Trident/7.0; rv:11.0) like Gecko"
83.64.76.58 - - [14/Feb/2017:08:32:21 +0100] "POST /entry.php?id=11672 HTTP/1.1" 200 2704 "http://ed.activities.at/entry.php?id=11672&" "Mozilla/5.0 (Windows NT 10.0; WOW64; rv:51.0) Gecko/20100101 Firefox/51.0"
83.64.76.58 - - [14/Feb/2017:08:32:22 +0100] "GET /gui/javascript/form_form.js?1487057541 HTTP/1.1" 200 16206 "http://ed.activities.at/entry.php?id=11672" "Mozilla/5.0 (Windows NT 10.0; WOW64; rv:51.0) Gecko/20100101 Firefox/51.0"
83.64.76.58 - - [14/Feb/2017:08:32:22 +0100] "GET /entry.php?id=10776&form=11497&name=list& HTTP/1.1" 200 1941 "http://ed.activities.at/entry.php?id=11672" "Mozilla/5.0 (Windows NT 10.0; WOW64; rv:51.0) Gecko/20100101 Firefox/51.0"
83.64.76.58 - - [14/Feb/2017:08:32:22 +0100] "GET /entry.php?id=10778&form=11497&name=list& HTTP/1.1" 200 4469 "http://ed.activities.at/entry.php?id=11672" "Mozilla/5.0 (Windows NT 10.0; WOW64; rv:51.0) Gecko/20100101 Firefox/51.0"
93.83.197.18 - - [14/Feb/2017:08:32:47 +0100] "GET /gui/javascript/jquery/css/gui-themes/images/ui-icons_72a7cf_256x240_ev.png HTTP/1.1" 200 6036 "http://ed.activities.at/entry.php?id=11412" "Mozilla/5.0 (Windows NT 6.1; WOW64; Trident/7.0; rv:11.0) like Gecko"
93.83.197.18 - - [14/Feb/2017:08:32:46 +0100] "GET /entry.php?id=11667&object=10244925&company=10221899&hiddetabs=true HTTP/1.1" 200 3121 "http://ed.activities.at/entry.php?id=11412" "Mozilla/5.0 (Windows NT 6.1; WOW64; Trident/7.0; rv:11.0) like Gecko"
93.83.197.18 - - [14/Feb/2017:08:32:47 +0100] "GET /gui/javascript/form_ed_addresses.js HTTP/1.1" 200 2295 "http://ed.activities.at/entry.php?id=11667&object=10244925&company=10221899&hiddetabs=true" "Mozilla/5.0 (Windows NT 6.1; WOW64; Trident/7.0; rv:11.0) like Gecko"
93.83.197.18 - - [14/Feb/2017:08:32:47 +0100] "GET /gui/images/icons/delete.gif HTTP/1.1" 200 86 "http://ed.activities.at/entry.php?id=11667&object=10244925&company=10221899&hiddetabs=true" "Mozilla/5.0 (Windows NT 6.1; WOW64; Trident/7.0; rv:11.0) like Gecko"
93.83.197.18 - - [14/Feb/2017:08:32:47 +0100] "GET /gui/javascript/form_form.js?1487057567 HTTP/1.1" 200 16206 "http://ed.activities.at/entry.php?id=11667&object=10244925&company=10221899&hiddetabs=true" "Mozilla/5.0 (Windows NT 6.1; WOW64; Trident/7.0; rv:11.0) like Gecko"
93.83.197.18 - - [14/Feb/2017:08:32:47 +0100] "GET /entry.php?id=11148&object=10244926&view=thumbnail&width=150&height=150&wrap=false&mime=image/jpeg&image=jpg.gif HTTP/1.1" 200 1605 "http://ed.activities.at/entry.php?id=11667&object=10244925&company=10221899&hiddetabs=true" "Mozilla/5.0 (Windows NT 6.1; WOW64; Trident/7.0; rv:11.0) like Gecko"
93.83.197.18 - - [14/Feb/2017:08:32:48 +0100] "GET /gui/javascript/form_form.js?1487057568 HTTP/1.1" 200 16206 "http://ed.activities.at/entry.php?id=11148&object=10244926&view=thumbnail&width=150&height=150&wrap=false&mime=image/jpeg&image=jpg.gif" "Mozilla/5.0 (Windows NT 6.1; WOW64; Trident/7.0; rv:11.0) like Gecko"
93.83.197.18 - - [14/Feb/2017:08:32:48 +0100] "GET /cache/emu/images/easy-drivers---skarabela-gro10244926/_100_150.jpg HTTP/1.1" 200 3806 "http://ed.activities.at/entry.php?id=11148&object=10244926&view=thumbnail&width=150&height=150&wrap=false&mime=image/jpeg&image=jpg.gif" "Mozilla/5.0 (Windows NT 6.1; WOW64; Trident/7.0; rv:11.0) like Gecko"
93.83.197.18 - - [14/Feb/2017:08:32:49 +0100] "GET /framework/webfx/javascript/tinymce/skins/lightgray/content.min.css HTTP/1.1" 404 327 "http://ed.activities.at/entry.php?id=11667&object=10244925&company=10221899&hiddetabs=true" "Mozilla/5.0 (Windows NT 6.1; WOW64; Trident/7.0; rv:11.0) like Gecko"
83.64.76.58 - - [14/Feb/2017:08:33:05 +0100] "GET /entry.php?id=10271&&ser=57525 HTTP/1.1" 200 987 "http://ed.activities.at/entry.php?id=10271&UIN=1578f3a4c96162e851443510ec3bfc7d" "Mozilla/5.0 (Windows NT 10.0; WOW64; rv:51.0) Gecko/20100101 Firefox/51.0"
83.64.76.58 - - [14/Feb/2017:08:33:05 +0100] "GET /gui/javascript/form_form.js?1487057585 HTTP/1.1" 200 16206 "http://ed.activities.at/entry.php?id=10271&&ser=57525" "Mozilla/5.0 (Windows NT 10.0; WOW64; rv:51.0) Gecko/20100101 Firefox/51.0"
93.83.197.18 - - [14/Feb/2017:08:33:07 +0100] "GET /entry.php?id=11670 HTTP/1.1" 200 320 "http://ed.activities.at/entry.php?id=11412" "Mozilla/5.0 (Windows NT 6.1; WOW64; Trident/7.0; rv:11.0) like Gecko"
93.83.197.18 - - [14/Feb/2017:08:33:07 +0100] "GET /entry.php?id=11669& HTTP/1.1" 200 2281 "http://ed.activities.at/entry.php?id=11670" "Mozilla/5.0 (Windows NT 6.1; WOW64; Trident/7.0; rv:11.0) like Gecko"
93.83.197.18 - - [14/Feb/2017:08:33:07 +0100] "GET /gui/javascript/form_form.js?1487057587 HTTP/1.1" 200 16206 "http://ed.activities.at/entry.php?id=11669&" "Mozilla/5.0 (Windows NT 6.1; WOW64; Trident/7.0; rv:11.0) like Gecko"
93.83.197.18 - - [14/Feb/2017:08:33:07 +0100] "GET /entry.php?id=11668& HTTP/1.1" 200 3367 "http://ed.activities.at/entry.php?id=11670" "Mozilla/5.0 (Windows NT 6.1; WOW64; Trident/7.0; rv:11.0) like Gecko"
93.83.197.18 - - [14/Feb/2017:08:33:08 +0100] "GET /gui/javascript/form_form.js?1487057588 HTTP/1.1" 200 16206 "http://ed.activities.at/entry.php?id=11668&" "Mozilla/5.0 (Windows NT 6.1; WOW64; Trident/7.0; rv:11.0) like Gecko"
93.83.197.18 - - [14/Feb/2017:08:33:07 +0100] "GET /entry.php?id=10676&&title=Produkte HTTP/1.1" 200 1387 "http://ed.activities.at/entry.php?id=11670" "Mozilla/5.0 (Windows NT 6.1; WOW64; Trident/7.0; rv:11.0) like Gecko"
93.83.197.18 - - [14/Feb/2017:08:33:08 +0100] "GET /entry.php?id=10776&form=11494&name=list& HTTP/1.1" 200 1993 "http://ed.activities.at/entry.php?id=11669&" "Mozilla/5.0 (Windows NT 6.1; WOW64; Trident/7.0; rv:11.0) like Gecko"
93.83.197.18 - - [14/Feb/2017:08:33:08 +0100] "GET /entry.php?id=10778&form=11494&name=list& HTTP/1.1" 200 4948 "http://ed.activities.at/entry.php?id=11669&" "Mozilla/5.0 (Windows NT 6.1; WOW64; Trident/7.0; rv:11.0) like Gecko"
93.83.197.18 - - [14/Feb/2017:08:33:08 +0100] "GET /entry.php?id=10776&form=11493&name=list& HTTP/1.1" 200 1487 "http://ed.activities.at/entry.php?id=11668&" "Mozilla/5.0 (Windows NT 6.1; WOW64; Trident/7.0; rv:11.0) like Gecko"
93.83.197.18 - - [14/Feb/2017:08:33:08 +0100] "GET /entry.php?id=10778&form=11493&name=list& HTTP/1.1" 200 2487 "http://ed.activities.at/entry.php?id=11668&" "Mozilla/5.0 (Windows NT 6.1; WOW64; Trident/7.0; rv:11.0) like Gecko"
93.83.197.18 - - [14/Feb/2017:08:33:19 +0100] "GET /entry.php?id=10271&&ser=57538 HTTP/1.1" 200 987 "http://ed.activities.at/entry.php?id=10272" "Mozilla/5.0 (Windows NT 6.1; WOW64; Trident/7.0; rv:11.0) like Gecko"
93.83.197.18 - - [14/Feb/2017:08:33:19 +0100] "GET /gui/javascript/form_form.js?1487057599 HTTP/1.1" 200 16206 "http://ed.activities.at/entry.php?id=10271&&ser=57538" "Mozilla/5.0 (Windows NT 6.1; WOW64; Trident/7.0; rv:11.0) like Gecko"
83.64.76.58 - - [14/Feb/2017:08:33:25 +0100] "POST /entry.php?id=11671 HTTP/1.1" 200 4607 "http://ed.activities.at/entry.php?id=11671&" "Mozilla/5.0 (Windows NT 10.0; WOW64; rv:51.0) Gecko/20100101 Firefox/51.0"
83.64.76.58 - - [14/Feb/2017:08:33:25 +0100] "GET /gui/javascript/form_form.js?1487057605 HTTP/1.1" 200 16206 "http://ed.activities.at/entry.php?id=11671" "Mozilla/5.0 (Windows NT 10.0; WOW64; rv:51.0) Gecko/20100101 Firefox/51.0"
83.64.76.58 - - [14/Feb/2017:08:33:25 +0100] "GET /gui/images/icons/wizard.png HTTP/1.1" 304 - "http://ed.activities.at/entry.php?id=11671" "Mozilla/5.0 (Windows NT 10.0; WOW64; rv:51.0) Gecko/20100101 Firefox/51.0"
83.64.76.58 - - [14/Feb/2017:08:33:25 +0100] "GET /entry.php?id=10778&form=11496&name=list& HTTP/1.1" 200 5493 "http://ed.activities.at/entry.php?id=11671" "Mozilla/5.0 (Windows NT 10.0; WOW64; rv:51.0) Gecko/20100101 Firefox/51.0"
83.64.76.58 - - [14/Feb/2017:08:33:25 +0100] "GET /gui/images/icons/calendar.png HTTP/1.1" 304 - "http://ed.activities.at/entry.php?id=11671" "Mozilla/5.0 (Windows NT 10.0; WOW64; rv:51.0) Gecko/20100101 Firefox/51.0"
83.64.76.58 - - [14/Feb/2017:08:33:25 +0100] "GET /entry.php?id=10776&form=11496&name=list& HTTP/1.1" 200 1519 "http://ed.activities.at/entry.php?id=11671" "Mozilla/5.0 (Windows NT 10.0; WOW64; rv:51.0) Gecko/20100101 Firefox/51.0"
93.83.197.18 - - [14/Feb/2017:08:33:25 +0100] "GET /entry.php?id=11693 HTTP/1.1" 200 2506 "http://ed.activities.at/entry.php?id=11412" "Mozilla/5.0 (Windows NT 6.1; WOW64; Trident/7.0; rv:11.0) like Gecko"
93.83.197.18 - - [14/Feb/2017:08:33:25 +0100] "GET /gui/javascript/form_form.js?1487057605 HTTP/1.1" 200 16206 "http://ed.activities.at/entry.php?id=11693" "Mozilla/5.0 (Windows NT 6.1; WOW64; Trident/7.0; rv:11.0) like Gecko"
93.83.197.18 - - [14/Feb/2017:08:33:26 +0100] "GET /entry.php?id=10778&form=11518&name=list& HTTP/1.1" 200 9778 "http://ed.activities.at/entry.php?id=11693" "Mozilla/5.0 (Windows NT 6.1; WOW64; Trident/7.0; rv:11.0) like Gecko"
93.83.197.18 - - [14/Feb/2017:08:33:26 +0100] "GET /entry.php?id=10776&form=11518&name=list& HTTP/1.1" 200 1753 "http://ed.activities.at/entry.php?id=11693" "Mozilla/5.0 (Windows NT 6.1; WOW64; Trident/7.0; rv:11.0) like Gecko"
93.83.197.18 - - [14/Feb/2017:08:33:26 +0100] "GET /entry.php?id=11148&object=10244926&view=thumbnail&width=100&height=100&wrap=false&mime=image/jpeg&image=jpg.gif HTTP/1.1" 200 1603 "http://ed.activities.at/entry.php?id=10778&form=11518&name=list&" "Mozilla/5.0 (Windows NT 6.1; WOW64; Trident/7.0; rv:11.0) like Gecko"
93.83.197.18 - - [14/Feb/2017:08:33:26 +0100] "GET /entry.php?id=11148&object=10244928&view=thumbnail&width=100&height=100&wrap=false&mime=image/jpeg&image=jpg.gif HTTP/1.1" 200 1604 "http://ed.activities.at/entry.php?id=10778&form=11518&name=list&" "Mozilla/5.0 (Windows NT 6.1; WOW64; Trident/7.0; rv:11.0) like Gecko"
93.83.197.18 - - [14/Feb/2017:08:33:26 +0100] "GET /entry.php?id=11148&object=10244940&view=thumbnail&width=100&height=100&wrap=false&mime=image/jpeg&image=jpg.gif HTTP/1.1" 200 1603 "http://ed.activities.at/entry.php?id=10778&form=11518&name=list&" "Mozilla/5.0 (Windows NT 6.1; WOW64; Trident/7.0; rv:11.0) like Gecko"
93.83.197.18 - - [14/Feb/2017:08:33:27 +0100] "GET /gui/javascript/form_form.js?1487057606 HTTP/1.1" 200 16206 "http://ed.activities.at/entry.php?id=11148&object=10244926&view=thumbnail&width=100&height=100&wrap=false&mime=image/jpeg&image=jpg.gif" "Mozilla/5.0 (Windows NT 6.1; WOW64; Trident/7.0; rv:11.0) like Gecko"
93.83.197.18 - - [14/Feb/2017:08:33:26 +0100] "GET /entry.php?id=11148&object=10279635&view=thumbnail&width=100&height=100&wrap=false&mime=image/jpeg&image=jpg.gif HTTP/1.1" 200 1604 "http://ed.activities.at/entry.php?id=10778&form=11518&name=list&" "Mozilla/5.0 (Windows NT 6.1; WOW64; Trident/7.0; rv:11.0) like Gecko"
93.83.197.18 - - [14/Feb/2017:08:33:26 +0100] "GET /entry.php?id=11148&object=10244946&view=thumbnail&width=100&height=100&wrap=false&mime=image/jpeg&image=jpg.gif HTTP/1.1" 200 1604 "http://ed.activities.at/entry.php?id=10778&form=11518&name=list&" "Mozilla/5.0 (Windows NT 6.1; WOW64; Trident/7.0; rv:11.0) like Gecko"
93.83.197.18 - - [14/Feb/2017:08:33:27 +0100] "GET /gui/javascript/form_form.js?1487057607 HTTP/1.1" 200 16206 "http://ed.activities.at/entry.php?id=11148&object=10279635&view=thumbnail&width=100&height=100&wrap=false&mime=image/jpeg&image=jpg.gif" "Mozilla/5.0 (Windows NT 6.1; WOW64; Trident/7.0; rv:11.0) like Gecko"
93.83.197.18 - - [14/Feb/2017:08:33:26 +0100] "GET /entry.php?id=11148&object=10244938&view=thumbnail&width=100&height=100&wrap=false&mime=image/jpeg&image=jpg.gif HTTP/1.1" 200 1605 "http://ed.activities.at/entry.php?id=10778&form=11518&name=list&" "Mozilla/5.0 (Windows NT 6.1; WOW64; Trident/7.0; rv:11.0) like Gecko"
93.83.197.18 - - [14/Feb/2017:08:33:26 +0100] "GET /entry.php?id=11148&object=10244944&view=thumbnail&width=100&height=100&wrap=false&mime=image/jpeg&image=jpg.gif HTTP/1.1" 200 1604 "http://ed.activities.at/entry.php?id=10778&form=11518&name=list&" "Mozilla/5.0 (Windows NT 6.1; WOW64; Trident/7.0; rv:11.0) like Gecko"
93.83.197.18 - - [14/Feb/2017:08:33:26 +0100] "GET /entry.php?id=11148&object=10244801&view=thumbnail&width=100&height=100&wrap=false&mime=image/jpeg&image=jpg.gif HTTP/1.1" 200 1602 "http://ed.activities.at/entry.php?id=10778&form=11518&name=list&" "Mozilla/5.0 (Windows NT 6.1; WOW64; Trident/7.0; rv:11.0) like Gecko"
83.64.76.58 - - [14/Feb/2017:08:33:42 +0100] "GET /gui/javascript/jquery/css/gui-themes/images/ui-bg_flat_100_808080_40x100.png HTTP/1.1" 304 - "http://ed.activities.at/gui/javascript/jquery/css/gui-themes/custom.min.css" "Mozilla/5.0 (Windows NT 10.0; WOW64; rv:51.0) Gecko/20100101 Firefox/51.0"
83.64.76.58 - - [14/Feb/2017:08:33:42 +0100] "GET /gui/javascript/jquery/css/gui-themes/images/ui-icons_ffffff_256x240_ev.png HTTP/1.1" 304 - "http://ed.activities.at/gui/javascript/jquery/css/gui-themes/custom.min.css" "Mozilla/5.0 (Windows NT 10.0; WOW64; rv:51.0) Gecko/20100101 Firefox/51.0"
83.64.76.58 - - [14/Feb/2017:08:33:42 +0100] "GET /gui/javascript/jquery/css/gui-themes/images/ui-bg_flat_80_ece9d8_40x100.png HTTP/1.1" 304 - "http://ed.activities.at/gui/javascript/jquery/css/gui-themes/custom.min.css" "Mozilla/5.0 (Windows NT 10.0; WOW64; rv:51.0) Gecko/20100101 Firefox/51.0"
83.64.76.58 - - [14/Feb/2017:08:33:42 +0100] "GET /gui/javascript/jquery/css/gui-themes/images/ui-bg_highlight-soft_25_ffef8f_1x100.png HTTP/1.1" 304 - "http://ed.activities.at/gui/javascript/jquery/css/gui-themes/custom.min.css" "Mozilla/5.0 (Windows NT 10.0; WOW64; rv:51.0) Gecko/20100101 Firefox/51.0"
83.64.76.58 - - [14/Feb/2017:08:33:44 +0100] "GET /gui/javascript/jquery/css/gui-themes/images/ui-icons_000000_256x240_ev.png HTTP/1.1" 304 - "http://ed.activities.at/gui/javascript/jquery/css/gui-themes/custom.min.css" "Mozilla/5.0 (Windows NT 10.0; WOW64; rv:51.0) Gecko/20100101 Firefox/51.0"
93.83.197.18 - - [14/Feb/2017:08:33:48 +0100] "GET /entry.php?id=11664 HTTP/1.1" 200 343 "http://ed.activities.at/entry.php?id=11412" "Mozilla/5.0 (Windows NT 6.1; WOW64; Trident/7.0; rv:11.0) like Gecko"
93.83.197.18 - - [14/Feb/2017:08:33:49 +0100] "GET /entry.php?id=10676&&title=Standorte HTTP/1.1" 200 1388 "http://ed.activities.at/entry.php?id=11664" "Mozilla/5.0 (Windows NT 6.1; WOW64; Trident/7.0; rv:11.0) like Gecko"
93.83.197.18 - - [14/Feb/2017:08:33:49 +0100] "GET /gui/javascript/form_form.js?1487057629 HTTP/1.1" 200 16206 "http://ed.activities.at/entry.php?id=10676&&title=Standorte" "Mozilla/5.0 (Windows NT 6.1; WOW64; Trident/7.0; rv:11.0) like Gecko"
93.83.197.18 - - [14/Feb/2017:08:33:49 +0100] "GET /entry.php?id=11665& HTTP/1.1" 200 2317 "http://ed.activities.at/entry.php?id=11664" "Mozilla/5.0 (Windows NT 6.1; WOW64; Trident/7.0; rv:11.0) like Gecko"
93.83.197.18 - - [14/Feb/2017:08:33:49 +0100] "GET /entry.php?id=10778&form=11490&name=list& HTTP/1.1" 200 2768 "http://ed.activities.at/entry.php?id=11665&" "Mozilla/5.0 (Windows NT 6.1; WOW64; Trident/7.0; rv:11.0) like Gecko"
93.83.197.18 - - [14/Feb/2017:08:33:49 +0100] "GET /entry.php?id=11697& HTTP/1.1" 200 2602 "http://ed.activities.at/entry.php?id=11664" "Mozilla/5.0 (Windows NT 6.1; WOW64; Trident/7.0; rv:11.0) like Gecko"
93.83.197.18 - - [14/Feb/2017:08:33:50 +0100] "GET /gui/images/icons/user_admin.png HTTP/1.1" 200 875 "http://ed.activities.at/entry.php?id=10778&form=11490&name=list&" "Mozilla/5.0 (Windows NT 6.1; WOW64; Trident/7.0; rv:11.0) like Gecko"
93.83.197.18 - - [14/Feb/2017:08:33:49 +0100] "GET /entry.php?id=11666& HTTP/1.1" 200 3738 "http://ed.activities.at/entry.php?id=11664" "Mozilla/5.0 (Windows NT 6.1; WOW64; Trident/7.0; rv:11.0) like Gecko"
93.83.197.18 - - [14/Feb/2017:08:33:50 +0100] "GET /gui/images/icons/email.gif HTTP/1.1" 200 937 "http://ed.activities.at/entry.php?id=11666&" "Mozilla/5.0 (Windows NT 6.1; WOW64; Trident/7.0; rv:11.0) like Gecko"
93.83.197.18 - - [14/Feb/2017:08:33:50 +0100] "GET /gui/javascript/form_form.js?1487057630 HTTP/1.1" 200 16206 "http://ed.activities.at/entry.php?id=11666&" "Mozilla/5.0 (Windows NT 6.1; WOW64; Trident/7.0; rv:11.0) like Gecko"
93.83.197.18 - - [14/Feb/2017:08:33:49 +0100] "GET /entry.php?id=10776&form=11490&name=list& HTTP/1.1" 200 2009 "http://ed.activities.at/entry.php?id=11665&" "Mozilla/5.0 (Windows NT 6.1; WOW64; Trident/7.0; rv:11.0) like Gecko"
93.83.197.18 - - [14/Feb/2017:08:33:50 +0100] "GET /gui/images/icons/disabled_user_admin.png HTTP/1.1" 200 770 "http://ed.activities.at/entry.php?id=10776&form=11490&name=list&" "Mozilla/5.0 (Windows NT 6.1; WOW64; Trident/7.0; rv:11.0) like Gecko"
93.83.197.18 - - [14/Feb/2017:08:33:50 +0100] "GET /entry.php?id=10776&form=11522&name=list& HTTP/1.1" 200 2279 "http://ed.activities.at/entry.php?id=11697&" "Mozilla/5.0 (Windows NT 6.1; WOW64; Trident/7.0; rv:11.0) like Gecko"
93.83.197.18 - - [14/Feb/2017:08:33:50 +0100] "GET /entry.php?id=10778&form=11522&name=list& HTTP/1.1" 200 4373 "http://ed.activities.at/entry.php?id=11697&" "Mozilla/5.0 (Windows NT 6.1; WOW64; Trident/7.0; rv:11.0) like Gecko"
93.83.197.18 - - [14/Feb/2017:08:33:50 +0100] "GET /gui/images/icons/user_add.png HTTP/1.1" 200 746 "http://ed.activities.at/entry.php?id=10776&form=11522&name=list&" "Mozilla/5.0 (Windows NT 6.1; WOW64; Trident/7.0; rv:11.0) like Gecko"
93.83.197.18 - - [14/Feb/2017:08:33:50 +0100] "GET /gui/images/icons/user_link.png HTTP/1.1" 200 905 "http://ed.activities.at/entry.php?id=10776&form=11522&name=list&" "Mozilla/5.0 (Windows NT 6.1; WOW64; Trident/7.0; rv:11.0) like Gecko"
93.83.197.18 - - [14/Feb/2017:08:33:50 +0100] "GET /gui/images/icons/group.gif HTTP/1.1" 200 1014 "http://ed.activities.at/entry.php?id=10776&form=11522&name=list&" "Mozilla/5.0 (Windows NT 6.1; WOW64; Trident/7.0; rv:11.0) like Gecko"
83.64.76.58 - - [14/Feb/2017:08:33:53 +0100] "GET /gui/javascript/jquery/css/gui-themes/images/ui-bg_flat_100_ffffff_40x100.png HTTP/1.1" 304 - "http://ed.activities.at/gui/javascript/jquery/css/gui-themes/custom.min.css" "Mozilla/5.0 (Windows NT 10.0; WOW64; rv:51.0) Gecko/20100101 Firefox/51.0"
83.64.76.58 - - [14/Feb/2017:08:34:06 +0100] "GET /entry.php?id=10271&&ser=57585 HTTP/1.1" 200 987 "http://ed.activities.at/entry.php?id=10271&&ser=57525" "Mozilla/5.0 (Windows NT 10.0; WOW64; rv:51.0) Gecko/20100101 Firefox/51.0"
83.64.76.58 - - [14/Feb/2017:08:34:06 +0100] "GET /gui/javascript/form_form.js?1487057646 HTTP/1.1" 200 16206 "http://ed.activities.at/entry.php?id=10271&&ser=57585" "Mozilla/5.0 (Windows NT 10.0; WOW64; rv:51.0) Gecko/20100101 Firefox/51.0"
93.83.197.18 - - [14/Feb/2017:08:34:19 +0100] "GET /entry.php?id=10271&&ser=57599 HTTP/1.1" 200 987 "http://ed.activities.at/entry.php?id=10272" "Mozilla/5.0 (Windows NT 6.1; WOW64; Trident/7.0; rv:11.0) like Gecko"
93.83.197.18 - - [14/Feb/2017:08:34:19 +0100] "GET /gui/javascript/form_form.js?1487057659 HTTP/1.1" 200 16206 "http://ed.activities.at/entry.php?id=10271&&ser=57599" "Mozilla/5.0 (Windows NT 6.1; WOW64; Trident/7.0; rv:11.0) like Gecko"
93.83.197.18 - - [14/Feb/2017:08:34:20 +0100] "GET /entry.php?id=11667&object=&company=10221899 HTTP/1.1" 200 3959 "http://ed.activities.at/entry.php?id=11412" "Mozilla/5.0 (Windows NT 6.1; WOW64; Trident/7.0; rv:11.0) like Gecko"
93.83.197.18 - - [14/Feb/2017:08:34:21 +0100] "GET /gui/javascript/form_form.js?1487057661 HTTP/1.1" 200 16206 "http://ed.activities.at/entry.php?id=11667&object=&company=10221899" "Mozilla/5.0 (Windows NT 6.1; WOW64; Trident/7.0; rv:11.0) like Gecko"
93.83.197.18 - - [14/Feb/2017:08:34:21 +0100] "GET /entry.php?id=10778&form=11492&name=mandantlist& HTTP/1.1" 200 2891 "http://ed.activities.at/entry.php?id=11667&object=&company=10221899" "Mozilla/5.0 (Windows NT 6.1; WOW64; Trident/7.0; rv:11.0) like Gecko"
93.83.197.18 - - [14/Feb/2017:08:34:21 +0100] "GET /entry.php?id=10776&form=11492&name=mandantlist& HTTP/1.1" 200 1407 "http://ed.activities.at/entry.php?id=11667&object=&company=10221899" "Mozilla/5.0 (Windows NT 6.1; WOW64; Trident/7.0; rv:11.0) like Gecko"
83.64.76.58 - - [14/Feb/2017:08:35:06 +0100] "GET /entry.php?id=10271&&ser=57646 HTTP/1.1" 200 987 "http://ed.activities.at/entry.php?id=10271&&ser=57585" "Mozilla/5.0 (Windows NT 10.0; WOW64; rv:51.0) Gecko/20100101 Firefox/51.0"
83.64.76.58 - - [14/Feb/2017:08:35:07 +0100] "GET /gui/javascript/form_form.js?1487057706 HTTP/1.1" 200 16206 "http://ed.activities.at/entry.php?id=10271&&ser=57646" "Mozilla/5.0 (Windows NT 10.0; WOW64; rv:51.0) Gecko/20100101 Firefox/51.0"
93.83.197.18 - - [14/Feb/2017:08:35:15 +0100] "POST /entry.php?id=11667 HTTP/1.1" 200 4641 "http://ed.activities.at/entry.php?id=11667&object=&company=10221899" "Mozilla/5.0 (Windows NT 6.1; WOW64; Trident/7.0; rv:11.0) like Gecko"
93.83.197.18 - - [14/Feb/2017:08:35:16 +0100] "GET /gui/javascript/form_form.js?1487057716 HTTP/1.1" 200 16206 "http://ed.activities.at/entry.php?id=11667" "Mozilla/5.0 (Windows NT 6.1; WOW64; Trident/7.0; rv:11.0) like Gecko"
93.83.197.18 - - [14/Feb/2017:08:35:16 +0100] "GET /entry.php?id=10776&form=11492&name=mandantlist& HTTP/1.1" 200 1407 "http://ed.activities.at/entry.php?id=11667" "Mozilla/5.0 (Windows NT 6.1; WOW64; Trident/7.0; rv:11.0) like Gecko"
93.83.197.18 - - [14/Feb/2017:08:35:16 +0100] "GET /entry.php?id=10778&form=11492&name=mandantlist& HTTP/1.1" 200 2877 "http://ed.activities.at/entry.php?id=11667" "Mozilla/5.0 (Windows NT 6.1; WOW64; Trident/7.0; rv:11.0) like Gecko"
93.83.197.18 - - [14/Feb/2017:08:35:20 +0100] "GET /entry.php?id=10271&&ser=57659 HTTP/1.1" 200 987 "http://ed.activities.at/entry.php?id=10272" "Mozilla/5.0 (Windows NT 6.1; WOW64; Trident/7.0; rv:11.0) like Gecko"
93.83.197.18 - - [14/Feb/2017:08:35:20 +0100] "GET /gui/javascript/form_form.js?1487057720 HTTP/1.1" 200 16206 "http://ed.activities.at/entry.php?id=10271&&ser=57659" "Mozilla/5.0 (Windows NT 6.1; WOW64; Trident/7.0; rv:11.0) like Gecko"
93.83.197.18 - - [14/Feb/2017:08:35:26 +0100] "POST /entry.php?id=11667 HTTP/1.1" 200 3394 "http://ed.activities.at/entry.php?id=11667" "Mozilla/5.0 (Windows NT 6.1; WOW64; Trident/7.0; rv:11.0) like Gecko"
93.83.197.18 - - [14/Feb/2017:08:35:27 +0100] "GET /gui/javascript/form_form.js?1487057727 HTTP/1.1" 200 16206 "http://ed.activities.at/entry.php?id=11667" "Mozilla/5.0 (Windows NT 6.1; WOW64; Trident/7.0; rv:11.0) like Gecko"
93.83.197.18 - - [14/Feb/2017:08:35:27 +0100] "GET /gui/images/icons/disabled_email.gif HTTP/1.1" 200 940 "http://ed.activities.at/entry.php?id=11667" "Mozilla/5.0 (Windows NT 6.1; WOW64; Trident/7.0; rv:11.0) like Gecko"
93.83.197.18 - - [14/Feb/2017:08:35:27 +0100] "GET /gui/images/icons/disabled_url.gif HTTP/1.1" 200 368 "http://ed.activities.at/entry.php?id=11667" "Mozilla/5.0 (Windows NT 6.1; WOW64; Trident/7.0; rv:11.0) like Gecko"
93.83.197.18 - - [14/Feb/2017:08:35:38 +0100] "POST /entry.php?id=11667 HTTP/1.1" 200 3617 "http://ed.activities.at/entry.php?id=11667" "Mozilla/5.0 (Windows NT 6.1; WOW64; Trident/7.0; rv:11.0) like Gecko"
93.83.197.18 - - [14/Feb/2017:08:35:38 +0100] "GET /gui/javascript/form_form.js?1487057738 HTTP/1.1" 200 16206 "http://ed.activities.at/entry.php?id=11667" "Mozilla/5.0 (Windows NT 6.1; WOW64; Trident/7.0; rv:11.0) like Gecko"
93.83.197.18 - - [14/Feb/2017:08:35:39 +0100] "GET /entry.php?id=11148 HTTP/1.1" 200 1476 "http://ed.activities.at/entry.php?id=11667" "Mozilla/5.0 (Windows NT 6.1; WOW64; Trident/7.0; rv:11.0) like Gecko"
93.83.197.18 - - [14/Feb/2017:08:35:40 +0100] "GET /gui/javascript/form_form.js?1487057739 HTTP/1.1" 200 16206 "http://ed.activities.at/entry.php?id=11148" "Mozilla/5.0 (Windows NT 6.1; WOW64; Trident/7.0; rv:11.0) like Gecko"
93.83.197.18 - - [14/Feb/2017:08:35:45 +0100] "GET /framework/webfx/javascript/tinymce/skins/lightgray/content.min.css HTTP/1.1" 404 327 "http://ed.activities.at/entry.php?id=11667" "Mozilla/5.0 (Windows NT 6.1; WOW64; Trident/7.0; rv:11.0) like Gecko"
83.64.76.58 - - [14/Feb/2017:08:36:07 +0100] "GET /entry.php?id=10271&&ser=57706 HTTP/1.1" 200 987 "http://ed.activities.at/entry.php?id=10271&&ser=57646" "Mozilla/5.0 (Windows NT 10.0; WOW64; rv:51.0) Gecko/20100101 Firefox/51.0"
83.64.76.58 - - [14/Feb/2017:08:36:07 +0100] "GET /gui/javascript/form_form.js?1487057767 HTTP/1.1" 200 16206 "http://ed.activities.at/entry.php?id=10271&&ser=57706" "Mozilla/5.0 (Windows NT 10.0; WOW64; rv:51.0) Gecko/20100101 Firefox/51.0"
93.83.197.18 - - [14/Feb/2017:08:36:20 +0100] "GET /entry.php?id=10271&&ser=57720 HTTP/1.1" 200 987 "http://ed.activities.at/entry.php?id=10272" "Mozilla/5.0 (Windows NT 6.1; WOW64; Trident/7.0; rv:11.0) like Gecko"
93.83.197.18 - - [14/Feb/2017:08:36:20 +0100] "GET /gui/javascript/form_form.js?1487057780 HTTP/1.1" 200 16206 "http://ed.activities.at/entry.php?id=10271&&ser=57720" "Mozilla/5.0 (Windows NT 6.1; WOW64; Trident/7.0; rv:11.0) like Gecko"
93.83.197.18 - - [14/Feb/2017:08:36:31 +0100] "POST /entry.php?id=11667 HTTP/1.1" 200 3312 "http://ed.activities.at/entry.php?id=11667" "Mozilla/5.0 (Windows NT 6.1; WOW64; Trident/7.0; rv:11.0) like Gecko"
93.83.197.18 - - [14/Feb/2017:08:36:32 +0100] "GET /gui/javascript/form_form.js?1487057792 HTTP/1.1" 200 16206 "http://ed.activities.at/entry.php?id=11667" "Mozilla/5.0 (Windows NT 6.1; WOW64; Trident/7.0; rv:11.0) like Gecko"
93.83.197.18 - - [14/Feb/2017:08:36:32 +0100] "GET /entry.php?id=10319&user=10287648& HTTP/1.1" 200 945 "http://ed.activities.at/entry.php?id=11667" "Mozilla/5.0 (Windows NT 6.1; WOW64; Trident/7.0; rv:11.0) like Gecko"
93.83.197.18 - - [14/Feb/2017:08:36:37 +0100] "POST /entry.php?id=11667 HTTP/1.1" 200 3267 "http://ed.activities.at/entry.php?id=11667" "Mozilla/5.0 (Windows NT 6.1; WOW64; Trident/7.0; rv:11.0) like Gecko"
93.83.197.18 - - [14/Feb/2017:08:36:37 +0100] "GET /gui/javascript/form_form.js?1487057797 HTTP/1.1" 200 16206 "http://ed.activities.at/entry.php?id=11667" "Mozilla/5.0 (Windows NT 6.1; WOW64; Trident/7.0; rv:11.0) like Gecko"
93.83.197.18 - - [14/Feb/2017:08:36:37 +0100] "GET /entry.php?id=10778&form=11492&name=grouplist& HTTP/1.1" 200 2966 "http://ed.activities.at/entry.php?id=11667" "Mozilla/5.0 (Windows NT 6.1; WOW64; Trident/7.0; rv:11.0) like Gecko"
93.83.197.18 - - [14/Feb/2017:08:36:37 +0100] "GET /entry.php?id=10776&form=11492&name=grouplist& HTTP/1.1" 200 1397 "http://ed.activities.at/entry.php?id=11667" "Mozilla/5.0 (Windows NT 6.1; WOW64; Trident/7.0; rv:11.0) like Gecko"
93.83.197.18 - - [14/Feb/2017:08:36:55 +0100] "POST /entry.php?id=11667 HTTP/1.1" 200 3872 "http://ed.activities.at/entry.php?id=11667" "Mozilla/5.0 (Windows NT 6.1; WOW64; Trident/7.0; rv:11.0) like Gecko"
93.83.197.18 - - [14/Feb/2017:08:36:55 +0100] "GET /gui/javascript/form_form.js?1487057815 HTTP/1.1" 200 16206 "http://ed.activities.at/entry.php?id=11667" "Mozilla/5.0 (Windows NT 6.1; WOW64; Trident/7.0; rv:11.0) like Gecko"
93.83.197.18 - - [14/Feb/2017:08:36:56 +0100] "GET /entry.php?id=10776&form=11492&name=grouplist& HTTP/1.1" 200 1397 "http://ed.activities.at/entry.php?id=11667" "Mozilla/5.0 (Windows NT 6.1; WOW64; Trident/7.0; rv:11.0) like Gecko"
93.83.197.18 - - [14/Feb/2017:08:36:56 +0100] "GET /entry.php?id=10778&form=11492&name=grouplist& HTTP/1.1" 200 2976 "http://ed.activities.at/entry.php?id=11667" "Mozilla/5.0 (Windows NT 6.1; WOW64; Trident/7.0; rv:11.0) like Gecko"
93.83.197.18 - - [14/Feb/2017:08:37:00 +0100] "POST /entry.php?id=11667 HTTP/1.1" 200 4078 "http://ed.activities.at/entry.php?id=11667" "Mozilla/5.0 (Windows NT 6.1; WOW64; Trident/7.0; rv:11.0) like Gecko"
93.83.197.18 - - [14/Feb/2017:08:37:01 +0100] "GET /gui/javascript/form_form.js?1487057821 HTTP/1.1" 200 16206 "http://ed.activities.at/entry.php?id=11667" "Mozilla/5.0 (Windows NT 6.1; WOW64; Trident/7.0; rv:11.0) like Gecko"
93.83.197.18 - - [14/Feb/2017:08:37:01 +0100] "GET /entry.php?id=10776&form=11492&name=mandantlist& HTTP/1.1" 200 1407 "http://ed.activities.at/entry.php?id=11667" "Mozilla/5.0 (Windows NT 6.1; WOW64; Trident/7.0; rv:11.0) like Gecko"
93.83.197.18 - - [14/Feb/2017:08:37:01 +0100] "GET /entry.php?id=10778&form=11492&name=mandantlist& HTTP/1.1" 200 2877 "http://ed.activities.at/entry.php?id=11667" "Mozilla/5.0 (Windows NT 6.1; WOW64; Trident/7.0; rv:11.0) like Gecko"
83.64.76.58 - - [14/Feb/2017:08:37:07 +0100] "GET /entry.php?id=10271&&ser=57767 HTTP/1.1" 200 987 "http://ed.activities.at/entry.php?id=10271&&ser=57706" "Mozilla/5.0 (Windows NT 10.0; WOW64; rv:51.0) Gecko/20100101 Firefox/51.0"
83.64.76.58 - - [14/Feb/2017:08:37:07 +0100] "GET /gui/javascript/form_form.js?1487057827 HTTP/1.1" 200 16206 "http://ed.activities.at/entry.php?id=10271&&ser=57767" "Mozilla/5.0 (Windows NT 10.0; WOW64; rv:51.0) Gecko/20100101 Firefox/51.0"
93.83.197.18 - - [14/Feb/2017:08:37:14 +0100] "GET /entry.php?id=11667&object=10287648&company=10221899 HTTP/1.1" 200 4079 "http://ed.activities.at/entry.php?id=11412" "Mozilla/5.0 (Windows NT 6.1; WOW64; Trident/7.0; rv:11.0) like Gecko"
93.83.197.18 - - [14/Feb/2017:08:37:15 +0100] "GET /gui/javascript/form_form.js?1487057835 HTTP/1.1" 200 16206 "http://ed.activities.at/entry.php?id=11667&object=10287648&company=10221899" "Mozilla/5.0 (Windows NT 6.1; WOW64; Trident/7.0; rv:11.0) like Gecko"
93.83.197.18 - - [14/Feb/2017:08:37:15 +0100] "GET /entry.php?id=10778&form=11492&name=mandantlist& HTTP/1.1" 200 2897 "http://ed.activities.at/entry.php?id=11667&object=10287648&company=10221899" "Mozilla/5.0 (Windows NT 6.1; WOW64; Trident/7.0; rv:11.0) like Gecko"
93.83.197.18 - - [14/Feb/2017:08:37:15 +0100] "GET /entry.php?id=10776&form=11492&name=mandantlist& HTTP/1.1" 200 1407 "http://ed.activities.at/entry.php?id=11667&object=10287648&company=10221899" "Mozilla/5.0 (Windows NT 6.1; WOW64; Trident/7.0; rv:11.0) like Gecko"
93.83.197.18 - - [14/Feb/2017:08:37:20 +0100] "GET /entry.php?id=10271&&ser=57780 HTTP/1.1" 200 986 "http://ed.activities.at/entry.php?id=10272" "Mozilla/5.0 (Windows NT 6.1; WOW64; Trident/7.0; rv:11.0) like Gecko"
93.83.197.18 - - [14/Feb/2017:08:37:21 +0100] "GET /gui/javascript/form_form.js?1487057841 HTTP/1.1" 200 16206 "http://ed.activities.at/entry.php?id=10271&&ser=57780" "Mozilla/5.0 (Windows NT 6.1; WOW64; Trident/7.0; rv:11.0) like Gecko"
83.64.76.58 - - [14/Feb/2017:08:37:25 +0100] "POST /entry.php?id=11671 HTTP/1.1" 200 5020 "http://ed.activities.at/entry.php?id=11671" "Mozilla/5.0 (Windows NT 10.0; WOW64; rv:51.0) Gecko/20100101 Firefox/51.0"
83.64.76.58 - - [14/Feb/2017:08:37:26 +0100] "GET /gui/javascript/form_form.js?1487057846 HTTP/1.1" 200 16206 "http://ed.activities.at/entry.php?id=11671" "Mozilla/5.0 (Windows NT 10.0; WOW64; rv:51.0) Gecko/20100101 Firefox/51.0"
83.64.76.58 - - [14/Feb/2017:08:37:26 +0100] "GET /framework/icons/rowselect.gif HTTP/1.1" 304 - "http://ed.activities.at/entry.php?id=10778&form=11497&name=list&" "Mozilla/5.0 (Windows NT 10.0; WOW64; rv:51.0) Gecko/20100101 Firefox/51.0"
83.64.76.58 - - [14/Feb/2017:08:37:26 +0100] "GET /entry.php?id=10776&form=11496&name=list& HTTP/1.1" 200 1519 "http://ed.activities.at/entry.php?id=11671" "Mozilla/5.0 (Windows NT 10.0; WOW64; rv:51.0) Gecko/20100101 Firefox/51.0"
83.64.76.58 - - [14/Feb/2017:08:37:26 +0100] "GET /entry.php?id=10778&form=11496&name=list& HTTP/1.1" 200 5761 "http://ed.activities.at/entry.php?id=11671" "Mozilla/5.0 (Windows NT 10.0; WOW64; rv:51.0) Gecko/20100101 Firefox/51.0"
93.83.197.18 - - [14/Feb/2017:08:37:45 +0100] "GET /entry.php?id=11667&object=10287648&company=10221899 HTTP/1.1" 200 4079 "http://ed.activities.at/entry.php?id=11412" "Mozilla/5.0 (Windows NT 6.1; WOW64; Trident/7.0; rv:11.0) like Gecko"
93.83.197.18 - - [14/Feb/2017:08:37:46 +0100] "GET /gui/javascript/form_form.js?1487057866 HTTP/1.1" 200 16206 "http://ed.activities.at/entry.php?id=11667&object=10287648&company=10221899" "Mozilla/5.0 (Windows NT 6.1; WOW64; Trident/7.0; rv:11.0) like Gecko"
93.83.197.18 - - [14/Feb/2017:08:37:46 +0100] "GET /entry.php?id=10776&form=11492&name=mandantlist& HTTP/1.1" 200 1407 "http://ed.activities.at/entry.php?id=11667&object=10287648&company=10221899" "Mozilla/5.0 (Windows NT 6.1; WOW64; Trident/7.0; rv:11.0) like Gecko"
93.83.197.18 - - [14/Feb/2017:08:37:46 +0100] "GET /entry.php?id=10778&form=11492&name=mandantlist& HTTP/1.1" 200 2897 "http://ed.activities.at/entry.php?id=11667&object=10287648&company=10221899" "Mozilla/5.0 (Windows NT 6.1; WOW64; Trident/7.0; rv:11.0) like Gecko"
83.64.76.58 - - [14/Feb/2017:08:37:49 +0100] "POST /entry.php?id=11671 HTTP/1.1" 200 4998 "http://ed.activities.at/entry.php?id=11671" "Mozilla/5.0 (Windows NT 10.0; WOW64; rv:51.0) Gecko/20100101 Firefox/51.0"
83.64.76.58 - - [14/Feb/2017:08:37:49 +0100] "GET /gui/javascript/form_form.js?1487057869 HTTP/1.1" 200 16206 "http://ed.activities.at/entry.php?id=11671" "Mozilla/5.0 (Windows NT 10.0; WOW64; rv:51.0) Gecko/20100101 Firefox/51.0"
83.64.76.58 - - [14/Feb/2017:08:37:49 +0100] "GET /entry.php?id=10776&form=11496&name=list& HTTP/1.1" 200 1519 "http://ed.activities.at/entry.php?id=11671" "Mozilla/5.0 (Windows NT 10.0; WOW64; rv:51.0) Gecko/20100101 Firefox/51.0"
83.64.76.58 - - [14/Feb/2017:08:37:49 +0100] "GET /entry.php?id=10778&form=11496&name=list& HTTP/1.1" 200 5761 "http://ed.activities.at/entry.php?id=11671" "Mozilla/5.0 (Windows NT 10.0; WOW64; rv:51.0) Gecko/20100101 Firefox/51.0"
93.83.197.18 - - [14/Feb/2017:08:37:51 +0100] "POST /entry.php?id=11667 HTTP/1.1" 200 3393 "http://ed.activities.at/entry.php?id=11667&object=10287648&company=10221899" "Mozilla/5.0 (Windows NT 6.1; WOW64; Trident/7.0; rv:11.0) like Gecko"
93.83.197.18 - - [14/Feb/2017:08:37:51 +0100] "GET /gui/javascript/form_form.js?1487057871 HTTP/1.1" 200 16206 "http://ed.activities.at/entry.php?id=11667" "Mozilla/5.0 (Windows NT 6.1; WOW64; Trident/7.0; rv:11.0) like Gecko"
83.64.76.58 - - [14/Feb/2017:08:37:53 +0100] "POST /entry.php?id=11671 HTTP/1.1" 200 3443 "http://ed.activities.at/entry.php?id=11671" "Mozilla/5.0 (Windows NT 10.0; WOW64; rv:51.0) Gecko/20100101 Firefox/51.0"
83.64.76.58 - - [14/Feb/2017:08:37:53 +0100] "GET /framework/webfx/javascript/tinymce/tinymce.min.js HTTP/1.1" 304 - "http://ed.activities.at/entry.php?id=11671" "Mozilla/5.0 (Windows NT 10.0; WOW64; rv:51.0) Gecko/20100101 Firefox/51.0"
83.64.76.58 - - [14/Feb/2017:08:37:53 +0100] "GET /framework/webfx/javascript/tinymce/tinyEdit.js HTTP/1.1" 304 - "http://ed.activities.at/entry.php?id=11671" "Mozilla/5.0 (Windows NT 10.0; WOW64; rv:51.0) Gecko/20100101 Firefox/51.0"
83.64.76.58 - - [14/Feb/2017:08:37:53 +0100] "GET /gui/javascript/form_form.js?1487057873 HTTP/1.1" 200 16206 "http://ed.activities.at/entry.php?id=11671" "Mozilla/5.0 (Windows NT 10.0; WOW64; rv:51.0) Gecko/20100101 Firefox/51.0"
83.64.76.58 - - [14/Feb/2017:08:37:53 +0100] "GET /framework/webfx/javascript/tinymce/langs/de.js HTTP/1.1" 304 - "http://ed.activities.at/entry.php?id=11671" "Mozilla/5.0 (Windows NT 10.0; WOW64; rv:51.0) Gecko/20100101 Firefox/51.0"
83.64.76.58 - - [14/Feb/2017:08:37:53 +0100] "GET /framework/webfx/javascript/tinymce/themes/modern/theme.min.js HTTP/1.1" 304 - "http://ed.activities.at/entry.php?id=11671" "Mozilla/5.0 (Windows NT 10.0; WOW64; rv:51.0) Gecko/20100101 Firefox/51.0"
83.64.76.58 - - [14/Feb/2017:08:37:53 +0100] "GET /framework/webfx/javascript/tinymce/plugins/advlist/plugin.min.js HTTP/1.1" 304 - "http://ed.activities.at/entry.php?id=11671" "Mozilla/5.0 (Windows NT 10.0; WOW64; rv:51.0) Gecko/20100101 Firefox/51.0"
83.64.76.58 - - [14/Feb/2017:08:37:53 +0100] "GET /framework/webfx/javascript/tinymce/plugins/lists/plugin.min.js HTTP/1.1" 304 - "http://ed.activities.at/entry.php?id=11671" "Mozilla/5.0 (Windows NT 10.0; WOW64; rv:51.0) Gecko/20100101 Firefox/51.0"
83.64.76.58 - - [14/Feb/2017:08:37:53 +0100] "GET /framework/webfx/javascript/tinymce/plugins/preview/plugin.min.js HTTP/1.1" 304 - "http://ed.activities.at/entry.php?id=11671" "Mozilla/5.0 (Windows NT 10.0; WOW64; rv:51.0) Gecko/20100101 Firefox/51.0"
83.64.76.58 - - [14/Feb/2017:08:37:53 +0100] "GET /framework/webfx/javascript/tinymce/plugins/hr/plugin.min.js HTTP/1.1" 304 - "http://ed.activities.at/entry.php?id=11671" "Mozilla/5.0 (Windows NT 10.0; WOW64; rv:51.0) Gecko/20100101 Firefox/51.0"
83.64.76.58 - - [14/Feb/2017:08:37:53 +0100] "GET /framework/webfx/javascript/tinymce/plugins/anchor/plugin.min.js HTTP/1.1" 304 - "http://ed.activities.at/entry.php?id=11671" "Mozilla/5.0 (Windows NT 10.0; WOW64; rv:51.0) Gecko/20100101 Firefox/51.0"
83.64.76.58 - - [14/Feb/2017:08:37:53 +0100] "GET /framework/webfx/javascript/tinymce/plugins/pagebreak/plugin.min.js HTTP/1.1" 304 - "http://ed.activities.at/entry.php?id=11671" "Mozilla/5.0 (Windows NT 10.0; WOW64; rv:51.0) Gecko/20100101 Firefox/51.0"
83.64.76.58 - - [14/Feb/2017:08:37:53 +0100] "GET /framework/webfx/javascript/tinymce/plugins/searchreplace/plugin.min.js HTTP/1.1" 304 - "http://ed.activities.at/entry.php?id=11671" "Mozilla/5.0 (Windows NT 10.0; WOW64; rv:51.0) Gecko/20100101 Firefox/51.0"
83.64.76.58 - - [14/Feb/2017:08:37:53 +0100] "GET /framework/webfx/javascript/tinymce/plugins/wordcount/plugin.min.js HTTP/1.1" 304 - "http://ed.activities.at/entry.php?id=11671" "Mozilla/5.0 (Windows NT 10.0; WOW64; rv:51.0) Gecko/20100101 Firefox/51.0"
83.64.76.58 - - [14/Feb/2017:08:37:53 +0100] "GET /framework/webfx/javascript/tinymce/plugins/visualblocks/plugin.min.js HTTP/1.1" 304 - "http://ed.activities.at/entry.php?id=11671" "Mozilla/5.0 (Windows NT 10.0; WOW64; rv:51.0) Gecko/20100101 Firefox/51.0"
83.64.76.58 - - [14/Feb/2017:08:37:53 +0100] "GET /framework/webfx/javascript/tinymce/plugins/visualchars/plugin.min.js HTTP/1.1" 304 - "http://ed.activities.at/entry.php?id=11671" "Mozilla/5.0 (Windows NT 10.0; WOW64; rv:51.0) Gecko/20100101 Firefox/51.0"
83.64.76.58 - - [14/Feb/2017:08:37:53 +0100] "GET /framework/webfx/javascript/tinymce/plugins/nonbreaking/plugin.min.js HTTP/1.1" 304 - "http://ed.activities.at/entry.php?id=11671" "Mozilla/5.0 (Windows NT 10.0; WOW64; rv:51.0) Gecko/20100101 Firefox/51.0"
83.64.76.58 - - [14/Feb/2017:08:37:53 +0100] "GET /framework/webfx/javascript/tinymce/plugins/template/plugin.min.js HTTP/1.1" 304 - "http://ed.activities.at/entry.php?id=11671" "Mozilla/5.0 (Windows NT 10.0; WOW64; rv:51.0) Gecko/20100101 Firefox/51.0"
83.64.76.58 - - [14/Feb/2017:08:37:53 +0100] "GET /framework/webfx/javascript/tinymce/plugins/textcolor/plugin.min.js HTTP/1.1" 304 - "http://ed.activities.at/entry.php?id=11671" "Mozilla/5.0 (Windows NT 10.0; WOW64; rv:51.0) Gecko/20100101 Firefox/51.0"
83.64.76.58 - - [14/Feb/2017:08:37:53 +0100] "GET /framework/webfx/javascript/tinymce/plugins/paste/plugin.min.js HTTP/1.1" 304 - "http://ed.activities.at/entry.php?id=11671" "Mozilla/5.0 (Windows NT 10.0; WOW64; rv:51.0) Gecko/20100101 Firefox/51.0"
83.64.76.58 - - [14/Feb/2017:08:37:53 +0100] "GET /framework/webfx/javascript/tinymce/plugins/colorpicker/plugin.min.js HTTP/1.1" 304 - "http://ed.activities.at/entry.php?id=11671" "Mozilla/5.0 (Windows NT 10.0; WOW64; rv:51.0) Gecko/20100101 Firefox/51.0"
83.64.76.58 - - [14/Feb/2017:08:37:53 +0100] "GET /framework/webfx/javascript/tinymce/skins/lightgray/skin.min.css HTTP/1.1" 304 - "http://ed.activities.at/entry.php?id=11671" "Mozilla/5.0 (Windows NT 10.0; WOW64; rv:51.0) Gecko/20100101 Firefox/51.0"
83.64.76.58 - - [14/Feb/2017:08:37:53 +0100] "GET /framework/webfx/javascript/tinymce/skins/lightgray/content.min.css HTTP/1.1" 404 327 "http://ed.activities.at/entry.php?id=11671" "Mozilla/5.0 (Windows NT 10.0; WOW64; rv:51.0) Gecko/20100101 Firefox/51.0"
83.64.76.58 - - [14/Feb/2017:08:37:53 +0100] "GET /framework/webfx/javascript/tinymce/skins/lightgray/fonts/tinymce-small.woff HTTP/1.1" 304 - "http://ed.activities.at/framework/webfx/javascript/tinymce/skins/lightgray/skin.min.css" "Mozilla/5.0 (Windows NT 10.0; WOW64; rv:51.0) Gecko/20100101 Firefox/51.0"
93.83.197.18 - - [14/Feb/2017:08:37:55 +0100] "POST /entry.php?id=11667 HTTP/1.1" 200 3618 "http://ed.activities.at/entry.php?id=11667" "Mozilla/5.0 (Windows NT 6.1; WOW64; Trident/7.0; rv:11.0) like Gecko"
93.83.197.18 - - [14/Feb/2017:08:37:55 +0100] "GET /gui/javascript/form_form.js?1487057875 HTTP/1.1" 200 16206 "http://ed.activities.at/entry.php?id=11667" "Mozilla/5.0 (Windows NT 6.1; WOW64; Trident/7.0; rv:11.0) like Gecko"
93.83.197.18 - - [14/Feb/2017:08:37:56 +0100] "GET /entry.php?id=11148 HTTP/1.1" 200 1476 "http://ed.activities.at/entry.php?id=11667" "Mozilla/5.0 (Windows NT 6.1; WOW64; Trident/7.0; rv:11.0) like Gecko"
93.83.197.18 - - [14/Feb/2017:08:37:57 +0100] "GET /gui/javascript/form_form.js?1487057876 HTTP/1.1" 200 16206 "http://ed.activities.at/entry.php?id=11148" "Mozilla/5.0 (Windows NT 6.1; WOW64; Trident/7.0; rv:11.0) like Gecko"
93.83.197.18 - - [14/Feb/2017:08:38:03 +0100] "GET /framework/webfx/javascript/tinymce/skins/lightgray/content.min.css HTTP/1.1" 404 327 "http://ed.activities.at/entry.php?id=11667" "Mozilla/5.0 (Windows NT 6.1; WOW64; Trident/7.0; rv:11.0) like Gecko"
83.64.76.58 - - [14/Feb/2017:08:38:08 +0100] "GET /entry.php?id=10271&&ser=57827 HTTP/1.1" 200 986 "http://ed.activities.at/entry.php?id=10271&&ser=57767" "Mozilla/5.0 (Windows NT 10.0; WOW64; rv:51.0) Gecko/20100101 Firefox/51.0"
83.64.76.58 - - [14/Feb/2017:08:38:08 +0100] "GET /gui/javascript/form_form.js?1487057888 HTTP/1.1" 200 16206 "http://ed.activities.at/entry.php?id=10271&&ser=57827" "Mozilla/5.0 (Windows NT 10.0; WOW64; rv:51.0) Gecko/20100101 Firefox/51.0"
83.64.76.58 - - [14/Feb/2017:08:38:10 +0100] "POST /entry.php?id=11671 HTTP/1.1" 200 3183 "http://ed.activities.at/entry.php?id=11671" "Mozilla/5.0 (Windows NT 10.0; WOW64; rv:51.0) Gecko/20100101 Firefox/51.0"
83.64.76.58 - - [14/Feb/2017:08:38:11 +0100] "GET /gui/javascript/form_form.js?1487057891 HTTP/1.1" 200 16206 "http://ed.activities.at/entry.php?id=11671" "Mozilla/5.0 (Windows NT 10.0; WOW64; rv:51.0) Gecko/20100101 Firefox/51.0"
83.64.76.58 - - [14/Feb/2017:08:38:11 +0100] "GET /framework/webfx/javascript/tinymce/skins/lightgray/content.min.css HTTP/1.1" 404 327 "http://ed.activities.at/entry.php?id=11671" "Mozilla/5.0 (Windows NT 10.0; WOW64; rv:51.0) Gecko/20100101 Firefox/51.0"
93.83.197.18 - - [14/Feb/2017:08:38:21 +0100] "GET /entry.php?id=10271&&ser=57841 HTTP/1.1" 200 986 "http://ed.activities.at/entry.php?id=10272" "Mozilla/5.0 (Windows NT 6.1; WOW64; Trident/7.0; rv:11.0) like Gecko"
93.83.197.18 - - [14/Feb/2017:08:38:21 +0100] "GET /gui/javascript/form_form.js?1487057901 HTTP/1.1" 200 16206 "http://ed.activities.at/entry.php?id=10271&&ser=57841" "Mozilla/5.0 (Windows NT 6.1; WOW64; Trident/7.0; rv:11.0) like Gecko"
93.83.197.18 - - [14/Feb/2017:08:38:42 +0100] "POST /entry.php?id=11667 HTTP/1.1" 200 4239 "http://ed.activities.at/entry.php?id=11667" "Mozilla/5.0 (Windows NT 6.1; WOW64; Trident/7.0; rv:11.0) like Gecko"
93.83.197.18 - - [14/Feb/2017:08:38:43 +0100] "GET /gui/javascript/form_form.js?1487057923 HTTP/1.1" 200 16206 "http://ed.activities.at/entry.php?id=11667" "Mozilla/5.0 (Windows NT 6.1; WOW64; Trident/7.0; rv:11.0) like Gecko"
93.83.197.18 - - [14/Feb/2017:08:38:43 +0100] "GET /entry.php?id=11148 HTTP/1.1" 200 1477 "http://ed.activities.at/entry.php?id=11667" "Mozilla/5.0 (Windows NT 6.1; WOW64; Trident/7.0; rv:11.0) like Gecko"
93.83.197.18 - - [14/Feb/2017:08:38:50 +0100] "GET /framework/webfx/javascript/tinymce/skins/lightgray/content.min.css HTTP/1.1" 404 327 "http://ed.activities.at/entry.php?id=11667" "Mozilla/5.0 (Windows NT 6.1; WOW64; Trident/7.0; rv:11.0) like Gecko"
93.83.197.18 - - [14/Feb/2017:08:38:54 +0100] "GET /entry.php?id=11693 HTTP/1.1" 200 2506 "http://ed.activities.at/entry.php?id=11412" "Mozilla/5.0 (Windows NT 6.1; WOW64; Trident/7.0; rv:11.0) like Gecko"
93.83.197.18 - - [14/Feb/2017:08:38:54 +0100] "GET /gui/javascript/form_form.js?1487057934 HTTP/1.1" 200 16206 "http://ed.activities.at/entry.php?id=11693" "Mozilla/5.0 (Windows NT 6.1; WOW64; Trident/7.0; rv:11.0) like Gecko"
93.83.197.18 - - [14/Feb/2017:08:38:54 +0100] "GET /entry.php?id=10778&form=11518&name=list& HTTP/1.1" 200 10311 "http://ed.activities.at/entry.php?id=11693" "Mozilla/5.0 (Windows NT 6.1; WOW64; Trident/7.0; rv:11.0) like Gecko"
93.83.197.18 - - [14/Feb/2017:08:38:54 +0100] "GET /entry.php?id=10776&form=11518&name=list& HTTP/1.1" 200 1781 "http://ed.activities.at/entry.php?id=11693" "Mozilla/5.0 (Windows NT 6.1; WOW64; Trident/7.0; rv:11.0) like Gecko"
93.83.197.18 - - [14/Feb/2017:08:38:55 +0100] "GET /entry.php?id=11148&object=10244926&view=thumbnail&width=100&height=100&wrap=false&mime=image/jpeg&image=jpg.gif HTTP/1.1" 200 1605 "http://ed.activities.at/entry.php?id=10778&form=11518&name=list&" "Mozilla/5.0 (Windows NT 6.1; WOW64; Trident/7.0; rv:11.0) like Gecko"
93.83.197.18 - - [14/Feb/2017:08:38:55 +0100] "GET /entry.php?id=11148&object=10279635&view=thumbnail&width=100&height=100&wrap=false&mime=image/jpeg&image=jpg.gif HTTP/1.1" 200 1605 "http://ed.activities.at/entry.php?id=10778&form=11518&name=list&" "Mozilla/5.0 (Windows NT 6.1; WOW64; Trident/7.0; rv:11.0) like Gecko"
93.83.197.18 - - [14/Feb/2017:08:38:55 +0100] "GET /entry.php?id=11148&object=10244928&view=thumbnail&width=100&height=100&wrap=false&mime=image/jpeg&image=jpg.gif HTTP/1.1" 200 1604 "http://ed.activities.at/entry.php?id=10778&form=11518&name=list&" "Mozilla/5.0 (Windows NT 6.1; WOW64; Trident/7.0; rv:11.0) like Gecko"
93.83.197.18 - - [14/Feb/2017:08:38:55 +0100] "GET /entry.php?id=11148&object=10244940&view=thumbnail&width=100&height=100&wrap=false&mime=image/jpeg&image=jpg.gif HTTP/1.1" 200 1604 "http://ed.activities.at/entry.php?id=10778&form=11518&name=list&" "Mozilla/5.0 (Windows NT 6.1; WOW64; Trident/7.0; rv:11.0) like Gecko"
93.83.197.18 - - [14/Feb/2017:08:38:55 +0100] "GET /gui/javascript/form_form.js?1487057935 HTTP/1.1" 200 16206 "http://ed.activities.at/entry.php?id=11148&object=10244926&view=thumbnail&width=100&height=100&wrap=false&mime=image/jpeg&image=jpg.gif" "Mozilla/5.0 (Windows NT 6.1; WOW64; Trident/7.0; rv:11.0) like Gecko"
93.83.197.18 - - [14/Feb/2017:08:38:55 +0100] "GET /entry.php?id=11148&object=10244946&view=thumbnail&width=100&height=100&wrap=false&mime=image/jpeg&image=jpg.gif HTTP/1.1" 200 1605 "http://ed.activities.at/entry.php?id=10778&form=11518&name=list&" "Mozilla/5.0 (Windows NT 6.1; WOW64; Trident/7.0; rv:11.0) like Gecko"
93.83.197.18 - - [14/Feb/2017:08:38:55 +0100] "GET /entry.php?id=11148&object=10244938&view=thumbnail&width=100&height=100&wrap=false&mime=image/jpeg&image=jpg.gif HTTP/1.1" 200 1604 "http://ed.activities.at/entry.php?id=10778&form=11518&name=list&" "Mozilla/5.0 (Windows NT 6.1; WOW64; Trident/7.0; rv:11.0) like Gecko"
93.83.197.18 - - [14/Feb/2017:08:38:55 +0100] "GET /entry.php?id=11148&object=10244801&view=thumbnail&width=100&height=100&wrap=false&mime=image/jpeg&image=jpg.gif HTTP/1.1" 200 1604 "http://ed.activities.at/entry.php?id=10778&form=11518&name=list&" "Mozilla/5.0 (Windows NT 6.1; WOW64; Trident/7.0; rv:11.0) like Gecko"
93.83.197.18 - - [14/Feb/2017:08:38:56 +0100] "GET /gui/javascript/form_form.js?1487057936 HTTP/1.1" 200 16206 "http://ed.activities.at/entry.php?id=11148&object=10244938&view=thumbnail&width=100&height=100&wrap=false&mime=image/jpeg&image=jpg.gif" "Mozilla/5.0 (Windows NT 6.1; WOW64; Trident/7.0; rv:11.0) like Gecko"
