212.108.43.59 - - [16/Feb/2017:09:34:20 +0100] "POST /entry.php?id=11678 HTTP/1.1" 200 12742 "http://ed.activities.at/entry.php?id=11678&" "Mozilla/5.0 (Windows NT 10.0; Win64; x64) AppleWebKit/537.36 (KHTML, like Gecko) Chrome/56.0.2924.87 Safari/537.36"
212.108.43.59 - - [16/Feb/2017:09:34:21 +0100] "GET /activities/framework/KoolControls/KoolAjax/koolajax.php?8436e354c842500aba3cbaf0584c0c24 HTTP/1.1" 200 4079 "http://ed.activities.at/entry.php?id=11678" "Mozilla/5.0 (Windows NT 10.0; Win64; x64) AppleWebKit/537.36 (KHTML, like Gecko) Chrome/56.0.2924.87 Safari/537.36"
212.108.43.59 - - [16/Feb/2017:09:34:21 +0100] "GET /gui/javascript/form_form.js?1487234061 HTTP/1.1" 200 16206 "http://ed.activities.at/entry.php?id=11678" "Mozilla/5.0 (Windows NT 10.0; Win64; x64) AppleWebKit/537.36 (KHTML, like Gecko) Chrome/56.0.2924.87 Safari/537.36"
212.108.43.59 - - [16/Feb/2017:09:34:21 +0100] "GET /activities/framework/KoolControls/KoolTreeView/kooltreeview.php?c7cd9180e88ffef8e70f13526bb4f5f7 HTTP/1.1" 200 5055 "http://ed.activities.at/entry.php?id=11678" "Mozilla/5.0 (Windows NT 10.0; Win64; x64) AppleWebKit/537.36 (KHTML, like Gecko) Chrome/56.0.2924.87 Safari/537.36"
212.108.43.59 - - [16/Feb/2017:09:34:22 +0100] "POST /entry.php?id=11677 HTTP/1.1" 200 4500 "http://ed.activities.at/entry.php?id=11677" "Mozilla/5.0 (Windows NT 10.0; Win64; x64) AppleWebKit/537.36 (KHTML, like Gecko) Chrome/56.0.2924.87 Safari/537.36"
212.108.43.59 - - [16/Feb/2017:09:34:23 +0100] "GET /gui/javascript/form_form.js?1487234063 HTTP/1.1" 200 16206 "http://ed.activities.at/entry.php?id=11677" "Mozilla/5.0 (Windows NT 10.0; Win64; x64) AppleWebKit/537.36 (KHTML, like Gecko) Chrome/56.0.2924.87 Safari/537.36"
212.108.43.59 - - [16/Feb/2017:09:34:43 +0100] "POST /entry.php?id=11677 HTTP/1.1" 200 5201 "http://ed.activities.at/entry.php?id=11677" "Mozilla/5.0 (Windows NT 10.0; Win64; x64) AppleWebKit/537.36 (KHTML, like Gecko) Chrome/56.0.2924.87 Safari/537.36"
212.108.43.59 - - [16/Feb/2017:09:34:44 +0100] "GET /gui/javascript/form_form.js?1487234084 HTTP/1.1" 200 16206 "http://ed.activities.at/entry.php?id=11677" "Mozilla/5.0 (Windows NT 10.0; Win64; x64) AppleWebKit/537.36 (KHTML, like Gecko) Chrome/56.0.2924.87 Safari/537.36"
212.108.43.59 - - [16/Feb/2017:09:34:43 +0100] "GET /entry.php?id=10271&&ser=234023 HTTP/1.1" 200 987 "http://ed.activities.at/entry.php?id=10271&&ser=233962" "Mozilla/5.0 (Windows NT 10.0; Win64; x64) AppleWebKit/537.36 (KHTML, like Gecko) Chrome/56.0.2924.87 Safari/537.36"
212.108.43.59 - - [16/Feb/2017:09:34:52 +0100] "POST /entry.php?id=11677 HTTP/1.1" 200 5281 "http://ed.activities.at/entry.php?id=11677" "Mozilla/5.0 (Windows NT 10.0; Win64; x64) AppleWebKit/537.36 (KHTML, like Gecko) Chrome/56.0.2924.87 Safari/537.36"
212.108.43.59 - - [16/Feb/2017:09:34:53 +0100] "GET /gui/javascript/form_form.js?1487234093 HTTP/1.1" 200 16206 "http://ed.activities.at/entry.php?id=11677" "Mozilla/5.0 (Windows NT 10.0; Win64; x64) AppleWebKit/537.36 (KHTML, like Gecko) Chrome/56.0.2924.87 Safari/537.36"
90.152.128.107 - - [16/Feb/2017:09:34:58 +0100] "GET /entry.php?id=10271&&ser=234029 HTTP/1.1" 200 989 "http://ed.activities.at/entry.php?id=10271&&ser=233959" "Mozilla/5.0 (Windows NT 10.0; WOW64) AppleWebKit/537.36 (KHTML, like Gecko) Chrome/56.0.2924.87 Safari/537.36"
212.108.43.59 - - [16/Feb/2017:09:34:58 +0100] "POST /entry.php?id=11678 HTTP/1.1" 200 12739 "http://ed.activities.at/entry.php?id=11678" "Mozilla/5.0 (Windows NT 10.0; Win64; x64) AppleWebKit/537.36 (KHTML, like Gecko) Chrome/56.0.2924.87 Safari/537.36"
212.108.43.59 - - [16/Feb/2017:09:34:59 +0100] "GET /activities/framework/KoolControls/KoolAjax/koolajax.php?8436e354c842500aba3cbaf0584c0c24 HTTP/1.1" 200 4079 "http://ed.activities.at/entry.php?id=11678" "Mozilla/5.0 (Windows NT 10.0; Win64; x64) AppleWebKit/537.36 (KHTML, like Gecko) Chrome/56.0.2924.87 Safari/537.36"
212.108.43.59 - - [16/Feb/2017:09:34:59 +0100] "GET /gui/javascript/form_form.js?1487234099 HTTP/1.1" 200 16206 "http://ed.activities.at/entry.php?id=11678" "Mozilla/5.0 (Windows NT 10.0; Win64; x64) AppleWebKit/537.36 (KHTML, like Gecko) Chrome/56.0.2924.87 Safari/537.36"
212.108.43.59 - - [16/Feb/2017:09:34:59 +0100] "GET /activities/framework/KoolControls/KoolTreeView/kooltreeview.php?c7cd9180e88ffef8e70f13526bb4f5f7 HTTP/1.1" 200 5055 "http://ed.activities.at/entry.php?id=11678" "Mozilla/5.0 (Windows NT 10.0; Win64; x64) AppleWebKit/537.36 (KHTML, like Gecko) Chrome/56.0.2924.87 Safari/537.36"
212.108.43.59 - - [16/Feb/2017:09:35:00 +0100] "POST /entry.php?id=11677 HTTP/1.1" 200 5195 "http://ed.activities.at/entry.php?id=11677" "Mozilla/5.0 (Windows NT 10.0; Win64; x64) AppleWebKit/537.36 (KHTML, like Gecko) Chrome/56.0.2924.87 Safari/537.36"
212.108.43.59 - - [16/Feb/2017:09:35:01 +0100] "GET /gui/javascript/form_form.js?1487234101 HTTP/1.1" 200 16206 "http://ed.activities.at/entry.php?id=11677" "Mozilla/5.0 (Windows NT 10.0; Win64; x64) AppleWebKit/537.36 (KHTML, like Gecko) Chrome/56.0.2924.87 Safari/537.36"
212.108.43.59 - - [16/Feb/2017:09:35:02 +0100] "GET /entry.php?id=10271&&ser=234042 HTTP/1.1" 200 986 "http://ed.activities.at/entry.php?id=10271&&ser=233981" "Mozilla/5.0 (Windows NT 10.0; Win64; x64) AppleWebKit/537.36 (KHTML, like Gecko) Chrome/56.0.2924.87 Safari/537.36"
212.108.43.59 - - [16/Feb/2017:09:35:02 +0100] "GET /gui/javascript/form_form.js?1487234102 HTTP/1.1" 200 16206 "http://ed.activities.at/entry.php?id=10271&&ser=234042" "Mozilla/5.0 (Windows NT 10.0; Win64; x64) AppleWebKit/537.36 (KHTML, like Gecko) Chrome/56.0.2924.87 Safari/537.36"
90.152.128.107 - - [16/Feb/2017:09:35:04 +0100] "GET /gui/javascript/form_form.js?1487234098 HTTP/1.1" 200 16206 "http://ed.activities.at/entry.php?id=10271&&ser=234029" "Mozilla/5.0 (Windows NT 10.0; WOW64) AppleWebKit/537.36 (KHTML, like Gecko) Chrome/56.0.2924.87 Safari/537.36"
212.108.43.59 - - [16/Feb/2017:09:35:32 +0100] "POST /entry.php?id=11677 HTTP/1.1" 200 2884 "http://ed.activities.at/entry.php?id=11677" "Mozilla/5.0 (Windows NT 10.0; Win64; x64) AppleWebKit/537.36 (KHTML, like Gecko) Chrome/56.0.2924.87 Safari/537.36"
212.108.43.59 - - [16/Feb/2017:09:35:32 +0100] "GET /gui/javascript/form_form.js?1487234132 HTTP/1.1" 200 16206 "http://ed.activities.at/entry.php?id=11677" "Mozilla/5.0 (Windows NT 10.0; Win64; x64) AppleWebKit/537.36 (KHTML, like Gecko) Chrome/56.0.2924.87 Safari/537.36"
212.108.43.59 - - [16/Feb/2017:09:35:32 +0100] "GET /entry.php?id=10776&form=11502&name=image_list& HTTP/1.1" 200 1531 "http://ed.activities.at/entry.php?id=11677" "Mozilla/5.0 (Windows NT 10.0; Win64; x64) AppleWebKit/537.36 (KHTML, like Gecko) Chrome/56.0.2924.87 Safari/537.36"
212.108.43.59 - - [16/Feb/2017:09:35:32 +0100] "GET /entry.php?id=10778&form=11502&name=image_list& HTTP/1.1" 200 2501 "http://ed.activities.at/entry.php?id=11677" "Mozilla/5.0 (Windows NT 10.0; Win64; x64) AppleWebKit/537.36 (KHTML, like Gecko) Chrome/56.0.2924.87 Safari/537.36"
212.108.43.59 - - [16/Feb/2017:09:35:35 +0100] "POST /entry.php?id=11677 HTTP/1.1" 200 5195 "http://ed.activities.at/entry.php?id=11677" "Mozilla/5.0 (Windows NT 10.0; Win64; x64) AppleWebKit/537.36 (KHTML, like Gecko) Chrome/56.0.2924.87 Safari/537.36"
212.108.43.59 - - [16/Feb/2017:09:35:36 +0100] "GET /gui/javascript/form_form.js?1487234136 HTTP/1.1" 200 16206 "http://ed.activities.at/entry.php?id=11677" "Mozilla/5.0 (Windows NT 10.0; Win64; x64) AppleWebKit/537.36 (KHTML, like Gecko) Chrome/56.0.2924.87 Safari/537.36"
212.108.43.59 - - [16/Feb/2017:09:35:44 +0100] "GET /entry.php?id=10271&&ser=234084 HTTP/1.1" 200 987 "http://ed.activities.at/entry.php?id=10271&&ser=234023" "Mozilla/5.0 (Windows NT 10.0; Win64; x64) AppleWebKit/537.36 (KHTML, like Gecko) Chrome/56.0.2924.87 Safari/537.36"
212.108.43.59 - - [16/Feb/2017:09:35:44 +0100] "GET /gui/javascript/form_form.js?1487234144 HTTP/1.1" 200 16206 "http://ed.activities.at/entry.php?id=10271&&ser=234084" "Mozilla/5.0 (Windows NT 10.0; Win64; x64) AppleWebKit/537.36 (KHTML, like Gecko) Chrome/56.0.2924.87 Safari/537.36"
212.108.43.59 - - [16/Feb/2017:09:36:02 +0100] "GET /entry.php?id=10271&&ser=234102 HTTP/1.1" 200 987 "http://ed.activities.at/entry.php?id=10271&&ser=234042" "Mozilla/5.0 (Windows NT 10.0; Win64; x64) AppleWebKit/537.36 (KHTML, like Gecko) Chrome/56.0.2924.87 Safari/537.36"
212.108.43.59 - - [16/Feb/2017:09:36:02 +0100] "GET /gui/javascript/form_form.js?1487234162 HTTP/1.1" 200 16206 "http://ed.activities.at/entry.php?id=10271&&ser=234102" "Mozilla/5.0 (Windows NT 10.0; Win64; x64) AppleWebKit/537.36 (KHTML, like Gecko) Chrome/56.0.2924.87 Safari/537.36"
212.108.43.59 - - [16/Feb/2017:09:36:06 +0100] "POST /entry.php?id=11677 HTTP/1.1" 200 5299 "http://ed.activities.at/entry.php?id=11677" "Mozilla/5.0 (Windows NT 10.0; Win64; x64) AppleWebKit/537.36 (KHTML, like Gecko) Chrome/56.0.2924.87 Safari/537.36"
212.108.43.59 - - [16/Feb/2017:09:36:07 +0100] "GET /gui/javascript/form_form.js?1487234167 HTTP/1.1" 200 16206 "http://ed.activities.at/entry.php?id=11677" "Mozilla/5.0 (Windows NT 10.0; Win64; x64) AppleWebKit/537.36 (KHTML, like Gecko) Chrome/56.0.2924.87 Safari/537.36"
90.152.128.107 - - [16/Feb/2017:09:36:09 +0100] "GET /entry.php?id=10271&&ser=234098 HTTP/1.1" 200 989 "http://ed.activities.at/entry.php?id=10271&&ser=234029" "Mozilla/5.0 (Windows NT 10.0; WOW64) AppleWebKit/537.36 (KHTML, like Gecko) Chrome/56.0.2924.87 Safari/537.36"
90.152.128.107 - - [16/Feb/2017:09:36:11 +0100] "GET /gui/javascript/form_form.js?1487234169 HTTP/1.1" 200 16206 "http://ed.activities.at/entry.php?id=10271&&ser=234098" "Mozilla/5.0 (Windows NT 10.0; WOW64) AppleWebKit/537.36 (KHTML, like Gecko) Chrome/56.0.2924.87 Safari/537.36"
212.108.43.59 - - [16/Feb/2017:09:36:34 +0100] "POST /entry.php?id=11677 HTTP/1.1" 200 5097 "http://ed.activities.at/entry.php?id=11677" "Mozilla/5.0 (Windows NT 10.0; Win64; x64) AppleWebKit/537.36 (KHTML, like Gecko) Chrome/56.0.2924.87 Safari/537.36"
212.108.43.59 - - [16/Feb/2017:09:36:35 +0100] "GET /gui/javascript/form_form.js?1487234195 HTTP/1.1" 200 16206 "http://ed.activities.at/entry.php?id=11677" "Mozilla/5.0 (Windows NT 10.0; Win64; x64) AppleWebKit/537.36 (KHTML, like Gecko) Chrome/56.0.2924.87 Safari/537.36"
212.108.43.59 - - [16/Feb/2017:09:36:35 +0100] "GET /entry.php?id=11618&&object=&item=10287617&emu_class= HTTP/1.1" 200 1710 "http://ed.activities.at/entry.php?id=11677" "Mozilla/5.0 (Windows NT 10.0; Win64; x64) AppleWebKit/537.36 (KHTML, like Gecko) Chrome/56.0.2924.87 Safari/537.36"
212.108.43.59 - - [16/Feb/2017:09:36:45 +0100] "GET /entry.php?id=10271&&ser=234144 HTTP/1.1" 200 987 "http://ed.activities.at/entry.php?id=10271&&ser=234084" "Mozilla/5.0 (Windows NT 10.0; Win64; x64) AppleWebKit/537.36 (KHTML, like Gecko) Chrome/56.0.2924.87 Safari/537.36"
212.108.43.59 - - [16/Feb/2017:09:36:45 +0100] "GET /gui/javascript/form_form.js?1487234205 HTTP/1.1" 200 16206 "http://ed.activities.at/entry.php?id=10271&&ser=234144" "Mozilla/5.0 (Windows NT 10.0; Win64; x64) AppleWebKit/537.36 (KHTML, like Gecko) Chrome/56.0.2924.87 Safari/537.36"
212.108.43.59 - - [16/Feb/2017:09:36:57 +0100] "GET /entry.php?id=10877&mode=loadTemplateselect&obj=10201431&class=&tag=emuc_cdscontentheader_article&reftag=&ser=1487234218417 HTTP/1.1" 200 92 "http://ed.activities.at/entry.php?id=11677" "Mozilla/5.0 (Windows NT 10.0; Win64; x64) AppleWebKit/537.36 (KHTML, like Gecko) Chrome/56.0.2924.87 Safari/537.36"
212.108.43.59 - - [16/Feb/2017:09:37:03 +0100] "GET /entry.php?id=10271&&ser=234162 HTTP/1.1" 200 987 "http://ed.activities.at/entry.php?id=10271&&ser=234102" "Mozilla/5.0 (Windows NT 10.0; Win64; x64) AppleWebKit/537.36 (KHTML, like Gecko) Chrome/56.0.2924.87 Safari/537.36"
212.108.43.59 - - [16/Feb/2017:09:37:03 +0100] "GET /gui/javascript/form_form.js?1487234223 HTTP/1.1" 200 16206 "http://ed.activities.at/entry.php?id=10271&&ser=234162" "Mozilla/5.0 (Windows NT 10.0; Win64; x64) AppleWebKit/537.36 (KHTML, like Gecko) Chrome/56.0.2924.87 Safari/537.36"
90.152.128.107 - - [16/Feb/2017:09:37:21 +0100] "GET /entry.php?id=10271&&ser=234169 HTTP/1.1" 200 989 "http://ed.activities.at/entry.php?id=10271&&ser=234098" "Mozilla/5.0 (Windows NT 10.0; WOW64) AppleWebKit/537.36 (KHTML, like Gecko) Chrome/56.0.2924.87 Safari/537.36"
90.152.128.107 - - [16/Feb/2017:09:37:24 +0100] "GET /gui/javascript/form_form.js?1487234241 HTTP/1.1" 200 16206 "http://ed.activities.at/entry.php?id=10271&&ser=234169" "Mozilla/5.0 (Windows NT 10.0; WOW64) AppleWebKit/537.36 (KHTML, like Gecko) Chrome/56.0.2924.87 Safari/537.36"
212.108.43.59 - - [16/Feb/2017:09:37:45 +0100] "GET /entry.php?id=10271&&ser=234205 HTTP/1.1" 200 987 "http://ed.activities.at/entry.php?id=10271&&ser=234144" "Mozilla/5.0 (Windows NT 10.0; Win64; x64) AppleWebKit/537.36 (KHTML, like Gecko) Chrome/56.0.2924.87 Safari/537.36"
212.108.43.59 - - [16/Feb/2017:09:37:45 +0100] "GET /gui/javascript/form_form.js?1487234265 HTTP/1.1" 200 16206 "http://ed.activities.at/entry.php?id=10271&&ser=234205" "Mozilla/5.0 (Windows NT 10.0; Win64; x64) AppleWebKit/537.36 (KHTML, like Gecko) Chrome/56.0.2924.87 Safari/537.36"
212.108.43.59 - - [16/Feb/2017:09:38:03 +0100] "GET /entry.php?id=10271&&ser=234223 HTTP/1.1" 200 987 "http://ed.activities.at/entry.php?id=10271&&ser=234162" "Mozilla/5.0 (Windows NT 10.0; Win64; x64) AppleWebKit/537.36 (KHTML, like Gecko) Chrome/56.0.2924.87 Safari/537.36"
212.108.43.59 - - [16/Feb/2017:09:38:03 +0100] "GET /gui/javascript/form_form.js?1487234283 HTTP/1.1" 200 16206 "http://ed.activities.at/entry.php?id=10271&&ser=234223" "Mozilla/5.0 (Windows NT 10.0; Win64; x64) AppleWebKit/537.36 (KHTML, like Gecko) Chrome/56.0.2924.87 Safari/537.36"
212.108.43.59 - - [16/Feb/2017:09:38:34 +0100] "GET /gui/javascript/jquery/css/gui-themes/images/ui-bg_flat_90_eeeeee_40x100.png HTTP/1.1" 200 180 "http://ed.activities.at/gui/javascript/jquery/css/gui-themes/custom.min.css" "Mozilla/5.0 (Windows NT 10.0; Win64; x64) AppleWebKit/537.36 (KHTML, like Gecko) Chrome/56.0.2924.87 Safari/537.36"
212.108.43.59 - - [16/Feb/2017:09:38:34 +0100] "GET /gui/javascript/jquery/css/gui-themes/images/ui-icons_ffffff_256x240_ev.png HTTP/1.1" 200 6912 "http://ed.activities.at/gui/javascript/jquery/css/gui-themes/custom.min.css" "Mozilla/5.0 (Windows NT 10.0; Win64; x64) AppleWebKit/537.36 (KHTML, like Gecko) Chrome/56.0.2924.87 Safari/537.36"
212.108.43.59 - - [16/Feb/2017:09:38:34 +0100] "GET /gui/javascript/jquery/css/gui-themes/images/ui-bg_flat_100_808080_40x100.png HTTP/1.1" 200 209 "http://ed.activities.at/gui/javascript/jquery/css/gui-themes/custom.min.css" "Mozilla/5.0 (Windows NT 10.0; Win64; x64) AppleWebKit/537.36 (KHTML, like Gecko) Chrome/56.0.2924.87 Safari/537.36"
90.152.128.107 - - [16/Feb/2017:09:38:35 +0100] "GET /entry.php?id=10271&&ser=234241 HTTP/1.1" 200 989 "http://ed.activities.at/entry.php?id=10271&&ser=234169" "Mozilla/5.0 (Windows NT 10.0; WOW64) AppleWebKit/537.36 (KHTML, like Gecko) Chrome/56.0.2924.87 Safari/537.36"
212.108.43.59 - - [16/Feb/2017:09:38:36 +0100] "GET /gui/javascript/jquery/css/gui-themes/images/ui-bg_flat_100_ffffff_40x100.png HTTP/1.1" 200 178 "http://ed.activities.at/gui/javascript/jquery/css/gui-themes/custom.min.css" "Mozilla/5.0 (Windows NT 10.0; Win64; x64) AppleWebKit/537.36 (KHTML, like Gecko) Chrome/56.0.2924.87 Safari/537.36"
212.108.43.59 - - [16/Feb/2017:09:38:36 +0100] "POST /entry.php?id=11677 HTTP/1.1" 200 5239 "http://ed.activities.at/entry.php?id=11677" "Mozilla/5.0 (Windows NT 10.0; Win64; x64) AppleWebKit/537.36 (KHTML, like Gecko) Chrome/56.0.2924.87 Safari/537.36"
212.108.43.59 - - [16/Feb/2017:09:38:37 +0100] "GET /gui/javascript/form_form.js?1487234317 HTTP/1.1" 200 16206 "http://ed.activities.at/entry.php?id=11677" "Mozilla/5.0 (Windows NT 10.0; Win64; x64) AppleWebKit/537.36 (KHTML, like Gecko) Chrome/56.0.2924.87 Safari/537.36"
212.108.43.59 - - [16/Feb/2017:09:38:37 +0100] "GET /entry.php?id=11618&&object=&item=10287617&emu_class= HTTP/1.1" 200 1707 "http://ed.activities.at/entry.php?id=11677" "Mozilla/5.0 (Windows NT 10.0; Win64; x64) AppleWebKit/537.36 (KHTML, like Gecko) Chrome/56.0.2924.87 Safari/537.36"
212.108.43.59 - - [16/Feb/2017:09:38:38 +0100] "GET /gui/javascript/form_form.js?1487234318 HTTP/1.1" 200 16206 "http://ed.activities.at/entry.php?id=11618&&object=&item=10287617&emu_class=" "Mozilla/5.0 (Windows NT 10.0; Win64; x64) AppleWebKit/537.36 (KHTML, like Gecko) Chrome/56.0.2924.87 Safari/537.36"
212.108.43.59 - - [16/Feb/2017:09:38:39 +0100] "POST /entry.php?id=11677 HTTP/1.1" 200 5152 "http://ed.activities.at/entry.php?id=11677" "Mozilla/5.0 (Windows NT 10.0; Win64; x64) AppleWebKit/537.36 (KHTML, like Gecko) Chrome/56.0.2924.87 Safari/537.36"
212.108.43.59 - - [16/Feb/2017:09:38:40 +0100] "GET /gui/javascript/form_form.js?1487234320 HTTP/1.1" 200 16206 "http://ed.activities.at/entry.php?id=11677" "Mozilla/5.0 (Windows NT 10.0; Win64; x64) AppleWebKit/537.36 (KHTML, like Gecko) Chrome/56.0.2924.87 Safari/537.36"
90.152.128.107 - - [16/Feb/2017:09:38:43 +0100] "GET /gui/javascript/form_form.js?1487234315 HTTP/1.1" 200 16206 "http://ed.activities.at/entry.php?id=10271&&ser=234241" "Mozilla/5.0 (Windows NT 10.0; WOW64) AppleWebKit/537.36 (KHTML, like Gecko) Chrome/56.0.2924.87 Safari/537.36"
212.108.43.59 - - [16/Feb/2017:09:38:46 +0100] "GET /entry.php?id=10271&&ser=234265 HTTP/1.1" 200 987 "http://ed.activities.at/entry.php?id=10271&&ser=234205" "Mozilla/5.0 (Windows NT 10.0; Win64; x64) AppleWebKit/537.36 (KHTML, like Gecko) Chrome/56.0.2924.87 Safari/537.36"
212.108.43.59 - - [16/Feb/2017:09:38:46 +0100] "GET /gui/javascript/form_form.js?1487234326 HTTP/1.1" 200 16206 "http://ed.activities.at/entry.php?id=10271&&ser=234265" "Mozilla/5.0 (Windows NT 10.0; Win64; x64) AppleWebKit/537.36 (KHTML, like Gecko) Chrome/56.0.2924.87 Safari/537.36"
212.108.43.59 - - [16/Feb/2017:09:39:03 +0100] "GET /entry.php?id=10271&&ser=234283 HTTP/1.1" 200 986 "http://ed.activities.at/entry.php?id=10271&&ser=234223" "Mozilla/5.0 (Windows NT 10.0; Win64; x64) AppleWebKit/537.36 (KHTML, like Gecko) Chrome/56.0.2924.87 Safari/537.36"
212.108.43.59 - - [16/Feb/2017:09:39:04 +0100] "GET /gui/javascript/form_form.js?1487234343 HTTP/1.1" 200 16206 "http://ed.activities.at/entry.php?id=10271&&ser=234283" "Mozilla/5.0 (Windows NT 10.0; Win64; x64) AppleWebKit/537.36 (KHTML, like Gecko) Chrome/56.0.2924.87 Safari/537.36"
212.108.43.59 - - [16/Feb/2017:09:39:37 +0100] "POST /entry.php?id=11677 HTTP/1.1" 200 5158 "http://ed.activities.at/entry.php?id=11677" "Mozilla/5.0 (Windows NT 10.0; Win64; x64) AppleWebKit/537.36 (KHTML, like Gecko) Chrome/56.0.2924.87 Safari/537.36"
212.108.43.59 - - [16/Feb/2017:09:39:38 +0100] "GET /gui/javascript/form_form.js?1487234378 HTTP/1.1" 200 16206 "http://ed.activities.at/entry.php?id=11677" "Mozilla/5.0 (Windows NT 10.0; Win64; x64) AppleWebKit/537.36 (KHTML, like Gecko) Chrome/56.0.2924.87 Safari/537.36"
212.108.43.59 - - [16/Feb/2017:09:39:46 +0100] "GET /entry.php?id=10271&&ser=234326 HTTP/1.1" 200 987 "http://ed.activities.at/entry.php?id=10271&&ser=234265" "Mozilla/5.0 (Windows NT 10.0; Win64; x64) AppleWebKit/537.36 (KHTML, like Gecko) Chrome/56.0.2924.87 Safari/537.36"
212.108.43.59 - - [16/Feb/2017:09:39:46 +0100] "GET /gui/javascript/form_form.js?1487234386 HTTP/1.1" 200 16206 "http://ed.activities.at/entry.php?id=10271&&ser=234326" "Mozilla/5.0 (Windows NT 10.0; Win64; x64) AppleWebKit/537.36 (KHTML, like Gecko) Chrome/56.0.2924.87 Safari/537.36"
90.152.128.107 - - [16/Feb/2017:09:39:53 +0100] "GET /entry.php?id=10271&&ser=234315 HTTP/1.1" 200 989 "http://ed.activities.at/entry.php?id=10271&&ser=234241" "Mozilla/5.0 (Windows NT 10.0; WOW64) AppleWebKit/537.36 (KHTML, like Gecko) Chrome/56.0.2924.87 Safari/537.36"
90.152.128.107 - - [16/Feb/2017:09:39:56 +0100] "GET /gui/javascript/form_form.js?1487234393 HTTP/1.1" 200 16206 "http://ed.activities.at/entry.php?id=10271&&ser=234315" "Mozilla/5.0 (Windows NT 10.0; WOW64) AppleWebKit/537.36 (KHTML, like Gecko) Chrome/56.0.2924.87 Safari/537.36"
212.108.43.59 - - [16/Feb/2017:09:40:04 +0100] "GET /entry.php?id=10271&&ser=234343 HTTP/1.1" 200 987 "http://ed.activities.at/entry.php?id=10271&&ser=234283" "Mozilla/5.0 (Windows NT 10.0; Win64; x64) AppleWebKit/537.36 (KHTML, like Gecko) Chrome/56.0.2924.87 Safari/537.36"
212.108.43.59 - - [16/Feb/2017:09:40:04 +0100] "GET /gui/javascript/form_form.js?1487234404 HTTP/1.1" 200 16206 "http://ed.activities.at/entry.php?id=10271&&ser=234343" "Mozilla/5.0 (Windows NT 10.0; Win64; x64) AppleWebKit/537.36 (KHTML, like Gecko) Chrome/56.0.2924.87 Safari/537.36"
212.108.43.59 - - [16/Feb/2017:09:40:22 +0100] "POST /entry.php?id=11677 HTTP/1.1" 200 5152 "http://ed.activities.at/entry.php?id=11677" "Mozilla/5.0 (Windows NT 10.0; Win64; x64) AppleWebKit/537.36 (KHTML, like Gecko) Chrome/56.0.2924.87 Safari/537.36"
212.108.43.59 - - [16/Feb/2017:09:40:23 +0100] "GET /gui/javascript/form_form.js?1487234423 HTTP/1.1" 200 16206 "http://ed.activities.at/entry.php?id=11677" "Mozilla/5.0 (Windows NT 10.0; Win64; x64) AppleWebKit/537.36 (KHTML, like Gecko) Chrome/56.0.2924.87 Safari/537.36"
212.108.43.59 - - [16/Feb/2017:09:40:27 +0100] "POST /entry.php?id=11677 HTTP/1.1" 200 5159 "http://ed.activities.at/entry.php?id=11677" "Mozilla/5.0 (Windows NT 10.0; Win64; x64) AppleWebKit/537.36 (KHTML, like Gecko) Chrome/56.0.2924.87 Safari/537.36"
212.108.43.59 - - [16/Feb/2017:09:40:28 +0100] "GET /gui/javascript/form_form.js?1487234428 HTTP/1.1" 200 16206 "http://ed.activities.at/entry.php?id=11677" "Mozilla/5.0 (Windows NT 10.0; Win64; x64) AppleWebKit/537.36 (KHTML, like Gecko) Chrome/56.0.2924.87 Safari/537.36"
212.108.43.59 - - [16/Feb/2017:09:40:46 +0100] "GET /entry.php?id=10271&&ser=234386 HTTP/1.1" 200 987 "http://ed.activities.at/entry.php?id=10271&&ser=234326" "Mozilla/5.0 (Windows NT 10.0; Win64; x64) AppleWebKit/537.36 (KHTML, like Gecko) Chrome/56.0.2924.87 Safari/537.36"
212.108.43.59 - - [16/Feb/2017:09:40:47 +0100] "GET /gui/javascript/form_form.js?1487234446 HTTP/1.1" 200 16206 "http://ed.activities.at/entry.php?id=10271&&ser=234386" "Mozilla/5.0 (Windows NT 10.0; Win64; x64) AppleWebKit/537.36 (KHTML, like Gecko) Chrome/56.0.2924.87 Safari/537.36"
212.108.43.59 - - [16/Feb/2017:09:40:47 +0100] "GET /entry.php?id=11673 HTTP/1.1" 200 358 "http://ed.activities.at/entry.php?id=10270&__app__=10006038" "Mozilla/5.0 (Windows NT 10.0; Win64; x64) AppleWebKit/537.36 (KHTML, like Gecko) Chrome/56.0.2924.87 Safari/537.36"
212.108.43.59 - - [16/Feb/2017:09:40:48 +0100] "GET /entry.php?id=10676&&title=F%FChrerscheinkurse HTTP/1.1" 200 1395 "http://ed.activities.at/entry.php?id=11673" "Mozilla/5.0 (Windows NT 10.0; Win64; x64) AppleWebKit/537.36 (KHTML, like Gecko) Chrome/56.0.2924.87 Safari/537.36"
212.108.43.59 - - [16/Feb/2017:09:40:48 +0100] "GET /gui/javascript/form_form.js?1487234448 HTTP/1.1" 200 16206 "http://ed.activities.at/entry.php?id=10676&&title=F%FChrerscheinkurse" "Mozilla/5.0 (Windows NT 10.0; Win64; x64) AppleWebKit/537.36 (KHTML, like Gecko) Chrome/56.0.2924.87 Safari/537.36"
212.108.43.59 - - [16/Feb/2017:09:40:48 +0100] "GET /entry.php?id=11694& HTTP/1.1" 200 2496 "http://ed.activities.at/entry.php?id=11673" "Mozilla/5.0 (Windows NT 10.0; Win64; x64) AppleWebKit/537.36 (KHTML, like Gecko) Chrome/56.0.2924.87 Safari/537.36"
212.108.43.59 - - [16/Feb/2017:09:40:48 +0100] "GET /activities/framework/KoolControls/KoolAjax/koolajax.php?8436e354c842500aba3cbaf0584c0c24 HTTP/1.1" 200 4079 "http://ed.activities.at/entry.php?id=11694&" "Mozilla/5.0 (Windows NT 10.0; Win64; x64) AppleWebKit/537.36 (KHTML, like Gecko) Chrome/56.0.2924.87 Safari/537.36"
212.108.43.59 - - [16/Feb/2017:09:40:48 +0100] "GET /activities/framework/KoolControls/KoolTreeView/icons/square_blueS.gif HTTP/1.1" 200 540 "http://ed.activities.at/entry.php?id=11694&" "Mozilla/5.0 (Windows NT 10.0; Win64; x64) AppleWebKit/537.36 (KHTML, like Gecko) Chrome/56.0.2924.87 Safari/537.36"
212.108.43.59 - - [16/Feb/2017:09:40:48 +0100] "GET /activities/framework/KoolControls/KoolTreeView/icons/Folder.gif HTTP/1.1" 200 267 "http://ed.activities.at/entry.php?id=11694&" "Mozilla/5.0 (Windows NT 10.0; Win64; x64) AppleWebKit/537.36 (KHTML, like Gecko) Chrome/56.0.2924.87 Safari/537.36"
212.108.43.59 - - [16/Feb/2017:09:40:48 +0100] "GET /activities/framework/KoolControls/KoolTreeView/kooltreeview.php?c7cd9180e88ffef8e70f13526bb4f5f7 HTTP/1.1" 200 5055 "http://ed.activities.at/entry.php?id=11694&" "Mozilla/5.0 (Windows NT 10.0; Win64; x64) AppleWebKit/537.36 (KHTML, like Gecko) Chrome/56.0.2924.87 Safari/537.36"
212.108.43.59 - - [16/Feb/2017:09:40:48 +0100] "GET /entry.php?id=11672& HTTP/1.1" 200 2692 "http://ed.activities.at/entry.php?id=11673" "Mozilla/5.0 (Windows NT 10.0; Win64; x64) AppleWebKit/537.36 (KHTML, like Gecko) Chrome/56.0.2924.87 Safari/537.36"
212.108.43.59 - - [16/Feb/2017:09:40:48 +0100] "GET /entry.php?id=11671& HTTP/1.1" 200 4510 "http://ed.activities.at/entry.php?id=11673" "Mozilla/5.0 (Windows NT 10.0; Win64; x64) AppleWebKit/537.36 (KHTML, like Gecko) Chrome/56.0.2924.87 Safari/537.36"
212.108.43.59 - - [16/Feb/2017:09:40:49 +0100] "GET /gui/javascript/form_form.js?1487234449 HTTP/1.1" 200 16206 "http://ed.activities.at/entry.php?id=11671&" "Mozilla/5.0 (Windows NT 10.0; Win64; x64) AppleWebKit/537.36 (KHTML, like Gecko) Chrome/56.0.2924.87 Safari/537.36"
212.108.43.59 - - [16/Feb/2017:09:40:48 +0100] "GET /entry.php?id=10776&form=11497&name=list& HTTP/1.1" 200 1940 "http://ed.activities.at/entry.php?id=11672&" "Mozilla/5.0 (Windows NT 10.0; Win64; x64) AppleWebKit/537.36 (KHTML, like Gecko) Chrome/56.0.2924.87 Safari/537.36"
212.108.43.59 - - [16/Feb/2017:09:40:48 +0100] "GET /entry.php?id=10778&form=11497&name=list& HTTP/1.1" 200 2836 "http://ed.activities.at/entry.php?id=11672&" "Mozilla/5.0 (Windows NT 10.0; Win64; x64) AppleWebKit/537.36 (KHTML, like Gecko) Chrome/56.0.2924.87 Safari/537.36"
212.108.43.59 - - [16/Feb/2017:09:40:49 +0100] "GET /entry.php?id=10778&form=11496&name=list& HTTP/1.1" 200 2493 "http://ed.activities.at/entry.php?id=11671&" "Mozilla/5.0 (Windows NT 10.0; Win64; x64) AppleWebKit/537.36 (KHTML, like Gecko) Chrome/56.0.2924.87 Safari/537.36"
212.108.43.59 - - [16/Feb/2017:09:40:49 +0100] "GET /entry.php?id=10776&form=11496&name=list& HTTP/1.1" 200 1526 "http://ed.activities.at/entry.php?id=11671&" "Mozilla/5.0 (Windows NT 10.0; Win64; x64) AppleWebKit/537.36 (KHTML, like Gecko) Chrome/56.0.2924.87 Safari/537.36"
212.108.43.59 - - [16/Feb/2017:09:40:50 +0100] "GET /gui/images/icons/website.gif HTTP/1.1" 200 1049 "http://ed.activities.at/entry.php?id=10776&form=11496&name=list&" "Mozilla/5.0 (Windows NT 10.0; Win64; x64) AppleWebKit/537.36 (KHTML, like Gecko) Chrome/56.0.2924.87 Safari/537.36"
212.108.43.59 - - [16/Feb/2017:09:40:59 +0100] "POST /entry.php?id=11671 HTTP/1.1" 200 4867 "http://ed.activities.at/entry.php?id=11671&" "Mozilla/5.0 (Windows NT 10.0; Win64; x64) AppleWebKit/537.36 (KHTML, like Gecko) Chrome/56.0.2924.87 Safari/537.36"
212.108.43.59 - - [16/Feb/2017:09:41:00 +0100] "GET /gui/javascript/form_form.js?1487234460 HTTP/1.1" 200 16206 "http://ed.activities.at/entry.php?id=11671" "Mozilla/5.0 (Windows NT 10.0; Win64; x64) AppleWebKit/537.36 (KHTML, like Gecko) Chrome/56.0.2924.87 Safari/537.36"
212.108.43.59 - - [16/Feb/2017:09:41:00 +0100] "GET /entry.php?id=10776&form=11496&name=list& HTTP/1.1" 200 1519 "http://ed.activities.at/entry.php?id=11671" "Mozilla/5.0 (Windows NT 10.0; Win64; x64) AppleWebKit/537.36 (KHTML, like Gecko) Chrome/56.0.2924.87 Safari/537.36"
212.108.43.59 - - [16/Feb/2017:09:41:00 +0100] "GET /entry.php?id=10778&form=11496&name=list& HTTP/1.1" 200 5632 "http://ed.activities.at/entry.php?id=11671" "Mozilla/5.0 (Windows NT 10.0; Win64; x64) AppleWebKit/537.36 (KHTML, like Gecko) Chrome/56.0.2924.87 Safari/537.36"
90.152.128.107 - - [16/Feb/2017:09:41:02 +0100] "GET /entry.php?id=10271&&ser=234393 HTTP/1.1" 200 989 "http://ed.activities.at/entry.php?id=10271&&ser=234315" "Mozilla/5.0 (Windows NT 10.0; WOW64) AppleWebKit/537.36 (KHTML, like Gecko) Chrome/56.0.2924.87 Safari/537.36"
212.108.43.59 - - [16/Feb/2017:09:41:04 +0100] "GET /entry.php?id=10271&&ser=234404 HTTP/1.1" 200 987 "http://ed.activities.at/entry.php?id=10271&&ser=234343" "Mozilla/5.0 (Windows NT 10.0; Win64; x64) AppleWebKit/537.36 (KHTML, like Gecko) Chrome/56.0.2924.87 Safari/537.36"
212.108.43.59 - - [16/Feb/2017:09:41:04 +0100] "GET /gui/javascript/form_form.js?1487234464 HTTP/1.1" 200 16206 "http://ed.activities.at/entry.php?id=10271&&ser=234404" "Mozilla/5.0 (Windows NT 10.0; Win64; x64) AppleWebKit/537.36 (KHTML, like Gecko) Chrome/56.0.2924.87 Safari/537.36"
90.152.128.107 - - [16/Feb/2017:09:41:06 +0100] "GET /gui/javascript/form_form.js?1487234462 HTTP/1.1" 200 16206 "http://ed.activities.at/entry.php?id=10271&&ser=234393" "Mozilla/5.0 (Windows NT 10.0; WOW64) AppleWebKit/537.36 (KHTML, like Gecko) Chrome/56.0.2924.87 Safari/537.36"
212.108.43.59 - - [16/Feb/2017:09:41:38 +0100] "GET /entry.php?id=11679 HTTP/1.1" 200 312 "http://ed.activities.at/entry.php?id=10270&__app__=10006038" "Mozilla/5.0 (Windows NT 10.0; Win64; x64) AppleWebKit/537.36 (KHTML, like Gecko) Chrome/56.0.2924.87 Safari/537.36"
212.108.43.59 - - [16/Feb/2017:09:41:38 +0100] "GET /entry.php?id=11678& HTTP/1.1" 200 12673 "http://ed.activities.at/entry.php?id=11679" "Mozilla/5.0 (Windows NT 10.0; Win64; x64) AppleWebKit/537.36 (KHTML, like Gecko) Chrome/56.0.2924.87 Safari/537.36"
212.108.43.59 - - [16/Feb/2017:09:41:39 +0100] "GET /activities/framework/KoolControls/KoolAjax/koolajax.php?8436e354c842500aba3cbaf0584c0c24 HTTP/1.1" 200 4079 "http://ed.activities.at/entry.php?id=11678&" "Mozilla/5.0 (Windows NT 10.0; Win64; x64) AppleWebKit/537.36 (KHTML, like Gecko) Chrome/56.0.2924.87 Safari/537.36"
212.108.43.59 - - [16/Feb/2017:09:41:39 +0100] "GET /gui/javascript/form_form.js?1487234498 HTTP/1.1" 200 16206 "http://ed.activities.at/entry.php?id=11678&" "Mozilla/5.0 (Windows NT 10.0; Win64; x64) AppleWebKit/537.36 (KHTML, like Gecko) Chrome/56.0.2924.87 Safari/537.36"
212.108.43.59 - - [16/Feb/2017:09:41:38 +0100] "GET /entry.php?id=10676&title=Portal& HTTP/1.1" 200 1386 "http://ed.activities.at/entry.php?id=11679" "Mozilla/5.0 (Windows NT 10.0; Win64; x64) AppleWebKit/537.36 (KHTML, like Gecko) Chrome/56.0.2924.87 Safari/537.36"
212.108.43.59 - - [16/Feb/2017:09:41:39 +0100] "GET /activities/framework/KoolControls/KoolTreeView/kooltreeview.php?c7cd9180e88ffef8e70f13526bb4f5f7 HTTP/1.1" 200 5055 "http://ed.activities.at/entry.php?id=11678&" "Mozilla/5.0 (Windows NT 10.0; Win64; x64) AppleWebKit/537.36 (KHTML, like Gecko) Chrome/56.0.2924.87 Safari/537.36"
212.108.43.59 - - [16/Feb/2017:09:41:39 +0100] "GET /gui/javascript/form_form.js?1487234499 HTTP/1.1" 200 16206 "http://ed.activities.at/entry.php?id=10676&title=Portal&" "Mozilla/5.0 (Windows NT 10.0; Win64; x64) AppleWebKit/537.36 (KHTML, like Gecko) Chrome/56.0.2924.87 Safari/537.36"
212.108.43.59 - - [16/Feb/2017:09:41:38 +0100] "GET /entry.php?id=11677& HTTP/1.1" 200 4454 "http://ed.activities.at/entry.php?id=11679" "Mozilla/5.0 (Windows NT 10.0; Win64; x64) AppleWebKit/537.36 (KHTML, like Gecko) Chrome/56.0.2924.87 Safari/537.36"
212.108.43.59 - - [16/Feb/2017:09:41:40 +0100] "GET /entry.php?id=11618&&object=&item=&emu_class= HTTP/1.1" 200 1697 "http://ed.activities.at/entry.php?id=11677&" "Mozilla/5.0 (Windows NT 10.0; Win64; x64) AppleWebKit/537.36 (KHTML, like Gecko) Chrome/56.0.2924.87 Safari/537.36"
212.108.43.59 - - [16/Feb/2017:09:41:40 +0100] "GET /gui/javascript/form_form.js?1487234500 HTTP/1.1" 200 16206 "http://ed.activities.at/entry.php?id=11618&&object=&item=&emu_class=" "Mozilla/5.0 (Windows NT 10.0; Win64; x64) AppleWebKit/537.36 (KHTML, like Gecko) Chrome/56.0.2924.87 Safari/537.36"
212.108.43.59 - - [16/Feb/2017:09:41:41 +0100] "POST /entry.php?id=11677 HTTP/1.1" 200 5299 "http://ed.activities.at/entry.php?id=11677&" "Mozilla/5.0 (Windows NT 10.0; Win64; x64) AppleWebKit/537.36 (KHTML, like Gecko) Chrome/56.0.2924.87 Safari/537.36"
212.108.43.59 - - [16/Feb/2017:09:41:42 +0100] "GET /gui/javascript/form_form.js?1487234502 HTTP/1.1" 200 16206 "http://ed.activities.at/entry.php?id=11677" "Mozilla/5.0 (Windows NT 10.0; Win64; x64) AppleWebKit/537.36 (KHTML, like Gecko) Chrome/56.0.2924.87 Safari/537.36"
212.108.43.59 - - [16/Feb/2017:09:41:46 +0100] "POST /entry.php?id=11677 HTTP/1.1" 200 5160 "http://ed.activities.at/entry.php?id=11677" "Mozilla/5.0 (Windows NT 10.0; Win64; x64) AppleWebKit/537.36 (KHTML, like Gecko) Chrome/56.0.2924.87 Safari/537.36"
212.108.43.59 - - [16/Feb/2017:09:41:47 +0100] "GET /gui/javascript/form_form.js?1487234507 HTTP/1.1" 200 16206 "http://ed.activities.at/entry.php?id=11677" "Mozilla/5.0 (Windows NT 10.0; Win64; x64) AppleWebKit/537.36 (KHTML, like Gecko) Chrome/56.0.2924.87 Safari/537.36"
212.108.43.59 - - [16/Feb/2017:09:41:47 +0100] "GET /entry.php?id=10271&&ser=234446 HTTP/1.1" 200 987 "http://ed.activities.at/entry.php?id=10271&&ser=234386" "Mozilla/5.0 (Windows NT 10.0; Win64; x64) AppleWebKit/537.36 (KHTML, like Gecko) Chrome/56.0.2924.87 Safari/537.36"
212.108.43.59 - - [16/Feb/2017:09:41:47 +0100] "GET /entry.php?id=11618&&object=&item=10287617&emu_class= HTTP/1.1" 200 1708 "http://ed.activities.at/entry.php?id=11677" "Mozilla/5.0 (Windows NT 10.0; Win64; x64) AppleWebKit/537.36 (KHTML, like Gecko) Chrome/56.0.2924.87 Safari/537.36"
212.108.43.59 - - [16/Feb/2017:09:41:48 +0100] "GET /gui/javascript/jquery/css/gui-themes/images/ui-icons_72a7cf_256x240_ev.png HTTP/1.1" 200 6036 "http://ed.activities.at/gui/javascript/jquery/css/gui-themes/custom.min.css" "Mozilla/5.0 (Windows NT 10.0; Win64; x64) AppleWebKit/537.36 (KHTML, like Gecko) Chrome/56.0.2924.87 Safari/537.36"
212.108.43.59 - - [16/Feb/2017:09:41:48 +0100] "GET /entry.php?id=11681&chooserview=addnewmenueitem&hidetitle=true HTTP/1.1" 200 340 "http://ed.activities.at/entry.php?id=11412" "Mozilla/5.0 (Windows NT 10.0; Win64; x64) AppleWebKit/537.36 (KHTML, like Gecko) Chrome/56.0.2924.87 Safari/537.36"
212.108.43.59 - - [16/Feb/2017:09:41:49 +0100] "GET /entry.php?id=11683&chooserview=addnewmenueitem&object=& HTTP/1.1" 200 2953 "http://ed.activities.at/entry.php?id=11681&chooserview=addnewmenueitem&hidetitle=true" "Mozilla/5.0 (Windows NT 10.0; Win64; x64) AppleWebKit/537.36 (KHTML, like Gecko) Chrome/56.0.2924.87 Safari/537.36"
212.108.43.59 - - [16/Feb/2017:09:41:49 +0100] "GET /gui/javascript/form_form.js?1487234509 HTTP/1.1" 200 16206 "http://ed.activities.at/entry.php?id=11683&chooserview=addnewmenueitem&object=&" "Mozilla/5.0 (Windows NT 10.0; Win64; x64) AppleWebKit/537.36 (KHTML, like Gecko) Chrome/56.0.2924.87 Safari/537.36"
212.108.43.59 - - [16/Feb/2017:09:41:49 +0100] "GET /entry.php?id=11684&chooserview=addnewmenueitem&object=& HTTP/1.1" 200 3831 "http://ed.activities.at/entry.php?id=11681&chooserview=addnewmenueitem&hidetitle=true" "Mozilla/5.0 (Windows NT 10.0; Win64; x64) AppleWebKit/537.36 (KHTML, like Gecko) Chrome/56.0.2924.87 Safari/537.36"
212.108.43.59 - - [16/Feb/2017:09:41:49 +0100] "GET /entry.php?id=10776&form=11508&name=list& HTTP/1.1" 200 1808 "http://ed.activities.at/entry.php?id=11683&chooserview=addnewmenueitem&object=&" "Mozilla/5.0 (Windows NT 10.0; Win64; x64) AppleWebKit/537.36 (KHTML, like Gecko) Chrome/56.0.2924.87 Safari/537.36"
212.108.43.59 - - [16/Feb/2017:09:41:49 +0100] "GET /entry.php?id=10778&form=11508&name=list& HTTP/1.1" 200 3886 "http://ed.activities.at/entry.php?id=11683&chooserview=addnewmenueitem&object=&" "Mozilla/5.0 (Windows NT 10.0; Win64; x64) AppleWebKit/537.36 (KHTML, like Gecko) Chrome/56.0.2924.87 Safari/537.36"
212.108.43.59 - - [16/Feb/2017:09:42:03 +0100] "POST /entry.php?id=11684 HTTP/1.1" 200 4298 "http://ed.activities.at/entry.php?id=11684&chooserview=addnewmenueitem&object=&" "Mozilla/5.0 (Windows NT 10.0; Win64; x64) AppleWebKit/537.36 (KHTML, like Gecko) Chrome/56.0.2924.87 Safari/537.36"
212.108.43.59 - - [16/Feb/2017:09:42:04 +0100] "GET /gui/javascript/form_form.js?1487234524 HTTP/1.1" 200 16206 "http://ed.activities.at/entry.php?id=11684" "Mozilla/5.0 (Windows NT 10.0; Win64; x64) AppleWebKit/537.36 (KHTML, like Gecko) Chrome/56.0.2924.87 Safari/537.36"
212.108.43.59 - - [16/Feb/2017:09:42:05 +0100] "GET /entry.php?id=10271&&ser=234464 HTTP/1.1" 200 987 "http://ed.activities.at/entry.php?id=10271&&ser=234404" "Mozilla/5.0 (Windows NT 10.0; Win64; x64) AppleWebKit/537.36 (KHTML, like Gecko) Chrome/56.0.2924.87 Safari/537.36"
212.108.43.59 - - [16/Feb/2017:09:42:05 +0100] "GET /gui/javascript/form_form.js?1487234525 HTTP/1.1" 200 16206 "http://ed.activities.at/entry.php?id=10271&&ser=234464" "Mozilla/5.0 (Windows NT 10.0; Win64; x64) AppleWebKit/537.36 (KHTML, like Gecko) Chrome/56.0.2924.87 Safari/537.36"
90.152.128.107 - - [16/Feb/2017:09:42:08 +0100] "GET /entry.php?id=10271&&ser=234462 HTTP/1.1" 200 990 "http://ed.activities.at/entry.php?id=10271&&ser=234393" "Mozilla/5.0 (Windows NT 10.0; WOW64) AppleWebKit/537.36 (KHTML, like Gecko) Chrome/56.0.2924.87 Safari/537.36"
90.152.128.107 - - [16/Feb/2017:09:42:11 +0100] "GET /gui/javascript/form_form.js?1487234528 HTTP/1.1" 200 16206 "http://ed.activities.at/entry.php?id=10271&&ser=234462" "Mozilla/5.0 (Windows NT 10.0; WOW64) AppleWebKit/537.36 (KHTML, like Gecko) Chrome/56.0.2924.87 Safari/537.36"
212.108.43.59 - - [16/Feb/2017:09:42:10 +0100] "POST /entry.php?id=11684 HTTP/1.1" 200 3074 "http://ed.activities.at/entry.php?id=11684" "Mozilla/5.0 (Windows NT 10.0; Win64; x64) AppleWebKit/537.36 (KHTML, like Gecko) Chrome/56.0.2924.87 Safari/537.36"
212.108.43.59 - - [16/Feb/2017:09:42:12 +0100] "GET /gui/javascript/form_form.js?1487234531 HTTP/1.1" 200 16206 "http://ed.activities.at/entry.php?id=11684" "Mozilla/5.0 (Windows NT 10.0; Win64; x64) AppleWebKit/537.36 (KHTML, like Gecko) Chrome/56.0.2924.87 Safari/537.36"
212.108.43.59 - - [16/Feb/2017:09:42:12 +0100] "GET /framework/webfx/javascript/tinymce/skins/lightgray/content.min.css HTTP/1.1" 404 327 "http://ed.activities.at/entry.php?id=11684" "Mozilla/5.0 (Windows NT 10.0; Win64; x64) AppleWebKit/537.36 (KHTML, like Gecko) Chrome/56.0.2924.87 Safari/537.36"
212.108.43.59 - - [16/Feb/2017:09:42:12 +0100] "GET /framework/webfx/javascript/tinymce/skins/lightgray/fonts/tinymce-small.woff HTTP/1.1" 200 7848 "http://ed.activities.at/framework/webfx/javascript/tinymce/skins/lightgray/skin.min.css" "Mozilla/5.0 (Windows NT 10.0; Win64; x64) AppleWebKit/537.36 (KHTML, like Gecko) Chrome/56.0.2924.87 Safari/537.36"
212.108.43.59 - - [16/Feb/2017:09:42:19 +0100] "POST /entry.php?id=11684 HTTP/1.1" 200 3524 "http://ed.activities.at/entry.php?id=11684" "Mozilla/5.0 (Windows NT 10.0; Win64; x64) AppleWebKit/537.36 (KHTML, like Gecko) Chrome/56.0.2924.87 Safari/537.36"
212.108.43.59 - - [16/Feb/2017:09:42:20 +0100] "GET /gui/javascript/form_form.js?1487234540 HTTP/1.1" 200 16206 "http://ed.activities.at/entry.php?id=11684" "Mozilla/5.0 (Windows NT 10.0; Win64; x64) AppleWebKit/537.36 (KHTML, like Gecko) Chrome/56.0.2924.87 Safari/537.36"
212.108.43.59 - - [16/Feb/2017:09:42:20 +0100] "GET /framework/webfx/javascript/tinymce/skins/lightgray/content.min.css HTTP/1.1" 404 327 "http://ed.activities.at/entry.php?id=11684" "Mozilla/5.0 (Windows NT 10.0; Win64; x64) AppleWebKit/537.36 (KHTML, like Gecko) Chrome/56.0.2924.87 Safari/537.36"
212.108.43.59 - - [16/Feb/2017:09:42:47 +0100] "GET /entry.php?id=10271&&ser=234507 HTTP/1.1" 200 987 "http://ed.activities.at/entry.php?id=10271&&ser=234446" "Mozilla/5.0 (Windows NT 10.0; Win64; x64) AppleWebKit/537.36 (KHTML, like Gecko) Chrome/56.0.2924.87 Safari/537.36"
212.108.43.59 - - [16/Feb/2017:09:42:47 +0100] "GET /gui/javascript/form_form.js?1487234567 HTTP/1.1" 200 16206 "http://ed.activities.at/entry.php?id=10271&&ser=234507" "Mozilla/5.0 (Windows NT 10.0; Win64; x64) AppleWebKit/537.36 (KHTML, like Gecko) Chrome/56.0.2924.87 Safari/537.36"
212.108.43.59 - - [16/Feb/2017:09:43:05 +0100] "GET /entry.php?id=10271&&ser=234525 HTTP/1.1" 200 987 "http://ed.activities.at/entry.php?id=10271&&ser=234464" "Mozilla/5.0 (Windows NT 10.0; Win64; x64) AppleWebKit/537.36 (KHTML, like Gecko) Chrome/56.0.2924.87 Safari/537.36"
212.108.43.59 - - [16/Feb/2017:09:43:05 +0100] "GET /gui/javascript/form_form.js?1487234585 HTTP/1.1" 200 16206 "http://ed.activities.at/entry.php?id=10271&&ser=234525" "Mozilla/5.0 (Windows NT 10.0; Win64; x64) AppleWebKit/537.36 (KHTML, like Gecko) Chrome/56.0.2924.87 Safari/537.36"
90.152.128.107 - - [16/Feb/2017:09:43:16 +0100] "GET /entry.php?id=10271&&ser=234528 HTTP/1.1" 200 989 "http://ed.activities.at/entry.php?id=10271&&ser=234462" "Mozilla/5.0 (Windows NT 10.0; WOW64) AppleWebKit/537.36 (KHTML, like Gecko) Chrome/56.0.2924.87 Safari/537.36"
90.152.128.107 - - [16/Feb/2017:09:43:17 +0100] "GET /gui/javascript/form_form.js?1487234596 HTTP/1.1" 200 16206 "http://ed.activities.at/entry.php?id=10271&&ser=234528" "Mozilla/5.0 (Windows NT 10.0; WOW64) AppleWebKit/537.36 (KHTML, like Gecko) Chrome/56.0.2924.87 Safari/537.36"
212.108.43.59 - - [16/Feb/2017:09:43:47 +0100] "GET /entry.php?id=10271&&ser=234567 HTTP/1.1" 200 987 "http://ed.activities.at/entry.php?id=10271&&ser=234507" "Mozilla/5.0 (Windows NT 10.0; Win64; x64) AppleWebKit/537.36 (KHTML, like Gecko) Chrome/56.0.2924.87 Safari/537.36"
212.108.43.59 - - [16/Feb/2017:09:43:48 +0100] "GET /gui/javascript/form_form.js?1487234628 HTTP/1.1" 200 16206 "http://ed.activities.at/entry.php?id=10271&&ser=234567" "Mozilla/5.0 (Windows NT 10.0; Win64; x64) AppleWebKit/537.36 (KHTML, like Gecko) Chrome/56.0.2924.87 Safari/537.36"
212.108.43.59 - - [16/Feb/2017:09:44:03 +0100] "POST /entry.php?id=11684 HTTP/1.1" 200 3999 "http://ed.activities.at/entry.php?id=11684" "Mozilla/5.0 (Windows NT 10.0; Win64; x64) AppleWebKit/537.36 (KHTML, like Gecko) Chrome/56.0.2924.87 Safari/537.36"
212.108.43.59 - - [16/Feb/2017:09:44:04 +0100] "GET /gui/javascript/form_form.js?1487234644 HTTP/1.1" 200 16206 "http://ed.activities.at/entry.php?id=11684" "Mozilla/5.0 (Windows NT 10.0; Win64; x64) AppleWebKit/537.36 (KHTML, like Gecko) Chrome/56.0.2924.87 Safari/537.36"
212.108.43.59 - - [16/Feb/2017:09:44:05 +0100] "GET /entry.php?id=10271&&ser=234585 HTTP/1.1" 200 987 "http://ed.activities.at/entry.php?id=10271&&ser=234525" "Mozilla/5.0 (Windows NT 10.0; Win64; x64) AppleWebKit/537.36 (KHTML, like Gecko) Chrome/56.0.2924.87 Safari/537.36"
212.108.43.59 - - [16/Feb/2017:09:44:06 +0100] "GET /gui/javascript/form_form.js?1487234645 HTTP/1.1" 200 16206 "http://ed.activities.at/entry.php?id=10271&&ser=234585" "Mozilla/5.0 (Windows NT 10.0; Win64; x64) AppleWebKit/537.36 (KHTML, like Gecko) Chrome/56.0.2924.87 Safari/537.36"
212.108.43.59 - - [16/Feb/2017:09:44:15 +0100] "POST /entry.php?id=11684 HTTP/1.1" 200 4256 "http://ed.activities.at/entry.php?id=11684" "Mozilla/5.0 (Windows NT 10.0; Win64; x64) AppleWebKit/537.36 (KHTML, like Gecko) Chrome/56.0.2924.87 Safari/537.36"
212.108.43.59 - - [16/Feb/2017:09:44:16 +0100] "GET /gui/javascript/form_form.js?1487234656 HTTP/1.1" 200 16206 "http://ed.activities.at/entry.php?id=11684" "Mozilla/5.0 (Windows NT 10.0; Win64; x64) AppleWebKit/537.36 (KHTML, like Gecko) Chrome/56.0.2924.87 Safari/537.36"
212.108.43.59 - - [16/Feb/2017:09:44:22 +0100] "POST /entry.php?id=11677 HTTP/1.1" 200 5285 "http://ed.activities.at/entry.php?id=11677" "Mozilla/5.0 (Windows NT 10.0; Win64; x64) AppleWebKit/537.36 (KHTML, like Gecko) Chrome/56.0.2924.87 Safari/537.36"
212.108.43.59 - - [16/Feb/2017:09:44:23 +0100] "GET /gui/javascript/form_form.js?1487234663 HTTP/1.1" 200 16206 "http://ed.activities.at/entry.php?id=11677" "Mozilla/5.0 (Windows NT 10.0; Win64; x64) AppleWebKit/537.36 (KHTML, like Gecko) Chrome/56.0.2924.87 Safari/537.36"
90.152.128.107 - - [16/Feb/2017:09:44:23 +0100] "GET /entry.php?id=10271&&ser=234596 HTTP/1.1" 200 989 "http://ed.activities.at/entry.php?id=10271&&ser=234528" "Mozilla/5.0 (Windows NT 10.0; WOW64) AppleWebKit/537.36 (KHTML, like Gecko) Chrome/56.0.2924.87 Safari/537.36"
90.152.128.107 - - [16/Feb/2017:09:44:25 +0100] "GET /gui/javascript/form_form.js?1487234663 HTTP/1.1" 200 16206 "http://ed.activities.at/entry.php?id=10271&&ser=234596" "Mozilla/5.0 (Windows NT 10.0; WOW64) AppleWebKit/537.36 (KHTML, like Gecko) Chrome/56.0.2924.87 Safari/537.36"
212.108.43.59 - - [16/Feb/2017:09:44:29 +0100] "POST /entry.php?id=11678 HTTP/1.1" 200 12744 "http://ed.activities.at/entry.php?id=11678&" "Mozilla/5.0 (Windows NT 10.0; Win64; x64) AppleWebKit/537.36 (KHTML, like Gecko) Chrome/56.0.2924.87 Safari/537.36"
212.108.43.59 - - [16/Feb/2017:09:44:30 +0100] "GET /activities/framework/KoolControls/KoolAjax/koolajax.php?8436e354c842500aba3cbaf0584c0c24 HTTP/1.1" 200 4079 "http://ed.activities.at/entry.php?id=11678" "Mozilla/5.0 (Windows NT 10.0; Win64; x64) AppleWebKit/537.36 (KHTML, like Gecko) Chrome/56.0.2924.87 Safari/537.36"
212.108.43.59 - - [16/Feb/2017:09:44:30 +0100] "GET /gui/javascript/form_form.js?1487234670 HTTP/1.1" 200 16206 "http://ed.activities.at/entry.php?id=11678" "Mozilla/5.0 (Windows NT 10.0; Win64; x64) AppleWebKit/537.36 (KHTML, like Gecko) Chrome/56.0.2924.87 Safari/537.36"
212.108.43.59 - - [16/Feb/2017:09:44:30 +0100] "GET /activities/framework/KoolControls/KoolTreeView/kooltreeview.php?c7cd9180e88ffef8e70f13526bb4f5f7 HTTP/1.1" 200 5055 "http://ed.activities.at/entry.php?id=11678" "Mozilla/5.0 (Windows NT 10.0; Win64; x64) AppleWebKit/537.36 (KHTML, like Gecko) Chrome/56.0.2924.87 Safari/537.36"
212.108.43.59 - - [16/Feb/2017:09:44:31 +0100] "POST /entry.php?id=11677 HTTP/1.1" 200 5199 "http://ed.activities.at/entry.php?id=11677" "Mozilla/5.0 (Windows NT 10.0; Win64; x64) AppleWebKit/537.36 (KHTML, like Gecko) Chrome/56.0.2924.87 Safari/537.36"
212.108.43.59 - - [16/Feb/2017:09:44:32 +0100] "GET /gui/javascript/form_form.js?1487234672 HTTP/1.1" 200 16206 "http://ed.activities.at/entry.php?id=11677" "Mozilla/5.0 (Windows NT 10.0; Win64; x64) AppleWebKit/537.36 (KHTML, like Gecko) Chrome/56.0.2924.87 Safari/537.36"
212.108.43.59 - - [16/Feb/2017:09:44:41 +0100] "POST /entry.php?id=11677 HTTP/1.1" 200 5096 "http://ed.activities.at/entry.php?id=11677" "Mozilla/5.0 (Windows NT 10.0; Win64; x64) AppleWebKit/537.36 (KHTML, like Gecko) Chrome/56.0.2924.87 Safari/537.36"
212.108.43.59 - - [16/Feb/2017:09:44:42 +0100] "GET /gui/javascript/form_form.js?1487234682 HTTP/1.1" 200 16206 "http://ed.activities.at/entry.php?id=11677" "Mozilla/5.0 (Windows NT 10.0; Win64; x64) AppleWebKit/537.36 (KHTML, like Gecko) Chrome/56.0.2924.87 Safari/537.36"
212.108.43.59 - - [16/Feb/2017:09:44:42 +0100] "GET /entry.php?id=11618&&object=&item=10287619&emu_class= HTTP/1.1" 200 1708 "http://ed.activities.at/entry.php?id=11677" "Mozilla/5.0 (Windows NT 10.0; Win64; x64) AppleWebKit/537.36 (KHTML, like Gecko) Chrome/56.0.2924.87 Safari/537.36"
212.108.43.59 - - [16/Feb/2017:09:44:43 +0100] "GET /gui/javascript/form_form.js?1487234683 HTTP/1.1" 200 16206 "http://ed.activities.at/entry.php?id=11618&&object=&item=10287619&emu_class=" "Mozilla/5.0 (Windows NT 10.0; Win64; x64) AppleWebKit/537.36 (KHTML, like Gecko) Chrome/56.0.2924.87 Safari/537.36"
212.108.43.59 - - [16/Feb/2017:09:44:47 +0100] "POST /entry.php?id=11677 HTTP/1.1" 200 5178 "http://ed.activities.at/entry.php?id=11677" "Mozilla/5.0 (Windows NT 10.0; Win64; x64) AppleWebKit/537.36 (KHTML, like Gecko) Chrome/56.0.2924.87 Safari/537.36"
212.108.43.59 - - [16/Feb/2017:09:44:48 +0100] "GET /gui/javascript/form_form.js?1487234688 HTTP/1.1" 200 16206 "http://ed.activities.at/entry.php?id=11677" "Mozilla/5.0 (Windows NT 10.0; Win64; x64) AppleWebKit/537.36 (KHTML, like Gecko) Chrome/56.0.2924.87 Safari/537.36"
212.108.43.59 - - [16/Feb/2017:09:44:48 +0100] "GET /entry.php?id=10271&&ser=234628 HTTP/1.1" 200 987 "http://ed.activities.at/entry.php?id=10271&&ser=234567" "Mozilla/5.0 (Windows NT 10.0; Win64; x64) AppleWebKit/537.36 (KHTML, like Gecko) Chrome/56.0.2924.87 Safari/537.36"
212.108.43.59 - - [16/Feb/2017:09:44:48 +0100] "GET /entry.php?id=11618&&object=&item=10287619&emu_class= HTTP/1.1" 200 1707 "http://ed.activities.at/entry.php?id=11677" "Mozilla/5.0 (Windows NT 10.0; Win64; x64) AppleWebKit/537.36 (KHTML, like Gecko) Chrome/56.0.2924.87 Safari/537.36"
212.108.43.59 - - [16/Feb/2017:09:44:51 +0100] "GET /entry.php?id=10877&mode=loadTemplateselect&obj=10201431&class=&tag=emuc_cdscontentheader_article&reftag=&ser=1487234693224 HTTP/1.1" 200 92 "http://ed.activities.at/entry.php?id=11677" "Mozilla/5.0 (Windows NT 10.0; Win64; x64) AppleWebKit/537.36 (KHTML, like Gecko) Chrome/56.0.2924.87 Safari/537.36"
212.108.43.59 - - [16/Feb/2017:09:44:52 +0100] "GET /entry.php?id=11681&chooserview=addnewmenueitem&hidetitle=true HTTP/1.1" 200 340 "http://ed.activities.at/entry.php?id=11412" "Mozilla/5.0 (Windows NT 10.0; Win64; x64) AppleWebKit/537.36 (KHTML, like Gecko) Chrome/56.0.2924.87 Safari/537.36"
212.108.43.59 - - [16/Feb/2017:09:44:53 +0100] "GET /entry.php?id=11683&chooserview=addnewmenueitem&object=& HTTP/1.1" 200 2953 "http://ed.activities.at/entry.php?id=11681&chooserview=addnewmenueitem&hidetitle=true" "Mozilla/5.0 (Windows NT 10.0; Win64; x64) AppleWebKit/537.36 (KHTML, like Gecko) Chrome/56.0.2924.87 Safari/537.36"
212.108.43.59 - - [16/Feb/2017:09:44:53 +0100] "GET /gui/javascript/form_form.js?1487234693 HTTP/1.1" 200 16206 "http://ed.activities.at/entry.php?id=11683&chooserview=addnewmenueitem&object=&" "Mozilla/5.0 (Windows NT 10.0; Win64; x64) AppleWebKit/537.36 (KHTML, like Gecko) Chrome/56.0.2924.87 Safari/537.36"
212.108.43.59 - - [16/Feb/2017:09:44:53 +0100] "GET /entry.php?id=11684&chooserview=addnewmenueitem&object=& HTTP/1.1" 200 3832 "http://ed.activities.at/entry.php?id=11681&chooserview=addnewmenueitem&hidetitle=true" "Mozilla/5.0 (Windows NT 10.0; Win64; x64) AppleWebKit/537.36 (KHTML, like Gecko) Chrome/56.0.2924.87 Safari/537.36"
