212.108.43.59 - - [16/Feb/2017:09:44:53 +0100] "GET /entry.php?id=10778&form=11508&name=list& HTTP/1.1" 200 3976 "http://ed.activities.at/entry.php?id=11683&chooserview=addnewmenueitem&object=&" "Mozilla/5.0 (Windows NT 10.0; Win64; x64) AppleWebKit/537.36 (KHTML, like Gecko) Chrome/56.0.2924.87 Safari/537.36"
212.108.43.59 - - [16/Feb/2017:09:44:53 +0100] "GET /entry.php?id=10776&form=11508&name=list& HTTP/1.1" 200 1808 "http://ed.activities.at/entry.php?id=11683&chooserview=addnewmenueitem&object=&" "Mozilla/5.0 (Windows NT 10.0; Win64; x64) AppleWebKit/537.36 (KHTML, like Gecko) Chrome/56.0.2924.87 Safari/537.36"
212.108.43.59 - - [16/Feb/2017:09:45:06 +0100] "GET /entry.php?id=10271&&ser=234645 HTTP/1.1" 200 987 "http://ed.activities.at/entry.php?id=10271&&ser=234585" "Mozilla/5.0 (Windows NT 10.0; Win64; x64) AppleWebKit/537.36 (KHTML, like Gecko) Chrome/56.0.2924.87 Safari/537.36"
212.108.43.59 - - [16/Feb/2017:09:45:06 +0100] "GET /gui/javascript/form_form.js?1487234706 HTTP/1.1" 200 16206 "http://ed.activities.at/entry.php?id=10271&&ser=234645" "Mozilla/5.0 (Windows NT 10.0; Win64; x64) AppleWebKit/537.36 (KHTML, like Gecko) Chrome/56.0.2924.87 Safari/537.36"
212.108.43.59 - - [16/Feb/2017:09:45:24 +0100] "POST /entry.php?id=11684 HTTP/1.1" 200 4293 "http://ed.activities.at/entry.php?id=11684&chooserview=addnewmenueitem&object=&" "Mozilla/5.0 (Windows NT 10.0; Win64; x64) AppleWebKit/537.36 (KHTML, like Gecko) Chrome/56.0.2924.87 Safari/537.36"
212.108.43.59 - - [16/Feb/2017:09:45:25 +0100] "GET /gui/javascript/form_form.js?1487234725 HTTP/1.1" 200 16206 "http://ed.activities.at/entry.php?id=11684" "Mozilla/5.0 (Windows NT 10.0; Win64; x64) AppleWebKit/537.36 (KHTML, like Gecko) Chrome/56.0.2924.87 Safari/537.36"
90.152.128.107 - - [16/Feb/2017:09:45:31 +0100] "GET /entry.php?id=10271&&ser=234663 HTTP/1.1" 200 988 "http://ed.activities.at/entry.php?id=10271&&ser=234596" "Mozilla/5.0 (Windows NT 10.0; WOW64) AppleWebKit/537.36 (KHTML, like Gecko) Chrome/56.0.2924.87 Safari/537.36"
90.152.128.107 - - [16/Feb/2017:09:45:35 +0100] "GET /gui/javascript/form_form.js?1487234731 HTTP/1.1" 200 16206 "http://ed.activities.at/entry.php?id=10271&&ser=234663" "Mozilla/5.0 (Windows NT 10.0; WOW64) AppleWebKit/537.36 (KHTML, like Gecko) Chrome/56.0.2924.87 Safari/537.36"
212.108.43.59 - - [16/Feb/2017:09:45:38 +0100] "POST /entry.php?id=11684 HTTP/1.1" 200 3074 "http://ed.activities.at/entry.php?id=11684" "Mozilla/5.0 (Windows NT 10.0; Win64; x64) AppleWebKit/537.36 (KHTML, like Gecko) Chrome/56.0.2924.87 Safari/537.36"
212.108.43.59 - - [16/Feb/2017:09:45:40 +0100] "GET /gui/javascript/form_form.js?1487234740 HTTP/1.1" 200 16206 "http://ed.activities.at/entry.php?id=11684" "Mozilla/5.0 (Windows NT 10.0; Win64; x64) AppleWebKit/537.36 (KHTML, like Gecko) Chrome/56.0.2924.87 Safari/537.36"
212.108.43.59 - - [16/Feb/2017:09:45:40 +0100] "GET /framework/webfx/javascript/tinymce/skins/lightgray/content.min.css HTTP/1.1" 404 327 "http://ed.activities.at/entry.php?id=11684" "Mozilla/5.0 (Windows NT 10.0; Win64; x64) AppleWebKit/537.36 (KHTML, like Gecko) Chrome/56.0.2924.87 Safari/537.36"
212.108.43.59 - - [16/Feb/2017:09:45:48 +0100] "GET /entry.php?id=10271&&ser=234688 HTTP/1.1" 200 987 "http://ed.activities.at/entry.php?id=10271&&ser=234628" "Mozilla/5.0 (Windows NT 10.0; Win64; x64) AppleWebKit/537.36 (KHTML, like Gecko) Chrome/56.0.2924.87 Safari/537.36"
212.108.43.59 - - [16/Feb/2017:09:45:48 +0100] "GET /gui/javascript/form_form.js?1487234748 HTTP/1.1" 200 16206 "http://ed.activities.at/entry.php?id=10271&&ser=234688" "Mozilla/5.0 (Windows NT 10.0; Win64; x64) AppleWebKit/537.36 (KHTML, like Gecko) Chrome/56.0.2924.87 Safari/537.36"
212.108.43.59 - - [16/Feb/2017:09:45:55 +0100] "GET /entry.php?id=10921&chooserview=PinEditimages&view=PinEditimages HTTP/1.1" 200 447 "http://ed.activities.at/entry.php?id=11684" "Mozilla/5.0 (Windows NT 10.0; Win64; x64) AppleWebKit/537.36 (KHTML, like Gecko) Chrome/56.0.2924.87 Safari/537.36"
212.108.43.59 - - [16/Feb/2017:09:45:55 +0100] "GET /entry.php?id=10917&&but=&object=&class=&tag=&value=&chooserview=PinEditimages&function=&setlist= HTTP/1.1" 200 2105 "http://ed.activities.at/entry.php?id=10921&chooserview=PinEditimages&view=PinEditimages" "Mozilla/5.0 (Windows NT 10.0; Win64; x64) AppleWebKit/537.36 (KHTML, like Gecko) Chrome/56.0.2924.87 Safari/537.36"
212.108.43.59 - - [16/Feb/2017:09:45:55 +0100] "GET /gui/javascript/form_extlink.js HTTP/1.1" 200 945 "http://ed.activities.at/entry.php?id=10917&&but=&object=&class=&tag=&value=&chooserview=PinEditimages&function=&setlist=" "Mozilla/5.0 (Windows NT 10.0; Win64; x64) AppleWebKit/537.36 (KHTML, like Gecko) Chrome/56.0.2924.87 Safari/537.36"
212.108.43.59 - - [16/Feb/2017:09:45:55 +0100] "GET /gui/javascript/form_form.js?1487234755 HTTP/1.1" 200 16206 "http://ed.activities.at/entry.php?id=10917&&but=&object=&class=&tag=&value=&chooserview=PinEditimages&function=&setlist=" "Mozilla/5.0 (Windows NT 10.0; Win64; x64) AppleWebKit/537.36 (KHTML, like Gecko) Chrome/56.0.2924.87 Safari/537.36"
212.108.43.59 - - [16/Feb/2017:09:45:55 +0100] "GET /entry.php?id=10676&&title=Link%20Verwaltung HTTP/1.1" 200 1393 "http://ed.activities.at/entry.php?id=10921&chooserview=PinEditimages&view=PinEditimages" "Mozilla/5.0 (Windows NT 10.0; Win64; x64) AppleWebKit/537.36 (KHTML, like Gecko) Chrome/56.0.2924.87 Safari/537.36"
212.108.43.59 - - [16/Feb/2017:09:45:55 +0100] "GET /entry.php?id=10918&&view=chooser&but=&object=&class=&tag=&value=&chooserview=PinEditimages&function=&setlist= HTTP/1.1" 200 2400 "http://ed.activities.at/entry.php?id=10921&chooserview=PinEditimages&view=PinEditimages" "Mozilla/5.0 (Windows NT 10.0; Win64; x64) AppleWebKit/537.36 (KHTML, like Gecko) Chrome/56.0.2924.87 Safari/537.36"
212.108.43.59 - - [16/Feb/2017:09:45:56 +0100] "GET /gui/javascript/form_form.js?1487234756 HTTP/1.1" 200 16206 "http://ed.activities.at/entry.php?id=10918&&view=chooser&but=&object=&class=&tag=&value=&chooserview=PinEditimages&function=&setlist=" "Mozilla/5.0 (Windows NT 10.0; Win64; x64) AppleWebKit/537.36 (KHTML, like Gecko) Chrome/56.0.2924.87 Safari/537.36"
212.108.43.59 - - [16/Feb/2017:09:45:56 +0100] "GET /entry.php?id=10776&form=10756&name=list& HTTP/1.1" 200 1460 "http://ed.activities.at/entry.php?id=10918&&view=chooser&but=&object=&class=&tag=&value=&chooserview=PinEditimages&function=&setlist=" "Mozilla/5.0 (Windows NT 10.0; Win64; x64) AppleWebKit/537.36 (KHTML, like Gecko) Chrome/56.0.2924.87 Safari/537.36"
212.108.43.59 - - [16/Feb/2017:09:45:56 +0100] "GET /entry.php?id=10778&form=10756&name=list& HTTP/1.1" 200 3567 "http://ed.activities.at/entry.php?id=10918&&view=chooser&but=&object=&class=&tag=&value=&chooserview=PinEditimages&function=&setlist=" "Mozilla/5.0 (Windows NT 10.0; Win64; x64) AppleWebKit/537.36 (KHTML, like Gecko) Chrome/56.0.2924.87 Safari/537.36"
212.108.43.59 - - [16/Feb/2017:09:45:56 +0100] "GET /favicon.ico HTTP/1.1" 404 287 "http://ed.activities.at/entry.php?id=10921&chooserview=PinEditimages&view=PinEditimages" "Mozilla/5.0 (Windows NT 10.0; Win64; x64) AppleWebKit/537.36 (KHTML, like Gecko) Chrome/56.0.2924.87 Safari/537.36"
212.108.43.59 - - [16/Feb/2017:09:46:06 +0100] "GET /entry.php?id=10271&&ser=234706 HTTP/1.1" 200 987 "http://ed.activities.at/entry.php?id=10271&&ser=234645" "Mozilla/5.0 (Windows NT 10.0; Win64; x64) AppleWebKit/537.36 (KHTML, like Gecko) Chrome/56.0.2924.87 Safari/537.36"
212.108.43.59 - - [16/Feb/2017:09:46:06 +0100] "GET /gui/javascript/form_form.js?1487234766 HTTP/1.1" 200 16206 "http://ed.activities.at/entry.php?id=10271&&ser=234706" "Mozilla/5.0 (Windows NT 10.0; Win64; x64) AppleWebKit/537.36 (KHTML, like Gecko) Chrome/56.0.2924.87 Safari/537.36"
90.152.128.107 - - [16/Feb/2017:09:46:43 +0100] "GET /entry.php?id=10271&&ser=234731 HTTP/1.1" 200 989 "http://ed.activities.at/entry.php?id=10271&&ser=234663" "Mozilla/5.0 (Windows NT 10.0; WOW64) AppleWebKit/537.36 (KHTML, like Gecko) Chrome/56.0.2924.87 Safari/537.36"
212.108.43.59 - - [16/Feb/2017:09:46:49 +0100] "GET /entry.php?id=10271&&ser=234748 HTTP/1.1" 200 986 "http://ed.activities.at/entry.php?id=10271&&ser=234688" "Mozilla/5.0 (Windows NT 10.0; Win64; x64) AppleWebKit/537.36 (KHTML, like Gecko) Chrome/56.0.2924.87 Safari/537.36"
212.108.43.59 - - [16/Feb/2017:09:46:49 +0100] "GET /gui/javascript/form_form.js?1487234809 HTTP/1.1" 200 16206 "http://ed.activities.at/entry.php?id=10271&&ser=234748" "Mozilla/5.0 (Windows NT 10.0; Win64; x64) AppleWebKit/537.36 (KHTML, like Gecko) Chrome/56.0.2924.87 Safari/537.36"
90.152.128.107 - - [16/Feb/2017:09:46:50 +0100] "GET /gui/javascript/form_form.js?1487234803 HTTP/1.1" 200 16206 "http://ed.activities.at/entry.php?id=10271&&ser=234731" "Mozilla/5.0 (Windows NT 10.0; WOW64) AppleWebKit/537.36 (KHTML, like Gecko) Chrome/56.0.2924.87 Safari/537.36"
212.108.43.59 - - [16/Feb/2017:09:46:51 +0100] "POST /entry.php?id=11684 HTTP/1.1" 200 3448 "http://ed.activities.at/entry.php?id=11684" "Mozilla/5.0 (Windows NT 10.0; Win64; x64) AppleWebKit/537.36 (KHTML, like Gecko) Chrome/56.0.2924.87 Safari/537.36"
212.108.43.59 - - [16/Feb/2017:09:46:52 +0100] "GET /gui/javascript/form_form.js?1487234812 HTTP/1.1" 200 16206 "http://ed.activities.at/entry.php?id=11684" "Mozilla/5.0 (Windows NT 10.0; Win64; x64) AppleWebKit/537.36 (KHTML, like Gecko) Chrome/56.0.2924.87 Safari/537.36"
212.108.43.59 - - [16/Feb/2017:09:46:52 +0100] "GET /framework/webfx/javascript/tinymce/skins/lightgray/content.min.css HTTP/1.1" 404 327 "http://ed.activities.at/entry.php?id=11684" "Mozilla/5.0 (Windows NT 10.0; Win64; x64) AppleWebKit/537.36 (KHTML, like Gecko) Chrome/56.0.2924.87 Safari/537.36"
212.108.43.59 - - [16/Feb/2017:09:47:06 +0100] "GET /entry.php?id=10271&&ser=234766 HTTP/1.1" 200 987 "http://ed.activities.at/entry.php?id=10271&&ser=234706" "Mozilla/5.0 (Windows NT 10.0; Win64; x64) AppleWebKit/537.36 (KHTML, like Gecko) Chrome/56.0.2924.87 Safari/537.36"
212.108.43.59 - - [16/Feb/2017:09:47:07 +0100] "GET /gui/javascript/form_form.js?1487234827 HTTP/1.1" 200 16206 "http://ed.activities.at/entry.php?id=10271&&ser=234766" "Mozilla/5.0 (Windows NT 10.0; Win64; x64) AppleWebKit/537.36 (KHTML, like Gecko) Chrome/56.0.2924.87 Safari/537.36"
212.108.43.59 - - [16/Feb/2017:09:47:34 +0100] "POST /entry.php?id=11684 HTTP/1.1" 200 3449 "http://ed.activities.at/entry.php?id=11684" "Mozilla/5.0 (Windows NT 10.0; Win64; x64) AppleWebKit/537.36 (KHTML, like Gecko) Chrome/56.0.2924.87 Safari/537.36"
212.108.43.59 - - [16/Feb/2017:09:47:35 +0100] "GET /gui/javascript/form_form.js?1487234855 HTTP/1.1" 200 16206 "http://ed.activities.at/entry.php?id=11684" "Mozilla/5.0 (Windows NT 10.0; Win64; x64) AppleWebKit/537.36 (KHTML, like Gecko) Chrome/56.0.2924.87 Safari/537.36"
212.108.43.59 - - [16/Feb/2017:09:47:35 +0100] "GET /framework/webfx/javascript/tinymce/skins/lightgray/content.min.css HTTP/1.1" 404 327 "http://ed.activities.at/entry.php?id=11684" "Mozilla/5.0 (Windows NT 10.0; Win64; x64) AppleWebKit/537.36 (KHTML, like Gecko) Chrome/56.0.2924.87 Safari/537.36"
212.108.43.59 - - [16/Feb/2017:09:47:36 +0100] "POST /entry.php?id=11684 HTTP/1.1" 200 3998 "http://ed.activities.at/entry.php?id=11684" "Mozilla/5.0 (Windows NT 10.0; Win64; x64) AppleWebKit/537.36 (KHTML, like Gecko) Chrome/56.0.2924.87 Safari/537.36"
212.108.43.59 - - [16/Feb/2017:09:47:36 +0100] "GET /gui/javascript/form_form.js?1487234856 HTTP/1.1" 200 16206 "http://ed.activities.at/entry.php?id=11684" "Mozilla/5.0 (Windows NT 10.0; Win64; x64) AppleWebKit/537.36 (KHTML, like Gecko) Chrome/56.0.2924.87 Safari/537.36"
212.108.43.59 - - [16/Feb/2017:09:47:39 +0100] "POST /entry.php?id=11684 HTTP/1.1" 200 4251 "http://ed.activities.at/entry.php?id=11684" "Mozilla/5.0 (Windows NT 10.0; Win64; x64) AppleWebKit/537.36 (KHTML, like Gecko) Chrome/56.0.2924.87 Safari/537.36"
212.108.43.59 - - [16/Feb/2017:09:47:40 +0100] "GET /gui/javascript/form_form.js?1487234860 HTTP/1.1" 200 16206 "http://ed.activities.at/entry.php?id=11684" "Mozilla/5.0 (Windows NT 10.0; Win64; x64) AppleWebKit/537.36 (KHTML, like Gecko) Chrome/56.0.2924.87 Safari/537.36"
212.108.43.59 - - [16/Feb/2017:09:47:44 +0100] "POST /entry.php?id=11677 HTTP/1.1" 200 5280 "http://ed.activities.at/entry.php?id=11677" "Mozilla/5.0 (Windows NT 10.0; Win64; x64) AppleWebKit/537.36 (KHTML, like Gecko) Chrome/56.0.2924.87 Safari/537.36"
212.108.43.59 - - [16/Feb/2017:09:47:45 +0100] "GET /gui/javascript/form_form.js?1487234865 HTTP/1.1" 200 16206 "http://ed.activities.at/entry.php?id=11677" "Mozilla/5.0 (Windows NT 10.0; Win64; x64) AppleWebKit/537.36 (KHTML, like Gecko) Chrome/56.0.2924.87 Safari/537.36"
212.108.43.59 - - [16/Feb/2017:09:47:49 +0100] "GET /entry.php?id=10271&&ser=234809 HTTP/1.1" 200 987 "http://ed.activities.at/entry.php?id=10271&&ser=234748" "Mozilla/5.0 (Windows NT 10.0; Win64; x64) AppleWebKit/537.36 (KHTML, like Gecko) Chrome/56.0.2924.87 Safari/537.36"
212.108.43.59 - - [16/Feb/2017:09:47:49 +0100] "GET /gui/javascript/form_form.js?1487234869 HTTP/1.1" 200 16206 "http://ed.activities.at/entry.php?id=10271&&ser=234809" "Mozilla/5.0 (Windows NT 10.0; Win64; x64) AppleWebKit/537.36 (KHTML, like Gecko) Chrome/56.0.2924.87 Safari/537.36"
212.108.43.59 - - [16/Feb/2017:09:47:50 +0100] "POST /entry.php?id=11678 HTTP/1.1" 200 12750 "http://ed.activities.at/entry.php?id=11678" "Mozilla/5.0 (Windows NT 10.0; Win64; x64) AppleWebKit/537.36 (KHTML, like Gecko) Chrome/56.0.2924.87 Safari/537.36"
212.108.43.59 - - [16/Feb/2017:09:47:51 +0100] "GET /activities/framework/KoolControls/KoolAjax/koolajax.php?8436e354c842500aba3cbaf0584c0c24 HTTP/1.1" 200 4079 "http://ed.activities.at/entry.php?id=11678" "Mozilla/5.0 (Windows NT 10.0; Win64; x64) AppleWebKit/537.36 (KHTML, like Gecko) Chrome/56.0.2924.87 Safari/537.36"
212.108.43.59 - - [16/Feb/2017:09:47:51 +0100] "GET /gui/javascript/form_form.js?1487234870 HTTP/1.1" 200 16206 "http://ed.activities.at/entry.php?id=11678" "Mozilla/5.0 (Windows NT 10.0; Win64; x64) AppleWebKit/537.36 (KHTML, like Gecko) Chrome/56.0.2924.87 Safari/537.36"
212.108.43.59 - - [16/Feb/2017:09:47:51 +0100] "GET /activities/framework/KoolControls/KoolTreeView/kooltreeview.php?c7cd9180e88ffef8e70f13526bb4f5f7 HTTP/1.1" 200 5055 "http://ed.activities.at/entry.php?id=11678" "Mozilla/5.0 (Windows NT 10.0; Win64; x64) AppleWebKit/537.36 (KHTML, like Gecko) Chrome/56.0.2924.87 Safari/537.36"
212.108.43.59 - - [16/Feb/2017:09:47:52 +0100] "POST /entry.php?id=11677 HTTP/1.1" 200 5194 "http://ed.activities.at/entry.php?id=11677" "Mozilla/5.0 (Windows NT 10.0; Win64; x64) AppleWebKit/537.36 (KHTML, like Gecko) Chrome/56.0.2924.87 Safari/537.36"
212.108.43.59 - - [16/Feb/2017:09:47:53 +0100] "GET /gui/javascript/form_form.js?1487234873 HTTP/1.1" 200 16206 "http://ed.activities.at/entry.php?id=11677" "Mozilla/5.0 (Windows NT 10.0; Win64; x64) AppleWebKit/537.36 (KHTML, like Gecko) Chrome/56.0.2924.87 Safari/537.36"
90.152.128.107 - - [16/Feb/2017:09:47:56 +0100] "GET /entry.php?id=10271&&ser=234803 HTTP/1.1" 200 988 "http://ed.activities.at/entry.php?id=10271&&ser=234731" "Mozilla/5.0 (Windows NT 10.0; WOW64) AppleWebKit/537.36 (KHTML, like Gecko) Chrome/56.0.2924.87 Safari/537.36"
212.108.43.59 - - [16/Feb/2017:09:47:55 +0100] "POST /entry.php?id=11677 HTTP/1.1" 200 5188 "http://ed.activities.at/entry.php?id=11677" "Mozilla/5.0 (Windows NT 10.0; Win64; x64) AppleWebKit/537.36 (KHTML, like Gecko) Chrome/56.0.2924.87 Safari/537.36"
212.108.43.59 - - [16/Feb/2017:09:47:56 +0100] "GET /gui/javascript/form_form.js?1487234876 HTTP/1.1" 200 16206 "http://ed.activities.at/entry.php?id=11677" "Mozilla/5.0 (Windows NT 10.0; Win64; x64) AppleWebKit/537.36 (KHTML, like Gecko) Chrome/56.0.2924.87 Safari/537.36"
90.152.128.107 - - [16/Feb/2017:09:47:59 +0100] "GET /gui/javascript/form_form.js?1487234876 HTTP/1.1" 200 16206 "http://ed.activities.at/entry.php?id=10271&&ser=234803" "Mozilla/5.0 (Windows NT 10.0; WOW64) AppleWebKit/537.36 (KHTML, like Gecko) Chrome/56.0.2924.87 Safari/537.36"
212.108.43.59 - - [16/Feb/2017:09:48:05 +0100] "GET /entry.php?id=10877&mode=loadTemplateselect&obj=10201431&class=&tag=emuc_cdscontentheader_article&reftag=&ser=1487234886432 HTTP/1.1" 200 92 "http://ed.activities.at/entry.php?id=11677" "Mozilla/5.0 (Windows NT 10.0; Win64; x64) AppleWebKit/537.36 (KHTML, like Gecko) Chrome/56.0.2924.87 Safari/537.36"
212.108.43.59 - - [16/Feb/2017:09:48:07 +0100] "GET /entry.php?id=10271&&ser=234827 HTTP/1.1" 200 987 "http://ed.activities.at/entry.php?id=10271&&ser=234766" "Mozilla/5.0 (Windows NT 10.0; Win64; x64) AppleWebKit/537.36 (KHTML, like Gecko) Chrome/56.0.2924.87 Safari/537.36"
212.108.43.59 - - [16/Feb/2017:09:48:07 +0100] "GET /gui/javascript/form_form.js?1487234887 HTTP/1.1" 200 16206 "http://ed.activities.at/entry.php?id=10271&&ser=234827" "Mozilla/5.0 (Windows NT 10.0; Win64; x64) AppleWebKit/537.36 (KHTML, like Gecko) Chrome/56.0.2924.87 Safari/537.36"
212.108.43.59 - - [16/Feb/2017:09:48:08 +0100] "GET /entry.php?id=11681&chooserview=addnewmenueitem&hidetitle=true HTTP/1.1" 200 340 "http://ed.activities.at/entry.php?id=11412" "Mozilla/5.0 (Windows NT 10.0; Win64; x64) AppleWebKit/537.36 (KHTML, like Gecko) Chrome/56.0.2924.87 Safari/537.36"
212.108.43.59 - - [16/Feb/2017:09:48:09 +0100] "GET /entry.php?id=11683&chooserview=addnewmenueitem&object=& HTTP/1.1" 200 2953 "http://ed.activities.at/entry.php?id=11681&chooserview=addnewmenueitem&hidetitle=true" "Mozilla/5.0 (Windows NT 10.0; Win64; x64) AppleWebKit/537.36 (KHTML, like Gecko) Chrome/56.0.2924.87 Safari/537.36"
212.108.43.59 - - [16/Feb/2017:09:48:09 +0100] "GET /gui/javascript/form_form.js?1487234889 HTTP/1.1" 200 16206 "http://ed.activities.at/entry.php?id=11683&chooserview=addnewmenueitem&object=&" "Mozilla/5.0 (Windows NT 10.0; Win64; x64) AppleWebKit/537.36 (KHTML, like Gecko) Chrome/56.0.2924.87 Safari/537.36"
212.108.43.59 - - [16/Feb/2017:09:48:09 +0100] "GET /entry.php?id=11684&chooserview=addnewmenueitem&object=& HTTP/1.1" 200 3832 "http://ed.activities.at/entry.php?id=11681&chooserview=addnewmenueitem&hidetitle=true" "Mozilla/5.0 (Windows NT 10.0; Win64; x64) AppleWebKit/537.36 (KHTML, like Gecko) Chrome/56.0.2924.87 Safari/537.36"
212.108.43.59 - - [16/Feb/2017:09:48:09 +0100] "GET /entry.php?id=10778&form=11508&name=list& HTTP/1.1" 200 4042 "http://ed.activities.at/entry.php?id=11683&chooserview=addnewmenueitem&object=&" "Mozilla/5.0 (Windows NT 10.0; Win64; x64) AppleWebKit/537.36 (KHTML, like Gecko) Chrome/56.0.2924.87 Safari/537.36"
212.108.43.59 - - [16/Feb/2017:09:48:09 +0100] "GET /entry.php?id=10776&form=11508&name=list& HTTP/1.1" 200 1808 "http://ed.activities.at/entry.php?id=11683&chooserview=addnewmenueitem&object=&" "Mozilla/5.0 (Windows NT 10.0; Win64; x64) AppleWebKit/537.36 (KHTML, like Gecko) Chrome/56.0.2924.87 Safari/537.36"
212.108.43.59 - - [16/Feb/2017:09:48:21 +0100] "POST /entry.php?id=11684 HTTP/1.1" 200 4292 "http://ed.activities.at/entry.php?id=11684&chooserview=addnewmenueitem&object=&" "Mozilla/5.0 (Windows NT 10.0; Win64; x64) AppleWebKit/537.36 (KHTML, like Gecko) Chrome/56.0.2924.87 Safari/537.36"
212.108.43.59 - - [16/Feb/2017:09:48:22 +0100] "GET /gui/javascript/form_form.js?1487234902 HTTP/1.1" 200 16206 "http://ed.activities.at/entry.php?id=11684" "Mozilla/5.0 (Windows NT 10.0; Win64; x64) AppleWebKit/537.36 (KHTML, like Gecko) Chrome/56.0.2924.87 Safari/537.36"
212.108.43.59 - - [16/Feb/2017:09:48:23 +0100] "POST /entry.php?id=11684 HTTP/1.1" 200 3076 "http://ed.activities.at/entry.php?id=11684" "Mozilla/5.0 (Windows NT 10.0; Win64; x64) AppleWebKit/537.36 (KHTML, like Gecko) Chrome/56.0.2924.87 Safari/537.36"
212.108.43.59 - - [16/Feb/2017:09:48:24 +0100] "GET /gui/javascript/form_form.js?1487234904 HTTP/1.1" 200 16206 "http://ed.activities.at/entry.php?id=11684" "Mozilla/5.0 (Windows NT 10.0; Win64; x64) AppleWebKit/537.36 (KHTML, like Gecko) Chrome/56.0.2924.87 Safari/537.36"
212.108.43.59 - - [16/Feb/2017:09:48:24 +0100] "GET /framework/webfx/javascript/tinymce/skins/lightgray/content.min.css HTTP/1.1" 404 327 "http://ed.activities.at/entry.php?id=11684" "Mozilla/5.0 (Windows NT 10.0; Win64; x64) AppleWebKit/537.36 (KHTML, like Gecko) Chrome/56.0.2924.87 Safari/537.36"
212.108.43.59 - - [16/Feb/2017:09:48:27 +0100] "POST /entry.php?id=11684 HTTP/1.1" 200 3076 "http://ed.activities.at/entry.php?id=11684" "Mozilla/5.0 (Windows NT 10.0; Win64; x64) AppleWebKit/537.36 (KHTML, like Gecko) Chrome/56.0.2924.87 Safari/537.36"
212.108.43.59 - - [16/Feb/2017:09:48:28 +0100] "GET /gui/javascript/form_form.js?1487234907 HTTP/1.1" 200 16206 "http://ed.activities.at/entry.php?id=11684" "Mozilla/5.0 (Windows NT 10.0; Win64; x64) AppleWebKit/537.36 (KHTML, like Gecko) Chrome/56.0.2924.87 Safari/537.36"
212.108.43.59 - - [16/Feb/2017:09:48:28 +0100] "GET /framework/webfx/javascript/tinymce/skins/lightgray/content.min.css HTTP/1.1" 404 327 "http://ed.activities.at/entry.php?id=11684" "Mozilla/5.0 (Windows NT 10.0; Win64; x64) AppleWebKit/537.36 (KHTML, like Gecko) Chrome/56.0.2924.87 Safari/537.36"
212.108.43.59 - - [16/Feb/2017:09:48:32 +0100] "POST /entry.php?id=11684 HTTP/1.1" 200 3446 "http://ed.activities.at/entry.php?id=11684" "Mozilla/5.0 (Windows NT 10.0; Win64; x64) AppleWebKit/537.36 (KHTML, like Gecko) Chrome/56.0.2924.87 Safari/537.36"
212.108.43.59 - - [16/Feb/2017:09:48:32 +0100] "GET /gui/javascript/form_form.js?1487234912 HTTP/1.1" 200 16206 "http://ed.activities.at/entry.php?id=11684" "Mozilla/5.0 (Windows NT 10.0; Win64; x64) AppleWebKit/537.36 (KHTML, like Gecko) Chrome/56.0.2924.87 Safari/537.36"
212.108.43.59 - - [16/Feb/2017:09:48:33 +0100] "GET /framework/webfx/javascript/tinymce/skins/lightgray/content.min.css HTTP/1.1" 404 327 "http://ed.activities.at/entry.php?id=11684" "Mozilla/5.0 (Windows NT 10.0; Win64; x64) AppleWebKit/537.36 (KHTML, like Gecko) Chrome/56.0.2924.87 Safari/537.36"
212.108.43.59 - - [16/Feb/2017:09:48:34 +0100] "POST /entry.php?id=11684 HTTP/1.1" 200 3996 "http://ed.activities.at/entry.php?id=11684" "Mozilla/5.0 (Windows NT 10.0; Win64; x64) AppleWebKit/537.36 (KHTML, like Gecko) Chrome/56.0.2924.87 Safari/537.36"
212.108.43.59 - - [16/Feb/2017:09:48:35 +0100] "GET /gui/javascript/form_form.js?1487234915 HTTP/1.1" 200 16206 "http://ed.activities.at/entry.php?id=11684" "Mozilla/5.0 (Windows NT 10.0; Win64; x64) AppleWebKit/537.36 (KHTML, like Gecko) Chrome/56.0.2924.87 Safari/537.36"
212.108.43.59 - - [16/Feb/2017:09:48:37 +0100] "POST /entry.php?id=11684 HTTP/1.1" 200 4245 "http://ed.activities.at/entry.php?id=11684" "Mozilla/5.0 (Windows NT 10.0; Win64; x64) AppleWebKit/537.36 (KHTML, like Gecko) Chrome/56.0.2924.87 Safari/537.36"
212.108.43.59 - - [16/Feb/2017:09:48:38 +0100] "GET /gui/javascript/form_form.js?1487234918 HTTP/1.1" 200 16206 "http://ed.activities.at/entry.php?id=11684" "Mozilla/5.0 (Windows NT 10.0; Win64; x64) AppleWebKit/537.36 (KHTML, like Gecko) Chrome/56.0.2924.87 Safari/537.36"
212.108.43.59 - - [16/Feb/2017:09:48:49 +0100] "POST /entry.php?id=11677 HTTP/1.1" 200 5285 "http://ed.activities.at/entry.php?id=11677" "Mozilla/5.0 (Windows NT 10.0; Win64; x64) AppleWebKit/537.36 (KHTML, like Gecko) Chrome/56.0.2924.87 Safari/537.36"
212.108.43.59 - - [16/Feb/2017:09:48:50 +0100] "GET /gui/javascript/form_form.js?1487234930 HTTP/1.1" 200 16206 "http://ed.activities.at/entry.php?id=11677" "Mozilla/5.0 (Windows NT 10.0; Win64; x64) AppleWebKit/537.36 (KHTML, like Gecko) Chrome/56.0.2924.87 Safari/537.36"
212.108.43.59 - - [16/Feb/2017:09:48:51 +0100] "GET /entry.php?id=10271&&ser=234869 HTTP/1.1" 200 986 "http://ed.activities.at/entry.php?id=10271&&ser=234809" "Mozilla/5.0 (Windows NT 10.0; Win64; x64) AppleWebKit/537.36 (KHTML, like Gecko) Chrome/56.0.2924.87 Safari/537.36"
212.108.43.59 - - [16/Feb/2017:09:48:51 +0100] "GET /gui/javascript/form_form.js?1487234931 HTTP/1.1" 200 16206 "http://ed.activities.at/entry.php?id=10271&&ser=234869" "Mozilla/5.0 (Windows NT 10.0; Win64; x64) AppleWebKit/537.36 (KHTML, like Gecko) Chrome/56.0.2924.87 Safari/537.36"
212.108.43.59 - - [16/Feb/2017:09:48:57 +0100] "POST /entry.php?id=11678 HTTP/1.1" 200 12749 "http://ed.activities.at/entry.php?id=11678" "Mozilla/5.0 (Windows NT 10.0; Win64; x64) AppleWebKit/537.36 (KHTML, like Gecko) Chrome/56.0.2924.87 Safari/537.36"
212.108.43.59 - - [16/Feb/2017:09:48:59 +0100] "GET /activities/framework/KoolControls/KoolAjax/koolajax.php?8436e354c842500aba3cbaf0584c0c24 HTTP/1.1" 200 4079 "http://ed.activities.at/entry.php?id=11678" "Mozilla/5.0 (Windows NT 10.0; Win64; x64) AppleWebKit/537.36 (KHTML, like Gecko) Chrome/56.0.2924.87 Safari/537.36"
212.108.43.59 - - [16/Feb/2017:09:48:59 +0100] "GET /gui/javascript/form_form.js?1487234939 HTTP/1.1" 200 16206 "http://ed.activities.at/entry.php?id=11678" "Mozilla/5.0 (Windows NT 10.0; Win64; x64) AppleWebKit/537.36 (KHTML, like Gecko) Chrome/56.0.2924.87 Safari/537.36"
212.108.43.59 - - [16/Feb/2017:09:48:59 +0100] "GET /activities/framework/KoolControls/KoolTreeView/kooltreeview.php?c7cd9180e88ffef8e70f13526bb4f5f7 HTTP/1.1" 200 5055 "http://ed.activities.at/entry.php?id=11678" "Mozilla/5.0 (Windows NT 10.0; Win64; x64) AppleWebKit/537.36 (KHTML, like Gecko) Chrome/56.0.2924.87 Safari/537.36"
212.108.43.59 - - [16/Feb/2017:09:49:00 +0100] "POST /entry.php?id=11677 HTTP/1.1" 200 5199 "http://ed.activities.at/entry.php?id=11677" "Mozilla/5.0 (Windows NT 10.0; Win64; x64) AppleWebKit/537.36 (KHTML, like Gecko) Chrome/56.0.2924.87 Safari/537.36"
212.108.43.59 - - [16/Feb/2017:09:49:01 +0100] "GET /gui/javascript/form_form.js?1487234941 HTTP/1.1" 200 16206 "http://ed.activities.at/entry.php?id=11677" "Mozilla/5.0 (Windows NT 10.0; Win64; x64) AppleWebKit/537.36 (KHTML, like Gecko) Chrome/56.0.2924.87 Safari/537.36"
90.152.128.107 - - [16/Feb/2017:09:49:05 +0100] "GET /entry.php?id=10271&&ser=234876 HTTP/1.1" 200 989 "http://ed.activities.at/entry.php?id=10271&&ser=234803" "Mozilla/5.0 (Windows NT 10.0; WOW64) AppleWebKit/537.36 (KHTML, like Gecko) Chrome/56.0.2924.87 Safari/537.36"
212.108.43.59 - - [16/Feb/2017:09:49:07 +0100] "GET /entry.php?id=10271&&ser=234887 HTTP/1.1" 200 987 "http://ed.activities.at/entry.php?id=10271&&ser=234827" "Mozilla/5.0 (Windows NT 10.0; Win64; x64) AppleWebKit/537.36 (KHTML, like Gecko) Chrome/56.0.2924.87 Safari/537.36"
212.108.43.59 - - [16/Feb/2017:09:49:07 +0100] "GET /gui/javascript/form_form.js?1487234947 HTTP/1.1" 200 16206 "http://ed.activities.at/entry.php?id=10271&&ser=234887" "Mozilla/5.0 (Windows NT 10.0; Win64; x64) AppleWebKit/537.36 (KHTML, like Gecko) Chrome/56.0.2924.87 Safari/537.36"
90.152.128.107 - - [16/Feb/2017:09:49:09 +0100] "GET /gui/javascript/form_form.js?1487234945 HTTP/1.1" 200 16206 "http://ed.activities.at/entry.php?id=10271&&ser=234876" "Mozilla/5.0 (Windows NT 10.0; WOW64) AppleWebKit/537.36 (KHTML, like Gecko) Chrome/56.0.2924.87 Safari/537.36"
212.108.43.59 - - [16/Feb/2017:09:49:11 +0100] "POST /entry.php?id=11677 HTTP/1.1" 200 5286 "http://ed.activities.at/entry.php?id=11677" "Mozilla/5.0 (Windows NT 10.0; Win64; x64) AppleWebKit/537.36 (KHTML, like Gecko) Chrome/56.0.2924.87 Safari/537.36"
212.108.43.59 - - [16/Feb/2017:09:49:12 +0100] "GET /gui/javascript/form_form.js?1487234952 HTTP/1.1" 200 16206 "http://ed.activities.at/entry.php?id=11677" "Mozilla/5.0 (Windows NT 10.0; Win64; x64) AppleWebKit/537.36 (KHTML, like Gecko) Chrome/56.0.2924.87 Safari/537.36"
212.108.43.59 - - [16/Feb/2017:09:49:16 +0100] "POST /entry.php?id=11678 HTTP/1.1" 200 12748 "http://ed.activities.at/entry.php?id=11678" "Mozilla/5.0 (Windows NT 10.0; Win64; x64) AppleWebKit/537.36 (KHTML, like Gecko) Chrome/56.0.2924.87 Safari/537.36"
212.108.43.59 - - [16/Feb/2017:09:49:16 +0100] "POST /entry.php?id=11678 HTTP/1.1" 200 12749 "http://ed.activities.at/entry.php?id=11678" "Mozilla/5.0 (Windows NT 10.0; Win64; x64) AppleWebKit/537.36 (KHTML, like Gecko) Chrome/56.0.2924.87 Safari/537.36"
212.108.43.59 - - [16/Feb/2017:09:49:18 +0100] "GET /activities/framework/KoolControls/KoolAjax/koolajax.php?8436e354c842500aba3cbaf0584c0c24 HTTP/1.1" 200 4079 "http://ed.activities.at/entry.php?id=11678" "Mozilla/5.0 (Windows NT 10.0; Win64; x64) AppleWebKit/537.36 (KHTML, like Gecko) Chrome/56.0.2924.87 Safari/537.36"
212.108.43.59 - - [16/Feb/2017:09:49:18 +0100] "GET /gui/javascript/form_form.js?1487234957 HTTP/1.1" 200 16206 "http://ed.activities.at/entry.php?id=11678" "Mozilla/5.0 (Windows NT 10.0; Win64; x64) AppleWebKit/537.36 (KHTML, like Gecko) Chrome/56.0.2924.87 Safari/537.36"
212.108.43.59 - - [16/Feb/2017:09:49:18 +0100] "GET /activities/framework/KoolControls/KoolTreeView/kooltreeview.php?c7cd9180e88ffef8e70f13526bb4f5f7 HTTP/1.1" 200 5055 "http://ed.activities.at/entry.php?id=11678" "Mozilla/5.0 (Windows NT 10.0; Win64; x64) AppleWebKit/537.36 (KHTML, like Gecko) Chrome/56.0.2924.87 Safari/537.36"
212.108.43.59 - - [16/Feb/2017:09:49:19 +0100] "POST /entry.php?id=11677 HTTP/1.1" 200 5202 "http://ed.activities.at/entry.php?id=11677" "Mozilla/5.0 (Windows NT 10.0; Win64; x64) AppleWebKit/537.36 (KHTML, like Gecko) Chrome/56.0.2924.87 Safari/537.36"
212.108.43.59 - - [16/Feb/2017:09:49:20 +0100] "GET /gui/javascript/form_form.js?1487234960 HTTP/1.1" 200 16206 "http://ed.activities.at/entry.php?id=11677" "Mozilla/5.0 (Windows NT 10.0; Win64; x64) AppleWebKit/537.36 (KHTML, like Gecko) Chrome/56.0.2924.87 Safari/537.36"
212.108.43.59 - - [16/Feb/2017:09:49:51 +0100] "GET /entry.php?id=10271&&ser=234931 HTTP/1.1" 200 987 "http://ed.activities.at/entry.php?id=10271&&ser=234869" "Mozilla/5.0 (Windows NT 10.0; Win64; x64) AppleWebKit/537.36 (KHTML, like Gecko) Chrome/56.0.2924.87 Safari/537.36"
212.108.43.59 - - [16/Feb/2017:09:49:52 +0100] "GET /gui/javascript/form_form.js?1487234992 HTTP/1.1" 200 16206 "http://ed.activities.at/entry.php?id=10271&&ser=234931" "Mozilla/5.0 (Windows NT 10.0; Win64; x64) AppleWebKit/537.36 (KHTML, like Gecko) Chrome/56.0.2924.87 Safari/537.36"
212.108.43.59 - - [16/Feb/2017:09:50:08 +0100] "GET /entry.php?id=10271&&ser=234947 HTTP/1.1" 200 986 "http://ed.activities.at/entry.php?id=10271&&ser=234887" "Mozilla/5.0 (Windows NT 10.0; Win64; x64) AppleWebKit/537.36 (KHTML, like Gecko) Chrome/56.0.2924.87 Safari/537.36"
212.108.43.59 - - [16/Feb/2017:09:50:08 +0100] "GET /gui/javascript/form_form.js?1487235008 HTTP/1.1" 200 16206 "http://ed.activities.at/entry.php?id=10271&&ser=234947" "Mozilla/5.0 (Windows NT 10.0; Win64; x64) AppleWebKit/537.36 (KHTML, like Gecko) Chrome/56.0.2924.87 Safari/537.36"
90.152.128.107 - - [16/Feb/2017:09:50:15 +0100] "GET /entry.php?id=10271&&ser=234945 HTTP/1.1" 200 988 "http://ed.activities.at/entry.php?id=10271&&ser=234876" "Mozilla/5.0 (Windows NT 10.0; WOW64) AppleWebKit/537.36 (KHTML, like Gecko) Chrome/56.0.2924.87 Safari/537.36"
90.152.128.107 - - [16/Feb/2017:09:50:16 +0100] "GET /gui/javascript/form_form.js?1487235015 HTTP/1.1" 200 16206 "http://ed.activities.at/entry.php?id=10271&&ser=234945" "Mozilla/5.0 (Windows NT 10.0; WOW64) AppleWebKit/537.36 (KHTML, like Gecko) Chrome/56.0.2924.87 Safari/537.36"
212.108.43.59 - - [16/Feb/2017:09:50:24 +0100] "POST /entry.php?id=11677 HTTP/1.1" 200 5286 "http://ed.activities.at/entry.php?id=11677" "Mozilla/5.0 (Windows NT 10.0; Win64; x64) AppleWebKit/537.36 (KHTML, like Gecko) Chrome/56.0.2924.87 Safari/537.36"
212.108.43.59 - - [16/Feb/2017:09:50:25 +0100] "GET /gui/javascript/form_form.js?1487235025 HTTP/1.1" 200 16206 "http://ed.activities.at/entry.php?id=11677" "Mozilla/5.0 (Windows NT 10.0; Win64; x64) AppleWebKit/537.36 (KHTML, like Gecko) Chrome/56.0.2924.87 Safari/537.36"
212.108.43.59 - - [16/Feb/2017:09:50:39 +0100] "POST /entry.php?id=11677 HTTP/1.1" 200 5287 "http://ed.activities.at/entry.php?id=11677" "Mozilla/5.0 (Windows NT 10.0; Win64; x64) AppleWebKit/537.36 (KHTML, like Gecko) Chrome/56.0.2924.87 Safari/537.36"
212.108.43.59 - - [16/Feb/2017:09:50:40 +0100] "GET /gui/javascript/form_form.js?1487235040 HTTP/1.1" 200 16206 "http://ed.activities.at/entry.php?id=11677" "Mozilla/5.0 (Windows NT 10.0; Win64; x64) AppleWebKit/537.36 (KHTML, like Gecko) Chrome/56.0.2924.87 Safari/537.36"
212.108.43.59 - - [16/Feb/2017:09:50:42 +0100] "POST /entry.php?id=11677 HTTP/1.1" 200 4500 "http://ed.activities.at/entry.php?id=11677" "Mozilla/5.0 (Windows NT 10.0; Win64; x64) AppleWebKit/537.36 (KHTML, like Gecko) Chrome/56.0.2924.87 Safari/537.36"
212.108.43.59 - - [16/Feb/2017:09:50:43 +0100] "GET /gui/javascript/form_form.js?1487235043 HTTP/1.1" 200 16206 "http://ed.activities.at/entry.php?id=11677" "Mozilla/5.0 (Windows NT 10.0; Win64; x64) AppleWebKit/537.36 (KHTML, like Gecko) Chrome/56.0.2924.87 Safari/537.36"
212.108.43.59 - - [16/Feb/2017:09:50:52 +0100] "GET /entry.php?id=10271&&ser=234992 HTTP/1.1" 200 986 "http://ed.activities.at/entry.php?id=10271&&ser=234931" "Mozilla/5.0 (Windows NT 10.0; Win64; x64) AppleWebKit/537.36 (KHTML, like Gecko) Chrome/56.0.2924.87 Safari/537.36"
212.108.43.59 - - [16/Feb/2017:09:50:52 +0100] "GET /gui/javascript/form_form.js?1487235052 HTTP/1.1" 200 16206 "http://ed.activities.at/entry.php?id=10271&&ser=234992" "Mozilla/5.0 (Windows NT 10.0; Win64; x64) AppleWebKit/537.36 (KHTML, like Gecko) Chrome/56.0.2924.87 Safari/537.36"
212.108.43.59 - - [16/Feb/2017:09:51:08 +0100] "GET /entry.php?id=10271&&ser=235008 HTTP/1.1" 200 986 "http://ed.activities.at/entry.php?id=10271&&ser=234947" "Mozilla/5.0 (Windows NT 10.0; Win64; x64) AppleWebKit/537.36 (KHTML, like Gecko) Chrome/56.0.2924.87 Safari/537.36"
212.108.43.59 - - [16/Feb/2017:09:51:08 +0100] "GET /gui/javascript/form_form.js?1487235068 HTTP/1.1" 200 16206 "http://ed.activities.at/entry.php?id=10271&&ser=235008" "Mozilla/5.0 (Windows NT 10.0; Win64; x64) AppleWebKit/537.36 (KHTML, like Gecko) Chrome/56.0.2924.87 Safari/537.36"
90.152.128.107 - - [16/Feb/2017:09:51:21 +0100] "GET /entry.php?id=10271&&ser=235015 HTTP/1.1" 200 988 "http://ed.activities.at/entry.php?id=10271&&ser=234945" "Mozilla/5.0 (Windows NT 10.0; WOW64) AppleWebKit/537.36 (KHTML, like Gecko) Chrome/56.0.2924.87 Safari/537.36"
90.152.128.107 - - [16/Feb/2017:09:51:25 +0100] "GET /gui/javascript/form_form.js?1487235081 HTTP/1.1" 200 16206 "http://ed.activities.at/entry.php?id=10271&&ser=235015" "Mozilla/5.0 (Windows NT 10.0; WOW64) AppleWebKit/537.36 (KHTML, like Gecko) Chrome/56.0.2924.87 Safari/537.36"
212.108.43.59 - - [16/Feb/2017:09:51:32 +0100] "GET /entry.php?id=10877&mode=loadTemplateselect&obj=10201431&class=&tag=emuc_cdscontentheader_article&reftag=&ser=1487235093479 HTTP/1.1" 200 92 "http://ed.activities.at/entry.php?id=11677" "Mozilla/5.0 (Windows NT 10.0; Win64; x64) AppleWebKit/537.36 (KHTML, like Gecko) Chrome/56.0.2924.87 Safari/537.36"
212.108.43.59 - - [16/Feb/2017:09:51:36 +0100] "GET /entry.php?id=11681&chooserview=addnewmenueitem&hidetitle=true HTTP/1.1" 200 340 "http://ed.activities.at/entry.php?id=11412" "Mozilla/5.0 (Windows NT 10.0; Win64; x64) AppleWebKit/537.36 (KHTML, like Gecko) Chrome/56.0.2924.87 Safari/537.36"
212.108.43.59 - - [16/Feb/2017:09:51:37 +0100] "GET /entry.php?id=11683&chooserview=addnewmenueitem&object=& HTTP/1.1" 200 2953 "http://ed.activities.at/entry.php?id=11681&chooserview=addnewmenueitem&hidetitle=true" "Mozilla/5.0 (Windows NT 10.0; Win64; x64) AppleWebKit/537.36 (KHTML, like Gecko) Chrome/56.0.2924.87 Safari/537.36"
212.108.43.59 - - [16/Feb/2017:09:51:37 +0100] "GET /gui/javascript/form_form.js?1487235097 HTTP/1.1" 200 16206 "http://ed.activities.at/entry.php?id=11683&chooserview=addnewmenueitem&object=&" "Mozilla/5.0 (Windows NT 10.0; Win64; x64) AppleWebKit/537.36 (KHTML, like Gecko) Chrome/56.0.2924.87 Safari/537.36"
212.108.43.59 - - [16/Feb/2017:09:51:37 +0100] "GET /entry.php?id=11684&chooserview=addnewmenueitem&object=& HTTP/1.1" 200 3831 "http://ed.activities.at/entry.php?id=11681&chooserview=addnewmenueitem&hidetitle=true" "Mozilla/5.0 (Windows NT 10.0; Win64; x64) AppleWebKit/537.36 (KHTML, like Gecko) Chrome/56.0.2924.87 Safari/537.36"
212.108.43.59 - - [16/Feb/2017:09:51:37 +0100] "GET /entry.php?id=10778&form=11508&name=list& HTTP/1.1" 200 4112 "http://ed.activities.at/entry.php?id=11683&chooserview=addnewmenueitem&object=&" "Mozilla/5.0 (Windows NT 10.0; Win64; x64) AppleWebKit/537.36 (KHTML, like Gecko) Chrome/56.0.2924.87 Safari/537.36"
212.108.43.59 - - [16/Feb/2017:09:51:37 +0100] "GET /entry.php?id=10776&form=11508&name=list& HTTP/1.1" 200 1808 "http://ed.activities.at/entry.php?id=11683&chooserview=addnewmenueitem&object=&" "Mozilla/5.0 (Windows NT 10.0; Win64; x64) AppleWebKit/537.36 (KHTML, like Gecko) Chrome/56.0.2924.87 Safari/537.36"
212.108.43.59 - - [16/Feb/2017:09:51:55 +0100] "POST /entry.php?id=11684 HTTP/1.1" 200 4295 "http://ed.activities.at/entry.php?id=11684&chooserview=addnewmenueitem&object=&" "Mozilla/5.0 (Windows NT 10.0; Win64; x64) AppleWebKit/537.36 (KHTML, like Gecko) Chrome/56.0.2924.87 Safari/537.36"
212.108.43.59 - - [16/Feb/2017:09:51:56 +0100] "GET /gui/javascript/form_form.js?1487235116 HTTP/1.1" 200 16206 "http://ed.activities.at/entry.php?id=11684" "Mozilla/5.0 (Windows NT 10.0; Win64; x64) AppleWebKit/537.36 (KHTML, like Gecko) Chrome/56.0.2924.87 Safari/537.36"
212.108.43.59 - - [16/Feb/2017:09:51:55 +0100] "GET /entry.php?id=10271&&ser=235052 HTTP/1.1" 200 986 "http://ed.activities.at/entry.php?id=10271&&ser=234992" "Mozilla/5.0 (Windows NT 10.0; Win64; x64) AppleWebKit/537.36 (KHTML, like Gecko) Chrome/56.0.2924.87 Safari/537.36"
212.108.43.59 - - [16/Feb/2017:09:51:56 +0100] "POST /entry.php?id=11684 HTTP/1.1" 200 3076 "http://ed.activities.at/entry.php?id=11684" "Mozilla/5.0 (Windows NT 10.0; Win64; x64) AppleWebKit/537.36 (KHTML, like Gecko) Chrome/56.0.2924.87 Safari/537.36"
212.108.43.59 - - [16/Feb/2017:09:51:58 +0100] "GET /gui/javascript/form_form.js?1487235118 HTTP/1.1" 200 16206 "http://ed.activities.at/entry.php?id=11684" "Mozilla/5.0 (Windows NT 10.0; Win64; x64) AppleWebKit/537.36 (KHTML, like Gecko) Chrome/56.0.2924.87 Safari/537.36"
212.108.43.59 - - [16/Feb/2017:09:51:58 +0100] "GET /framework/webfx/javascript/tinymce/skins/lightgray/content.min.css HTTP/1.1" 404 327 "http://ed.activities.at/entry.php?id=11684" "Mozilla/5.0 (Windows NT 10.0; Win64; x64) AppleWebKit/537.36 (KHTML, like Gecko) Chrome/56.0.2924.87 Safari/537.36"
212.108.43.59 - - [16/Feb/2017:09:52:08 +0100] "GET /entry.php?id=10271&&ser=235068 HTTP/1.1" 200 986 "http://ed.activities.at/entry.php?id=10271&&ser=235008" "Mozilla/5.0 (Windows NT 10.0; Win64; x64) AppleWebKit/537.36 (KHTML, like Gecko) Chrome/56.0.2924.87 Safari/537.36"
212.108.43.59 - - [16/Feb/2017:09:52:09 +0100] "GET /gui/javascript/form_form.js?1487235129 HTTP/1.1" 200 16206 "http://ed.activities.at/entry.php?id=10271&&ser=235068" "Mozilla/5.0 (Windows NT 10.0; Win64; x64) AppleWebKit/537.36 (KHTML, like Gecko) Chrome/56.0.2924.87 Safari/537.36"
212.108.43.59 - - [16/Feb/2017:09:52:12 +0100] "POST /entry.php?id=11684 HTTP/1.1" 200 3444 "http://ed.activities.at/entry.php?id=11684" "Mozilla/5.0 (Windows NT 10.0; Win64; x64) AppleWebKit/537.36 (KHTML, like Gecko) Chrome/56.0.2924.87 Safari/537.36"
212.108.43.59 - - [16/Feb/2017:09:52:12 +0100] "GET /gui/javascript/form_form.js?1487235132 HTTP/1.1" 200 16206 "http://ed.activities.at/entry.php?id=11684" "Mozilla/5.0 (Windows NT 10.0; Win64; x64) AppleWebKit/537.36 (KHTML, like Gecko) Chrome/56.0.2924.87 Safari/537.36"
212.108.43.59 - - [16/Feb/2017:09:52:13 +0100] "GET /framework/webfx/javascript/tinymce/skins/lightgray/content.min.css HTTP/1.1" 404 327 "http://ed.activities.at/entry.php?id=11684" "Mozilla/5.0 (Windows NT 10.0; Win64; x64) AppleWebKit/537.36 (KHTML, like Gecko) Chrome/56.0.2924.87 Safari/537.36"
212.108.43.59 - - [16/Feb/2017:09:52:13 +0100] "POST /entry.php?id=11684 HTTP/1.1" 200 3997 "http://ed.activities.at/entry.php?id=11684" "Mozilla/5.0 (Windows NT 10.0; Win64; x64) AppleWebKit/537.36 (KHTML, like Gecko) Chrome/56.0.2924.87 Safari/537.36"
212.108.43.59 - - [16/Feb/2017:09:52:14 +0100] "GET /gui/javascript/form_form.js?1487235134 HTTP/1.1" 200 16206 "http://ed.activities.at/entry.php?id=11684" "Mozilla/5.0 (Windows NT 10.0; Win64; x64) AppleWebKit/537.36 (KHTML, like Gecko) Chrome/56.0.2924.87 Safari/537.36"
212.108.43.59 - - [16/Feb/2017:09:52:17 +0100] "POST /entry.php?id=11684 HTTP/1.1" 200 4249 "http://ed.activities.at/entry.php?id=11684" "Mozilla/5.0 (Windows NT 10.0; Win64; x64) AppleWebKit/537.36 (KHTML, like Gecko) Chrome/56.0.2924.87 Safari/537.36"
212.108.43.59 - - [16/Feb/2017:09:52:18 +0100] "GET /gui/javascript/form_form.js?1487235138 HTTP/1.1" 200 16206 "http://ed.activities.at/entry.php?id=11684" "Mozilla/5.0 (Windows NT 10.0; Win64; x64) AppleWebKit/537.36 (KHTML, like Gecko) Chrome/56.0.2924.87 Safari/537.36"
212.108.43.59 - - [16/Feb/2017:09:52:21 +0100] "POST /entry.php?id=11677 HTTP/1.1" 200 5280 "http://ed.activities.at/entry.php?id=11677" "Mozilla/5.0 (Windows NT 10.0; Win64; x64) AppleWebKit/537.36 (KHTML, like Gecko) Chrome/56.0.2924.87 Safari/537.36"
212.108.43.59 - - [16/Feb/2017:09:52:22 +0100] "GET /gui/javascript/form_form.js?1487235142 HTTP/1.1" 200 16206 "http://ed.activities.at/entry.php?id=11677" "Mozilla/5.0 (Windows NT 10.0; Win64; x64) AppleWebKit/537.36 (KHTML, like Gecko) Chrome/56.0.2924.87 Safari/537.36"
90.152.128.107 - - [16/Feb/2017:09:52:33 +0100] "GET /entry.php?id=10271&&ser=235081 HTTP/1.1" 200 989 "http://ed.activities.at/entry.php?id=10271&&ser=235015" "Mozilla/5.0 (Windows NT 10.0; WOW64) AppleWebKit/537.36 (KHTML, like Gecko) Chrome/56.0.2924.87 Safari/537.36"
90.152.128.107 - - [16/Feb/2017:09:52:37 +0100] "GET /gui/javascript/form_form.js?1487235153 HTTP/1.1" 200 16206 "http://ed.activities.at/entry.php?id=10271&&ser=235081" "Mozilla/5.0 (Windows NT 10.0; WOW64) AppleWebKit/537.36 (KHTML, like Gecko) Chrome/56.0.2924.87 Safari/537.36"
212.108.43.59 - - [16/Feb/2017:09:52:56 +0100] "GET /entry.php?id=10271&&ser=235116 HTTP/1.1" 200 986 "http://ed.activities.at/entry.php?id=10271&&ser=235052" "Mozilla/5.0 (Windows NT 10.0; Win64; x64) AppleWebKit/537.36 (KHTML, like Gecko) Chrome/56.0.2924.87 Safari/537.36"
212.108.43.59 - - [16/Feb/2017:09:52:56 +0100] "GET /gui/javascript/form_form.js?1487235176 HTTP/1.1" 200 16206 "http://ed.activities.at/entry.php?id=10271&&ser=235116" "Mozilla/5.0 (Windows NT 10.0; Win64; x64) AppleWebKit/537.36 (KHTML, like Gecko) Chrome/56.0.2924.87 Safari/537.36"
212.108.43.59 - - [16/Feb/2017:09:53:00 +0100] "GET /entry.php?id=10877&mode=loadTemplateselect&obj=10201431&class=&tag=emuc_roodam_company&reftag=&ser=1487235182040 HTTP/1.1" 200 93 "http://ed.activities.at/entry.php?id=11677" "Mozilla/5.0 (Windows NT 10.0; Win64; x64) AppleWebKit/537.36 (KHTML, like Gecko) Chrome/56.0.2924.87 Safari/537.36"
212.108.43.59 - - [16/Feb/2017:09:53:02 +0100] "POST /entry.php?id=11677 HTTP/1.1" 200 5278 "http://ed.activities.at/entry.php?id=11677" "Mozilla/5.0 (Windows NT 10.0; Win64; x64) AppleWebKit/537.36 (KHTML, like Gecko) Chrome/56.0.2924.87 Safari/537.36"
212.108.43.59 - - [16/Feb/2017:09:53:03 +0100] "GET /gui/javascript/form_form.js?1487235183 HTTP/1.1" 200 16206 "http://ed.activities.at/entry.php?id=11677" "Mozilla/5.0 (Windows NT 10.0; Win64; x64) AppleWebKit/537.36 (KHTML, like Gecko) Chrome/56.0.2924.87 Safari/537.36"
212.108.43.59 - - [16/Feb/2017:09:53:09 +0100] "GET /entry.php?id=10271&&ser=235129 HTTP/1.1" 200 986 "http://ed.activities.at/entry.php?id=10271&&ser=235068" "Mozilla/5.0 (Windows NT 10.0; Win64; x64) AppleWebKit/537.36 (KHTML, like Gecko) Chrome/56.0.2924.87 Safari/537.36"
212.108.43.59 - - [16/Feb/2017:09:53:09 +0100] "GET /gui/javascript/form_form.js?1487235189 HTTP/1.1" 200 16206 "http://ed.activities.at/entry.php?id=10271&&ser=235129" "Mozilla/5.0 (Windows NT 10.0; Win64; x64) AppleWebKit/537.36 (KHTML, like Gecko) Chrome/56.0.2924.87 Safari/537.36"
212.108.43.59 - - [16/Feb/2017:09:53:11 +0100] "GET /entry.php?id=11665&chooserview=addnewmenueitem&hidetitle=true HTTP/1.1" 200 2569 "http://ed.activities.at/entry.php?id=11412" "Mozilla/5.0 (Windows NT 10.0; Win64; x64) AppleWebKit/537.36 (KHTML, like Gecko) Chrome/56.0.2924.87 Safari/537.36"
212.108.43.59 - - [16/Feb/2017:09:53:12 +0100] "GET /gui/javascript/form_form.js?1487235192 HTTP/1.1" 200 16206 "http://ed.activities.at/entry.php?id=11665&chooserview=addnewmenueitem&hidetitle=true" "Mozilla/5.0 (Windows NT 10.0; Win64; x64) AppleWebKit/537.36 (KHTML, like Gecko) Chrome/56.0.2924.87 Safari/537.36"
212.108.43.59 - - [16/Feb/2017:09:53:12 +0100] "GET /entry.php?id=10776&form=11490&name=list& HTTP/1.1" 200 1874 "http://ed.activities.at/entry.php?id=11665&chooserview=addnewmenueitem&hidetitle=true" "Mozilla/5.0 (Windows NT 10.0; Win64; x64) AppleWebKit/537.36 (KHTML, like Gecko) Chrome/56.0.2924.87 Safari/537.36"
212.108.43.59 - - [16/Feb/2017:09:53:12 +0100] "GET /entry.php?id=10778&form=11490&name=list& HTTP/1.1" 200 7822 "http://ed.activities.at/entry.php?id=11665&chooserview=addnewmenueitem&hidetitle=true" "Mozilla/5.0 (Windows NT 10.0; Win64; x64) AppleWebKit/537.36 (KHTML, like Gecko) Chrome/56.0.2924.87 Safari/537.36"
212.108.43.59 - - [16/Feb/2017:09:53:21 +0100] "POST /entry.php?id=11677 HTTP/1.1" 200 4584 "http://ed.activities.at/entry.php?id=11677" "Mozilla/5.0 (Windows NT 10.0; Win64; x64) AppleWebKit/537.36 (KHTML, like Gecko) Chrome/56.0.2924.87 Safari/537.36"
212.108.43.59 - - [16/Feb/2017:09:53:22 +0100] "GET /gui/javascript/form_form.js?1487235202 HTTP/1.1" 200 16206 "http://ed.activities.at/entry.php?id=11677" "Mozilla/5.0 (Windows NT 10.0; Win64; x64) AppleWebKit/537.36 (KHTML, like Gecko) Chrome/56.0.2924.87 Safari/537.36"
90.152.128.107 - - [16/Feb/2017:09:53:44 +0100] "GET /entry.php?id=10271&&ser=235153 HTTP/1.1" 200 989 "http://ed.activities.at/entry.php?id=10271&&ser=235081" "Mozilla/5.0 (Windows NT 10.0; WOW64) AppleWebKit/537.36 (KHTML, like Gecko) Chrome/56.0.2924.87 Safari/537.36"
90.152.128.107 - - [16/Feb/2017:09:53:47 +0100] "GET /gui/javascript/form_form.js?1487235224 HTTP/1.1" 200 16206 "http://ed.activities.at/entry.php?id=10271&&ser=235153" "Mozilla/5.0 (Windows NT 10.0; WOW64) AppleWebKit/537.36 (KHTML, like Gecko) Chrome/56.0.2924.87 Safari/537.36"
212.108.43.59 - - [16/Feb/2017:09:53:58 +0100] "GET /entry.php?id=10271&&ser=235176 HTTP/1.1" 200 986 "http://ed.activities.at/entry.php?id=10271&&ser=235116" "Mozilla/5.0 (Windows NT 10.0; Win64; x64) AppleWebKit/537.36 (KHTML, like Gecko) Chrome/56.0.2924.87 Safari/537.36"
212.108.43.59 - - [16/Feb/2017:09:53:59 +0100] "GET /gui/javascript/form_form.js?1487235239 HTTP/1.1" 200 16206 "http://ed.activities.at/entry.php?id=10271&&ser=235176" "Mozilla/5.0 (Windows NT 10.0; Win64; x64) AppleWebKit/537.36 (KHTML, like Gecko) Chrome/56.0.2924.87 Safari/537.36"
212.108.43.59 - - [16/Feb/2017:09:54:09 +0100] "GET /entry.php?id=10271&&ser=235189 HTTP/1.1" 200 986 "http://ed.activities.at/entry.php?id=10271&&ser=235129" "Mozilla/5.0 (Windows NT 10.0; Win64; x64) AppleWebKit/537.36 (KHTML, like Gecko) Chrome/56.0.2924.87 Safari/537.36"
212.108.43.59 - - [16/Feb/2017:09:54:09 +0100] "GET /gui/javascript/form_form.js?1487235249 HTTP/1.1" 200 16206 "http://ed.activities.at/entry.php?id=10271&&ser=235189" "Mozilla/5.0 (Windows NT 10.0; Win64; x64) AppleWebKit/537.36 (KHTML, like Gecko) Chrome/56.0.2924.87 Safari/537.36"
90.152.128.107 - - [16/Feb/2017:09:54:55 +0100] "GET /entry.php?id=10271&&ser=235224 HTTP/1.1" 200 989 "http://ed.activities.at/entry.php?id=10271&&ser=235153" "Mozilla/5.0 (Windows NT 10.0; WOW64) AppleWebKit/537.36 (KHTML, like Gecko) Chrome/56.0.2924.87 Safari/537.36"
90.152.128.107 - - [16/Feb/2017:09:54:55 +0100] "GET /gui/javascript/form_form.js?1487235295 HTTP/1.1" 200 16206 "http://ed.activities.at/entry.php?id=10271&&ser=235224" "Mozilla/5.0 (Windows NT 10.0; WOW64) AppleWebKit/537.36 (KHTML, like Gecko) Chrome/56.0.2924.87 Safari/537.36"
212.108.43.59 - - [16/Feb/2017:09:54:59 +0100] "GET /entry.php?id=10271&&ser=235239 HTTP/1.1" 200 986 "http://ed.activities.at/entry.php?id=10271&&ser=235176" "Mozilla/5.0 (Windows NT 10.0; Win64; x64) AppleWebKit/537.36 (KHTML, like Gecko) Chrome/56.0.2924.87 Safari/537.36"
212.108.43.59 - - [16/Feb/2017:09:54:59 +0100] "GET /gui/javascript/form_form.js?1487235299 HTTP/1.1" 200 16206 "http://ed.activities.at/entry.php?id=10271&&ser=235239" "Mozilla/5.0 (Windows NT 10.0; Win64; x64) AppleWebKit/537.36 (KHTML, like Gecko) Chrome/56.0.2924.87 Safari/537.36"
212.108.43.59 - - [16/Feb/2017:09:55:08 +0100] "POST /entry.php?id=11677 HTTP/1.1" 200 3220 "http://ed.activities.at/entry.php?id=11677" "Mozilla/5.0 (Windows NT 10.0; Win64; x64) AppleWebKit/537.36 (KHTML, like Gecko) Chrome/56.0.2924.87 Safari/537.36"
212.108.43.59 - - [16/Feb/2017:09:55:09 +0100] "GET /gui/javascript/form_form.js?1487235309 HTTP/1.1" 200 16206 "http://ed.activities.at/entry.php?id=11677" "Mozilla/5.0 (Windows NT 10.0; Win64; x64) AppleWebKit/537.36 (KHTML, like Gecko) Chrome/56.0.2924.87 Safari/537.36"
212.108.43.59 - - [16/Feb/2017:09:55:09 +0100] "GET /entry.php?id=10776&form=11502&name=list& HTTP/1.1" 200 1475 "http://ed.activities.at/entry.php?id=11677" "Mozilla/5.0 (Windows NT 10.0; Win64; x64) AppleWebKit/537.36 (KHTML, like Gecko) Chrome/56.0.2924.87 Safari/537.36"
212.108.43.59 - - [16/Feb/2017:09:55:09 +0100] "GET /entry.php?id=10778&form=11502&name=list& HTTP/1.1" 200 3785 "http://ed.activities.at/entry.php?id=11677" "Mozilla/5.0 (Windows NT 10.0; Win64; x64) AppleWebKit/537.36 (KHTML, like Gecko) Chrome/56.0.2924.87 Safari/537.36"
212.108.43.59 - - [16/Feb/2017:09:55:10 +0100] "GET /entry.php?id=10271&&ser=235249 HTTP/1.1" 200 986 "http://ed.activities.at/entry.php?id=10271&&ser=235189" "Mozilla/5.0 (Windows NT 10.0; Win64; x64) AppleWebKit/537.36 (KHTML, like Gecko) Chrome/56.0.2924.87 Safari/537.36"
212.108.43.59 - - [16/Feb/2017:09:55:10 +0100] "GET /gui/javascript/form_form.js?1487235310 HTTP/1.1" 200 16206 "http://ed.activities.at/entry.php?id=10271&&ser=235249" "Mozilla/5.0 (Windows NT 10.0; Win64; x64) AppleWebKit/537.36 (KHTML, like Gecko) Chrome/56.0.2924.87 Safari/537.36"
