212.108.43.59 - - [22/Feb/2017:15:33:51 +0100] "GET /entry.php?id=10271&&ser=773971 HTTP/1.1" 200 987 "http://ed.activities.at/entry.php?id=10271&&ser=773911" "Mozilla/5.0 (Windows NT 10.0; Win64; x64) AppleWebKit/537.36 (KHTML, like Gecko) Chrome/56.0.2924.87 Safari/537.36"
212.108.43.59 - - [22/Feb/2017:15:33:52 +0100] "GET /gui/javascript/form_form.js?1487774032 HTTP/1.1" 200 16206 "http://ed.activities.at/entry.php?id=10271&&ser=773971" "Mozilla/5.0 (Windows NT 10.0; Win64; x64) AppleWebKit/537.36 (KHTML, like Gecko) Chrome/56.0.2924.87 Safari/537.36"
212.108.43.59 - - [22/Feb/2017:15:34:52 +0100] "GET /entry.php?id=10271&&ser=774032 HTTP/1.1" 200 987 "http://ed.activities.at/entry.php?id=10271&&ser=773971" "Mozilla/5.0 (Windows NT 10.0; Win64; x64) AppleWebKit/537.36 (KHTML, like Gecko) Chrome/56.0.2924.87 Safari/537.36"
212.108.43.59 - - [22/Feb/2017:15:34:52 +0100] "GET /gui/javascript/form_form.js?1487774092 HTTP/1.1" 200 16206 "http://ed.activities.at/entry.php?id=10271&&ser=774032" "Mozilla/5.0 (Windows NT 10.0; Win64; x64) AppleWebKit/537.36 (KHTML, like Gecko) Chrome/56.0.2924.87 Safari/537.36"
212.108.43.59 - - [22/Feb/2017:15:35:52 +0100] "GET /entry.php?id=10271&&ser=774092 HTTP/1.1" 200 987 "http://ed.activities.at/entry.php?id=10271&&ser=774032" "Mozilla/5.0 (Windows NT 10.0; Win64; x64) AppleWebKit/537.36 (KHTML, like Gecko) Chrome/56.0.2924.87 Safari/537.36"
212.108.43.59 - - [22/Feb/2017:15:35:52 +0100] "GET /gui/javascript/form_form.js?1487774152 HTTP/1.1" 200 16206 "http://ed.activities.at/entry.php?id=10271&&ser=774092" "Mozilla/5.0 (Windows NT 10.0; Win64; x64) AppleWebKit/537.36 (KHTML, like Gecko) Chrome/56.0.2924.87 Safari/537.36"
212.108.43.59 - - [22/Feb/2017:15:36:53 +0100] "GET /entry.php?id=10271&&ser=774152 HTTP/1.1" 200 987 "http://ed.activities.at/entry.php?id=10271&&ser=774092" "Mozilla/5.0 (Windows NT 10.0; Win64; x64) AppleWebKit/537.36 (KHTML, like Gecko) Chrome/56.0.2924.87 Safari/537.36"
212.108.43.59 - - [22/Feb/2017:15:36:53 +0100] "GET /gui/javascript/form_form.js?1487774213 HTTP/1.1" 200 16206 "http://ed.activities.at/entry.php?id=10271&&ser=774152" "Mozilla/5.0 (Windows NT 10.0; Win64; x64) AppleWebKit/537.36 (KHTML, like Gecko) Chrome/56.0.2924.87 Safari/537.36"
212.108.43.59 - - [22/Feb/2017:15:37:53 +0100] "GET /entry.php?id=10271&&ser=774213 HTTP/1.1" 200 987 "http://ed.activities.at/entry.php?id=10271&&ser=774152" "Mozilla/5.0 (Windows NT 10.0; Win64; x64) AppleWebKit/537.36 (KHTML, like Gecko) Chrome/56.0.2924.87 Safari/537.36"
212.108.43.59 - - [22/Feb/2017:15:37:53 +0100] "GET /gui/javascript/form_form.js?1487774273 HTTP/1.1" 200 16206 "http://ed.activities.at/entry.php?id=10271&&ser=774213" "Mozilla/5.0 (Windows NT 10.0; Win64; x64) AppleWebKit/537.36 (KHTML, like Gecko) Chrome/56.0.2924.87 Safari/537.36"
212.108.43.59 - - [22/Feb/2017:15:38:53 +0100] "GET /entry.php?id=10271&&ser=774273 HTTP/1.1" 200 986 "http://ed.activities.at/entry.php?id=10271&&ser=774213" "Mozilla/5.0 (Windows NT 10.0; Win64; x64) AppleWebKit/537.36 (KHTML, like Gecko) Chrome/56.0.2924.87 Safari/537.36"
212.108.43.59 - - [22/Feb/2017:15:38:53 +0100] "GET /gui/javascript/form_form.js?1487774333 HTTP/1.1" 200 16206 "http://ed.activities.at/entry.php?id=10271&&ser=774273" "Mozilla/5.0 (Windows NT 10.0; Win64; x64) AppleWebKit/537.36 (KHTML, like Gecko) Chrome/56.0.2924.87 Safari/537.36"
212.108.43.59 - - [22/Feb/2017:15:39:54 +0100] "GET /entry.php?id=10271&&ser=774333 HTTP/1.1" 200 985 "http://ed.activities.at/entry.php?id=10271&&ser=774273" "Mozilla/5.0 (Windows NT 10.0; Win64; x64) AppleWebKit/537.36 (KHTML, like Gecko) Chrome/56.0.2924.87 Safari/537.36"
212.108.43.59 - - [22/Feb/2017:15:39:54 +0100] "GET /gui/javascript/form_form.js?1487774394 HTTP/1.1" 200 16206 "http://ed.activities.at/entry.php?id=10271&&ser=774333" "Mozilla/5.0 (Windows NT 10.0; Win64; x64) AppleWebKit/537.36 (KHTML, like Gecko) Chrome/56.0.2924.87 Safari/537.36"
212.108.43.59 - - [22/Feb/2017:15:40:54 +0100] "GET /entry.php?id=10271&&ser=774394 HTTP/1.1" 200 986 "http://ed.activities.at/entry.php?id=10271&&ser=774333" "Mozilla/5.0 (Windows NT 10.0; Win64; x64) AppleWebKit/537.36 (KHTML, like Gecko) Chrome/56.0.2924.87 Safari/537.36"
212.108.43.59 - - [22/Feb/2017:15:40:54 +0100] "GET /gui/javascript/form_form.js?1487774454 HTTP/1.1" 200 16206 "http://ed.activities.at/entry.php?id=10271&&ser=774394" "Mozilla/5.0 (Windows NT 10.0; Win64; x64) AppleWebKit/537.36 (KHTML, like Gecko) Chrome/56.0.2924.87 Safari/537.36"
212.108.43.59 - - [22/Feb/2017:15:41:54 +0100] "GET /entry.php?id=10271&&ser=774454 HTTP/1.1" 200 987 "http://ed.activities.at/entry.php?id=10271&&ser=774394" "Mozilla/5.0 (Windows NT 10.0; Win64; x64) AppleWebKit/537.36 (KHTML, like Gecko) Chrome/56.0.2924.87 Safari/537.36"
212.108.43.59 - - [22/Feb/2017:15:41:55 +0100] "GET /gui/javascript/form_form.js?1487774515 HTTP/1.1" 200 16206 "http://ed.activities.at/entry.php?id=10271&&ser=774454" "Mozilla/5.0 (Windows NT 10.0; Win64; x64) AppleWebKit/537.36 (KHTML, like Gecko) Chrome/56.0.2924.87 Safari/537.36"
212.108.43.59 - - [22/Feb/2017:15:42:55 +0100] "GET /entry.php?id=10271&&ser=774515 HTTP/1.1" 200 987 "http://ed.activities.at/entry.php?id=10271&&ser=774454" "Mozilla/5.0 (Windows NT 10.0; Win64; x64) AppleWebKit/537.36 (KHTML, like Gecko) Chrome/56.0.2924.87 Safari/537.36"
212.108.43.59 - - [22/Feb/2017:15:42:55 +0100] "GET /gui/javascript/form_form.js?1487774575 HTTP/1.1" 200 16206 "http://ed.activities.at/entry.php?id=10271&&ser=774515" "Mozilla/5.0 (Windows NT 10.0; Win64; x64) AppleWebKit/537.36 (KHTML, like Gecko) Chrome/56.0.2924.87 Safari/537.36"
212.108.43.59 - - [22/Feb/2017:15:43:55 +0100] "GET /entry.php?id=10271&&ser=774575 HTTP/1.1" 200 987 "http://ed.activities.at/entry.php?id=10271&&ser=774515" "Mozilla/5.0 (Windows NT 10.0; Win64; x64) AppleWebKit/537.36 (KHTML, like Gecko) Chrome/56.0.2924.87 Safari/537.36"
212.108.43.59 - - [22/Feb/2017:15:43:55 +0100] "GET /gui/javascript/form_form.js?1487774635 HTTP/1.1" 200 16206 "http://ed.activities.at/entry.php?id=10271&&ser=774575" "Mozilla/5.0 (Windows NT 10.0; Win64; x64) AppleWebKit/537.36 (KHTML, like Gecko) Chrome/56.0.2924.87 Safari/537.36"
212.108.43.59 - - [22/Feb/2017:15:44:56 +0100] "GET /entry.php?id=10271&&ser=774635 HTTP/1.1" 200 987 "http://ed.activities.at/entry.php?id=10271&&ser=774575" "Mozilla/5.0 (Windows NT 10.0; Win64; x64) AppleWebKit/537.36 (KHTML, like Gecko) Chrome/56.0.2924.87 Safari/537.36"
212.108.43.59 - - [22/Feb/2017:15:44:56 +0100] "GET /gui/javascript/form_form.js?1487774696 HTTP/1.1" 200 16206 "http://ed.activities.at/entry.php?id=10271&&ser=774635" "Mozilla/5.0 (Windows NT 10.0; Win64; x64) AppleWebKit/537.36 (KHTML, like Gecko) Chrome/56.0.2924.87 Safari/537.36"
212.108.43.59 - - [22/Feb/2017:15:45:56 +0100] "GET /entry.php?id=10271&&ser=774696 HTTP/1.1" 200 987 "http://ed.activities.at/entry.php?id=10271&&ser=774635" "Mozilla/5.0 (Windows NT 10.0; Win64; x64) AppleWebKit/537.36 (KHTML, like Gecko) Chrome/56.0.2924.87 Safari/537.36"
212.108.43.59 - - [22/Feb/2017:15:45:56 +0100] "GET /gui/javascript/form_form.js?1487774756 HTTP/1.1" 200 16206 "http://ed.activities.at/entry.php?id=10271&&ser=774696" "Mozilla/5.0 (Windows NT 10.0; Win64; x64) AppleWebKit/537.36 (KHTML, like Gecko) Chrome/56.0.2924.87 Safari/537.36"
212.108.43.59 - - [22/Feb/2017:15:46:57 +0100] "GET /entry.php?id=10271&&ser=774756 HTTP/1.1" 200 987 "http://ed.activities.at/entry.php?id=10271&&ser=774696" "Mozilla/5.0 (Windows NT 10.0; Win64; x64) AppleWebKit/537.36 (KHTML, like Gecko) Chrome/56.0.2924.87 Safari/537.36"
212.108.43.59 - - [22/Feb/2017:15:46:57 +0100] "GET /gui/javascript/form_form.js?1487774817 HTTP/1.1" 200 16206 "http://ed.activities.at/entry.php?id=10271&&ser=774756" "Mozilla/5.0 (Windows NT 10.0; Win64; x64) AppleWebKit/537.36 (KHTML, like Gecko) Chrome/56.0.2924.87 Safari/537.36"
212.108.43.59 - - [22/Feb/2017:15:47:57 +0100] "GET /entry.php?id=10271&&ser=774817 HTTP/1.1" 200 985 "http://ed.activities.at/entry.php?id=10271&&ser=774756" "Mozilla/5.0 (Windows NT 10.0; Win64; x64) AppleWebKit/537.36 (KHTML, like Gecko) Chrome/56.0.2924.87 Safari/537.36"
212.108.43.59 - - [22/Feb/2017:15:47:57 +0100] "GET /gui/javascript/form_form.js?1487774877 HTTP/1.1" 200 16206 "http://ed.activities.at/entry.php?id=10271&&ser=774817" "Mozilla/5.0 (Windows NT 10.0; Win64; x64) AppleWebKit/537.36 (KHTML, like Gecko) Chrome/56.0.2924.87 Safari/537.36"
212.108.43.59 - - [22/Feb/2017:15:48:57 +0100] "GET /entry.php?id=10271&&ser=774877 HTTP/1.1" 200 987 "http://ed.activities.at/entry.php?id=10271&&ser=774817" "Mozilla/5.0 (Windows NT 10.0; Win64; x64) AppleWebKit/537.36 (KHTML, like Gecko) Chrome/56.0.2924.87 Safari/537.36"
212.108.43.59 - - [22/Feb/2017:15:48:57 +0100] "GET /gui/javascript/form_form.js?1487774937 HTTP/1.1" 200 16206 "http://ed.activities.at/entry.php?id=10271&&ser=774877" "Mozilla/5.0 (Windows NT 10.0; Win64; x64) AppleWebKit/537.36 (KHTML, like Gecko) Chrome/56.0.2924.87 Safari/537.36"
212.108.43.59 - - [22/Feb/2017:15:49:58 +0100] "GET /entry.php?id=10271&&ser=774937 HTTP/1.1" 200 987 "http://ed.activities.at/entry.php?id=10271&&ser=774877" "Mozilla/5.0 (Windows NT 10.0; Win64; x64) AppleWebKit/537.36 (KHTML, like Gecko) Chrome/56.0.2924.87 Safari/537.36"
212.108.43.59 - - [22/Feb/2017:15:49:58 +0100] "GET /gui/javascript/form_form.js?1487774998 HTTP/1.1" 200 16206 "http://ed.activities.at/entry.php?id=10271&&ser=774937" "Mozilla/5.0 (Windows NT 10.0; Win64; x64) AppleWebKit/537.36 (KHTML, like Gecko) Chrome/56.0.2924.87 Safari/537.36"
212.108.43.59 - - [22/Feb/2017:15:50:58 +0100] "GET /entry.php?id=10271&&ser=774998 HTTP/1.1" 200 987 "http://ed.activities.at/entry.php?id=10271&&ser=774937" "Mozilla/5.0 (Windows NT 10.0; Win64; x64) AppleWebKit/537.36 (KHTML, like Gecko) Chrome/56.0.2924.87 Safari/537.36"
212.108.43.59 - - [22/Feb/2017:15:50:58 +0100] "GET /gui/javascript/form_form.js?1487775058 HTTP/1.1" 200 16206 "http://ed.activities.at/entry.php?id=10271&&ser=774998" "Mozilla/5.0 (Windows NT 10.0; Win64; x64) AppleWebKit/537.36 (KHTML, like Gecko) Chrome/56.0.2924.87 Safari/537.36"
212.108.43.59 - - [22/Feb/2017:15:51:58 +0100] "GET /entry.php?id=10271&&ser=775058 HTTP/1.1" 200 987 "http://ed.activities.at/entry.php?id=10271&&ser=774998" "Mozilla/5.0 (Windows NT 10.0; Win64; x64) AppleWebKit/537.36 (KHTML, like Gecko) Chrome/56.0.2924.87 Safari/537.36"
212.108.43.59 - - [22/Feb/2017:15:51:59 +0100] "GET /gui/javascript/form_form.js?1487775119 HTTP/1.1" 200 16206 "http://ed.activities.at/entry.php?id=10271&&ser=775058" "Mozilla/5.0 (Windows NT 10.0; Win64; x64) AppleWebKit/537.36 (KHTML, like Gecko) Chrome/56.0.2924.87 Safari/537.36"
212.108.43.59 - - [22/Feb/2017:15:52:59 +0100] "GET /entry.php?id=10271&&ser=775119 HTTP/1.1" 200 987 "http://ed.activities.at/entry.php?id=10271&&ser=775058" "Mozilla/5.0 (Windows NT 10.0; Win64; x64) AppleWebKit/537.36 (KHTML, like Gecko) Chrome/56.0.2924.87 Safari/537.36"
212.108.43.59 - - [22/Feb/2017:15:52:59 +0100] "GET /gui/javascript/form_form.js?1487775179 HTTP/1.1" 200 16206 "http://ed.activities.at/entry.php?id=10271&&ser=775119" "Mozilla/5.0 (Windows NT 10.0; Win64; x64) AppleWebKit/537.36 (KHTML, like Gecko) Chrome/56.0.2924.87 Safari/537.36"
212.108.43.59 - - [22/Feb/2017:15:53:59 +0100] "GET /entry.php?id=10271&&ser=775179 HTTP/1.1" 200 987 "http://ed.activities.at/entry.php?id=10271&&ser=775119" "Mozilla/5.0 (Windows NT 10.0; Win64; x64) AppleWebKit/537.36 (KHTML, like Gecko) Chrome/56.0.2924.87 Safari/537.36"
212.108.43.59 - - [22/Feb/2017:15:53:59 +0100] "GET /gui/javascript/form_form.js?1487775239 HTTP/1.1" 200 16206 "http://ed.activities.at/entry.php?id=10271&&ser=775179" "Mozilla/5.0 (Windows NT 10.0; Win64; x64) AppleWebKit/537.36 (KHTML, like Gecko) Chrome/56.0.2924.87 Safari/537.36"
212.108.43.59 - - [22/Feb/2017:15:55:00 +0100] "GET /entry.php?id=10271&&ser=775239 HTTP/1.1" 200 987 "http://ed.activities.at/entry.php?id=10271&&ser=775179" "Mozilla/5.0 (Windows NT 10.0; Win64; x64) AppleWebKit/537.36 (KHTML, like Gecko) Chrome/56.0.2924.87 Safari/537.36"
212.108.43.59 - - [22/Feb/2017:15:55:00 +0100] "GET /gui/javascript/form_form.js?1487775300 HTTP/1.1" 200 16206 "http://ed.activities.at/entry.php?id=10271&&ser=775239" "Mozilla/5.0 (Windows NT 10.0; Win64; x64) AppleWebKit/537.36 (KHTML, like Gecko) Chrome/56.0.2924.87 Safari/537.36"
212.108.43.59 - - [22/Feb/2017:15:56:00 +0100] "GET /entry.php?id=10271&&ser=775300 HTTP/1.1" 200 987 "http://ed.activities.at/entry.php?id=10271&&ser=775239" "Mozilla/5.0 (Windows NT 10.0; Win64; x64) AppleWebKit/537.36 (KHTML, like Gecko) Chrome/56.0.2924.87 Safari/537.36"
212.108.43.59 - - [22/Feb/2017:15:56:00 +0100] "GET /gui/javascript/form_form.js?1487775360 HTTP/1.1" 200 16206 "http://ed.activities.at/entry.php?id=10271&&ser=775300" "Mozilla/5.0 (Windows NT 10.0; Win64; x64) AppleWebKit/537.36 (KHTML, like Gecko) Chrome/56.0.2924.87 Safari/537.36"
212.108.43.59 - - [22/Feb/2017:15:57:01 +0100] "GET /entry.php?id=10271&&ser=775360 HTTP/1.1" 200 987 "http://ed.activities.at/entry.php?id=10271&&ser=775300" "Mozilla/5.0 (Windows NT 10.0; Win64; x64) AppleWebKit/537.36 (KHTML, like Gecko) Chrome/56.0.2924.87 Safari/537.36"
212.108.43.59 - - [22/Feb/2017:15:57:01 +0100] "GET /gui/javascript/form_form.js?1487775421 HTTP/1.1" 200 16206 "http://ed.activities.at/entry.php?id=10271&&ser=775360" "Mozilla/5.0 (Windows NT 10.0; Win64; x64) AppleWebKit/537.36 (KHTML, like Gecko) Chrome/56.0.2924.87 Safari/537.36"
212.108.43.59 - - [22/Feb/2017:15:58:01 +0100] "GET /entry.php?id=10271&&ser=775421 HTTP/1.1" 200 986 "http://ed.activities.at/entry.php?id=10271&&ser=775360" "Mozilla/5.0 (Windows NT 10.0; Win64; x64) AppleWebKit/537.36 (KHTML, like Gecko) Chrome/56.0.2924.87 Safari/537.36"
212.108.43.59 - - [22/Feb/2017:15:58:01 +0100] "GET /gui/javascript/form_form.js?1487775481 HTTP/1.1" 200 16206 "http://ed.activities.at/entry.php?id=10271&&ser=775421" "Mozilla/5.0 (Windows NT 10.0; Win64; x64) AppleWebKit/537.36 (KHTML, like Gecko) Chrome/56.0.2924.87 Safari/537.36"
212.108.43.59 - - [22/Feb/2017:15:59:01 +0100] "GET /entry.php?id=10271&&ser=775481 HTTP/1.1" 200 987 "http://ed.activities.at/entry.php?id=10271&&ser=775421" "Mozilla/5.0 (Windows NT 10.0; Win64; x64) AppleWebKit/537.36 (KHTML, like Gecko) Chrome/56.0.2924.87 Safari/537.36"
212.108.43.59 - - [22/Feb/2017:15:59:02 +0100] "GET /gui/javascript/form_form.js?1487775541 HTTP/1.1" 200 16206 "http://ed.activities.at/entry.php?id=10271&&ser=775481" "Mozilla/5.0 (Windows NT 10.0; Win64; x64) AppleWebKit/537.36 (KHTML, like Gecko) Chrome/56.0.2924.87 Safari/537.36"
212.108.43.59 - - [22/Feb/2017:16:00:02 +0100] "GET /entry.php?id=10271&&ser=775541 HTTP/1.1" 200 987 "http://ed.activities.at/entry.php?id=10271&&ser=775481" "Mozilla/5.0 (Windows NT 10.0; Win64; x64) AppleWebKit/537.36 (KHTML, like Gecko) Chrome/56.0.2924.87 Safari/537.36"
212.108.43.59 - - [22/Feb/2017:16:00:02 +0100] "GET /gui/javascript/form_form.js?1487775602 HTTP/1.1" 200 16206 "http://ed.activities.at/entry.php?id=10271&&ser=775541" "Mozilla/5.0 (Windows NT 10.0; Win64; x64) AppleWebKit/537.36 (KHTML, like Gecko) Chrome/56.0.2924.87 Safari/537.36"
212.108.43.59 - - [22/Feb/2017:16:01:02 +0100] "GET /entry.php?id=10271&&ser=775602 HTTP/1.1" 200 987 "http://ed.activities.at/entry.php?id=10271&&ser=775541" "Mozilla/5.0 (Windows NT 10.0; Win64; x64) AppleWebKit/537.36 (KHTML, like Gecko) Chrome/56.0.2924.87 Safari/537.36"
212.108.43.59 - - [22/Feb/2017:16:01:02 +0100] "GET /gui/javascript/form_form.js?1487775662 HTTP/1.1" 200 16206 "http://ed.activities.at/entry.php?id=10271&&ser=775602" "Mozilla/5.0 (Windows NT 10.0; Win64; x64) AppleWebKit/537.36 (KHTML, like Gecko) Chrome/56.0.2924.87 Safari/537.36"
212.108.43.59 - - [22/Feb/2017:16:02:03 +0100] "GET /entry.php?id=10271&&ser=775662 HTTP/1.1" 200 987 "http://ed.activities.at/entry.php?id=10271&&ser=775602" "Mozilla/5.0 (Windows NT 10.0; Win64; x64) AppleWebKit/537.36 (KHTML, like Gecko) Chrome/56.0.2924.87 Safari/537.36"
212.108.43.59 - - [22/Feb/2017:16:02:03 +0100] "GET /gui/javascript/form_form.js?1487775723 HTTP/1.1" 200 16206 "http://ed.activities.at/entry.php?id=10271&&ser=775662" "Mozilla/5.0 (Windows NT 10.0; Win64; x64) AppleWebKit/537.36 (KHTML, like Gecko) Chrome/56.0.2924.87 Safari/537.36"
212.108.43.59 - - [22/Feb/2017:16:03:03 +0100] "GET /entry.php?id=10271&&ser=775723 HTTP/1.1" 200 987 "http://ed.activities.at/entry.php?id=10271&&ser=775662" "Mozilla/5.0 (Windows NT 10.0; Win64; x64) AppleWebKit/537.36 (KHTML, like Gecko) Chrome/56.0.2924.87 Safari/537.36"
212.108.43.59 - - [22/Feb/2017:16:03:03 +0100] "GET /gui/javascript/form_form.js?1487775783 HTTP/1.1" 200 16206 "http://ed.activities.at/entry.php?id=10271&&ser=775723" "Mozilla/5.0 (Windows NT 10.0; Win64; x64) AppleWebKit/537.36 (KHTML, like Gecko) Chrome/56.0.2924.87 Safari/537.36"
212.108.43.59 - - [22/Feb/2017:16:04:03 +0100] "GET /entry.php?id=10271&&ser=775783 HTTP/1.1" 200 987 "http://ed.activities.at/entry.php?id=10271&&ser=775723" "Mozilla/5.0 (Windows NT 10.0; Win64; x64) AppleWebKit/537.36 (KHTML, like Gecko) Chrome/56.0.2924.87 Safari/537.36"
212.108.43.59 - - [22/Feb/2017:16:04:04 +0100] "GET /gui/javascript/form_form.js?1487775843 HTTP/1.1" 200 16206 "http://ed.activities.at/entry.php?id=10271&&ser=775783" "Mozilla/5.0 (Windows NT 10.0; Win64; x64) AppleWebKit/537.36 (KHTML, like Gecko) Chrome/56.0.2924.87 Safari/537.36"
212.108.43.59 - - [22/Feb/2017:16:05:04 +0100] "GET /entry.php?id=10271&&ser=775843 HTTP/1.1" 200 987 "http://ed.activities.at/entry.php?id=10271&&ser=775783" "Mozilla/5.0 (Windows NT 10.0; Win64; x64) AppleWebKit/537.36 (KHTML, like Gecko) Chrome/56.0.2924.87 Safari/537.36"
212.108.43.59 - - [22/Feb/2017:16:05:04 +0100] "GET /gui/javascript/form_form.js?1487775904 HTTP/1.1" 200 16206 "http://ed.activities.at/entry.php?id=10271&&ser=775843" "Mozilla/5.0 (Windows NT 10.0; Win64; x64) AppleWebKit/537.36 (KHTML, like Gecko) Chrome/56.0.2924.87 Safari/537.36"
212.108.43.59 - - [22/Feb/2017:16:06:04 +0100] "GET /entry.php?id=10271&&ser=775904 HTTP/1.1" 200 987 "http://ed.activities.at/entry.php?id=10271&&ser=775843" "Mozilla/5.0 (Windows NT 10.0; Win64; x64) AppleWebKit/537.36 (KHTML, like Gecko) Chrome/56.0.2924.87 Safari/537.36"
212.108.43.59 - - [22/Feb/2017:16:06:04 +0100] "GET /gui/javascript/form_form.js?1487775964 HTTP/1.1" 200 16206 "http://ed.activities.at/entry.php?id=10271&&ser=775904" "Mozilla/5.0 (Windows NT 10.0; Win64; x64) AppleWebKit/537.36 (KHTML, like Gecko) Chrome/56.0.2924.87 Safari/537.36"
212.108.43.59 - - [22/Feb/2017:16:07:04 +0100] "GET /entry.php?id=10271&&ser=775964 HTTP/1.1" 200 986 "http://ed.activities.at/entry.php?id=10271&&ser=775904" "Mozilla/5.0 (Windows NT 10.0; Win64; x64) AppleWebKit/537.36 (KHTML, like Gecko) Chrome/56.0.2924.87 Safari/537.36"
212.108.43.59 - - [22/Feb/2017:16:07:05 +0100] "GET /gui/javascript/form_form.js?1487776025 HTTP/1.1" 200 16206 "http://ed.activities.at/entry.php?id=10271&&ser=775964" "Mozilla/5.0 (Windows NT 10.0; Win64; x64) AppleWebKit/537.36 (KHTML, like Gecko) Chrome/56.0.2924.87 Safari/537.36"
212.108.43.59 - - [22/Feb/2017:16:08:05 +0100] "GET /entry.php?id=10271&&ser=776025 HTTP/1.1" 200 987 "http://ed.activities.at/entry.php?id=10271&&ser=775964" "Mozilla/5.0 (Windows NT 10.0; Win64; x64) AppleWebKit/537.36 (KHTML, like Gecko) Chrome/56.0.2924.87 Safari/537.36"
212.108.43.59 - - [22/Feb/2017:16:08:05 +0100] "GET /gui/javascript/form_form.js?1487776085 HTTP/1.1" 200 16206 "http://ed.activities.at/entry.php?id=10271&&ser=776025" "Mozilla/5.0 (Windows NT 10.0; Win64; x64) AppleWebKit/537.36 (KHTML, like Gecko) Chrome/56.0.2924.87 Safari/537.36"
212.108.43.59 - - [22/Feb/2017:16:09:05 +0100] "GET /entry.php?id=10271&&ser=776085 HTTP/1.1" 200 987 "http://ed.activities.at/entry.php?id=10271&&ser=776025" "Mozilla/5.0 (Windows NT 10.0; Win64; x64) AppleWebKit/537.36 (KHTML, like Gecko) Chrome/56.0.2924.87 Safari/537.36"
212.108.43.59 - - [22/Feb/2017:16:09:06 +0100] "GET /gui/javascript/form_form.js?1487776146 HTTP/1.1" 200 16206 "http://ed.activities.at/entry.php?id=10271&&ser=776085" "Mozilla/5.0 (Windows NT 10.0; Win64; x64) AppleWebKit/537.36 (KHTML, like Gecko) Chrome/56.0.2924.87 Safari/537.36"
212.108.43.59 - - [22/Feb/2017:16:10:06 +0100] "GET /entry.php?id=10271&&ser=776146 HTTP/1.1" 200 986 "http://ed.activities.at/entry.php?id=10271&&ser=776085" "Mozilla/5.0 (Windows NT 10.0; Win64; x64) AppleWebKit/537.36 (KHTML, like Gecko) Chrome/56.0.2924.87 Safari/537.36"
212.108.43.59 - - [22/Feb/2017:16:10:06 +0100] "GET /gui/javascript/form_form.js?1487776206 HTTP/1.1" 200 16206 "http://ed.activities.at/entry.php?id=10271&&ser=776146" "Mozilla/5.0 (Windows NT 10.0; Win64; x64) AppleWebKit/537.36 (KHTML, like Gecko) Chrome/56.0.2924.87 Safari/537.36"
212.108.43.59 - - [22/Feb/2017:16:11:06 +0100] "GET /entry.php?id=10271&&ser=776206 HTTP/1.1" 200 987 "http://ed.activities.at/entry.php?id=10271&&ser=776146" "Mozilla/5.0 (Windows NT 10.0; Win64; x64) AppleWebKit/537.36 (KHTML, like Gecko) Chrome/56.0.2924.87 Safari/537.36"
212.108.43.59 - - [22/Feb/2017:16:11:06 +0100] "GET /gui/javascript/form_form.js?1487776266 HTTP/1.1" 200 16206 "http://ed.activities.at/entry.php?id=10271&&ser=776206" "Mozilla/5.0 (Windows NT 10.0; Win64; x64) AppleWebKit/537.36 (KHTML, like Gecko) Chrome/56.0.2924.87 Safari/537.36"
212.108.43.59 - - [22/Feb/2017:16:12:07 +0100] "GET /entry.php?id=10271&&ser=776266 HTTP/1.1" 200 987 "http://ed.activities.at/entry.php?id=10271&&ser=776206" "Mozilla/5.0 (Windows NT 10.0; Win64; x64) AppleWebKit/537.36 (KHTML, like Gecko) Chrome/56.0.2924.87 Safari/537.36"
212.108.43.59 - - [22/Feb/2017:16:12:07 +0100] "GET /gui/javascript/form_form.js?1487776327 HTTP/1.1" 200 16206 "http://ed.activities.at/entry.php?id=10271&&ser=776266" "Mozilla/5.0 (Windows NT 10.0; Win64; x64) AppleWebKit/537.36 (KHTML, like Gecko) Chrome/56.0.2924.87 Safari/537.36"
212.108.43.59 - - [22/Feb/2017:16:13:07 +0100] "GET /entry.php?id=10271&&ser=776327 HTTP/1.1" 200 987 "http://ed.activities.at/entry.php?id=10271&&ser=776266" "Mozilla/5.0 (Windows NT 10.0; Win64; x64) AppleWebKit/537.36 (KHTML, like Gecko) Chrome/56.0.2924.87 Safari/537.36"
212.108.43.59 - - [22/Feb/2017:16:13:07 +0100] "GET /gui/javascript/form_form.js?1487776387 HTTP/1.1" 200 16206 "http://ed.activities.at/entry.php?id=10271&&ser=776327" "Mozilla/5.0 (Windows NT 10.0; Win64; x64) AppleWebKit/537.36 (KHTML, like Gecko) Chrome/56.0.2924.87 Safari/537.36"
212.108.43.59 - - [22/Feb/2017:16:14:07 +0100] "GET /entry.php?id=10271&&ser=776387 HTTP/1.1" 200 987 "http://ed.activities.at/entry.php?id=10271&&ser=776327" "Mozilla/5.0 (Windows NT 10.0; Win64; x64) AppleWebKit/537.36 (KHTML, like Gecko) Chrome/56.0.2924.87 Safari/537.36"
212.108.43.59 - - [22/Feb/2017:16:14:08 +0100] "GET /gui/javascript/form_form.js?1487776448 HTTP/1.1" 200 16206 "http://ed.activities.at/entry.php?id=10271&&ser=776387" "Mozilla/5.0 (Windows NT 10.0; Win64; x64) AppleWebKit/537.36 (KHTML, like Gecko) Chrome/56.0.2924.87 Safari/537.36"
212.108.43.59 - - [22/Feb/2017:16:15:08 +0100] "GET /entry.php?id=10271&&ser=776448 HTTP/1.1" 200 987 "http://ed.activities.at/entry.php?id=10271&&ser=776387" "Mozilla/5.0 (Windows NT 10.0; Win64; x64) AppleWebKit/537.36 (KHTML, like Gecko) Chrome/56.0.2924.87 Safari/537.36"
212.108.43.59 - - [22/Feb/2017:16:15:08 +0100] "GET /gui/javascript/form_form.js?1487776508 HTTP/1.1" 200 16206 "http://ed.activities.at/entry.php?id=10271&&ser=776448" "Mozilla/5.0 (Windows NT 10.0; Win64; x64) AppleWebKit/537.36 (KHTML, like Gecko) Chrome/56.0.2924.87 Safari/537.36"
212.108.43.59 - - [22/Feb/2017:16:16:08 +0100] "GET /entry.php?id=10271&&ser=776508 HTTP/1.1" 200 987 "http://ed.activities.at/entry.php?id=10271&&ser=776448" "Mozilla/5.0 (Windows NT 10.0; Win64; x64) AppleWebKit/537.36 (KHTML, like Gecko) Chrome/56.0.2924.87 Safari/537.36"
212.108.43.59 - - [22/Feb/2017:16:16:09 +0100] "GET /gui/javascript/form_form.js?1487776568 HTTP/1.1" 200 16206 "http://ed.activities.at/entry.php?id=10271&&ser=776508" "Mozilla/5.0 (Windows NT 10.0; Win64; x64) AppleWebKit/537.36 (KHTML, like Gecko) Chrome/56.0.2924.87 Safari/537.36"
212.108.43.59 - - [22/Feb/2017:16:17:09 +0100] "GET /entry.php?id=10271&&ser=776568 HTTP/1.1" 200 987 "http://ed.activities.at/entry.php?id=10271&&ser=776508" "Mozilla/5.0 (Windows NT 10.0; Win64; x64) AppleWebKit/537.36 (KHTML, like Gecko) Chrome/56.0.2924.87 Safari/537.36"
212.108.43.59 - - [22/Feb/2017:16:17:09 +0100] "GET /gui/javascript/form_form.js?1487776629 HTTP/1.1" 200 16206 "http://ed.activities.at/entry.php?id=10271&&ser=776568" "Mozilla/5.0 (Windows NT 10.0; Win64; x64) AppleWebKit/537.36 (KHTML, like Gecko) Chrome/56.0.2924.87 Safari/537.36"
212.108.43.59 - - [22/Feb/2017:16:18:09 +0100] "GET /entry.php?id=10271&&ser=776629 HTTP/1.1" 200 987 "http://ed.activities.at/entry.php?id=10271&&ser=776568" "Mozilla/5.0 (Windows NT 10.0; Win64; x64) AppleWebKit/537.36 (KHTML, like Gecko) Chrome/56.0.2924.87 Safari/537.36"
212.108.43.59 - - [22/Feb/2017:16:18:09 +0100] "GET /gui/javascript/form_form.js?1487776689 HTTP/1.1" 200 16206 "http://ed.activities.at/entry.php?id=10271&&ser=776629" "Mozilla/5.0 (Windows NT 10.0; Win64; x64) AppleWebKit/537.36 (KHTML, like Gecko) Chrome/56.0.2924.87 Safari/537.36"
212.108.43.59 - - [22/Feb/2017:16:19:09 +0100] "GET /entry.php?id=10271&&ser=776689 HTTP/1.1" 200 987 "http://ed.activities.at/entry.php?id=10271&&ser=776629" "Mozilla/5.0 (Windows NT 10.0; Win64; x64) AppleWebKit/537.36 (KHTML, like Gecko) Chrome/56.0.2924.87 Safari/537.36"
212.108.43.59 - - [22/Feb/2017:16:19:10 +0100] "GET /gui/javascript/form_form.js?1487776750 HTTP/1.1" 200 16206 "http://ed.activities.at/entry.php?id=10271&&ser=776689" "Mozilla/5.0 (Windows NT 10.0; Win64; x64) AppleWebKit/537.36 (KHTML, like Gecko) Chrome/56.0.2924.87 Safari/537.36"
212.108.43.59 - - [22/Feb/2017:16:20:10 +0100] "GET /entry.php?id=10271&&ser=776750 HTTP/1.1" 200 986 "http://ed.activities.at/entry.php?id=10271&&ser=776689" "Mozilla/5.0 (Windows NT 10.0; Win64; x64) AppleWebKit/537.36 (KHTML, like Gecko) Chrome/56.0.2924.87 Safari/537.36"
212.108.43.59 - - [22/Feb/2017:16:20:10 +0100] "GET /gui/javascript/form_form.js?1487776810 HTTP/1.1" 200 16206 "http://ed.activities.at/entry.php?id=10271&&ser=776750" "Mozilla/5.0 (Windows NT 10.0; Win64; x64) AppleWebKit/537.36 (KHTML, like Gecko) Chrome/56.0.2924.87 Safari/537.36"
212.108.43.59 - - [22/Feb/2017:16:21:10 +0100] "GET /entry.php?id=10271&&ser=776810 HTTP/1.1" 200 986 "http://ed.activities.at/entry.php?id=10271&&ser=776750" "Mozilla/5.0 (Windows NT 10.0; Win64; x64) AppleWebKit/537.36 (KHTML, like Gecko) Chrome/56.0.2924.87 Safari/537.36"
212.108.43.59 - - [22/Feb/2017:16:21:10 +0100] "GET /gui/javascript/form_form.js?1487776870 HTTP/1.1" 200 16206 "http://ed.activities.at/entry.php?id=10271&&ser=776810" "Mozilla/5.0 (Windows NT 10.0; Win64; x64) AppleWebKit/537.36 (KHTML, like Gecko) Chrome/56.0.2924.87 Safari/537.36"
212.108.43.59 - - [22/Feb/2017:16:22:11 +0100] "GET /entry.php?id=10271&&ser=776870 HTTP/1.1" 200 987 "http://ed.activities.at/entry.php?id=10271&&ser=776810" "Mozilla/5.0 (Windows NT 10.0; Win64; x64) AppleWebKit/537.36 (KHTML, like Gecko) Chrome/56.0.2924.87 Safari/537.36"
212.108.43.59 - - [22/Feb/2017:16:22:11 +0100] "GET /gui/javascript/form_form.js?1487776931 HTTP/1.1" 200 16206 "http://ed.activities.at/entry.php?id=10271&&ser=776870" "Mozilla/5.0 (Windows NT 10.0; Win64; x64) AppleWebKit/537.36 (KHTML, like Gecko) Chrome/56.0.2924.87 Safari/537.36"
212.108.43.59 - - [22/Feb/2017:16:23:11 +0100] "GET /entry.php?id=10271&&ser=776931 HTTP/1.1" 200 987 "http://ed.activities.at/entry.php?id=10271&&ser=776870" "Mozilla/5.0 (Windows NT 10.0; Win64; x64) AppleWebKit/537.36 (KHTML, like Gecko) Chrome/56.0.2924.87 Safari/537.36"
212.108.43.59 - - [22/Feb/2017:16:23:11 +0100] "GET /gui/javascript/form_form.js?1487776991 HTTP/1.1" 200 16206 "http://ed.activities.at/entry.php?id=10271&&ser=776931" "Mozilla/5.0 (Windows NT 10.0; Win64; x64) AppleWebKit/537.36 (KHTML, like Gecko) Chrome/56.0.2924.87 Safari/537.36"
83.64.76.58 - - [22/Feb/2017:16:23:55 +0100] "GET / HTTP/1.1" 200 382 "-" "Mozilla/5.0 (Windows NT 10.0; WOW64; rv:51.0) Gecko/20100101 Firefox/51.0"
83.64.76.58 - - [22/Feb/2017:16:23:56 +0100] "GET /layout.php HTTP/1.1" 200 910 "http://ed.activities.at/" "Mozilla/5.0 (Windows NT 10.0; WOW64; rv:51.0) Gecko/20100101 Firefox/51.0"
83.64.76.58 - - [22/Feb/2017:16:23:56 +0100] "GET /entry.php?id=10270 HTTP/1.1" 200 907 "http://ed.activities.at/layout.php" "Mozilla/5.0 (Windows NT 10.0; WOW64; rv:51.0) Gecko/20100101 Firefox/51.0"
83.64.76.58 - - [22/Feb/2017:16:23:56 +0100] "GET /entry.php?id=10272 HTTP/1.1" 200 1187 "http://ed.activities.at/layout.php" "Mozilla/5.0 (Windows NT 10.0; WOW64; rv:51.0) Gecko/20100101 Firefox/51.0"
83.64.76.58 - - [22/Feb/2017:16:23:56 +0100] "GET /gui/javascript/form_form.js?1487777036 HTTP/1.1" 200 16206 "http://ed.activities.at/entry.php?id=10270" "Mozilla/5.0 (Windows NT 10.0; WOW64; rv:51.0) Gecko/20100101 Firefox/51.0"
83.64.76.58 - - [22/Feb/2017:16:23:56 +0100] "GET /entry.php?id=10273 HTTP/1.1" 200 1931 "http://ed.activities.at/layout.php" "Mozilla/5.0 (Windows NT 10.0; WOW64; rv:51.0) Gecko/20100101 Firefox/51.0"
83.64.76.58 - - [22/Feb/2017:16:23:56 +0100] "GET /entry.php?id=11412 HTTP/1.1" 200 1754 "http://ed.activities.at/layout.php" "Mozilla/5.0 (Windows NT 10.0; WOW64; rv:51.0) Gecko/20100101 Firefox/51.0"
83.64.76.58 - - [22/Feb/2017:16:23:56 +0100] "GET /entry.php?id=10271&UIN=d05cc0dd5bec2609bfb6e9ece581e012 HTTP/1.1" 200 933 "http://ed.activities.at/entry.php?id=10272" "Mozilla/5.0 (Windows NT 10.0; WOW64; rv:51.0) Gecko/20100101 Firefox/51.0"
83.64.76.58 - - [22/Feb/2017:16:23:56 +0100] "GET /entry.php?id=10287 HTTP/1.1" 200 2407 "http://ed.activities.at/entry.php?id=11412" "Mozilla/5.0 (Windows NT 10.0; WOW64; rv:51.0) Gecko/20100101 Firefox/51.0"
83.64.76.58 - - [22/Feb/2017:16:23:56 +0100] "GET /entry.php?id=10270& HTTP/1.1" 200 907 "http://ed.activities.at/entry.php?id=10287" "Mozilla/5.0 (Windows NT 10.0; WOW64; rv:51.0) Gecko/20100101 Firefox/51.0"
83.64.76.58 - - [22/Feb/2017:16:23:56 +0100] "GET /entry.php?id=10273& HTTP/1.1" 200 1899 "http://ed.activities.at/entry.php?id=10287" "Mozilla/5.0 (Windows NT 10.0; WOW64; rv:51.0) Gecko/20100101 Firefox/51.0"
83.64.76.58 - - [22/Feb/2017:16:23:57 +0100] "GET /gui/javascript/form_form.js?1487777037 HTTP/1.1" 200 16206 "http://ed.activities.at/entry.php?id=10270&" "Mozilla/5.0 (Windows NT 10.0; WOW64; rv:51.0) Gecko/20100101 Firefox/51.0"
83.64.76.58 - - [22/Feb/2017:16:24:00 +0100] "POST /entry.php?id=10287& HTTP/1.1" 200 1987 "http://ed.activities.at/entry.php?id=10287" "Mozilla/5.0 (Windows NT 10.0; WOW64; rv:51.0) Gecko/20100101 Firefox/51.0"
83.64.76.58 - - [22/Feb/2017:16:24:01 +0100] "GET /gui/javascript/form_form.js?1487777041 HTTP/1.1" 200 16206 "http://ed.activities.at/entry.php?id=10287&" "Mozilla/5.0 (Windows NT 10.0; WOW64; rv:51.0) Gecko/20100101 Firefox/51.0"
83.64.76.58 - - [22/Feb/2017:16:24:01 +0100] "GET /entry.php?id=10271&UIN=d05cc0dd5bec2609bfb6e9ece581e012 HTTP/1.1" 200 985 "http://ed.activities.at/entry.php?id=10272" "Mozilla/5.0 (Windows NT 10.0; WOW64; rv:51.0) Gecko/20100101 Firefox/51.0"
83.64.76.58 - - [22/Feb/2017:16:24:01 +0100] "GET /gui/javascript/jquery/css/gui-themes/custom.min.css HTTP/1.1" 304 - "http://ed.activities.at/entry.php?id=10271&UIN=d05cc0dd5bec2609bfb6e9ece581e012" "Mozilla/5.0 (Windows NT 10.0; WOW64; rv:51.0) Gecko/20100101 Firefox/51.0"
83.64.76.58 - - [22/Feb/2017:16:24:01 +0100] "GET /gui/javascript/jquery/css/gui-themes/ui.spinner.css HTTP/1.1" 304 - "http://ed.activities.at/entry.php?id=10271&UIN=d05cc0dd5bec2609bfb6e9ece581e012" "Mozilla/5.0 (Windows NT 10.0; WOW64; rv:51.0) Gecko/20100101 Firefox/51.0"
83.64.76.58 - - [22/Feb/2017:16:24:01 +0100] "GET /gui/javascript/jquery/css/gui-themes/jquery.tooltip.css HTTP/1.1" 304 - "http://ed.activities.at/entry.php?id=10271&UIN=d05cc0dd5bec2609bfb6e9ece581e012" "Mozilla/5.0 (Windows NT 10.0; WOW64; rv:51.0) Gecko/20100101 Firefox/51.0"
83.64.76.58 - - [22/Feb/2017:16:24:01 +0100] "GET /gui/styles/tmplDefault.css HTTP/1.1" 304 - "http://ed.activities.at/entry.php?id=10271&UIN=d05cc0dd5bec2609bfb6e9ece581e012" "Mozilla/5.0 (Windows NT 10.0; WOW64; rv:51.0) Gecko/20100101 Firefox/51.0"
83.64.76.58 - - [22/Feb/2017:16:24:01 +0100] "GET /gui/javascript/form_form.js?1487777041 HTTP/1.1" 304 - "http://ed.activities.at/entry.php?id=10271&UIN=d05cc0dd5bec2609bfb6e9ece581e012" "Mozilla/5.0 (Windows NT 10.0; WOW64; rv:51.0) Gecko/20100101 Firefox/51.0"
83.64.76.58 - - [22/Feb/2017:16:24:01 +0100] "GET /gui/javascript/jquery/js/jquery-1.8.2.js HTTP/1.1" 304 - "http://ed.activities.at/entry.php?id=10271&UIN=d05cc0dd5bec2609bfb6e9ece581e012" "Mozilla/5.0 (Windows NT 10.0; WOW64; rv:51.0) Gecko/20100101 Firefox/51.0"
83.64.76.58 - - [22/Feb/2017:16:24:01 +0100] "GET /gui/javascript/jquery/js/jquery-ui-1.9.0.custom.min.js HTTP/1.1" 304 - "http://ed.activities.at/entry.php?id=10271&UIN=d05cc0dd5bec2609bfb6e9ece581e012" "Mozilla/5.0 (Windows NT 10.0; WOW64; rv:51.0) Gecko/20100101 Firefox/51.0"
83.64.76.58 - - [22/Feb/2017:16:24:01 +0100] "GET /entry.php?id=10273& HTTP/1.1" 200 2010 "http://ed.activities.at/entry.php?id=10287&" "Mozilla/5.0 (Windows NT 10.0; WOW64; rv:51.0) Gecko/20100101 Firefox/51.0"
83.64.76.58 - - [22/Feb/2017:16:24:02 +0100] "GET /gui/javascript/jquery/jquery-tooltip/jquery.tooltip.min.js HTTP/1.1" 304 - "http://ed.activities.at/entry.php?id=10271&UIN=d05cc0dd5bec2609bfb6e9ece581e012" "Mozilla/5.0 (Windows NT 10.0; WOW64; rv:51.0) Gecko/20100101 Firefox/51.0"
83.64.76.58 - - [22/Feb/2017:16:24:02 +0100] "GET /framework/webfx/style/toolbar/images/cbback.gif HTTP/1.1" 404 314 "http://ed.activities.at/framework/webfx/style/toolbar/cb2.css" "Mozilla/5.0 (Windows NT 10.0; WOW64; rv:51.0) Gecko/20100101 Firefox/51.0"
83.64.76.58 - - [22/Feb/2017:16:24:02 +0100] "GET /entry.php?id=10270&__app__=10006038 HTTP/1.1" 200 1648 "http://ed.activities.at/entry.php?id=10273&" "Mozilla/5.0 (Windows NT 10.0; WOW64; rv:51.0) Gecko/20100101 Firefox/51.0"
83.64.76.58 - - [22/Feb/2017:16:24:02 +0100] "GET /gui/javascript/form_form.js?1487777042 HTTP/1.1" 200 16206 "http://ed.activities.at/entry.php?id=10270&__app__=10006038" "Mozilla/5.0 (Windows NT 10.0; WOW64; rv:51.0) Gecko/20100101 Firefox/51.0"
83.64.76.58 - - [22/Feb/2017:16:24:02 +0100] "GET /undefined HTTP/1.1" 404 285 "http://ed.activities.at/entry.php?id=10270&__app__=10006038" "Mozilla/5.0 (Windows NT 10.0; WOW64; rv:51.0) Gecko/20100101 Firefox/51.0"
83.64.76.58 - - [22/Feb/2017:16:24:07 +0100] "GET /entry.php?id=11673 HTTP/1.1" 200 358 "http://ed.activities.at/entry.php?id=10270&__app__=10006038" "Mozilla/5.0 (Windows NT 10.0; WOW64; rv:51.0) Gecko/20100101 Firefox/51.0"
83.64.76.58 - - [22/Feb/2017:16:24:07 +0100] "GET /entry.php?id=10676&&title=F%FChrerscheinkurse HTTP/1.1" 200 1392 "http://ed.activities.at/entry.php?id=11673" "Mozilla/5.0 (Windows NT 10.0; WOW64; rv:51.0) Gecko/20100101 Firefox/51.0"
83.64.76.58 - - [22/Feb/2017:16:24:08 +0100] "GET /gui/javascript/form_form.js?1487777048 HTTP/1.1" 200 16206 "http://ed.activities.at/entry.php?id=10676&&title=F%FChrerscheinkurse" "Mozilla/5.0 (Windows NT 10.0; WOW64; rv:51.0) Gecko/20100101 Firefox/51.0"
83.64.76.58 - - [22/Feb/2017:16:24:07 +0100] "GET /entry.php?id=11671& HTTP/1.1" 200 4534 "http://ed.activities.at/entry.php?id=11673" "Mozilla/5.0 (Windows NT 10.0; WOW64; rv:51.0) Gecko/20100101 Firefox/51.0"
83.64.76.58 - - [22/Feb/2017:16:24:07 +0100] "GET /entry.php?id=11672& HTTP/1.1" 200 2689 "http://ed.activities.at/entry.php?id=11673" "Mozilla/5.0 (Windows NT 10.0; WOW64; rv:51.0) Gecko/20100101 Firefox/51.0"
83.64.76.58 - - [22/Feb/2017:16:24:09 +0100] "GET /gui/javascript/form_form.js?1487777049 HTTP/1.1" 200 16206 "http://ed.activities.at/entry.php?id=11672&" "Mozilla/5.0 (Windows NT 10.0; WOW64; rv:51.0) Gecko/20100101 Firefox/51.0"
83.64.76.58 - - [22/Feb/2017:16:24:07 +0100] "GET /entry.php?id=11694& HTTP/1.1" 200 3298 "http://ed.activities.at/entry.php?id=11673" "Mozilla/5.0 (Windows NT 10.0; WOW64; rv:51.0) Gecko/20100101 Firefox/51.0"
83.64.76.58 - - [22/Feb/2017:16:24:09 +0100] "GET /activities/framework/KoolControls/KoolAjax/koolajax.php?8436e354c842500aba3cbaf0584c0c24 HTTP/1.1" 200 4079 "http://ed.activities.at/entry.php?id=11694&" "Mozilla/5.0 (Windows NT 10.0; WOW64; rv:51.0) Gecko/20100101 Firefox/51.0"
83.64.76.58 - - [22/Feb/2017:16:24:08 +0100] "GET /entry.php?id=10776&form=11496&name=list& HTTP/1.1" 200 1526 "http://ed.activities.at/entry.php?id=11671&" "Mozilla/5.0 (Windows NT 10.0; WOW64; rv:51.0) Gecko/20100101 Firefox/51.0"
83.64.76.58 - - [22/Feb/2017:16:24:09 +0100] "GET /activities/framework/KoolControls/KoolTreeView/kooltreeview.php?c7cd9180e88ffef8e70f13526bb4f5f7 HTTP/1.1" 200 5055 "http://ed.activities.at/entry.php?id=11694&" "Mozilla/5.0 (Windows NT 10.0; WOW64; rv:51.0) Gecko/20100101 Firefox/51.0"
83.64.76.58 - - [22/Feb/2017:16:24:09 +0100] "GET /entry.php?id=10778&form=11497&name=list& HTTP/1.1" 200 11574 "http://ed.activities.at/entry.php?id=11672&" "Mozilla/5.0 (Windows NT 10.0; WOW64; rv:51.0) Gecko/20100101 Firefox/51.0"
83.64.76.58 - - [22/Feb/2017:16:24:08 +0100] "GET /entry.php?id=10778&form=11496&name=list& HTTP/1.1" 200 2493 "http://ed.activities.at/entry.php?id=11671&" "Mozilla/5.0 (Windows NT 10.0; WOW64; rv:51.0) Gecko/20100101 Firefox/51.0"
83.64.76.58 - - [22/Feb/2017:16:24:09 +0100] "GET /entry.php?id=10776&form=11497&name=list& HTTP/1.1" 200 1942 "http://ed.activities.at/entry.php?id=11672&" "Mozilla/5.0 (Windows NT 10.0; WOW64; rv:51.0) Gecko/20100101 Firefox/51.0"
212.108.43.59 - - [22/Feb/2017:16:24:11 +0100] "GET /entry.php?id=10271&&ser=776991 HTTP/1.1" 200 985 "http://ed.activities.at/entry.php?id=10271&&ser=776931" "Mozilla/5.0 (Windows NT 10.0; Win64; x64) AppleWebKit/537.36 (KHTML, like Gecko) Chrome/56.0.2924.87 Safari/537.36"
212.108.43.59 - - [22/Feb/2017:16:24:12 +0100] "GET /gui/javascript/form_form.js?1487777052 HTTP/1.1" 200 16206 "http://ed.activities.at/entry.php?id=10271&&ser=776991" "Mozilla/5.0 (Windows NT 10.0; Win64; x64) AppleWebKit/537.36 (KHTML, like Gecko) Chrome/56.0.2924.87 Safari/537.36"
83.64.76.58 - - [22/Feb/2017:16:24:13 +0100] "POST /entry.php?id=11672 HTTP/1.1" 200 2704 "http://ed.activities.at/entry.php?id=11672&" "Mozilla/5.0 (Windows NT 10.0; WOW64; rv:51.0) Gecko/20100101 Firefox/51.0"
83.64.76.58 - - [22/Feb/2017:16:24:14 +0100] "GET /gui/javascript/form_form.js?1487777054 HTTP/1.1" 200 16206 "http://ed.activities.at/entry.php?id=11672" "Mozilla/5.0 (Windows NT 10.0; WOW64; rv:51.0) Gecko/20100101 Firefox/51.0"
83.64.76.58 - - [22/Feb/2017:16:24:14 +0100] "GET /entry.php?id=10776&form=11497&name=list& HTTP/1.1" 200 1941 "http://ed.activities.at/entry.php?id=11672" "Mozilla/5.0 (Windows NT 10.0; WOW64; rv:51.0) Gecko/20100101 Firefox/51.0"
83.64.76.58 - - [22/Feb/2017:16:24:14 +0100] "GET /entry.php?id=10778&form=11497&name=list& HTTP/1.1" 200 4772 "http://ed.activities.at/entry.php?id=11672" "Mozilla/5.0 (Windows NT 10.0; WOW64; rv:51.0) Gecko/20100101 Firefox/51.0"
83.64.76.58 - - [22/Feb/2017:16:25:02 +0100] "GET /entry.php?id=10271&&ser=777041 HTTP/1.1" 200 984 "http://ed.activities.at/entry.php?id=10271&UIN=d05cc0dd5bec2609bfb6e9ece581e012" "Mozilla/5.0 (Windows NT 10.0; WOW64; rv:51.0) Gecko/20100101 Firefox/51.0"
83.64.76.58 - - [22/Feb/2017:16:25:02 +0100] "GET /gui/javascript/form_form.js?1487777102 HTTP/1.1" 200 16206 "http://ed.activities.at/entry.php?id=10271&&ser=777041" "Mozilla/5.0 (Windows NT 10.0; WOW64; rv:51.0) Gecko/20100101 Firefox/51.0"
212.108.43.59 - - [22/Feb/2017:16:25:12 +0100] "GET /entry.php?id=10271&&ser=777052 HTTP/1.1" 200 985 "http://ed.activities.at/entry.php?id=10271&&ser=776991" "Mozilla/5.0 (Windows NT 10.0; Win64; x64) AppleWebKit/537.36 (KHTML, like Gecko) Chrome/56.0.2924.87 Safari/537.36"
212.108.43.59 - - [22/Feb/2017:16:25:12 +0100] "GET /gui/javascript/form_form.js?1487777112 HTTP/1.1" 200 16206 "http://ed.activities.at/entry.php?id=10271&&ser=777052" "Mozilla/5.0 (Windows NT 10.0; Win64; x64) AppleWebKit/537.36 (KHTML, like Gecko) Chrome/56.0.2924.87 Safari/537.36"
83.64.76.58 - - [22/Feb/2017:16:25:51 +0100] "POST /entry.php?id=11671 HTTP/1.1" 200 4605 "http://ed.activities.at/entry.php?id=11671&" "Mozilla/5.0 (Windows NT 10.0; WOW64; rv:51.0) Gecko/20100101 Firefox/51.0"
83.64.76.58 - - [22/Feb/2017:16:25:52 +0100] "GET /gui/javascript/form_form.js?1487777152 HTTP/1.1" 200 16206 "http://ed.activities.at/entry.php?id=11671" "Mozilla/5.0 (Windows NT 10.0; WOW64; rv:51.0) Gecko/20100101 Firefox/51.0"
83.64.76.58 - - [22/Feb/2017:16:25:52 +0100] "GET /entry.php?id=10778&form=11496&name=list& HTTP/1.1" 200 5493 "http://ed.activities.at/entry.php?id=11671" "Mozilla/5.0 (Windows NT 10.0; WOW64; rv:51.0) Gecko/20100101 Firefox/51.0"
83.64.76.58 - - [22/Feb/2017:16:25:52 +0100] "GET /entry.php?id=10776&form=11496&name=list& HTTP/1.1" 200 1519 "http://ed.activities.at/entry.php?id=11671" "Mozilla/5.0 (Windows NT 10.0; WOW64; rv:51.0) Gecko/20100101 Firefox/51.0"
83.64.76.58 - - [22/Feb/2017:16:26:02 +0100] "GET /entry.php?id=10271&&ser=777102 HTTP/1.1" 200 985 "http://ed.activities.at/entry.php?id=10271&&ser=777041" "Mozilla/5.0 (Windows NT 10.0; WOW64; rv:51.0) Gecko/20100101 Firefox/51.0"
83.64.76.58 - - [22/Feb/2017:16:26:03 +0100] "GET /gui/javascript/form_form.js?1487777163 HTTP/1.1" 200 16206 "http://ed.activities.at/entry.php?id=10271&&ser=777102" "Mozilla/5.0 (Windows NT 10.0; WOW64; rv:51.0) Gecko/20100101 Firefox/51.0"
212.108.43.59 - - [22/Feb/2017:16:26:13 +0100] "GET /entry.php?id=10271&&ser=777112 HTTP/1.1" 200 985 "http://ed.activities.at/entry.php?id=10271&&ser=777052" "Mozilla/5.0 (Windows NT 10.0; Win64; x64) AppleWebKit/537.36 (KHTML, like Gecko) Chrome/56.0.2924.87 Safari/537.36"
212.108.43.59 - - [22/Feb/2017:16:26:13 +0100] "GET /gui/javascript/form_form.js?1487777173 HTTP/1.1" 200 16206 "http://ed.activities.at/entry.php?id=10271&&ser=777112" "Mozilla/5.0 (Windows NT 10.0; Win64; x64) AppleWebKit/537.36 (KHTML, like Gecko) Chrome/56.0.2924.87 Safari/537.36"
83.64.76.58 - - [22/Feb/2017:16:27:03 +0100] "GET /entry.php?id=10271&&ser=777163 HTTP/1.1" 200 985 "http://ed.activities.at/entry.php?id=10271&&ser=777102" "Mozilla/5.0 (Windows NT 10.0; WOW64; rv:51.0) Gecko/20100101 Firefox/51.0"
83.64.76.58 - - [22/Feb/2017:16:27:03 +0100] "GET /gui/javascript/form_form.js?1487777223 HTTP/1.1" 200 16206 "http://ed.activities.at/entry.php?id=10271&&ser=777163" "Mozilla/5.0 (Windows NT 10.0; WOW64; rv:51.0) Gecko/20100101 Firefox/51.0"
212.108.43.59 - - [22/Feb/2017:16:27:13 +0100] "GET /entry.php?id=10271&&ser=777173 HTTP/1.1" 200 985 "http://ed.activities.at/entry.php?id=10271&&ser=777112" "Mozilla/5.0 (Windows NT 10.0; Win64; x64) AppleWebKit/537.36 (KHTML, like Gecko) Chrome/56.0.2924.87 Safari/537.36"
212.108.43.59 - - [22/Feb/2017:16:27:13 +0100] "GET /gui/javascript/form_form.js?1487777233 HTTP/1.1" 200 16206 "http://ed.activities.at/entry.php?id=10271&&ser=777173" "Mozilla/5.0 (Windows NT 10.0; Win64; x64) AppleWebKit/537.36 (KHTML, like Gecko) Chrome/56.0.2924.87 Safari/537.36"
83.64.76.58 - - [22/Feb/2017:16:28:03 +0100] "GET /entry.php?id=10271&&ser=777223 HTTP/1.1" 200 985 "http://ed.activities.at/entry.php?id=10271&&ser=777163" "Mozilla/5.0 (Windows NT 10.0; WOW64; rv:51.0) Gecko/20100101 Firefox/51.0"
83.64.76.58 - - [22/Feb/2017:16:28:03 +0100] "GET /gui/javascript/form_form.js?1487777283 HTTP/1.1" 200 16206 "http://ed.activities.at/entry.php?id=10271&&ser=777223" "Mozilla/5.0 (Windows NT 10.0; WOW64; rv:51.0) Gecko/20100101 Firefox/51.0"
212.108.43.59 - - [22/Feb/2017:16:28:14 +0100] "GET /entry.php?id=10271&&ser=777233 HTTP/1.1" 200 985 "http://ed.activities.at/entry.php?id=10271&&ser=777173" "Mozilla/5.0 (Windows NT 10.0; Win64; x64) AppleWebKit/537.36 (KHTML, like Gecko) Chrome/56.0.2924.87 Safari/537.36"
212.108.43.59 - - [22/Feb/2017:16:28:14 +0100] "GET /gui/javascript/form_form.js?1487777294 HTTP/1.1" 200 16206 "http://ed.activities.at/entry.php?id=10271&&ser=777233" "Mozilla/5.0 (Windows NT 10.0; Win64; x64) AppleWebKit/537.36 (KHTML, like Gecko) Chrome/56.0.2924.87 Safari/537.36"
83.64.76.58 - - [22/Feb/2017:16:29:02 +0100] "POST /entry.php?id=11671 HTTP/1.1" 200 4960 "http://ed.activities.at/entry.php?id=11671" "Mozilla/5.0 (Windows NT 10.0; WOW64; rv:51.0) Gecko/20100101 Firefox/51.0"
83.64.76.58 - - [22/Feb/2017:16:29:03 +0100] "GET /gui/javascript/form_form.js?1487777343 HTTP/1.1" 200 16206 "http://ed.activities.at/entry.php?id=11671" "Mozilla/5.0 (Windows NT 10.0; WOW64; rv:51.0) Gecko/20100101 Firefox/51.0"
83.64.76.58 - - [22/Feb/2017:16:29:03 +0100] "GET /entry.php?id=10776&form=11496&name=list& HTTP/1.1" 200 1519 "http://ed.activities.at/entry.php?id=11671" "Mozilla/5.0 (Windows NT 10.0; WOW64; rv:51.0) Gecko/20100101 Firefox/51.0"
83.64.76.58 - - [22/Feb/2017:16:29:03 +0100] "GET /entry.php?id=10778&form=11496&name=list& HTTP/1.1" 200 5659 "http://ed.activities.at/entry.php?id=11671" "Mozilla/5.0 (Windows NT 10.0; WOW64; rv:51.0) Gecko/20100101 Firefox/51.0"
83.64.76.58 - - [22/Feb/2017:16:29:04 +0100] "GET /entry.php?id=10271&&ser=777283 HTTP/1.1" 200 985 "http://ed.activities.at/entry.php?id=10271&&ser=777223" "Mozilla/5.0 (Windows NT 10.0; WOW64; rv:51.0) Gecko/20100101 Firefox/51.0"
83.64.76.58 - - [22/Feb/2017:16:29:04 +0100] "GET /gui/javascript/form_form.js?1487777344 HTTP/1.1" 200 16206 "http://ed.activities.at/entry.php?id=10271&&ser=777283" "Mozilla/5.0 (Windows NT 10.0; WOW64; rv:51.0) Gecko/20100101 Firefox/51.0"
83.64.76.58 - - [22/Feb/2017:16:29:05 +0100] "POST /entry.php?id=11671 HTTP/1.1" 200 3188 "http://ed.activities.at/entry.php?id=11671" "Mozilla/5.0 (Windows NT 10.0; WOW64; rv:51.0) Gecko/20100101 Firefox/51.0"
83.64.76.58 - - [22/Feb/2017:16:29:06 +0100] "GET /gui/javascript/form_form.js?1487777346 HTTP/1.1" 200 16206 "http://ed.activities.at/entry.php?id=11671" "Mozilla/5.0 (Windows NT 10.0; WOW64; rv:51.0) Gecko/20100101 Firefox/51.0"
83.64.76.58 - - [22/Feb/2017:16:29:06 +0100] "GET /framework/webfx/javascript/tinymce/skins/lightgray/content.min.css HTTP/1.1" 404 327 "http://ed.activities.at/entry.php?id=11671" "Mozilla/5.0 (Windows NT 10.0; WOW64; rv:51.0) Gecko/20100101 Firefox/51.0"
212.108.43.59 - - [22/Feb/2017:16:29:14 +0100] "GET /entry.php?id=10271&&ser=777294 HTTP/1.1" 200 985 "http://ed.activities.at/entry.php?id=10271&&ser=777233" "Mozilla/5.0 (Windows NT 10.0; Win64; x64) AppleWebKit/537.36 (KHTML, like Gecko) Chrome/56.0.2924.87 Safari/537.36"
212.108.43.59 - - [22/Feb/2017:16:29:15 +0100] "GET /gui/javascript/form_form.js?1487777354 HTTP/1.1" 200 16206 "http://ed.activities.at/entry.php?id=10271&&ser=777294" "Mozilla/5.0 (Windows NT 10.0; Win64; x64) AppleWebKit/537.36 (KHTML, like Gecko) Chrome/56.0.2924.87 Safari/537.36"
83.64.76.58 - - [22/Feb/2017:16:30:04 +0100] "GET /entry.php?id=10271&&ser=777344 HTTP/1.1" 200 985 "http://ed.activities.at/entry.php?id=10271&&ser=777283" "Mozilla/5.0 (Windows NT 10.0; WOW64; rv:51.0) Gecko/20100101 Firefox/51.0"
83.64.76.58 - - [22/Feb/2017:16:30:04 +0100] "GET /gui/javascript/form_form.js?1487777404 HTTP/1.1" 200 16206 "http://ed.activities.at/entry.php?id=10271&&ser=777344" "Mozilla/5.0 (Windows NT 10.0; WOW64; rv:51.0) Gecko/20100101 Firefox/51.0"
212.108.43.59 - - [22/Feb/2017:16:30:15 +0100] "GET /entry.php?id=10271&&ser=777354 HTTP/1.1" 200 985 "http://ed.activities.at/entry.php?id=10271&&ser=777294" "Mozilla/5.0 (Windows NT 10.0; Win64; x64) AppleWebKit/537.36 (KHTML, like Gecko) Chrome/56.0.2924.87 Safari/537.36"
212.108.43.59 - - [22/Feb/2017:16:30:15 +0100] "GET /gui/javascript/form_form.js?1487777415 HTTP/1.1" 200 16206 "http://ed.activities.at/entry.php?id=10271&&ser=777354" "Mozilla/5.0 (Windows NT 10.0; Win64; x64) AppleWebKit/537.36 (KHTML, like Gecko) Chrome/56.0.2924.87 Safari/537.36"
83.64.76.58 - - [22/Feb/2017:16:31:04 +0100] "GET /entry.php?id=10271&&ser=777404 HTTP/1.1" 200 985 "http://ed.activities.at/entry.php?id=10271&&ser=777344" "Mozilla/5.0 (Windows NT 10.0; WOW64; rv:51.0) Gecko/20100101 Firefox/51.0"
83.64.76.58 - - [22/Feb/2017:16:31:05 +0100] "GET /gui/javascript/form_form.js?1487777465 HTTP/1.1" 200 16206 "http://ed.activities.at/entry.php?id=10271&&ser=777404" "Mozilla/5.0 (Windows NT 10.0; WOW64; rv:51.0) Gecko/20100101 Firefox/51.0"
212.108.43.59 - - [22/Feb/2017:16:31:15 +0100] "GET /entry.php?id=10271&&ser=777415 HTTP/1.1" 200 985 "http://ed.activities.at/entry.php?id=10271&&ser=777354" "Mozilla/5.0 (Windows NT 10.0; Win64; x64) AppleWebKit/537.36 (KHTML, like Gecko) Chrome/56.0.2924.87 Safari/537.36"
212.108.43.59 - - [22/Feb/2017:16:31:15 +0100] "GET /gui/javascript/form_form.js?1487777475 HTTP/1.1" 200 16206 "http://ed.activities.at/entry.php?id=10271&&ser=777415" "Mozilla/5.0 (Windows NT 10.0; Win64; x64) AppleWebKit/537.36 (KHTML, like Gecko) Chrome/56.0.2924.87 Safari/537.36"
83.64.76.58 - - [22/Feb/2017:16:32:05 +0100] "GET /entry.php?id=10271&&ser=777465 HTTP/1.1" 200 985 "http://ed.activities.at/entry.php?id=10271&&ser=777404" "Mozilla/5.0 (Windows NT 10.0; WOW64; rv:51.0) Gecko/20100101 Firefox/51.0"
83.64.76.58 - - [22/Feb/2017:16:32:05 +0100] "GET /gui/javascript/form_form.js?1487777525 HTTP/1.1" 200 16206 "http://ed.activities.at/entry.php?id=10271&&ser=777465" "Mozilla/5.0 (Windows NT 10.0; WOW64; rv:51.0) Gecko/20100101 Firefox/51.0"
212.108.43.59 - - [22/Feb/2017:16:32:15 +0100] "GET /entry.php?id=10271&&ser=777475 HTTP/1.1" 200 985 "http://ed.activities.at/entry.php?id=10271&&ser=777415" "Mozilla/5.0 (Windows NT 10.0; Win64; x64) AppleWebKit/537.36 (KHTML, like Gecko) Chrome/56.0.2924.87 Safari/537.36"
