212.108.43.59 - - [06/Mar/2017:19:41:46 +0100] "GET /gui/javascript/jquery/jquery-tooltip/jquery.tooltip.min.js HTTP/1.1" 304 - "http://ed.activities.at/entry.php?id=10271&" "Mozilla/5.0 (Windows NT 10.0; Win64; x64) AppleWebKit/537.36 (KHTML, like Gecko) Chrome/56.0.2924.87 Safari/537.36"
212.108.43.59 - - [06/Mar/2017:19:41:45 +0100] "GET /entry.php?id=10273& HTTP/1.1" 200 2029 "http://ed.activities.at/entry.php?id=10287&" "Mozilla/5.0 (Windows NT 10.0; Win64; x64) AppleWebKit/537.36 (KHTML, like Gecko) Chrome/56.0.2924.87 Safari/537.36"
212.108.43.59 - - [06/Mar/2017:19:41:46 +0100] "GET /framework/webfx/style/toolbar/images/cbback.gif HTTP/1.1" 404 314 "http://ed.activities.at/framework/webfx/style/toolbar/cb2.css" "Mozilla/5.0 (Windows NT 10.0; Win64; x64) AppleWebKit/537.36 (KHTML, like Gecko) Chrome/56.0.2924.87 Safari/537.36"
212.108.43.59 - - [06/Mar/2017:19:41:46 +0100] "GET /entry.php?id=10270&__app__=10006038 HTTP/1.1" 200 1696 "http://ed.activities.at/entry.php?id=10273&" "Mozilla/5.0 (Windows NT 10.0; Win64; x64) AppleWebKit/537.36 (KHTML, like Gecko) Chrome/56.0.2924.87 Safari/537.36"
212.108.43.59 - - [06/Mar/2017:19:41:47 +0100] "GET /undefined HTTP/1.1" 404 285 "http://ed.activities.at/entry.php?id=10270&__app__=10006038" "Mozilla/5.0 (Windows NT 10.0; Win64; x64) AppleWebKit/537.36 (KHTML, like Gecko) Chrome/56.0.2924.87 Safari/537.36"
212.108.43.59 - - [06/Mar/2017:19:42:00 +0100] "GET /entry.php?id=11681 HTTP/1.1" 200 328 "http://ed.activities.at/entry.php?id=10270&__app__=10006038" "Mozilla/5.0 (Windows NT 10.0; Win64; x64) AppleWebKit/537.36 (KHTML, like Gecko) Chrome/56.0.2924.87 Safari/537.36"
212.108.43.59 - - [06/Mar/2017:19:42:00 +0100] "GET /entry.php?id=10676&&title=Contentverwaltung HTTP/1.1" 200 1390 "http://ed.activities.at/entry.php?id=11681" "Mozilla/5.0 (Windows NT 10.0; Win64; x64) AppleWebKit/537.36 (KHTML, like Gecko) Chrome/56.0.2924.87 Safari/537.36"
212.108.43.59 - - [06/Mar/2017:19:42:00 +0100] "GET /gui/javascript/form_form.js?1488825720 HTTP/1.1" 200 16206 "http://ed.activities.at/entry.php?id=10676&&title=Contentverwaltung" "Mozilla/5.0 (Windows NT 10.0; Win64; x64) AppleWebKit/537.36 (KHTML, like Gecko) Chrome/56.0.2924.87 Safari/537.36"
212.108.43.59 - - [06/Mar/2017:19:42:00 +0100] "GET /entry.php?id=11683& HTTP/1.1" 200 2679 "http://ed.activities.at/entry.php?id=11681" "Mozilla/5.0 (Windows NT 10.0; Win64; x64) AppleWebKit/537.36 (KHTML, like Gecko) Chrome/56.0.2924.87 Safari/537.36"
212.108.43.59 - - [06/Mar/2017:19:42:00 +0100] "GET /entry.php?id=11684& HTTP/1.1" 200 3803 "http://ed.activities.at/entry.php?id=11681" "Mozilla/5.0 (Windows NT 10.0; Win64; x64) AppleWebKit/537.36 (KHTML, like Gecko) Chrome/56.0.2924.87 Safari/537.36"
212.108.43.59 - - [06/Mar/2017:19:42:00 +0100] "GET /entry.php?id=10778&form=11508&name=list& HTTP/1.1" 200 4669 "http://ed.activities.at/entry.php?id=11683&" "Mozilla/5.0 (Windows NT 10.0; Win64; x64) AppleWebKit/537.36 (KHTML, like Gecko) Chrome/56.0.2924.87 Safari/537.36"
212.108.43.59 - - [06/Mar/2017:19:42:01 +0100] "GET /gui/javascript/form_form.js?1488825721 HTTP/1.1" 200 16206 "http://ed.activities.at/entry.php?id=11684&" "Mozilla/5.0 (Windows NT 10.0; Win64; x64) AppleWebKit/537.36 (KHTML, like Gecko) Chrome/56.0.2924.87 Safari/537.36"
212.108.43.59 - - [06/Mar/2017:19:42:00 +0100] "GET /entry.php?id=10776&form=11508&name=list& HTTP/1.1" 200 1895 "http://ed.activities.at/entry.php?id=11683&" "Mozilla/5.0 (Windows NT 10.0; Win64; x64) AppleWebKit/537.36 (KHTML, like Gecko) Chrome/56.0.2924.87 Safari/537.36"
62.178.213.181 - - [06/Mar/2017:19:42:04 +0100] "GET /entry.php?id=11681 HTTP/1.1" 200 328 "http://ed.activities.at/entry.php?id=10270&__app__=10006038" "Mozilla/5.0 (Macintosh; Intel Mac OS X 10_12_0) AppleWebKit/537.36 (KHTML, like Gecko) Chrome/56.0.2924.87 Safari/537.36"
62.178.213.181 - - [06/Mar/2017:19:42:04 +0100] "GET /entry.php?id=10676&&title=Contentverwaltung HTTP/1.1" 200 1391 "http://ed.activities.at/entry.php?id=11681" "Mozilla/5.0 (Macintosh; Intel Mac OS X 10_12_0) AppleWebKit/537.36 (KHTML, like Gecko) Chrome/56.0.2924.87 Safari/537.36"
62.178.213.181 - - [06/Mar/2017:19:42:04 +0100] "GET /gui/javascript/form_form.js?1488825724 HTTP/1.1" 200 16206 "http://ed.activities.at/entry.php?id=10676&&title=Contentverwaltung" "Mozilla/5.0 (Macintosh; Intel Mac OS X 10_12_0) AppleWebKit/537.36 (KHTML, like Gecko) Chrome/56.0.2924.87 Safari/537.36"
62.178.213.181 - - [06/Mar/2017:19:42:04 +0100] "GET /entry.php?id=11683& HTTP/1.1" 200 2680 "http://ed.activities.at/entry.php?id=11681" "Mozilla/5.0 (Macintosh; Intel Mac OS X 10_12_0) AppleWebKit/537.36 (KHTML, like Gecko) Chrome/56.0.2924.87 Safari/537.36"
62.178.213.181 - - [06/Mar/2017:19:42:05 +0100] "GET /gui/javascript/jquery/js/jquery.friendurl.js HTTP/1.1" 200 2321 "http://ed.activities.at/entry.php?id=11683&" "Mozilla/5.0 (Macintosh; Intel Mac OS X 10_12_0) AppleWebKit/537.36 (KHTML, like Gecko) Chrome/56.0.2924.87 Safari/537.36"
62.178.213.181 - - [06/Mar/2017:19:42:05 +0100] "GET /gui/javascript/form_ed_training_course.js HTTP/1.1" 200 1951 "http://ed.activities.at/entry.php?id=11683&" "Mozilla/5.0 (Macintosh; Intel Mac OS X 10_12_0) AppleWebKit/537.36 (KHTML, like Gecko) Chrome/56.0.2924.87 Safari/537.36"
62.178.213.181 - - [06/Mar/2017:19:42:05 +0100] "GET /gui/images/icons/ajax_loading.gif HTTP/1.1" 200 1542 "http://ed.activities.at/entry.php?id=11683&" "Mozilla/5.0 (Macintosh; Intel Mac OS X 10_12_0) AppleWebKit/537.36 (KHTML, like Gecko) Chrome/56.0.2924.87 Safari/537.36"
62.178.213.181 - - [06/Mar/2017:19:42:05 +0100] "GET /gui/javascript/form_form.js?1488825725 HTTP/1.1" 200 16206 "http://ed.activities.at/entry.php?id=11683&" "Mozilla/5.0 (Macintosh; Intel Mac OS X 10_12_0) AppleWebKit/537.36 (KHTML, like Gecko) Chrome/56.0.2924.87 Safari/537.36"
62.178.213.181 - - [06/Mar/2017:19:42:05 +0100] "GET /framework/webfx/javascript/scrolltable/scrolltableIframe.js HTTP/1.1" 200 9641 "http://ed.activities.at/entry.php?id=11683&" "Mozilla/5.0 (Macintosh; Intel Mac OS X 10_12_0) AppleWebKit/537.36 (KHTML, like Gecko) Chrome/56.0.2924.87 Safari/537.36"
62.178.213.181 - - [06/Mar/2017:19:42:04 +0100] "GET /entry.php?id=11684& HTTP/1.1" 200 3804 "http://ed.activities.at/entry.php?id=11681" "Mozilla/5.0 (Macintosh; Intel Mac OS X 10_12_0) AppleWebKit/537.36 (KHTML, like Gecko) Chrome/56.0.2924.87 Safari/537.36"
62.178.213.181 - - [06/Mar/2017:19:42:05 +0100] "GET /entry.php?id=10778&form=11508&name=list& HTTP/1.1" 200 4669 "http://ed.activities.at/entry.php?id=11683&" "Mozilla/5.0 (Macintosh; Intel Mac OS X 10_12_0) AppleWebKit/537.36 (KHTML, like Gecko) Chrome/56.0.2924.87 Safari/537.36"
62.178.213.181 - - [06/Mar/2017:19:42:05 +0100] "GET /activities/framework/fwx_trans.gif HTTP/1.1" 200 43 "http://ed.activities.at/entry.php?id=11684&" "Mozilla/5.0 (Macintosh; Intel Mac OS X 10_12_0) AppleWebKit/537.36 (KHTML, like Gecko) Chrome/56.0.2924.87 Safari/537.36"
62.178.213.181 - - [06/Mar/2017:19:42:05 +0100] "GET /gui/images/icons/disabled_information.gif HTTP/1.1" 200 624 "http://ed.activities.at/entry.php?id=11684&" "Mozilla/5.0 (Macintosh; Intel Mac OS X 10_12_0) AppleWebKit/537.36 (KHTML, like Gecko) Chrome/56.0.2924.87 Safari/537.36"
62.178.213.181 - - [06/Mar/2017:19:42:05 +0100] "GET /gui/images/icons/disabled_delete.gif HTTP/1.1" 200 86 "http://ed.activities.at/entry.php?id=11684&" "Mozilla/5.0 (Macintosh; Intel Mac OS X 10_12_0) AppleWebKit/537.36 (KHTML, like Gecko) Chrome/56.0.2924.87 Safari/537.36"
62.178.213.181 - - [06/Mar/2017:19:42:05 +0100] "GET /gui/images/icons/disabled_lupe.gif HTTP/1.1" 200 322 "http://ed.activities.at/entry.php?id=11684&" "Mozilla/5.0 (Macintosh; Intel Mac OS X 10_12_0) AppleWebKit/537.36 (KHTML, like Gecko) Chrome/56.0.2924.87 Safari/537.36"
62.178.213.181 - - [06/Mar/2017:19:42:05 +0100] "GET /framework/icons/fwx_trans.gif HTTP/1.1" 200 43 "http://ed.activities.at/entry.php?id=10778&form=11508&name=list&" "Mozilla/5.0 (Macintosh; Intel Mac OS X 10_12_0) AppleWebKit/537.36 (KHTML, like Gecko) Chrome/56.0.2924.87 Safari/537.36"
62.178.213.181 - - [06/Mar/2017:19:42:05 +0100] "GET /gui/images/icons/note_msg_icon.gif HTTP/1.1" 200 1022 "http://ed.activities.at/entry.php?id=10778&form=11508&name=list&" "Mozilla/5.0 (Macintosh; Intel Mac OS X 10_12_0) AppleWebKit/537.36 (KHTML, like Gecko) Chrome/56.0.2924.87 Safari/537.36"
62.178.213.181 - - [06/Mar/2017:19:42:05 +0100] "GET /gui/images/icons/information.gif HTTP/1.1" 200 1025 "http://ed.activities.at/entry.php?id=10778&form=11508&name=list&" "Mozilla/5.0 (Macintosh; Intel Mac OS X 10_12_0) AppleWebKit/537.36 (KHTML, like Gecko) Chrome/56.0.2924.87 Safari/537.36"
62.178.213.181 - - [06/Mar/2017:19:42:05 +0100] "GET /entry.php?id=10776&form=11508&name=list& HTTP/1.1" 200 1895 "http://ed.activities.at/entry.php?id=11683&" "Mozilla/5.0 (Macintosh; Intel Mac OS X 10_12_0) AppleWebKit/537.36 (KHTML, like Gecko) Chrome/56.0.2924.87 Safari/537.36"
62.178.213.181 - - [06/Mar/2017:19:42:05 +0100] "GET /gui/images/icons/filter_on.gif HTTP/1.1" 200 316 "http://ed.activities.at/entry.php?id=10776&form=11508&name=list&" "Mozilla/5.0 (Macintosh; Intel Mac OS X 10_12_0) AppleWebKit/537.36 (KHTML, like Gecko) Chrome/56.0.2924.87 Safari/537.36"
62.178.213.181 - - [06/Mar/2017:19:42:05 +0100] "GET /gui/images/icons/lupe.gif HTTP/1.1" 200 324 "http://ed.activities.at/entry.php?id=10776&form=11508&name=list&" "Mozilla/5.0 (Macintosh; Intel Mac OS X 10_12_0) AppleWebKit/537.36 (KHTML, like Gecko) Chrome/56.0.2924.87 Safari/537.36"
62.178.213.181 - - [06/Mar/2017:19:42:05 +0100] "GET /gui/images/icons/disable_light.gif HTTP/1.1" 200 616 "http://ed.activities.at/entry.php?id=10776&form=11508&name=list&" "Mozilla/5.0 (Macintosh; Intel Mac OS X 10_12_0) AppleWebKit/537.36 (KHTML, like Gecko) Chrome/56.0.2924.87 Safari/537.36"
212.108.43.59 - - [06/Mar/2017:19:42:29 +0100] "POST /entry.php?id=11684 HTTP/1.1" 200 3950 "http://ed.activities.at/entry.php?id=11684&" "Mozilla/5.0 (Windows NT 10.0; Win64; x64) AppleWebKit/537.36 (KHTML, like Gecko) Chrome/56.0.2924.87 Safari/537.36"
212.108.43.59 - - [06/Mar/2017:19:42:29 +0100] "GET /gui/javascript/form_form.js?1488825749 HTTP/1.1" 200 16206 "http://ed.activities.at/entry.php?id=11684" "Mozilla/5.0 (Windows NT 10.0; Win64; x64) AppleWebKit/537.36 (KHTML, like Gecko) Chrome/56.0.2924.87 Safari/537.36"
62.178.213.181 - - [06/Mar/2017:19:42:35 +0100] "GET /framework/icons/rowselect.gif HTTP/1.1" 200 67 "http://ed.activities.at/entry.php?id=10778&form=11508&name=list&" "Mozilla/5.0 (Macintosh; Intel Mac OS X 10_12_0) AppleWebKit/537.36 (KHTML, like Gecko) Chrome/56.0.2924.87 Safari/537.36"
62.178.213.181 - - [06/Mar/2017:19:42:34 +0100] "POST /entry.php?id=11684 HTTP/1.1" 200 3950 "http://ed.activities.at/entry.php?id=11684&" "Mozilla/5.0 (Macintosh; Intel Mac OS X 10_12_0) AppleWebKit/537.36 (KHTML, like Gecko) Chrome/56.0.2924.87 Safari/537.36"
62.178.213.181 - - [06/Mar/2017:19:42:35 +0100] "GET /gui/javascript/form_form.js?1488825755 HTTP/1.1" 200 16206 "http://ed.activities.at/entry.php?id=11684" "Mozilla/5.0 (Macintosh; Intel Mac OS X 10_12_0) AppleWebKit/537.36 (KHTML, like Gecko) Chrome/56.0.2924.87 Safari/537.36"
212.108.43.59 - - [06/Mar/2017:19:42:38 +0100] "POST /entry.php?id=11684 HTTP/1.1" 200 3483 "http://ed.activities.at/entry.php?id=11684" "Mozilla/5.0 (Windows NT 10.0; Win64; x64) AppleWebKit/537.36 (KHTML, like Gecko) Chrome/56.0.2924.87 Safari/537.36"
212.108.43.59 - - [06/Mar/2017:19:42:38 +0100] "GET /gui/javascript/form_form.js?1488825758 HTTP/1.1" 200 16206 "http://ed.activities.at/entry.php?id=11684" "Mozilla/5.0 (Windows NT 10.0; Win64; x64) AppleWebKit/537.36 (KHTML, like Gecko) Chrome/56.0.2924.87 Safari/537.36"
212.108.43.59 - - [06/Mar/2017:19:42:39 +0100] "GET /framework/webfx/javascript/tinymce/skins/lightgray/content.min.css HTTP/1.1" 404 327 "http://ed.activities.at/entry.php?id=11684" "Mozilla/5.0 (Windows NT 10.0; Win64; x64) AppleWebKit/537.36 (KHTML, like Gecko) Chrome/56.0.2924.87 Safari/537.36"
62.178.213.181 - - [06/Mar/2017:19:42:40 +0100] "POST /entry.php?id=11684 HTTP/1.1" 200 3482 "http://ed.activities.at/entry.php?id=11684" "Mozilla/5.0 (Macintosh; Intel Mac OS X 10_12_0) AppleWebKit/537.36 (KHTML, like Gecko) Chrome/56.0.2924.87 Safari/537.36"
62.178.213.181 - - [06/Mar/2017:19:42:41 +0100] "GET /framework/webfx/javascript/tinymce/tinyEdit.js HTTP/1.1" 200 1251 "http://ed.activities.at/entry.php?id=11684" "Mozilla/5.0 (Macintosh; Intel Mac OS X 10_12_0) AppleWebKit/537.36 (KHTML, like Gecko) Chrome/56.0.2924.87 Safari/537.36"
62.178.213.181 - - [06/Mar/2017:19:42:41 +0100] "GET /gui/javascript/form_form.js?1488825760 HTTP/1.1" 200 16206 "http://ed.activities.at/entry.php?id=11684" "Mozilla/5.0 (Macintosh; Intel Mac OS X 10_12_0) AppleWebKit/537.36 (KHTML, like Gecko) Chrome/56.0.2924.87 Safari/537.36"
62.178.213.181 - - [06/Mar/2017:19:42:41 +0100] "GET /framework/webfx/javascript/tinymce/tinymce.min.js HTTP/1.1" 200 101898 "http://ed.activities.at/entry.php?id=11684" "Mozilla/5.0 (Macintosh; Intel Mac OS X 10_12_0) AppleWebKit/537.36 (KHTML, like Gecko) Chrome/56.0.2924.87 Safari/537.36"
62.178.213.181 - - [06/Mar/2017:19:42:41 +0100] "GET /framework/webfx/javascript/tinymce/langs/de.js HTTP/1.1" 200 3001 "http://ed.activities.at/entry.php?id=11684" "Mozilla/5.0 (Macintosh; Intel Mac OS X 10_12_0) AppleWebKit/537.36 (KHTML, like Gecko) Chrome/56.0.2924.87 Safari/537.36"
62.178.213.181 - - [06/Mar/2017:19:42:41 +0100] "GET /framework/webfx/javascript/tinymce/themes/modern/theme.min.js HTTP/1.1" 200 2636 "http://ed.activities.at/entry.php?id=11684" "Mozilla/5.0 (Macintosh; Intel Mac OS X 10_12_0) AppleWebKit/537.36 (KHTML, like Gecko) Chrome/56.0.2924.87 Safari/537.36"
62.178.213.181 - - [06/Mar/2017:19:42:41 +0100] "GET /framework/webfx/javascript/tinymce/plugins/advlist/plugin.min.js HTTP/1.1" 200 613 "http://ed.activities.at/entry.php?id=11684" "Mozilla/5.0 (Macintosh; Intel Mac OS X 10_12_0) AppleWebKit/537.36 (KHTML, like Gecko) Chrome/56.0.2924.87 Safari/537.36"
62.178.213.181 - - [06/Mar/2017:19:42:41 +0100] "GET /framework/webfx/javascript/tinymce/plugins/preview/plugin.min.js HTTP/1.1" 200 734 "http://ed.activities.at/entry.php?id=11684" "Mozilla/5.0 (Macintosh; Intel Mac OS X 10_12_0) AppleWebKit/537.36 (KHTML, like Gecko) Chrome/56.0.2924.87 Safari/537.36"
62.178.213.181 - - [06/Mar/2017:19:42:41 +0100] "GET /framework/webfx/javascript/tinymce/plugins/pagebreak/plugin.min.js HTTP/1.1" 200 636 "http://ed.activities.at/entry.php?id=11684" "Mozilla/5.0 (Macintosh; Intel Mac OS X 10_12_0) AppleWebKit/537.36 (KHTML, like Gecko) Chrome/56.0.2924.87 Safari/537.36"
62.178.213.181 - - [06/Mar/2017:19:42:41 +0100] "GET /framework/webfx/javascript/tinymce/plugins/hr/plugin.min.js HTTP/1.1" 200 191 "http://ed.activities.at/entry.php?id=11684" "Mozilla/5.0 (Macintosh; Intel Mac OS X 10_12_0) AppleWebKit/537.36 (KHTML, like Gecko) Chrome/56.0.2924.87 Safari/537.36"
62.178.213.181 - - [06/Mar/2017:19:42:41 +0100] "GET /framework/webfx/javascript/tinymce/plugins/searchreplace/plugin.min.js HTTP/1.1" 200 2568 "http://ed.activities.at/entry.php?id=11684" "Mozilla/5.0 (Macintosh; Intel Mac OS X 10_12_0) AppleWebKit/537.36 (KHTML, like Gecko) Chrome/56.0.2924.87 Safari/537.36"
62.178.213.181 - - [06/Mar/2017:19:42:41 +0100] "GET /framework/webfx/javascript/tinymce/plugins/anchor/plugin.min.js HTTP/1.1" 200 338 "http://ed.activities.at/entry.php?id=11684" "Mozilla/5.0 (Macintosh; Intel Mac OS X 10_12_0) AppleWebKit/537.36 (KHTML, like Gecko) Chrome/56.0.2924.87 Safari/537.36"
62.178.213.181 - - [06/Mar/2017:19:42:41 +0100] "GET /framework/webfx/javascript/tinymce/plugins/wordcount/plugin.min.js HTTP/1.1" 200 524 "http://ed.activities.at/entry.php?id=11684" "Mozilla/5.0 (Macintosh; Intel Mac OS X 10_12_0) AppleWebKit/537.36 (KHTML, like Gecko) Chrome/56.0.2924.87 Safari/537.36"
62.178.213.181 - - [06/Mar/2017:19:42:41 +0100] "GET /framework/webfx/javascript/tinymce/plugins/lists/plugin.min.js HTTP/1.1" 200 2642 "http://ed.activities.at/entry.php?id=11684" "Mozilla/5.0 (Macintosh; Intel Mac OS X 10_12_0) AppleWebKit/537.36 (KHTML, like Gecko) Chrome/56.0.2924.87 Safari/537.36"
62.178.213.181 - - [06/Mar/2017:19:42:41 +0100] "GET /framework/webfx/javascript/tinymce/plugins/visualblocks/plugin.min.js HTTP/1.1" 200 523 "http://ed.activities.at/entry.php?id=11684" "Mozilla/5.0 (Macintosh; Intel Mac OS X 10_12_0) AppleWebKit/537.36 (KHTML, like Gecko) Chrome/56.0.2924.87 Safari/537.36"
62.178.213.181 - - [06/Mar/2017:19:42:41 +0100] "GET /framework/webfx/javascript/tinymce/plugins/visualchars/plugin.min.js HTTP/1.1" 200 602 "http://ed.activities.at/entry.php?id=11684" "Mozilla/5.0 (Macintosh; Intel Mac OS X 10_12_0) AppleWebKit/537.36 (KHTML, like Gecko) Chrome/56.0.2924.87 Safari/537.36"
62.178.213.181 - - [06/Mar/2017:19:42:41 +0100] "GET /framework/webfx/javascript/tinymce/plugins/contextmenu/plugin.min.js HTTP/1.1" 200 542 "http://ed.activities.at/entry.php?id=11684" "Mozilla/5.0 (Macintosh; Intel Mac OS X 10_12_0) AppleWebKit/537.36 (KHTML, like Gecko) Chrome/56.0.2924.87 Safari/537.36"
62.178.213.181 - - [06/Mar/2017:19:42:41 +0100] "GET /framework/webfx/javascript/tinymce/plugins/code/plugin.min.js HTTP/1.1" 200 435 "http://ed.activities.at/entry.php?id=11684" "Mozilla/5.0 (Macintosh; Intel Mac OS X 10_12_0) AppleWebKit/537.36 (KHTML, like Gecko) Chrome/56.0.2924.87 Safari/537.36"
62.178.213.181 - - [06/Mar/2017:19:42:41 +0100] "GET /framework/webfx/javascript/tinymce/plugins/nonbreaking/plugin.min.js HTTP/1.1" 200 371 "http://ed.activities.at/entry.php?id=11684" "Mozilla/5.0 (Macintosh; Intel Mac OS X 10_12_0) AppleWebKit/537.36 (KHTML, like Gecko) Chrome/56.0.2924.87 Safari/537.36"
62.178.213.181 - - [06/Mar/2017:19:42:41 +0100] "GET /framework/webfx/javascript/tinymce/plugins/template/plugin.min.js HTTP/1.1" 200 1703 "http://ed.activities.at/entry.php?id=11684" "Mozilla/5.0 (Macintosh; Intel Mac OS X 10_12_0) AppleWebKit/537.36 (KHTML, like Gecko) Chrome/56.0.2924.87 Safari/537.36"
62.178.213.181 - - [06/Mar/2017:19:42:41 +0100] "GET /framework/webfx/javascript/tinymce/plugins/textcolor/plugin.min.js HTTP/1.1" 200 1636 "http://ed.activities.at/entry.php?id=11684" "Mozilla/5.0 (Macintosh; Intel Mac OS X 10_12_0) AppleWebKit/537.36 (KHTML, like Gecko) Chrome/56.0.2924.87 Safari/537.36"
62.178.213.181 - - [06/Mar/2017:19:42:41 +0100] "GET /framework/webfx/javascript/tinymce/plugins/image/plugin.min.js HTTP/1.1" 200 2240 "http://ed.activities.at/entry.php?id=11684" "Mozilla/5.0 (Macintosh; Intel Mac OS X 10_12_0) AppleWebKit/537.36 (KHTML, like Gecko) Chrome/56.0.2924.87 Safari/537.36"
62.178.213.181 - - [06/Mar/2017:19:42:41 +0100] "GET /framework/webfx/javascript/tinymce/plugins/colorpicker/plugin.min.js HTTP/1.1" 200 613 "http://ed.activities.at/entry.php?id=11684" "Mozilla/5.0 (Macintosh; Intel Mac OS X 10_12_0) AppleWebKit/537.36 (KHTML, like Gecko) Chrome/56.0.2924.87 Safari/537.36"
62.178.213.181 - - [06/Mar/2017:19:42:41 +0100] "GET /framework/webfx/javascript/tinymce/plugins/link/plugin.min.js HTTP/1.1" 200 1939 "http://ed.activities.at/entry.php?id=11684" "Mozilla/5.0 (Macintosh; Intel Mac OS X 10_12_0) AppleWebKit/537.36 (KHTML, like Gecko) Chrome/56.0.2924.87 Safari/537.36"
62.178.213.181 - - [06/Mar/2017:19:42:41 +0100] "GET /framework/webfx/javascript/tinymce/plugins/paste/plugin.min.js HTTP/1.1" 200 6164 "http://ed.activities.at/entry.php?id=11684" "Mozilla/5.0 (Macintosh; Intel Mac OS X 10_12_0) AppleWebKit/537.36 (KHTML, like Gecko) Chrome/56.0.2924.87 Safari/537.36"
62.178.213.181 - - [06/Mar/2017:19:42:41 +0100] "GET /framework/webfx/javascript/tinymce/skins/lightgray/skin.min.css HTTP/1.1" 200 6110 "http://ed.activities.at/entry.php?id=11684" "Mozilla/5.0 (Macintosh; Intel Mac OS X 10_12_0) AppleWebKit/537.36 (KHTML, like Gecko) Chrome/56.0.2924.87 Safari/537.36"
62.178.213.181 - - [06/Mar/2017:19:42:41 +0100] "GET /framework/webfx/javascript/tinymce/skins/lightgray/content.min.css HTTP/1.1" 404 327 "http://ed.activities.at/entry.php?id=11684" "Mozilla/5.0 (Macintosh; Intel Mac OS X 10_12_0) AppleWebKit/537.36 (KHTML, like Gecko) Chrome/56.0.2924.87 Safari/537.36"
62.178.213.181 - - [06/Mar/2017:19:42:41 +0100] "GET /framework/webfx/javascript/tinymce/skins/lightgray/fonts/tinymce-small.woff HTTP/1.1" 200 7848 "http://ed.activities.at/framework/webfx/javascript/tinymce/skins/lightgray/skin.min.css" "Mozilla/5.0 (Macintosh; Intel Mac OS X 10_12_0) AppleWebKit/537.36 (KHTML, like Gecko) Chrome/56.0.2924.87 Safari/537.36"
62.178.213.181 - - [06/Mar/2017:19:42:44 +0100] "GET /entry.php?id=10271&&ser=825703 HTTP/1.1" 200 987 "http://ed.activities.at/entry.php?id=10271&UIN=fe5033940c55873fa0038ea7cdb28423" "Mozilla/5.0 (Macintosh; Intel Mac OS X 10_12_0) AppleWebKit/537.36 (KHTML, like Gecko) Chrome/56.0.2924.87 Safari/537.36"
62.178.213.181 - - [06/Mar/2017:19:42:44 +0100] "GET /gui/javascript/form_form.js?1488825764 HTTP/1.1" 200 16206 "http://ed.activities.at/entry.php?id=10271&&ser=825703" "Mozilla/5.0 (Macintosh; Intel Mac OS X 10_12_0) AppleWebKit/537.36 (KHTML, like Gecko) Chrome/56.0.2924.87 Safari/537.36"
212.108.43.59 - - [06/Mar/2017:19:42:46 +0100] "GET /entry.php?id=10271&&ser=825705 HTTP/1.1" 200 987 "http://ed.activities.at/entry.php?id=10271&" "Mozilla/5.0 (Windows NT 10.0; Win64; x64) AppleWebKit/537.36 (KHTML, like Gecko) Chrome/56.0.2924.87 Safari/537.36"
212.108.43.59 - - [06/Mar/2017:19:42:46 +0100] "GET /gui/javascript/form_form.js?1488825766 HTTP/1.1" 200 16206 "http://ed.activities.at/entry.php?id=10271&&ser=825705" "Mozilla/5.0 (Windows NT 10.0; Win64; x64) AppleWebKit/537.36 (KHTML, like Gecko) Chrome/56.0.2924.87 Safari/537.36"
62.178.213.181 - - [06/Mar/2017:19:43:44 +0100] "GET /entry.php?id=10271&&ser=825764 HTTP/1.1" 200 986 "http://ed.activities.at/entry.php?id=10271&&ser=825703" "Mozilla/5.0 (Macintosh; Intel Mac OS X 10_12_0) AppleWebKit/537.36 (KHTML, like Gecko) Chrome/56.0.2924.87 Safari/537.36"
62.178.213.181 - - [06/Mar/2017:19:43:45 +0100] "GET /gui/javascript/form_form.js?1488825825 HTTP/1.1" 200 16206 "http://ed.activities.at/entry.php?id=10271&&ser=825764" "Mozilla/5.0 (Macintosh; Intel Mac OS X 10_12_0) AppleWebKit/537.36 (KHTML, like Gecko) Chrome/56.0.2924.87 Safari/537.36"
212.108.43.59 - - [06/Mar/2017:19:43:46 +0100] "GET /entry.php?id=10271&&ser=825766 HTTP/1.1" 200 986 "http://ed.activities.at/entry.php?id=10271&&ser=825705" "Mozilla/5.0 (Windows NT 10.0; Win64; x64) AppleWebKit/537.36 (KHTML, like Gecko) Chrome/56.0.2924.87 Safari/537.36"
212.108.43.59 - - [06/Mar/2017:19:43:47 +0100] "GET /gui/javascript/form_form.js?1488825827 HTTP/1.1" 200 16206 "http://ed.activities.at/entry.php?id=10271&&ser=825766" "Mozilla/5.0 (Windows NT 10.0; Win64; x64) AppleWebKit/537.36 (KHTML, like Gecko) Chrome/56.0.2924.87 Safari/537.36"
62.178.213.181 - - [06/Mar/2017:19:44:45 +0100] "GET /entry.php?id=10271&&ser=825825 HTTP/1.1" 200 986 "http://ed.activities.at/entry.php?id=10271&&ser=825764" "Mozilla/5.0 (Macintosh; Intel Mac OS X 10_12_0) AppleWebKit/537.36 (KHTML, like Gecko) Chrome/56.0.2924.87 Safari/537.36"
62.178.213.181 - - [06/Mar/2017:19:44:45 +0100] "GET /gui/javascript/form_form.js?1488825885 HTTP/1.1" 200 16206 "http://ed.activities.at/entry.php?id=10271&&ser=825825" "Mozilla/5.0 (Macintosh; Intel Mac OS X 10_12_0) AppleWebKit/537.36 (KHTML, like Gecko) Chrome/56.0.2924.87 Safari/537.36"
212.108.43.59 - - [06/Mar/2017:19:44:47 +0100] "GET /entry.php?id=10271&&ser=825827 HTTP/1.1" 200 986 "http://ed.activities.at/entry.php?id=10271&&ser=825766" "Mozilla/5.0 (Windows NT 10.0; Win64; x64) AppleWebKit/537.36 (KHTML, like Gecko) Chrome/56.0.2924.87 Safari/537.36"
212.108.43.59 - - [06/Mar/2017:19:44:47 +0100] "GET /gui/javascript/form_form.js?1488825887 HTTP/1.1" 200 16206 "http://ed.activities.at/entry.php?id=10271&&ser=825827" "Mozilla/5.0 (Windows NT 10.0; Win64; x64) AppleWebKit/537.36 (KHTML, like Gecko) Chrome/56.0.2924.87 Safari/537.36"
62.178.213.181 - - [06/Mar/2017:19:45:27 +0100] "POST /entry.php?id=11684 HTTP/1.1" 200 3896 "http://ed.activities.at/entry.php?id=11684" "Mozilla/5.0 (Macintosh; Intel Mac OS X 10_12_0) AppleWebKit/537.36 (KHTML, like Gecko) Chrome/56.0.2924.87 Safari/537.36"
62.178.213.181 - - [06/Mar/2017:19:45:28 +0100] "GET /gui/javascript/form_form.js?1488825928 HTTP/1.1" 200 16206 "http://ed.activities.at/entry.php?id=11684" "Mozilla/5.0 (Macintosh; Intel Mac OS X 10_12_0) AppleWebKit/537.36 (KHTML, like Gecko) Chrome/56.0.2924.87 Safari/537.36"
62.178.213.181 - - [06/Mar/2017:19:45:29 +0100] "GET /framework/webfx/javascript/tinymce/skins/lightgray/content.min.css HTTP/1.1" 404 327 "http://ed.activities.at/entry.php?id=11684" "Mozilla/5.0 (Macintosh; Intel Mac OS X 10_12_0) AppleWebKit/537.36 (KHTML, like Gecko) Chrome/56.0.2924.87 Safari/537.36"
212.108.43.59 - - [06/Mar/2017:19:45:32 +0100] "POST /entry.php?id=11684 HTTP/1.1" 200 3356 "http://ed.activities.at/entry.php?id=11684" "Mozilla/5.0 (Windows NT 10.0; Win64; x64) AppleWebKit/537.36 (KHTML, like Gecko) Chrome/56.0.2924.87 Safari/537.36"
212.108.43.59 - - [06/Mar/2017:19:45:33 +0100] "GET /gui/javascript/form_form.js?1488825933 HTTP/1.1" 200 16206 "http://ed.activities.at/entry.php?id=11684" "Mozilla/5.0 (Windows NT 10.0; Win64; x64) AppleWebKit/537.36 (KHTML, like Gecko) Chrome/56.0.2924.87 Safari/537.36"
212.108.43.59 - - [06/Mar/2017:19:45:34 +0100] "GET /framework/webfx/javascript/tinymce/skins/lightgray/content.min.css HTTP/1.1" 404 327 "http://ed.activities.at/entry.php?id=11684" "Mozilla/5.0 (Windows NT 10.0; Win64; x64) AppleWebKit/537.36 (KHTML, like Gecko) Chrome/56.0.2924.87 Safari/537.36"
212.108.43.59 - - [06/Mar/2017:19:45:34 +0100] "POST /entry.php?id=11684 HTTP/1.1" 200 3550 "http://ed.activities.at/entry.php?id=11684" "Mozilla/5.0 (Windows NT 10.0; Win64; x64) AppleWebKit/537.36 (KHTML, like Gecko) Chrome/56.0.2924.87 Safari/537.36"
212.108.43.59 - - [06/Mar/2017:19:45:35 +0100] "GET /gui/javascript/form_form.js?1488825935 HTTP/1.1" 200 16206 "http://ed.activities.at/entry.php?id=11684" "Mozilla/5.0 (Windows NT 10.0; Win64; x64) AppleWebKit/537.36 (KHTML, like Gecko) Chrome/56.0.2924.87 Safari/537.36"
212.108.43.59 - - [06/Mar/2017:19:45:36 +0100] "GET /framework/webfx/javascript/tinymce/skins/lightgray/content.min.css HTTP/1.1" 404 327 "http://ed.activities.at/entry.php?id=11684" "Mozilla/5.0 (Windows NT 10.0; Win64; x64) AppleWebKit/537.36 (KHTML, like Gecko) Chrome/56.0.2924.87 Safari/537.36"
212.108.43.59 - - [06/Mar/2017:19:45:43 +0100] "POST /entry.php?id=11684 HTTP/1.1" 200 3970 "http://ed.activities.at/entry.php?id=11684" "Mozilla/5.0 (Windows NT 10.0; Win64; x64) AppleWebKit/537.36 (KHTML, like Gecko) Chrome/56.0.2924.87 Safari/537.36"
212.108.43.59 - - [06/Mar/2017:19:45:44 +0100] "GET /gui/javascript/form_form.js?1488825943 HTTP/1.1" 200 16206 "http://ed.activities.at/entry.php?id=11684" "Mozilla/5.0 (Windows NT 10.0; Win64; x64) AppleWebKit/537.36 (KHTML, like Gecko) Chrome/56.0.2924.87 Safari/537.36"
62.178.213.181 - - [06/Mar/2017:19:45:45 +0100] "GET /entry.php?id=10271&&ser=825885 HTTP/1.1" 200 987 "http://ed.activities.at/entry.php?id=10271&&ser=825825" "Mozilla/5.0 (Macintosh; Intel Mac OS X 10_12_0) AppleWebKit/537.36 (KHTML, like Gecko) Chrome/56.0.2924.87 Safari/537.36"
62.178.213.181 - - [06/Mar/2017:19:45:45 +0100] "GET /gui/javascript/form_form.js?1488825945 HTTP/1.1" 200 16206 "http://ed.activities.at/entry.php?id=10271&&ser=825885" "Mozilla/5.0 (Macintosh; Intel Mac OS X 10_12_0) AppleWebKit/537.36 (KHTML, like Gecko) Chrome/56.0.2924.87 Safari/537.36"
212.108.43.59 - - [06/Mar/2017:19:45:47 +0100] "GET /entry.php?id=10271&&ser=825887 HTTP/1.1" 200 987 "http://ed.activities.at/entry.php?id=10271&&ser=825827" "Mozilla/5.0 (Windows NT 10.0; Win64; x64) AppleWebKit/537.36 (KHTML, like Gecko) Chrome/56.0.2924.87 Safari/537.36"
212.108.43.59 - - [06/Mar/2017:19:45:47 +0100] "GET /gui/javascript/form_form.js?1488825947 HTTP/1.1" 200 16206 "http://ed.activities.at/entry.php?id=10271&&ser=825887" "Mozilla/5.0 (Windows NT 10.0; Win64; x64) AppleWebKit/537.36 (KHTML, like Gecko) Chrome/56.0.2924.87 Safari/537.36"
62.178.213.181 - - [06/Mar/2017:19:45:48 +0100] "POST /entry.php?id=11684 HTTP/1.1" 200 3971 "http://ed.activities.at/entry.php?id=11684" "Mozilla/5.0 (Macintosh; Intel Mac OS X 10_12_0) AppleWebKit/537.36 (KHTML, like Gecko) Chrome/56.0.2924.87 Safari/537.36"
62.178.213.181 - - [06/Mar/2017:19:45:49 +0100] "GET /gui/javascript/form_form.js?1488825948 HTTP/1.1" 200 16206 "http://ed.activities.at/entry.php?id=11684" "Mozilla/5.0 (Macintosh; Intel Mac OS X 10_12_0) AppleWebKit/537.36 (KHTML, like Gecko) Chrome/56.0.2924.87 Safari/537.36"
62.178.213.181 - - [06/Mar/2017:19:45:50 +0100] "POST /entry.php?id=11684 HTTP/1.1" 200 4220 "http://ed.activities.at/entry.php?id=11684" "Mozilla/5.0 (Macintosh; Intel Mac OS X 10_12_0) AppleWebKit/537.36 (KHTML, like Gecko) Chrome/56.0.2924.87 Safari/537.36"
62.178.213.181 - - [06/Mar/2017:19:45:51 +0100] "GET /gui/javascript/form_form.js?1488825951 HTTP/1.1" 200 16206 "http://ed.activities.at/entry.php?id=11684" "Mozilla/5.0 (Macintosh; Intel Mac OS X 10_12_0) AppleWebKit/537.36 (KHTML, like Gecko) Chrome/56.0.2924.87 Safari/537.36"
212.108.43.59 - - [06/Mar/2017:19:46:14 +0100] "POST /entry.php?id=11684 HTTP/1.1" 200 3956 "http://ed.activities.at/entry.php?id=11684" "Mozilla/5.0 (Windows NT 10.0; Win64; x64) AppleWebKit/537.36 (KHTML, like Gecko) Chrome/56.0.2924.87 Safari/537.36"
212.108.43.59 - - [06/Mar/2017:19:46:14 +0100] "GET /gui/javascript/form_form.js?1488825974 HTTP/1.1" 200 16206 "http://ed.activities.at/entry.php?id=11684" "Mozilla/5.0 (Windows NT 10.0; Win64; x64) AppleWebKit/537.36 (KHTML, like Gecko) Chrome/56.0.2924.87 Safari/537.36"
62.178.213.181 - - [06/Mar/2017:19:46:17 +0100] "POST /entry.php?id=11684 HTTP/1.1" 200 3955 "http://ed.activities.at/entry.php?id=11684" "Mozilla/5.0 (Macintosh; Intel Mac OS X 10_12_0) AppleWebKit/537.36 (KHTML, like Gecko) Chrome/56.0.2924.87 Safari/537.36"
62.178.213.181 - - [06/Mar/2017:19:46:18 +0100] "GET /gui/javascript/form_form.js?1488825978 HTTP/1.1" 200 16206 "http://ed.activities.at/entry.php?id=11684" "Mozilla/5.0 (Macintosh; Intel Mac OS X 10_12_0) AppleWebKit/537.36 (KHTML, like Gecko) Chrome/56.0.2924.87 Safari/537.36"
62.178.213.181 - - [06/Mar/2017:19:46:21 +0100] "POST /entry.php?id=11684 HTTP/1.1" 200 3354 "http://ed.activities.at/entry.php?id=11684" "Mozilla/5.0 (Macintosh; Intel Mac OS X 10_12_0) AppleWebKit/537.36 (KHTML, like Gecko) Chrome/56.0.2924.87 Safari/537.36"
62.178.213.181 - - [06/Mar/2017:19:46:22 +0100] "GET /gui/javascript/form_form.js?1488825981 HTTP/1.1" 200 16206 "http://ed.activities.at/entry.php?id=11684" "Mozilla/5.0 (Macintosh; Intel Mac OS X 10_12_0) AppleWebKit/537.36 (KHTML, like Gecko) Chrome/56.0.2924.87 Safari/537.36"
62.178.213.181 - - [06/Mar/2017:19:46:22 +0100] "GET /framework/webfx/javascript/tinymce/skins/lightgray/content.min.css HTTP/1.1" 404 327 "http://ed.activities.at/entry.php?id=11684" "Mozilla/5.0 (Macintosh; Intel Mac OS X 10_12_0) AppleWebKit/537.36 (KHTML, like Gecko) Chrome/56.0.2924.87 Safari/537.36"
62.178.213.181 - - [06/Mar/2017:19:46:22 +0100] "GET /binaries/easy-drivers-portal/safe4cyclepng-1.png HTTP/1.1" 200 16726 "http://ed.activities.at/entry.php?id=11684" "Mozilla/5.0 (Macintosh; Intel Mac OS X 10_12_0) AppleWebKit/537.36 (KHTML, like Gecko) Chrome/56.0.2924.87 Safari/537.36"
62.178.213.181 - - [06/Mar/2017:19:46:46 +0100] "GET /entry.php?id=10271&&ser=825945 HTTP/1.1" 200 987 "http://ed.activities.at/entry.php?id=10271&&ser=825885" "Mozilla/5.0 (Macintosh; Intel Mac OS X 10_12_0) AppleWebKit/537.36 (KHTML, like Gecko) Chrome/56.0.2924.87 Safari/537.36"
62.178.213.181 - - [06/Mar/2017:19:46:46 +0100] "GET /gui/javascript/form_form.js?1488826006 HTTP/1.1" 200 16206 "http://ed.activities.at/entry.php?id=10271&&ser=825945" "Mozilla/5.0 (Macintosh; Intel Mac OS X 10_12_0) AppleWebKit/537.36 (KHTML, like Gecko) Chrome/56.0.2924.87 Safari/537.36"
212.108.43.59 - - [06/Mar/2017:19:46:48 +0100] "GET /entry.php?id=10271&&ser=825947 HTTP/1.1" 200 986 "http://ed.activities.at/entry.php?id=10271&&ser=825887" "Mozilla/5.0 (Windows NT 10.0; Win64; x64) AppleWebKit/537.36 (KHTML, like Gecko) Chrome/56.0.2924.87 Safari/537.36"
212.108.43.59 - - [06/Mar/2017:19:46:48 +0100] "GET /gui/javascript/form_form.js?1488826008 HTTP/1.1" 200 16206 "http://ed.activities.at/entry.php?id=10271&&ser=825947" "Mozilla/5.0 (Windows NT 10.0; Win64; x64) AppleWebKit/537.36 (KHTML, like Gecko) Chrome/56.0.2924.87 Safari/537.36"
212.108.43.59 - - [06/Mar/2017:19:46:58 +0100] "POST /entry.php?id=11684 HTTP/1.1" 200 3353 "http://ed.activities.at/entry.php?id=11684" "Mozilla/5.0 (Windows NT 10.0; Win64; x64) AppleWebKit/537.36 (KHTML, like Gecko) Chrome/56.0.2924.87 Safari/537.36"
212.108.43.59 - - [06/Mar/2017:19:46:59 +0100] "GET /gui/javascript/form_form.js?1488826019 HTTP/1.1" 200 16206 "http://ed.activities.at/entry.php?id=11684" "Mozilla/5.0 (Windows NT 10.0; Win64; x64) AppleWebKit/537.36 (KHTML, like Gecko) Chrome/56.0.2924.87 Safari/537.36"
212.108.43.59 - - [06/Mar/2017:19:46:59 +0100] "GET /framework/webfx/javascript/tinymce/skins/lightgray/content.min.css HTTP/1.1" 404 327 "http://ed.activities.at/entry.php?id=11684" "Mozilla/5.0 (Windows NT 10.0; Win64; x64) AppleWebKit/537.36 (KHTML, like Gecko) Chrome/56.0.2924.87 Safari/537.36"
212.108.43.59 - - [06/Mar/2017:19:47:18 +0100] "GET /entry.php?id=10921&chooserview=PinEditimages&view=PinEditimages HTTP/1.1" 200 447 "http://ed.activities.at/entry.php?id=11684" "Mozilla/5.0 (Windows NT 10.0; Win64; x64) AppleWebKit/537.36 (KHTML, like Gecko) Chrome/56.0.2924.87 Safari/537.36"
212.108.43.59 - - [06/Mar/2017:19:47:18 +0100] "GET /entry.php?id=10676&&title=Link%20Verwaltung HTTP/1.1" 200 1391 "http://ed.activities.at/entry.php?id=10921&chooserview=PinEditimages&view=PinEditimages" "Mozilla/5.0 (Windows NT 10.0; Win64; x64) AppleWebKit/537.36 (KHTML, like Gecko) Chrome/56.0.2924.87 Safari/537.36"
212.108.43.59 - - [06/Mar/2017:19:47:18 +0100] "GET /gui/javascript/form_form.js?1488826038 HTTP/1.1" 200 16206 "http://ed.activities.at/entry.php?id=10676&&title=Link%20Verwaltung" "Mozilla/5.0 (Windows NT 10.0; Win64; x64) AppleWebKit/537.36 (KHTML, like Gecko) Chrome/56.0.2924.87 Safari/537.36"
212.108.43.59 - - [06/Mar/2017:19:47:18 +0100] "GET /entry.php?id=10917&&but=&object=&class=&tag=&value=&chooserview=PinEditimages&function=&setlist= HTTP/1.1" 200 2106 "http://ed.activities.at/entry.php?id=10921&chooserview=PinEditimages&view=PinEditimages" "Mozilla/5.0 (Windows NT 10.0; Win64; x64) AppleWebKit/537.36 (KHTML, like Gecko) Chrome/56.0.2924.87 Safari/537.36"
212.108.43.59 - - [06/Mar/2017:19:47:18 +0100] "GET /entry.php?id=10918&&view=chooser&but=&object=&class=&tag=&value=&chooserview=PinEditimages&function=&setlist= HTTP/1.1" 200 2400 "http://ed.activities.at/entry.php?id=10921&chooserview=PinEditimages&view=PinEditimages" "Mozilla/5.0 (Windows NT 10.0; Win64; x64) AppleWebKit/537.36 (KHTML, like Gecko) Chrome/56.0.2924.87 Safari/537.36"
212.108.43.59 - - [06/Mar/2017:19:47:18 +0100] "GET /entry.php?id=10776&form=10756&name=list& HTTP/1.1" 200 1461 "http://ed.activities.at/entry.php?id=10918&&view=chooser&but=&object=&class=&tag=&value=&chooserview=PinEditimages&function=&setlist=" "Mozilla/5.0 (Windows NT 10.0; Win64; x64) AppleWebKit/537.36 (KHTML, like Gecko) Chrome/56.0.2924.87 Safari/537.36"
212.108.43.59 - - [06/Mar/2017:19:47:18 +0100] "GET /entry.php?id=10778&form=10756&name=list& HTTP/1.1" 200 3953 "http://ed.activities.at/entry.php?id=10918&&view=chooser&but=&object=&class=&tag=&value=&chooserview=PinEditimages&function=&setlist=" "Mozilla/5.0 (Windows NT 10.0; Win64; x64) AppleWebKit/537.36 (KHTML, like Gecko) Chrome/56.0.2924.87 Safari/537.36"
212.108.43.59 - - [06/Mar/2017:19:47:19 +0100] "GET /framework/icons/sortUp.gif HTTP/1.1" 200 53 "http://ed.activities.at/entry.php?id=10776&form=10756&name=list&" "Mozilla/5.0 (Windows NT 10.0; Win64; x64) AppleWebKit/537.36 (KHTML, like Gecko) Chrome/56.0.2924.87 Safari/537.36"
62.178.213.181 - - [06/Mar/2017:19:47:46 +0100] "GET /entry.php?id=10271&&ser=826006 HTTP/1.1" 200 986 "http://ed.activities.at/entry.php?id=10271&&ser=825945" "Mozilla/5.0 (Macintosh; Intel Mac OS X 10_12_0) AppleWebKit/537.36 (KHTML, like Gecko) Chrome/56.0.2924.87 Safari/537.36"
62.178.213.181 - - [06/Mar/2017:19:47:46 +0100] "GET /gui/javascript/form_form.js?1488826066 HTTP/1.1" 200 16206 "http://ed.activities.at/entry.php?id=10271&&ser=826006" "Mozilla/5.0 (Macintosh; Intel Mac OS X 10_12_0) AppleWebKit/537.36 (KHTML, like Gecko) Chrome/56.0.2924.87 Safari/537.36"
212.108.43.59 - - [06/Mar/2017:19:47:48 +0100] "GET /entry.php?id=10271&&ser=826008 HTTP/1.1" 200 986 "http://ed.activities.at/entry.php?id=10271&&ser=825947" "Mozilla/5.0 (Windows NT 10.0; Win64; x64) AppleWebKit/537.36 (KHTML, like Gecko) Chrome/56.0.2924.87 Safari/537.36"
212.108.43.59 - - [06/Mar/2017:19:47:48 +0100] "GET /gui/javascript/form_form.js?1488826068 HTTP/1.1" 200 16206 "http://ed.activities.at/entry.php?id=10271&&ser=826008" "Mozilla/5.0 (Windows NT 10.0; Win64; x64) AppleWebKit/537.36 (KHTML, like Gecko) Chrome/56.0.2924.87 Safari/537.36"
62.178.213.181 - - [06/Mar/2017:19:48:46 +0100] "GET /entry.php?id=10271&&ser=826066 HTTP/1.1" 200 986 "http://ed.activities.at/entry.php?id=10271&&ser=826006" "Mozilla/5.0 (Macintosh; Intel Mac OS X 10_12_0) AppleWebKit/537.36 (KHTML, like Gecko) Chrome/56.0.2924.87 Safari/537.36"
62.178.213.181 - - [06/Mar/2017:19:48:47 +0100] "GET /gui/javascript/form_form.js?1488826127 HTTP/1.1" 200 16206 "http://ed.activities.at/entry.php?id=10271&&ser=826066" "Mozilla/5.0 (Macintosh; Intel Mac OS X 10_12_0) AppleWebKit/537.36 (KHTML, like Gecko) Chrome/56.0.2924.87 Safari/537.36"
212.108.43.59 - - [06/Mar/2017:19:48:49 +0100] "GET /entry.php?id=10271&&ser=826068 HTTP/1.1" 200 986 "http://ed.activities.at/entry.php?id=10271&&ser=826008" "Mozilla/5.0 (Windows NT 10.0; Win64; x64) AppleWebKit/537.36 (KHTML, like Gecko) Chrome/56.0.2924.87 Safari/537.36"
212.108.43.59 - - [06/Mar/2017:19:48:49 +0100] "GET /gui/javascript/form_form.js?1488826129 HTTP/1.1" 200 16206 "http://ed.activities.at/entry.php?id=10271&&ser=826068" "Mozilla/5.0 (Windows NT 10.0; Win64; x64) AppleWebKit/537.36 (KHTML, like Gecko) Chrome/56.0.2924.87 Safari/537.36"
62.178.213.181 - - [06/Mar/2017:19:49:47 +0100] "GET /entry.php?id=10271&&ser=826127 HTTP/1.1" 200 986 "http://ed.activities.at/entry.php?id=10271&&ser=826066" "Mozilla/5.0 (Macintosh; Intel Mac OS X 10_12_0) AppleWebKit/537.36 (KHTML, like Gecko) Chrome/56.0.2924.87 Safari/537.36"
62.178.213.181 - - [06/Mar/2017:19:49:47 +0100] "GET /gui/javascript/form_form.js?1488826187 HTTP/1.1" 200 16206 "http://ed.activities.at/entry.php?id=10271&&ser=826127" "Mozilla/5.0 (Macintosh; Intel Mac OS X 10_12_0) AppleWebKit/537.36 (KHTML, like Gecko) Chrome/56.0.2924.87 Safari/537.36"
212.108.43.59 - - [06/Mar/2017:19:49:49 +0100] "GET /entry.php?id=10271&&ser=826129 HTTP/1.1" 200 986 "http://ed.activities.at/entry.php?id=10271&&ser=826068" "Mozilla/5.0 (Windows NT 10.0; Win64; x64) AppleWebKit/537.36 (KHTML, like Gecko) Chrome/56.0.2924.87 Safari/537.36"
212.108.43.59 - - [06/Mar/2017:19:49:49 +0100] "GET /gui/javascript/form_form.js?1488826189 HTTP/1.1" 200 16206 "http://ed.activities.at/entry.php?id=10271&&ser=826129" "Mozilla/5.0 (Windows NT 10.0; Win64; x64) AppleWebKit/537.36 (KHTML, like Gecko) Chrome/56.0.2924.87 Safari/537.36"
62.178.213.181 - - [06/Mar/2017:19:50:47 +0100] "GET /entry.php?id=10271&&ser=826187 HTTP/1.1" 200 987 "http://ed.activities.at/entry.php?id=10271&&ser=826127" "Mozilla/5.0 (Macintosh; Intel Mac OS X 10_12_0) AppleWebKit/537.36 (KHTML, like Gecko) Chrome/56.0.2924.87 Safari/537.36"
62.178.213.181 - - [06/Mar/2017:19:50:47 +0100] "GET /gui/javascript/form_form.js?1488826247 HTTP/1.1" 200 16206 "http://ed.activities.at/entry.php?id=10271&&ser=826187" "Mozilla/5.0 (Macintosh; Intel Mac OS X 10_12_0) AppleWebKit/537.36 (KHTML, like Gecko) Chrome/56.0.2924.87 Safari/537.36"
212.108.43.59 - - [06/Mar/2017:19:50:49 +0100] "GET /entry.php?id=10271&&ser=826189 HTTP/1.1" 200 986 "http://ed.activities.at/entry.php?id=10271&&ser=826129" "Mozilla/5.0 (Windows NT 10.0; Win64; x64) AppleWebKit/537.36 (KHTML, like Gecko) Chrome/56.0.2924.87 Safari/537.36"
212.108.43.59 - - [06/Mar/2017:19:50:50 +0100] "GET /gui/javascript/form_form.js?1488826250 HTTP/1.1" 200 16206 "http://ed.activities.at/entry.php?id=10271&&ser=826189" "Mozilla/5.0 (Windows NT 10.0; Win64; x64) AppleWebKit/537.36 (KHTML, like Gecko) Chrome/56.0.2924.87 Safari/537.36"
62.178.213.181 - - [06/Mar/2017:19:51:48 +0100] "GET /entry.php?id=10271&&ser=826247 HTTP/1.1" 200 986 "http://ed.activities.at/entry.php?id=10271&&ser=826187" "Mozilla/5.0 (Macintosh; Intel Mac OS X 10_12_0) AppleWebKit/537.36 (KHTML, like Gecko) Chrome/56.0.2924.87 Safari/537.36"
62.178.213.181 - - [06/Mar/2017:19:51:48 +0100] "GET /gui/javascript/form_form.js?1488826308 HTTP/1.1" 200 16206 "http://ed.activities.at/entry.php?id=10271&&ser=826247" "Mozilla/5.0 (Macintosh; Intel Mac OS X 10_12_0) AppleWebKit/537.36 (KHTML, like Gecko) Chrome/56.0.2924.87 Safari/537.36"
212.108.43.59 - - [06/Mar/2017:19:51:50 +0100] "GET /entry.php?id=10271&&ser=826250 HTTP/1.1" 200 986 "http://ed.activities.at/entry.php?id=10271&&ser=826189" "Mozilla/5.0 (Windows NT 10.0; Win64; x64) AppleWebKit/537.36 (KHTML, like Gecko) Chrome/56.0.2924.87 Safari/537.36"
212.108.43.59 - - [06/Mar/2017:19:51:50 +0100] "GET /gui/javascript/form_form.js?1488826310 HTTP/1.1" 200 16206 "http://ed.activities.at/entry.php?id=10271&&ser=826250" "Mozilla/5.0 (Windows NT 10.0; Win64; x64) AppleWebKit/537.36 (KHTML, like Gecko) Chrome/56.0.2924.87 Safari/537.36"
62.178.213.181 - - [06/Mar/2017:19:52:48 +0100] "GET /entry.php?id=10271&&ser=826308 HTTP/1.1" 200 986 "http://ed.activities.at/entry.php?id=10271&&ser=826247" "Mozilla/5.0 (Macintosh; Intel Mac OS X 10_12_0) AppleWebKit/537.36 (KHTML, like Gecko) Chrome/56.0.2924.87 Safari/537.36"
62.178.213.181 - - [06/Mar/2017:19:52:48 +0100] "GET /gui/javascript/form_form.js?1488826368 HTTP/1.1" 200 16206 "http://ed.activities.at/entry.php?id=10271&&ser=826308" "Mozilla/5.0 (Macintosh; Intel Mac OS X 10_12_0) AppleWebKit/537.36 (KHTML, like Gecko) Chrome/56.0.2924.87 Safari/537.36"
212.108.43.59 - - [06/Mar/2017:19:52:50 +0100] "GET /entry.php?id=10271&&ser=826310 HTTP/1.1" 200 986 "http://ed.activities.at/entry.php?id=10271&&ser=826250" "Mozilla/5.0 (Windows NT 10.0; Win64; x64) AppleWebKit/537.36 (KHTML, like Gecko) Chrome/56.0.2924.87 Safari/537.36"
212.108.43.59 - - [06/Mar/2017:19:52:50 +0100] "GET /gui/javascript/form_form.js?1488826370 HTTP/1.1" 200 16206 "http://ed.activities.at/entry.php?id=10271&&ser=826310" "Mozilla/5.0 (Windows NT 10.0; Win64; x64) AppleWebKit/537.36 (KHTML, like Gecko) Chrome/56.0.2924.87 Safari/537.36"
62.178.213.181 - - [06/Mar/2017:19:53:48 +0100] "GET /entry.php?id=10271&&ser=826368 HTTP/1.1" 200 987 "http://ed.activities.at/entry.php?id=10271&&ser=826308" "Mozilla/5.0 (Macintosh; Intel Mac OS X 10_12_0) AppleWebKit/537.36 (KHTML, like Gecko) Chrome/56.0.2924.87 Safari/537.36"
62.178.213.181 - - [06/Mar/2017:19:53:49 +0100] "GET /gui/javascript/form_form.js?1488826429 HTTP/1.1" 200 16206 "http://ed.activities.at/entry.php?id=10271&&ser=826368" "Mozilla/5.0 (Macintosh; Intel Mac OS X 10_12_0) AppleWebKit/537.36 (KHTML, like Gecko) Chrome/56.0.2924.87 Safari/537.36"
212.108.43.59 - - [06/Mar/2017:19:53:51 +0100] "GET /entry.php?id=10271&&ser=826370 HTTP/1.1" 200 986 "http://ed.activities.at/entry.php?id=10271&&ser=826310" "Mozilla/5.0 (Windows NT 10.0; Win64; x64) AppleWebKit/537.36 (KHTML, like Gecko) Chrome/56.0.2924.87 Safari/537.36"
212.108.43.59 - - [06/Mar/2017:19:53:51 +0100] "GET /gui/javascript/form_form.js?1488826431 HTTP/1.1" 200 16206 "http://ed.activities.at/entry.php?id=10271&&ser=826370" "Mozilla/5.0 (Windows NT 10.0; Win64; x64) AppleWebKit/537.36 (KHTML, like Gecko) Chrome/56.0.2924.87 Safari/537.36"
212.108.43.59 - - [06/Mar/2017:19:54:07 +0100] "GET /entry.php?id=10441&UIN=3d1ce3bd0ccdff1e4591491d79277d36 HTTP/1.1" 200 1172 "http://ed.activities.at/layout.php" "Mozilla/5.0 (Windows NT 10.0; Win64; x64) AppleWebKit/537.36 (KHTML, like Gecko) Chrome/56.0.2924.87 Safari/537.36"
212.108.43.59 - - [06/Mar/2017:19:54:07 +0100] "GET /gui/javascript/form_form.js?1488826447 HTTP/1.1" 200 16206 "http://ed.activities.at/entry.php?id=10441&UIN=3d1ce3bd0ccdff1e4591491d79277d36" "Mozilla/5.0 (Windows NT 10.0; Win64; x64) AppleWebKit/537.36 (KHTML, like Gecko) Chrome/56.0.2924.87 Safari/537.36"
62.178.213.181 - - [06/Mar/2017:19:54:49 +0100] "GET /entry.php?id=10271&&ser=826429 HTTP/1.1" 200 986 "http://ed.activities.at/entry.php?id=10271&&ser=826368" "Mozilla/5.0 (Macintosh; Intel Mac OS X 10_12_0) AppleWebKit/537.36 (KHTML, like Gecko) Chrome/56.0.2924.87 Safari/537.36"
62.178.213.181 - - [06/Mar/2017:19:54:49 +0100] "GET /gui/javascript/form_form.js?1488826489 HTTP/1.1" 200 16206 "http://ed.activities.at/entry.php?id=10271&&ser=826429" "Mozilla/5.0 (Macintosh; Intel Mac OS X 10_12_0) AppleWebKit/537.36 (KHTML, like Gecko) Chrome/56.0.2924.87 Safari/537.36"
62.178.213.181 - - [06/Mar/2017:19:55:49 +0100] "GET /entry.php?id=10271&&ser=826489 HTTP/1.1" 200 987 "http://ed.activities.at/entry.php?id=10271&&ser=826429" "Mozilla/5.0 (Macintosh; Intel Mac OS X 10_12_0) AppleWebKit/537.36 (KHTML, like Gecko) Chrome/56.0.2924.87 Safari/537.36"
62.178.213.181 - - [06/Mar/2017:19:55:49 +0100] "GET /gui/javascript/form_form.js?1488826549 HTTP/1.1" 200 16206 "http://ed.activities.at/entry.php?id=10271&&ser=826489" "Mozilla/5.0 (Macintosh; Intel Mac OS X 10_12_0) AppleWebKit/537.36 (KHTML, like Gecko) Chrome/56.0.2924.87 Safari/537.36"
62.178.213.181 - - [06/Mar/2017:19:56:49 +0100] "GET /entry.php?id=10271&&ser=826549 HTTP/1.1" 200 986 "http://ed.activities.at/entry.php?id=10271&&ser=826489" "Mozilla/5.0 (Macintosh; Intel Mac OS X 10_12_0) AppleWebKit/537.36 (KHTML, like Gecko) Chrome/56.0.2924.87 Safari/537.36"
62.178.213.181 - - [06/Mar/2017:19:56:50 +0100] "GET /gui/javascript/form_form.js?1488826610 HTTP/1.1" 200 16206 "http://ed.activities.at/entry.php?id=10271&&ser=826549" "Mozilla/5.0 (Macintosh; Intel Mac OS X 10_12_0) AppleWebKit/537.36 (KHTML, like Gecko) Chrome/56.0.2924.87 Safari/537.36"
212.108.43.59 - - [06/Mar/2017:19:57:38 +0100] "GET /entry.php?id=10441&UIN=1391b15fd2c149d2a98a899f4f7e5c14 HTTP/1.1" 200 1153 "http://ed.activities.at/layout.php" "Mozilla/5.0 (Windows NT 10.0; Win64; x64) AppleWebKit/537.36 (KHTML, like Gecko) Chrome/56.0.2924.87 Safari/537.36"
212.108.43.59 - - [06/Mar/2017:19:57:38 +0100] "GET /gui/javascript/form_form.js?1488826658 HTTP/1.1" 200 16206 "http://ed.activities.at/entry.php?id=10441&UIN=1391b15fd2c149d2a98a899f4f7e5c14" "Mozilla/5.0 (Windows NT 10.0; Win64; x64) AppleWebKit/537.36 (KHTML, like Gecko) Chrome/56.0.2924.87 Safari/537.36"
62.178.213.181 - - [06/Mar/2017:19:57:50 +0100] "GET /entry.php?id=10271&&ser=826610 HTTP/1.1" 200 986 "http://ed.activities.at/entry.php?id=10271&&ser=826549" "Mozilla/5.0 (Macintosh; Intel Mac OS X 10_12_0) AppleWebKit/537.36 (KHTML, like Gecko) Chrome/56.0.2924.87 Safari/537.36"
62.178.213.181 - - [06/Mar/2017:19:57:50 +0100] "GET /gui/javascript/form_form.js?1488826670 HTTP/1.1" 200 16206 "http://ed.activities.at/entry.php?id=10271&&ser=826610" "Mozilla/5.0 (Macintosh; Intel Mac OS X 10_12_0) AppleWebKit/537.36 (KHTML, like Gecko) Chrome/56.0.2924.87 Safari/537.36"
62.178.213.181 - - [06/Mar/2017:19:58:50 +0100] "GET /entry.php?id=10271&&ser=826670 HTTP/1.1" 200 986 "http://ed.activities.at/entry.php?id=10271&&ser=826610" "Mozilla/5.0 (Macintosh; Intel Mac OS X 10_12_0) AppleWebKit/537.36 (KHTML, like Gecko) Chrome/56.0.2924.87 Safari/537.36"
62.178.213.181 - - [06/Mar/2017:19:58:50 +0100] "GET /gui/javascript/form_form.js?1488826730 HTTP/1.1" 200 16206 "http://ed.activities.at/entry.php?id=10271&&ser=826670" "Mozilla/5.0 (Macintosh; Intel Mac OS X 10_12_0) AppleWebKit/537.36 (KHTML, like Gecko) Chrome/56.0.2924.87 Safari/537.36"
62.178.213.181 - - [06/Mar/2017:19:59:51 +0100] "GET /entry.php?id=10271&&ser=826730 HTTP/1.1" 200 986 "http://ed.activities.at/entry.php?id=10271&&ser=826670" "Mozilla/5.0 (Macintosh; Intel Mac OS X 10_12_0) AppleWebKit/537.36 (KHTML, like Gecko) Chrome/56.0.2924.87 Safari/537.36"
62.178.213.181 - - [06/Mar/2017:19:59:51 +0100] "GET /gui/javascript/form_form.js?1488826791 HTTP/1.1" 200 16206 "http://ed.activities.at/entry.php?id=10271&&ser=826730" "Mozilla/5.0 (Macintosh; Intel Mac OS X 10_12_0) AppleWebKit/537.36 (KHTML, like Gecko) Chrome/56.0.2924.87 Safari/537.36"
62.178.213.181 - - [06/Mar/2017:20:00:51 +0100] "GET /entry.php?id=10271&&ser=826791 HTTP/1.1" 200 986 "http://ed.activities.at/entry.php?id=10271&&ser=826730" "Mozilla/5.0 (Macintosh; Intel Mac OS X 10_12_0) AppleWebKit/537.36 (KHTML, like Gecko) Chrome/56.0.2924.87 Safari/537.36"
62.178.213.181 - - [06/Mar/2017:20:00:51 +0100] "GET /gui/javascript/form_form.js?1488826851 HTTP/1.1" 200 16206 "http://ed.activities.at/entry.php?id=10271&&ser=826791" "Mozilla/5.0 (Macintosh; Intel Mac OS X 10_12_0) AppleWebKit/537.36 (KHTML, like Gecko) Chrome/56.0.2924.87 Safari/537.36"
62.178.213.181 - - [06/Mar/2017:20:01:51 +0100] "GET /entry.php?id=10271&&ser=826851 HTTP/1.1" 200 986 "http://ed.activities.at/entry.php?id=10271&&ser=826791" "Mozilla/5.0 (Macintosh; Intel Mac OS X 10_12_0) AppleWebKit/537.36 (KHTML, like Gecko) Chrome/56.0.2924.87 Safari/537.36"
62.178.213.181 - - [06/Mar/2017:20:01:52 +0100] "GET /gui/javascript/form_form.js?1488826911 HTTP/1.1" 200 16206 "http://ed.activities.at/entry.php?id=10271&&ser=826851" "Mozilla/5.0 (Macintosh; Intel Mac OS X 10_12_0) AppleWebKit/537.36 (KHTML, like Gecko) Chrome/56.0.2924.87 Safari/537.36"
