62.178.213.181 - - [07/Mar/2017:18:25:23 +0100] "GET /entry.php?id=11687&uploadmode=list&object=false&mode=list&mime=10015786&listview=list HTTP/1.1" 200 2348 "http://ed.activities.at/entry.php?id=10711&chooserview=PinEditimages&view=PinEditimages" "Mozilla/5.0 (Windows NT 10.0; WOW64) AppleWebKit/537.36 (KHTML, like Gecko) Chrome/56.0.2924.87 Safari/537.36"
62.178.213.181 - - [07/Mar/2017:18:25:23 +0100] "GET /gui/javascript/form_form.js?1488907523 HTTP/1.1" 200 16206 "http://ed.activities.at/entry.php?id=11687&uploadmode=list&object=false&mode=list&mime=10015786&listview=list" "Mozilla/5.0 (Windows NT 10.0; WOW64) AppleWebKit/537.36 (KHTML, like Gecko) Chrome/56.0.2924.87 Safari/537.36"
212.108.43.59 - - [07/Mar/2017:18:25:32 +0100] "GET /entry.php?id=10271&&ser=907471 HTTP/1.1" 200 987 "http://ed.activities.at/entry.php?id=10271&&ser=907411" "Mozilla/5.0 (Windows NT 10.0; Win64; x64) AppleWebKit/537.36 (KHTML, like Gecko) Chrome/56.0.2924.87 Safari/537.36"
212.108.43.59 - - [07/Mar/2017:18:25:32 +0100] "GET /gui/javascript/form_form.js?1488907532 HTTP/1.1" 200 16206 "http://ed.activities.at/entry.php?id=10271&&ser=907471" "Mozilla/5.0 (Windows NT 10.0; Win64; x64) AppleWebKit/537.36 (KHTML, like Gecko) Chrome/56.0.2924.87 Safari/537.36"
62.178.213.181 - - [07/Mar/2017:18:25:35 +0100] "POST /entry.php?id=11687&ajaxaction=binary HTTP/1.1" 200 332 "http://ed.activities.at/entry.php?id=11687&uploadmode=list&object=false&mode=list&mime=10015786&listview=list" "Mozilla/5.0 (Windows NT 10.0; WOW64) AppleWebKit/537.36 (KHTML, like Gecko) Chrome/56.0.2924.87 Safari/537.36"
62.178.213.181 - - [07/Mar/2017:18:25:36 +0100] "GET /cache/emu/images/easy-drivers-portal10288038/projektpartnerjpg_16_12_0.jpg HTTP/1.1" 200 792 "http://ed.activities.at/entry.php?id=10778&form=10549&name=list&" "Mozilla/5.0 (Windows NT 10.0; WOW64) AppleWebKit/537.36 (KHTML, like Gecko) Chrome/56.0.2924.87 Safari/537.36"
62.178.213.181 - - [07/Mar/2017:18:25:36 +0100] "POST /entry.php?id=11687&ajaxaction=binary HTTP/1.1" 200 343 "http://ed.activities.at/entry.php?id=11687&uploadmode=list&object=false&mode=list&mime=10015786&listview=list" "Mozilla/5.0 (Windows NT 10.0; WOW64) AppleWebKit/537.36 (KHTML, like Gecko) Chrome/56.0.2924.87 Safari/537.36"
62.178.213.181 - - [07/Mar/2017:18:25:37 +0100] "GET /cache/emu/images/easy-drivers-portal10288039/projektpartnerunterzeichnenjpg_16_12_0.jpg HTTP/1.1" 200 796 "http://ed.activities.at/entry.php?id=10778&form=10549&name=list&" "Mozilla/5.0 (Windows NT 10.0; WOW64) AppleWebKit/537.36 (KHTML, like Gecko) Chrome/56.0.2924.87 Safari/537.36"
62.178.213.181 - - [07/Mar/2017:18:25:38 +0100] "POST /entry.php?id=11687 HTTP/1.1" 200 2581 "http://ed.activities.at/entry.php?id=11687&uploadmode=list&object=false&mode=list&mime=10015786&listview=list" "Mozilla/5.0 (Windows NT 10.0; WOW64) AppleWebKit/537.36 (KHTML, like Gecko) Chrome/56.0.2924.87 Safari/537.36"
62.178.213.181 - - [07/Mar/2017:18:25:39 +0100] "GET /gui/javascript/form_form.js?1488907539 HTTP/1.1" 200 16206 "http://ed.activities.at/entry.php?id=11687" "Mozilla/5.0 (Windows NT 10.0; WOW64) AppleWebKit/537.36 (KHTML, like Gecko) Chrome/56.0.2924.87 Safari/537.36"
62.178.213.181 - - [07/Mar/2017:18:25:39 +0100] "GET /entry.php?id=10778&form=11512&name=list& HTTP/1.1" 200 3714 "http://ed.activities.at/entry.php?id=11687" "Mozilla/5.0 (Windows NT 10.0; WOW64) AppleWebKit/537.36 (KHTML, like Gecko) Chrome/56.0.2924.87 Safari/537.36"
62.178.213.181 - - [07/Mar/2017:18:25:39 +0100] "GET /entry.php?id=10776&form=11512&name=list& HTTP/1.1" 200 1305 "http://ed.activities.at/entry.php?id=11687" "Mozilla/5.0 (Windows NT 10.0; WOW64) AppleWebKit/537.36 (KHTML, like Gecko) Chrome/56.0.2924.87 Safari/537.36"
62.178.213.181 - - [07/Mar/2017:18:25:39 +0100] "GET /entry.php?id=11148&object=10288038&view=thumbnail&width=150&height=150&wrap=false&tmp=true HTTP/1.1" 200 1619 "http://ed.activities.at/entry.php?id=10778&form=11512&name=list&" "Mozilla/5.0 (Windows NT 10.0; WOW64) AppleWebKit/537.36 (KHTML, like Gecko) Chrome/56.0.2924.87 Safari/537.36"
62.178.213.181 - - [07/Mar/2017:18:25:40 +0100] "GET /gui/javascript/form_form.js?1488907540 HTTP/1.1" 200 16206 "http://ed.activities.at/entry.php?id=11148&object=10288038&view=thumbnail&width=150&height=150&wrap=false&tmp=true" "Mozilla/5.0 (Windows NT 10.0; WOW64) AppleWebKit/537.36 (KHTML, like Gecko) Chrome/56.0.2924.87 Safari/537.36"
62.178.213.181 - - [07/Mar/2017:18:25:40 +0100] "GET /cache/emu/images/easy-drivers-portal10288038/projektpartnerjpg_150_113_0.jpg HTTP/1.1" 200 6208 "http://ed.activities.at/entry.php?id=11148&object=10288038&view=thumbnail&width=150&height=150&wrap=false&tmp=true" "Mozilla/5.0 (Windows NT 10.0; WOW64) AppleWebKit/537.36 (KHTML, like Gecko) Chrome/56.0.2924.87 Safari/537.36"
62.178.213.181 - - [07/Mar/2017:18:25:39 +0100] "GET /entry.php?id=11148&object=10288039&view=thumbnail&width=150&height=150&wrap=false&tmp=true HTTP/1.1" 200 1630 "http://ed.activities.at/entry.php?id=10778&form=11512&name=list&" "Mozilla/5.0 (Windows NT 10.0; WOW64) AppleWebKit/537.36 (KHTML, like Gecko) Chrome/56.0.2924.87 Safari/537.36"
62.178.213.181 - - [07/Mar/2017:18:25:40 +0100] "GET /cache/emu/images/easy-drivers-portal10288039/projektpartnerunterzeichnenjpg_150_113_0.jpg HTTP/1.1" 200 5268 "http://ed.activities.at/entry.php?id=11148&object=10288039&view=thumbnail&width=150&height=150&wrap=false&tmp=true" "Mozilla/5.0 (Windows NT 10.0; WOW64) AppleWebKit/537.36 (KHTML, like Gecko) Chrome/56.0.2924.87 Safari/537.36"
62.178.213.181 - - [07/Mar/2017:18:25:50 +0100] "POST /entry.php?id=11687 HTTP/1.1" 200 2581 "http://ed.activities.at/entry.php?id=10778&form=11512&name=list&" "Mozilla/5.0 (Windows NT 10.0; WOW64) AppleWebKit/537.36 (KHTML, like Gecko) Chrome/56.0.2924.87 Safari/537.36"
62.178.213.181 - - [07/Mar/2017:18:25:50 +0100] "GET /gui/javascript/form_form.js?1488907550 HTTP/1.1" 200 16206 "http://ed.activities.at/entry.php?id=11687" "Mozilla/5.0 (Windows NT 10.0; WOW64) AppleWebKit/537.36 (KHTML, like Gecko) Chrome/56.0.2924.87 Safari/537.36"
62.178.213.181 - - [07/Mar/2017:18:25:50 +0100] "GET /entry.php?id=10776&form=11512&name=list& HTTP/1.1" 200 1305 "http://ed.activities.at/entry.php?id=11687" "Mozilla/5.0 (Windows NT 10.0; WOW64) AppleWebKit/537.36 (KHTML, like Gecko) Chrome/56.0.2924.87 Safari/537.36"
62.178.213.181 - - [07/Mar/2017:18:25:50 +0100] "GET /entry.php?id=10778&form=11512&name=list& HTTP/1.1" 200 3739 "http://ed.activities.at/entry.php?id=11687" "Mozilla/5.0 (Windows NT 10.0; WOW64) AppleWebKit/537.36 (KHTML, like Gecko) Chrome/56.0.2924.87 Safari/537.36"
62.178.213.181 - - [07/Mar/2017:18:25:51 +0100] "GET /entry.php?id=11148&object=10288039&view=thumbnail&width=150&height=150&wrap=false&tmp=true HTTP/1.1" 200 1629 "http://ed.activities.at/entry.php?id=10778&form=11512&name=list&" "Mozilla/5.0 (Windows NT 10.0; WOW64) AppleWebKit/537.36 (KHTML, like Gecko) Chrome/56.0.2924.87 Safari/537.36"
62.178.213.181 - - [07/Mar/2017:18:25:51 +0100] "GET /cache/emu/images/easy-drivers-portal10288039/projektpartnerunterzeichnenjpg_150_113_0.jpg HTTP/1.1" 200 5268 "http://ed.activities.at/entry.php?id=11148&object=10288039&view=thumbnail&width=150&height=150&wrap=false&tmp=true" "Mozilla/5.0 (Windows NT 10.0; WOW64) AppleWebKit/537.36 (KHTML, like Gecko) Chrome/56.0.2924.87 Safari/537.36"
62.178.213.181 - - [07/Mar/2017:18:25:51 +0100] "GET /gui/javascript/form_form.js?1488907551 HTTP/1.1" 200 16206 "http://ed.activities.at/entry.php?id=11148&object=10288039&view=thumbnail&width=150&height=150&wrap=false&tmp=true" "Mozilla/5.0 (Windows NT 10.0; WOW64) AppleWebKit/537.36 (KHTML, like Gecko) Chrome/56.0.2924.87 Safari/537.36"
62.178.213.181 - - [07/Mar/2017:18:25:51 +0100] "GET /entry.php?id=11148&object=10288038&view=thumbnail&width=150&height=150&wrap=false&tmp=true HTTP/1.1" 200 1618 "http://ed.activities.at/entry.php?id=10778&form=11512&name=list&" "Mozilla/5.0 (Windows NT 10.0; WOW64) AppleWebKit/537.36 (KHTML, like Gecko) Chrome/56.0.2924.87 Safari/537.36"
62.178.213.181 - - [07/Mar/2017:18:25:51 +0100] "GET /cache/emu/images/easy-drivers-portal10288038/projektpartnerjpg_150_113_0.jpg HTTP/1.1" 200 6208 "http://ed.activities.at/entry.php?id=11148&object=10288038&view=thumbnail&width=150&height=150&wrap=false&tmp=true" "Mozilla/5.0 (Windows NT 10.0; WOW64) AppleWebKit/537.36 (KHTML, like Gecko) Chrome/56.0.2924.87 Safari/537.36"
62.178.213.181 - - [07/Mar/2017:18:25:59 +0100] "POST /entry.php?id=10704 HTTP/1.1" 200 2990 "http://ed.activities.at/entry.php?id=10704&&but=&object=&class=&tag=&value=&chooserview=PinEditimages&function=&setlist=&t_width=&t_height=&view=PinEditimages" "Mozilla/5.0 (Windows NT 10.0; WOW64) AppleWebKit/537.36 (KHTML, like Gecko) Chrome/56.0.2924.87 Safari/537.36"
62.178.213.181 - - [07/Mar/2017:18:25:59 +0100] "GET /gui/javascript/form_form.js?1488907559 HTTP/1.1" 200 16206 "http://ed.activities.at/entry.php?id=10704" "Mozilla/5.0 (Windows NT 10.0; WOW64) AppleWebKit/537.36 (KHTML, like Gecko) Chrome/56.0.2924.87 Safari/537.36"
62.178.213.181 - - [07/Mar/2017:18:26:00 +0100] "GET /entry.php?id=10778&form=10549&name=list& HTTP/1.1" 200 7260 "http://ed.activities.at/entry.php?id=10704" "Mozilla/5.0 (Windows NT 10.0; WOW64) AppleWebKit/537.36 (KHTML, like Gecko) Chrome/56.0.2924.87 Safari/537.36"
62.178.213.181 - - [07/Mar/2017:18:26:00 +0100] "GET /cache/emu/images/easy-drivers-portal10288038/projektpartnerjpg_16_12_0.jpg HTTP/1.1" 200 792 "http://ed.activities.at/entry.php?id=10778&form=10549&name=list&" "Mozilla/5.0 (Windows NT 10.0; WOW64) AppleWebKit/537.36 (KHTML, like Gecko) Chrome/56.0.2924.87 Safari/537.36"
62.178.213.181 - - [07/Mar/2017:18:26:00 +0100] "GET /cache/emu/images/easy-drivers-portal10288039/projektpartnerunterzeichnenjpg_16_12_0.jpg HTTP/1.1" 304 - "http://ed.activities.at/entry.php?id=10778&form=10549&name=list&" "Mozilla/5.0 (Windows NT 10.0; WOW64) AppleWebKit/537.36 (KHTML, like Gecko) Chrome/56.0.2924.87 Safari/537.36"
62.178.213.181 - - [07/Mar/2017:18:26:00 +0100] "GET /entry.php?id=10776&form=10549&name=list& HTTP/1.1" 200 1609 "http://ed.activities.at/entry.php?id=10704" "Mozilla/5.0 (Windows NT 10.0; WOW64) AppleWebKit/537.36 (KHTML, like Gecko) Chrome/56.0.2924.87 Safari/537.36"
62.178.213.181 - - [07/Mar/2017:18:26:00 +0100] "GET /entry.php?id=10777&form=10549&name=list& HTTP/1.1" 200 1340 "http://ed.activities.at/entry.php?id=10704" "Mozilla/5.0 (Windows NT 10.0; WOW64) AppleWebKit/537.36 (KHTML, like Gecko) Chrome/56.0.2924.87 Safari/537.36"
62.178.213.181 - - [07/Mar/2017:18:26:10 +0100] "POST /entry.php?id=10704 HTTP/1.1" 200 3102 "http://ed.activities.at/entry.php?id=10704" "Mozilla/5.0 (Windows NT 10.0; WOW64) AppleWebKit/537.36 (KHTML, like Gecko) Chrome/56.0.2924.87 Safari/537.36"
62.178.213.181 - - [07/Mar/2017:18:26:10 +0100] "GET /gui/javascript/form_form.js?1488907570 HTTP/1.1" 200 16206 "http://ed.activities.at/entry.php?id=10704" "Mozilla/5.0 (Windows NT 10.0; WOW64) AppleWebKit/537.36 (KHTML, like Gecko) Chrome/56.0.2924.87 Safari/537.36"
62.178.213.181 - - [07/Mar/2017:18:26:10 +0100] "GET /binaries/easy-drivers-portal/projektpartnerunterzeichnenjpg.jpg HTTP/1.1" 200 274046 "http://ed.activities.at/entry.php?id=11684" "Mozilla/5.0 (Windows NT 10.0; WOW64) AppleWebKit/537.36 (KHTML, like Gecko) Chrome/56.0.2924.87 Safari/537.36"
62.178.213.181 - - [07/Mar/2017:18:26:14 +0100] "GET /entry.php?id=10271&&ser=907514 HTTP/1.1" 200 987 "http://ed.activities.at/entry.php?id=10271&&ser=907454" "Mozilla/5.0 (Windows NT 10.0; WOW64) AppleWebKit/537.36 (KHTML, like Gecko) Chrome/56.0.2924.87 Safari/537.36"
62.178.213.181 - - [07/Mar/2017:18:26:14 +0100] "GET /gui/javascript/form_form.js?1488907574 HTTP/1.1" 200 16206 "http://ed.activities.at/entry.php?id=10271&&ser=907514" "Mozilla/5.0 (Windows NT 10.0; WOW64) AppleWebKit/537.36 (KHTML, like Gecko) Chrome/56.0.2924.87 Safari/537.36"
62.178.213.181 - - [07/Mar/2017:18:26:18 +0100] "GET /entry.php?id=10711&chooserview=PinEditimages&view=PinEditimages HTTP/1.1" 200 1718 "http://ed.activities.at/entry.php?id=11684" "Mozilla/5.0 (Windows NT 10.0; WOW64) AppleWebKit/537.36 (KHTML, like Gecko) Chrome/56.0.2924.87 Safari/537.36"
62.178.213.181 - - [07/Mar/2017:18:26:18 +0100] "GET /gui/javascript/form_form.js?1488907578 HTTP/1.1" 200 16206 "http://ed.activities.at/entry.php?id=10711&chooserview=PinEditimages&view=PinEditimages" "Mozilla/5.0 (Windows NT 10.0; WOW64) AppleWebKit/537.36 (KHTML, like Gecko) Chrome/56.0.2924.87 Safari/537.36"
62.178.213.181 - - [07/Mar/2017:18:26:18 +0100] "GET /entry.php?id=10703&&but=&object=&class=&tag=&value=&chooserview=PinEditimages&function=&setlist=&t_width=&t_height=&view=PinEditimages HTTP/1.1" 200 3302 "http://ed.activities.at/entry.php?id=10711&chooserview=PinEditimages&view=PinEditimages" "Mozilla/5.0 (Windows NT 10.0; WOW64) AppleWebKit/537.36 (KHTML, like Gecko) Chrome/56.0.2924.87 Safari/537.36"
62.178.213.181 - - [07/Mar/2017:18:26:18 +0100] "GET /activities/framework/KoolControls/KoolAjax/koolajax.php?8436e354c842500aba3cbaf0584c0c24 HTTP/1.1" 200 4079 "http://ed.activities.at/entry.php?id=10703&&but=&object=&class=&tag=&value=&chooserview=PinEditimages&function=&setlist=&t_width=&t_height=&view=PinEditimages" "Mozilla/5.0 (Windows NT 10.0; WOW64) AppleWebKit/537.36 (KHTML, like Gecko) Chrome/56.0.2924.87 Safari/537.36"
62.178.213.181 - - [07/Mar/2017:18:26:18 +0100] "GET /activities/framework/KoolControls/KoolTreeView/kooltreeview.php?c7cd9180e88ffef8e70f13526bb4f5f7 HTTP/1.1" 200 5055 "http://ed.activities.at/entry.php?id=10703&&but=&object=&class=&tag=&value=&chooserview=PinEditimages&function=&setlist=&t_width=&t_height=&view=PinEditimages" "Mozilla/5.0 (Windows NT 10.0; WOW64) AppleWebKit/537.36 (KHTML, like Gecko) Chrome/56.0.2924.87 Safari/537.36"
62.178.213.181 - - [07/Mar/2017:18:26:18 +0100] "GET /entry.php?id=10676&title=Ressourcenverwaltung HTTP/1.1" 200 1395 "http://ed.activities.at/entry.php?id=10711&chooserview=PinEditimages&view=PinEditimages" "Mozilla/5.0 (Windows NT 10.0; WOW64) AppleWebKit/537.36 (KHTML, like Gecko) Chrome/56.0.2924.87 Safari/537.36"
62.178.213.181 - - [07/Mar/2017:18:26:18 +0100] "GET /entry.php?id=10704&&but=&object=&class=&tag=&value=&chooserview=PinEditimages&function=&setlist=&t_width=&t_height=&view=PinEditimages HTTP/1.1" 200 2999 "http://ed.activities.at/entry.php?id=10711&chooserview=PinEditimages&view=PinEditimages" "Mozilla/5.0 (Windows NT 10.0; WOW64) AppleWebKit/537.36 (KHTML, like Gecko) Chrome/56.0.2924.87 Safari/537.36"
62.178.213.181 - - [07/Mar/2017:18:26:19 +0100] "GET /entry.php?id=10776&form=10549&name=list& HTTP/1.1" 200 1609 "http://ed.activities.at/entry.php?id=10704&&but=&object=&class=&tag=&value=&chooserview=PinEditimages&function=&setlist=&t_width=&t_height=&view=PinEditimages" "Mozilla/5.0 (Windows NT 10.0; WOW64) AppleWebKit/537.36 (KHTML, like Gecko) Chrome/56.0.2924.87 Safari/537.36"
62.178.213.181 - - [07/Mar/2017:18:26:19 +0100] "GET /entry.php?id=10777&form=10549&name=list& HTTP/1.1" 200 1340 "http://ed.activities.at/entry.php?id=10704&&but=&object=&class=&tag=&value=&chooserview=PinEditimages&function=&setlist=&t_width=&t_height=&view=PinEditimages" "Mozilla/5.0 (Windows NT 10.0; WOW64) AppleWebKit/537.36 (KHTML, like Gecko) Chrome/56.0.2924.87 Safari/537.36"
62.178.213.181 - - [07/Mar/2017:18:26:19 +0100] "GET /entry.php?id=10778&form=10549&name=list& HTTP/1.1" 200 7335 "http://ed.activities.at/entry.php?id=10704&&but=&object=&class=&tag=&value=&chooserview=PinEditimages&function=&setlist=&t_width=&t_height=&view=PinEditimages" "Mozilla/5.0 (Windows NT 10.0; WOW64) AppleWebKit/537.36 (KHTML, like Gecko) Chrome/56.0.2924.87 Safari/537.36"
62.178.213.181 - - [07/Mar/2017:18:26:19 +0100] "GET /cache/emu/images/easy-drivers-portal10288038/projektpartnerjpg_16_12_0.jpg HTTP/1.1" 304 - "http://ed.activities.at/entry.php?id=10778&form=10549&name=list&" "Mozilla/5.0 (Windows NT 10.0; WOW64) AppleWebKit/537.36 (KHTML, like Gecko) Chrome/56.0.2924.87 Safari/537.36"
62.178.213.181 - - [07/Mar/2017:18:26:19 +0100] "GET /cache/emu/images/easy-drivers-portal10288039/projektpartnerunterzeichnenjpg_16_12_0.jpg HTTP/1.1" 304 - "http://ed.activities.at/entry.php?id=10778&form=10549&name=list&" "Mozilla/5.0 (Windows NT 10.0; WOW64) AppleWebKit/537.36 (KHTML, like Gecko) Chrome/56.0.2924.87 Safari/537.36"
62.178.213.181 - - [07/Mar/2017:18:26:24 +0100] "POST /entry.php?id=10704 HTTP/1.1" 200 3089 "http://ed.activities.at/entry.php?id=10704&&but=&object=&class=&tag=&value=&chooserview=PinEditimages&function=&setlist=&t_width=&t_height=&view=PinEditimages" "Mozilla/5.0 (Windows NT 10.0; WOW64) AppleWebKit/537.36 (KHTML, like Gecko) Chrome/56.0.2924.87 Safari/537.36"
62.178.213.181 - - [07/Mar/2017:18:26:25 +0100] "GET /gui/javascript/form_form.js?1488907584 HTTP/1.1" 200 16206 "http://ed.activities.at/entry.php?id=10704" "Mozilla/5.0 (Windows NT 10.0; WOW64) AppleWebKit/537.36 (KHTML, like Gecko) Chrome/56.0.2924.87 Safari/537.36"
62.178.213.181 - - [07/Mar/2017:18:26:25 +0100] "GET /binaries/easy-drivers-portal/projektpartnerjpg.jpg HTTP/1.1" 200 432978 "http://ed.activities.at/entry.php?id=11684" "Mozilla/5.0 (Windows NT 10.0; WOW64) AppleWebKit/537.36 (KHTML, like Gecko) Chrome/56.0.2924.87 Safari/537.36"
212.108.43.59 - - [07/Mar/2017:18:26:32 +0100] "GET /entry.php?id=10271&&ser=907532 HTTP/1.1" 200 987 "http://ed.activities.at/entry.php?id=10271&&ser=907471" "Mozilla/5.0 (Windows NT 10.0; Win64; x64) AppleWebKit/537.36 (KHTML, like Gecko) Chrome/56.0.2924.87 Safari/537.36"
212.108.43.59 - - [07/Mar/2017:18:26:32 +0100] "GET /gui/javascript/form_form.js?1488907592 HTTP/1.1" 200 16206 "http://ed.activities.at/entry.php?id=10271&&ser=907532" "Mozilla/5.0 (Windows NT 10.0; Win64; x64) AppleWebKit/537.36 (KHTML, like Gecko) Chrome/56.0.2924.87 Safari/537.36"
62.178.213.181 - - [07/Mar/2017:18:27:14 +0100] "GET /entry.php?id=10271&&ser=907574 HTTP/1.1" 200 987 "http://ed.activities.at/entry.php?id=10271&&ser=907514" "Mozilla/5.0 (Windows NT 10.0; WOW64) AppleWebKit/537.36 (KHTML, like Gecko) Chrome/56.0.2924.87 Safari/537.36"
62.178.213.181 - - [07/Mar/2017:18:27:15 +0100] "GET /gui/javascript/form_form.js?1488907634 HTTP/1.1" 200 16206 "http://ed.activities.at/entry.php?id=10271&&ser=907574" "Mozilla/5.0 (Windows NT 10.0; WOW64) AppleWebKit/537.36 (KHTML, like Gecko) Chrome/56.0.2924.87 Safari/537.36"
212.108.43.59 - - [07/Mar/2017:18:27:32 +0100] "GET /entry.php?id=10271&&ser=907592 HTTP/1.1" 200 987 "http://ed.activities.at/entry.php?id=10271&&ser=907532" "Mozilla/5.0 (Windows NT 10.0; Win64; x64) AppleWebKit/537.36 (KHTML, like Gecko) Chrome/56.0.2924.87 Safari/537.36"
212.108.43.59 - - [07/Mar/2017:18:27:33 +0100] "GET /gui/javascript/form_form.js?1488907653 HTTP/1.1" 200 16206 "http://ed.activities.at/entry.php?id=10271&&ser=907592" "Mozilla/5.0 (Windows NT 10.0; Win64; x64) AppleWebKit/537.36 (KHTML, like Gecko) Chrome/56.0.2924.87 Safari/537.36"
62.178.213.181 - - [07/Mar/2017:18:27:43 +0100] "POST /entry.php?id=11684 HTTP/1.1" 200 7224 "http://ed.activities.at/entry.php?id=11684" "Mozilla/5.0 (Windows NT 10.0; WOW64) AppleWebKit/537.36 (KHTML, like Gecko) Chrome/56.0.2924.87 Safari/537.36"
62.178.213.181 - - [07/Mar/2017:18:27:44 +0100] "GET /gui/javascript/form_form.js?1488907663 HTTP/1.1" 200 16206 "http://ed.activities.at/entry.php?id=11684" "Mozilla/5.0 (Windows NT 10.0; WOW64) AppleWebKit/537.36 (KHTML, like Gecko) Chrome/56.0.2924.87 Safari/537.36"
62.178.213.181 - - [07/Mar/2017:18:27:44 +0100] "GET /framework/webfx/javascript/tinymce/skins/lightgray/content.min.css HTTP/1.1" 404 327 "http://ed.activities.at/entry.php?id=11684" "Mozilla/5.0 (Windows NT 10.0; WOW64) AppleWebKit/537.36 (KHTML, like Gecko) Chrome/56.0.2924.87 Safari/537.36"
62.178.213.181 - - [07/Mar/2017:18:27:44 +0100] "GET /binaries/easy-drivers-portal/projektpartnerunterzeichnenjpg.jpg HTTP/1.1" 304 - "http://ed.activities.at/entry.php?id=11684" "Mozilla/5.0 (Windows NT 10.0; WOW64) AppleWebKit/537.36 (KHTML, like Gecko) Chrome/56.0.2924.87 Safari/537.36"
62.178.213.181 - - [07/Mar/2017:18:27:44 +0100] "GET /binaries/easy-drivers-portal/polizei-logojpg.jpg HTTP/1.1" 304 - "http://ed.activities.at/entry.php?id=11684" "Mozilla/5.0 (Windows NT 10.0; WOW64) AppleWebKit/537.36 (KHTML, like Gecko) Chrome/56.0.2924.87 Safari/537.36"
62.178.213.181 - - [07/Mar/2017:18:27:44 +0100] "GET /binaries/easy-drivers-portal/projektpartnerjpg.jpg HTTP/1.1" 304 - "http://ed.activities.at/entry.php?id=11684" "Mozilla/5.0 (Windows NT 10.0; WOW64) AppleWebKit/537.36 (KHTML, like Gecko) Chrome/56.0.2924.87 Safari/537.36"
62.178.213.181 - - [07/Mar/2017:18:27:44 +0100] "GET /binaries/easy-drivers-portal/20160825fluechtlingsprojektwien-045jpg.jpg HTTP/1.1" 304 - "http://ed.activities.at/entry.php?id=11684" "Mozilla/5.0 (Windows NT 10.0; WOW64) AppleWebKit/537.36 (KHTML, like Gecko) Chrome/56.0.2924.87 Safari/537.36"
62.178.213.181 - - [07/Mar/2017:18:28:15 +0100] "GET /entry.php?id=10271&&ser=907634 HTTP/1.1" 200 987 "http://ed.activities.at/entry.php?id=10271&&ser=907574" "Mozilla/5.0 (Windows NT 10.0; WOW64) AppleWebKit/537.36 (KHTML, like Gecko) Chrome/56.0.2924.87 Safari/537.36"
62.178.213.181 - - [07/Mar/2017:18:28:15 +0100] "GET /gui/javascript/form_form.js?1488907695 HTTP/1.1" 200 16206 "http://ed.activities.at/entry.php?id=10271&&ser=907634" "Mozilla/5.0 (Windows NT 10.0; WOW64) AppleWebKit/537.36 (KHTML, like Gecko) Chrome/56.0.2924.87 Safari/537.36"
212.108.43.59 - - [07/Mar/2017:18:28:33 +0100] "GET /entry.php?id=10271&&ser=907653 HTTP/1.1" 200 986 "http://ed.activities.at/entry.php?id=10271&&ser=907592" "Mozilla/5.0 (Windows NT 10.0; Win64; x64) AppleWebKit/537.36 (KHTML, like Gecko) Chrome/56.0.2924.87 Safari/537.36"
212.108.43.59 - - [07/Mar/2017:18:28:33 +0100] "GET /gui/javascript/form_form.js?1488907713 HTTP/1.1" 200 16206 "http://ed.activities.at/entry.php?id=10271&&ser=907653" "Mozilla/5.0 (Windows NT 10.0; Win64; x64) AppleWebKit/537.36 (KHTML, like Gecko) Chrome/56.0.2924.87 Safari/537.36"
62.178.213.181 - - [07/Mar/2017:18:29:15 +0100] "GET /entry.php?id=10271&&ser=907695 HTTP/1.1" 200 987 "http://ed.activities.at/entry.php?id=10271&&ser=907634" "Mozilla/5.0 (Windows NT 10.0; WOW64) AppleWebKit/537.36 (KHTML, like Gecko) Chrome/56.0.2924.87 Safari/537.36"
62.178.213.181 - - [07/Mar/2017:18:29:15 +0100] "GET /gui/javascript/form_form.js?1488907755 HTTP/1.1" 200 16206 "http://ed.activities.at/entry.php?id=10271&&ser=907695" "Mozilla/5.0 (Windows NT 10.0; WOW64) AppleWebKit/537.36 (KHTML, like Gecko) Chrome/56.0.2924.87 Safari/537.36"
212.108.43.59 - - [07/Mar/2017:18:29:33 +0100] "GET /entry.php?id=10271&&ser=907713 HTTP/1.1" 200 987 "http://ed.activities.at/entry.php?id=10271&&ser=907653" "Mozilla/5.0 (Windows NT 10.0; Win64; x64) AppleWebKit/537.36 (KHTML, like Gecko) Chrome/56.0.2924.87 Safari/537.36"
212.108.43.59 - - [07/Mar/2017:18:29:34 +0100] "GET /gui/javascript/form_form.js?1488907773 HTTP/1.1" 200 16206 "http://ed.activities.at/entry.php?id=10271&&ser=907713" "Mozilla/5.0 (Windows NT 10.0; Win64; x64) AppleWebKit/537.36 (KHTML, like Gecko) Chrome/56.0.2924.87 Safari/537.36"
62.178.213.181 - - [07/Mar/2017:18:29:41 +0100] "GET /entry.php?id=10711&chooserview=PinEditimages&view=PinEditimages HTTP/1.1" 200 1718 "http://ed.activities.at/entry.php?id=11684" "Mozilla/5.0 (Windows NT 10.0; WOW64) AppleWebKit/537.36 (KHTML, like Gecko) Chrome/56.0.2924.87 Safari/537.36"
62.178.213.181 - - [07/Mar/2017:18:29:42 +0100] "GET /gui/javascript/form_form.js?1488907782 HTTP/1.1" 200 16206 "http://ed.activities.at/entry.php?id=10711&chooserview=PinEditimages&view=PinEditimages" "Mozilla/5.0 (Windows NT 10.0; WOW64) AppleWebKit/537.36 (KHTML, like Gecko) Chrome/56.0.2924.87 Safari/537.36"
62.178.213.181 - - [07/Mar/2017:18:29:42 +0100] "GET /entry.php?id=10676&title=Ressourcenverwaltung HTTP/1.1" 200 1396 "http://ed.activities.at/entry.php?id=10711&chooserview=PinEditimages&view=PinEditimages" "Mozilla/5.0 (Windows NT 10.0; WOW64) AppleWebKit/537.36 (KHTML, like Gecko) Chrome/56.0.2924.87 Safari/537.36"
62.178.213.181 - - [07/Mar/2017:18:29:42 +0100] "GET /entry.php?id=10704&&but=&object=&class=&tag=&value=&chooserview=PinEditimages&function=&setlist=&t_width=&t_height=&view=PinEditimages HTTP/1.1" 200 2999 "http://ed.activities.at/entry.php?id=10711&chooserview=PinEditimages&view=PinEditimages" "Mozilla/5.0 (Windows NT 10.0; WOW64) AppleWebKit/537.36 (KHTML, like Gecko) Chrome/56.0.2924.87 Safari/537.36"
62.178.213.181 - - [07/Mar/2017:18:29:42 +0100] "GET /entry.php?id=10703&&but=&object=&class=&tag=&value=&chooserview=PinEditimages&function=&setlist=&t_width=&t_height=&view=PinEditimages HTTP/1.1" 200 3302 "http://ed.activities.at/entry.php?id=10711&chooserview=PinEditimages&view=PinEditimages" "Mozilla/5.0 (Windows NT 10.0; WOW64) AppleWebKit/537.36 (KHTML, like Gecko) Chrome/56.0.2924.87 Safari/537.36"
62.178.213.181 - - [07/Mar/2017:18:29:42 +0100] "GET /activities/framework/KoolControls/KoolAjax/koolajax.php?8436e354c842500aba3cbaf0584c0c24 HTTP/1.1" 200 4079 "http://ed.activities.at/entry.php?id=10703&&but=&object=&class=&tag=&value=&chooserview=PinEditimages&function=&setlist=&t_width=&t_height=&view=PinEditimages" "Mozilla/5.0 (Windows NT 10.0; WOW64) AppleWebKit/537.36 (KHTML, like Gecko) Chrome/56.0.2924.87 Safari/537.36"
62.178.213.181 - - [07/Mar/2017:18:29:43 +0100] "GET /activities/framework/KoolControls/KoolTreeView/kooltreeview.php?c7cd9180e88ffef8e70f13526bb4f5f7 HTTP/1.1" 200 5055 "http://ed.activities.at/entry.php?id=10703&&but=&object=&class=&tag=&value=&chooserview=PinEditimages&function=&setlist=&t_width=&t_height=&view=PinEditimages" "Mozilla/5.0 (Windows NT 10.0; WOW64) AppleWebKit/537.36 (KHTML, like Gecko) Chrome/56.0.2924.87 Safari/537.36"
62.178.213.181 - - [07/Mar/2017:18:29:42 +0100] "GET /entry.php?id=10776&form=10549&name=list& HTTP/1.1" 200 1609 "http://ed.activities.at/entry.php?id=10704&&but=&object=&class=&tag=&value=&chooserview=PinEditimages&function=&setlist=&t_width=&t_height=&view=PinEditimages" "Mozilla/5.0 (Windows NT 10.0; WOW64) AppleWebKit/537.36 (KHTML, like Gecko) Chrome/56.0.2924.87 Safari/537.36"
62.178.213.181 - - [07/Mar/2017:18:29:42 +0100] "GET /entry.php?id=10777&form=10549&name=list& HTTP/1.1" 200 1340 "http://ed.activities.at/entry.php?id=10704&&but=&object=&class=&tag=&value=&chooserview=PinEditimages&function=&setlist=&t_width=&t_height=&view=PinEditimages" "Mozilla/5.0 (Windows NT 10.0; WOW64) AppleWebKit/537.36 (KHTML, like Gecko) Chrome/56.0.2924.87 Safari/537.36"
62.178.213.181 - - [07/Mar/2017:18:29:42 +0100] "GET /entry.php?id=10778&form=10549&name=list& HTTP/1.1" 200 7330 "http://ed.activities.at/entry.php?id=10704&&but=&object=&class=&tag=&value=&chooserview=PinEditimages&function=&setlist=&t_width=&t_height=&view=PinEditimages" "Mozilla/5.0 (Windows NT 10.0; WOW64) AppleWebKit/537.36 (KHTML, like Gecko) Chrome/56.0.2924.87 Safari/537.36"
62.178.213.181 - - [07/Mar/2017:18:29:43 +0100] "GET /cache/emu/images/easy-drivers-portal10288039/projektpartnerunterzeichnenjpg_16_12_0.jpg HTTP/1.1" 304 - "http://ed.activities.at/entry.php?id=10778&form=10549&name=list&" "Mozilla/5.0 (Windows NT 10.0; WOW64) AppleWebKit/537.36 (KHTML, like Gecko) Chrome/56.0.2924.87 Safari/537.36"
62.178.213.181 - - [07/Mar/2017:18:29:43 +0100] "GET /cache/emu/images/easy-drivers-portal10288038/projektpartnerjpg_16_12_0.jpg HTTP/1.1" 304 - "http://ed.activities.at/entry.php?id=10778&form=10549&name=list&" "Mozilla/5.0 (Windows NT 10.0; WOW64) AppleWebKit/537.36 (KHTML, like Gecko) Chrome/56.0.2924.87 Safari/537.36"
62.178.213.181 - - [07/Mar/2017:18:29:47 +0100] "GET /entry.php?id=11687&uploadmode=list&object=false&mode=list&mime=10015786&listview=list HTTP/1.1" 200 2348 "http://ed.activities.at/entry.php?id=10711&chooserview=PinEditimages&view=PinEditimages" "Mozilla/5.0 (Windows NT 10.0; WOW64) AppleWebKit/537.36 (KHTML, like Gecko) Chrome/56.0.2924.87 Safari/537.36"
62.178.213.181 - - [07/Mar/2017:18:29:48 +0100] "GET /gui/javascript/form_form.js?1488907788 HTTP/1.1" 200 16206 "http://ed.activities.at/entry.php?id=11687&uploadmode=list&object=false&mode=list&mime=10015786&listview=list" "Mozilla/5.0 (Windows NT 10.0; WOW64) AppleWebKit/537.36 (KHTML, like Gecko) Chrome/56.0.2924.87 Safari/537.36"
62.178.213.181 - - [07/Mar/2017:18:29:56 +0100] "POST /entry.php?id=11687&ajaxaction=binary HTTP/1.1" 200 327 "http://ed.activities.at/entry.php?id=11687&uploadmode=list&object=false&mode=list&mime=10015786&listview=list" "Mozilla/5.0 (Windows NT 10.0; WOW64) AppleWebKit/537.36 (KHTML, like Gecko) Chrome/56.0.2924.87 Safari/537.36"
62.178.213.181 - - [07/Mar/2017:18:29:56 +0100] "GET /cache/emu/images/easy-drivers-portal10288040/logoleistejpg_16_3_0.jpg HTTP/1.1" 200 717 "http://ed.activities.at/entry.php?id=10778&form=10549&name=list&" "Mozilla/5.0 (Windows NT 10.0; WOW64) AppleWebKit/537.36 (KHTML, like Gecko) Chrome/56.0.2924.87 Safari/537.36"
62.178.213.181 - - [07/Mar/2017:18:29:58 +0100] "POST /entry.php?id=11687 HTTP/1.1" 200 2577 "http://ed.activities.at/entry.php?id=11687&uploadmode=list&object=false&mode=list&mime=10015786&listview=list" "Mozilla/5.0 (Windows NT 10.0; WOW64) AppleWebKit/537.36 (KHTML, like Gecko) Chrome/56.0.2924.87 Safari/537.36"
62.178.213.181 - - [07/Mar/2017:18:29:58 +0100] "GET /gui/javascript/form_form.js?1488907798 HTTP/1.1" 200 16206 "http://ed.activities.at/entry.php?id=11687" "Mozilla/5.0 (Windows NT 10.0; WOW64) AppleWebKit/537.36 (KHTML, like Gecko) Chrome/56.0.2924.87 Safari/537.36"
62.178.213.181 - - [07/Mar/2017:18:29:58 +0100] "GET /entry.php?id=10776&form=11512&name=list& HTTP/1.1" 200 1300 "http://ed.activities.at/entry.php?id=11687" "Mozilla/5.0 (Windows NT 10.0; WOW64) AppleWebKit/537.36 (KHTML, like Gecko) Chrome/56.0.2924.87 Safari/537.36"
62.178.213.181 - - [07/Mar/2017:18:29:58 +0100] "GET /entry.php?id=10778&form=11512&name=list& HTTP/1.1" 200 3556 "http://ed.activities.at/entry.php?id=11687" "Mozilla/5.0 (Windows NT 10.0; WOW64) AppleWebKit/537.36 (KHTML, like Gecko) Chrome/56.0.2924.87 Safari/537.36"
62.178.213.181 - - [07/Mar/2017:18:29:59 +0100] "GET /entry.php?id=11148&object=10288040&view=thumbnail&width=150&height=150&wrap=false&tmp=true HTTP/1.1" 200 1611 "http://ed.activities.at/entry.php?id=10778&form=11512&name=list&" "Mozilla/5.0 (Windows NT 10.0; WOW64) AppleWebKit/537.36 (KHTML, like Gecko) Chrome/56.0.2924.87 Safari/537.36"
62.178.213.181 - - [07/Mar/2017:18:29:59 +0100] "GET /gui/javascript/form_form.js?1488907799 HTTP/1.1" 200 16206 "http://ed.activities.at/entry.php?id=11148&object=10288040&view=thumbnail&width=150&height=150&wrap=false&tmp=true" "Mozilla/5.0 (Windows NT 10.0; WOW64) AppleWebKit/537.36 (KHTML, like Gecko) Chrome/56.0.2924.87 Safari/537.36"
62.178.213.181 - - [07/Mar/2017:18:29:59 +0100] "GET /cache/emu/images/easy-drivers-portal10288040/logoleistejpg_150_24_0.jpg HTTP/1.1" 200 1507 "http://ed.activities.at/entry.php?id=11148&object=10288040&view=thumbnail&width=150&height=150&wrap=false&tmp=true" "Mozilla/5.0 (Windows NT 10.0; WOW64) AppleWebKit/537.36 (KHTML, like Gecko) Chrome/56.0.2924.87 Safari/537.36"
62.178.213.181 - - [07/Mar/2017:18:30:05 +0100] "POST /entry.php?id=11687 HTTP/1.1" 200 2576 "http://ed.activities.at/entry.php?id=10778&form=11512&name=list&" "Mozilla/5.0 (Windows NT 10.0; WOW64) AppleWebKit/537.36 (KHTML, like Gecko) Chrome/56.0.2924.87 Safari/537.36"
62.178.213.181 - - [07/Mar/2017:18:30:05 +0100] "GET /gui/javascript/form_form.js?1488907805 HTTP/1.1" 200 16206 "http://ed.activities.at/entry.php?id=11687" "Mozilla/5.0 (Windows NT 10.0; WOW64) AppleWebKit/537.36 (KHTML, like Gecko) Chrome/56.0.2924.87 Safari/537.36"
62.178.213.181 - - [07/Mar/2017:18:30:05 +0100] "GET /entry.php?id=10776&form=11512&name=list& HTTP/1.1" 200 1300 "http://ed.activities.at/entry.php?id=11687" "Mozilla/5.0 (Windows NT 10.0; WOW64) AppleWebKit/537.36 (KHTML, like Gecko) Chrome/56.0.2924.87 Safari/537.36"
62.178.213.181 - - [07/Mar/2017:18:30:05 +0100] "GET /entry.php?id=10778&form=11512&name=list& HTTP/1.1" 200 3580 "http://ed.activities.at/entry.php?id=11687" "Mozilla/5.0 (Windows NT 10.0; WOW64) AppleWebKit/537.36 (KHTML, like Gecko) Chrome/56.0.2924.87 Safari/537.36"
62.178.213.181 - - [07/Mar/2017:18:30:05 +0100] "GET /entry.php?id=11148&object=10288040&view=thumbnail&width=150&height=150&wrap=false&tmp=true HTTP/1.1" 200 1612 "http://ed.activities.at/entry.php?id=10778&form=11512&name=list&" "Mozilla/5.0 (Windows NT 10.0; WOW64) AppleWebKit/537.36 (KHTML, like Gecko) Chrome/56.0.2924.87 Safari/537.36"
62.178.213.181 - - [07/Mar/2017:18:30:06 +0100] "GET /cache/emu/images/easy-drivers-portal10288040/logoleistejpg_150_24_0.jpg HTTP/1.1" 200 1507 "http://ed.activities.at/entry.php?id=11148&object=10288040&view=thumbnail&width=150&height=150&wrap=false&tmp=true" "Mozilla/5.0 (Windows NT 10.0; WOW64) AppleWebKit/537.36 (KHTML, like Gecko) Chrome/56.0.2924.87 Safari/537.36"
62.178.213.181 - - [07/Mar/2017:18:30:06 +0100] "GET /gui/javascript/form_form.js?1488907806 HTTP/1.1" 200 16206 "http://ed.activities.at/entry.php?id=11148&object=10288040&view=thumbnail&width=150&height=150&wrap=false&tmp=true" "Mozilla/5.0 (Windows NT 10.0; WOW64) AppleWebKit/537.36 (KHTML, like Gecko) Chrome/56.0.2924.87 Safari/537.36"
62.178.213.181 - - [07/Mar/2017:18:30:12 +0100] "POST /entry.php?id=10704 HTTP/1.1" 200 2989 "http://ed.activities.at/entry.php?id=10704&&but=&object=&class=&tag=&value=&chooserview=PinEditimages&function=&setlist=&t_width=&t_height=&view=PinEditimages" "Mozilla/5.0 (Windows NT 10.0; WOW64) AppleWebKit/537.36 (KHTML, like Gecko) Chrome/56.0.2924.87 Safari/537.36"
62.178.213.181 - - [07/Mar/2017:18:30:12 +0100] "GET /gui/javascript/form_form.js?1488907812 HTTP/1.1" 200 16206 "http://ed.activities.at/entry.php?id=10704" "Mozilla/5.0 (Windows NT 10.0; WOW64) AppleWebKit/537.36 (KHTML, like Gecko) Chrome/56.0.2924.87 Safari/537.36"
62.178.213.181 - - [07/Mar/2017:18:30:12 +0100] "GET /entry.php?id=10778&form=10549&name=list& HTTP/1.1" 200 7433 "http://ed.activities.at/entry.php?id=10704" "Mozilla/5.0 (Windows NT 10.0; WOW64) AppleWebKit/537.36 (KHTML, like Gecko) Chrome/56.0.2924.87 Safari/537.36"
62.178.213.181 - - [07/Mar/2017:18:30:13 +0100] "GET /cache/emu/images/easy-drivers-portal10288040/logoleistejpg_16_3_0.jpg HTTP/1.1" 200 717 "http://ed.activities.at/entry.php?id=10778&form=10549&name=list&" "Mozilla/5.0 (Windows NT 10.0; WOW64) AppleWebKit/537.36 (KHTML, like Gecko) Chrome/56.0.2924.87 Safari/537.36"
62.178.213.181 - - [07/Mar/2017:18:30:12 +0100] "GET /entry.php?id=10776&form=10549&name=list& HTTP/1.1" 200 1609 "http://ed.activities.at/entry.php?id=10704" "Mozilla/5.0 (Windows NT 10.0; WOW64) AppleWebKit/537.36 (KHTML, like Gecko) Chrome/56.0.2924.87 Safari/537.36"
62.178.213.181 - - [07/Mar/2017:18:30:12 +0100] "GET /entry.php?id=10777&form=10549&name=list& HTTP/1.1" 200 1340 "http://ed.activities.at/entry.php?id=10704" "Mozilla/5.0 (Windows NT 10.0; WOW64) AppleWebKit/537.36 (KHTML, like Gecko) Chrome/56.0.2924.87 Safari/537.36"
62.178.213.181 - - [07/Mar/2017:18:30:15 +0100] "GET /entry.php?id=10271&&ser=907755 HTTP/1.1" 200 988 "http://ed.activities.at/entry.php?id=10271&&ser=907695" "Mozilla/5.0 (Windows NT 10.0; WOW64) AppleWebKit/537.36 (KHTML, like Gecko) Chrome/56.0.2924.87 Safari/537.36"
62.178.213.181 - - [07/Mar/2017:18:30:16 +0100] "GET /gui/javascript/form_form.js?1488907816 HTTP/1.1" 200 16206 "http://ed.activities.at/entry.php?id=10271&&ser=907755" "Mozilla/5.0 (Windows NT 10.0; WOW64) AppleWebKit/537.36 (KHTML, like Gecko) Chrome/56.0.2924.87 Safari/537.36"
62.178.213.181 - - [07/Mar/2017:18:30:15 +0100] "POST /entry.php?id=10704 HTTP/1.1" 200 3086 "http://ed.activities.at/entry.php?id=10704" "Mozilla/5.0 (Windows NT 10.0; WOW64) AppleWebKit/537.36 (KHTML, like Gecko) Chrome/56.0.2924.87 Safari/537.36"
62.178.213.181 - - [07/Mar/2017:18:30:16 +0100] "GET /binaries/easy-drivers-portal/logoleistejpg.jpg HTTP/1.1" 200 32745 "http://ed.activities.at/entry.php?id=11684" "Mozilla/5.0 (Windows NT 10.0; WOW64) AppleWebKit/537.36 (KHTML, like Gecko) Chrome/56.0.2924.87 Safari/537.36"
212.108.43.59 - - [07/Mar/2017:18:30:34 +0100] "GET /entry.php?id=10271&&ser=907773 HTTP/1.1" 200 986 "http://ed.activities.at/entry.php?id=10271&&ser=907713" "Mozilla/5.0 (Windows NT 10.0; Win64; x64) AppleWebKit/537.36 (KHTML, like Gecko) Chrome/56.0.2924.87 Safari/537.36"
212.108.43.59 - - [07/Mar/2017:18:30:34 +0100] "GET /gui/javascript/form_form.js?1488907834 HTTP/1.1" 200 16206 "http://ed.activities.at/entry.php?id=10271&&ser=907773" "Mozilla/5.0 (Windows NT 10.0; Win64; x64) AppleWebKit/537.36 (KHTML, like Gecko) Chrome/56.0.2924.87 Safari/537.36"
62.178.213.181 - - [07/Mar/2017:18:31:16 +0100] "GET /entry.php?id=10271&&ser=907815 HTTP/1.1" 200 986 "http://ed.activities.at/entry.php?id=10271&&ser=907755" "Mozilla/5.0 (Windows NT 10.0; WOW64) AppleWebKit/537.36 (KHTML, like Gecko) Chrome/56.0.2924.87 Safari/537.36"
62.178.213.181 - - [07/Mar/2017:18:31:16 +0100] "GET /gui/javascript/form_form.js?1488907876 HTTP/1.1" 200 16206 "http://ed.activities.at/entry.php?id=10271&&ser=907815" "Mozilla/5.0 (Windows NT 10.0; WOW64) AppleWebKit/537.36 (KHTML, like Gecko) Chrome/56.0.2924.87 Safari/537.36"
212.108.43.59 - - [07/Mar/2017:18:31:34 +0100] "GET /entry.php?id=10271&&ser=907834 HTTP/1.1" 200 986 "http://ed.activities.at/entry.php?id=10271&&ser=907773" "Mozilla/5.0 (Windows NT 10.0; Win64; x64) AppleWebKit/537.36 (KHTML, like Gecko) Chrome/56.0.2924.87 Safari/537.36"
212.108.43.59 - - [07/Mar/2017:18:31:34 +0100] "GET /gui/javascript/form_form.js?1488907894 HTTP/1.1" 200 16206 "http://ed.activities.at/entry.php?id=10271&&ser=907834" "Mozilla/5.0 (Windows NT 10.0; Win64; x64) AppleWebKit/537.36 (KHTML, like Gecko) Chrome/56.0.2924.87 Safari/537.36"
62.178.213.181 - - [07/Mar/2017:18:32:16 +0100] "GET /entry.php?id=10271&&ser=907876 HTTP/1.1" 200 987 "http://ed.activities.at/entry.php?id=10271&&ser=907815" "Mozilla/5.0 (Windows NT 10.0; WOW64) AppleWebKit/537.36 (KHTML, like Gecko) Chrome/56.0.2924.87 Safari/537.36"
62.178.213.181 - - [07/Mar/2017:18:32:16 +0100] "GET /gui/javascript/form_form.js?1488907936 HTTP/1.1" 200 16206 "http://ed.activities.at/entry.php?id=10271&&ser=907876" "Mozilla/5.0 (Windows NT 10.0; WOW64) AppleWebKit/537.36 (KHTML, like Gecko) Chrome/56.0.2924.87 Safari/537.36"
212.108.43.59 - - [07/Mar/2017:18:32:34 +0100] "GET /entry.php?id=10271&&ser=907894 HTTP/1.1" 200 987 "http://ed.activities.at/entry.php?id=10271&&ser=907834" "Mozilla/5.0 (Windows NT 10.0; Win64; x64) AppleWebKit/537.36 (KHTML, like Gecko) Chrome/56.0.2924.87 Safari/537.36"
212.108.43.59 - - [07/Mar/2017:18:32:35 +0100] "GET /gui/javascript/form_form.js?1488907955 HTTP/1.1" 200 16206 "http://ed.activities.at/entry.php?id=10271&&ser=907894" "Mozilla/5.0 (Windows NT 10.0; Win64; x64) AppleWebKit/537.36 (KHTML, like Gecko) Chrome/56.0.2924.87 Safari/537.36"
62.178.213.181 - - [07/Mar/2017:18:33:16 +0100] "GET /entry.php?id=10271&&ser=907936 HTTP/1.1" 200 987 "http://ed.activities.at/entry.php?id=10271&&ser=907876" "Mozilla/5.0 (Windows NT 10.0; WOW64) AppleWebKit/537.36 (KHTML, like Gecko) Chrome/56.0.2924.87 Safari/537.36"
62.178.213.181 - - [07/Mar/2017:18:33:17 +0100] "GET /gui/javascript/form_form.js?1488907996 HTTP/1.1" 200 16206 "http://ed.activities.at/entry.php?id=10271&&ser=907936" "Mozilla/5.0 (Windows NT 10.0; WOW64) AppleWebKit/537.36 (KHTML, like Gecko) Chrome/56.0.2924.87 Safari/537.36"
212.108.43.59 - - [07/Mar/2017:18:33:35 +0100] "GET /entry.php?id=10271&&ser=907955 HTTP/1.1" 200 986 "http://ed.activities.at/entry.php?id=10271&&ser=907894" "Mozilla/5.0 (Windows NT 10.0; Win64; x64) AppleWebKit/537.36 (KHTML, like Gecko) Chrome/56.0.2924.87 Safari/537.36"
212.108.43.59 - - [07/Mar/2017:18:33:35 +0100] "GET /gui/javascript/form_form.js?1488908015 HTTP/1.1" 200 16206 "http://ed.activities.at/entry.php?id=10271&&ser=907955" "Mozilla/5.0 (Windows NT 10.0; Win64; x64) AppleWebKit/537.36 (KHTML, like Gecko) Chrome/56.0.2924.87 Safari/537.36"
62.178.213.181 - - [07/Mar/2017:18:34:17 +0100] "GET /entry.php?id=10271&&ser=907996 HTTP/1.1" 200 986 "http://ed.activities.at/entry.php?id=10271&&ser=907936" "Mozilla/5.0 (Windows NT 10.0; WOW64) AppleWebKit/537.36 (KHTML, like Gecko) Chrome/56.0.2924.87 Safari/537.36"
62.178.213.181 - - [07/Mar/2017:18:34:17 +0100] "GET /gui/javascript/form_form.js?1488908057 HTTP/1.1" 200 16206 "http://ed.activities.at/entry.php?id=10271&&ser=907996" "Mozilla/5.0 (Windows NT 10.0; WOW64) AppleWebKit/537.36 (KHTML, like Gecko) Chrome/56.0.2924.87 Safari/537.36"
212.108.43.59 - - [07/Mar/2017:18:34:36 +0100] "GET /entry.php?id=10271&&ser=908015 HTTP/1.1" 200 986 "http://ed.activities.at/entry.php?id=10271&&ser=907955" "Mozilla/5.0 (Windows NT 10.0; Win64; x64) AppleWebKit/537.36 (KHTML, like Gecko) Chrome/56.0.2924.87 Safari/537.36"
212.108.43.59 - - [07/Mar/2017:18:34:36 +0100] "GET /gui/javascript/form_form.js?1488908076 HTTP/1.1" 200 16206 "http://ed.activities.at/entry.php?id=10271&&ser=908015" "Mozilla/5.0 (Windows NT 10.0; Win64; x64) AppleWebKit/537.36 (KHTML, like Gecko) Chrome/56.0.2924.87 Safari/537.36"
62.178.213.181 - - [07/Mar/2017:18:35:17 +0100] "GET /entry.php?id=10271&&ser=908057 HTTP/1.1" 200 986 "http://ed.activities.at/entry.php?id=10271&&ser=907996" "Mozilla/5.0 (Windows NT 10.0; WOW64) AppleWebKit/537.36 (KHTML, like Gecko) Chrome/56.0.2924.87 Safari/537.36"
62.178.213.181 - - [07/Mar/2017:18:35:17 +0100] "GET /gui/javascript/form_form.js?1488908117 HTTP/1.1" 200 16206 "http://ed.activities.at/entry.php?id=10271&&ser=908057" "Mozilla/5.0 (Windows NT 10.0; WOW64) AppleWebKit/537.36 (KHTML, like Gecko) Chrome/56.0.2924.87 Safari/537.36"
212.108.43.59 - - [07/Mar/2017:18:35:36 +0100] "GET /entry.php?id=10271&&ser=908076 HTTP/1.1" 200 986 "http://ed.activities.at/entry.php?id=10271&&ser=908015" "Mozilla/5.0 (Windows NT 10.0; Win64; x64) AppleWebKit/537.36 (KHTML, like Gecko) Chrome/56.0.2924.87 Safari/537.36"
212.108.43.59 - - [07/Mar/2017:18:35:36 +0100] "GET /gui/javascript/form_form.js?1488908136 HTTP/1.1" 200 16206 "http://ed.activities.at/entry.php?id=10271&&ser=908076" "Mozilla/5.0 (Windows NT 10.0; Win64; x64) AppleWebKit/537.36 (KHTML, like Gecko) Chrome/56.0.2924.87 Safari/537.36"
62.178.213.181 - - [07/Mar/2017:18:36:17 +0100] "GET /entry.php?id=10271&&ser=908117 HTTP/1.1" 200 986 "http://ed.activities.at/entry.php?id=10271&&ser=908057" "Mozilla/5.0 (Windows NT 10.0; WOW64) AppleWebKit/537.36 (KHTML, like Gecko) Chrome/56.0.2924.87 Safari/537.36"
62.178.213.181 - - [07/Mar/2017:18:36:17 +0100] "GET /gui/javascript/form_form.js?1488908177 HTTP/1.1" 200 16206 "http://ed.activities.at/entry.php?id=10271&&ser=908117" "Mozilla/5.0 (Windows NT 10.0; WOW64) AppleWebKit/537.36 (KHTML, like Gecko) Chrome/56.0.2924.87 Safari/537.36"
212.108.43.59 - - [07/Mar/2017:18:36:36 +0100] "GET /entry.php?id=10271&&ser=908136 HTTP/1.1" 200 986 "http://ed.activities.at/entry.php?id=10271&&ser=908076" "Mozilla/5.0 (Windows NT 10.0; Win64; x64) AppleWebKit/537.36 (KHTML, like Gecko) Chrome/56.0.2924.87 Safari/537.36"
212.108.43.59 - - [07/Mar/2017:18:36:37 +0100] "GET /gui/javascript/form_form.js?1488908197 HTTP/1.1" 200 16206 "http://ed.activities.at/entry.php?id=10271&&ser=908136" "Mozilla/5.0 (Windows NT 10.0; Win64; x64) AppleWebKit/537.36 (KHTML, like Gecko) Chrome/56.0.2924.87 Safari/537.36"
62.178.213.181 - - [07/Mar/2017:18:37:18 +0100] "GET /entry.php?id=10271&&ser=908177 HTTP/1.1" 200 986 "http://ed.activities.at/entry.php?id=10271&&ser=908117" "Mozilla/5.0 (Windows NT 10.0; WOW64) AppleWebKit/537.36 (KHTML, like Gecko) Chrome/56.0.2924.87 Safari/537.36"
62.178.213.181 - - [07/Mar/2017:18:37:18 +0100] "GET /gui/javascript/form_form.js?1488908238 HTTP/1.1" 200 16206 "http://ed.activities.at/entry.php?id=10271&&ser=908177" "Mozilla/5.0 (Windows NT 10.0; WOW64) AppleWebKit/537.36 (KHTML, like Gecko) Chrome/56.0.2924.87 Safari/537.36"
212.108.43.59 - - [07/Mar/2017:18:37:37 +0100] "GET /entry.php?id=10271&&ser=908197 HTTP/1.1" 200 986 "http://ed.activities.at/entry.php?id=10271&&ser=908136" "Mozilla/5.0 (Windows NT 10.0; Win64; x64) AppleWebKit/537.36 (KHTML, like Gecko) Chrome/56.0.2924.87 Safari/537.36"
212.108.43.59 - - [07/Mar/2017:18:37:37 +0100] "GET /gui/javascript/form_form.js?1488908257 HTTP/1.1" 200 16206 "http://ed.activities.at/entry.php?id=10271&&ser=908197" "Mozilla/5.0 (Windows NT 10.0; Win64; x64) AppleWebKit/537.36 (KHTML, like Gecko) Chrome/56.0.2924.87 Safari/537.36"
62.178.213.181 - - [07/Mar/2017:18:38:18 +0100] "GET /entry.php?id=10271&&ser=908238 HTTP/1.1" 200 986 "http://ed.activities.at/entry.php?id=10271&&ser=908177" "Mozilla/5.0 (Windows NT 10.0; WOW64) AppleWebKit/537.36 (KHTML, like Gecko) Chrome/56.0.2924.87 Safari/537.36"
62.178.213.181 - - [07/Mar/2017:18:38:18 +0100] "GET /gui/javascript/form_form.js?1488908298 HTTP/1.1" 200 16206 "http://ed.activities.at/entry.php?id=10271&&ser=908238" "Mozilla/5.0 (Windows NT 10.0; WOW64) AppleWebKit/537.36 (KHTML, like Gecko) Chrome/56.0.2924.87 Safari/537.36"
212.108.43.59 - - [07/Mar/2017:18:38:37 +0100] "GET /entry.php?id=10271&&ser=908257 HTTP/1.1" 200 986 "http://ed.activities.at/entry.php?id=10271&&ser=908197" "Mozilla/5.0 (Windows NT 10.0; Win64; x64) AppleWebKit/537.36 (KHTML, like Gecko) Chrome/56.0.2924.87 Safari/537.36"
212.108.43.59 - - [07/Mar/2017:18:38:37 +0100] "GET /gui/javascript/form_form.js?1488908317 HTTP/1.1" 200 16206 "http://ed.activities.at/entry.php?id=10271&&ser=908257" "Mozilla/5.0 (Windows NT 10.0; Win64; x64) AppleWebKit/537.36 (KHTML, like Gecko) Chrome/56.0.2924.87 Safari/537.36"
62.178.213.181 - - [07/Mar/2017:18:39:18 +0100] "GET /entry.php?id=10271&&ser=908298 HTTP/1.1" 200 986 "http://ed.activities.at/entry.php?id=10271&&ser=908238" "Mozilla/5.0 (Windows NT 10.0; WOW64) AppleWebKit/537.36 (KHTML, like Gecko) Chrome/56.0.2924.87 Safari/537.36"
62.178.213.181 - - [07/Mar/2017:18:39:18 +0100] "GET /gui/javascript/form_form.js?1488908358 HTTP/1.1" 200 16206 "http://ed.activities.at/entry.php?id=10271&&ser=908298" "Mozilla/5.0 (Windows NT 10.0; WOW64) AppleWebKit/537.36 (KHTML, like Gecko) Chrome/56.0.2924.87 Safari/537.36"
212.108.43.59 - - [07/Mar/2017:18:39:38 +0100] "GET /entry.php?id=10271&&ser=908317 HTTP/1.1" 200 986 "http://ed.activities.at/entry.php?id=10271&&ser=908257" "Mozilla/5.0 (Windows NT 10.0; Win64; x64) AppleWebKit/537.36 (KHTML, like Gecko) Chrome/56.0.2924.87 Safari/537.36"
212.108.43.59 - - [07/Mar/2017:18:39:38 +0100] "GET /gui/javascript/form_form.js?1488908378 HTTP/1.1" 200 16206 "http://ed.activities.at/entry.php?id=10271&&ser=908317" "Mozilla/5.0 (Windows NT 10.0; Win64; x64) AppleWebKit/537.36 (KHTML, like Gecko) Chrome/56.0.2924.87 Safari/537.36"
62.178.213.181 - - [07/Mar/2017:18:40:19 +0100] "GET /entry.php?id=10271&&ser=908358 HTTP/1.1" 200 986 "http://ed.activities.at/entry.php?id=10271&&ser=908298" "Mozilla/5.0 (Windows NT 10.0; WOW64) AppleWebKit/537.36 (KHTML, like Gecko) Chrome/56.0.2924.87 Safari/537.36"
62.178.213.181 - - [07/Mar/2017:18:40:19 +0100] "GET /gui/javascript/form_form.js?1488908419 HTTP/1.1" 200 16206 "http://ed.activities.at/entry.php?id=10271&&ser=908358" "Mozilla/5.0 (Windows NT 10.0; WOW64) AppleWebKit/537.36 (KHTML, like Gecko) Chrome/56.0.2924.87 Safari/537.36"
212.108.43.59 - - [07/Mar/2017:18:40:38 +0100] "GET /entry.php?id=10271&&ser=908378 HTTP/1.1" 200 986 "http://ed.activities.at/entry.php?id=10271&&ser=908317" "Mozilla/5.0 (Windows NT 10.0; Win64; x64) AppleWebKit/537.36 (KHTML, like Gecko) Chrome/56.0.2924.87 Safari/537.36"
212.108.43.59 - - [07/Mar/2017:18:40:38 +0100] "GET /gui/javascript/form_form.js?1488908438 HTTP/1.1" 200 16206 "http://ed.activities.at/entry.php?id=10271&&ser=908378" "Mozilla/5.0 (Windows NT 10.0; Win64; x64) AppleWebKit/537.36 (KHTML, like Gecko) Chrome/56.0.2924.87 Safari/537.36"
62.178.213.181 - - [07/Mar/2017:18:41:19 +0100] "GET /entry.php?id=10271&&ser=908419 HTTP/1.1" 200 986 "http://ed.activities.at/entry.php?id=10271&&ser=908358" "Mozilla/5.0 (Windows NT 10.0; WOW64) AppleWebKit/537.36 (KHTML, like Gecko) Chrome/56.0.2924.87 Safari/537.36"
62.178.213.181 - - [07/Mar/2017:18:41:19 +0100] "GET /gui/javascript/form_form.js?1488908479 HTTP/1.1" 200 16206 "http://ed.activities.at/entry.php?id=10271&&ser=908419" "Mozilla/5.0 (Windows NT 10.0; WOW64) AppleWebKit/537.36 (KHTML, like Gecko) Chrome/56.0.2924.87 Safari/537.36"
212.108.43.59 - - [07/Mar/2017:18:41:39 +0100] "GET /entry.php?id=10271&&ser=908438 HTTP/1.1" 200 986 "http://ed.activities.at/entry.php?id=10271&&ser=908378" "Mozilla/5.0 (Windows NT 10.0; Win64; x64) AppleWebKit/537.36 (KHTML, like Gecko) Chrome/56.0.2924.87 Safari/537.36"
212.108.43.59 - - [07/Mar/2017:18:41:39 +0100] "GET /gui/javascript/form_form.js?1488908499 HTTP/1.1" 200 16206 "http://ed.activities.at/entry.php?id=10271&&ser=908438" "Mozilla/5.0 (Windows NT 10.0; Win64; x64) AppleWebKit/537.36 (KHTML, like Gecko) Chrome/56.0.2924.87 Safari/537.36"
62.178.213.181 - - [07/Mar/2017:18:42:19 +0100] "GET /entry.php?id=10271&&ser=908479 HTTP/1.1" 200 986 "http://ed.activities.at/entry.php?id=10271&&ser=908419" "Mozilla/5.0 (Windows NT 10.0; WOW64) AppleWebKit/537.36 (KHTML, like Gecko) Chrome/56.0.2924.87 Safari/537.36"
62.178.213.181 - - [07/Mar/2017:18:42:19 +0100] "GET /gui/javascript/form_form.js?1488908539 HTTP/1.1" 200 16206 "http://ed.activities.at/entry.php?id=10271&&ser=908479" "Mozilla/5.0 (Windows NT 10.0; WOW64) AppleWebKit/537.36 (KHTML, like Gecko) Chrome/56.0.2924.87 Safari/537.36"
212.108.43.59 - - [07/Mar/2017:18:42:39 +0100] "GET /entry.php?id=10271&&ser=908499 HTTP/1.1" 200 986 "http://ed.activities.at/entry.php?id=10271&&ser=908438" "Mozilla/5.0 (Windows NT 10.0; Win64; x64) AppleWebKit/537.36 (KHTML, like Gecko) Chrome/56.0.2924.87 Safari/537.36"
