212.108.43.59 - - [07/Mar/2017:17:59:21 +0100] "GET /gui/images/icons/i_resourcenverwaltung.gif HTTP/1.1" 200 2102 "http://ed.activities.at/entry.php?id=10270&__app__=10006038" "Mozilla/5.0 (Windows NT 10.0; Win64; x64) AppleWebKit/537.36 (KHTML, like Gecko) Chrome/56.0.2924.87 Safari/537.36"
212.108.43.59 - - [07/Mar/2017:17:59:21 +0100] "GET /gui/images/icons/i_firmen.gif HTTP/1.1" 200 1463 "http://ed.activities.at/entry.php?id=10270&__app__=10006038" "Mozilla/5.0 (Windows NT 10.0; Win64; x64) AppleWebKit/537.36 (KHTML, like Gecko) Chrome/56.0.2924.87 Safari/537.36"
212.108.43.59 - - [07/Mar/2017:17:59:21 +0100] "GET /gui/images/icons/i_artikel.gif HTTP/1.1" 200 1765 "http://ed.activities.at/entry.php?id=10270&__app__=10006038" "Mozilla/5.0 (Windows NT 10.0; Win64; x64) AppleWebKit/537.36 (KHTML, like Gecko) Chrome/56.0.2924.87 Safari/537.36"
212.108.43.59 - - [07/Mar/2017:17:59:21 +0100] "GET /gui/images/icons/i_artikelgruppen.gif HTTP/1.1" 200 1538 "http://ed.activities.at/entry.php?id=10270&__app__=10006038" "Mozilla/5.0 (Windows NT 10.0; Win64; x64) AppleWebKit/537.36 (KHTML, like Gecko) Chrome/56.0.2924.87 Safari/537.36"
212.108.43.59 - - [07/Mar/2017:17:59:21 +0100] "GET /gui/images/icons/i_haendler_sollverteiler.gif HTTP/1.1" 200 1330 "http://ed.activities.at/entry.php?id=10270&__app__=10006038" "Mozilla/5.0 (Windows NT 10.0; Win64; x64) AppleWebKit/537.36 (KHTML, like Gecko) Chrome/56.0.2924.87 Safari/537.36"
212.108.43.59 - - [07/Mar/2017:17:59:21 +0100] "GET /gui/images/icons/menumanagement.gif HTTP/1.1" 200 204 "http://ed.activities.at/entry.php?id=10270&__app__=10006038" "Mozilla/5.0 (Windows NT 10.0; Win64; x64) AppleWebKit/537.36 (KHTML, like Gecko) Chrome/56.0.2924.87 Safari/537.36"
212.108.43.59 - - [07/Mar/2017:17:59:21 +0100] "GET /gui/images/icons/artikelbearbeitung_verfassung.gif HTTP/1.1" 200 1719 "http://ed.activities.at/entry.php?id=10270&__app__=10006038" "Mozilla/5.0 (Windows NT 10.0; Win64; x64) AppleWebKit/537.36 (KHTML, like Gecko) Chrome/56.0.2924.87 Safari/537.36"
212.108.43.59 - - [07/Mar/2017:17:59:21 +0100] "GET /gui/images/icons/i_aktionsreminder.gif HTTP/1.1" 200 2181 "http://ed.activities.at/entry.php?id=10270&__app__=10006038" "Mozilla/5.0 (Windows NT 10.0; Win64; x64) AppleWebKit/537.36 (KHTML, like Gecko) Chrome/56.0.2924.87 Safari/537.36"
212.108.43.59 - - [07/Mar/2017:17:59:21 +0100] "GET /gui/images/icons/i_aktionen.gif HTTP/1.1" 200 1920 "http://ed.activities.at/entry.php?id=10270&__app__=10006038" "Mozilla/5.0 (Windows NT 10.0; Win64; x64) AppleWebKit/537.36 (KHTML, like Gecko) Chrome/56.0.2924.87 Safari/537.36"
212.108.43.59 - - [07/Mar/2017:17:59:21 +0100] "GET /undefined HTTP/1.1" 404 285 "http://ed.activities.at/entry.php?id=10270&__app__=10006038" "Mozilla/5.0 (Windows NT 10.0; Win64; x64) AppleWebKit/537.36 (KHTML, like Gecko) Chrome/56.0.2924.87 Safari/537.36"
62.178.213.181 - - [07/Mar/2017:17:59:25 +0100] "POST /entry.php?id=11684 HTTP/1.1" 200 5872 "http://ed.activities.at/entry.php?id=11684" "Mozilla/5.0 (Windows NT 10.0; WOW64) AppleWebKit/537.36 (KHTML, like Gecko) Chrome/56.0.2924.87 Safari/537.36"
62.178.213.181 - - [07/Mar/2017:17:59:26 +0100] "GET /gui/javascript/form_form.js?1488905966 HTTP/1.1" 200 16206 "http://ed.activities.at/entry.php?id=11684" "Mozilla/5.0 (Windows NT 10.0; WOW64) AppleWebKit/537.36 (KHTML, like Gecko) Chrome/56.0.2924.87 Safari/537.36"
62.178.213.181 - - [07/Mar/2017:17:59:26 +0100] "GET /framework/webfx/javascript/tinymce/skins/lightgray/content.min.css HTTP/1.1" 404 327 "http://ed.activities.at/entry.php?id=11684" "Mozilla/5.0 (Windows NT 10.0; WOW64) AppleWebKit/537.36 (KHTML, like Gecko) Chrome/56.0.2924.87 Safari/537.36"
62.178.213.181 - - [07/Mar/2017:17:59:26 +0100] "GET /binaries/easy-drivers-portal/polizei-logojpg.jpg HTTP/1.1" 304 - "http://ed.activities.at/entry.php?id=11684" "Mozilla/5.0 (Windows NT 10.0; WOW64) AppleWebKit/537.36 (KHTML, like Gecko) Chrome/56.0.2924.87 Safari/537.36"
62.178.213.181 - - [07/Mar/2017:17:59:26 +0100] "GET /binaries/easy-drivers-portal/20160825fluechtlingsprojektwien-045jpg.jpg HTTP/1.1" 304 - "http://ed.activities.at/entry.php?id=11684" "Mozilla/5.0 (Windows NT 10.0; WOW64) AppleWebKit/537.36 (KHTML, like Gecko) Chrome/56.0.2924.87 Safari/537.36"
62.178.213.181 - - [07/Mar/2017:18:00:05 +0100] "GET /entry.php?id=10271&&ser=905945 HTTP/1.1" 200 988 "http://ed.activities.at/entry.php?id=10271&&ser=905885" "Mozilla/5.0 (Windows NT 10.0; WOW64) AppleWebKit/537.36 (KHTML, like Gecko) Chrome/56.0.2924.87 Safari/537.36"
62.178.213.181 - - [07/Mar/2017:18:00:06 +0100] "GET /gui/javascript/form_form.js?1488906006 HTTP/1.1" 200 16206 "http://ed.activities.at/entry.php?id=10271&&ser=905945" "Mozilla/5.0 (Windows NT 10.0; WOW64) AppleWebKit/537.36 (KHTML, like Gecko) Chrome/56.0.2924.87 Safari/537.36"
212.108.43.59 - - [07/Mar/2017:18:00:21 +0100] "GET /entry.php?id=10271&&ser=905961 HTTP/1.1" 200 986 "http://ed.activities.at/entry.php?id=10271&UIN=2c80ba510a3ab87ce43761b0928469f7" "Mozilla/5.0 (Windows NT 10.0; Win64; x64) AppleWebKit/537.36 (KHTML, like Gecko) Chrome/56.0.2924.87 Safari/537.36"
212.108.43.59 - - [07/Mar/2017:18:00:21 +0100] "GET /gui/javascript/form_form.js?1488906021 HTTP/1.1" 200 16206 "http://ed.activities.at/entry.php?id=10271&&ser=905961" "Mozilla/5.0 (Windows NT 10.0; Win64; x64) AppleWebKit/537.36 (KHTML, like Gecko) Chrome/56.0.2924.87 Safari/537.36"
62.178.213.181 - - [07/Mar/2017:18:01:06 +0100] "GET /entry.php?id=10271&&ser=906005 HTTP/1.1" 200 986 "http://ed.activities.at/entry.php?id=10271&&ser=905945" "Mozilla/5.0 (Windows NT 10.0; WOW64) AppleWebKit/537.36 (KHTML, like Gecko) Chrome/56.0.2924.87 Safari/537.36"
62.178.213.181 - - [07/Mar/2017:18:01:06 +0100] "GET /gui/javascript/form_form.js?1488906066 HTTP/1.1" 200 16206 "http://ed.activities.at/entry.php?id=10271&&ser=906005" "Mozilla/5.0 (Windows NT 10.0; WOW64) AppleWebKit/537.36 (KHTML, like Gecko) Chrome/56.0.2924.87 Safari/537.36"
212.108.43.59 - - [07/Mar/2017:18:01:22 +0100] "GET /entry.php?id=10271&&ser=906021 HTTP/1.1" 200 986 "http://ed.activities.at/entry.php?id=10271&&ser=905961" "Mozilla/5.0 (Windows NT 10.0; Win64; x64) AppleWebKit/537.36 (KHTML, like Gecko) Chrome/56.0.2924.87 Safari/537.36"
212.108.43.59 - - [07/Mar/2017:18:01:22 +0100] "GET /gui/javascript/form_form.js?1488906082 HTTP/1.1" 200 16206 "http://ed.activities.at/entry.php?id=10271&&ser=906021" "Mozilla/5.0 (Windows NT 10.0; Win64; x64) AppleWebKit/537.36 (KHTML, like Gecko) Chrome/56.0.2924.87 Safari/537.36"
62.178.213.181 - - [07/Mar/2017:18:02:06 +0100] "GET /entry.php?id=10271&&ser=906066 HTTP/1.1" 200 986 "http://ed.activities.at/entry.php?id=10271&&ser=906005" "Mozilla/5.0 (Windows NT 10.0; WOW64) AppleWebKit/537.36 (KHTML, like Gecko) Chrome/56.0.2924.87 Safari/537.36"
62.178.213.181 - - [07/Mar/2017:18:02:06 +0100] "GET /gui/javascript/form_form.js?1488906126 HTTP/1.1" 200 16206 "http://ed.activities.at/entry.php?id=10271&&ser=906066" "Mozilla/5.0 (Windows NT 10.0; WOW64) AppleWebKit/537.36 (KHTML, like Gecko) Chrome/56.0.2924.87 Safari/537.36"
212.108.43.59 - - [07/Mar/2017:18:02:22 +0100] "GET /entry.php?id=10271&&ser=906082 HTTP/1.1" 200 986 "http://ed.activities.at/entry.php?id=10271&&ser=906021" "Mozilla/5.0 (Windows NT 10.0; Win64; x64) AppleWebKit/537.36 (KHTML, like Gecko) Chrome/56.0.2924.87 Safari/537.36"
212.108.43.59 - - [07/Mar/2017:18:02:22 +0100] "GET /gui/javascript/form_form.js?1488906142 HTTP/1.1" 200 16206 "http://ed.activities.at/entry.php?id=10271&&ser=906082" "Mozilla/5.0 (Windows NT 10.0; Win64; x64) AppleWebKit/537.36 (KHTML, like Gecko) Chrome/56.0.2924.87 Safari/537.36"
62.178.213.181 - - [07/Mar/2017:18:02:28 +0100] "GET /entry.php?id=10921&chooserview=PinEditimages&view=PinEditimages HTTP/1.1" 200 447 "http://ed.activities.at/entry.php?id=11684" "Mozilla/5.0 (Windows NT 10.0; WOW64) AppleWebKit/537.36 (KHTML, like Gecko) Chrome/56.0.2924.87 Safari/537.36"
62.178.213.181 - - [07/Mar/2017:18:02:29 +0100] "GET /entry.php?id=10676&&title=Link%20Verwaltung HTTP/1.1" 200 1392 "http://ed.activities.at/entry.php?id=10921&chooserview=PinEditimages&view=PinEditimages" "Mozilla/5.0 (Windows NT 10.0; WOW64) AppleWebKit/537.36 (KHTML, like Gecko) Chrome/56.0.2924.87 Safari/537.36"
62.178.213.181 - - [07/Mar/2017:18:02:29 +0100] "GET /gui/javascript/form_form.js?1488906149 HTTP/1.1" 200 16206 "http://ed.activities.at/entry.php?id=10676&&title=Link%20Verwaltung" "Mozilla/5.0 (Windows NT 10.0; WOW64) AppleWebKit/537.36 (KHTML, like Gecko) Chrome/56.0.2924.87 Safari/537.36"
62.178.213.181 - - [07/Mar/2017:18:02:29 +0100] "GET /entry.php?id=10918&&view=chooser&but=&object=&class=&tag=&value=&chooserview=PinEditimages&function=&setlist= HTTP/1.1" 200 2401 "http://ed.activities.at/entry.php?id=10921&chooserview=PinEditimages&view=PinEditimages" "Mozilla/5.0 (Windows NT 10.0; WOW64) AppleWebKit/537.36 (KHTML, like Gecko) Chrome/56.0.2924.87 Safari/537.36"
62.178.213.181 - - [07/Mar/2017:18:02:29 +0100] "GET /gui/javascript/form_extlink.js HTTP/1.1" 200 945 "http://ed.activities.at/entry.php?id=10918&&view=chooser&but=&object=&class=&tag=&value=&chooserview=PinEditimages&function=&setlist=" "Mozilla/5.0 (Windows NT 10.0; WOW64) AppleWebKit/537.36 (KHTML, like Gecko) Chrome/56.0.2924.87 Safari/537.36"
62.178.213.181 - - [07/Mar/2017:18:02:29 +0100] "GET /entry.php?id=10917&&but=&object=&class=&tag=&value=&chooserview=PinEditimages&function=&setlist= HTTP/1.1" 200 2107 "http://ed.activities.at/entry.php?id=10921&chooserview=PinEditimages&view=PinEditimages" "Mozilla/5.0 (Windows NT 10.0; WOW64) AppleWebKit/537.36 (KHTML, like Gecko) Chrome/56.0.2924.87 Safari/537.36"
62.178.213.181 - - [07/Mar/2017:18:02:29 +0100] "GET /entry.php?id=10778&form=10756&name=list& HTTP/1.1" 200 3953 "http://ed.activities.at/entry.php?id=10918&&view=chooser&but=&object=&class=&tag=&value=&chooserview=PinEditimages&function=&setlist=" "Mozilla/5.0 (Windows NT 10.0; WOW64) AppleWebKit/537.36 (KHTML, like Gecko) Chrome/56.0.2924.87 Safari/537.36"
62.178.213.181 - - [07/Mar/2017:18:02:29 +0100] "GET /entry.php?id=10776&form=10756&name=list& HTTP/1.1" 200 1461 "http://ed.activities.at/entry.php?id=10918&&view=chooser&but=&object=&class=&tag=&value=&chooserview=PinEditimages&function=&setlist=" "Mozilla/5.0 (Windows NT 10.0; WOW64) AppleWebKit/537.36 (KHTML, like Gecko) Chrome/56.0.2924.87 Safari/537.36"
62.178.213.181 - - [07/Mar/2017:18:02:30 +0100] "GET /favicon.ico HTTP/1.1" 404 287 "http://ed.activities.at/entry.php?id=10921&chooserview=PinEditimages&view=PinEditimages" "Mozilla/5.0 (Windows NT 10.0; WOW64) AppleWebKit/537.36 (KHTML, like Gecko) Chrome/56.0.2924.87 Safari/537.36"
62.178.213.181 - - [07/Mar/2017:18:02:35 +0100] "GET /entry.php?id=10921&chooserview=PinEditimages&view=PinEditimages HTTP/1.1" 200 447 "http://ed.activities.at/entry.php?id=11684" "Mozilla/5.0 (Windows NT 10.0; WOW64) AppleWebKit/537.36 (KHTML, like Gecko) Chrome/56.0.2924.87 Safari/537.36"
62.178.213.181 - - [07/Mar/2017:18:02:35 +0100] "GET /entry.php?id=10917&&but=&object=&class=&tag=&value=&chooserview=PinEditimages&function=&setlist= HTTP/1.1" 200 2106 "http://ed.activities.at/entry.php?id=10921&chooserview=PinEditimages&view=PinEditimages" "Mozilla/5.0 (Windows NT 10.0; WOW64) AppleWebKit/537.36 (KHTML, like Gecko) Chrome/56.0.2924.87 Safari/537.36"
62.178.213.181 - - [07/Mar/2017:18:02:35 +0100] "GET /gui/javascript/form_form.js?1488906155 HTTP/1.1" 200 16206 "http://ed.activities.at/entry.php?id=10917&&but=&object=&class=&tag=&value=&chooserview=PinEditimages&function=&setlist=" "Mozilla/5.0 (Windows NT 10.0; WOW64) AppleWebKit/537.36 (KHTML, like Gecko) Chrome/56.0.2924.87 Safari/537.36"
62.178.213.181 - - [07/Mar/2017:18:02:35 +0100] "GET /entry.php?id=10918&&view=chooser&but=&object=&class=&tag=&value=&chooserview=PinEditimages&function=&setlist= HTTP/1.1" 200 2400 "http://ed.activities.at/entry.php?id=10921&chooserview=PinEditimages&view=PinEditimages" "Mozilla/5.0 (Windows NT 10.0; WOW64) AppleWebKit/537.36 (KHTML, like Gecko) Chrome/56.0.2924.87 Safari/537.36"
62.178.213.181 - - [07/Mar/2017:18:02:35 +0100] "GET /entry.php?id=10676&&title=Link%20Verwaltung HTTP/1.1" 200 1391 "http://ed.activities.at/entry.php?id=10921&chooserview=PinEditimages&view=PinEditimages" "Mozilla/5.0 (Windows NT 10.0; WOW64) AppleWebKit/537.36 (KHTML, like Gecko) Chrome/56.0.2924.87 Safari/537.36"
62.178.213.181 - - [07/Mar/2017:18:02:35 +0100] "GET /entry.php?id=10776&form=10756&name=list& HTTP/1.1" 200 1461 "http://ed.activities.at/entry.php?id=10918&&view=chooser&but=&object=&class=&tag=&value=&chooserview=PinEditimages&function=&setlist=" "Mozilla/5.0 (Windows NT 10.0; WOW64) AppleWebKit/537.36 (KHTML, like Gecko) Chrome/56.0.2924.87 Safari/537.36"
62.178.213.181 - - [07/Mar/2017:18:02:35 +0100] "GET /entry.php?id=10778&form=10756&name=list& HTTP/1.1" 200 3953 "http://ed.activities.at/entry.php?id=10918&&view=chooser&but=&object=&class=&tag=&value=&chooserview=PinEditimages&function=&setlist=" "Mozilla/5.0 (Windows NT 10.0; WOW64) AppleWebKit/537.36 (KHTML, like Gecko) Chrome/56.0.2924.87 Safari/537.36"
62.178.213.181 - - [07/Mar/2017:18:03:04 +0100] "GET /framework/webfx/javascript/tinymce/skins/lightgray/fonts/tinymce.woff HTTP/1.1" 200 7664 "http://ed.activities.at/framework/webfx/javascript/tinymce/skins/lightgray/skin.min.css" "Mozilla/5.0 (Windows NT 10.0; WOW64) AppleWebKit/537.36 (KHTML, like Gecko) Chrome/56.0.2924.87 Safari/537.36"
62.178.213.181 - - [07/Mar/2017:18:03:06 +0100] "GET /entry.php?id=10271&&ser=906126 HTTP/1.1" 200 986 "http://ed.activities.at/entry.php?id=10271&&ser=906066" "Mozilla/5.0 (Windows NT 10.0; WOW64) AppleWebKit/537.36 (KHTML, like Gecko) Chrome/56.0.2924.87 Safari/537.36"
62.178.213.181 - - [07/Mar/2017:18:03:07 +0100] "GET /gui/javascript/form_form.js?1488906186 HTTP/1.1" 200 16206 "http://ed.activities.at/entry.php?id=10271&&ser=906126" "Mozilla/5.0 (Windows NT 10.0; WOW64) AppleWebKit/537.36 (KHTML, like Gecko) Chrome/56.0.2924.87 Safari/537.36"
62.178.213.181 - - [07/Mar/2017:18:03:10 +0100] "GET /entry.php?id=10921&chooserview=PinEditimages&view=PinEditimages HTTP/1.1" 200 447 "http://ed.activities.at/entry.php?id=11684" "Mozilla/5.0 (Windows NT 10.0; WOW64) AppleWebKit/537.36 (KHTML, like Gecko) Chrome/56.0.2924.87 Safari/537.36"
62.178.213.181 - - [07/Mar/2017:18:03:11 +0100] "GET /entry.php?id=10676&&title=Link%20Verwaltung HTTP/1.1" 200 1391 "http://ed.activities.at/entry.php?id=10921&chooserview=PinEditimages&view=PinEditimages" "Mozilla/5.0 (Windows NT 10.0; WOW64) AppleWebKit/537.36 (KHTML, like Gecko) Chrome/56.0.2924.87 Safari/537.36"
62.178.213.181 - - [07/Mar/2017:18:03:11 +0100] "GET /gui/javascript/form_form.js?1488906191 HTTP/1.1" 200 16206 "http://ed.activities.at/entry.php?id=10676&&title=Link%20Verwaltung" "Mozilla/5.0 (Windows NT 10.0; WOW64) AppleWebKit/537.36 (KHTML, like Gecko) Chrome/56.0.2924.87 Safari/537.36"
62.178.213.181 - - [07/Mar/2017:18:03:11 +0100] "GET /entry.php?id=10918&&view=chooser&but=&object=&class=&tag=&value=&chooserview=PinEditimages&function=&setlist= HTTP/1.1" 200 2400 "http://ed.activities.at/entry.php?id=10921&chooserview=PinEditimages&view=PinEditimages" "Mozilla/5.0 (Windows NT 10.0; WOW64) AppleWebKit/537.36 (KHTML, like Gecko) Chrome/56.0.2924.87 Safari/537.36"
62.178.213.181 - - [07/Mar/2017:18:03:11 +0100] "GET /entry.php?id=10917&&but=&object=&class=&tag=&value=&chooserview=PinEditimages&function=&setlist= HTTP/1.1" 200 2105 "http://ed.activities.at/entry.php?id=10921&chooserview=PinEditimages&view=PinEditimages" "Mozilla/5.0 (Windows NT 10.0; WOW64) AppleWebKit/537.36 (KHTML, like Gecko) Chrome/56.0.2924.87 Safari/537.36"
62.178.213.181 - - [07/Mar/2017:18:03:11 +0100] "GET /entry.php?id=10776&form=10756&name=list& HTTP/1.1" 200 1461 "http://ed.activities.at/entry.php?id=10918&&view=chooser&but=&object=&class=&tag=&value=&chooserview=PinEditimages&function=&setlist=" "Mozilla/5.0 (Windows NT 10.0; WOW64) AppleWebKit/537.36 (KHTML, like Gecko) Chrome/56.0.2924.87 Safari/537.36"
62.178.213.181 - - [07/Mar/2017:18:03:11 +0100] "GET /entry.php?id=10778&form=10756&name=list& HTTP/1.1" 200 3953 "http://ed.activities.at/entry.php?id=10918&&view=chooser&but=&object=&class=&tag=&value=&chooserview=PinEditimages&function=&setlist=" "Mozilla/5.0 (Windows NT 10.0; WOW64) AppleWebKit/537.36 (KHTML, like Gecko) Chrome/56.0.2924.87 Safari/537.36"
212.108.43.59 - - [07/Mar/2017:18:03:22 +0100] "GET /entry.php?id=10271&&ser=906142 HTTP/1.1" 200 986 "http://ed.activities.at/entry.php?id=10271&&ser=906082" "Mozilla/5.0 (Windows NT 10.0; Win64; x64) AppleWebKit/537.36 (KHTML, like Gecko) Chrome/56.0.2924.87 Safari/537.36"
212.108.43.59 - - [07/Mar/2017:18:03:23 +0100] "GET /gui/javascript/form_form.js?1488906203 HTTP/1.1" 200 16206 "http://ed.activities.at/entry.php?id=10271&&ser=906142" "Mozilla/5.0 (Windows NT 10.0; Win64; x64) AppleWebKit/537.36 (KHTML, like Gecko) Chrome/56.0.2924.87 Safari/537.36"
62.178.213.181 - - [07/Mar/2017:18:04:07 +0100] "GET /entry.php?id=10271&&ser=906186 HTTP/1.1" 200 987 "http://ed.activities.at/entry.php?id=10271&&ser=906126" "Mozilla/5.0 (Windows NT 10.0; WOW64) AppleWebKit/537.36 (KHTML, like Gecko) Chrome/56.0.2924.87 Safari/537.36"
62.178.213.181 - - [07/Mar/2017:18:04:07 +0100] "GET /gui/javascript/form_form.js?1488906247 HTTP/1.1" 200 16206 "http://ed.activities.at/entry.php?id=10271&&ser=906186" "Mozilla/5.0 (Windows NT 10.0; WOW64) AppleWebKit/537.36 (KHTML, like Gecko) Chrome/56.0.2924.87 Safari/537.36"
212.108.43.59 - - [07/Mar/2017:18:04:23 +0100] "GET /entry.php?id=10271&&ser=906203 HTTP/1.1" 200 987 "http://ed.activities.at/entry.php?id=10271&&ser=906142" "Mozilla/5.0 (Windows NT 10.0; Win64; x64) AppleWebKit/537.36 (KHTML, like Gecko) Chrome/56.0.2924.87 Safari/537.36"
212.108.43.59 - - [07/Mar/2017:18:04:23 +0100] "GET /gui/javascript/form_form.js?1488906263 HTTP/1.1" 200 16206 "http://ed.activities.at/entry.php?id=10271&&ser=906203" "Mozilla/5.0 (Windows NT 10.0; Win64; x64) AppleWebKit/537.36 (KHTML, like Gecko) Chrome/56.0.2924.87 Safari/537.36"
62.178.213.181 - - [07/Mar/2017:18:05:07 +0100] "GET /entry.php?id=10271&&ser=906247 HTTP/1.1" 200 986 "http://ed.activities.at/entry.php?id=10271&&ser=906186" "Mozilla/5.0 (Windows NT 10.0; WOW64) AppleWebKit/537.36 (KHTML, like Gecko) Chrome/56.0.2924.87 Safari/537.36"
62.178.213.181 - - [07/Mar/2017:18:05:07 +0100] "GET /gui/javascript/form_form.js?1488906307 HTTP/1.1" 200 16206 "http://ed.activities.at/entry.php?id=10271&&ser=906247" "Mozilla/5.0 (Windows NT 10.0; WOW64) AppleWebKit/537.36 (KHTML, like Gecko) Chrome/56.0.2924.87 Safari/537.36"
212.108.43.59 - - [07/Mar/2017:18:05:23 +0100] "GET /entry.php?id=10271&&ser=906263 HTTP/1.1" 200 987 "http://ed.activities.at/entry.php?id=10271&&ser=906203" "Mozilla/5.0 (Windows NT 10.0; Win64; x64) AppleWebKit/537.36 (KHTML, like Gecko) Chrome/56.0.2924.87 Safari/537.36"
212.108.43.59 - - [07/Mar/2017:18:05:24 +0100] "GET /gui/javascript/form_form.js?1488906323 HTTP/1.1" 200 16206 "http://ed.activities.at/entry.php?id=10271&&ser=906263" "Mozilla/5.0 (Windows NT 10.0; Win64; x64) AppleWebKit/537.36 (KHTML, like Gecko) Chrome/56.0.2924.87 Safari/537.36"
62.178.213.181 - - [07/Mar/2017:18:06:08 +0100] "GET /entry.php?id=10271&&ser=906307 HTTP/1.1" 200 986 "http://ed.activities.at/entry.php?id=10271&&ser=906247" "Mozilla/5.0 (Windows NT 10.0; WOW64) AppleWebKit/537.36 (KHTML, like Gecko) Chrome/56.0.2924.87 Safari/537.36"
62.178.213.181 - - [07/Mar/2017:18:06:08 +0100] "GET /gui/javascript/form_form.js?1488906368 HTTP/1.1" 200 16206 "http://ed.activities.at/entry.php?id=10271&&ser=906307" "Mozilla/5.0 (Windows NT 10.0; WOW64) AppleWebKit/537.36 (KHTML, like Gecko) Chrome/56.0.2924.87 Safari/537.36"
212.108.43.59 - - [07/Mar/2017:18:06:24 +0100] "GET /entry.php?id=10271&&ser=906323 HTTP/1.1" 200 988 "http://ed.activities.at/entry.php?id=10271&&ser=906263" "Mozilla/5.0 (Windows NT 10.0; Win64; x64) AppleWebKit/537.36 (KHTML, like Gecko) Chrome/56.0.2924.87 Safari/537.36"
212.108.43.59 - - [07/Mar/2017:18:06:25 +0100] "GET /gui/javascript/form_form.js?1488906385 HTTP/1.1" 200 16206 "http://ed.activities.at/entry.php?id=10271&&ser=906323" "Mozilla/5.0 (Windows NT 10.0; Win64; x64) AppleWebKit/537.36 (KHTML, like Gecko) Chrome/56.0.2924.87 Safari/537.36"
62.178.213.181 - - [07/Mar/2017:18:07:08 +0100] "GET /entry.php?id=10271&&ser=906368 HTTP/1.1" 200 987 "http://ed.activities.at/entry.php?id=10271&&ser=906307" "Mozilla/5.0 (Windows NT 10.0; WOW64) AppleWebKit/537.36 (KHTML, like Gecko) Chrome/56.0.2924.87 Safari/537.36"
62.178.213.181 - - [07/Mar/2017:18:07:08 +0100] "GET /gui/javascript/form_form.js?1488906428 HTTP/1.1" 200 16206 "http://ed.activities.at/entry.php?id=10271&&ser=906368" "Mozilla/5.0 (Windows NT 10.0; WOW64) AppleWebKit/537.36 (KHTML, like Gecko) Chrome/56.0.2924.87 Safari/537.36"
212.108.43.59 - - [07/Mar/2017:18:07:25 +0100] "GET /entry.php?id=10271&&ser=906384 HTTP/1.1" 200 987 "http://ed.activities.at/entry.php?id=10271&&ser=906323" "Mozilla/5.0 (Windows NT 10.0; Win64; x64) AppleWebKit/537.36 (KHTML, like Gecko) Chrome/56.0.2924.87 Safari/537.36"
212.108.43.59 - - [07/Mar/2017:18:07:25 +0100] "GET /gui/javascript/form_form.js?1488906445 HTTP/1.1" 200 16206 "http://ed.activities.at/entry.php?id=10271&&ser=906384" "Mozilla/5.0 (Windows NT 10.0; Win64; x64) AppleWebKit/537.36 (KHTML, like Gecko) Chrome/56.0.2924.87 Safari/537.36"
62.178.213.181 - - [07/Mar/2017:18:08:08 +0100] "GET /entry.php?id=10271&&ser=906428 HTTP/1.1" 200 985 "http://ed.activities.at/entry.php?id=10271&&ser=906368" "Mozilla/5.0 (Windows NT 10.0; WOW64) AppleWebKit/537.36 (KHTML, like Gecko) Chrome/56.0.2924.87 Safari/537.36"
62.178.213.181 - - [07/Mar/2017:18:08:08 +0100] "GET /gui/javascript/form_form.js?1488906488 HTTP/1.1" 200 16206 "http://ed.activities.at/entry.php?id=10271&&ser=906428" "Mozilla/5.0 (Windows NT 10.0; WOW64) AppleWebKit/537.36 (KHTML, like Gecko) Chrome/56.0.2924.87 Safari/537.36"
212.108.43.59 - - [07/Mar/2017:18:08:25 +0100] "GET /entry.php?id=10271&&ser=906445 HTTP/1.1" 200 986 "http://ed.activities.at/entry.php?id=10271&&ser=906384" "Mozilla/5.0 (Windows NT 10.0; Win64; x64) AppleWebKit/537.36 (KHTML, like Gecko) Chrome/56.0.2924.87 Safari/537.36"
212.108.43.59 - - [07/Mar/2017:18:08:25 +0100] "GET /gui/javascript/form_form.js?1488906505 HTTP/1.1" 200 16206 "http://ed.activities.at/entry.php?id=10271&&ser=906445" "Mozilla/5.0 (Windows NT 10.0; Win64; x64) AppleWebKit/537.36 (KHTML, like Gecko) Chrome/56.0.2924.87 Safari/537.36"
62.178.213.181 - - [07/Mar/2017:18:09:09 +0100] "GET /entry.php?id=10271&&ser=906488 HTTP/1.1" 200 986 "http://ed.activities.at/entry.php?id=10271&&ser=906428" "Mozilla/5.0 (Windows NT 10.0; WOW64) AppleWebKit/537.36 (KHTML, like Gecko) Chrome/56.0.2924.87 Safari/537.36"
62.178.213.181 - - [07/Mar/2017:18:09:09 +0100] "GET /gui/javascript/form_form.js?1488906549 HTTP/1.1" 200 16206 "http://ed.activities.at/entry.php?id=10271&&ser=906488" "Mozilla/5.0 (Windows NT 10.0; WOW64) AppleWebKit/537.36 (KHTML, like Gecko) Chrome/56.0.2924.87 Safari/537.36"
212.108.43.59 - - [07/Mar/2017:18:09:26 +0100] "GET /entry.php?id=10271&&ser=906505 HTTP/1.1" 200 986 "http://ed.activities.at/entry.php?id=10271&&ser=906445" "Mozilla/5.0 (Windows NT 10.0; Win64; x64) AppleWebKit/537.36 (KHTML, like Gecko) Chrome/56.0.2924.87 Safari/537.36"
212.108.43.59 - - [07/Mar/2017:18:09:26 +0100] "GET /gui/javascript/form_form.js?1488906566 HTTP/1.1" 200 16206 "http://ed.activities.at/entry.php?id=10271&&ser=906505" "Mozilla/5.0 (Windows NT 10.0; Win64; x64) AppleWebKit/537.36 (KHTML, like Gecko) Chrome/56.0.2924.87 Safari/537.36"
62.178.213.181 - - [07/Mar/2017:18:10:09 +0100] "GET /entry.php?id=10271&&ser=906549 HTTP/1.1" 200 986 "http://ed.activities.at/entry.php?id=10271&&ser=906488" "Mozilla/5.0 (Windows NT 10.0; WOW64) AppleWebKit/537.36 (KHTML, like Gecko) Chrome/56.0.2924.87 Safari/537.36"
62.178.213.181 - - [07/Mar/2017:18:10:09 +0100] "GET /gui/javascript/form_form.js?1488906609 HTTP/1.1" 200 16206 "http://ed.activities.at/entry.php?id=10271&&ser=906549" "Mozilla/5.0 (Windows NT 10.0; WOW64) AppleWebKit/537.36 (KHTML, like Gecko) Chrome/56.0.2924.87 Safari/537.36"
212.108.43.59 - - [07/Mar/2017:18:10:26 +0100] "GET /entry.php?id=10271&&ser=906566 HTTP/1.1" 200 987 "http://ed.activities.at/entry.php?id=10271&&ser=906505" "Mozilla/5.0 (Windows NT 10.0; Win64; x64) AppleWebKit/537.36 (KHTML, like Gecko) Chrome/56.0.2924.87 Safari/537.36"
212.108.43.59 - - [07/Mar/2017:18:10:26 +0100] "GET /gui/javascript/form_form.js?1488906626 HTTP/1.1" 200 16206 "http://ed.activities.at/entry.php?id=10271&&ser=906566" "Mozilla/5.0 (Windows NT 10.0; Win64; x64) AppleWebKit/537.36 (KHTML, like Gecko) Chrome/56.0.2924.87 Safari/537.36"
62.178.213.181 - - [07/Mar/2017:18:11:09 +0100] "GET /entry.php?id=10271&&ser=906609 HTTP/1.1" 200 987 "http://ed.activities.at/entry.php?id=10271&&ser=906549" "Mozilla/5.0 (Windows NT 10.0; WOW64) AppleWebKit/537.36 (KHTML, like Gecko) Chrome/56.0.2924.87 Safari/537.36"
62.178.213.181 - - [07/Mar/2017:18:11:09 +0100] "GET /gui/javascript/form_form.js?1488906669 HTTP/1.1" 200 16206 "http://ed.activities.at/entry.php?id=10271&&ser=906609" "Mozilla/5.0 (Windows NT 10.0; WOW64) AppleWebKit/537.36 (KHTML, like Gecko) Chrome/56.0.2924.87 Safari/537.36"
212.108.43.59 - - [07/Mar/2017:18:11:26 +0100] "GET /entry.php?id=10271&&ser=906626 HTTP/1.1" 200 986 "http://ed.activities.at/entry.php?id=10271&&ser=906566" "Mozilla/5.0 (Windows NT 10.0; Win64; x64) AppleWebKit/537.36 (KHTML, like Gecko) Chrome/56.0.2924.87 Safari/537.36"
212.108.43.59 - - [07/Mar/2017:18:11:27 +0100] "GET /gui/javascript/form_form.js?1488906686 HTTP/1.1" 200 16206 "http://ed.activities.at/entry.php?id=10271&&ser=906626" "Mozilla/5.0 (Windows NT 10.0; Win64; x64) AppleWebKit/537.36 (KHTML, like Gecko) Chrome/56.0.2924.87 Safari/537.36"
62.178.213.181 - - [07/Mar/2017:18:12:10 +0100] "GET /entry.php?id=10271&&ser=906669 HTTP/1.1" 200 986 "http://ed.activities.at/entry.php?id=10271&&ser=906609" "Mozilla/5.0 (Windows NT 10.0; WOW64) AppleWebKit/537.36 (KHTML, like Gecko) Chrome/56.0.2924.87 Safari/537.36"
62.178.213.181 - - [07/Mar/2017:18:12:10 +0100] "GET /gui/javascript/form_form.js?1488906730 HTTP/1.1" 200 16206 "http://ed.activities.at/entry.php?id=10271&&ser=906669" "Mozilla/5.0 (Windows NT 10.0; WOW64) AppleWebKit/537.36 (KHTML, like Gecko) Chrome/56.0.2924.87 Safari/537.36"
212.108.43.59 - - [07/Mar/2017:18:12:27 +0100] "GET /entry.php?id=10271&&ser=906686 HTTP/1.1" 200 987 "http://ed.activities.at/entry.php?id=10271&&ser=906626" "Mozilla/5.0 (Windows NT 10.0; Win64; x64) AppleWebKit/537.36 (KHTML, like Gecko) Chrome/56.0.2924.87 Safari/537.36"
212.108.43.59 - - [07/Mar/2017:18:12:27 +0100] "GET /gui/javascript/form_form.js?1488906747 HTTP/1.1" 200 16206 "http://ed.activities.at/entry.php?id=10271&&ser=906686" "Mozilla/5.0 (Windows NT 10.0; Win64; x64) AppleWebKit/537.36 (KHTML, like Gecko) Chrome/56.0.2924.87 Safari/537.36"
62.178.213.181 - - [07/Mar/2017:18:13:10 +0100] "GET /entry.php?id=10271&&ser=906730 HTTP/1.1" 200 986 "http://ed.activities.at/entry.php?id=10271&&ser=906669" "Mozilla/5.0 (Windows NT 10.0; WOW64) AppleWebKit/537.36 (KHTML, like Gecko) Chrome/56.0.2924.87 Safari/537.36"
62.178.213.181 - - [07/Mar/2017:18:13:10 +0100] "GET /gui/javascript/form_form.js?1488906790 HTTP/1.1" 200 16206 "http://ed.activities.at/entry.php?id=10271&&ser=906730" "Mozilla/5.0 (Windows NT 10.0; WOW64) AppleWebKit/537.36 (KHTML, like Gecko) Chrome/56.0.2924.87 Safari/537.36"
212.108.43.59 - - [07/Mar/2017:18:13:27 +0100] "GET /entry.php?id=10271&&ser=906747 HTTP/1.1" 200 986 "http://ed.activities.at/entry.php?id=10271&&ser=906686" "Mozilla/5.0 (Windows NT 10.0; Win64; x64) AppleWebKit/537.36 (KHTML, like Gecko) Chrome/56.0.2924.87 Safari/537.36"
212.108.43.59 - - [07/Mar/2017:18:13:27 +0100] "GET /gui/javascript/form_form.js?1488906807 HTTP/1.1" 200 16206 "http://ed.activities.at/entry.php?id=10271&&ser=906747" "Mozilla/5.0 (Windows NT 10.0; Win64; x64) AppleWebKit/537.36 (KHTML, like Gecko) Chrome/56.0.2924.87 Safari/537.36"
62.178.213.181 - - [07/Mar/2017:18:14:10 +0100] "GET /entry.php?id=10271&&ser=906790 HTTP/1.1" 200 986 "http://ed.activities.at/entry.php?id=10271&&ser=906730" "Mozilla/5.0 (Windows NT 10.0; WOW64) AppleWebKit/537.36 (KHTML, like Gecko) Chrome/56.0.2924.87 Safari/537.36"
62.178.213.181 - - [07/Mar/2017:18:14:10 +0100] "GET /gui/javascript/form_form.js?1488906850 HTTP/1.1" 200 16206 "http://ed.activities.at/entry.php?id=10271&&ser=906790" "Mozilla/5.0 (Windows NT 10.0; WOW64) AppleWebKit/537.36 (KHTML, like Gecko) Chrome/56.0.2924.87 Safari/537.36"
212.108.43.59 - - [07/Mar/2017:18:14:27 +0100] "GET /entry.php?id=10271&&ser=906807 HTTP/1.1" 200 986 "http://ed.activities.at/entry.php?id=10271&&ser=906747" "Mozilla/5.0 (Windows NT 10.0; Win64; x64) AppleWebKit/537.36 (KHTML, like Gecko) Chrome/56.0.2924.87 Safari/537.36"
212.108.43.59 - - [07/Mar/2017:18:14:28 +0100] "GET /gui/javascript/form_form.js?1488906868 HTTP/1.1" 200 16206 "http://ed.activities.at/entry.php?id=10271&&ser=906807" "Mozilla/5.0 (Windows NT 10.0; Win64; x64) AppleWebKit/537.36 (KHTML, like Gecko) Chrome/56.0.2924.87 Safari/537.36"
62.178.213.181 - - [07/Mar/2017:18:15:10 +0100] "GET /entry.php?id=10271&&ser=906850 HTTP/1.1" 200 985 "http://ed.activities.at/entry.php?id=10271&&ser=906790" "Mozilla/5.0 (Windows NT 10.0; WOW64) AppleWebKit/537.36 (KHTML, like Gecko) Chrome/56.0.2924.87 Safari/537.36"
62.178.213.181 - - [07/Mar/2017:18:15:11 +0100] "GET /gui/javascript/form_form.js?1488906911 HTTP/1.1" 200 16206 "http://ed.activities.at/entry.php?id=10271&&ser=906850" "Mozilla/5.0 (Windows NT 10.0; WOW64) AppleWebKit/537.36 (KHTML, like Gecko) Chrome/56.0.2924.87 Safari/537.36"
212.108.43.59 - - [07/Mar/2017:18:15:28 +0100] "GET /entry.php?id=10271&&ser=906868 HTTP/1.1" 200 986 "http://ed.activities.at/entry.php?id=10271&&ser=906807" "Mozilla/5.0 (Windows NT 10.0; Win64; x64) AppleWebKit/537.36 (KHTML, like Gecko) Chrome/56.0.2924.87 Safari/537.36"
212.108.43.59 - - [07/Mar/2017:18:15:28 +0100] "GET /gui/javascript/form_form.js?1488906928 HTTP/1.1" 200 16206 "http://ed.activities.at/entry.php?id=10271&&ser=906868" "Mozilla/5.0 (Windows NT 10.0; Win64; x64) AppleWebKit/537.36 (KHTML, like Gecko) Chrome/56.0.2924.87 Safari/537.36"
62.178.213.181 - - [07/Mar/2017:18:16:11 +0100] "GET /entry.php?id=10271&&ser=906911 HTTP/1.1" 200 985 "http://ed.activities.at/entry.php?id=10271&&ser=906850" "Mozilla/5.0 (Windows NT 10.0; WOW64) AppleWebKit/537.36 (KHTML, like Gecko) Chrome/56.0.2924.87 Safari/537.36"
62.178.213.181 - - [07/Mar/2017:18:16:11 +0100] "GET /gui/javascript/form_form.js?1488906971 HTTP/1.1" 200 16206 "http://ed.activities.at/entry.php?id=10271&&ser=906911" "Mozilla/5.0 (Windows NT 10.0; WOW64) AppleWebKit/537.36 (KHTML, like Gecko) Chrome/56.0.2924.87 Safari/537.36"
212.108.43.59 - - [07/Mar/2017:18:16:28 +0100] "GET /entry.php?id=10271&&ser=906928 HTTP/1.1" 200 985 "http://ed.activities.at/entry.php?id=10271&&ser=906868" "Mozilla/5.0 (Windows NT 10.0; Win64; x64) AppleWebKit/537.36 (KHTML, like Gecko) Chrome/56.0.2924.87 Safari/537.36"
212.108.43.59 - - [07/Mar/2017:18:16:28 +0100] "GET /gui/javascript/form_form.js?1488906988 HTTP/1.1" 200 16206 "http://ed.activities.at/entry.php?id=10271&&ser=906928" "Mozilla/5.0 (Windows NT 10.0; Win64; x64) AppleWebKit/537.36 (KHTML, like Gecko) Chrome/56.0.2924.87 Safari/537.36"
62.178.213.181 - - [07/Mar/2017:18:17:11 +0100] "GET /entry.php?id=10271&&ser=906971 HTTP/1.1" 200 986 "http://ed.activities.at/entry.php?id=10271&&ser=906911" "Mozilla/5.0 (Windows NT 10.0; WOW64) AppleWebKit/537.36 (KHTML, like Gecko) Chrome/56.0.2924.87 Safari/537.36"
62.178.213.181 - - [07/Mar/2017:18:17:11 +0100] "GET /gui/javascript/form_form.js?1488907031 HTTP/1.1" 200 16206 "http://ed.activities.at/entry.php?id=10271&&ser=906971" "Mozilla/5.0 (Windows NT 10.0; WOW64) AppleWebKit/537.36 (KHTML, like Gecko) Chrome/56.0.2924.87 Safari/537.36"
212.108.43.59 - - [07/Mar/2017:18:17:29 +0100] "GET /entry.php?id=10271&&ser=906988 HTTP/1.1" 200 986 "http://ed.activities.at/entry.php?id=10271&&ser=906928" "Mozilla/5.0 (Windows NT 10.0; Win64; x64) AppleWebKit/537.36 (KHTML, like Gecko) Chrome/56.0.2924.87 Safari/537.36"
212.108.43.59 - - [07/Mar/2017:18:17:29 +0100] "GET /gui/javascript/form_form.js?1488907049 HTTP/1.1" 200 16206 "http://ed.activities.at/entry.php?id=10271&&ser=906988" "Mozilla/5.0 (Windows NT 10.0; Win64; x64) AppleWebKit/537.36 (KHTML, like Gecko) Chrome/56.0.2924.87 Safari/537.36"
62.178.213.181 - - [07/Mar/2017:18:18:11 +0100] "GET /entry.php?id=10271&&ser=907031 HTTP/1.1" 200 986 "http://ed.activities.at/entry.php?id=10271&&ser=906971" "Mozilla/5.0 (Windows NT 10.0; WOW64) AppleWebKit/537.36 (KHTML, like Gecko) Chrome/56.0.2924.87 Safari/537.36"
62.178.213.181 - - [07/Mar/2017:18:18:12 +0100] "GET /gui/javascript/form_form.js?1488907092 HTTP/1.1" 200 16206 "http://ed.activities.at/entry.php?id=10271&&ser=907031" "Mozilla/5.0 (Windows NT 10.0; WOW64) AppleWebKit/537.36 (KHTML, like Gecko) Chrome/56.0.2924.87 Safari/537.36"
212.108.43.59 - - [07/Mar/2017:18:18:29 +0100] "GET /entry.php?id=10271&&ser=907049 HTTP/1.1" 200 986 "http://ed.activities.at/entry.php?id=10271&&ser=906988" "Mozilla/5.0 (Windows NT 10.0; Win64; x64) AppleWebKit/537.36 (KHTML, like Gecko) Chrome/56.0.2924.87 Safari/537.36"
212.108.43.59 - - [07/Mar/2017:18:18:29 +0100] "GET /gui/javascript/form_form.js?1488907109 HTTP/1.1" 200 16206 "http://ed.activities.at/entry.php?id=10271&&ser=907049" "Mozilla/5.0 (Windows NT 10.0; Win64; x64) AppleWebKit/537.36 (KHTML, like Gecko) Chrome/56.0.2924.87 Safari/537.36"
62.178.213.181 - - [07/Mar/2017:18:19:12 +0100] "GET /entry.php?id=10271&&ser=907092 HTTP/1.1" 200 986 "http://ed.activities.at/entry.php?id=10271&&ser=907031" "Mozilla/5.0 (Windows NT 10.0; WOW64) AppleWebKit/537.36 (KHTML, like Gecko) Chrome/56.0.2924.87 Safari/537.36"
62.178.213.181 - - [07/Mar/2017:18:19:12 +0100] "GET /gui/javascript/form_form.js?1488907152 HTTP/1.1" 200 16206 "http://ed.activities.at/entry.php?id=10271&&ser=907092" "Mozilla/5.0 (Windows NT 10.0; WOW64) AppleWebKit/537.36 (KHTML, like Gecko) Chrome/56.0.2924.87 Safari/537.36"
212.108.43.59 - - [07/Mar/2017:18:19:29 +0100] "GET /entry.php?id=10271&&ser=907109 HTTP/1.1" 200 986 "http://ed.activities.at/entry.php?id=10271&&ser=907049" "Mozilla/5.0 (Windows NT 10.0; Win64; x64) AppleWebKit/537.36 (KHTML, like Gecko) Chrome/56.0.2924.87 Safari/537.36"
212.108.43.59 - - [07/Mar/2017:18:19:30 +0100] "GET /gui/javascript/form_form.js?1488907170 HTTP/1.1" 200 16206 "http://ed.activities.at/entry.php?id=10271&&ser=907109" "Mozilla/5.0 (Windows NT 10.0; Win64; x64) AppleWebKit/537.36 (KHTML, like Gecko) Chrome/56.0.2924.87 Safari/537.36"
62.178.213.181 - - [07/Mar/2017:18:20:12 +0100] "GET /entry.php?id=10271&&ser=907152 HTTP/1.1" 200 986 "http://ed.activities.at/entry.php?id=10271&&ser=907092" "Mozilla/5.0 (Windows NT 10.0; WOW64) AppleWebKit/537.36 (KHTML, like Gecko) Chrome/56.0.2924.87 Safari/537.36"
62.178.213.181 - - [07/Mar/2017:18:20:12 +0100] "GET /gui/javascript/form_form.js?1488907212 HTTP/1.1" 200 16206 "http://ed.activities.at/entry.php?id=10271&&ser=907152" "Mozilla/5.0 (Windows NT 10.0; WOW64) AppleWebKit/537.36 (KHTML, like Gecko) Chrome/56.0.2924.87 Safari/537.36"
212.108.43.59 - - [07/Mar/2017:18:20:30 +0100] "GET /entry.php?id=10271&&ser=907170 HTTP/1.1" 200 986 "http://ed.activities.at/entry.php?id=10271&&ser=907109" "Mozilla/5.0 (Windows NT 10.0; Win64; x64) AppleWebKit/537.36 (KHTML, like Gecko) Chrome/56.0.2924.87 Safari/537.36"
212.108.43.59 - - [07/Mar/2017:18:20:30 +0100] "GET /gui/javascript/form_form.js?1488907230 HTTP/1.1" 200 16206 "http://ed.activities.at/entry.php?id=10271&&ser=907170" "Mozilla/5.0 (Windows NT 10.0; Win64; x64) AppleWebKit/537.36 (KHTML, like Gecko) Chrome/56.0.2924.87 Safari/537.36"
62.178.213.181 - - [07/Mar/2017:18:21:12 +0100] "GET /entry.php?id=10271&&ser=907212 HTTP/1.1" 200 987 "http://ed.activities.at/entry.php?id=10271&&ser=907152" "Mozilla/5.0 (Windows NT 10.0; WOW64) AppleWebKit/537.36 (KHTML, like Gecko) Chrome/56.0.2924.87 Safari/537.36"
62.178.213.181 - - [07/Mar/2017:18:21:13 +0100] "GET /gui/javascript/form_form.js?1488907273 HTTP/1.1" 200 16206 "http://ed.activities.at/entry.php?id=10271&&ser=907212" "Mozilla/5.0 (Windows NT 10.0; WOW64) AppleWebKit/537.36 (KHTML, like Gecko) Chrome/56.0.2924.87 Safari/537.36"
212.108.43.59 - - [07/Mar/2017:18:21:30 +0100] "GET /entry.php?id=10271&&ser=907230 HTTP/1.1" 200 986 "http://ed.activities.at/entry.php?id=10271&&ser=907170" "Mozilla/5.0 (Windows NT 10.0; Win64; x64) AppleWebKit/537.36 (KHTML, like Gecko) Chrome/56.0.2924.87 Safari/537.36"
212.108.43.59 - - [07/Mar/2017:18:21:30 +0100] "GET /gui/javascript/form_form.js?1488907290 HTTP/1.1" 200 16206 "http://ed.activities.at/entry.php?id=10271&&ser=907230" "Mozilla/5.0 (Windows NT 10.0; Win64; x64) AppleWebKit/537.36 (KHTML, like Gecko) Chrome/56.0.2924.87 Safari/537.36"
62.178.213.181 - - [07/Mar/2017:18:22:13 +0100] "GET /entry.php?id=10271&&ser=907273 HTTP/1.1" 200 987 "http://ed.activities.at/entry.php?id=10271&&ser=907212" "Mozilla/5.0 (Windows NT 10.0; WOW64) AppleWebKit/537.36 (KHTML, like Gecko) Chrome/56.0.2924.87 Safari/537.36"
62.178.213.181 - - [07/Mar/2017:18:22:13 +0100] "GET /gui/javascript/form_form.js?1488907333 HTTP/1.1" 200 16206 "http://ed.activities.at/entry.php?id=10271&&ser=907273" "Mozilla/5.0 (Windows NT 10.0; WOW64) AppleWebKit/537.36 (KHTML, like Gecko) Chrome/56.0.2924.87 Safari/537.36"
212.108.43.59 - - [07/Mar/2017:18:22:31 +0100] "GET /entry.php?id=10271&&ser=907290 HTTP/1.1" 200 986 "http://ed.activities.at/entry.php?id=10271&&ser=907230" "Mozilla/5.0 (Windows NT 10.0; Win64; x64) AppleWebKit/537.36 (KHTML, like Gecko) Chrome/56.0.2924.87 Safari/537.36"
212.108.43.59 - - [07/Mar/2017:18:22:31 +0100] "GET /gui/javascript/form_form.js?1488907351 HTTP/1.1" 200 16206 "http://ed.activities.at/entry.php?id=10271&&ser=907290" "Mozilla/5.0 (Windows NT 10.0; Win64; x64) AppleWebKit/537.36 (KHTML, like Gecko) Chrome/56.0.2924.87 Safari/537.36"
62.178.213.181 - - [07/Mar/2017:18:23:13 +0100] "GET /entry.php?id=10271&&ser=907333 HTTP/1.1" 200 987 "http://ed.activities.at/entry.php?id=10271&&ser=907273" "Mozilla/5.0 (Windows NT 10.0; WOW64) AppleWebKit/537.36 (KHTML, like Gecko) Chrome/56.0.2924.87 Safari/537.36"
62.178.213.181 - - [07/Mar/2017:18:23:13 +0100] "GET /gui/javascript/form_form.js?1488907393 HTTP/1.1" 200 16206 "http://ed.activities.at/entry.php?id=10271&&ser=907333" "Mozilla/5.0 (Windows NT 10.0; WOW64) AppleWebKit/537.36 (KHTML, like Gecko) Chrome/56.0.2924.87 Safari/537.36"
212.108.43.59 - - [07/Mar/2017:18:23:31 +0100] "GET /entry.php?id=10271&&ser=907351 HTTP/1.1" 200 986 "http://ed.activities.at/entry.php?id=10271&&ser=907290" "Mozilla/5.0 (Windows NT 10.0; Win64; x64) AppleWebKit/537.36 (KHTML, like Gecko) Chrome/56.0.2924.87 Safari/537.36"
212.108.43.59 - - [07/Mar/2017:18:23:31 +0100] "GET /gui/javascript/form_form.js?1488907411 HTTP/1.1" 200 16206 "http://ed.activities.at/entry.php?id=10271&&ser=907351" "Mozilla/5.0 (Windows NT 10.0; Win64; x64) AppleWebKit/537.36 (KHTML, like Gecko) Chrome/56.0.2924.87 Safari/537.36"
62.178.213.181 - - [07/Mar/2017:18:24:13 +0100] "GET /entry.php?id=10271&&ser=907393 HTTP/1.1" 200 987 "http://ed.activities.at/entry.php?id=10271&&ser=907333" "Mozilla/5.0 (Windows NT 10.0; WOW64) AppleWebKit/537.36 (KHTML, like Gecko) Chrome/56.0.2924.87 Safari/537.36"
62.178.213.181 - - [07/Mar/2017:18:24:14 +0100] "GET /gui/javascript/form_form.js?1488907454 HTTP/1.1" 200 16206 "http://ed.activities.at/entry.php?id=10271&&ser=907393" "Mozilla/5.0 (Windows NT 10.0; WOW64) AppleWebKit/537.36 (KHTML, like Gecko) Chrome/56.0.2924.87 Safari/537.36"
212.108.43.59 - - [07/Mar/2017:18:24:31 +0100] "GET /entry.php?id=10271&&ser=907411 HTTP/1.1" 200 986 "http://ed.activities.at/entry.php?id=10271&&ser=907351" "Mozilla/5.0 (Windows NT 10.0; Win64; x64) AppleWebKit/537.36 (KHTML, like Gecko) Chrome/56.0.2924.87 Safari/537.36"
212.108.43.59 - - [07/Mar/2017:18:24:31 +0100] "GET /gui/javascript/form_form.js?1488907471 HTTP/1.1" 200 16206 "http://ed.activities.at/entry.php?id=10271&&ser=907411" "Mozilla/5.0 (Windows NT 10.0; Win64; x64) AppleWebKit/537.36 (KHTML, like Gecko) Chrome/56.0.2924.87 Safari/537.36"
62.178.213.181 - - [07/Mar/2017:18:25:11 +0100] "GET /entry.php?id=10711&chooserview=PinEditimages&view=PinEditimages HTTP/1.1" 200 1719 "http://ed.activities.at/entry.php?id=11684" "Mozilla/5.0 (Windows NT 10.0; WOW64) AppleWebKit/537.36 (KHTML, like Gecko) Chrome/56.0.2924.87 Safari/537.36"
62.178.213.181 - - [07/Mar/2017:18:25:11 +0100] "GET /gui/javascript/form_form.js?1488907511 HTTP/1.1" 200 16206 "http://ed.activities.at/entry.php?id=10711&chooserview=PinEditimages&view=PinEditimages" "Mozilla/5.0 (Windows NT 10.0; WOW64) AppleWebKit/537.36 (KHTML, like Gecko) Chrome/56.0.2924.87 Safari/537.36"
62.178.213.181 - - [07/Mar/2017:18:25:12 +0100] "GET /entry.php?id=10676&title=Ressourcenverwaltung HTTP/1.1" 200 1395 "http://ed.activities.at/entry.php?id=10711&chooserview=PinEditimages&view=PinEditimages" "Mozilla/5.0 (Windows NT 10.0; WOW64) AppleWebKit/537.36 (KHTML, like Gecko) Chrome/56.0.2924.87 Safari/537.36"
62.178.213.181 - - [07/Mar/2017:18:25:12 +0100] "GET /gui/javascript/form_form.js?1488907512 HTTP/1.1" 200 16206 "http://ed.activities.at/entry.php?id=10676&title=Ressourcenverwaltung" "Mozilla/5.0 (Windows NT 10.0; WOW64) AppleWebKit/537.36 (KHTML, like Gecko) Chrome/56.0.2924.87 Safari/537.36"
62.178.213.181 - - [07/Mar/2017:18:25:12 +0100] "GET /entry.php?id=10703&&but=&object=&class=&tag=&value=&chooserview=PinEditimages&function=&setlist=&t_width=&t_height=&view=PinEditimages HTTP/1.1" 200 3302 "http://ed.activities.at/entry.php?id=10711&chooserview=PinEditimages&view=PinEditimages" "Mozilla/5.0 (Windows NT 10.0; WOW64) AppleWebKit/537.36 (KHTML, like Gecko) Chrome/56.0.2924.87 Safari/537.36"
62.178.213.181 - - [07/Mar/2017:18:25:12 +0100] "GET /activities/framework/KoolControls/KoolAjax/koolajax.php?8436e354c842500aba3cbaf0584c0c24 HTTP/1.1" 200 4079 "http://ed.activities.at/entry.php?id=10703&&but=&object=&class=&tag=&value=&chooserview=PinEditimages&function=&setlist=&t_width=&t_height=&view=PinEditimages" "Mozilla/5.0 (Windows NT 10.0; WOW64) AppleWebKit/537.36 (KHTML, like Gecko) Chrome/56.0.2924.87 Safari/537.36"
62.178.213.181 - - [07/Mar/2017:18:25:12 +0100] "GET /activities/framework/KoolControls/KoolTreeView/kooltreeview.php?c7cd9180e88ffef8e70f13526bb4f5f7 HTTP/1.1" 200 5055 "http://ed.activities.at/entry.php?id=10703&&but=&object=&class=&tag=&value=&chooserview=PinEditimages&function=&setlist=&t_width=&t_height=&view=PinEditimages" "Mozilla/5.0 (Windows NT 10.0; WOW64) AppleWebKit/537.36 (KHTML, like Gecko) Chrome/56.0.2924.87 Safari/537.36"
62.178.213.181 - - [07/Mar/2017:18:25:12 +0100] "GET /entry.php?id=10704&&but=&object=&class=&tag=&value=&chooserview=PinEditimages&function=&setlist=&t_width=&t_height=&view=PinEditimages HTTP/1.1" 200 2991 "http://ed.activities.at/entry.php?id=10711&chooserview=PinEditimages&view=PinEditimages" "Mozilla/5.0 (Windows NT 10.0; WOW64) AppleWebKit/537.36 (KHTML, like Gecko) Chrome/56.0.2924.87 Safari/537.36"
62.178.213.181 - - [07/Mar/2017:18:25:12 +0100] "GET /entry.php?id=10778&form=10549&name=list& HTTP/1.1" 200 7272 "http://ed.activities.at/entry.php?id=10704&&but=&object=&class=&tag=&value=&chooserview=PinEditimages&function=&setlist=&t_width=&t_height=&view=PinEditimages" "Mozilla/5.0 (Windows NT 10.0; WOW64) AppleWebKit/537.36 (KHTML, like Gecko) Chrome/56.0.2924.87 Safari/537.36"
62.178.213.181 - - [07/Mar/2017:18:25:13 +0100] "GET /cache/emu/images/easy-drivers-portal10288032/20160825fluechtlingsprojektwien-045jpg_16_11_0.jpg HTTP/1.1" 304 - "http://ed.activities.at/entry.php?id=10778&form=10549&name=list&" "Mozilla/5.0 (Windows NT 10.0; WOW64) AppleWebKit/537.36 (KHTML, like Gecko) Chrome/56.0.2924.87 Safari/537.36"
62.178.213.181 - - [07/Mar/2017:18:25:13 +0100] "GET /cache/emu/images/easy-drivers-portal10288035/polizei-logojpg_16_2_0.jpg HTTP/1.1" 304 - "http://ed.activities.at/entry.php?id=10778&form=10549&name=list&" "Mozilla/5.0 (Windows NT 10.0; WOW64) AppleWebKit/537.36 (KHTML, like Gecko) Chrome/56.0.2924.87 Safari/537.36"
62.178.213.181 - - [07/Mar/2017:18:25:13 +0100] "GET /cache/emu/images/easy-drivers-portal10288034/oejrk-logojpg_16_2_0.jpg HTTP/1.1" 304 - "http://ed.activities.at/entry.php?id=10778&form=10549&name=list&" "Mozilla/5.0 (Windows NT 10.0; WOW64) AppleWebKit/537.36 (KHTML, like Gecko) Chrome/56.0.2924.87 Safari/537.36"
62.178.213.181 - - [07/Mar/2017:18:25:13 +0100] "GET /cache/emu/images/easy-drivers-portal10288033/caritas-logojpg_16_2_0.jpg HTTP/1.1" 304 - "http://ed.activities.at/entry.php?id=10778&form=10549&name=list&" "Mozilla/5.0 (Windows NT 10.0; WOW64) AppleWebKit/537.36 (KHTML, like Gecko) Chrome/56.0.2924.87 Safari/537.36"
62.178.213.181 - - [07/Mar/2017:18:25:13 +0100] "GET /cache/emu/images/easy-drivers-portal10287335/bianca-roth-bearbeitetjpg_16_16_0.jpg HTTP/1.1" 304 - "http://ed.activities.at/entry.php?id=10778&form=10549&name=list&" "Mozilla/5.0 (Windows NT 10.0; WOW64) AppleWebKit/537.36 (KHTML, like Gecko) Chrome/56.0.2924.87 Safari/537.36"
62.178.213.181 - - [07/Mar/2017:18:25:13 +0100] "GET /cache/emu/images/easy-drivers-portal10286909/3jpg_16_11_0.jpg HTTP/1.1" 304 - "http://ed.activities.at/entry.php?id=10778&form=10549&name=list&" "Mozilla/5.0 (Windows NT 10.0; WOW64) AppleWebKit/537.36 (KHTML, like Gecko) Chrome/56.0.2924.87 Safari/537.36"
62.178.213.181 - - [07/Mar/2017:18:25:13 +0100] "GET /cache/emu/images/easy-drivers-portal10286494/nkfrueh17800jpg_11_16_0.jpg HTTP/1.1" 304 - "http://ed.activities.at/entry.php?id=10778&form=10549&name=list&" "Mozilla/5.0 (Windows NT 10.0; WOW64) AppleWebKit/537.36 (KHTML, like Gecko) Chrome/56.0.2924.87 Safari/537.36"
62.178.213.181 - - [07/Mar/2017:18:25:13 +0100] "GET /cache/emu/images/easy-drivers-portal10286912/3ajpg_16_11_0.jpg HTTP/1.1" 304 - "http://ed.activities.at/entry.php?id=10778&form=10549&name=list&" "Mozilla/5.0 (Windows NT 10.0; WOW64) AppleWebKit/537.36 (KHTML, like Gecko) Chrome/56.0.2924.87 Safari/537.36"
62.178.213.181 - - [07/Mar/2017:18:25:13 +0100] "GET /cache/emu/images/easy-drivers-portal10286496/krfrueh17800jpg_11_16_0.jpg HTTP/1.1" 304 - "http://ed.activities.at/entry.php?id=10778&form=10549&name=list&" "Mozilla/5.0 (Windows NT 10.0; WOW64) AppleWebKit/537.36 (KHTML, like Gecko) Chrome/56.0.2924.87 Safari/537.36"
62.178.213.181 - - [07/Mar/2017:18:25:13 +0100] "GET /cache/emu/images/easy-drivers-portal10286492/krfrueh17800jpg_11_16_0.jpg HTTP/1.1" 304 - "http://ed.activities.at/entry.php?id=10778&form=10549&name=list&" "Mozilla/5.0 (Windows NT 10.0; WOW64) AppleWebKit/537.36 (KHTML, like Gecko) Chrome/56.0.2924.87 Safari/537.36"
62.178.213.181 - - [07/Mar/2017:18:25:13 +0100] "GET /cache/emu/images/easy-drivers-portal10286493/krfrueh17800jpg_11_16_0.jpg HTTP/1.1" 304 - "http://ed.activities.at/entry.php?id=10778&form=10549&name=list&" "Mozilla/5.0 (Windows NT 10.0; WOW64) AppleWebKit/537.36 (KHTML, like Gecko) Chrome/56.0.2924.87 Safari/537.36"
62.178.213.181 - - [07/Mar/2017:18:25:13 +0100] "GET /cache/emu/images/easy-drivers-portal10286491/nkfrueh17800jpg_11_16_0.jpg HTTP/1.1" 304 - "http://ed.activities.at/entry.php?id=10778&form=10549&name=list&" "Mozilla/5.0 (Windows NT 10.0; WOW64) AppleWebKit/537.36 (KHTML, like Gecko) Chrome/56.0.2924.87 Safari/537.36"
62.178.213.181 - - [07/Mar/2017:18:25:13 +0100] "GET /cache/emu/images/easy-drivers-portal10286490/krfrueh17800jpg_11_16_0.jpg HTTP/1.1" 304 - "http://ed.activities.at/entry.php?id=10778&form=10549&name=list&" "Mozilla/5.0 (Windows NT 10.0; WOW64) AppleWebKit/537.36 (KHTML, like Gecko) Chrome/56.0.2924.87 Safari/537.36"
62.178.213.181 - - [07/Mar/2017:18:25:13 +0100] "GET /cache/emu/images/easy-drivers-portal10286495/nkfrueh17800jpg_11_16_0.jpg HTTP/1.1" 304 - "http://ed.activities.at/entry.php?id=10778&form=10549&name=list&" "Mozilla/5.0 (Windows NT 10.0; WOW64) AppleWebKit/537.36 (KHTML, like Gecko) Chrome/56.0.2924.87 Safari/537.36"
62.178.213.181 - - [07/Mar/2017:18:25:12 +0100] "GET /entry.php?id=10776&form=10549&name=list& HTTP/1.1" 200 1610 "http://ed.activities.at/entry.php?id=10704&&but=&object=&class=&tag=&value=&chooserview=PinEditimages&function=&setlist=&t_width=&t_height=&view=PinEditimages" "Mozilla/5.0 (Windows NT 10.0; WOW64) AppleWebKit/537.36 (KHTML, like Gecko) Chrome/56.0.2924.87 Safari/537.36"
62.178.213.181 - - [07/Mar/2017:18:25:13 +0100] "GET /cache/emu/images/easy-drivers-portal10286445/partnerair-stylejpg_16_11_0.jpg HTTP/1.1" 304 - "http://ed.activities.at/entry.php?id=10778&form=10549&name=list&" "Mozilla/5.0 (Windows NT 10.0; WOW64) AppleWebKit/537.36 (KHTML, like Gecko) Chrome/56.0.2924.87 Safari/537.36"
62.178.213.181 - - [07/Mar/2017:18:25:12 +0100] "GET /entry.php?id=10777&form=10549&name=list& HTTP/1.1" 200 1340 "http://ed.activities.at/entry.php?id=10704&&but=&object=&class=&tag=&value=&chooserview=PinEditimages&function=&setlist=&t_width=&t_height=&view=PinEditimages" "Mozilla/5.0 (Windows NT 10.0; WOW64) AppleWebKit/537.36 (KHTML, like Gecko) Chrome/56.0.2924.87 Safari/537.36"
62.178.213.181 - - [07/Mar/2017:18:25:14 +0100] "GET /entry.php?id=10271&&ser=907454 HTTP/1.1" 200 986 "http://ed.activities.at/entry.php?id=10271&&ser=907393" "Mozilla/5.0 (Windows NT 10.0; WOW64) AppleWebKit/537.36 (KHTML, like Gecko) Chrome/56.0.2924.87 Safari/537.36"
62.178.213.181 - - [07/Mar/2017:18:25:14 +0100] "GET /gui/javascript/form_form.js?1488907514 HTTP/1.1" 200 16206 "http://ed.activities.at/entry.php?id=10271&&ser=907454" "Mozilla/5.0 (Windows NT 10.0; WOW64) AppleWebKit/537.36 (KHTML, like Gecko) Chrome/56.0.2924.87 Safari/537.36"
