90.152.128.107 - - [14/Mar/2017:15:17:58 +0100] "GET /entry.php?id=10778&form=10605&name=list& HTTP/1.1" 200 3766 "http://ed.activities.at/entry.php?id=10760&&hiddetitle=1&object=10225367&disablechange=" "Mozilla/5.0 (Windows NT 10.0; WOW64; rv:51.0) Gecko/20100101 Firefox/51.0"
90.152.128.107 - - [14/Mar/2017:15:17:58 +0100] "GET /gui/javascript/form_form.js?1489501078 HTTP/1.1" 200 16206 "http://ed.activities.at/entry.php?id=10683" "Mozilla/5.0 (Windows NT 10.0; WOW64; rv:51.0) Gecko/20100101 Firefox/51.0"
90.152.128.107 - - [14/Mar/2017:15:18:01 +0100] "POST /entry.php?id=11668 HTTP/1.1" 200 2276 "http://ed.activities.at/entry.php?id=11668" "Mozilla/5.0 (Windows NT 10.0; WOW64; rv:51.0) Gecko/20100101 Firefox/51.0"
90.152.128.107 - - [14/Mar/2017:15:18:02 +0100] "GET /gui/javascript/form_form.js?1489501082 HTTP/1.1" 200 16206 "http://ed.activities.at/entry.php?id=11668" "Mozilla/5.0 (Windows NT 10.0; WOW64; rv:51.0) Gecko/20100101 Firefox/51.0"
90.152.128.107 - - [14/Mar/2017:15:18:02 +0100] "GET /entry.php?id=10760&&hiddetitle=1&object=10246068&disablechange= HTTP/1.1" 200 2233 "http://ed.activities.at/entry.php?id=11668" "Mozilla/5.0 (Windows NT 10.0; WOW64; rv:51.0) Gecko/20100101 Firefox/51.0"
80.123.96.46 - - [14/Mar/2017:15:18:02 +0100] "GET /framework/icons/rowselect.gif HTTP/1.1" 200 67 "http://ed.activities.at/entry.php?id=10778&form=11497&name=list&" "Mozilla/5.0 (Windows NT 6.1; WOW64; Trident/7.0; rv:11.0) like Gecko"
90.152.128.107 - - [14/Mar/2017:15:18:02 +0100] "GET /entry.php?id=10776&form=10605&name=list& HTTP/1.1" 200 1689 "http://ed.activities.at/entry.php?id=10760&&hiddetitle=1&object=10246068&disablechange=" "Mozilla/5.0 (Windows NT 10.0; WOW64; rv:51.0) Gecko/20100101 Firefox/51.0"
90.152.128.107 - - [14/Mar/2017:15:18:02 +0100] "GET /entry.php?id=10778&form=10605&name=list& HTTP/1.1" 200 2624 "http://ed.activities.at/entry.php?id=10760&&hiddetitle=1&object=10246068&disablechange=" "Mozilla/5.0 (Windows NT 10.0; WOW64; rv:51.0) Gecko/20100101 Firefox/51.0"
90.152.128.107 - - [14/Mar/2017:15:18:02 +0100] "GET /entry.php?id=10683 HTTP/1.1" 200 1435 "http://ed.activities.at/entry.php?id=10760&&hiddetitle=1&object=10246068&disablechange=" "Mozilla/5.0 (Windows NT 10.0; WOW64; rv:51.0) Gecko/20100101 Firefox/51.0"
90.152.128.107 - - [14/Mar/2017:15:18:03 +0100] "GET /gui/javascript/form_form.js?1489501083 HTTP/1.1" 200 16206 "http://ed.activities.at/entry.php?id=10683" "Mozilla/5.0 (Windows NT 10.0; WOW64; rv:51.0) Gecko/20100101 Firefox/51.0"
80.123.96.46 - - [14/Mar/2017:15:18:02 +0100] "POST /entry.php?id=11671 HTTP/1.1" 200 4924 "http://ed.activities.at/entry.php?id=11671" "Mozilla/5.0 (Windows NT 6.1; WOW64; Trident/7.0; rv:11.0) like Gecko"
80.123.96.46 - - [14/Mar/2017:15:18:03 +0100] "GET /gui/javascript/form_form.js?1489501083 HTTP/1.1" 200 16206 "http://ed.activities.at/entry.php?id=11671" "Mozilla/5.0 (Windows NT 6.1; WOW64; Trident/7.0; rv:11.0) like Gecko"
80.123.96.46 - - [14/Mar/2017:15:18:03 +0100] "GET /entry.php?id=10776&form=11496&name=list& HTTP/1.1" 200 1519 "http://ed.activities.at/entry.php?id=11671" "Mozilla/5.0 (Windows NT 6.1; WOW64; Trident/7.0; rv:11.0) like Gecko"
80.123.96.46 - - [14/Mar/2017:15:18:03 +0100] "GET /entry.php?id=10778&form=11496&name=list& HTTP/1.1" 200 5579 "http://ed.activities.at/entry.php?id=11671" "Mozilla/5.0 (Windows NT 6.1; WOW64; Trident/7.0; rv:11.0) like Gecko"
90.152.128.107 - - [14/Mar/2017:15:18:05 +0100] "POST /entry.php?id=11668 HTTP/1.1" 200 2278 "http://ed.activities.at/entry.php?id=11668" "Mozilla/5.0 (Windows NT 10.0; WOW64; rv:51.0) Gecko/20100101 Firefox/51.0"
90.152.128.107 - - [14/Mar/2017:15:18:05 +0100] "GET /gui/javascript/form_form.js?1489501085 HTTP/1.1" 200 16206 "http://ed.activities.at/entry.php?id=11668" "Mozilla/5.0 (Windows NT 10.0; WOW64; rv:51.0) Gecko/20100101 Firefox/51.0"
90.152.128.107 - - [14/Mar/2017:15:18:05 +0100] "GET /entry.php?id=11375&object=10247270&chooser=true HTTP/1.1" 200 3214 "http://ed.activities.at/entry.php?id=10778&form=11494&name=list&" "Mozilla/5.0 (Windows NT 10.0; WOW64; rv:51.0) Gecko/20100101 Firefox/51.0"
90.152.128.107 - - [14/Mar/2017:15:18:06 +0100] "GET /gui/javascript/form_form.js?1489501086 HTTP/1.1" 200 16206 "http://ed.activities.at/entry.php?id=11375&object=10247270&chooser=true" "Mozilla/5.0 (Windows NT 10.0; WOW64; rv:51.0) Gecko/20100101 Firefox/51.0"
90.152.128.107 - - [14/Mar/2017:15:18:06 +0100] "GET /entry.php?id=10760&&hiddetitle=1&object=10247270&disablechange= HTTP/1.1" 200 2235 "http://ed.activities.at/entry.php?id=11668" "Mozilla/5.0 (Windows NT 10.0; WOW64; rv:51.0) Gecko/20100101 Firefox/51.0"
90.152.128.107 - - [14/Mar/2017:15:18:06 +0100] "GET /entry.php?id=10778&form=11200&name=list& HTTP/1.1" 200 6942 "http://ed.activities.at/entry.php?id=11375&object=10247270&chooser=true" "Mozilla/5.0 (Windows NT 10.0; WOW64; rv:51.0) Gecko/20100101 Firefox/51.0"
90.152.128.107 - - [14/Mar/2017:15:18:06 +0100] "GET /entry.php?id=10776&form=11200&name=list& HTTP/1.1" 200 1353 "http://ed.activities.at/entry.php?id=11375&object=10247270&chooser=true" "Mozilla/5.0 (Windows NT 10.0; WOW64; rv:51.0) Gecko/20100101 Firefox/51.0"
80.123.96.46 - - [14/Mar/2017:15:18:07 +0100] "POST /entry.php?id=11671 HTTP/1.1" 200 3348 "http://ed.activities.at/entry.php?id=11671" "Mozilla/5.0 (Windows NT 6.1; WOW64; Trident/7.0; rv:11.0) like Gecko"
80.123.96.46 - - [14/Mar/2017:15:18:07 +0100] "GET /framework/webfx/javascript/tinymce/tinyEdit.js HTTP/1.1" 200 1251 "http://ed.activities.at/entry.php?id=11671" "Mozilla/5.0 (Windows NT 6.1; WOW64; Trident/7.0; rv:11.0) like Gecko"
80.123.96.46 - - [14/Mar/2017:15:18:07 +0100] "GET /gui/javascript/form_form.js?1489501087 HTTP/1.1" 200 16206 "http://ed.activities.at/entry.php?id=11671" "Mozilla/5.0 (Windows NT 6.1; WOW64; Trident/7.0; rv:11.0) like Gecko"
90.152.128.107 - - [14/Mar/2017:15:18:07 +0100] "GET /entry.php?id=10778&form=10605&name=list& HTTP/1.1" 200 3769 "http://ed.activities.at/entry.php?id=10760&&hiddetitle=1&object=10247270&disablechange=" "Mozilla/5.0 (Windows NT 10.0; WOW64; rv:51.0) Gecko/20100101 Firefox/51.0"
80.123.96.46 - - [14/Mar/2017:15:18:07 +0100] "GET /framework/webfx/javascript/tinymce/tinymce.min.js HTTP/1.1" 200 101898 "http://ed.activities.at/entry.php?id=11671" "Mozilla/5.0 (Windows NT 6.1; WOW64; Trident/7.0; rv:11.0) like Gecko"
90.152.128.107 - - [14/Mar/2017:15:18:07 +0100] "GET /entry.php?id=10776&form=10605&name=list& HTTP/1.1" 200 1693 "http://ed.activities.at/entry.php?id=10760&&hiddetitle=1&object=10247270&disablechange=" "Mozilla/5.0 (Windows NT 10.0; WOW64; rv:51.0) Gecko/20100101 Firefox/51.0"
90.152.128.107 - - [14/Mar/2017:15:18:07 +0100] "GET /entry.php?id=10683 HTTP/1.1" 200 1434 "http://ed.activities.at/entry.php?id=10760&&hiddetitle=1&object=10247270&disablechange=" "Mozilla/5.0 (Windows NT 10.0; WOW64; rv:51.0) Gecko/20100101 Firefox/51.0"
80.123.96.46 - - [14/Mar/2017:15:18:07 +0100] "GET /framework/webfx/javascript/tinymce/themes/modern/theme.min.js HTTP/1.1" 200 2636 "http://ed.activities.at/entry.php?id=11671" "Mozilla/5.0 (Windows NT 6.1; WOW64; Trident/7.0; rv:11.0) like Gecko"
80.123.96.46 - - [14/Mar/2017:15:18:07 +0100] "GET /framework/webfx/javascript/tinymce/langs/de.js HTTP/1.1" 200 3001 "http://ed.activities.at/entry.php?id=11671" "Mozilla/5.0 (Windows NT 6.1; WOW64; Trident/7.0; rv:11.0) like Gecko"
80.123.96.46 - - [14/Mar/2017:15:18:07 +0100] "GET /framework/webfx/javascript/tinymce/plugins/advlist/plugin.min.js HTTP/1.1" 200 613 "http://ed.activities.at/entry.php?id=11671" "Mozilla/5.0 (Windows NT 6.1; WOW64; Trident/7.0; rv:11.0) like Gecko"
80.123.96.46 - - [14/Mar/2017:15:18:07 +0100] "GET /framework/webfx/javascript/tinymce/plugins/preview/plugin.min.js HTTP/1.1" 200 734 "http://ed.activities.at/entry.php?id=11671" "Mozilla/5.0 (Windows NT 6.1; WOW64; Trident/7.0; rv:11.0) like Gecko"
80.123.96.46 - - [14/Mar/2017:15:18:07 +0100] "GET /framework/webfx/javascript/tinymce/plugins/lists/plugin.min.js HTTP/1.1" 200 2642 "http://ed.activities.at/entry.php?id=11671" "Mozilla/5.0 (Windows NT 6.1; WOW64; Trident/7.0; rv:11.0) like Gecko"
80.123.96.46 - - [14/Mar/2017:15:18:07 +0100] "GET /framework/webfx/javascript/tinymce/plugins/hr/plugin.min.js HTTP/1.1" 200 191 "http://ed.activities.at/entry.php?id=11671" "Mozilla/5.0 (Windows NT 6.1; WOW64; Trident/7.0; rv:11.0) like Gecko"
80.123.96.46 - - [14/Mar/2017:15:18:08 +0100] "GET /framework/webfx/javascript/tinymce/plugins/anchor/plugin.min.js HTTP/1.1" 200 338 "http://ed.activities.at/entry.php?id=11671" "Mozilla/5.0 (Windows NT 6.1; WOW64; Trident/7.0; rv:11.0) like Gecko"
80.123.96.46 - - [14/Mar/2017:15:18:08 +0100] "GET /framework/webfx/javascript/tinymce/plugins/pagebreak/plugin.min.js HTTP/1.1" 200 636 "http://ed.activities.at/entry.php?id=11671" "Mozilla/5.0 (Windows NT 6.1; WOW64; Trident/7.0; rv:11.0) like Gecko"
80.123.96.46 - - [14/Mar/2017:15:18:08 +0100] "GET /framework/webfx/javascript/tinymce/plugins/searchreplace/plugin.min.js HTTP/1.1" 200 2568 "http://ed.activities.at/entry.php?id=11671" "Mozilla/5.0 (Windows NT 6.1; WOW64; Trident/7.0; rv:11.0) like Gecko"
80.123.96.46 - - [14/Mar/2017:15:18:08 +0100] "GET /framework/webfx/javascript/tinymce/plugins/wordcount/plugin.min.js HTTP/1.1" 200 524 "http://ed.activities.at/entry.php?id=11671" "Mozilla/5.0 (Windows NT 6.1; WOW64; Trident/7.0; rv:11.0) like Gecko"
80.123.96.46 - - [14/Mar/2017:15:18:08 +0100] "GET /framework/webfx/javascript/tinymce/plugins/visualblocks/plugin.min.js HTTP/1.1" 200 523 "http://ed.activities.at/entry.php?id=11671" "Mozilla/5.0 (Windows NT 6.1; WOW64; Trident/7.0; rv:11.0) like Gecko"
80.123.96.46 - - [14/Mar/2017:15:18:08 +0100] "GET /framework/webfx/javascript/tinymce/plugins/visualchars/plugin.min.js HTTP/1.1" 200 602 "http://ed.activities.at/entry.php?id=11671" "Mozilla/5.0 (Windows NT 6.1; WOW64; Trident/7.0; rv:11.0) like Gecko"
80.123.96.46 - - [14/Mar/2017:15:18:08 +0100] "GET /framework/webfx/javascript/tinymce/plugins/nonbreaking/plugin.min.js HTTP/1.1" 200 371 "http://ed.activities.at/entry.php?id=11671" "Mozilla/5.0 (Windows NT 6.1; WOW64; Trident/7.0; rv:11.0) like Gecko"
80.123.96.46 - - [14/Mar/2017:15:18:08 +0100] "GET /framework/webfx/javascript/tinymce/plugins/template/plugin.min.js HTTP/1.1" 200 1703 "http://ed.activities.at/entry.php?id=11671" "Mozilla/5.0 (Windows NT 6.1; WOW64; Trident/7.0; rv:11.0) like Gecko"
80.123.96.46 - - [14/Mar/2017:15:18:08 +0100] "GET /framework/webfx/javascript/tinymce/plugins/textcolor/plugin.min.js HTTP/1.1" 200 1636 "http://ed.activities.at/entry.php?id=11671" "Mozilla/5.0 (Windows NT 6.1; WOW64; Trident/7.0; rv:11.0) like Gecko"
80.123.96.46 - - [14/Mar/2017:15:18:08 +0100] "GET /framework/webfx/javascript/tinymce/plugins/paste/plugin.min.js HTTP/1.1" 200 6164 "http://ed.activities.at/entry.php?id=11671" "Mozilla/5.0 (Windows NT 6.1; WOW64; Trident/7.0; rv:11.0) like Gecko"
80.123.96.46 - - [14/Mar/2017:15:18:08 +0100] "GET /framework/webfx/javascript/tinymce/plugins/colorpicker/plugin.min.js HTTP/1.1" 200 613 "http://ed.activities.at/entry.php?id=11671" "Mozilla/5.0 (Windows NT 6.1; WOW64; Trident/7.0; rv:11.0) like Gecko"
90.152.128.107 - - [14/Mar/2017:15:18:08 +0100] "GET /gui/javascript/form_form.js?1489501087 HTTP/1.1" 200 16206 "http://ed.activities.at/entry.php?id=10683" "Mozilla/5.0 (Windows NT 10.0; WOW64; rv:51.0) Gecko/20100101 Firefox/51.0"
80.123.96.46 - - [14/Mar/2017:15:18:08 +0100] "GET /framework/webfx/javascript/tinymce/skins/lightgray/skin.ie7.min.css HTTP/1.1" 200 6148 "http://ed.activities.at/entry.php?id=11671" "Mozilla/5.0 (Windows NT 6.1; WOW64; Trident/7.0; rv:11.0) like Gecko"
80.123.96.46 - - [14/Mar/2017:15:18:08 +0100] "GET /framework/webfx/javascript/tinymce/skins/lightgray/content.min.css HTTP/1.1" 404 327 "http://ed.activities.at/entry.php?id=11671" "Mozilla/5.0 (Windows NT 6.1; WOW64; Trident/7.0; rv:11.0) like Gecko"
80.123.96.46 - - [14/Mar/2017:15:18:09 +0100] "GET /framework/webfx/javascript/tinymce/skins/lightgray/fonts/tinymce.eot HTTP/1.1" 200 10024 "http://ed.activities.at/entry.php?id=11671" "Mozilla/5.0 (Windows NT 6.1; WOW64; Trident/7.0; rv:11.0) like Gecko"
80.123.96.46 - - [14/Mar/2017:15:18:09 +0100] "GET /framework/webfx/javascript/tinymce/skins/lightgray/fonts/tinymce-small.eot HTTP/1.1" 200 10316 "http://ed.activities.at/entry.php?id=11671" "Mozilla/5.0 (Windows NT 6.1; WOW64; Trident/7.0; rv:11.0) like Gecko"
90.152.128.107 - - [14/Mar/2017:15:18:10 +0100] "POST /entry.php?id=11668 HTTP/1.1" 200 2277 "http://ed.activities.at/entry.php?id=11668" "Mozilla/5.0 (Windows NT 10.0; WOW64; rv:51.0) Gecko/20100101 Firefox/51.0"
90.152.128.107 - - [14/Mar/2017:15:18:10 +0100] "GET /gui/javascript/form_form.js?1489501090 HTTP/1.1" 200 16206 "http://ed.activities.at/entry.php?id=11668" "Mozilla/5.0 (Windows NT 10.0; WOW64; rv:51.0) Gecko/20100101 Firefox/51.0"
90.152.128.107 - - [14/Mar/2017:15:18:11 +0100] "GET /entry.php?id=10760&&hiddetitle=1&object=10247468&disablechange= HTTP/1.1" 200 2235 "http://ed.activities.at/entry.php?id=11668" "Mozilla/5.0 (Windows NT 10.0; WOW64; rv:51.0) Gecko/20100101 Firefox/51.0"
90.152.128.107 - - [14/Mar/2017:15:18:11 +0100] "GET /gui/javascript/form_form.js?1489501091 HTTP/1.1" 200 16206 "http://ed.activities.at/entry.php?id=10760&&hiddetitle=1&object=10247468&disablechange=" "Mozilla/5.0 (Windows NT 10.0; WOW64; rv:51.0) Gecko/20100101 Firefox/51.0"
90.152.128.107 - - [14/Mar/2017:15:18:11 +0100] "GET /entry.php?id=10776&form=10605&name=list& HTTP/1.1" 200 1689 "http://ed.activities.at/entry.php?id=10760&&hiddetitle=1&object=10247468&disablechange=" "Mozilla/5.0 (Windows NT 10.0; WOW64; rv:51.0) Gecko/20100101 Firefox/51.0"
90.152.128.107 - - [14/Mar/2017:15:18:11 +0100] "GET /entry.php?id=10778&form=10605&name=list& HTTP/1.1" 200 2624 "http://ed.activities.at/entry.php?id=10760&&hiddetitle=1&object=10247468&disablechange=" "Mozilla/5.0 (Windows NT 10.0; WOW64; rv:51.0) Gecko/20100101 Firefox/51.0"
90.152.128.107 - - [14/Mar/2017:15:18:11 +0100] "GET /entry.php?id=10683 HTTP/1.1" 200 1435 "http://ed.activities.at/entry.php?id=10760&&hiddetitle=1&object=10247468&disablechange=" "Mozilla/5.0 (Windows NT 10.0; WOW64; rv:51.0) Gecko/20100101 Firefox/51.0"
90.152.128.107 - - [14/Mar/2017:15:18:12 +0100] "GET /gui/javascript/form_form.js?1489501092 HTTP/1.1" 200 16206 "http://ed.activities.at/entry.php?id=10683" "Mozilla/5.0 (Windows NT 10.0; WOW64; rv:51.0) Gecko/20100101 Firefox/51.0"
90.152.128.107 - - [14/Mar/2017:15:18:15 +0100] "POST /entry.php?id=11668 HTTP/1.1" 200 2278 "http://ed.activities.at/entry.php?id=11668" "Mozilla/5.0 (Windows NT 10.0; WOW64; rv:51.0) Gecko/20100101 Firefox/51.0"
90.152.128.107 - - [14/Mar/2017:15:18:16 +0100] "GET /gui/javascript/form_form.js?1489501096 HTTP/1.1" 200 16206 "http://ed.activities.at/entry.php?id=11668" "Mozilla/5.0 (Windows NT 10.0; WOW64; rv:51.0) Gecko/20100101 Firefox/51.0"
80.123.96.46 - - [14/Mar/2017:15:18:15 +0100] "POST /entry.php?id=11671 HTTP/1.1" 200 4924 "http://ed.activities.at/entry.php?id=11671" "Mozilla/5.0 (Windows NT 6.1; WOW64; Trident/7.0; rv:11.0) like Gecko"
80.123.96.46 - - [14/Mar/2017:15:18:16 +0100] "GET /gui/javascript/form_form.js?1489501096 HTTP/1.1" 200 16206 "http://ed.activities.at/entry.php?id=11671" "Mozilla/5.0 (Windows NT 6.1; WOW64; Trident/7.0; rv:11.0) like Gecko"
90.152.128.107 - - [14/Mar/2017:15:18:16 +0100] "GET /entry.php?id=10760&&hiddetitle=1&object=10225367&disablechange= HTTP/1.1" 200 2236 "http://ed.activities.at/entry.php?id=11668" "Mozilla/5.0 (Windows NT 10.0; WOW64; rv:51.0) Gecko/20100101 Firefox/51.0"
80.123.96.46 - - [14/Mar/2017:15:18:16 +0100] "GET /entry.php?id=10776&form=11496&name=list& HTTP/1.1" 200 1519 "http://ed.activities.at/entry.php?id=11671" "Mozilla/5.0 (Windows NT 6.1; WOW64; Trident/7.0; rv:11.0) like Gecko"
80.123.96.46 - - [14/Mar/2017:15:18:16 +0100] "GET /entry.php?id=10778&form=11496&name=list& HTTP/1.1" 200 5579 "http://ed.activities.at/entry.php?id=11671" "Mozilla/5.0 (Windows NT 6.1; WOW64; Trident/7.0; rv:11.0) like Gecko"
90.152.128.107 - - [14/Mar/2017:15:18:17 +0100] "GET /entry.php?id=10776&form=10605&name=list& HTTP/1.1" 200 1693 "http://ed.activities.at/entry.php?id=10760&&hiddetitle=1&object=10225367&disablechange=" "Mozilla/5.0 (Windows NT 10.0; WOW64; rv:51.0) Gecko/20100101 Firefox/51.0"
80.123.96.46 - - [14/Mar/2017:15:18:17 +0100] "GET /entry.php?id=10271&&ser=501036 HTTP/1.1" 200 986 "http://ed.activities.at/entry.php?id=10272" "Mozilla/5.0 (Windows NT 6.1; WOW64; Trident/7.0; rv:11.0) like Gecko"
90.152.128.107 - - [14/Mar/2017:15:18:17 +0100] "GET /entry.php?id=10778&form=10605&name=list& HTTP/1.1" 200 3766 "http://ed.activities.at/entry.php?id=10760&&hiddetitle=1&object=10225367&disablechange=" "Mozilla/5.0 (Windows NT 10.0; WOW64; rv:51.0) Gecko/20100101 Firefox/51.0"
90.152.128.107 - - [14/Mar/2017:15:18:17 +0100] "GET /entry.php?id=10683 HTTP/1.1" 200 1435 "http://ed.activities.at/entry.php?id=10760&&hiddetitle=1&object=10225367&disablechange=" "Mozilla/5.0 (Windows NT 10.0; WOW64; rv:51.0) Gecko/20100101 Firefox/51.0"
90.152.128.107 - - [14/Mar/2017:15:18:17 +0100] "GET /gui/javascript/form_form.js?1489501097 HTTP/1.1" 200 16206 "http://ed.activities.at/entry.php?id=10683" "Mozilla/5.0 (Windows NT 10.0; WOW64; rv:51.0) Gecko/20100101 Firefox/51.0"
80.123.96.46 - - [14/Mar/2017:15:18:19 +0100] "GET /gui/javascript/form_form.js?1489501097 HTTP/1.1" 200 16206 "http://ed.activities.at/entry.php?id=10271&&ser=501036" "Mozilla/5.0 (Windows NT 6.1; WOW64; Trident/7.0; rv:11.0) like Gecko"
212.108.43.59 - - [14/Mar/2017:15:18:19 +0100] "GET /entry.php?id=10271&&ser=501038 HTTP/1.1" 200 986 "http://ed.activities.at/entry.php?id=10271&&ser=500978" "Mozilla/5.0 (Windows NT 10.0; Win64; x64) AppleWebKit/537.36 (KHTML, like Gecko) Chrome/56.0.2924.87 Safari/537.36"
212.108.43.59 - - [14/Mar/2017:15:18:19 +0100] "GET /gui/javascript/form_form.js?1489501099 HTTP/1.1" 200 16206 "http://ed.activities.at/entry.php?id=10271&&ser=501038" "Mozilla/5.0 (Windows NT 10.0; Win64; x64) AppleWebKit/537.36 (KHTML, like Gecko) Chrome/56.0.2924.87 Safari/537.36"
80.123.96.46 - - [14/Mar/2017:15:18:19 +0100] "POST /entry.php?id=11671 HTTP/1.1" 200 3349 "http://ed.activities.at/entry.php?id=11671" "Mozilla/5.0 (Windows NT 6.1; WOW64; Trident/7.0; rv:11.0) like Gecko"
80.123.96.46 - - [14/Mar/2017:15:18:20 +0100] "GET /gui/javascript/form_form.js?1489501099 HTTP/1.1" 200 16206 "http://ed.activities.at/entry.php?id=11671" "Mozilla/5.0 (Windows NT 6.1; WOW64; Trident/7.0; rv:11.0) like Gecko"
90.152.128.107 - - [14/Mar/2017:15:18:20 +0100] "POST /entry.php?id=11668 HTTP/1.1" 200 2277 "http://ed.activities.at/entry.php?id=11668" "Mozilla/5.0 (Windows NT 10.0; WOW64; rv:51.0) Gecko/20100101 Firefox/51.0"
80.123.96.46 - - [14/Mar/2017:15:18:20 +0100] "GET /framework/webfx/javascript/tinymce/skins/lightgray/content.min.css HTTP/1.1" 404 327 "http://ed.activities.at/entry.php?id=11671" "Mozilla/5.0 (Windows NT 6.1; WOW64; Trident/7.0; rv:11.0) like Gecko"
90.152.128.107 - - [14/Mar/2017:15:18:20 +0100] "GET /gui/javascript/form_form.js?1489501100 HTTP/1.1" 200 16206 "http://ed.activities.at/entry.php?id=11668" "Mozilla/5.0 (Windows NT 10.0; WOW64; rv:51.0) Gecko/20100101 Firefox/51.0"
90.152.128.107 - - [14/Mar/2017:15:18:21 +0100] "GET /entry.php?id=10760&&hiddetitle=1&object=10246068&disablechange= HTTP/1.1" 200 2234 "http://ed.activities.at/entry.php?id=11668" "Mozilla/5.0 (Windows NT 10.0; WOW64; rv:51.0) Gecko/20100101 Firefox/51.0"
90.152.128.107 - - [14/Mar/2017:15:18:21 +0100] "GET /gui/javascript/form_form.js?1489501101 HTTP/1.1" 200 16206 "http://ed.activities.at/entry.php?id=10760&&hiddetitle=1&object=10246068&disablechange=" "Mozilla/5.0 (Windows NT 10.0; WOW64; rv:51.0) Gecko/20100101 Firefox/51.0"
90.152.128.107 - - [14/Mar/2017:15:18:21 +0100] "GET /entry.php?id=10776&form=10605&name=list& HTTP/1.1" 200 1689 "http://ed.activities.at/entry.php?id=10760&&hiddetitle=1&object=10246068&disablechange=" "Mozilla/5.0 (Windows NT 10.0; WOW64; rv:51.0) Gecko/20100101 Firefox/51.0"
90.152.128.107 - - [14/Mar/2017:15:18:21 +0100] "GET /entry.php?id=10778&form=10605&name=list& HTTP/1.1" 200 2624 "http://ed.activities.at/entry.php?id=10760&&hiddetitle=1&object=10246068&disablechange=" "Mozilla/5.0 (Windows NT 10.0; WOW64; rv:51.0) Gecko/20100101 Firefox/51.0"
90.152.128.107 - - [14/Mar/2017:15:18:21 +0100] "GET /entry.php?id=10683 HTTP/1.1" 200 1434 "http://ed.activities.at/entry.php?id=10760&&hiddetitle=1&object=10246068&disablechange=" "Mozilla/5.0 (Windows NT 10.0; WOW64; rv:51.0) Gecko/20100101 Firefox/51.0"
80.123.96.46 - - [14/Mar/2017:15:18:25 +0100] "GET /entry.php?id=10441&UIN=eab35af5b8d78bf46cfc92118c326b46 HTTP/1.1" 200 1172 "-" "Mozilla/5.0 (Windows NT 6.1; WOW64; Trident/7.0; rv:11.0) like Gecko"
80.123.96.46 - - [14/Mar/2017:15:18:25 +0100] "GET /gui/javascript/form_form.js?1489501105 HTTP/1.1" 200 16206 "http://ed.activities.at/entry.php?id=10441&UIN=eab35af5b8d78bf46cfc92118c326b46" "Mozilla/5.0 (Windows NT 6.1; WOW64; Trident/7.0; rv:11.0) like Gecko"
90.152.128.107 - - [14/Mar/2017:15:18:25 +0100] "POST /entry.php?id=11668 HTTP/1.1" 200 2277 "http://ed.activities.at/entry.php?id=11668" "Mozilla/5.0 (Windows NT 10.0; WOW64; rv:51.0) Gecko/20100101 Firefox/51.0"
90.152.128.107 - - [14/Mar/2017:15:18:25 +0100] "GET /gui/javascript/form_form.js?1489501105 HTTP/1.1" 200 16206 "http://ed.activities.at/entry.php?id=11668" "Mozilla/5.0 (Windows NT 10.0; WOW64; rv:51.0) Gecko/20100101 Firefox/51.0"
90.152.128.107 - - [14/Mar/2017:15:18:25 +0100] "GET /entry.php?id=10760&&hiddetitle=1&object=10225367&disablechange= HTTP/1.1" 200 2235 "http://ed.activities.at/entry.php?id=11668" "Mozilla/5.0 (Windows NT 10.0; WOW64; rv:51.0) Gecko/20100101 Firefox/51.0"
90.152.128.107 - - [14/Mar/2017:15:18:26 +0100] "GET /gui/javascript/form_form.js?1489501106 HTTP/1.1" 200 16206 "http://ed.activities.at/entry.php?id=10760&&hiddetitle=1&object=10225367&disablechange=" "Mozilla/5.0 (Windows NT 10.0; WOW64; rv:51.0) Gecko/20100101 Firefox/51.0"
90.152.128.107 - - [14/Mar/2017:15:18:26 +0100] "GET /entry.php?id=10776&form=10605&name=list& HTTP/1.1" 200 1693 "http://ed.activities.at/entry.php?id=10760&&hiddetitle=1&object=10225367&disablechange=" "Mozilla/5.0 (Windows NT 10.0; WOW64; rv:51.0) Gecko/20100101 Firefox/51.0"
90.152.128.107 - - [14/Mar/2017:15:18:26 +0100] "GET /entry.php?id=10778&form=10605&name=list& HTTP/1.1" 200 3766 "http://ed.activities.at/entry.php?id=10760&&hiddetitle=1&object=10225367&disablechange=" "Mozilla/5.0 (Windows NT 10.0; WOW64; rv:51.0) Gecko/20100101 Firefox/51.0"
90.152.128.107 - - [14/Mar/2017:15:18:26 +0100] "GET /entry.php?id=10683 HTTP/1.1" 200 1435 "http://ed.activities.at/entry.php?id=10760&&hiddetitle=1&object=10225367&disablechange=" "Mozilla/5.0 (Windows NT 10.0; WOW64; rv:51.0) Gecko/20100101 Firefox/51.0"
90.152.128.107 - - [14/Mar/2017:15:18:32 +0100] "POST /entry.php?id=11668 HTTP/1.1" 200 2276 "http://ed.activities.at/entry.php?id=11668" "Mozilla/5.0 (Windows NT 10.0; WOW64; rv:51.0) Gecko/20100101 Firefox/51.0"
90.152.128.107 - - [14/Mar/2017:15:18:33 +0100] "GET /gui/javascript/form_form.js?1489501113 HTTP/1.1" 200 16206 "http://ed.activities.at/entry.php?id=11668" "Mozilla/5.0 (Windows NT 10.0; WOW64; rv:51.0) Gecko/20100101 Firefox/51.0"
212.108.43.59 - - [14/Mar/2017:15:18:33 +0100] "GET /entry.php?id=10271&&ser=501052 HTTP/1.1" 200 986 "http://ed.activities.at/entry.php?id=10271&&ser=500991" "Mozilla/5.0 (Windows NT 10.0; Win64; x64) AppleWebKit/537.36 (KHTML, like Gecko) Chrome/56.0.2924.87 Safari/537.36"
90.152.128.107 - - [14/Mar/2017:15:18:33 +0100] "GET /entry.php?id=10760&&hiddetitle=1&object=10246068&disablechange= HTTP/1.1" 200 2234 "http://ed.activities.at/entry.php?id=11668" "Mozilla/5.0 (Windows NT 10.0; WOW64; rv:51.0) Gecko/20100101 Firefox/51.0"
212.108.43.59 - - [14/Mar/2017:15:18:33 +0100] "GET /gui/javascript/form_form.js?1489501113 HTTP/1.1" 200 16206 "http://ed.activities.at/entry.php?id=10271&&ser=501052" "Mozilla/5.0 (Windows NT 10.0; Win64; x64) AppleWebKit/537.36 (KHTML, like Gecko) Chrome/56.0.2924.87 Safari/537.36"
90.152.128.107 - - [14/Mar/2017:15:18:33 +0100] "GET /entry.php?id=10778&form=10605&name=list& HTTP/1.1" 200 2624 "http://ed.activities.at/entry.php?id=10760&&hiddetitle=1&object=10246068&disablechange=" "Mozilla/5.0 (Windows NT 10.0; WOW64; rv:51.0) Gecko/20100101 Firefox/51.0"
90.152.128.107 - - [14/Mar/2017:15:18:33 +0100] "GET /entry.php?id=10776&form=10605&name=list& HTTP/1.1" 200 1689 "http://ed.activities.at/entry.php?id=10760&&hiddetitle=1&object=10246068&disablechange=" "Mozilla/5.0 (Windows NT 10.0; WOW64; rv:51.0) Gecko/20100101 Firefox/51.0"
90.152.128.107 - - [14/Mar/2017:15:18:33 +0100] "GET /entry.php?id=10683 HTTP/1.1" 200 1435 "http://ed.activities.at/entry.php?id=10760&&hiddetitle=1&object=10246068&disablechange=" "Mozilla/5.0 (Windows NT 10.0; WOW64; rv:51.0) Gecko/20100101 Firefox/51.0"
90.152.128.107 - - [14/Mar/2017:15:18:34 +0100] "GET /gui/javascript/form_form.js?1489501114 HTTP/1.1" 200 16206 "http://ed.activities.at/entry.php?id=10683" "Mozilla/5.0 (Windows NT 10.0; WOW64; rv:51.0) Gecko/20100101 Firefox/51.0"
90.152.128.107 - - [14/Mar/2017:15:18:35 +0100] "GET /entry.php?id=10711&object=10246068&chooserview=article&view=article HTTP/1.1" 200 1718 "http://ed.activities.at/entry.php?id=10760&&hiddetitle=1&object=10246068&disablechange=" "Mozilla/5.0 (Windows NT 10.0; WOW64; rv:51.0) Gecko/20100101 Firefox/51.0"
90.152.128.107 - - [14/Mar/2017:15:18:36 +0100] "GET /gui/javascript/form_form.js?1489501116 HTTP/1.1" 200 16206 "http://ed.activities.at/entry.php?id=10711&object=10246068&chooserview=article&view=article" "Mozilla/5.0 (Windows NT 10.0; WOW64; rv:51.0) Gecko/20100101 Firefox/51.0"
90.152.128.107 - - [14/Mar/2017:15:18:36 +0100] "GET /entry.php?id=10676&title=Ressourcenverwaltung HTTP/1.1" 200 1397 "http://ed.activities.at/entry.php?id=10711&object=10246068&chooserview=article&view=article" "Mozilla/5.0 (Windows NT 10.0; WOW64; rv:51.0) Gecko/20100101 Firefox/51.0"
90.152.128.107 - - [14/Mar/2017:15:18:36 +0100] "GET /entry.php?id=10703&&but=&object=10246068&class=&tag=&value=&chooserview=article&function=&setlist=&t_width=&t_height=&view=article HTTP/1.1" 200 3298 "http://ed.activities.at/entry.php?id=10711&object=10246068&chooserview=article&view=article" "Mozilla/5.0 (Windows NT 10.0; WOW64; rv:51.0) Gecko/20100101 Firefox/51.0"
90.152.128.107 - - [14/Mar/2017:15:18:36 +0100] "GET /activities/framework/KoolControls/KoolAjax/koolajax.php?8436e354c842500aba3cbaf0584c0c24 HTTP/1.1" 200 4079 "http://ed.activities.at/entry.php?id=10703&&but=&object=10246068&class=&tag=&value=&chooserview=article&function=&setlist=&t_width=&t_height=&view=article" "Mozilla/5.0 (Windows NT 10.0; WOW64; rv:51.0) Gecko/20100101 Firefox/51.0"
90.152.128.107 - - [14/Mar/2017:15:18:37 +0100] "GET /activities/framework/KoolControls/KoolTreeView/icons/bullet_star.png HTTP/1.1" 304 - "http://ed.activities.at/entry.php?id=10703&&but=&object=10246068&class=&tag=&value=&chooserview=article&function=&setlist=&t_width=&t_height=&view=article" "Mozilla/5.0 (Windows NT 10.0; WOW64; rv:51.0) Gecko/20100101 Firefox/51.0"
90.152.128.107 - - [14/Mar/2017:15:18:36 +0100] "GET /entry.php?id=10704&&but=&object=10246068&class=&tag=&value=&chooserview=article&function=&setlist=&t_width=&t_height=&view=article HTTP/1.1" 200 3007 "http://ed.activities.at/entry.php?id=10711&object=10246068&chooserview=article&view=article" "Mozilla/5.0 (Windows NT 10.0; WOW64; rv:51.0) Gecko/20100101 Firefox/51.0"
90.152.128.107 - - [14/Mar/2017:15:18:37 +0100] "GET /gui/javascript/form_form.js?1489501117 HTTP/1.1" 200 16206 "http://ed.activities.at/entry.php?id=10704&&but=&object=10246068&class=&tag=&value=&chooserview=article&function=&setlist=&t_width=&t_height=&view=article" "Mozilla/5.0 (Windows NT 10.0; WOW64; rv:51.0) Gecko/20100101 Firefox/51.0"
90.152.128.107 - - [14/Mar/2017:15:18:37 +0100] "GET /activities/framework/KoolControls/KoolTreeView/kooltreeview.php?c7cd9180e88ffef8e70f13526bb4f5f7 HTTP/1.1" 200 5055 "http://ed.activities.at/entry.php?id=10703&&but=&object=10246068&class=&tag=&value=&chooserview=article&function=&setlist=&t_width=&t_height=&view=article" "Mozilla/5.0 (Windows NT 10.0; WOW64; rv:51.0) Gecko/20100101 Firefox/51.0"
90.152.128.107 - - [14/Mar/2017:15:18:37 +0100] "GET /entry.php?id=10776&form=10549&name=list& HTTP/1.1" 200 1774 "http://ed.activities.at/entry.php?id=10704&&but=&object=10246068&class=&tag=&value=&chooserview=article&function=&setlist=&t_width=&t_height=&view=article" "Mozilla/5.0 (Windows NT 10.0; WOW64; rv:51.0) Gecko/20100101 Firefox/51.0"
90.152.128.107 - - [14/Mar/2017:15:18:37 +0100] "GET /entry.php?id=10778&form=10549&name=list& HTTP/1.1" 200 4697 "http://ed.activities.at/entry.php?id=10704&&but=&object=10246068&class=&tag=&value=&chooserview=article&function=&setlist=&t_width=&t_height=&view=article" "Mozilla/5.0 (Windows NT 10.0; WOW64; rv:51.0) Gecko/20100101 Firefox/51.0"
90.152.128.107 - - [14/Mar/2017:15:18:38 +0100] "GET /cache/emu/images/easy-drivers-portal10279770/pkw9jpg_16_6_0.jpg HTTP/1.1" 200 740 "http://ed.activities.at/entry.php?id=10778&form=10549&name=list&" "Mozilla/5.0 (Windows NT 10.0; WOW64; rv:51.0) Gecko/20100101 Firefox/51.0"
90.152.128.107 - - [14/Mar/2017:15:18:38 +0100] "GET /cache/emu/images/easy-drivers-portal10279768/pkw7jpg_16_6_0.jpg HTTP/1.1" 200 752 "http://ed.activities.at/entry.php?id=10778&form=10549&name=list&" "Mozilla/5.0 (Windows NT 10.0; WOW64; rv:51.0) Gecko/20100101 Firefox/51.0"
90.152.128.107 - - [14/Mar/2017:15:18:38 +0100] "GET /cache/emu/images/easy-drivers-portal10247835/pkw_16_11_0.jpg HTTP/1.1" 304 - "http://ed.activities.at/entry.php?id=10778&form=10549&name=list&" "Mozilla/5.0 (Windows NT 10.0; WOW64; rv:51.0) Gecko/20100101 Firefox/51.0"
90.152.128.107 - - [14/Mar/2017:15:18:38 +0100] "GET /cache/emu/images/easy-drivers-portal10279769/pkw8jpg_16_6_0.jpg HTTP/1.1" 200 748 "http://ed.activities.at/entry.php?id=10778&form=10549&name=list&" "Mozilla/5.0 (Windows NT 10.0; WOW64; rv:51.0) Gecko/20100101 Firefox/51.0"
90.152.128.107 - - [14/Mar/2017:15:18:38 +0100] "GET /cache/emu/images/easy-drivers-portal10227058/edwebpkw1jpg_16_6_1.jpg HTTP/1.1" 200 748 "http://ed.activities.at/entry.php?id=10778&form=10549&name=list&" "Mozilla/5.0 (Windows NT 10.0; WOW64; rv:51.0) Gecko/20100101 Firefox/51.0"
90.152.128.107 - - [14/Mar/2017:15:18:48 +0100] "GET /entry.php?id=10271&&ser=501067 HTTP/1.1" 200 989 "http://ed.activities.at/entry.php?id=10271&&ser=500909" "Mozilla/5.0 (Windows NT 10.0; WOW64; rv:51.0) Gecko/20100101 Firefox/51.0"
90.152.128.107 - - [14/Mar/2017:15:18:48 +0100] "GET /gui/javascript/form_form.js?1489501128 HTTP/1.1" 200 16206 "http://ed.activities.at/entry.php?id=10271&&ser=501067" "Mozilla/5.0 (Windows NT 10.0; WOW64; rv:51.0) Gecko/20100101 Firefox/51.0"
90.152.128.107 - - [14/Mar/2017:15:18:54 +0100] "POST /entry.php?id=10704&&but=&object=10246068&class=&tag=&value=&chooserview=article&function=&setlist=&t_width=&t_height=&view=article HTTP/1.1" 200 3021 "http://ed.activities.at/entry.php?id=10778&form=10549&name=list&" "Mozilla/5.0 (Windows NT 10.0; WOW64; rv:51.0) Gecko/20100101 Firefox/51.0"
90.152.128.107 - - [14/Mar/2017:15:18:54 +0100] "GET /gui/javascript/form_form.js?1489501134 HTTP/1.1" 200 16206 "http://ed.activities.at/entry.php?id=10704&&but=&object=10246068&class=&tag=&value=&chooserview=article&function=&setlist=&t_width=&t_height=&view=article" "Mozilla/5.0 (Windows NT 10.0; WOW64; rv:51.0) Gecko/20100101 Firefox/51.0"
90.152.128.107 - - [14/Mar/2017:15:18:55 +0100] "POST /entry.php?id=10760 HTTP/1.1" 200 2234 "http://ed.activities.at/entry.php?id=10760&&hiddetitle=1&object=10246068&disablechange=" "Mozilla/5.0 (Windows NT 10.0; WOW64; rv:51.0) Gecko/20100101 Firefox/51.0"
90.152.128.107 - - [14/Mar/2017:15:18:55 +0100] "GET /gui/javascript/form_form.js?1489501135 HTTP/1.1" 200 16206 "http://ed.activities.at/entry.php?id=10760" "Mozilla/5.0 (Windows NT 10.0; WOW64; rv:51.0) Gecko/20100101 Firefox/51.0"
90.152.128.107 - - [14/Mar/2017:15:18:55 +0100] "GET /entry.php?id=10778&form=10549&name=list& HTTP/1.1" 200 4714 "http://ed.activities.at/entry.php?id=10704&&but=&object=10246068&class=&tag=&value=&chooserview=article&function=&setlist=&t_width=&t_height=&view=article" "Mozilla/5.0 (Windows NT 10.0; WOW64; rv:51.0) Gecko/20100101 Firefox/51.0"
90.152.128.107 - - [14/Mar/2017:15:18:55 +0100] "GET /entry.php?id=10776&form=10549&name=list& HTTP/1.1" 200 1774 "http://ed.activities.at/entry.php?id=10704&&but=&object=10246068&class=&tag=&value=&chooserview=article&function=&setlist=&t_width=&t_height=&view=article" "Mozilla/5.0 (Windows NT 10.0; WOW64; rv:51.0) Gecko/20100101 Firefox/51.0"
90.152.128.107 - - [14/Mar/2017:15:18:55 +0100] "GET /entry.php?id=10776&form=10605&name=list& HTTP/1.1" 200 1693 "http://ed.activities.at/entry.php?id=10760" "Mozilla/5.0 (Windows NT 10.0; WOW64; rv:51.0) Gecko/20100101 Firefox/51.0"
90.152.128.107 - - [14/Mar/2017:15:18:55 +0100] "GET /entry.php?id=10778&form=10605&name=list& HTTP/1.1" 200 3765 "http://ed.activities.at/entry.php?id=10760" "Mozilla/5.0 (Windows NT 10.0; WOW64; rv:51.0) Gecko/20100101 Firefox/51.0"
90.152.128.107 - - [14/Mar/2017:15:18:55 +0100] "GET /entry.php?id=10683 HTTP/1.1" 200 1435 "http://ed.activities.at/entry.php?id=10760" "Mozilla/5.0 (Windows NT 10.0; WOW64; rv:51.0) Gecko/20100101 Firefox/51.0"
90.152.128.107 - - [14/Mar/2017:15:18:56 +0100] "GET /gui/javascript/form_form.js?1489501136 HTTP/1.1" 200 16206 "http://ed.activities.at/entry.php?id=10683" "Mozilla/5.0 (Windows NT 10.0; WOW64; rv:51.0) Gecko/20100101 Firefox/51.0"
90.152.128.107 - - [14/Mar/2017:15:19:00 +0100] "POST /entry.php?id=11668 HTTP/1.1" 200 3487 "http://ed.activities.at/entry.php?id=11668" "Mozilla/5.0 (Windows NT 10.0; WOW64; rv:51.0) Gecko/20100101 Firefox/51.0"
90.152.128.107 - - [14/Mar/2017:15:19:01 +0100] "GET /gui/javascript/form_form.js?1489501141 HTTP/1.1" 200 16206 "http://ed.activities.at/entry.php?id=11668" "Mozilla/5.0 (Windows NT 10.0; WOW64; rv:51.0) Gecko/20100101 Firefox/51.0"
80.123.96.46 - - [14/Mar/2017:15:19:08 +0100] "GET / HTTP/1.1" 200 382 "-" "Mozilla/5.0 (Windows NT 6.1; WOW64; rv:27.0) Gecko/20100101 Firefox/27.0"
80.123.96.46 - - [14/Mar/2017:15:19:08 +0100] "GET /activities.ico HTTP/1.1" 200 780 "-" "Mozilla/5.0 (Windows NT 6.1; WOW64; rv:27.0) Gecko/20100101 Firefox/27.0"
80.123.96.46 - - [14/Mar/2017:15:19:08 +0100] "GET /layout.php HTTP/1.1" 200 908 "http://ed.activities.at/" "Mozilla/5.0 (Windows NT 6.1; WOW64; rv:27.0) Gecko/20100101 Firefox/27.0"
80.123.96.46 - - [14/Mar/2017:15:19:08 +0100] "GET /gui/javascript/form_form.js HTTP/1.1" 200 16206 "http://ed.activities.at/layout.php" "Mozilla/5.0 (Windows NT 6.1; WOW64; rv:27.0) Gecko/20100101 Firefox/27.0"
80.123.96.46 - - [14/Mar/2017:15:19:08 +0100] "GET /entry.php?id=10270 HTTP/1.1" 200 907 "http://ed.activities.at/layout.php" "Mozilla/5.0 (Windows NT 6.1; WOW64; rv:27.0) Gecko/20100101 Firefox/27.0"
80.123.96.46 - - [14/Mar/2017:15:19:08 +0100] "GET /entry.php?id=10272 HTTP/1.1" 200 1187 "http://ed.activities.at/layout.php" "Mozilla/5.0 (Windows NT 6.1; WOW64; rv:27.0) Gecko/20100101 Firefox/27.0"
80.123.96.46 - - [14/Mar/2017:15:19:08 +0100] "GET /gui/javascript/jquery/css/gui-themes/custom.min.css HTTP/1.1" 200 5618 "http://ed.activities.at/entry.php?id=10270" "Mozilla/5.0 (Windows NT 6.1; WOW64; rv:27.0) Gecko/20100101 Firefox/27.0"
80.123.96.46 - - [14/Mar/2017:15:19:08 +0100] "GET /gui/javascript/jquery/css/gui-themes/ui.spinner.css HTTP/1.1" 200 350 "http://ed.activities.at/entry.php?id=10270" "Mozilla/5.0 (Windows NT 6.1; WOW64; rv:27.0) Gecko/20100101 Firefox/27.0"
80.123.96.46 - - [14/Mar/2017:15:19:08 +0100] "GET /entry.php?id=10273 HTTP/1.1" 200 1931 "http://ed.activities.at/layout.php" "Mozilla/5.0 (Windows NT 6.1; WOW64; rv:27.0) Gecko/20100101 Firefox/27.0"
80.123.96.46 - - [14/Mar/2017:15:19:08 +0100] "GET /gui/javascript/jquery/css/gui-themes/jquery.tooltip.css HTTP/1.1" 200 246 "http://ed.activities.at/entry.php?id=10270" "Mozilla/5.0 (Windows NT 6.1; WOW64; rv:27.0) Gecko/20100101 Firefox/27.0"
80.123.96.46 - - [14/Mar/2017:15:19:08 +0100] "GET /gui/javascript/form_form.js?1489501148 HTTP/1.1" 200 16206 "http://ed.activities.at/entry.php?id=10270" "Mozilla/5.0 (Windows NT 6.1; WOW64; rv:27.0) Gecko/20100101 Firefox/27.0"
80.123.96.46 - - [14/Mar/2017:15:19:08 +0100] "GET /gui/javascript/jquery/jquery-tooltip/jquery.tooltip.min.js HTTP/1.1" 200 1982 "http://ed.activities.at/entry.php?id=10270" "Mozilla/5.0 (Windows NT 6.1; WOW64; rv:27.0) Gecko/20100101 Firefox/27.0"
80.123.96.46 - - [14/Mar/2017:15:19:08 +0100] "GET /gui/styles/tmplDefault.css HTTP/1.1" 200 2135 "http://ed.activities.at/entry.php?id=10272" "Mozilla/5.0 (Windows NT 6.1; WOW64; rv:27.0) Gecko/20100101 Firefox/27.0"
80.123.96.46 - - [14/Mar/2017:15:19:08 +0100] "GET /gui/javascript/jquery/js/jquery-ui-1.9.0.custom.min.js HTTP/1.1" 200 51286 "http://ed.activities.at/entry.php?id=10270" "Mozilla/5.0 (Windows NT 6.1; WOW64; rv:27.0) Gecko/20100101 Firefox/27.0"
80.123.96.46 - - [14/Mar/2017:15:19:08 +0100] "GET /framework/webfx/javascript/statusbar/statusBar.js HTTP/1.1" 200 649 "http://ed.activities.at/entry.php?id=10272" "Mozilla/5.0 (Windows NT 6.1; WOW64; rv:27.0) Gecko/20100101 Firefox/27.0"
80.123.96.46 - - [14/Mar/2017:15:19:08 +0100] "GET /framework/webfx/style/toolbar/cb2.css HTTP/1.1" 200 793 "http://ed.activities.at/entry.php?id=10273" "Mozilla/5.0 (Windows NT 6.1; WOW64; rv:27.0) Gecko/20100101 Firefox/27.0"
80.123.96.46 - - [14/Mar/2017:15:19:08 +0100] "GET /gui/javascript/jquery/js/jquery-1.8.2.js HTTP/1.1" 200 35391 "http://ed.activities.at/entry.php?id=10270" "Mozilla/5.0 (Windows NT 6.1; WOW64; rv:27.0) Gecko/20100101 Firefox/27.0"
80.123.96.46 - - [14/Mar/2017:15:19:08 +0100] "GET /framework/webfx/javascript/toolbar/ieemu.js HTTP/1.1" 200 2366 "http://ed.activities.at/entry.php?id=10273" "Mozilla/5.0 (Windows NT 6.1; WOW64; rv:27.0) Gecko/20100101 Firefox/27.0"
80.123.96.46 - - [14/Mar/2017:15:19:08 +0100] "GET /framework/webfx/javascript/toolbar/cb2.js HTTP/1.1" 200 1686 "http://ed.activities.at/entry.php?id=10273" "Mozilla/5.0 (Windows NT 6.1; WOW64; rv:27.0) Gecko/20100101 Firefox/27.0"
80.123.96.46 - - [14/Mar/2017:15:19:08 +0100] "GET /entry.php?id=11412 HTTP/1.1" 200 1757 "http://ed.activities.at/layout.php" "Mozilla/5.0 (Windows NT 6.1; WOW64; rv:27.0) Gecko/20100101 Firefox/27.0"
80.123.96.46 - - [14/Mar/2017:15:19:08 +0100] "GET /gui/javascript/form_form.js?1489501148 HTTP/1.1" 304 - "http://ed.activities.at/entry.php?id=10272" "Mozilla/5.0 (Windows NT 6.1; WOW64; rv:27.0) Gecko/20100101 Firefox/27.0"
80.123.96.46 - - [14/Mar/2017:15:19:08 +0100] "GET /gui/images/icons/Logo_activites_RGB.gif HTTP/1.1" 200 1336 "http://ed.activities.at/entry.php?id=10273" "Mozilla/5.0 (Windows NT 6.1; WOW64; rv:27.0) Gecko/20100101 Firefox/27.0"
80.123.96.46 - - [14/Mar/2017:15:19:08 +0100] "GET /gui/javascript/form_form.js?1489501148 HTTP/1.1" 304 - "http://ed.activities.at/entry.php?id=10273" "Mozilla/5.0 (Windows NT 6.1; WOW64; rv:27.0) Gecko/20100101 Firefox/27.0"
80.123.96.46 - - [14/Mar/2017:15:19:08 +0100] "GET /gui/javascript/form_form.js?1489501148 HTTP/1.1" 304 - "http://ed.activities.at/entry.php?id=11412" "Mozilla/5.0 (Windows NT 6.1; WOW64; rv:27.0) Gecko/20100101 Firefox/27.0"
80.123.96.46 - - [14/Mar/2017:15:19:08 +0100] "GET /gui/images/icons/cancel.gif HTTP/1.1" 200 125 "http://ed.activities.at/entry.php?id=11412" "Mozilla/5.0 (Windows NT 6.1; WOW64; rv:27.0) Gecko/20100101 Firefox/27.0"
80.123.96.46 - - [14/Mar/2017:15:19:09 +0100] "GET /gui/images/emptybar.gif HTTP/1.1" 200 89 "http://ed.activities.at/entry.php?id=10272" "Mozilla/5.0 (Windows NT 6.1; WOW64; rv:27.0) Gecko/20100101 Firefox/27.0"
80.123.96.46 - - [14/Mar/2017:15:19:09 +0100] "GET /entry.php?id=10287 HTTP/1.1" 200 2387 "http://ed.activities.at/entry.php?id=11412" "Mozilla/5.0 (Windows NT 6.1; WOW64; rv:27.0) Gecko/20100101 Firefox/27.0"
80.123.96.46 - - [14/Mar/2017:15:19:09 +0100] "GET /entry.php?id=10271&UIN=5ebab242ca7d10280713c4362a0f408d HTTP/1.1" 200 934 "http://ed.activities.at/entry.php?id=10272" "Mozilla/5.0 (Windows NT 6.1; WOW64; rv:27.0) Gecko/20100101 Firefox/27.0"
80.123.96.46 - - [14/Mar/2017:15:19:09 +0100] "GET /gui/javascript/form_form.js?1489501149 HTTP/1.1" 200 16206 "http://ed.activities.at/entry.php?id=10287" "Mozilla/5.0 (Windows NT 6.1; WOW64; rv:27.0) Gecko/20100101 Firefox/27.0"
80.123.96.46 - - [14/Mar/2017:15:19:09 +0100] "GET /gui/javascript/form_form.js?1489501149 HTTP/1.1" 304 - "http://ed.activities.at/entry.php?id=10271&UIN=5ebab242ca7d10280713c4362a0f408d" "Mozilla/5.0 (Windows NT 6.1; WOW64; rv:27.0) Gecko/20100101 Firefox/27.0"
80.123.96.46 - - [14/Mar/2017:15:19:09 +0100] "GET /entry.php?id=10270& HTTP/1.1" 200 907 "http://ed.activities.at/entry.php?id=10287" "Mozilla/5.0 (Windows NT 6.1; WOW64; rv:27.0) Gecko/20100101 Firefox/27.0"
80.123.96.46 - - [14/Mar/2017:15:19:09 +0100] "GET /entry.php?id=10273& HTTP/1.1" 200 1901 "http://ed.activities.at/entry.php?id=10287" "Mozilla/5.0 (Windows NT 6.1; WOW64; rv:27.0) Gecko/20100101 Firefox/27.0"
80.123.96.46 - - [14/Mar/2017:15:19:09 +0100] "GET /gui/javascript/form_form.js?1489501149 HTTP/1.1" 304 - "http://ed.activities.at/entry.php?id=10270&" "Mozilla/5.0 (Windows NT 6.1; WOW64; rv:27.0) Gecko/20100101 Firefox/27.0"
80.123.96.46 - - [14/Mar/2017:15:19:09 +0100] "GET /gui/javascript/form_form.js?1489501149 HTTP/1.1" 304 - "http://ed.activities.at/entry.php?id=10273&" "Mozilla/5.0 (Windows NT 6.1; WOW64; rv:27.0) Gecko/20100101 Firefox/27.0"
80.123.96.46 - - [14/Mar/2017:15:19:15 +0100] "GET /gui/images/progressbar.gif HTTP/1.1" 200 2157 "http://ed.activities.at/entry.php?id=10272" "Mozilla/5.0 (Windows NT 6.1; WOW64; rv:27.0) Gecko/20100101 Firefox/27.0"
80.123.96.46 - - [14/Mar/2017:15:19:15 +0100] "POST /entry.php?id=10287& HTTP/1.1" 200 2279 "http://ed.activities.at/entry.php?id=10287" "Mozilla/5.0 (Windows NT 6.1; WOW64; rv:27.0) Gecko/20100101 Firefox/27.0"
80.123.96.46 - - [14/Mar/2017:15:19:16 +0100] "GET /gui/javascript/form_form.js?1489501156 HTTP/1.1" 200 16206 "http://ed.activities.at/entry.php?id=10287&" "Mozilla/5.0 (Windows NT 6.1; WOW64; rv:27.0) Gecko/20100101 Firefox/27.0"
80.123.96.46 - - [14/Mar/2017:15:19:16 +0100] "GET /entry.php?id=10273& HTTP/1.1" 200 2030 "http://ed.activities.at/entry.php?id=10287&" "Mozilla/5.0 (Windows NT 6.1; WOW64; rv:27.0) Gecko/20100101 Firefox/27.0"
80.123.96.46 - - [14/Mar/2017:15:19:16 +0100] "GET /gui/javascript/form_form.js?1489501156 HTTP/1.1" 304 - "http://ed.activities.at/entry.php?id=10273&" "Mozilla/5.0 (Windows NT 6.1; WOW64; rv:27.0) Gecko/20100101 Firefox/27.0"
80.123.96.46 - - [14/Mar/2017:15:19:16 +0100] "GET /framework/webfx/style/toolbar/images/cbback.gif HTTP/1.1" 404 314 "http://ed.activities.at/framework/webfx/style/toolbar/cb2.css" "Mozilla/5.0 (Windows NT 6.1; WOW64; rv:27.0) Gecko/20100101 Firefox/27.0"
80.123.96.46 - - [14/Mar/2017:15:19:16 +0100] "GET /entry.php?id=10270&__app__=10006038 HTTP/1.1" 200 1649 "http://ed.activities.at/entry.php?id=10273&" "Mozilla/5.0 (Windows NT 6.1; WOW64; rv:27.0) Gecko/20100101 Firefox/27.0"
80.123.96.46 - - [14/Mar/2017:15:19:16 +0100] "GET /entry.php?id=10271&UIN=5ebab242ca7d10280713c4362a0f408d HTTP/1.1" 200 986 "http://ed.activities.at/entry.php?id=10272" "Mozilla/5.0 (Windows NT 6.1; WOW64; rv:27.0) Gecko/20100101 Firefox/27.0"
80.123.96.46 - - [14/Mar/2017:15:19:17 +0100] "GET /gui/javascript/form_form.js?1489501156 HTTP/1.1" 304 - "http://ed.activities.at/entry.php?id=10270&__app__=10006038" "Mozilla/5.0 (Windows NT 6.1; WOW64; rv:27.0) Gecko/20100101 Firefox/27.0"
80.123.96.46 - - [14/Mar/2017:15:19:17 +0100] "GET /framework/webfx/javascript/navigation/crossbrowser.js HTTP/1.1" 200 1842 "http://ed.activities.at/entry.php?id=10270&__app__=10006038" "Mozilla/5.0 (Windows NT 6.1; WOW64; rv:27.0) Gecko/20100101 Firefox/27.0"
80.123.96.46 - - [14/Mar/2017:15:19:17 +0100] "GET /framework/webfx/javascript/navigation/outlook.js HTTP/1.1" 200 6351 "http://ed.activities.at/entry.php?id=10270&__app__=10006038" "Mozilla/5.0 (Windows NT 6.1; WOW64; rv:27.0) Gecko/20100101 Firefox/27.0"
80.123.96.46 - - [14/Mar/2017:15:19:17 +0100] "GET /gui/javascript/jquery/css/gui-themes/custom.min.css HTTP/1.1" 304 - "http://ed.activities.at/entry.php?id=10271&UIN=5ebab242ca7d10280713c4362a0f408d" "Mozilla/5.0 (Windows NT 6.1; WOW64; rv:27.0) Gecko/20100101 Firefox/27.0"
80.123.96.46 - - [14/Mar/2017:15:19:17 +0100] "GET /gui/javascript/jquery/css/gui-themes/jquery.tooltip.css HTTP/1.1" 304 - "http://ed.activities.at/entry.php?id=10271&UIN=5ebab242ca7d10280713c4362a0f408d" "Mozilla/5.0 (Windows NT 6.1; WOW64; rv:27.0) Gecko/20100101 Firefox/27.0"
80.123.96.46 - - [14/Mar/2017:15:19:17 +0100] "GET /gui/javascript/jquery/css/gui-themes/ui.spinner.css HTTP/1.1" 304 - "http://ed.activities.at/entry.php?id=10271&UIN=5ebab242ca7d10280713c4362a0f408d" "Mozilla/5.0 (Windows NT 6.1; WOW64; rv:27.0) Gecko/20100101 Firefox/27.0"
80.123.96.46 - - [14/Mar/2017:15:19:17 +0100] "GET /gui/styles/tmplDefault.css HTTP/1.1" 304 - "http://ed.activities.at/entry.php?id=10271&UIN=5ebab242ca7d10280713c4362a0f408d" "Mozilla/5.0 (Windows NT 6.1; WOW64; rv:27.0) Gecko/20100101 Firefox/27.0"
80.123.96.46 - - [14/Mar/2017:15:19:17 +0100] "GET /gui/javascript/form_form.js?1489501156 HTTP/1.1" 304 - "http://ed.activities.at/entry.php?id=10271&UIN=5ebab242ca7d10280713c4362a0f408d" "Mozilla/5.0 (Windows NT 6.1; WOW64; rv:27.0) Gecko/20100101 Firefox/27.0"
80.123.96.46 - - [14/Mar/2017:15:19:17 +0100] "GET /gui/javascript/jquery/js/jquery-1.8.2.js HTTP/1.1" 304 - "http://ed.activities.at/entry.php?id=10271&UIN=5ebab242ca7d10280713c4362a0f408d" "Mozilla/5.0 (Windows NT 6.1; WOW64; rv:27.0) Gecko/20100101 Firefox/27.0"
80.123.96.46 - - [14/Mar/2017:15:19:17 +0100] "GET /gui/javascript/jquery/js/jquery-ui-1.9.0.custom.min.js HTTP/1.1" 304 - "http://ed.activities.at/entry.php?id=10271&UIN=5ebab242ca7d10280713c4362a0f408d" "Mozilla/5.0 (Windows NT 6.1; WOW64; rv:27.0) Gecko/20100101 Firefox/27.0"
80.123.96.46 - - [14/Mar/2017:15:19:17 +0100] "GET /gui/javascript/jquery/jquery-tooltip/jquery.tooltip.min.js HTTP/1.1" 304 - "http://ed.activities.at/entry.php?id=10271&UIN=5ebab242ca7d10280713c4362a0f408d" "Mozilla/5.0 (Windows NT 6.1; WOW64; rv:27.0) Gecko/20100101 Firefox/27.0"
80.123.96.46 - - [14/Mar/2017:15:19:17 +0100] "GET /gui/images/icons/pers_einstellungen.gif HTTP/1.1" 200 1461 "http://ed.activities.at/entry.php?id=10270&__app__=10006038" "Mozilla/5.0 (Windows NT 6.1; WOW64; rv:27.0) Gecko/20100101 Firefox/27.0"
80.123.96.46 - - [14/Mar/2017:15:19:17 +0100] "GET /framework/icons/navigation/arrowup.gif HTTP/1.1" 200 407 "http://ed.activities.at/entry.php?id=10270&__app__=10006038" "Mozilla/5.0 (Windows NT 6.1; WOW64; rv:27.0) Gecko/20100101 Firefox/27.0"
80.123.96.46 - - [14/Mar/2017:15:19:17 +0100] "GET /framework/icons/navigation/arrowdown.gif HTTP/1.1" 200 424 "http://ed.activities.at/entry.php?id=10270&__app__=10006038" "Mozilla/5.0 (Windows NT 6.1; WOW64; rv:27.0) Gecko/20100101 Firefox/27.0"
80.123.96.46 - - [14/Mar/2017:15:19:17 +0100] "GET /gui/images/icons/i_firmen.gif HTTP/1.1" 200 1463 "http://ed.activities.at/entry.php?id=10270&__app__=10006038" "Mozilla/5.0 (Windows NT 6.1; WOW64; rv:27.0) Gecko/20100101 Firefox/27.0"
80.123.96.46 - - [14/Mar/2017:15:19:17 +0100] "GET /gui/images/icons/i_haendler_sollverteiler.gif HTTP/1.1" 200 1330 "http://ed.activities.at/entry.php?id=10270&__app__=10006038" "Mozilla/5.0 (Windows NT 6.1; WOW64; rv:27.0) Gecko/20100101 Firefox/27.0"
80.123.96.46 - - [14/Mar/2017:15:19:17 +0100] "GET /gui/images/icons/i_artikel.gif HTTP/1.1" 200 1765 "http://ed.activities.at/entry.php?id=10270&__app__=10006038" "Mozilla/5.0 (Windows NT 6.1; WOW64; rv:27.0) Gecko/20100101 Firefox/27.0"
80.123.96.46 - - [14/Mar/2017:15:19:17 +0100] "GET /gui/images/icons/i_aktionsreminder.gif HTTP/1.1" 200 2181 "http://ed.activities.at/entry.php?id=10270&__app__=10006038" "Mozilla/5.0 (Windows NT 6.1; WOW64; rv:27.0) Gecko/20100101 Firefox/27.0"
80.123.96.46 - - [14/Mar/2017:15:19:17 +0100] "GET /gui/images/icons/menumanagement.gif HTTP/1.1" 200 204 "http://ed.activities.at/entry.php?id=10270&__app__=10006038" "Mozilla/5.0 (Windows NT 6.1; WOW64; rv:27.0) Gecko/20100101 Firefox/27.0"
80.123.96.46 - - [14/Mar/2017:15:19:17 +0100] "GET /gui/images/icons/i_aktionen.gif HTTP/1.1" 200 1920 "http://ed.activities.at/entry.php?id=10270&__app__=10006038" "Mozilla/5.0 (Windows NT 6.1; WOW64; rv:27.0) Gecko/20100101 Firefox/27.0"
80.123.96.46 - - [14/Mar/2017:15:19:17 +0100] "GET /gui/images/icons/artikelbearbeitung_verfassung.gif HTTP/1.1" 200 1719 "http://ed.activities.at/entry.php?id=10270&__app__=10006038" "Mozilla/5.0 (Windows NT 6.1; WOW64; rv:27.0) Gecko/20100101 Firefox/27.0"
80.123.96.46 - - [14/Mar/2017:15:19:17 +0100] "GET /undefined HTTP/1.1" 404 285 "http://ed.activities.at/entry.php?id=10270&__app__=10006038" "Mozilla/5.0 (Windows NT 6.1; WOW64; rv:27.0) Gecko/20100101 Firefox/27.0"
212.108.43.59 - - [14/Mar/2017:15:19:19 +0100] "GET /entry.php?id=10271&&ser=501099 HTTP/1.1" 200 986 "http://ed.activities.at/entry.php?id=10271&&ser=501038" "Mozilla/5.0 (Windows NT 10.0; Win64; x64) AppleWebKit/537.36 (KHTML, like Gecko) Chrome/56.0.2924.87 Safari/537.36"
212.108.43.59 - - [14/Mar/2017:15:19:20 +0100] "GET /gui/javascript/form_form.js?1489501160 HTTP/1.1" 200 16206 "http://ed.activities.at/entry.php?id=10271&&ser=501099" "Mozilla/5.0 (Windows NT 10.0; Win64; x64) AppleWebKit/537.36 (KHTML, like Gecko) Chrome/56.0.2924.87 Safari/537.36"
80.123.96.46 - - [14/Mar/2017:15:19:20 +0100] "GET /entry.php?id=11670 HTTP/1.1" 200 320 "http://ed.activities.at/entry.php?id=10270&__app__=10006038" "Mozilla/5.0 (Windows NT 6.1; WOW64; rv:27.0) Gecko/20100101 Firefox/27.0"
