90.152.128.107 - - [14/Mar/2017:15:05:46 +0100] "GET /gui/javascript/jquery/css/gui-themes/custom.min.css HTTP/1.1" 304 - "http://ed.activities.at/entry.php?id=10271&&ser=500259" "Mozilla/5.0 (Windows NT 10.0; WOW64; rv:51.0) Gecko/20100101 Firefox/51.0"
90.152.128.107 - - [14/Mar/2017:15:05:46 +0100] "GET /gui/javascript/jquery/css/gui-themes/ui.spinner.css HTTP/1.1" 304 - "http://ed.activities.at/entry.php?id=10271&&ser=500259" "Mozilla/5.0 (Windows NT 10.0; WOW64; rv:51.0) Gecko/20100101 Firefox/51.0"
90.152.128.107 - - [14/Mar/2017:15:05:46 +0100] "GET /gui/javascript/jquery/css/gui-themes/jquery.tooltip.css HTTP/1.1" 304 - "http://ed.activities.at/entry.php?id=10271&&ser=500259" "Mozilla/5.0 (Windows NT 10.0; WOW64; rv:51.0) Gecko/20100101 Firefox/51.0"
90.152.128.107 - - [14/Mar/2017:15:05:46 +0100] "GET /gui/styles/tmplDefault.css HTTP/1.1" 304 - "http://ed.activities.at/entry.php?id=10271&&ser=500259" "Mozilla/5.0 (Windows NT 10.0; WOW64; rv:51.0) Gecko/20100101 Firefox/51.0"
90.152.128.107 - - [14/Mar/2017:15:05:46 +0100] "GET /gui/javascript/form_form.js?1489500346 HTTP/1.1" 304 - "http://ed.activities.at/entry.php?id=10271&&ser=500259" "Mozilla/5.0 (Windows NT 10.0; WOW64; rv:51.0) Gecko/20100101 Firefox/51.0"
90.152.128.107 - - [14/Mar/2017:15:05:46 +0100] "GET /gui/javascript/jquery/js/jquery-1.8.2.js HTTP/1.1" 304 - "http://ed.activities.at/entry.php?id=10271&&ser=500259" "Mozilla/5.0 (Windows NT 10.0; WOW64; rv:51.0) Gecko/20100101 Firefox/51.0"
90.152.128.107 - - [14/Mar/2017:15:05:46 +0100] "GET /gui/javascript/jquery/js/jquery-ui-1.9.0.custom.min.js HTTP/1.1" 304 - "http://ed.activities.at/entry.php?id=10271&&ser=500259" "Mozilla/5.0 (Windows NT 10.0; WOW64; rv:51.0) Gecko/20100101 Firefox/51.0"
90.152.128.107 - - [14/Mar/2017:15:05:46 +0100] "GET /gui/javascript/jquery/jquery-tooltip/jquery.tooltip.min.js HTTP/1.1" 304 - "http://ed.activities.at/entry.php?id=10271&&ser=500259" "Mozilla/5.0 (Windows NT 10.0; WOW64; rv:51.0) Gecko/20100101 Firefox/51.0"
212.108.43.59 - - [14/Mar/2017:15:05:46 +0100] "GET /entry.php?id=10271&&ser=500286 HTTP/1.1" 200 986 "http://ed.activities.at/entry.php?id=10271&&ser=500226" "Mozilla/5.0 (Windows NT 10.0; Win64; x64) AppleWebKit/537.36 (KHTML, like Gecko) Chrome/56.0.2924.87 Safari/537.36"
212.108.43.59 - - [14/Mar/2017:15:05:47 +0100] "GET /gui/javascript/form_form.js?1489500347 HTTP/1.1" 200 16206 "http://ed.activities.at/entry.php?id=10271&&ser=500286" "Mozilla/5.0 (Windows NT 10.0; Win64; x64) AppleWebKit/537.36 (KHTML, like Gecko) Chrome/56.0.2924.87 Safari/537.36"
90.152.128.107 - - [14/Mar/2017:15:05:51 +0100] "GET /entry.php?id=11585 HTTP/1.1" 200 229 "http://ed.activities.at/entry.php?id=10270&&__app__=10006038" "Mozilla/5.0 (Windows NT 10.0; WOW64; rv:51.0) Gecko/20100101 Firefox/51.0"
90.152.128.107 - - [14/Mar/2017:15:05:51 +0100] "GET /entry.php?id=10676&title=Artikelgruppen%20& HTTP/1.1" 200 1395 "http://ed.activities.at/entry.php?id=11585" "Mozilla/5.0 (Windows NT 10.0; WOW64; rv:51.0) Gecko/20100101 Firefox/51.0"
90.152.128.107 - - [14/Mar/2017:15:05:51 +0100] "GET /gui/javascript/form_form.js?1489500351 HTTP/1.1" 200 16206 "http://ed.activities.at/entry.php?id=10676&title=Artikelgruppen%20&" "Mozilla/5.0 (Windows NT 10.0; WOW64; rv:51.0) Gecko/20100101 Firefox/51.0"
90.152.128.107 - - [14/Mar/2017:15:05:51 +0100] "GET /entry.php?id=11583& HTTP/1.1" 200 2997 "http://ed.activities.at/entry.php?id=11585" "Mozilla/5.0 (Windows NT 10.0; WOW64; rv:51.0) Gecko/20100101 Firefox/51.0"
90.152.128.107 - - [14/Mar/2017:15:05:52 +0100] "GET /gui/javascript/form_form.js?1489500352 HTTP/1.1" 200 16206 "http://ed.activities.at/entry.php?id=11583&" "Mozilla/5.0 (Windows NT 10.0; WOW64; rv:51.0) Gecko/20100101 Firefox/51.0"
90.152.128.107 - - [14/Mar/2017:15:05:52 +0100] "GET /activities/framework/KoolControls/KoolAjax/koolajax.php?8436e354c842500aba3cbaf0584c0c24 HTTP/1.1" 200 4079 "http://ed.activities.at/entry.php?id=11583&" "Mozilla/5.0 (Windows NT 10.0; WOW64; rv:51.0) Gecko/20100101 Firefox/51.0"
90.152.128.107 - - [14/Mar/2017:15:05:52 +0100] "GET /gui/javascript/form_articlegroup.js?s=1212 HTTP/1.1" 200 3196 "http://ed.activities.at/entry.php?id=11583&" "Mozilla/5.0 (Windows NT 10.0; WOW64; rv:51.0) Gecko/20100101 Firefox/51.0"
90.152.128.107 - - [14/Mar/2017:15:05:52 +0100] "GET /activities/framework/KoolControls/KoolTreeView/icons/i_artikelgruppen.gif HTTP/1.1" 200 1044 "http://ed.activities.at/entry.php?id=11583&" "Mozilla/5.0 (Windows NT 10.0; WOW64; rv:51.0) Gecko/20100101 Firefox/51.0"
90.152.128.107 - - [14/Mar/2017:15:05:51 +0100] "GET /entry.php?id=11584& HTTP/1.1" 200 4062 "http://ed.activities.at/entry.php?id=11585" "Mozilla/5.0 (Windows NT 10.0; WOW64; rv:51.0) Gecko/20100101 Firefox/51.0"
90.152.128.107 - - [14/Mar/2017:15:05:52 +0100] "GET /activities/framework/KoolControls/KoolTreeView/kooltreeview.php?c7cd9180e88ffef8e70f13526bb4f5f7 HTTP/1.1" 200 5055 "http://ed.activities.at/entry.php?id=11583&" "Mozilla/5.0 (Windows NT 10.0; WOW64; rv:51.0) Gecko/20100101 Firefox/51.0"
90.152.128.107 - - [14/Mar/2017:15:05:53 +0100] "GET /entry.php?id=10778&form=11408&name=list& HTTP/1.1" 200 2516 "http://ed.activities.at/entry.php?id=11584&" "Mozilla/5.0 (Windows NT 10.0; WOW64; rv:51.0) Gecko/20100101 Firefox/51.0"
90.152.128.107 - - [14/Mar/2017:15:05:53 +0100] "GET /entry.php?id=10776&form=11408&name=list& HTTP/1.1" 200 1558 "http://ed.activities.at/entry.php?id=11584&" "Mozilla/5.0 (Windows NT 10.0; WOW64; rv:51.0) Gecko/20100101 Firefox/51.0"
90.152.128.107 - - [14/Mar/2017:15:05:53 +0100] "GET /gui/images/icons/disabled_order.gif HTTP/1.1" 200 358 "http://ed.activities.at/entry.php?id=10778&form=11408&name=list&" "Mozilla/5.0 (Windows NT 10.0; WOW64; rv:51.0) Gecko/20100101 Firefox/51.0"
212.108.43.59 - - [14/Mar/2017:15:05:55 +0100] "GET /entry.php?id=10287&login=1 HTTP/1.1" 200 2980 "http://ed.activities.at/entry.php?id=10273" "Mozilla/5.0 (Windows NT 10.0; Win64; x64) AppleWebKit/537.36 (KHTML, like Gecko) Chrome/56.0.2924.87 Safari/537.36"
212.108.43.59 - - [14/Mar/2017:15:05:55 +0100] "GET /gui/javascript/form_form.js?1489500355 HTTP/1.1" 200 16206 "http://ed.activities.at/entry.php?id=10287&login=1" "Mozilla/5.0 (Windows NT 10.0; Win64; x64) AppleWebKit/537.36 (KHTML, like Gecko) Chrome/56.0.2924.87 Safari/537.36"
90.152.128.107 - - [14/Mar/2017:15:05:57 +0100] "POST /entry.php?id=11584 HTTP/1.1" 200 4234 "http://ed.activities.at/entry.php?id=11584&" "Mozilla/5.0 (Windows NT 10.0; WOW64; rv:51.0) Gecko/20100101 Firefox/51.0"
90.152.128.107 - - [14/Mar/2017:15:05:57 +0100] "GET /gui/javascript/form_form.js?1489500357 HTTP/1.1" 200 16206 "http://ed.activities.at/entry.php?id=11584" "Mozilla/5.0 (Windows NT 10.0; WOW64; rv:51.0) Gecko/20100101 Firefox/51.0"
90.152.128.107 - - [14/Mar/2017:15:05:57 +0100] "GET /entry.php?id=10776&form=11408&name=list& HTTP/1.1" 200 1585 "http://ed.activities.at/entry.php?id=11584" "Mozilla/5.0 (Windows NT 10.0; WOW64; rv:51.0) Gecko/20100101 Firefox/51.0"
90.152.128.107 - - [14/Mar/2017:15:05:57 +0100] "GET /entry.php?id=10778&form=11408&name=list& HTTP/1.1" 200 3277 "http://ed.activities.at/entry.php?id=11584" "Mozilla/5.0 (Windows NT 10.0; WOW64; rv:51.0) Gecko/20100101 Firefox/51.0"
90.152.128.107 - - [14/Mar/2017:15:05:58 +0100] "GET /gui/images/icons/order.gif HTTP/1.1" 200 353 "http://ed.activities.at/entry.php?id=10778&form=11408&name=list&" "Mozilla/5.0 (Windows NT 10.0; WOW64; rv:51.0) Gecko/20100101 Firefox/51.0"
90.152.128.107 - - [14/Mar/2017:15:05:58 +0100] "GET /gui/images/icons/no_order.gif HTTP/1.1" 200 595 "http://ed.activities.at/entry.php?id=10778&form=11408&name=list&" "Mozilla/5.0 (Windows NT 10.0; WOW64; rv:51.0) Gecko/20100101 Firefox/51.0"
90.152.128.107 - - [14/Mar/2017:15:06:00 +0100] "POST /entry.php?id=11584 HTTP/1.1" 200 3144 "http://ed.activities.at/entry.php?id=11584" "Mozilla/5.0 (Windows NT 10.0; WOW64; rv:51.0) Gecko/20100101 Firefox/51.0"
90.152.128.107 - - [14/Mar/2017:15:06:01 +0100] "GET /gui/javascript/form_form.js?1489500360 HTTP/1.1" 200 16206 "http://ed.activities.at/entry.php?id=11584" "Mozilla/5.0 (Windows NT 10.0; WOW64; rv:51.0) Gecko/20100101 Firefox/51.0"
90.152.128.107 - - [14/Mar/2017:15:06:01 +0100] "GET /entry.php?id=10776&form=11408&name=list& HTTP/1.1" 200 1693 "http://ed.activities.at/entry.php?id=11584" "Mozilla/5.0 (Windows NT 10.0; WOW64; rv:51.0) Gecko/20100101 Firefox/51.0"
90.152.128.107 - - [14/Mar/2017:15:06:01 +0100] "GET /gui/images/icons/view_grid.gif HTTP/1.1" 304 - "http://ed.activities.at/entry.php?id=10776&form=11408&name=list&" "Mozilla/5.0 (Windows NT 10.0; WOW64; rv:51.0) Gecko/20100101 Firefox/51.0"
90.152.128.107 - - [14/Mar/2017:15:06:01 +0100] "GET /entry.php?id=10683 HTTP/1.1" 200 991 "http://ed.activities.at/entry.php?id=11584" "Mozilla/5.0 (Windows NT 10.0; WOW64; rv:51.0) Gecko/20100101 Firefox/51.0"
90.152.128.107 - - [14/Mar/2017:15:06:01 +0100] "GET /entry.php?id=10778&form=11408&name=list& HTTP/1.1" 200 3884 "http://ed.activities.at/entry.php?id=11584" "Mozilla/5.0 (Windows NT 10.0; WOW64; rv:51.0) Gecko/20100101 Firefox/51.0"
90.152.128.107 - - [14/Mar/2017:15:06:02 +0100] "GET /gui/javascript/form_form.js?1489500361 HTTP/1.1" 200 16206 "http://ed.activities.at/entry.php?id=10683" "Mozilla/5.0 (Windows NT 10.0; WOW64; rv:51.0) Gecko/20100101 Firefox/51.0"
90.152.128.107 - - [14/Mar/2017:15:06:02 +0100] "GET /cache/emu/images/easy-drivers-portal10227563/pkw1jpg_16_6.jpg HTTP/1.1" 200 748 "http://ed.activities.at/entry.php?id=10778&form=11408&name=list&" "Mozilla/5.0 (Windows NT 10.0; WOW64; rv:51.0) Gecko/20100101 Firefox/51.0"
90.152.128.107 - - [14/Mar/2017:15:06:02 +0100] "GET /cache/emu/images/easy-drivers-portal10227560/pkw3jpg_16_6.jpg HTTP/1.1" 200 753 "http://ed.activities.at/entry.php?id=10778&form=11408&name=list&" "Mozilla/5.0 (Windows NT 10.0; WOW64; rv:51.0) Gecko/20100101 Firefox/51.0"
90.152.128.107 - - [14/Mar/2017:15:06:02 +0100] "GET /cache/emu/images/easy-drivers-portal10227562/pkw4jpg_16_6.jpg HTTP/1.1" 200 756 "http://ed.activities.at/entry.php?id=10778&form=11408&name=list&" "Mozilla/5.0 (Windows NT 10.0; WOW64; rv:51.0) Gecko/20100101 Firefox/51.0"
90.152.128.107 - - [14/Mar/2017:15:06:02 +0100] "GET /cache/emu/images/easy-drivers-portal10227559/pkw5jpg_16_6_1.jpg HTTP/1.1" 200 756 "http://ed.activities.at/entry.php?id=10778&form=11408&name=list&" "Mozilla/5.0 (Windows NT 10.0; WOW64; rv:51.0) Gecko/20100101 Firefox/51.0"
90.152.128.107 - - [14/Mar/2017:15:06:02 +0100] "GET /cache/emu/images/easy-drivers-portal10279775/pkw7jpg_16_6_0.jpg HTTP/1.1" 200 752 "http://ed.activities.at/entry.php?id=10778&form=11408&name=list&" "Mozilla/5.0 (Windows NT 10.0; WOW64; rv:51.0) Gecko/20100101 Firefox/51.0"
90.152.128.107 - - [14/Mar/2017:15:06:02 +0100] "GET /cache/emu/images/easy-drivers-portal10279776/pkw8jpg_16_6_0.jpg HTTP/1.1" 200 748 "http://ed.activities.at/entry.php?id=10778&form=11408&name=list&" "Mozilla/5.0 (Windows NT 10.0; WOW64; rv:51.0) Gecko/20100101 Firefox/51.0"
90.152.128.107 - - [14/Mar/2017:15:06:02 +0100] "GET /cache/emu/images/easy-drivers-portal10279777/pkw9jpg_16_6_0.jpg HTTP/1.1" 200 740 "http://ed.activities.at/entry.php?id=10778&form=11408&name=list&" "Mozilla/5.0 (Windows NT 10.0; WOW64; rv:51.0) Gecko/20100101 Firefox/51.0"
90.152.128.107 - - [14/Mar/2017:15:06:02 +0100] "GET /framework/icons/rowup.gif HTTP/1.1" 200 60 "http://ed.activities.at/entry.php?id=10778&form=11408&name=list&" "Mozilla/5.0 (Windows NT 10.0; WOW64; rv:51.0) Gecko/20100101 Firefox/51.0"
90.152.128.107 - - [14/Mar/2017:15:06:02 +0100] "GET /framework/icons/rowdown.gif HTTP/1.1" 200 60 "http://ed.activities.at/entry.php?id=10778&form=11408&name=list&" "Mozilla/5.0 (Windows NT 10.0; WOW64; rv:51.0) Gecko/20100101 Firefox/51.0"
90.152.128.107 - - [14/Mar/2017:15:06:02 +0100] "GET /gui/images/emulogo.jpg HTTP/1.1" 200 80752 "http://ed.activities.at/entry.php?id=10683" "Mozilla/5.0 (Windows NT 10.0; WOW64; rv:51.0) Gecko/20100101 Firefox/51.0"
212.108.43.59 - - [14/Mar/2017:15:06:04 +0100] "POST /entry.php?id=10287& HTTP/1.1" 200 3052 "http://ed.activities.at/entry.php?id=10287&login=1" "Mozilla/5.0 (Windows NT 10.0; Win64; x64) AppleWebKit/537.36 (KHTML, like Gecko) Chrome/56.0.2924.87 Safari/537.36"
212.108.43.59 - - [14/Mar/2017:15:06:04 +0100] "GET /gui/javascript/form_form.js?1489500364 HTTP/1.1" 200 16206 "http://ed.activities.at/entry.php?id=10287&" "Mozilla/5.0 (Windows NT 10.0; Win64; x64) AppleWebKit/537.36 (KHTML, like Gecko) Chrome/56.0.2924.87 Safari/537.36"
212.108.43.59 - - [14/Mar/2017:15:06:04 +0100] "GET /entry.php?id=10271&&ser=500286 HTTP/1.1" 200 985 "http://ed.activities.at/entry.php?id=10271&&ser=500286" "Mozilla/5.0 (Windows NT 10.0; Win64; x64) AppleWebKit/537.36 (KHTML, like Gecko) Chrome/56.0.2924.87 Safari/537.36"
212.108.43.59 - - [14/Mar/2017:15:06:04 +0100] "GET /gui/javascript/jquery/css/gui-themes/custom.min.css HTTP/1.1" 304 - "http://ed.activities.at/entry.php?id=10271&&ser=500286" "Mozilla/5.0 (Windows NT 10.0; Win64; x64) AppleWebKit/537.36 (KHTML, like Gecko) Chrome/56.0.2924.87 Safari/537.36"
212.108.43.59 - - [14/Mar/2017:15:06:04 +0100] "GET /gui/javascript/jquery/css/gui-themes/jquery.tooltip.css HTTP/1.1" 304 - "http://ed.activities.at/entry.php?id=10271&&ser=500286" "Mozilla/5.0 (Windows NT 10.0; Win64; x64) AppleWebKit/537.36 (KHTML, like Gecko) Chrome/56.0.2924.87 Safari/537.36"
212.108.43.59 - - [14/Mar/2017:15:06:04 +0100] "GET /gui/javascript/jquery/css/gui-themes/ui.spinner.css HTTP/1.1" 304 - "http://ed.activities.at/entry.php?id=10271&&ser=500286" "Mozilla/5.0 (Windows NT 10.0; Win64; x64) AppleWebKit/537.36 (KHTML, like Gecko) Chrome/56.0.2924.87 Safari/537.36"
212.108.43.59 - - [14/Mar/2017:15:06:04 +0100] "GET /gui/javascript/form_form.js?1489500364 HTTP/1.1" 304 - "http://ed.activities.at/entry.php?id=10271&&ser=500286" "Mozilla/5.0 (Windows NT 10.0; Win64; x64) AppleWebKit/537.36 (KHTML, like Gecko) Chrome/56.0.2924.87 Safari/537.36"
212.108.43.59 - - [14/Mar/2017:15:06:04 +0100] "GET /gui/styles/tmplDefault.css HTTP/1.1" 304 - "http://ed.activities.at/entry.php?id=10271&&ser=500286" "Mozilla/5.0 (Windows NT 10.0; Win64; x64) AppleWebKit/537.36 (KHTML, like Gecko) Chrome/56.0.2924.87 Safari/537.36"
212.108.43.59 - - [14/Mar/2017:15:06:04 +0100] "GET /gui/javascript/jquery/js/jquery-1.8.2.js HTTP/1.1" 304 - "http://ed.activities.at/entry.php?id=10271&&ser=500286" "Mozilla/5.0 (Windows NT 10.0; Win64; x64) AppleWebKit/537.36 (KHTML, like Gecko) Chrome/56.0.2924.87 Safari/537.36"
212.108.43.59 - - [14/Mar/2017:15:06:04 +0100] "GET /gui/javascript/jquery/js/jquery-ui-1.9.0.custom.min.js HTTP/1.1" 304 - "http://ed.activities.at/entry.php?id=10271&&ser=500286" "Mozilla/5.0 (Windows NT 10.0; Win64; x64) AppleWebKit/537.36 (KHTML, like Gecko) Chrome/56.0.2924.87 Safari/537.36"
212.108.43.59 - - [14/Mar/2017:15:06:04 +0100] "GET /gui/javascript/jquery/jquery-tooltip/jquery.tooltip.min.js HTTP/1.1" 304 - "http://ed.activities.at/entry.php?id=10271&&ser=500286" "Mozilla/5.0 (Windows NT 10.0; Win64; x64) AppleWebKit/537.36 (KHTML, like Gecko) Chrome/56.0.2924.87 Safari/537.36"
212.108.43.59 - - [14/Mar/2017:15:06:06 +0100] "GET /entry.php?id=11670 HTTP/1.1" 200 320 "http://ed.activities.at/entry.php?id=10270&__app__=10006038" "Mozilla/5.0 (Windows NT 10.0; Win64; x64) AppleWebKit/537.36 (KHTML, like Gecko) Chrome/56.0.2924.87 Safari/537.36"
212.108.43.59 - - [14/Mar/2017:15:06:07 +0100] "GET /entry.php?id=11669& HTTP/1.1" 200 2281 "http://ed.activities.at/entry.php?id=11670" "Mozilla/5.0 (Windows NT 10.0; Win64; x64) AppleWebKit/537.36 (KHTML, like Gecko) Chrome/56.0.2924.87 Safari/537.36"
212.108.43.59 - - [14/Mar/2017:15:06:07 +0100] "GET /gui/javascript/form_form.js?1489500367 HTTP/1.1" 200 16206 "http://ed.activities.at/entry.php?id=11669&" "Mozilla/5.0 (Windows NT 10.0; Win64; x64) AppleWebKit/537.36 (KHTML, like Gecko) Chrome/56.0.2924.87 Safari/537.36"
212.108.43.59 - - [14/Mar/2017:15:06:07 +0100] "GET /entry.php?id=11668& HTTP/1.1" 200 3239 "http://ed.activities.at/entry.php?id=11670" "Mozilla/5.0 (Windows NT 10.0; Win64; x64) AppleWebKit/537.36 (KHTML, like Gecko) Chrome/56.0.2924.87 Safari/537.36"
212.108.43.59 - - [14/Mar/2017:15:06:07 +0100] "GET /entry.php?id=10778&form=11494&name=list& HTTP/1.1" 200 4833 "http://ed.activities.at/entry.php?id=11669&" "Mozilla/5.0 (Windows NT 10.0; Win64; x64) AppleWebKit/537.36 (KHTML, like Gecko) Chrome/56.0.2924.87 Safari/537.36"
212.108.43.59 - - [14/Mar/2017:15:06:08 +0100] "GET /gui/javascript/form_form.js?1489500368 HTTP/1.1" 200 16206 "http://ed.activities.at/entry.php?id=11668&" "Mozilla/5.0 (Windows NT 10.0; Win64; x64) AppleWebKit/537.36 (KHTML, like Gecko) Chrome/56.0.2924.87 Safari/537.36"
212.108.43.59 - - [14/Mar/2017:15:06:07 +0100] "GET /entry.php?id=10676&&title=Produkte HTTP/1.1" 200 1387 "http://ed.activities.at/entry.php?id=11670" "Mozilla/5.0 (Windows NT 10.0; Win64; x64) AppleWebKit/537.36 (KHTML, like Gecko) Chrome/56.0.2924.87 Safari/537.36"
212.108.43.59 - - [14/Mar/2017:15:06:07 +0100] "GET /entry.php?id=10776&form=11494&name=list& HTTP/1.1" 200 1993 "http://ed.activities.at/entry.php?id=11669&" "Mozilla/5.0 (Windows NT 10.0; Win64; x64) AppleWebKit/537.36 (KHTML, like Gecko) Chrome/56.0.2924.87 Safari/537.36"
212.108.43.59 - - [14/Mar/2017:15:06:15 +0100] "GET /entry.php?id=11585 HTTP/1.1" 200 229 "http://ed.activities.at/entry.php?id=10270&__app__=10006038" "Mozilla/5.0 (Windows NT 10.0; Win64; x64) AppleWebKit/537.36 (KHTML, like Gecko) Chrome/56.0.2924.87 Safari/537.36"
212.108.43.59 - - [14/Mar/2017:15:06:15 +0100] "GET /entry.php?id=11584& HTTP/1.1" 200 4059 "http://ed.activities.at/entry.php?id=11585" "Mozilla/5.0 (Windows NT 10.0; Win64; x64) AppleWebKit/537.36 (KHTML, like Gecko) Chrome/56.0.2924.87 Safari/537.36"
212.108.43.59 - - [14/Mar/2017:15:06:15 +0100] "GET /gui/javascript/form_form.js?1489500375 HTTP/1.1" 200 16206 "http://ed.activities.at/entry.php?id=11584&" "Mozilla/5.0 (Windows NT 10.0; Win64; x64) AppleWebKit/537.36 (KHTML, like Gecko) Chrome/56.0.2924.87 Safari/537.36"
212.108.43.59 - - [14/Mar/2017:15:06:15 +0100] "GET /entry.php?id=11583& HTTP/1.1" 200 2996 "http://ed.activities.at/entry.php?id=11585" "Mozilla/5.0 (Windows NT 10.0; Win64; x64) AppleWebKit/537.36 (KHTML, like Gecko) Chrome/56.0.2924.87 Safari/537.36"
212.108.43.59 - - [14/Mar/2017:15:06:16 +0100] "GET /activities/framework/KoolControls/KoolAjax/koolajax.php?8436e354c842500aba3cbaf0584c0c24 HTTP/1.1" 200 4079 "http://ed.activities.at/entry.php?id=11583&" "Mozilla/5.0 (Windows NT 10.0; Win64; x64) AppleWebKit/537.36 (KHTML, like Gecko) Chrome/56.0.2924.87 Safari/537.36"
212.108.43.59 - - [14/Mar/2017:15:06:16 +0100] "GET /gui/javascript/form_form.js?1489500376 HTTP/1.1" 200 16206 "http://ed.activities.at/entry.php?id=11583&" "Mozilla/5.0 (Windows NT 10.0; Win64; x64) AppleWebKit/537.36 (KHTML, like Gecko) Chrome/56.0.2924.87 Safari/537.36"
212.108.43.59 - - [14/Mar/2017:15:06:15 +0100] "GET /entry.php?id=10676&title=Artikelgruppen%20& HTTP/1.1" 200 1392 "http://ed.activities.at/entry.php?id=11585" "Mozilla/5.0 (Windows NT 10.0; Win64; x64) AppleWebKit/537.36 (KHTML, like Gecko) Chrome/56.0.2924.87 Safari/537.36"
212.108.43.59 - - [14/Mar/2017:15:06:16 +0100] "GET /entry.php?id=10776&form=11408&name=list& HTTP/1.1" 200 1461 "http://ed.activities.at/entry.php?id=11584&" "Mozilla/5.0 (Windows NT 10.0; Win64; x64) AppleWebKit/537.36 (KHTML, like Gecko) Chrome/56.0.2924.87 Safari/537.36"
212.108.43.59 - - [14/Mar/2017:15:06:16 +0100] "GET /entry.php?id=10778&form=11408&name=list& HTTP/1.1" 200 2516 "http://ed.activities.at/entry.php?id=11584&" "Mozilla/5.0 (Windows NT 10.0; Win64; x64) AppleWebKit/537.36 (KHTML, like Gecko) Chrome/56.0.2924.87 Safari/537.36"
212.108.43.59 - - [14/Mar/2017:15:06:16 +0100] "GET /activities/framework/KoolControls/KoolTreeView/kooltreeview.php?c7cd9180e88ffef8e70f13526bb4f5f7 HTTP/1.1" 200 5055 "http://ed.activities.at/entry.php?id=11583&" "Mozilla/5.0 (Windows NT 10.0; Win64; x64) AppleWebKit/537.36 (KHTML, like Gecko) Chrome/56.0.2924.87 Safari/537.36"
90.152.128.107 - - [14/Mar/2017:15:06:17 +0100] "POST /entry.php?id=11584 HTTP/1.1" 200 3144 "http://ed.activities.at/entry.php?id=11584" "Mozilla/5.0 (Windows NT 10.0; WOW64; rv:51.0) Gecko/20100101 Firefox/51.0"
90.152.128.107 - - [14/Mar/2017:15:06:17 +0100] "GET /gui/javascript/form_form.js?1489500377 HTTP/1.1" 200 16206 "http://ed.activities.at/entry.php?id=11584" "Mozilla/5.0 (Windows NT 10.0; WOW64; rv:51.0) Gecko/20100101 Firefox/51.0"
90.152.128.107 - - [14/Mar/2017:15:06:18 +0100] "GET /entry.php?id=10776&form=11408&name=list& HTTP/1.1" 200 1693 "http://ed.activities.at/entry.php?id=11584" "Mozilla/5.0 (Windows NT 10.0; WOW64; rv:51.0) Gecko/20100101 Firefox/51.0"
90.152.128.107 - - [14/Mar/2017:15:06:18 +0100] "GET /entry.php?id=10683 HTTP/1.1" 200 992 "http://ed.activities.at/entry.php?id=11584" "Mozilla/5.0 (Windows NT 10.0; WOW64; rv:51.0) Gecko/20100101 Firefox/51.0"
90.152.128.107 - - [14/Mar/2017:15:06:18 +0100] "GET /entry.php?id=10778&form=11408&name=list& HTTP/1.1" 200 3641 "http://ed.activities.at/entry.php?id=11584" "Mozilla/5.0 (Windows NT 10.0; WOW64; rv:51.0) Gecko/20100101 Firefox/51.0"
90.152.128.107 - - [14/Mar/2017:15:06:18 +0100] "GET /cache/emu/images/easy-drivers-portal10227553/motorrad4jpg_16_6.jpg HTTP/1.1" 200 754 "http://ed.activities.at/entry.php?id=10778&form=11408&name=list&" "Mozilla/5.0 (Windows NT 10.0; WOW64; rv:51.0) Gecko/20100101 Firefox/51.0"
90.152.128.107 - - [14/Mar/2017:15:06:18 +0100] "GET /cache/emu/images/easy-drivers-portal10227551/motorrad7jpg_16_6.jpg HTTP/1.1" 200 759 "http://ed.activities.at/entry.php?id=10778&form=11408&name=list&" "Mozilla/5.0 (Windows NT 10.0; WOW64; rv:51.0) Gecko/20100101 Firefox/51.0"
90.152.128.107 - - [14/Mar/2017:15:06:18 +0100] "GET /cache/emu/images/easy-drivers-portal10227557/motorrad1jpg_16_6.jpg HTTP/1.1" 200 755 "http://ed.activities.at/entry.php?id=10778&form=11408&name=list&" "Mozilla/5.0 (Windows NT 10.0; WOW64; rv:51.0) Gecko/20100101 Firefox/51.0"
90.152.128.107 - - [14/Mar/2017:15:06:18 +0100] "GET /cache/emu/images/easy-drivers-portal10279773/motorrad8jpg_16_6_0.jpg HTTP/1.1" 200 737 "http://ed.activities.at/entry.php?id=10778&form=11408&name=list&" "Mozilla/5.0 (Windows NT 10.0; WOW64; rv:51.0) Gecko/20100101 Firefox/51.0"
90.152.128.107 - - [14/Mar/2017:15:06:18 +0100] "GET /cache/emu/images/easy-drivers-portal10279774/motorrad9jpg_16_6_0.jpg HTTP/1.1" 200 737 "http://ed.activities.at/entry.php?id=10778&form=11408&name=list&" "Mozilla/5.0 (Windows NT 10.0; WOW64; rv:51.0) Gecko/20100101 Firefox/51.0"
90.152.128.107 - - [14/Mar/2017:15:06:18 +0100] "GET /gui/javascript/form_form.js?1489500378 HTTP/1.1" 200 16206 "http://ed.activities.at/entry.php?id=10683" "Mozilla/5.0 (Windows NT 10.0; WOW64; rv:51.0) Gecko/20100101 Firefox/51.0"
212.108.43.59 - - [14/Mar/2017:15:06:19 +0100] "POST /entry.php?id=11584 HTTP/1.1" 200 4231 "http://ed.activities.at/entry.php?id=11584&" "Mozilla/5.0 (Windows NT 10.0; Win64; x64) AppleWebKit/537.36 (KHTML, like Gecko) Chrome/56.0.2924.87 Safari/537.36"
212.108.43.59 - - [14/Mar/2017:15:06:20 +0100] "GET /gui/javascript/form_form.js?1489500379 HTTP/1.1" 200 16206 "http://ed.activities.at/entry.php?id=11584" "Mozilla/5.0 (Windows NT 10.0; Win64; x64) AppleWebKit/537.36 (KHTML, like Gecko) Chrome/56.0.2924.87 Safari/537.36"
212.108.43.59 - - [14/Mar/2017:15:06:20 +0100] "GET /entry.php?id=10778&form=11408&name=list& HTTP/1.1" 200 3191 "http://ed.activities.at/entry.php?id=11584" "Mozilla/5.0 (Windows NT 10.0; Win64; x64) AppleWebKit/537.36 (KHTML, like Gecko) Chrome/56.0.2924.87 Safari/537.36"
212.108.43.59 - - [14/Mar/2017:15:06:20 +0100] "GET /gui/images/icons/no_order.gif HTTP/1.1" 200 595 "http://ed.activities.at/entry.php?id=10778&form=11408&name=list&" "Mozilla/5.0 (Windows NT 10.0; Win64; x64) AppleWebKit/537.36 (KHTML, like Gecko) Chrome/56.0.2924.87 Safari/537.36"
212.108.43.59 - - [14/Mar/2017:15:06:20 +0100] "GET /entry.php?id=10776&form=11408&name=list& HTTP/1.1" 200 1507 "http://ed.activities.at/entry.php?id=11584" "Mozilla/5.0 (Windows NT 10.0; Win64; x64) AppleWebKit/537.36 (KHTML, like Gecko) Chrome/56.0.2924.87 Safari/537.36"
90.152.128.107 - - [14/Mar/2017:15:06:20 +0100] "POST /entry.php?id=11584 HTTP/1.1" 200 3142 "http://ed.activities.at/entry.php?id=11584" "Mozilla/5.0 (Windows NT 10.0; WOW64; rv:51.0) Gecko/20100101 Firefox/51.0"
90.152.128.107 - - [14/Mar/2017:15:06:21 +0100] "GET /gui/javascript/form_form.js?1489500381 HTTP/1.1" 200 16206 "http://ed.activities.at/entry.php?id=11584" "Mozilla/5.0 (Windows NT 10.0; WOW64; rv:51.0) Gecko/20100101 Firefox/51.0"
212.108.43.59 - - [14/Mar/2017:15:06:21 +0100] "GET /entry.php?id=10271&&ser=500320 HTTP/1.1" 200 985 "http://ed.activities.at/entry.php?id=10271&&ser=500259" "Mozilla/5.0 (Windows NT 10.0; Win64; x64) AppleWebKit/537.36 (KHTML, like Gecko) Chrome/56.0.2924.87 Safari/537.36"
212.108.43.59 - - [14/Mar/2017:15:06:21 +0100] "GET /gui/javascript/form_form.js?1489500381 HTTP/1.1" 200 16206 "http://ed.activities.at/entry.php?id=10271&&ser=500320" "Mozilla/5.0 (Windows NT 10.0; Win64; x64) AppleWebKit/537.36 (KHTML, like Gecko) Chrome/56.0.2924.87 Safari/537.36"
90.152.128.107 - - [14/Mar/2017:15:06:21 +0100] "GET /entry.php?id=10683 HTTP/1.1" 200 991 "http://ed.activities.at/entry.php?id=11584" "Mozilla/5.0 (Windows NT 10.0; WOW64; rv:51.0) Gecko/20100101 Firefox/51.0"
90.152.128.107 - - [14/Mar/2017:15:06:21 +0100] "GET /entry.php?id=10776&form=11408&name=list& HTTP/1.1" 200 1689 "http://ed.activities.at/entry.php?id=11584" "Mozilla/5.0 (Windows NT 10.0; WOW64; rv:51.0) Gecko/20100101 Firefox/51.0"
90.152.128.107 - - [14/Mar/2017:15:06:21 +0100] "GET /entry.php?id=10778&form=11408&name=list& HTTP/1.1" 200 2597 "http://ed.activities.at/entry.php?id=11584" "Mozilla/5.0 (Windows NT 10.0; WOW64; rv:51.0) Gecko/20100101 Firefox/51.0"
90.152.128.107 - - [14/Mar/2017:15:06:22 +0100] "GET /gui/images/icons/disabled_view_grid.gif HTTP/1.1" 304 - "http://ed.activities.at/entry.php?id=10776&form=11408&name=list&" "Mozilla/5.0 (Windows NT 10.0; WOW64; rv:51.0) Gecko/20100101 Firefox/51.0"
212.108.43.59 - - [14/Mar/2017:15:06:26 +0100] "POST /entry.php?id=11584 HTTP/1.1" 200 3142 "http://ed.activities.at/entry.php?id=11584" "Mozilla/5.0 (Windows NT 10.0; Win64; x64) AppleWebKit/537.36 (KHTML, like Gecko) Chrome/56.0.2924.87 Safari/537.36"
212.108.43.59 - - [14/Mar/2017:15:06:27 +0100] "GET /gui/javascript/form_form.js?1489500387 HTTP/1.1" 200 16206 "http://ed.activities.at/entry.php?id=11584" "Mozilla/5.0 (Windows NT 10.0; Win64; x64) AppleWebKit/537.36 (KHTML, like Gecko) Chrome/56.0.2924.87 Safari/537.36"
212.108.43.59 - - [14/Mar/2017:15:06:27 +0100] "GET /entry.php?id=10778&form=11408&name=list& HTTP/1.1" 200 3843 "http://ed.activities.at/entry.php?id=11584" "Mozilla/5.0 (Windows NT 10.0; Win64; x64) AppleWebKit/537.36 (KHTML, like Gecko) Chrome/56.0.2924.87 Safari/537.36"
212.108.43.59 - - [14/Mar/2017:15:06:27 +0100] "GET /cache/emu/images/easy-drivers-portal10227563/pkw1jpg_16_6.jpg HTTP/1.1" 200 748 "http://ed.activities.at/entry.php?id=10778&form=11408&name=list&" "Mozilla/5.0 (Windows NT 10.0; Win64; x64) AppleWebKit/537.36 (KHTML, like Gecko) Chrome/56.0.2924.87 Safari/537.36"
212.108.43.59 - - [14/Mar/2017:15:06:27 +0100] "GET /cache/emu/images/easy-drivers-portal10227560/pkw3jpg_16_6.jpg HTTP/1.1" 200 753 "http://ed.activities.at/entry.php?id=10778&form=11408&name=list&" "Mozilla/5.0 (Windows NT 10.0; Win64; x64) AppleWebKit/537.36 (KHTML, like Gecko) Chrome/56.0.2924.87 Safari/537.36"
212.108.43.59 - - [14/Mar/2017:15:06:27 +0100] "GET /cache/emu/images/easy-drivers-portal10279777/pkw9jpg_16_6_0.jpg HTTP/1.1" 200 740 "http://ed.activities.at/entry.php?id=10778&form=11408&name=list&" "Mozilla/5.0 (Windows NT 10.0; Win64; x64) AppleWebKit/537.36 (KHTML, like Gecko) Chrome/56.0.2924.87 Safari/537.36"
212.108.43.59 - - [14/Mar/2017:15:06:27 +0100] "GET /cache/emu/images/easy-drivers-portal10279775/pkw7jpg_16_6_0.jpg HTTP/1.1" 200 752 "http://ed.activities.at/entry.php?id=10778&form=11408&name=list&" "Mozilla/5.0 (Windows NT 10.0; Win64; x64) AppleWebKit/537.36 (KHTML, like Gecko) Chrome/56.0.2924.87 Safari/537.36"
212.108.43.59 - - [14/Mar/2017:15:06:27 +0100] "GET /framework/icons/rowdown.gif HTTP/1.1" 200 60 "http://ed.activities.at/entry.php?id=10778&form=11408&name=list&" "Mozilla/5.0 (Windows NT 10.0; Win64; x64) AppleWebKit/537.36 (KHTML, like Gecko) Chrome/56.0.2924.87 Safari/537.36"
212.108.43.59 - - [14/Mar/2017:15:06:27 +0100] "GET /cache/emu/images/easy-drivers-portal10279776/pkw8jpg_16_6_0.jpg HTTP/1.1" 200 748 "http://ed.activities.at/entry.php?id=10778&form=11408&name=list&" "Mozilla/5.0 (Windows NT 10.0; Win64; x64) AppleWebKit/537.36 (KHTML, like Gecko) Chrome/56.0.2924.87 Safari/537.36"
212.108.43.59 - - [14/Mar/2017:15:06:27 +0100] "GET /cache/emu/images/easy-drivers-portal10227562/pkw4jpg_16_6.jpg HTTP/1.1" 200 756 "http://ed.activities.at/entry.php?id=10778&form=11408&name=list&" "Mozilla/5.0 (Windows NT 10.0; Win64; x64) AppleWebKit/537.36 (KHTML, like Gecko) Chrome/56.0.2924.87 Safari/537.36"
212.108.43.59 - - [14/Mar/2017:15:06:27 +0100] "GET /framework/icons/rowup.gif HTTP/1.1" 200 60 "http://ed.activities.at/entry.php?id=10778&form=11408&name=list&" "Mozilla/5.0 (Windows NT 10.0; Win64; x64) AppleWebKit/537.36 (KHTML, like Gecko) Chrome/56.0.2924.87 Safari/537.36"
212.108.43.59 - - [14/Mar/2017:15:06:27 +0100] "GET /cache/emu/images/easy-drivers-portal10227559/pkw5jpg_16_6_1.jpg HTTP/1.1" 200 756 "http://ed.activities.at/entry.php?id=10778&form=11408&name=list&" "Mozilla/5.0 (Windows NT 10.0; Win64; x64) AppleWebKit/537.36 (KHTML, like Gecko) Chrome/56.0.2924.87 Safari/537.36"
212.108.43.59 - - [14/Mar/2017:15:06:27 +0100] "GET /entry.php?id=10683 HTTP/1.1" 200 989 "http://ed.activities.at/entry.php?id=11584" "Mozilla/5.0 (Windows NT 10.0; Win64; x64) AppleWebKit/537.36 (KHTML, like Gecko) Chrome/56.0.2924.87 Safari/537.36"
212.108.43.59 - - [14/Mar/2017:15:06:27 +0100] "GET /entry.php?id=10776&form=11408&name=list& HTTP/1.1" 200 1598 "http://ed.activities.at/entry.php?id=11584" "Mozilla/5.0 (Windows NT 10.0; Win64; x64) AppleWebKit/537.36 (KHTML, like Gecko) Chrome/56.0.2924.87 Safari/537.36"
212.108.43.59 - - [14/Mar/2017:15:06:27 +0100] "GET /gui/images/emulogo.jpg HTTP/1.1" 200 80752 "http://ed.activities.at/entry.php?id=10683" "Mozilla/5.0 (Windows NT 10.0; Win64; x64) AppleWebKit/537.36 (KHTML, like Gecko) Chrome/56.0.2924.87 Safari/537.36"
212.108.43.59 - - [14/Mar/2017:15:06:27 +0100] "GET /gui/images/icons/view_grid.gif HTTP/1.1" 200 382 "http://ed.activities.at/entry.php?id=10776&form=11408&name=list&" "Mozilla/5.0 (Windows NT 10.0; Win64; x64) AppleWebKit/537.36 (KHTML, like Gecko) Chrome/56.0.2924.87 Safari/537.36"
90.152.128.107 - - [14/Mar/2017:15:06:31 +0100] "POST /entry.php?id=11584 HTTP/1.1" 200 3142 "http://ed.activities.at/entry.php?id=11584" "Mozilla/5.0 (Windows NT 10.0; WOW64; rv:51.0) Gecko/20100101 Firefox/51.0"
90.152.128.107 - - [14/Mar/2017:15:06:31 +0100] "GET /gui/javascript/form_form.js?1489500391 HTTP/1.1" 200 16206 "http://ed.activities.at/entry.php?id=11584" "Mozilla/5.0 (Windows NT 10.0; WOW64; rv:51.0) Gecko/20100101 Firefox/51.0"
90.152.128.107 - - [14/Mar/2017:15:06:32 +0100] "GET /entry.php?id=10776&form=11408&name=list& HTTP/1.1" 200 1693 "http://ed.activities.at/entry.php?id=11584" "Mozilla/5.0 (Windows NT 10.0; WOW64; rv:51.0) Gecko/20100101 Firefox/51.0"
90.152.128.107 - - [14/Mar/2017:15:06:32 +0100] "GET /entry.php?id=10683 HTTP/1.1" 200 992 "http://ed.activities.at/entry.php?id=11584" "Mozilla/5.0 (Windows NT 10.0; WOW64; rv:51.0) Gecko/20100101 Firefox/51.0"
90.152.128.107 - - [14/Mar/2017:15:06:32 +0100] "GET /entry.php?id=10778&form=11408&name=list& HTTP/1.1" 200 3641 "http://ed.activities.at/entry.php?id=11584" "Mozilla/5.0 (Windows NT 10.0; WOW64; rv:51.0) Gecko/20100101 Firefox/51.0"
90.152.128.107 - - [14/Mar/2017:15:06:33 +0100] "GET /gui/javascript/form_form.js?1489500392 HTTP/1.1" 200 16206 "http://ed.activities.at/entry.php?id=10683" "Mozilla/5.0 (Windows NT 10.0; WOW64; rv:51.0) Gecko/20100101 Firefox/51.0"
90.152.128.107 - - [14/Mar/2017:15:06:46 +0100] "GET /entry.php?id=10271&&ser=500346 HTTP/1.1" 200 988 "http://ed.activities.at/entry.php?id=10271&&ser=500259" "Mozilla/5.0 (Windows NT 10.0; WOW64; rv:51.0) Gecko/20100101 Firefox/51.0"
90.152.128.107 - - [14/Mar/2017:15:06:47 +0100] "GET /gui/javascript/form_form.js?1489500407 HTTP/1.1" 200 16206 "http://ed.activities.at/entry.php?id=10271&&ser=500346" "Mozilla/5.0 (Windows NT 10.0; WOW64; rv:51.0) Gecko/20100101 Firefox/51.0"
212.108.43.59 - - [14/Mar/2017:15:07:04 +0100] "GET /entry.php?id=10271&&ser=500364 HTTP/1.1" 200 986 "http://ed.activities.at/entry.php?id=10271&&ser=500286" "Mozilla/5.0 (Windows NT 10.0; Win64; x64) AppleWebKit/537.36 (KHTML, like Gecko) Chrome/56.0.2924.87 Safari/537.36"
212.108.43.59 - - [14/Mar/2017:15:07:05 +0100] "GET /gui/javascript/form_form.js?1489500425 HTTP/1.1" 200 16206 "http://ed.activities.at/entry.php?id=10271&&ser=500364" "Mozilla/5.0 (Windows NT 10.0; Win64; x64) AppleWebKit/537.36 (KHTML, like Gecko) Chrome/56.0.2924.87 Safari/537.36"
212.108.43.59 - - [14/Mar/2017:15:07:22 +0100] "GET /entry.php?id=10271&&ser=500381 HTTP/1.1" 200 986 "http://ed.activities.at/entry.php?id=10271&&ser=500320" "Mozilla/5.0 (Windows NT 10.0; Win64; x64) AppleWebKit/537.36 (KHTML, like Gecko) Chrome/56.0.2924.87 Safari/537.36"
212.108.43.59 - - [14/Mar/2017:15:07:22 +0100] "GET /gui/javascript/form_form.js?1489500442 HTTP/1.1" 200 16206 "http://ed.activities.at/entry.php?id=10271&&ser=500381" "Mozilla/5.0 (Windows NT 10.0; Win64; x64) AppleWebKit/537.36 (KHTML, like Gecko) Chrome/56.0.2924.87 Safari/537.36"
90.152.128.107 - - [14/Mar/2017:15:07:47 +0100] "GET /entry.php?id=10271&&ser=500407 HTTP/1.1" 200 988 "http://ed.activities.at/entry.php?id=10271&&ser=500346" "Mozilla/5.0 (Windows NT 10.0; WOW64; rv:51.0) Gecko/20100101 Firefox/51.0"
90.152.128.107 - - [14/Mar/2017:15:07:47 +0100] "GET /gui/javascript/form_form.js?1489500467 HTTP/1.1" 200 16206 "http://ed.activities.at/entry.php?id=10271&&ser=500407" "Mozilla/5.0 (Windows NT 10.0; WOW64; rv:51.0) Gecko/20100101 Firefox/51.0"
212.108.43.59 - - [14/Mar/2017:15:07:55 +0100] "GET /entry.php?id=10287&login=1 HTTP/1.1" 200 2979 "http://ed.activities.at/entry.php?id=10273" "Mozilla/5.0 (Windows NT 10.0; Win64; x64) AppleWebKit/537.36 (KHTML, like Gecko) Chrome/56.0.2924.87 Safari/537.36"
212.108.43.59 - - [14/Mar/2017:15:07:56 +0100] "GET /gui/javascript/form_form.js?1489500476 HTTP/1.1" 200 16206 "http://ed.activities.at/entry.php?id=10287&login=1" "Mozilla/5.0 (Windows NT 10.0; Win64; x64) AppleWebKit/537.36 (KHTML, like Gecko) Chrome/56.0.2924.87 Safari/537.36"
80.123.96.46 - - [14/Mar/2017:15:08:04 +0100] "GET / HTTP/1.1" 200 382 "-" "Mozilla/5.0 (Windows NT 6.1; WOW64; Trident/7.0; rv:11.0) like Gecko"
80.123.96.46 - - [14/Mar/2017:15:08:04 +0100] "GET /layout.php HTTP/1.1" 200 907 "-" "Mozilla/5.0 (Windows NT 6.1; WOW64; Trident/7.0; rv:11.0) like Gecko"
80.123.96.46 - - [14/Mar/2017:15:08:04 +0100] "GET /activities.ico HTTP/1.1" 200 780 "-" "Mozilla/5.0 (Windows NT 6.1; WOW64; Trident/7.0; rv:11.0) like Gecko"
80.123.96.46 - - [14/Mar/2017:15:08:04 +0100] "GET /gui/javascript/form_form.js HTTP/1.1" 200 16206 "http://ed.activities.at/layout.php" "Mozilla/5.0 (Windows NT 6.1; WOW64; Trident/7.0; rv:11.0) like Gecko"
80.123.96.46 - - [14/Mar/2017:15:08:05 +0100] "GET /entry.php?id=10270 HTTP/1.1" 200 907 "http://ed.activities.at/layout.php" "Mozilla/5.0 (Windows NT 6.1; WOW64; Trident/7.0; rv:11.0) like Gecko"
80.123.96.46 - - [14/Mar/2017:15:08:05 +0100] "GET /entry.php?id=10272 HTTP/1.1" 200 1190 "http://ed.activities.at/layout.php" "Mozilla/5.0 (Windows NT 6.1; WOW64; Trident/7.0; rv:11.0) like Gecko"
80.123.96.46 - - [14/Mar/2017:15:08:05 +0100] "GET /gui/javascript/jquery/css/gui-themes/ui.spinner.css HTTP/1.1" 200 350 "http://ed.activities.at/entry.php?id=10270" "Mozilla/5.0 (Windows NT 6.1; WOW64; Trident/7.0; rv:11.0) like Gecko"
80.123.96.46 - - [14/Mar/2017:15:08:05 +0100] "GET /gui/javascript/jquery/css/gui-themes/jquery.tooltip.css HTTP/1.1" 200 246 "http://ed.activities.at/entry.php?id=10270" "Mozilla/5.0 (Windows NT 6.1; WOW64; Trident/7.0; rv:11.0) like Gecko"
80.123.96.46 - - [14/Mar/2017:15:08:05 +0100] "GET /gui/javascript/jquery/css/gui-themes/custom.min.css HTTP/1.1" 200 5618 "http://ed.activities.at/entry.php?id=10270" "Mozilla/5.0 (Windows NT 6.1; WOW64; Trident/7.0; rv:11.0) like Gecko"
80.123.96.46 - - [14/Mar/2017:15:08:04 +0100] "GET /entry.php?id=10273 HTTP/1.1" 200 1932 "http://ed.activities.at/layout.php" "Mozilla/5.0 (Windows NT 6.1; WOW64; Trident/7.0; rv:11.0) like Gecko"
80.123.96.46 - - [14/Mar/2017:15:08:05 +0100] "GET /gui/styles/tmplDefault.css HTTP/1.1" 200 2135 "http://ed.activities.at/entry.php?id=10272" "Mozilla/5.0 (Windows NT 6.1; WOW64; Trident/7.0; rv:11.0) like Gecko"
80.123.96.46 - - [14/Mar/2017:15:08:05 +0100] "GET /gui/javascript/form_form.js?1489500485 HTTP/1.1" 200 16206 "http://ed.activities.at/entry.php?id=10270" "Mozilla/5.0 (Windows NT 6.1; WOW64; Trident/7.0; rv:11.0) like Gecko"
80.123.96.46 - - [14/Mar/2017:15:08:05 +0100] "GET /gui/javascript/jquery/jquery-tooltip/jquery.tooltip.min.js HTTP/1.1" 200 1982 "http://ed.activities.at/entry.php?id=10270" "Mozilla/5.0 (Windows NT 6.1; WOW64; Trident/7.0; rv:11.0) like Gecko"
80.123.96.46 - - [14/Mar/2017:15:08:05 +0100] "GET /framework/webfx/style/toolbar/cb2.css HTTP/1.1" 200 793 "http://ed.activities.at/entry.php?id=10273" "Mozilla/5.0 (Windows NT 6.1; WOW64; Trident/7.0; rv:11.0) like Gecko"
80.123.96.46 - - [14/Mar/2017:15:08:05 +0100] "GET /gui/javascript/jquery/js/jquery-ui-1.9.0.custom.min.js HTTP/1.1" 200 51286 "http://ed.activities.at/entry.php?id=10270" "Mozilla/5.0 (Windows NT 6.1; WOW64; Trident/7.0; rv:11.0) like Gecko"
80.123.96.46 - - [14/Mar/2017:15:08:05 +0100] "GET /entry.php?id=11412 HTTP/1.1" 200 1758 "http://ed.activities.at/layout.php" "Mozilla/5.0 (Windows NT 6.1; WOW64; Trident/7.0; rv:11.0) like Gecko"
80.123.96.46 - - [14/Mar/2017:15:08:05 +0100] "GET /gui/javascript/jquery/js/jquery-1.8.2.js HTTP/1.1" 200 35391 "http://ed.activities.at/entry.php?id=10270" "Mozilla/5.0 (Windows NT 6.1; WOW64; Trident/7.0; rv:11.0) like Gecko"
80.123.96.46 - - [14/Mar/2017:15:08:05 +0100] "GET /framework/webfx/javascript/statusbar/statusBar.js HTTP/1.1" 200 649 "http://ed.activities.at/entry.php?id=10272" "Mozilla/5.0 (Windows NT 6.1; WOW64; Trident/7.0; rv:11.0) like Gecko"
80.123.96.46 - - [14/Mar/2017:15:08:05 +0100] "GET /framework/webfx/javascript/toolbar/ieemu.js HTTP/1.1" 200 2366 "http://ed.activities.at/entry.php?id=10273" "Mozilla/5.0 (Windows NT 6.1; WOW64; Trident/7.0; rv:11.0) like Gecko"
80.123.96.46 - - [14/Mar/2017:15:08:05 +0100] "GET /framework/webfx/javascript/toolbar/cb2.js HTTP/1.1" 200 1686 "http://ed.activities.at/entry.php?id=10273" "Mozilla/5.0 (Windows NT 6.1; WOW64; Trident/7.0; rv:11.0) like Gecko"
80.123.96.46 - - [14/Mar/2017:15:08:05 +0100] "GET /gui/images/icons/Logo_activites_RGB.gif HTTP/1.1" 200 1336 "http://ed.activities.at/entry.php?id=10273" "Mozilla/5.0 (Windows NT 6.1; WOW64; Trident/7.0; rv:11.0) like Gecko"
80.123.96.46 - - [14/Mar/2017:15:08:05 +0100] "GET /gui/images/icons/cancel.gif HTTP/1.1" 200 125 "http://ed.activities.at/entry.php?id=11412" "Mozilla/5.0 (Windows NT 6.1; WOW64; Trident/7.0; rv:11.0) like Gecko"
212.108.43.59 - - [14/Mar/2017:15:08:05 +0100] "GET /entry.php?id=10271&&ser=500425 HTTP/1.1" 200 986 "http://ed.activities.at/entry.php?id=10271&&ser=500364" "Mozilla/5.0 (Windows NT 10.0; Win64; x64) AppleWebKit/537.36 (KHTML, like Gecko) Chrome/56.0.2924.87 Safari/537.36"
212.108.43.59 - - [14/Mar/2017:15:08:05 +0100] "GET /gui/javascript/form_form.js?1489500485 HTTP/1.1" 200 16206 "http://ed.activities.at/entry.php?id=10271&&ser=500425" "Mozilla/5.0 (Windows NT 10.0; Win64; x64) AppleWebKit/537.36 (KHTML, like Gecko) Chrome/56.0.2924.87 Safari/537.36"
80.123.96.46 - - [14/Mar/2017:15:08:05 +0100] "GET /framework/icons/note_msg_icon.gif HTTP/1.1" 200 1022 "http://ed.activities.at/entry.php?id=11412" "Mozilla/5.0 (Windows NT 6.1; WOW64; Trident/7.0; rv:11.0) like Gecko"
80.123.96.46 - - [14/Mar/2017:15:08:05 +0100] "GET /entry.php?id=10287 HTTP/1.1" 200 2387 "http://ed.activities.at/entry.php?id=11412" "Mozilla/5.0 (Windows NT 6.1; WOW64; Trident/7.0; rv:11.0) like Gecko"
80.123.96.46 - - [14/Mar/2017:15:08:05 +0100] "GET /gui/images/emptybar.gif HTTP/1.1" 200 89 "http://ed.activities.at/entry.php?id=10272" "Mozilla/5.0 (Windows NT 6.1; WOW64; Trident/7.0; rv:11.0) like Gecko"
80.123.96.46 - - [14/Mar/2017:15:08:05 +0100] "GET /entry.php?id=10271&UIN=a1b3d69071f80636af138b866d035257 HTTP/1.1" 200 933 "http://ed.activities.at/entry.php?id=10272" "Mozilla/5.0 (Windows NT 6.1; WOW64; Trident/7.0; rv:11.0) like Gecko"
80.123.96.46 - - [14/Mar/2017:15:08:06 +0100] "GET /entry.php?id=10270& HTTP/1.1" 200 907 "http://ed.activities.at/layout.php" "Mozilla/5.0 (Windows NT 6.1; WOW64; Trident/7.0; rv:11.0) like Gecko"
80.123.96.46 - - [14/Mar/2017:15:08:06 +0100] "GET /entry.php?id=10273& HTTP/1.1" 200 1901 "http://ed.activities.at/layout.php" "Mozilla/5.0 (Windows NT 6.1; WOW64; Trident/7.0; rv:11.0) like Gecko"
80.123.96.46 - - [14/Mar/2017:15:08:06 +0100] "GET /gui/javascript/form_form.js?1489500486 HTTP/1.1" 200 16206 "http://ed.activities.at/entry.php?id=10270&" "Mozilla/5.0 (Windows NT 6.1; WOW64; Trident/7.0; rv:11.0) like Gecko"
80.123.96.46 - - [14/Mar/2017:15:08:11 +0100] "GET /gui/images/progressbar.gif HTTP/1.1" 200 2157 "http://ed.activities.at/entry.php?id=10272" "Mozilla/5.0 (Windows NT 6.1; WOW64; Trident/7.0; rv:11.0) like Gecko"
80.123.96.46 - - [14/Mar/2017:15:08:11 +0100] "POST /entry.php?id=10287& HTTP/1.1" 200 2278 "http://ed.activities.at/entry.php?id=10287" "Mozilla/5.0 (Windows NT 6.1; WOW64; Trident/7.0; rv:11.0) like Gecko"
80.123.96.46 - - [14/Mar/2017:15:08:12 +0100] "GET /gui/javascript/form_form.js?1489500492 HTTP/1.1" 200 16206 "http://ed.activities.at/entry.php?id=10287&" "Mozilla/5.0 (Windows NT 6.1; WOW64; Trident/7.0; rv:11.0) like Gecko"
80.123.96.46 - - [14/Mar/2017:15:08:12 +0100] "GET /entry.php?id=10271&UIN=a1b3d69071f80636af138b866d035257 HTTP/1.1" 200 986 "http://ed.activities.at/entry.php?id=10272" "Mozilla/5.0 (Windows NT 6.1; WOW64; Trident/7.0; rv:11.0) like Gecko"
80.123.96.46 - - [14/Mar/2017:15:08:13 +0100] "GET /gui/javascript/jquery/css/gui-themes/custom.min.css HTTP/1.1" 304 - "http://ed.activities.at/entry.php?id=10271&UIN=a1b3d69071f80636af138b866d035257" "Mozilla/5.0 (Windows NT 6.1; WOW64; Trident/7.0; rv:11.0) like Gecko"
80.123.96.46 - - [14/Mar/2017:15:08:13 +0100] "GET /gui/javascript/jquery/css/gui-themes/ui.spinner.css HTTP/1.1" 304 - "http://ed.activities.at/entry.php?id=10271&UIN=a1b3d69071f80636af138b866d035257" "Mozilla/5.0 (Windows NT 6.1; WOW64; Trident/7.0; rv:11.0) like Gecko"
80.123.96.46 - - [14/Mar/2017:15:08:13 +0100] "GET /gui/javascript/jquery/css/gui-themes/jquery.tooltip.css HTTP/1.1" 304 - "http://ed.activities.at/entry.php?id=10271&UIN=a1b3d69071f80636af138b866d035257" "Mozilla/5.0 (Windows NT 6.1; WOW64; Trident/7.0; rv:11.0) like Gecko"
80.123.96.46 - - [14/Mar/2017:15:08:13 +0100] "GET /gui/javascript/form_form.js?1489500492 HTTP/1.1" 304 - "http://ed.activities.at/entry.php?id=10271&UIN=a1b3d69071f80636af138b866d035257" "Mozilla/5.0 (Windows NT 6.1; WOW64; Trident/7.0; rv:11.0) like Gecko"
80.123.96.46 - - [14/Mar/2017:15:08:13 +0100] "GET /gui/styles/tmplDefault.css HTTP/1.1" 304 - "http://ed.activities.at/entry.php?id=10271&UIN=a1b3d69071f80636af138b866d035257" "Mozilla/5.0 (Windows NT 6.1; WOW64; Trident/7.0; rv:11.0) like Gecko"
80.123.96.46 - - [14/Mar/2017:15:08:12 +0100] "GET /entry.php?id=10273& HTTP/1.1" 200 2031 "http://ed.activities.at/layout.php" "Mozilla/5.0 (Windows NT 6.1; WOW64; Trident/7.0; rv:11.0) like Gecko"
80.123.96.46 - - [14/Mar/2017:15:08:13 +0100] "GET /gui/javascript/jquery/js/jquery-1.8.2.js HTTP/1.1" 304 - "http://ed.activities.at/entry.php?id=10271&UIN=a1b3d69071f80636af138b866d035257" "Mozilla/5.0 (Windows NT 6.1; WOW64; Trident/7.0; rv:11.0) like Gecko"
80.123.96.46 - - [14/Mar/2017:15:08:13 +0100] "GET /gui/javascript/jquery/js/jquery-ui-1.9.0.custom.min.js HTTP/1.1" 304 - "http://ed.activities.at/entry.php?id=10271&UIN=a1b3d69071f80636af138b866d035257" "Mozilla/5.0 (Windows NT 6.1; WOW64; Trident/7.0; rv:11.0) like Gecko"
80.123.96.46 - - [14/Mar/2017:15:08:13 +0100] "GET /gui/javascript/jquery/jquery-tooltip/jquery.tooltip.min.js HTTP/1.1" 304 - "http://ed.activities.at/entry.php?id=10271&UIN=a1b3d69071f80636af138b866d035257" "Mozilla/5.0 (Windows NT 6.1; WOW64; Trident/7.0; rv:11.0) like Gecko"
80.123.96.46 - - [14/Mar/2017:15:08:13 +0100] "GET /gui/javascript/form_form.js?1489500493 HTTP/1.1" 200 16206 "http://ed.activities.at/entry.php?id=10273&" "Mozilla/5.0 (Windows NT 6.1; WOW64; Trident/7.0; rv:11.0) like Gecko"
80.123.96.46 - - [14/Mar/2017:15:08:13 +0100] "GET /framework/webfx/style/toolbar/images/cbback.gif HTTP/1.1" 404 314 "http://ed.activities.at/entry.php?id=10273&" "Mozilla/5.0 (Windows NT 6.1; WOW64; Trident/7.0; rv:11.0) like Gecko"
80.123.96.46 - - [14/Mar/2017:15:08:13 +0100] "GET /entry.php?id=10270&__app__=10006038 HTTP/1.1" 200 1649 "http://ed.activities.at/layout.php" "Mozilla/5.0 (Windows NT 6.1; WOW64; Trident/7.0; rv:11.0) like Gecko"
80.123.96.46 - - [14/Mar/2017:15:08:13 +0100] "GET /framework/webfx/javascript/navigation/crossbrowser.js HTTP/1.1" 200 1842 "http://ed.activities.at/entry.php?id=10270&__app__=10006038" "Mozilla/5.0 (Windows NT 6.1; WOW64; Trident/7.0; rv:11.0) like Gecko"
80.123.96.46 - - [14/Mar/2017:15:08:13 +0100] "GET /framework/webfx/javascript/navigation/outlook.js HTTP/1.1" 200 6351 "http://ed.activities.at/entry.php?id=10270&__app__=10006038" "Mozilla/5.0 (Windows NT 6.1; WOW64; Trident/7.0; rv:11.0) like Gecko"
80.123.96.46 - - [14/Mar/2017:15:08:13 +0100] "GET /gui/images/icons/pers_einstellungen.gif HTTP/1.1" 200 1461 "http://ed.activities.at/entry.php?id=10270&__app__=10006038" "Mozilla/5.0 (Windows NT 6.1; WOW64; Trident/7.0; rv:11.0) like Gecko"
80.123.96.46 - - [14/Mar/2017:15:08:13 +0100] "GET /framework/icons/navigation/arrowup.gif HTTP/1.1" 200 407 "http://ed.activities.at/entry.php?id=10270&__app__=10006038" "Mozilla/5.0 (Windows NT 6.1; WOW64; Trident/7.0; rv:11.0) like Gecko"
80.123.96.46 - - [14/Mar/2017:15:08:13 +0100] "GET /framework/icons/navigation/arrowdown.gif HTTP/1.1" 200 424 "http://ed.activities.at/entry.php?id=10270&__app__=10006038" "Mozilla/5.0 (Windows NT 6.1; WOW64; Trident/7.0; rv:11.0) like Gecko"
80.123.96.46 - - [14/Mar/2017:15:08:13 +0100] "GET /gui/images/icons/i_artikel.gif HTTP/1.1" 200 1765 "http://ed.activities.at/entry.php?id=10270&__app__=10006038" "Mozilla/5.0 (Windows NT 6.1; WOW64; Trident/7.0; rv:11.0) like Gecko"
80.123.96.46 - - [14/Mar/2017:15:08:13 +0100] "GET /gui/images/icons/i_haendler_sollverteiler.gif HTTP/1.1" 200 1330 "http://ed.activities.at/entry.php?id=10270&__app__=10006038" "Mozilla/5.0 (Windows NT 6.1; WOW64; Trident/7.0; rv:11.0) like Gecko"
80.123.96.46 - - [14/Mar/2017:15:08:13 +0100] "GET /gui/images/icons/i_firmen.gif HTTP/1.1" 200 1463 "http://ed.activities.at/entry.php?id=10270&__app__=10006038" "Mozilla/5.0 (Windows NT 6.1; WOW64; Trident/7.0; rv:11.0) like Gecko"
80.123.96.46 - - [14/Mar/2017:15:08:13 +0100] "GET /gui/images/icons/menumanagement.gif HTTP/1.1" 200 204 "http://ed.activities.at/entry.php?id=10270&__app__=10006038" "Mozilla/5.0 (Windows NT 6.1; WOW64; Trident/7.0; rv:11.0) like Gecko"
80.123.96.46 - - [14/Mar/2017:15:08:13 +0100] "GET /gui/images/icons/i_aktionsreminder.gif HTTP/1.1" 200 2181 "http://ed.activities.at/entry.php?id=10270&__app__=10006038" "Mozilla/5.0 (Windows NT 6.1; WOW64; Trident/7.0; rv:11.0) like Gecko"
80.123.96.46 - - [14/Mar/2017:15:08:13 +0100] "GET /undefined HTTP/1.1" 404 285 "http://ed.activities.at/entry.php?id=10270&__app__=10006038" "Mozilla/5.0 (Windows NT 6.1; WOW64; Trident/7.0; rv:11.0) like Gecko"
80.123.96.46 - - [14/Mar/2017:15:08:13 +0100] "GET /gui/images/icons/i_aktionen.gif HTTP/1.1" 200 1920 "http://ed.activities.at/entry.php?id=10270&__app__=10006038" "Mozilla/5.0 (Windows NT 6.1; WOW64; Trident/7.0; rv:11.0) like Gecko"
80.123.96.46 - - [14/Mar/2017:15:08:13 +0100] "GET /gui/images/icons/artikelbearbeitung_verfassung.gif HTTP/1.1" 200 1719 "http://ed.activities.at/entry.php?id=10270&__app__=10006038" "Mozilla/5.0 (Windows NT 6.1; WOW64; Trident/7.0; rv:11.0) like Gecko"
212.108.43.59 - - [14/Mar/2017:15:08:14 +0100] "POST /entry.php?id=10287& HTTP/1.1" 200 3051 "http://ed.activities.at/entry.php?id=10287&login=1" "Mozilla/5.0 (Windows NT 10.0; Win64; x64) AppleWebKit/537.36 (KHTML, like Gecko) Chrome/56.0.2924.87 Safari/537.36"
212.108.43.59 - - [14/Mar/2017:15:08:14 +0100] "GET /gui/javascript/form_form.js?1489500494 HTTP/1.1" 200 16206 "http://ed.activities.at/entry.php?id=10287&" "Mozilla/5.0 (Windows NT 10.0; Win64; x64) AppleWebKit/537.36 (KHTML, like Gecko) Chrome/56.0.2924.87 Safari/537.36"
80.123.96.46 - - [14/Mar/2017:15:08:14 +0100] "GET /entry.php?id=11673 HTTP/1.1" 200 358 "http://ed.activities.at/entry.php?id=11412" "Mozilla/5.0 (Windows NT 6.1; WOW64; Trident/7.0; rv:11.0) like Gecko"
80.123.96.46 - - [14/Mar/2017:15:08:15 +0100] "GET /entry.php?id=10676&&title=F\xfchrerscheinkurse HTTP/1.1" 200 1394 "http://ed.activities.at/entry.php?id=11673" "Mozilla/5.0 (Windows NT 6.1; WOW64; Trident/7.0; rv:11.0) like Gecko"
212.108.43.59 - - [14/Mar/2017:15:08:15 +0100] "GET /entry.php?id=10271&&ser=500425 HTTP/1.1" 200 986 "http://ed.activities.at/entry.php?id=10271&&ser=500425" "Mozilla/5.0 (Windows NT 10.0; Win64; x64) AppleWebKit/537.36 (KHTML, like Gecko) Chrome/56.0.2924.87 Safari/537.36"
