90.152.128.107 - - [14/Mar/2017:14:59:52 +0100] "GET /framework/webfx/javascript/tinymce/skins/lightgray/fonts/tinymce-small.woff HTTP/1.1" 304 - "http://ed.activities.at/framework/webfx/javascript/tinymce/skins/lightgray/skin.min.css" "Mozilla/5.0 (Windows NT 10.0; WOW64; rv:51.0) Gecko/20100101 Firefox/51.0"
212.108.43.59 - - [14/Mar/2017:14:59:54 +0100] "POST /entry.php?id=11672 HTTP/1.1" 200 2701 "http://ed.activities.at/entry.php?id=11672&" "Mozilla/5.0 (Windows NT 10.0; Win64; x64) AppleWebKit/537.36 (KHTML, like Gecko) Chrome/56.0.2924.87 Safari/537.36"
212.108.43.59 - - [14/Mar/2017:14:59:54 +0100] "GET /gui/javascript/form_form.js?1489499994 HTTP/1.1" 200 16206 "http://ed.activities.at/entry.php?id=11672" "Mozilla/5.0 (Windows NT 10.0; Win64; x64) AppleWebKit/537.36 (KHTML, like Gecko) Chrome/56.0.2924.87 Safari/537.36"
212.108.43.59 - - [14/Mar/2017:14:59:54 +0100] "GET /entry.php?id=10776&form=11497&name=list& HTTP/1.1" 200 1940 "http://ed.activities.at/entry.php?id=11672" "Mozilla/5.0 (Windows NT 10.0; Win64; x64) AppleWebKit/537.36 (KHTML, like Gecko) Chrome/56.0.2924.87 Safari/537.36"
212.108.43.59 - - [14/Mar/2017:14:59:54 +0100] "GET /entry.php?id=10778&form=11497&name=list& HTTP/1.1" 200 3424 "http://ed.activities.at/entry.php?id=11672" "Mozilla/5.0 (Windows NT 10.0; Win64; x64) AppleWebKit/537.36 (KHTML, like Gecko) Chrome/56.0.2924.87 Safari/537.36"
212.108.43.59 - - [14/Mar/2017:14:59:59 +0100] "POST /entry.php?id=11671 HTTP/1.1" 200 4803 "http://ed.activities.at/entry.php?id=11671&" "Mozilla/5.0 (Windows NT 10.0; Win64; x64) AppleWebKit/537.36 (KHTML, like Gecko) Chrome/56.0.2924.87 Safari/537.36"
212.108.43.59 - - [14/Mar/2017:15:00:00 +0100] "GET /gui/javascript/form_form.js?1489499999 HTTP/1.1" 200 16206 "http://ed.activities.at/entry.php?id=11671" "Mozilla/5.0 (Windows NT 10.0; Win64; x64) AppleWebKit/537.36 (KHTML, like Gecko) Chrome/56.0.2924.87 Safari/537.36"
212.108.43.59 - - [14/Mar/2017:15:00:00 +0100] "GET /entry.php?id=10776&form=11496&name=list& HTTP/1.1" 200 1519 "http://ed.activities.at/entry.php?id=11671" "Mozilla/5.0 (Windows NT 10.0; Win64; x64) AppleWebKit/537.36 (KHTML, like Gecko) Chrome/56.0.2924.87 Safari/537.36"
212.108.43.59 - - [14/Mar/2017:15:00:00 +0100] "GET /entry.php?id=10778&form=11496&name=list& HTTP/1.1" 200 5618 "http://ed.activities.at/entry.php?id=11671" "Mozilla/5.0 (Windows NT 10.0; Win64; x64) AppleWebKit/537.36 (KHTML, like Gecko) Chrome/56.0.2924.87 Safari/537.36"
212.108.43.59 - - [14/Mar/2017:15:00:04 +0100] "POST /entry.php?id=11671 HTTP/1.1" 200 3261 "http://ed.activities.at/entry.php?id=11671" "Mozilla/5.0 (Windows NT 10.0; Win64; x64) AppleWebKit/537.36 (KHTML, like Gecko) Chrome/56.0.2924.87 Safari/537.36"
212.108.43.59 - - [14/Mar/2017:15:00:04 +0100] "GET /framework/webfx/javascript/tinymce/tinyEdit.js HTTP/1.1" 200 1251 "http://ed.activities.at/entry.php?id=11671" "Mozilla/5.0 (Windows NT 10.0; Win64; x64) AppleWebKit/537.36 (KHTML, like Gecko) Chrome/56.0.2924.87 Safari/537.36"
212.108.43.59 - - [14/Mar/2017:15:00:04 +0100] "GET /gui/javascript/form_form.js?1489500004 HTTP/1.1" 200 16206 "http://ed.activities.at/entry.php?id=11671" "Mozilla/5.0 (Windows NT 10.0; Win64; x64) AppleWebKit/537.36 (KHTML, like Gecko) Chrome/56.0.2924.87 Safari/537.36"
212.108.43.59 - - [14/Mar/2017:15:00:04 +0100] "GET /framework/webfx/javascript/tinymce/tinymce.min.js HTTP/1.1" 200 101898 "http://ed.activities.at/entry.php?id=11671" "Mozilla/5.0 (Windows NT 10.0; Win64; x64) AppleWebKit/537.36 (KHTML, like Gecko) Chrome/56.0.2924.87 Safari/537.36"
212.108.43.59 - - [14/Mar/2017:15:00:05 +0100] "GET /framework/webfx/javascript/tinymce/themes/modern/theme.min.js HTTP/1.1" 200 2636 "http://ed.activities.at/entry.php?id=11671" "Mozilla/5.0 (Windows NT 10.0; Win64; x64) AppleWebKit/537.36 (KHTML, like Gecko) Chrome/56.0.2924.87 Safari/537.36"
212.108.43.59 - - [14/Mar/2017:15:00:05 +0100] "GET /framework/webfx/javascript/tinymce/plugins/advlist/plugin.min.js HTTP/1.1" 200 613 "http://ed.activities.at/entry.php?id=11671" "Mozilla/5.0 (Windows NT 10.0; Win64; x64) AppleWebKit/537.36 (KHTML, like Gecko) Chrome/56.0.2924.87 Safari/537.36"
212.108.43.59 - - [14/Mar/2017:15:00:05 +0100] "GET /framework/webfx/javascript/tinymce/plugins/lists/plugin.min.js HTTP/1.1" 200 2642 "http://ed.activities.at/entry.php?id=11671" "Mozilla/5.0 (Windows NT 10.0; Win64; x64) AppleWebKit/537.36 (KHTML, like Gecko) Chrome/56.0.2924.87 Safari/537.36"
212.108.43.59 - - [14/Mar/2017:15:00:05 +0100] "GET /framework/webfx/javascript/tinymce/langs/de.js HTTP/1.1" 200 3001 "http://ed.activities.at/entry.php?id=11671" "Mozilla/5.0 (Windows NT 10.0; Win64; x64) AppleWebKit/537.36 (KHTML, like Gecko) Chrome/56.0.2924.87 Safari/537.36"
212.108.43.59 - - [14/Mar/2017:15:00:05 +0100] "GET /framework/webfx/javascript/tinymce/plugins/hr/plugin.min.js HTTP/1.1" 200 191 "http://ed.activities.at/entry.php?id=11671" "Mozilla/5.0 (Windows NT 10.0; Win64; x64) AppleWebKit/537.36 (KHTML, like Gecko) Chrome/56.0.2924.87 Safari/537.36"
212.108.43.59 - - [14/Mar/2017:15:00:05 +0100] "GET /framework/webfx/javascript/tinymce/plugins/preview/plugin.min.js HTTP/1.1" 200 734 "http://ed.activities.at/entry.php?id=11671" "Mozilla/5.0 (Windows NT 10.0; Win64; x64) AppleWebKit/537.36 (KHTML, like Gecko) Chrome/56.0.2924.87 Safari/537.36"
212.108.43.59 - - [14/Mar/2017:15:00:05 +0100] "GET /framework/webfx/javascript/tinymce/plugins/pagebreak/plugin.min.js HTTP/1.1" 200 636 "http://ed.activities.at/entry.php?id=11671" "Mozilla/5.0 (Windows NT 10.0; Win64; x64) AppleWebKit/537.36 (KHTML, like Gecko) Chrome/56.0.2924.87 Safari/537.36"
212.108.43.59 - - [14/Mar/2017:15:00:05 +0100] "GET /framework/webfx/javascript/tinymce/plugins/anchor/plugin.min.js HTTP/1.1" 200 338 "http://ed.activities.at/entry.php?id=11671" "Mozilla/5.0 (Windows NT 10.0; Win64; x64) AppleWebKit/537.36 (KHTML, like Gecko) Chrome/56.0.2924.87 Safari/537.36"
212.108.43.59 - - [14/Mar/2017:15:00:05 +0100] "GET /framework/webfx/javascript/tinymce/plugins/searchreplace/plugin.min.js HTTP/1.1" 200 2568 "http://ed.activities.at/entry.php?id=11671" "Mozilla/5.0 (Windows NT 10.0; Win64; x64) AppleWebKit/537.36 (KHTML, like Gecko) Chrome/56.0.2924.87 Safari/537.36"
212.108.43.59 - - [14/Mar/2017:15:00:05 +0100] "GET /framework/webfx/javascript/tinymce/plugins/wordcount/plugin.min.js HTTP/1.1" 200 524 "http://ed.activities.at/entry.php?id=11671" "Mozilla/5.0 (Windows NT 10.0; Win64; x64) AppleWebKit/537.36 (KHTML, like Gecko) Chrome/56.0.2924.87 Safari/537.36"
212.108.43.59 - - [14/Mar/2017:15:00:05 +0100] "GET /framework/webfx/javascript/tinymce/plugins/visualblocks/plugin.min.js HTTP/1.1" 200 523 "http://ed.activities.at/entry.php?id=11671" "Mozilla/5.0 (Windows NT 10.0; Win64; x64) AppleWebKit/537.36 (KHTML, like Gecko) Chrome/56.0.2924.87 Safari/537.36"
212.108.43.59 - - [14/Mar/2017:15:00:05 +0100] "GET /framework/webfx/javascript/tinymce/plugins/visualchars/plugin.min.js HTTP/1.1" 200 602 "http://ed.activities.at/entry.php?id=11671" "Mozilla/5.0 (Windows NT 10.0; Win64; x64) AppleWebKit/537.36 (KHTML, like Gecko) Chrome/56.0.2924.87 Safari/537.36"
212.108.43.59 - - [14/Mar/2017:15:00:05 +0100] "GET /framework/webfx/javascript/tinymce/plugins/nonbreaking/plugin.min.js HTTP/1.1" 200 371 "http://ed.activities.at/entry.php?id=11671" "Mozilla/5.0 (Windows NT 10.0; Win64; x64) AppleWebKit/537.36 (KHTML, like Gecko) Chrome/56.0.2924.87 Safari/537.36"
212.108.43.59 - - [14/Mar/2017:15:00:05 +0100] "GET /framework/webfx/javascript/tinymce/plugins/code/plugin.min.js HTTP/1.1" 200 435 "http://ed.activities.at/entry.php?id=11671" "Mozilla/5.0 (Windows NT 10.0; Win64; x64) AppleWebKit/537.36 (KHTML, like Gecko) Chrome/56.0.2924.87 Safari/537.36"
212.108.43.59 - - [14/Mar/2017:15:00:05 +0100] "GET /framework/webfx/javascript/tinymce/plugins/template/plugin.min.js HTTP/1.1" 200 1703 "http://ed.activities.at/entry.php?id=11671" "Mozilla/5.0 (Windows NT 10.0; Win64; x64) AppleWebKit/537.36 (KHTML, like Gecko) Chrome/56.0.2924.87 Safari/537.36"
212.108.43.59 - - [14/Mar/2017:15:00:05 +0100] "GET /framework/webfx/javascript/tinymce/plugins/textcolor/plugin.min.js HTTP/1.1" 200 1636 "http://ed.activities.at/entry.php?id=11671" "Mozilla/5.0 (Windows NT 10.0; Win64; x64) AppleWebKit/537.36 (KHTML, like Gecko) Chrome/56.0.2924.87 Safari/537.36"
212.108.43.59 - - [14/Mar/2017:15:00:05 +0100] "GET /framework/webfx/javascript/tinymce/plugins/paste/plugin.min.js HTTP/1.1" 200 6164 "http://ed.activities.at/entry.php?id=11671" "Mozilla/5.0 (Windows NT 10.0; Win64; x64) AppleWebKit/537.36 (KHTML, like Gecko) Chrome/56.0.2924.87 Safari/537.36"
212.108.43.59 - - [14/Mar/2017:15:00:05 +0100] "GET /framework/webfx/javascript/tinymce/plugins/colorpicker/plugin.min.js HTTP/1.1" 200 613 "http://ed.activities.at/entry.php?id=11671" "Mozilla/5.0 (Windows NT 10.0; Win64; x64) AppleWebKit/537.36 (KHTML, like Gecko) Chrome/56.0.2924.87 Safari/537.36"
212.108.43.59 - - [14/Mar/2017:15:00:05 +0100] "GET /framework/webfx/javascript/tinymce/skins/lightgray/skin.min.css HTTP/1.1" 200 6110 "http://ed.activities.at/entry.php?id=11671" "Mozilla/5.0 (Windows NT 10.0; Win64; x64) AppleWebKit/537.36 (KHTML, like Gecko) Chrome/56.0.2924.87 Safari/537.36"
212.108.43.59 - - [14/Mar/2017:15:00:05 +0100] "GET /framework/webfx/javascript/tinymce/skins/lightgray/content.min.css HTTP/1.1" 404 327 "http://ed.activities.at/entry.php?id=11671" "Mozilla/5.0 (Windows NT 10.0; Win64; x64) AppleWebKit/537.36 (KHTML, like Gecko) Chrome/56.0.2924.87 Safari/537.36"
212.108.43.59 - - [14/Mar/2017:15:00:05 +0100] "GET /framework/webfx/javascript/tinymce/skins/lightgray/fonts/tinymce-small.woff HTTP/1.1" 200 7848 "http://ed.activities.at/framework/webfx/javascript/tinymce/skins/lightgray/skin.min.css" "Mozilla/5.0 (Windows NT 10.0; Win64; x64) AppleWebKit/537.36 (KHTML, like Gecko) Chrome/56.0.2924.87 Safari/537.36"
212.108.43.59 - - [14/Mar/2017:15:00:06 +0100] "POST /entry.php?id=11671 HTTP/1.1" 200 4803 "http://ed.activities.at/entry.php?id=11671" "Mozilla/5.0 (Windows NT 10.0; Win64; x64) AppleWebKit/537.36 (KHTML, like Gecko) Chrome/56.0.2924.87 Safari/537.36"
212.108.43.59 - - [14/Mar/2017:15:00:08 +0100] "GET /gui/javascript/form_form.js?1489500007 HTTP/1.1" 200 16206 "http://ed.activities.at/entry.php?id=11671" "Mozilla/5.0 (Windows NT 10.0; Win64; x64) AppleWebKit/537.36 (KHTML, like Gecko) Chrome/56.0.2924.87 Safari/537.36"
212.108.43.59 - - [14/Mar/2017:15:00:08 +0100] "GET /entry.php?id=10776&form=11496&name=list& HTTP/1.1" 200 1519 "http://ed.activities.at/entry.php?id=11671" "Mozilla/5.0 (Windows NT 10.0; Win64; x64) AppleWebKit/537.36 (KHTML, like Gecko) Chrome/56.0.2924.87 Safari/537.36"
212.108.43.59 - - [14/Mar/2017:15:00:08 +0100] "GET /entry.php?id=10778&form=11496&name=list& HTTP/1.1" 200 5618 "http://ed.activities.at/entry.php?id=11671" "Mozilla/5.0 (Windows NT 10.0; Win64; x64) AppleWebKit/537.36 (KHTML, like Gecko) Chrome/56.0.2924.87 Safari/537.36"
90.152.128.107 - - [14/Mar/2017:15:00:09 +0100] "GET /entry.php?id=11673 HTTP/1.1" 200 358 "http://ed.activities.at/entry.php?id=10270&&__app__=10006038" "Mozilla/5.0 (Windows NT 10.0; WOW64; rv:51.0) Gecko/20100101 Firefox/51.0"
90.152.128.107 - - [14/Mar/2017:15:00:09 +0100] "GET /entry.php?id=10676&&title=F%FChrerscheinkurse HTTP/1.1" 200 1396 "http://ed.activities.at/entry.php?id=11673" "Mozilla/5.0 (Windows NT 10.0; WOW64; rv:51.0) Gecko/20100101 Firefox/51.0"
90.152.128.107 - - [14/Mar/2017:15:00:10 +0100] "GET /gui/javascript/form_form.js?1489500009 HTTP/1.1" 200 16206 "http://ed.activities.at/entry.php?id=10676&&title=F%FChrerscheinkurse" "Mozilla/5.0 (Windows NT 10.0; WOW64; rv:51.0) Gecko/20100101 Firefox/51.0"
90.152.128.107 - - [14/Mar/2017:15:00:09 +0100] "GET /entry.php?id=11672& HTTP/1.1" 200 2737 "http://ed.activities.at/entry.php?id=11673" "Mozilla/5.0 (Windows NT 10.0; WOW64; rv:51.0) Gecko/20100101 Firefox/51.0"
90.152.128.107 - - [14/Mar/2017:15:00:10 +0100] "GET /gui/javascript/form_form.js?1489500010 HTTP/1.1" 200 16206 "http://ed.activities.at/entry.php?id=11672&" "Mozilla/5.0 (Windows NT 10.0; WOW64; rv:51.0) Gecko/20100101 Firefox/51.0"
90.152.128.107 - - [14/Mar/2017:15:00:09 +0100] "GET /entry.php?id=11671& HTTP/1.1" 200 4540 "http://ed.activities.at/entry.php?id=11673" "Mozilla/5.0 (Windows NT 10.0; WOW64; rv:51.0) Gecko/20100101 Firefox/51.0"
90.152.128.107 - - [14/Mar/2017:15:00:11 +0100] "GET /gui/javascript/form_form.js?1489500011 HTTP/1.1" 200 16206 "http://ed.activities.at/entry.php?id=11671&" "Mozilla/5.0 (Windows NT 10.0; WOW64; rv:51.0) Gecko/20100101 Firefox/51.0"
90.152.128.107 - - [14/Mar/2017:15:00:09 +0100] "GET /entry.php?id=11694& HTTP/1.1" 200 3484 "http://ed.activities.at/entry.php?id=11673" "Mozilla/5.0 (Windows NT 10.0; WOW64; rv:51.0) Gecko/20100101 Firefox/51.0"
90.152.128.107 - - [14/Mar/2017:15:00:11 +0100] "GET /entry.php?id=10778&form=11497&name=list& HTTP/1.1" 200 17826 "http://ed.activities.at/entry.php?id=11672&" "Mozilla/5.0 (Windows NT 10.0; WOW64; rv:51.0) Gecko/20100101 Firefox/51.0"
90.152.128.107 - - [14/Mar/2017:15:00:11 +0100] "GET /entry.php?id=10776&form=11497&name=list& HTTP/1.1" 200 2014 "http://ed.activities.at/entry.php?id=11672&" "Mozilla/5.0 (Windows NT 10.0; WOW64; rv:51.0) Gecko/20100101 Firefox/51.0"
90.152.128.107 - - [14/Mar/2017:15:00:11 +0100] "GET /entry.php?id=10777&form=11497&name=list& HTTP/1.1" 200 1340 "http://ed.activities.at/entry.php?id=11672&" "Mozilla/5.0 (Windows NT 10.0; WOW64; rv:51.0) Gecko/20100101 Firefox/51.0"
90.152.128.107 - - [14/Mar/2017:15:00:11 +0100] "GET /entry.php?id=10778&form=11496&name=list& HTTP/1.1" 200 2493 "http://ed.activities.at/entry.php?id=11671&" "Mozilla/5.0 (Windows NT 10.0; WOW64; rv:51.0) Gecko/20100101 Firefox/51.0"
90.152.128.107 - - [14/Mar/2017:15:00:11 +0100] "GET /entry.php?id=10776&form=11496&name=list& HTTP/1.1" 200 1620 "http://ed.activities.at/entry.php?id=11671&" "Mozilla/5.0 (Windows NT 10.0; WOW64; rv:51.0) Gecko/20100101 Firefox/51.0"
90.152.128.107 - - [14/Mar/2017:15:00:13 +0100] "GET /activities/framework/KoolControls/KoolAjax/koolajax.php?8436e354c842500aba3cbaf0584c0c24 HTTP/1.1" 200 4079 "http://ed.activities.at/entry.php?id=11694&" "Mozilla/5.0 (Windows NT 10.0; WOW64; rv:51.0) Gecko/20100101 Firefox/51.0"
90.152.128.107 - - [14/Mar/2017:15:00:13 +0100] "GET /activities/framework/KoolControls/KoolTreeView/kooltreeview.php?c7cd9180e88ffef8e70f13526bb4f5f7 HTTP/1.1" 200 5055 "http://ed.activities.at/entry.php?id=11694&" "Mozilla/5.0 (Windows NT 10.0; WOW64; rv:51.0) Gecko/20100101 Firefox/51.0"
212.108.43.59 - - [14/Mar/2017:15:00:15 +0100] "GET /entry.php?id=10271&&ser=499954 HTTP/1.1" 200 986 "http://ed.activities.at/entry.php?id=10271&&ser=499893" "Mozilla/5.0 (Windows NT 10.0; Win64; x64) AppleWebKit/537.36 (KHTML, like Gecko) Chrome/56.0.2924.87 Safari/537.36"
212.108.43.59 - - [14/Mar/2017:15:00:15 +0100] "GET /gui/javascript/form_form.js?1489500015 HTTP/1.1" 200 16206 "http://ed.activities.at/entry.php?id=10271&&ser=499954" "Mozilla/5.0 (Windows NT 10.0; Win64; x64) AppleWebKit/537.36 (KHTML, like Gecko) Chrome/56.0.2924.87 Safari/537.36"
90.152.128.107 - - [14/Mar/2017:15:00:16 +0100] "GET /entry.php?id=10271&&ser=499956 HTTP/1.1" 200 988 "http://ed.activities.at/entry.php?id=10271&UIN=4663f1d81289b9723ae261b7dfffde55" "Mozilla/5.0 (Windows NT 10.0; WOW64; rv:51.0) Gecko/20100101 Firefox/51.0"
90.152.128.107 - - [14/Mar/2017:15:00:17 +0100] "GET /gui/javascript/form_form.js?1489500017 HTTP/1.1" 200 16206 "http://ed.activities.at/entry.php?id=10271&&ser=499956" "Mozilla/5.0 (Windows NT 10.0; WOW64; rv:51.0) Gecko/20100101 Firefox/51.0"
90.152.128.107 - - [14/Mar/2017:15:00:16 +0100] "GET /entry.php?id=11670 HTTP/1.1" 200 320 "http://ed.activities.at/entry.php?id=10270&&__app__=10006038" "Mozilla/5.0 (Windows NT 10.0; WOW64; rv:51.0) Gecko/20100101 Firefox/51.0"
90.152.128.107 - - [14/Mar/2017:15:00:17 +0100] "GET /entry.php?id=10676&&title=Produkte HTTP/1.1" 200 1389 "http://ed.activities.at/entry.php?id=11670" "Mozilla/5.0 (Windows NT 10.0; WOW64; rv:51.0) Gecko/20100101 Firefox/51.0"
90.152.128.107 - - [14/Mar/2017:15:00:17 +0100] "GET /entry.php?id=11668& HTTP/1.1" 200 3367 "http://ed.activities.at/entry.php?id=11670" "Mozilla/5.0 (Windows NT 10.0; WOW64; rv:51.0) Gecko/20100101 Firefox/51.0"
90.152.128.107 - - [14/Mar/2017:15:00:17 +0100] "GET /entry.php?id=11669& HTTP/1.1" 200 2283 "http://ed.activities.at/entry.php?id=11670" "Mozilla/5.0 (Windows NT 10.0; WOW64; rv:51.0) Gecko/20100101 Firefox/51.0"
90.152.128.107 - - [14/Mar/2017:15:00:18 +0100] "GET /gui/javascript/form_ed_articles.js HTTP/1.1" 200 2191 "http://ed.activities.at/entry.php?id=11668&" "Mozilla/5.0 (Windows NT 10.0; WOW64; rv:51.0) Gecko/20100101 Firefox/51.0"
90.152.128.107 - - [14/Mar/2017:15:00:18 +0100] "GET /gui/javascript/form_form.js?1489500018 HTTP/1.1" 200 16206 "http://ed.activities.at/entry.php?id=11668&" "Mozilla/5.0 (Windows NT 10.0; WOW64; rv:51.0) Gecko/20100101 Firefox/51.0"
90.152.128.107 - - [14/Mar/2017:15:00:19 +0100] "GET /entry.php?id=10776&form=11493&name=list& HTTP/1.1" 200 1581 "http://ed.activities.at/entry.php?id=11668&" "Mozilla/5.0 (Windows NT 10.0; WOW64; rv:51.0) Gecko/20100101 Firefox/51.0"
90.152.128.107 - - [14/Mar/2017:15:00:19 +0100] "GET /entry.php?id=10778&form=11493&name=list& HTTP/1.1" 200 2487 "http://ed.activities.at/entry.php?id=11668&" "Mozilla/5.0 (Windows NT 10.0; WOW64; rv:51.0) Gecko/20100101 Firefox/51.0"
90.152.128.107 - - [14/Mar/2017:15:00:20 +0100] "GET /entry.php?id=10776&form=11494&name=list& HTTP/1.1" 200 2062 "http://ed.activities.at/entry.php?id=11669&" "Mozilla/5.0 (Windows NT 10.0; WOW64; rv:51.0) Gecko/20100101 Firefox/51.0"
90.152.128.107 - - [14/Mar/2017:15:00:20 +0100] "GET /entry.php?id=10778&form=11494&name=list& HTTP/1.1" 200 5170 "http://ed.activities.at/entry.php?id=11669&" "Mozilla/5.0 (Windows NT 10.0; WOW64; rv:51.0) Gecko/20100101 Firefox/51.0"
212.108.43.59 - - [14/Mar/2017:15:00:24 +0100] "GET /entry.php?id=11670 HTTP/1.1" 200 320 "http://ed.activities.at/entry.php?id=10270&__app__=10006038" "Mozilla/5.0 (Windows NT 10.0; Win64; x64) AppleWebKit/537.36 (KHTML, like Gecko) Chrome/56.0.2924.87 Safari/537.36"
90.152.128.107 - - [14/Mar/2017:15:00:24 +0100] "POST /entry.php?id=11668 HTTP/1.1" 200 3490 "http://ed.activities.at/entry.php?id=11668&" "Mozilla/5.0 (Windows NT 10.0; WOW64; rv:51.0) Gecko/20100101 Firefox/51.0"
212.108.43.59 - - [14/Mar/2017:15:00:24 +0100] "GET /entry.php?id=10676&&title=Produkte HTTP/1.1" 200 1387 "http://ed.activities.at/entry.php?id=11670" "Mozilla/5.0 (Windows NT 10.0; Win64; x64) AppleWebKit/537.36 (KHTML, like Gecko) Chrome/56.0.2924.87 Safari/537.36"
90.152.128.107 - - [14/Mar/2017:15:00:24 +0100] "GET /gui/javascript/form_form.js?1489500024 HTTP/1.1" 200 16206 "http://ed.activities.at/entry.php?id=11668" "Mozilla/5.0 (Windows NT 10.0; WOW64; rv:51.0) Gecko/20100101 Firefox/51.0"
212.108.43.59 - - [14/Mar/2017:15:00:25 +0100] "GET /gui/javascript/form_form.js?1489500024 HTTP/1.1" 200 16206 "http://ed.activities.at/entry.php?id=10676&&title=Produkte" "Mozilla/5.0 (Windows NT 10.0; Win64; x64) AppleWebKit/537.36 (KHTML, like Gecko) Chrome/56.0.2924.87 Safari/537.36"
90.152.128.107 - - [14/Mar/2017:15:00:25 +0100] "GET /entry.php?id=10778&form=11493&name=list& HTTP/1.1" 200 3426 "http://ed.activities.at/entry.php?id=11668" "Mozilla/5.0 (Windows NT 10.0; WOW64; rv:51.0) Gecko/20100101 Firefox/51.0"
90.152.128.107 - - [14/Mar/2017:15:00:25 +0100] "GET /entry.php?id=10776&form=11493&name=list& HTTP/1.1" 200 1572 "http://ed.activities.at/entry.php?id=11668" "Mozilla/5.0 (Windows NT 10.0; WOW64; rv:51.0) Gecko/20100101 Firefox/51.0"
212.108.43.59 - - [14/Mar/2017:15:00:24 +0100] "GET /entry.php?id=11668& HTTP/1.1" 200 3365 "http://ed.activities.at/entry.php?id=11670" "Mozilla/5.0 (Windows NT 10.0; Win64; x64) AppleWebKit/537.36 (KHTML, like Gecko) Chrome/56.0.2924.87 Safari/537.36"
212.108.43.59 - - [14/Mar/2017:15:00:25 +0100] "GET /gui/javascript/form_form.js?1489500025 HTTP/1.1" 200 16206 "http://ed.activities.at/entry.php?id=11668&" "Mozilla/5.0 (Windows NT 10.0; Win64; x64) AppleWebKit/537.36 (KHTML, like Gecko) Chrome/56.0.2924.87 Safari/537.36"
212.108.43.59 - - [14/Mar/2017:15:00:24 +0100] "GET /entry.php?id=11669& HTTP/1.1" 200 2280 "http://ed.activities.at/entry.php?id=11670" "Mozilla/5.0 (Windows NT 10.0; Win64; x64) AppleWebKit/537.36 (KHTML, like Gecko) Chrome/56.0.2924.87 Safari/537.36"
212.108.43.59 - - [14/Mar/2017:15:00:25 +0100] "GET /entry.php?id=10776&form=11493&name=list& HTTP/1.1" 200 1487 "http://ed.activities.at/entry.php?id=11668&" "Mozilla/5.0 (Windows NT 10.0; Win64; x64) AppleWebKit/537.36 (KHTML, like Gecko) Chrome/56.0.2924.87 Safari/537.36"
212.108.43.59 - - [14/Mar/2017:15:00:25 +0100] "GET /entry.php?id=10778&form=11493&name=list& HTTP/1.1" 200 2487 "http://ed.activities.at/entry.php?id=11668&" "Mozilla/5.0 (Windows NT 10.0; Win64; x64) AppleWebKit/537.36 (KHTML, like Gecko) Chrome/56.0.2924.87 Safari/537.36"
212.108.43.59 - - [14/Mar/2017:15:00:25 +0100] "GET /entry.php?id=10778&form=11494&name=list& HTTP/1.1" 200 4998 "http://ed.activities.at/entry.php?id=11669&" "Mozilla/5.0 (Windows NT 10.0; Win64; x64) AppleWebKit/537.36 (KHTML, like Gecko) Chrome/56.0.2924.87 Safari/537.36"
212.108.43.59 - - [14/Mar/2017:15:00:25 +0100] "GET /entry.php?id=10776&form=11494&name=list& HTTP/1.1" 200 1989 "http://ed.activities.at/entry.php?id=11669&" "Mozilla/5.0 (Windows NT 10.0; Win64; x64) AppleWebKit/537.36 (KHTML, like Gecko) Chrome/56.0.2924.87 Safari/537.36"
90.152.128.107 - - [14/Mar/2017:15:00:27 +0100] "POST /entry.php?id=11668 HTTP/1.1" 200 2510 "http://ed.activities.at/entry.php?id=11668" "Mozilla/5.0 (Windows NT 10.0; WOW64; rv:51.0) Gecko/20100101 Firefox/51.0"
90.152.128.107 - - [14/Mar/2017:15:00:28 +0100] "GET /gui/javascript/jquery/js/ui.splitter.js HTTP/1.1" 200 3473 "http://ed.activities.at/entry.php?id=11668" "Mozilla/5.0 (Windows NT 10.0; WOW64; rv:51.0) Gecko/20100101 Firefox/51.0"
90.152.128.107 - - [14/Mar/2017:15:00:28 +0100] "GET /gui/javascript/form_form.js?1489500027 HTTP/1.1" 200 16206 "http://ed.activities.at/entry.php?id=11668" "Mozilla/5.0 (Windows NT 10.0; WOW64; rv:51.0) Gecko/20100101 Firefox/51.0"
90.152.128.107 - - [14/Mar/2017:15:00:28 +0100] "GET /gui/javascript/form_binary.js HTTP/1.1" 304 - "http://ed.activities.at/entry.php?id=11668" "Mozilla/5.0 (Windows NT 10.0; WOW64; rv:51.0) Gecko/20100101 Firefox/51.0"
90.152.128.107 - - [14/Mar/2017:15:00:28 +0100] "GET /entry.php?id=11695&&object=10226222 HTTP/1.1" 200 3602 "http://ed.activities.at/entry.php?id=11668" "Mozilla/5.0 (Windows NT 10.0; WOW64; rv:51.0) Gecko/20100101 Firefox/51.0"
90.152.128.107 - - [14/Mar/2017:15:00:28 +0100] "GET /activities/framework/KoolControls/KoolAjax/koolajax.php?8436e354c842500aba3cbaf0584c0c24 HTTP/1.1" 200 4079 "http://ed.activities.at/entry.php?id=11695&&object=10226222" "Mozilla/5.0 (Windows NT 10.0; WOW64; rv:51.0) Gecko/20100101 Firefox/51.0"
90.152.128.107 - - [14/Mar/2017:15:00:28 +0100] "GET /gui/javascript/form_form.js?1489500028 HTTP/1.1" 200 16206 "http://ed.activities.at/entry.php?id=11695&&object=10226222" "Mozilla/5.0 (Windows NT 10.0; WOW64; rv:51.0) Gecko/20100101 Firefox/51.0"
90.152.128.107 - - [14/Mar/2017:15:00:28 +0100] "GET /entry.php?id=11696&&object=10226222 HTTP/1.1" 200 1856 "http://ed.activities.at/entry.php?id=11668" "Mozilla/5.0 (Windows NT 10.0; WOW64; rv:51.0) Gecko/20100101 Firefox/51.0"
90.152.128.107 - - [14/Mar/2017:15:00:28 +0100] "GET /activities/framework/KoolControls/KoolTreeView/icons/website.gif HTTP/1.1" 304 - "http://ed.activities.at/entry.php?id=11695&&object=10226222" "Mozilla/5.0 (Windows NT 10.0; WOW64; rv:51.0) Gecko/20100101 Firefox/51.0"
90.152.128.107 - - [14/Mar/2017:15:00:29 +0100] "GET /activities/framework/KoolControls/KoolTreeView/kooltreeview.php?c7cd9180e88ffef8e70f13526bb4f5f7 HTTP/1.1" 200 5055 "http://ed.activities.at/entry.php?id=11695&&object=10226222" "Mozilla/5.0 (Windows NT 10.0; WOW64; rv:51.0) Gecko/20100101 Firefox/51.0"
212.108.43.59 - - [14/Mar/2017:15:00:28 +0100] "POST /entry.php?id=11668 HTTP/1.1" 200 3490 "http://ed.activities.at/entry.php?id=11668&" "Mozilla/5.0 (Windows NT 10.0; Win64; x64) AppleWebKit/537.36 (KHTML, like Gecko) Chrome/56.0.2924.87 Safari/537.36"
212.108.43.59 - - [14/Mar/2017:15:00:29 +0100] "GET /gui/javascript/form_form.js?1489500029 HTTP/1.1" 200 16206 "http://ed.activities.at/entry.php?id=11668" "Mozilla/5.0 (Windows NT 10.0; Win64; x64) AppleWebKit/537.36 (KHTML, like Gecko) Chrome/56.0.2924.87 Safari/537.36"
212.108.43.59 - - [14/Mar/2017:15:00:29 +0100] "GET /entry.php?id=10778&form=11493&name=list& HTTP/1.1" 200 3377 "http://ed.activities.at/entry.php?id=11668" "Mozilla/5.0 (Windows NT 10.0; Win64; x64) AppleWebKit/537.36 (KHTML, like Gecko) Chrome/56.0.2924.87 Safari/537.36"
212.108.43.59 - - [14/Mar/2017:15:00:29 +0100] "GET /entry.php?id=10776&form=11493&name=list& HTTP/1.1" 200 1479 "http://ed.activities.at/entry.php?id=11668" "Mozilla/5.0 (Windows NT 10.0; Win64; x64) AppleWebKit/537.36 (KHTML, like Gecko) Chrome/56.0.2924.87 Safari/537.36"
212.108.43.59 - - [14/Mar/2017:15:00:33 +0100] "POST /entry.php?id=11668 HTTP/1.1" 200 2508 "http://ed.activities.at/entry.php?id=11668" "Mozilla/5.0 (Windows NT 10.0; Win64; x64) AppleWebKit/537.36 (KHTML, like Gecko) Chrome/56.0.2924.87 Safari/537.36"
212.108.43.59 - - [14/Mar/2017:15:00:34 +0100] "GET /gui/javascript/jquery/js/ui.splitter.js HTTP/1.1" 200 3473 "http://ed.activities.at/entry.php?id=11668" "Mozilla/5.0 (Windows NT 10.0; Win64; x64) AppleWebKit/537.36 (KHTML, like Gecko) Chrome/56.0.2924.87 Safari/537.36"
212.108.43.59 - - [14/Mar/2017:15:00:34 +0100] "GET /gui/javascript/form_binary.js HTTP/1.1" 200 3410 "http://ed.activities.at/entry.php?id=11668" "Mozilla/5.0 (Windows NT 10.0; Win64; x64) AppleWebKit/537.36 (KHTML, like Gecko) Chrome/56.0.2924.87 Safari/537.36"
212.108.43.59 - - [14/Mar/2017:15:00:34 +0100] "GET /gui/javascript/form_form.js?1489500033 HTTP/1.1" 200 16206 "http://ed.activities.at/entry.php?id=11668" "Mozilla/5.0 (Windows NT 10.0; Win64; x64) AppleWebKit/537.36 (KHTML, like Gecko) Chrome/56.0.2924.87 Safari/537.36"
212.108.43.59 - - [14/Mar/2017:15:00:34 +0100] "GET /entry.php?id=11695&&object=10226222 HTTP/1.1" 200 3602 "http://ed.activities.at/entry.php?id=11668" "Mozilla/5.0 (Windows NT 10.0; Win64; x64) AppleWebKit/537.36 (KHTML, like Gecko) Chrome/56.0.2924.87 Safari/537.36"
212.108.43.59 - - [14/Mar/2017:15:00:34 +0100] "GET /activities/framework/KoolControls/KoolAjax/koolajax.php?8436e354c842500aba3cbaf0584c0c24 HTTP/1.1" 200 4079 "http://ed.activities.at/entry.php?id=11695&&object=10226222" "Mozilla/5.0 (Windows NT 10.0; Win64; x64) AppleWebKit/537.36 (KHTML, like Gecko) Chrome/56.0.2924.87 Safari/537.36"
212.108.43.59 - - [14/Mar/2017:15:00:34 +0100] "GET /gui/javascript/form_form.js?1489500034 HTTP/1.1" 200 16206 "http://ed.activities.at/entry.php?id=11695&&object=10226222" "Mozilla/5.0 (Windows NT 10.0; Win64; x64) AppleWebKit/537.36 (KHTML, like Gecko) Chrome/56.0.2924.87 Safari/537.36"
212.108.43.59 - - [14/Mar/2017:15:00:34 +0100] "GET /activities/framework/KoolControls/KoolTreeView/icons/website.gif HTTP/1.1" 200 1049 "http://ed.activities.at/entry.php?id=11695&&object=10226222" "Mozilla/5.0 (Windows NT 10.0; Win64; x64) AppleWebKit/537.36 (KHTML, like Gecko) Chrome/56.0.2924.87 Safari/537.36"
212.108.43.59 - - [14/Mar/2017:15:00:34 +0100] "GET /activities/framework/KoolControls/KoolTreeView/kooltreeview.php?c7cd9180e88ffef8e70f13526bb4f5f7 HTTP/1.1" 200 5055 "http://ed.activities.at/entry.php?id=11695&&object=10226222" "Mozilla/5.0 (Windows NT 10.0; Win64; x64) AppleWebKit/537.36 (KHTML, like Gecko) Chrome/56.0.2924.87 Safari/537.36"
212.108.43.59 - - [14/Mar/2017:15:00:34 +0100] "GET /entry.php?id=11696&&object=10226222 HTTP/1.1" 200 1854 "http://ed.activities.at/entry.php?id=11668" "Mozilla/5.0 (Windows NT 10.0; Win64; x64) AppleWebKit/537.36 (KHTML, like Gecko) Chrome/56.0.2924.87 Safari/537.36"
212.108.43.59 - - [14/Mar/2017:15:00:44 +0100] "GET /entry.php?id=10271&&ser=499984 HTTP/1.1" 200 986 "http://ed.activities.at/entry.php?id=10271&&ser=499900" "Mozilla/5.0 (Windows NT 10.0; Win64; x64) AppleWebKit/537.36 (KHTML, like Gecko) Chrome/56.0.2924.87 Safari/537.36"
212.108.43.59 - - [14/Mar/2017:15:00:45 +0100] "GET /gui/javascript/form_form.js?1489500045 HTTP/1.1" 200 16206 "http://ed.activities.at/entry.php?id=10271&&ser=499984" "Mozilla/5.0 (Windows NT 10.0; Win64; x64) AppleWebKit/537.36 (KHTML, like Gecko) Chrome/56.0.2924.87 Safari/537.36"
90.152.128.107 - - [14/Mar/2017:15:00:46 +0100] "POST /entry.php HTTP/1.1" 200 3623 "http://ed.activities.at/entry.php?id=11696&&object=10226222" "Mozilla/5.0 (Windows NT 10.0; WOW64; rv:51.0) Gecko/20100101 Firefox/51.0"
90.152.128.107 - - [14/Mar/2017:15:00:47 +0100] "GET /gui/javascript/form_form.js?1489500047 HTTP/1.1" 200 16206 "http://ed.activities.at/entry.php" "Mozilla/5.0 (Windows NT 10.0; WOW64; rv:51.0) Gecko/20100101 Firefox/51.0"
90.152.128.107 - - [14/Mar/2017:15:00:48 +0100] "GET /framework/webfx/javascript/tinymce/skins/lightgray/content.min.css HTTP/1.1" 404 327 "http://ed.activities.at/entry.php" "Mozilla/5.0 (Windows NT 10.0; WOW64; rv:51.0) Gecko/20100101 Firefox/51.0"
212.108.43.59 - - [14/Mar/2017:15:00:52 +0100] "POST /entry.php?id=11668 HTTP/1.1" 200 2507 "http://ed.activities.at/entry.php?id=11668" "Mozilla/5.0 (Windows NT 10.0; Win64; x64) AppleWebKit/537.36 (KHTML, like Gecko) Chrome/56.0.2924.87 Safari/537.36"
212.108.43.59 - - [14/Mar/2017:15:00:53 +0100] "GET /gui/javascript/form_form.js?1489500053 HTTP/1.1" 200 16206 "http://ed.activities.at/entry.php?id=11668" "Mozilla/5.0 (Windows NT 10.0; Win64; x64) AppleWebKit/537.36 (KHTML, like Gecko) Chrome/56.0.2924.87 Safari/537.36"
212.108.43.59 - - [14/Mar/2017:15:00:53 +0100] "GET /entry.php?id=11695&&object=10229751 HTTP/1.1" 200 3609 "http://ed.activities.at/entry.php?id=11668" "Mozilla/5.0 (Windows NT 10.0; Win64; x64) AppleWebKit/537.36 (KHTML, like Gecko) Chrome/56.0.2924.87 Safari/537.36"
212.108.43.59 - - [14/Mar/2017:15:00:53 +0100] "GET /activities/framework/KoolControls/KoolAjax/koolajax.php?8436e354c842500aba3cbaf0584c0c24 HTTP/1.1" 200 4079 "http://ed.activities.at/entry.php?id=11695&&object=10229751" "Mozilla/5.0 (Windows NT 10.0; Win64; x64) AppleWebKit/537.36 (KHTML, like Gecko) Chrome/56.0.2924.87 Safari/537.36"
212.108.43.59 - - [14/Mar/2017:15:00:53 +0100] "GET /entry.php?id=11696&&object=10229751 HTTP/1.1" 200 1853 "http://ed.activities.at/entry.php?id=11668" "Mozilla/5.0 (Windows NT 10.0; Win64; x64) AppleWebKit/537.36 (KHTML, like Gecko) Chrome/56.0.2924.87 Safari/537.36"
212.108.43.59 - - [14/Mar/2017:15:00:54 +0100] "GET /activities/framework/KoolControls/KoolTreeView/kooltreeview.php?c7cd9180e88ffef8e70f13526bb4f5f7 HTTP/1.1" 200 5055 "http://ed.activities.at/entry.php?id=11695&&object=10229751" "Mozilla/5.0 (Windows NT 10.0; Win64; x64) AppleWebKit/537.36 (KHTML, like Gecko) Chrome/56.0.2924.87 Safari/537.36"
212.108.43.59 - - [14/Mar/2017:15:00:54 +0100] "GET /gui/javascript/form_form.js?1489500054 HTTP/1.1" 200 16206 "http://ed.activities.at/entry.php?id=11696&&object=10229751" "Mozilla/5.0 (Windows NT 10.0; Win64; x64) AppleWebKit/537.36 (KHTML, like Gecko) Chrome/56.0.2924.87 Safari/537.36"
212.108.43.59 - - [14/Mar/2017:15:01:07 +0100] "GET /entry.php?id=10287&login=1 HTTP/1.1" 200 2980 "http://ed.activities.at/entry.php?id=10273" "Mozilla/5.0 (Windows NT 10.0; Win64; x64) AppleWebKit/537.36 (KHTML, like Gecko) Chrome/56.0.2924.87 Safari/537.36"
212.108.43.59 - - [14/Mar/2017:15:01:07 +0100] "GET /gui/javascript/form_form.js?1489500067 HTTP/1.1" 200 16206 "http://ed.activities.at/entry.php?id=10287&login=1" "Mozilla/5.0 (Windows NT 10.0; Win64; x64) AppleWebKit/537.36 (KHTML, like Gecko) Chrome/56.0.2924.87 Safari/537.36"
212.108.43.59 - - [14/Mar/2017:15:01:10 +0100] "GET /entry.php?id=11670 HTTP/1.1" 200 320 "http://ed.activities.at/entry.php?id=10270&__app__=10006038" "Mozilla/5.0 (Windows NT 10.0; Win64; x64) AppleWebKit/537.36 (KHTML, like Gecko) Chrome/56.0.2924.87 Safari/537.36"
212.108.43.59 - - [14/Mar/2017:15:01:11 +0100] "GET /entry.php?id=10676&&title=Produkte HTTP/1.1" 200 1387 "http://ed.activities.at/entry.php?id=11670" "Mozilla/5.0 (Windows NT 10.0; Win64; x64) AppleWebKit/537.36 (KHTML, like Gecko) Chrome/56.0.2924.87 Safari/537.36"
212.108.43.59 - - [14/Mar/2017:15:01:11 +0100] "GET /gui/javascript/form_form.js?1489500071 HTTP/1.1" 200 16206 "http://ed.activities.at/entry.php?id=10676&&title=Produkte" "Mozilla/5.0 (Windows NT 10.0; Win64; x64) AppleWebKit/537.36 (KHTML, like Gecko) Chrome/56.0.2924.87 Safari/537.36"
212.108.43.59 - - [14/Mar/2017:15:01:11 +0100] "GET /entry.php?id=11669& HTTP/1.1" 200 2280 "http://ed.activities.at/entry.php?id=11670" "Mozilla/5.0 (Windows NT 10.0; Win64; x64) AppleWebKit/537.36 (KHTML, like Gecko) Chrome/56.0.2924.87 Safari/537.36"
212.108.43.59 - - [14/Mar/2017:15:01:11 +0100] "GET /entry.php?id=11668& HTTP/1.1" 200 3366 "http://ed.activities.at/entry.php?id=11670" "Mozilla/5.0 (Windows NT 10.0; Win64; x64) AppleWebKit/537.36 (KHTML, like Gecko) Chrome/56.0.2924.87 Safari/537.36"
212.108.43.59 - - [14/Mar/2017:15:01:12 +0100] "GET /gui/javascript/form_form.js?1489500072 HTTP/1.1" 200 16206 "http://ed.activities.at/entry.php?id=11668&" "Mozilla/5.0 (Windows NT 10.0; Win64; x64) AppleWebKit/537.36 (KHTML, like Gecko) Chrome/56.0.2924.87 Safari/537.36"
212.108.43.59 - - [14/Mar/2017:15:01:11 +0100] "GET /entry.php?id=10776&form=11494&name=list& HTTP/1.1" 200 1989 "http://ed.activities.at/entry.php?id=11669&" "Mozilla/5.0 (Windows NT 10.0; Win64; x64) AppleWebKit/537.36 (KHTML, like Gecko) Chrome/56.0.2924.87 Safari/537.36"
212.108.43.59 - - [14/Mar/2017:15:01:12 +0100] "GET /entry.php?id=10778&form=11493&name=list& HTTP/1.1" 200 2487 "http://ed.activities.at/entry.php?id=11668&" "Mozilla/5.0 (Windows NT 10.0; Win64; x64) AppleWebKit/537.36 (KHTML, like Gecko) Chrome/56.0.2924.87 Safari/537.36"
212.108.43.59 - - [14/Mar/2017:15:01:11 +0100] "GET /entry.php?id=10778&form=11494&name=list& HTTP/1.1" 200 4998 "http://ed.activities.at/entry.php?id=11669&" "Mozilla/5.0 (Windows NT 10.0; Win64; x64) AppleWebKit/537.36 (KHTML, like Gecko) Chrome/56.0.2924.87 Safari/537.36"
212.108.43.59 - - [14/Mar/2017:15:01:12 +0100] "GET /entry.php?id=10776&form=11493&name=list& HTTP/1.1" 200 1487 "http://ed.activities.at/entry.php?id=11668&" "Mozilla/5.0 (Windows NT 10.0; Win64; x64) AppleWebKit/537.36 (KHTML, like Gecko) Chrome/56.0.2924.87 Safari/537.36"
212.108.43.59 - - [14/Mar/2017:15:01:16 +0100] "POST /entry.php?id=11668 HTTP/1.1" 200 3495 "http://ed.activities.at/entry.php?id=11668&" "Mozilla/5.0 (Windows NT 10.0; Win64; x64) AppleWebKit/537.36 (KHTML, like Gecko) Chrome/56.0.2924.87 Safari/537.36"
212.108.43.59 - - [14/Mar/2017:15:01:16 +0100] "GET /entry.php?id=10271&&ser=500015 HTTP/1.1" 200 986 "http://ed.activities.at/entry.php?id=10271&&ser=499954" "Mozilla/5.0 (Windows NT 10.0; Win64; x64) AppleWebKit/537.36 (KHTML, like Gecko) Chrome/56.0.2924.87 Safari/537.36"
212.108.43.59 - - [14/Mar/2017:15:01:17 +0100] "GET /gui/javascript/form_form.js?1489500076 HTTP/1.1" 200 16206 "http://ed.activities.at/entry.php?id=11668" "Mozilla/5.0 (Windows NT 10.0; Win64; x64) AppleWebKit/537.36 (KHTML, like Gecko) Chrome/56.0.2924.87 Safari/537.36"
212.108.43.59 - - [14/Mar/2017:15:01:17 +0100] "GET /gui/javascript/form_form.js?1489500077 HTTP/1.1" 200 16206 "http://ed.activities.at/entry.php?id=10271&&ser=500015" "Mozilla/5.0 (Windows NT 10.0; Win64; x64) AppleWebKit/537.36 (KHTML, like Gecko) Chrome/56.0.2924.87 Safari/537.36"
212.108.43.59 - - [14/Mar/2017:15:01:17 +0100] "GET /entry.php?id=10776&form=11493&name=list& HTTP/1.1" 200 1479 "http://ed.activities.at/entry.php?id=11668" "Mozilla/5.0 (Windows NT 10.0; Win64; x64) AppleWebKit/537.36 (KHTML, like Gecko) Chrome/56.0.2924.87 Safari/537.36"
212.108.43.59 - - [14/Mar/2017:15:01:17 +0100] "GET /entry.php?id=10778&form=11493&name=list& HTTP/1.1" 200 3373 "http://ed.activities.at/entry.php?id=11668" "Mozilla/5.0 (Windows NT 10.0; Win64; x64) AppleWebKit/537.36 (KHTML, like Gecko) Chrome/56.0.2924.87 Safari/537.36"
90.152.128.107 - - [14/Mar/2017:15:01:17 +0100] "GET /entry.php?id=10271&&ser=500017 HTTP/1.1" 200 989 "http://ed.activities.at/entry.php?id=10271&&ser=499956" "Mozilla/5.0 (Windows NT 10.0; WOW64; rv:51.0) Gecko/20100101 Firefox/51.0"
90.152.128.107 - - [14/Mar/2017:15:01:17 +0100] "GET /gui/javascript/form_form.js?1489500077 HTTP/1.1" 200 16206 "http://ed.activities.at/entry.php?id=10271&&ser=500017" "Mozilla/5.0 (Windows NT 10.0; WOW64; rv:51.0) Gecko/20100101 Firefox/51.0"
90.152.128.107 - - [14/Mar/2017:15:01:32 +0100] "POST /entry.php HTTP/1.1" 200 1819 "http://ed.activities.at/entry.php" "Mozilla/5.0 (Windows NT 10.0; WOW64; rv:51.0) Gecko/20100101 Firefox/51.0"
90.152.128.107 - - [14/Mar/2017:15:01:33 +0100] "GET /gui/javascript/form_form.js?1489500093 HTTP/1.1" 200 16206 "http://ed.activities.at/entry.php" "Mozilla/5.0 (Windows NT 10.0; WOW64; rv:51.0) Gecko/20100101 Firefox/51.0"
212.108.43.59 - - [14/Mar/2017:15:01:45 +0100] "GET /entry.php?id=10271&&ser=500045 HTTP/1.1" 200 986 "http://ed.activities.at/entry.php?id=10271&&ser=499984" "Mozilla/5.0 (Windows NT 10.0; Win64; x64) AppleWebKit/537.36 (KHTML, like Gecko) Chrome/56.0.2924.87 Safari/537.36"
212.108.43.59 - - [14/Mar/2017:15:01:45 +0100] "GET /gui/javascript/form_form.js?1489500105 HTTP/1.1" 200 16206 "http://ed.activities.at/entry.php?id=10271&&ser=500045" "Mozilla/5.0 (Windows NT 10.0; Win64; x64) AppleWebKit/537.36 (KHTML, like Gecko) Chrome/56.0.2924.87 Safari/537.36"
212.108.43.59 - - [14/Mar/2017:15:01:57 +0100] "GET /entry.php?id=11670 HTTP/1.1" 200 320 "http://ed.activities.at/entry.php?id=10270&__app__=10006038" "Mozilla/5.0 (Windows NT 10.0; Win64; x64) AppleWebKit/537.36 (KHTML, like Gecko) Chrome/56.0.2924.87 Safari/537.36"
212.108.43.59 - - [14/Mar/2017:15:01:58 +0100] "GET /entry.php?id=11668& HTTP/1.1" 200 3365 "http://ed.activities.at/entry.php?id=11670" "Mozilla/5.0 (Windows NT 10.0; Win64; x64) AppleWebKit/537.36 (KHTML, like Gecko) Chrome/56.0.2924.87 Safari/537.36"
212.108.43.59 - - [14/Mar/2017:15:01:59 +0100] "GET /gui/javascript/form_form.js?1489500119 HTTP/1.1" 200 16206 "http://ed.activities.at/entry.php?id=11668&" "Mozilla/5.0 (Windows NT 10.0; Win64; x64) AppleWebKit/537.36 (KHTML, like Gecko) Chrome/56.0.2924.87 Safari/537.36"
212.108.43.59 - - [14/Mar/2017:15:01:58 +0100] "GET /entry.php?id=10676&&title=Produkte HTTP/1.1" 200 1387 "http://ed.activities.at/entry.php?id=11670" "Mozilla/5.0 (Windows NT 10.0; Win64; x64) AppleWebKit/537.36 (KHTML, like Gecko) Chrome/56.0.2924.87 Safari/537.36"
212.108.43.59 - - [14/Mar/2017:15:01:58 +0100] "GET /entry.php?id=11669& HTTP/1.1" 200 2280 "http://ed.activities.at/entry.php?id=11670" "Mozilla/5.0 (Windows NT 10.0; Win64; x64) AppleWebKit/537.36 (KHTML, like Gecko) Chrome/56.0.2924.87 Safari/537.36"
212.108.43.59 - - [14/Mar/2017:15:01:59 +0100] "GET /entry.php?id=10776&form=11493&name=list& HTTP/1.1" 200 1487 "http://ed.activities.at/entry.php?id=11668&" "Mozilla/5.0 (Windows NT 10.0; Win64; x64) AppleWebKit/537.36 (KHTML, like Gecko) Chrome/56.0.2924.87 Safari/537.36"
212.108.43.59 - - [14/Mar/2017:15:01:59 +0100] "GET /entry.php?id=10778&form=11493&name=list& HTTP/1.1" 200 2487 "http://ed.activities.at/entry.php?id=11668&" "Mozilla/5.0 (Windows NT 10.0; Win64; x64) AppleWebKit/537.36 (KHTML, like Gecko) Chrome/56.0.2924.87 Safari/537.36"
212.108.43.59 - - [14/Mar/2017:15:01:59 +0100] "GET /entry.php?id=10776&form=11494&name=list& HTTP/1.1" 200 1989 "http://ed.activities.at/entry.php?id=11669&" "Mozilla/5.0 (Windows NT 10.0; Win64; x64) AppleWebKit/537.36 (KHTML, like Gecko) Chrome/56.0.2924.87 Safari/537.36"
212.108.43.59 - - [14/Mar/2017:15:01:59 +0100] "GET /entry.php?id=10778&form=11494&name=list& HTTP/1.1" 200 4998 "http://ed.activities.at/entry.php?id=11669&" "Mozilla/5.0 (Windows NT 10.0; Win64; x64) AppleWebKit/537.36 (KHTML, like Gecko) Chrome/56.0.2924.87 Safari/537.36"
212.108.43.59 - - [14/Mar/2017:15:02:03 +0100] "POST /entry.php?id=11668 HTTP/1.1" 200 3494 "http://ed.activities.at/entry.php?id=11668&" "Mozilla/5.0 (Windows NT 10.0; Win64; x64) AppleWebKit/537.36 (KHTML, like Gecko) Chrome/56.0.2924.87 Safari/537.36"
212.108.43.59 - - [14/Mar/2017:15:02:04 +0100] "GET /gui/javascript/form_form.js?1489500124 HTTP/1.1" 200 16206 "http://ed.activities.at/entry.php?id=11668" "Mozilla/5.0 (Windows NT 10.0; Win64; x64) AppleWebKit/537.36 (KHTML, like Gecko) Chrome/56.0.2924.87 Safari/537.36"
212.108.43.59 - - [14/Mar/2017:15:02:04 +0100] "GET /entry.php?id=10776&form=11493&name=list& HTTP/1.1" 200 1479 "http://ed.activities.at/entry.php?id=11668" "Mozilla/5.0 (Windows NT 10.0; Win64; x64) AppleWebKit/537.36 (KHTML, like Gecko) Chrome/56.0.2924.87 Safari/537.36"
212.108.43.59 - - [14/Mar/2017:15:02:04 +0100] "GET /entry.php?id=10778&form=11493&name=list& HTTP/1.1" 200 3373 "http://ed.activities.at/entry.php?id=11668" "Mozilla/5.0 (Windows NT 10.0; Win64; x64) AppleWebKit/537.36 (KHTML, like Gecko) Chrome/56.0.2924.87 Safari/537.36"
212.108.43.59 - - [14/Mar/2017:15:02:06 +0100] "POST /entry.php?id=11668 HTTP/1.1" 200 2506 "http://ed.activities.at/entry.php?id=11668" "Mozilla/5.0 (Windows NT 10.0; Win64; x64) AppleWebKit/537.36 (KHTML, like Gecko) Chrome/56.0.2924.87 Safari/537.36"
212.108.43.59 - - [14/Mar/2017:15:02:07 +0100] "GET /gui/javascript/form_form.js?1489500127 HTTP/1.1" 200 16206 "http://ed.activities.at/entry.php?id=11668" "Mozilla/5.0 (Windows NT 10.0; Win64; x64) AppleWebKit/537.36 (KHTML, like Gecko) Chrome/56.0.2924.87 Safari/537.36"
212.108.43.59 - - [14/Mar/2017:15:02:07 +0100] "GET /entry.php?id=11696&&object=10229751 HTTP/1.1" 200 1854 "http://ed.activities.at/entry.php?id=11668" "Mozilla/5.0 (Windows NT 10.0; Win64; x64) AppleWebKit/537.36 (KHTML, like Gecko) Chrome/56.0.2924.87 Safari/537.36"
212.108.43.59 - - [14/Mar/2017:15:02:07 +0100] "GET /entry.php?id=11695&&object=10229751 HTTP/1.1" 200 3609 "http://ed.activities.at/entry.php?id=11668" "Mozilla/5.0 (Windows NT 10.0; Win64; x64) AppleWebKit/537.36 (KHTML, like Gecko) Chrome/56.0.2924.87 Safari/537.36"
212.108.43.59 - - [14/Mar/2017:15:02:07 +0100] "GET /activities/framework/KoolControls/KoolAjax/koolajax.php?8436e354c842500aba3cbaf0584c0c24 HTTP/1.1" 200 4079 "http://ed.activities.at/entry.php?id=11695&&object=10229751" "Mozilla/5.0 (Windows NT 10.0; Win64; x64) AppleWebKit/537.36 (KHTML, like Gecko) Chrome/56.0.2924.87 Safari/537.36"
212.108.43.59 - - [14/Mar/2017:15:02:07 +0100] "GET /activities/framework/KoolControls/KoolTreeView/kooltreeview.php?c7cd9180e88ffef8e70f13526bb4f5f7 HTTP/1.1" 200 5055 "http://ed.activities.at/entry.php?id=11695&&object=10229751" "Mozilla/5.0 (Windows NT 10.0; Win64; x64) AppleWebKit/537.36 (KHTML, like Gecko) Chrome/56.0.2924.87 Safari/537.36"
212.108.43.59 - - [14/Mar/2017:15:02:17 +0100] "GET /entry.php?id=10271&&ser=500077 HTTP/1.1" 200 985 "http://ed.activities.at/entry.php?id=10271&&ser=500015" "Mozilla/5.0 (Windows NT 10.0; Win64; x64) AppleWebKit/537.36 (KHTML, like Gecko) Chrome/56.0.2924.87 Safari/537.36"
212.108.43.59 - - [14/Mar/2017:15:02:17 +0100] "GET /gui/javascript/form_form.js?1489500137 HTTP/1.1" 200 16206 "http://ed.activities.at/entry.php?id=10271&&ser=500077" "Mozilla/5.0 (Windows NT 10.0; Win64; x64) AppleWebKit/537.36 (KHTML, like Gecko) Chrome/56.0.2924.87 Safari/537.36"
90.152.128.107 - - [14/Mar/2017:15:02:18 +0100] "GET /entry.php?id=10271&&ser=500077 HTTP/1.1" 200 988 "http://ed.activities.at/entry.php?id=10271&&ser=500017" "Mozilla/5.0 (Windows NT 10.0; WOW64; rv:51.0) Gecko/20100101 Firefox/51.0"
90.152.128.107 - - [14/Mar/2017:15:02:18 +0100] "GET /gui/javascript/form_form.js?1489500138 HTTP/1.1" 200 16206 "http://ed.activities.at/entry.php?id=10271&&ser=500077" "Mozilla/5.0 (Windows NT 10.0; WOW64; rv:51.0) Gecko/20100101 Firefox/51.0"
212.108.43.59 - - [14/Mar/2017:15:02:45 +0100] "GET /entry.php?id=10271&&ser=500105 HTTP/1.1" 200 986 "http://ed.activities.at/entry.php?id=10271&&ser=500045" "Mozilla/5.0 (Windows NT 10.0; Win64; x64) AppleWebKit/537.36 (KHTML, like Gecko) Chrome/56.0.2924.87 Safari/537.36"
212.108.43.59 - - [14/Mar/2017:15:02:45 +0100] "GET /gui/javascript/form_form.js?1489500165 HTTP/1.1" 200 16206 "http://ed.activities.at/entry.php?id=10271&&ser=500105" "Mozilla/5.0 (Windows NT 10.0; Win64; x64) AppleWebKit/537.36 (KHTML, like Gecko) Chrome/56.0.2924.87 Safari/537.36"
212.108.43.59 - - [14/Mar/2017:15:03:18 +0100] "GET /entry.php?id=10271&&ser=500137 HTTP/1.1" 200 986 "http://ed.activities.at/entry.php?id=10271&&ser=500077" "Mozilla/5.0 (Windows NT 10.0; Win64; x64) AppleWebKit/537.36 (KHTML, like Gecko) Chrome/56.0.2924.87 Safari/537.36"
212.108.43.59 - - [14/Mar/2017:15:03:18 +0100] "GET /gui/javascript/form_form.js?1489500198 HTTP/1.1" 200 16206 "http://ed.activities.at/entry.php?id=10271&&ser=500137" "Mozilla/5.0 (Windows NT 10.0; Win64; x64) AppleWebKit/537.36 (KHTML, like Gecko) Chrome/56.0.2924.87 Safari/537.36"
90.152.128.107 - - [14/Mar/2017:15:03:19 +0100] "GET /entry.php?id=10271&&ser=500138 HTTP/1.1" 200 988 "http://ed.activities.at/entry.php?id=10271&&ser=500077" "Mozilla/5.0 (Windows NT 10.0; WOW64; rv:51.0) Gecko/20100101 Firefox/51.0"
90.152.128.107 - - [14/Mar/2017:15:03:19 +0100] "GET /gui/javascript/form_form.js?1489500199 HTTP/1.1" 200 16206 "http://ed.activities.at/entry.php?id=10271&&ser=500138" "Mozilla/5.0 (Windows NT 10.0; WOW64; rv:51.0) Gecko/20100101 Firefox/51.0"
212.108.43.59 - - [14/Mar/2017:15:03:46 +0100] "GET /entry.php?id=10271&&ser=500165 HTTP/1.1" 200 986 "http://ed.activities.at/entry.php?id=10271&&ser=500105" "Mozilla/5.0 (Windows NT 10.0; Win64; x64) AppleWebKit/537.36 (KHTML, like Gecko) Chrome/56.0.2924.87 Safari/537.36"
212.108.43.59 - - [14/Mar/2017:15:03:46 +0100] "GET /gui/javascript/form_form.js?1489500226 HTTP/1.1" 200 16206 "http://ed.activities.at/entry.php?id=10271&&ser=500165" "Mozilla/5.0 (Windows NT 10.0; Win64; x64) AppleWebKit/537.36 (KHTML, like Gecko) Chrome/56.0.2924.87 Safari/537.36"
212.108.43.59 - - [14/Mar/2017:15:04:19 +0100] "GET /entry.php?id=10271&&ser=500198 HTTP/1.1" 200 985 "http://ed.activities.at/entry.php?id=10271&&ser=500137" "Mozilla/5.0 (Windows NT 10.0; Win64; x64) AppleWebKit/537.36 (KHTML, like Gecko) Chrome/56.0.2924.87 Safari/537.36"
212.108.43.59 - - [14/Mar/2017:15:04:19 +0100] "GET /gui/javascript/form_form.js?1489500259 HTTP/1.1" 200 16206 "http://ed.activities.at/entry.php?id=10271&&ser=500198" "Mozilla/5.0 (Windows NT 10.0; Win64; x64) AppleWebKit/537.36 (KHTML, like Gecko) Chrome/56.0.2924.87 Safari/537.36"
90.152.128.107 - - [14/Mar/2017:15:04:19 +0100] "GET /entry.php?id=10271&&ser=500199 HTTP/1.1" 200 988 "http://ed.activities.at/entry.php?id=10271&&ser=500138" "Mozilla/5.0 (Windows NT 10.0; WOW64; rv:51.0) Gecko/20100101 Firefox/51.0"
90.152.128.107 - - [14/Mar/2017:15:04:19 +0100] "GET /gui/javascript/form_form.js?1489500259 HTTP/1.1" 200 16206 "http://ed.activities.at/entry.php?id=10271&&ser=500199" "Mozilla/5.0 (Windows NT 10.0; WOW64; rv:51.0) Gecko/20100101 Firefox/51.0"
212.108.43.59 - - [14/Mar/2017:15:04:46 +0100] "GET /entry.php?id=10271&&ser=500226 HTTP/1.1" 200 986 "http://ed.activities.at/entry.php?id=10271&&ser=500165" "Mozilla/5.0 (Windows NT 10.0; Win64; x64) AppleWebKit/537.36 (KHTML, like Gecko) Chrome/56.0.2924.87 Safari/537.36"
212.108.43.59 - - [14/Mar/2017:15:04:46 +0100] "GET /gui/javascript/form_form.js?1489500286 HTTP/1.1" 200 16206 "http://ed.activities.at/entry.php?id=10271&&ser=500226" "Mozilla/5.0 (Windows NT 10.0; Win64; x64) AppleWebKit/537.36 (KHTML, like Gecko) Chrome/56.0.2924.87 Safari/537.36"
90.152.128.107 - - [14/Mar/2017:15:05:20 +0100] "GET /entry.php?id=10271&&ser=500259 HTTP/1.1" 200 988 "http://ed.activities.at/entry.php?id=10271&&ser=500199" "Mozilla/5.0 (Windows NT 10.0; WOW64; rv:51.0) Gecko/20100101 Firefox/51.0"
90.152.128.107 - - [14/Mar/2017:15:05:20 +0100] "GET /gui/javascript/form_form.js?1489500320 HTTP/1.1" 200 16206 "http://ed.activities.at/entry.php?id=10271&&ser=500259" "Mozilla/5.0 (Windows NT 10.0; WOW64; rv:51.0) Gecko/20100101 Firefox/51.0"
212.108.43.59 - - [14/Mar/2017:15:05:20 +0100] "GET /entry.php?id=10271&&ser=500259 HTTP/1.1" 200 986 "http://ed.activities.at/entry.php?id=10271&&ser=500198" "Mozilla/5.0 (Windows NT 10.0; Win64; x64) AppleWebKit/537.36 (KHTML, like Gecko) Chrome/56.0.2924.87 Safari/537.36"
212.108.43.59 - - [14/Mar/2017:15:05:20 +0100] "GET /gui/javascript/form_form.js?1489500320 HTTP/1.1" 200 16206 "http://ed.activities.at/entry.php?id=10271&&ser=500259" "Mozilla/5.0 (Windows NT 10.0; Win64; x64) AppleWebKit/537.36 (KHTML, like Gecko) Chrome/56.0.2924.87 Safari/537.36"
90.152.128.107 - - [14/Mar/2017:15:05:33 +0100] "GET /entry.php?id=10287&login=1 HTTP/1.1" 200 2981 "http://ed.activities.at/entry.php?id=10273&" "Mozilla/5.0 (Windows NT 10.0; WOW64; rv:51.0) Gecko/20100101 Firefox/51.0"
90.152.128.107 - - [14/Mar/2017:15:05:33 +0100] "GET /gui/javascript/form_form.js?1489500333 HTTP/1.1" 200 16206 "http://ed.activities.at/entry.php?id=10287&login=1" "Mozilla/5.0 (Windows NT 10.0; WOW64; rv:51.0) Gecko/20100101 Firefox/51.0"
90.152.128.107 - - [14/Mar/2017:15:05:45 +0100] "POST /entry.php?id=10287& HTTP/1.1" 200 3054 "http://ed.activities.at/entry.php?id=10287&login=1" "Mozilla/5.0 (Windows NT 10.0; WOW64; rv:51.0) Gecko/20100101 Firefox/51.0"
90.152.128.107 - - [14/Mar/2017:15:05:46 +0100] "GET /gui/javascript/form_form.js?1489500346 HTTP/1.1" 200 16206 "http://ed.activities.at/entry.php?id=10287&" "Mozilla/5.0 (Windows NT 10.0; WOW64; rv:51.0) Gecko/20100101 Firefox/51.0"
90.152.128.107 - - [14/Mar/2017:15:05:46 +0100] "GET /entry.php?id=10271&&ser=500259 HTTP/1.1" 200 988 "http://ed.activities.at/entry.php?id=10271&&ser=500199" "Mozilla/5.0 (Windows NT 10.0; WOW64; rv:51.0) Gecko/20100101 Firefox/51.0"
