90.152.128.107 - - [14/Mar/2017:15:11:09 +0100] "GET /gui/javascript/form_form.js?1489500668 HTTP/1.1" 200 16206 "http://ed.activities.at/entry.php?id=10704" "Mozilla/5.0 (Windows NT 10.0; WOW64; rv:51.0) Gecko/20100101 Firefox/51.0"
90.152.128.107 - - [14/Mar/2017:15:11:09 +0100] "POST /entry.php?id=11584 HTTP/1.1" 200 3143 "http://ed.activities.at/entry.php?id=11584" "Mozilla/5.0 (Windows NT 10.0; WOW64; rv:51.0) Gecko/20100101 Firefox/51.0"
90.152.128.107 - - [14/Mar/2017:15:11:09 +0100] "GET /gui/javascript/form_form.js?1489500669 HTTP/1.1" 200 16206 "http://ed.activities.at/entry.php?id=11584" "Mozilla/5.0 (Windows NT 10.0; WOW64; rv:51.0) Gecko/20100101 Firefox/51.0"
90.152.128.107 - - [14/Mar/2017:15:11:09 +0100] "GET /entry.php?id=10776&form=10549&name=list& HTTP/1.1" 200 1774 "http://ed.activities.at/entry.php?id=10704" "Mozilla/5.0 (Windows NT 10.0; WOW64; rv:51.0) Gecko/20100101 Firefox/51.0"
90.152.128.107 - - [14/Mar/2017:15:11:09 +0100] "GET /entry.php?id=10778&form=10549&name=list& HTTP/1.1" 200 4672 "http://ed.activities.at/entry.php?id=10704" "Mozilla/5.0 (Windows NT 10.0; WOW64; rv:51.0) Gecko/20100101 Firefox/51.0"
90.152.128.107 - - [14/Mar/2017:15:11:10 +0100] "GET /cache/emu/images/easy-drivers-harm-innsbruck10279775/pkw7jpg_16_6_0.jpg HTTP/1.1" 304 - "http://ed.activities.at/entry.php?id=10778&form=10549&name=list&" "Mozilla/5.0 (Windows NT 10.0; WOW64; rv:51.0) Gecko/20100101 Firefox/51.0"
90.152.128.107 - - [14/Mar/2017:15:11:10 +0100] "GET /cache/emu/images/easy-drivers-harm-innsbruck10227560/pkw3jpg_16_6.jpg HTTP/1.1" 304 - "http://ed.activities.at/entry.php?id=10778&form=10549&name=list&" "Mozilla/5.0 (Windows NT 10.0; WOW64; rv:51.0) Gecko/20100101 Firefox/51.0"
90.152.128.107 - - [14/Mar/2017:15:11:10 +0100] "GET /cache/emu/images/easy-drivers-harm-innsbruck10227561/pkw2jpg_16_6.jpg HTTP/1.1" 304 - "http://ed.activities.at/entry.php?id=10778&form=10549&name=list&" "Mozilla/5.0 (Windows NT 10.0; WOW64; rv:51.0) Gecko/20100101 Firefox/51.0"
90.152.128.107 - - [14/Mar/2017:15:11:10 +0100] "GET /cache/emu/images/easy-drivers-harm-innsbruck10279770/pkw9jpg_16_6_0.jpg HTTP/1.1" 304 - "http://ed.activities.at/entry.php?id=10778&form=10549&name=list&" "Mozilla/5.0 (Windows NT 10.0; WOW64; rv:51.0) Gecko/20100101 Firefox/51.0"
90.152.128.107 - - [14/Mar/2017:15:11:10 +0100] "GET /cache/emu/images/easy-drivers-harm-innsbruck10279768/pkw7jpg_16_6_0.jpg HTTP/1.1" 304 - "http://ed.activities.at/entry.php?id=10778&form=10549&name=list&" "Mozilla/5.0 (Windows NT 10.0; WOW64; rv:51.0) Gecko/20100101 Firefox/51.0"
90.152.128.107 - - [14/Mar/2017:15:11:10 +0100] "GET /cache/emu/images/easy-drivers-harm-innsbruck10227563/pkw1jpg_16_6.jpg HTTP/1.1" 304 - "http://ed.activities.at/entry.php?id=10778&form=10549&name=list&" "Mozilla/5.0 (Windows NT 10.0; WOW64; rv:51.0) Gecko/20100101 Firefox/51.0"
90.152.128.107 - - [14/Mar/2017:15:11:10 +0100] "GET /cache/emu/images/easy-drivers-harm-innsbruck10247835/pkw_16_11_0.jpg HTTP/1.1" 304 - "http://ed.activities.at/entry.php?id=10778&form=10549&name=list&" "Mozilla/5.0 (Windows NT 10.0; WOW64; rv:51.0) Gecko/20100101 Firefox/51.0"
65.55.213.26 - - [14/Mar/2017:15:11:09 +0100] "GET /gui/javascript/form_form.js?1489500662 HTTP/1.1" 200 74566 "-" "Mozilla/5.0 (Windows NT 6.1; WOW64) AppleWebKit/534+ (KHTML, like Gecko) BingPreview/1.0b"
90.152.128.107 - - [14/Mar/2017:15:11:10 +0100] "GET /cache/emu/images/easy-drivers-harm-innsbruck10227558/pkw6jpg_16_6.jpg HTTP/1.1" 304 - "http://ed.activities.at/entry.php?id=10778&form=10549&name=list&" "Mozilla/5.0 (Windows NT 10.0; WOW64; rv:51.0) Gecko/20100101 Firefox/51.0"
90.152.128.107 - - [14/Mar/2017:15:11:10 +0100] "GET /cache/emu/images/easy-drivers-harm-innsbruck10227058/edwebpkw1jpg_16_6_1.jpg HTTP/1.1" 200 748 "http://ed.activities.at/entry.php?id=10778&form=10549&name=list&" "Mozilla/5.0 (Windows NT 10.0; WOW64; rv:51.0) Gecko/20100101 Firefox/51.0"
90.152.128.107 - - [14/Mar/2017:15:11:10 +0100] "GET /cache/emu/images/easy-drivers-harm-innsbruck10227559/pkw5jpg_16_6_1.jpg HTTP/1.1" 304 - "http://ed.activities.at/entry.php?id=10778&form=10549&name=list&" "Mozilla/5.0 (Windows NT 10.0; WOW64; rv:51.0) Gecko/20100101 Firefox/51.0"
90.152.128.107 - - [14/Mar/2017:15:11:10 +0100] "GET /cache/emu/images/easy-drivers-harm-innsbruck10279777/pkw9jpg_16_6_0.jpg HTTP/1.1" 200 740 "http://ed.activities.at/entry.php?id=10778&form=10549&name=list&" "Mozilla/5.0 (Windows NT 10.0; WOW64; rv:51.0) Gecko/20100101 Firefox/51.0"
90.152.128.107 - - [14/Mar/2017:15:11:10 +0100] "GET /cache/emu/images/easy-drivers-harm-innsbruck10279769/pkw8jpg_16_6_0.jpg HTTP/1.1" 200 748 "http://ed.activities.at/entry.php?id=10778&form=10549&name=list&" "Mozilla/5.0 (Windows NT 10.0; WOW64; rv:51.0) Gecko/20100101 Firefox/51.0"
90.152.128.107 - - [14/Mar/2017:15:11:10 +0100] "GET /cache/emu/images/easy-drivers-harm-innsbruck10279776/pkw8jpg_16_6_0.jpg HTTP/1.1" 200 748 "http://ed.activities.at/entry.php?id=10778&form=10549&name=list&" "Mozilla/5.0 (Windows NT 10.0; WOW64; rv:51.0) Gecko/20100101 Firefox/51.0"
90.152.128.107 - - [14/Mar/2017:15:11:10 +0100] "GET /entry.php?id=10776&form=11408&name=list& HTTP/1.1" 200 1693 "http://ed.activities.at/entry.php?id=11584" "Mozilla/5.0 (Windows NT 10.0; WOW64; rv:51.0) Gecko/20100101 Firefox/51.0"
131.253.25.152 - - [14/Mar/2017:15:11:10 +0100] "GET /gui/images/icons/Logo_activites_RGB.gif HTTP/1.1" 200 1336 "-" "Mozilla/5.0 (Windows NT 6.1; WOW64) AppleWebKit/534+ (KHTML, like Gecko) BingPreview/1.0b"
90.152.128.107 - - [14/Mar/2017:15:11:10 +0100] "GET /entry.php?id=10778&form=11408&name=list& HTTP/1.1" 200 3800 "http://ed.activities.at/entry.php?id=11584" "Mozilla/5.0 (Windows NT 10.0; WOW64; rv:51.0) Gecko/20100101 Firefox/51.0"
90.152.128.107 - - [14/Mar/2017:15:11:10 +0100] "GET /entry.php?id=10683 HTTP/1.1" 200 1435 "http://ed.activities.at/entry.php?id=11584" "Mozilla/5.0 (Windows NT 10.0; WOW64; rv:51.0) Gecko/20100101 Firefox/51.0"
131.253.27.177 - - [14/Mar/2017:15:11:11 +0100] "GET /gui/images/emptybar.gif HTTP/1.1" 200 89 "-" "Mozilla/5.0 (Windows NT 6.1; WOW64) AppleWebKit/534+ (KHTML, like Gecko) BingPreview/1.0b"
90.152.128.107 - - [14/Mar/2017:15:11:11 +0100] "GET /gui/javascript/form_form.js?1489500671 HTTP/1.1" 200 16206 "http://ed.activities.at/entry.php?id=10683" "Mozilla/5.0 (Windows NT 10.0; WOW64; rv:51.0) Gecko/20100101 Firefox/51.0"
90.152.128.107 - - [14/Mar/2017:15:11:11 +0100] "GET /gui/javascript/form_remove_relation.js HTTP/1.1" 304 - "http://ed.activities.at/entry.php?id=10683" "Mozilla/5.0 (Windows NT 10.0; WOW64; rv:51.0) Gecko/20100101 Firefox/51.0"
90.152.128.107 - - [14/Mar/2017:15:11:12 +0100] "GET /cache/emu/images/easy-drivers-harm-innsbruck10279775/pkw7jpg_16_6_0.jpg HTTP/1.1" 304 - "http://ed.activities.at/entry.php?id=10778&form=11408&name=list&" "Mozilla/5.0 (Windows NT 10.0; WOW64; rv:51.0) Gecko/20100101 Firefox/51.0"
90.152.128.107 - - [14/Mar/2017:15:11:12 +0100] "GET /cache/emu/images/easy-drivers-harm-innsbruck10227561/pkw2jpg_16_6.jpg HTTP/1.1" 304 - "http://ed.activities.at/entry.php?id=10778&form=11408&name=list&" "Mozilla/5.0 (Windows NT 10.0; WOW64; rv:51.0) Gecko/20100101 Firefox/51.0"
90.152.128.107 - - [14/Mar/2017:15:11:12 +0100] "GET /cache/emu/images/easy-drivers-harm-innsbruck10279770/pkw9jpg_16_6_0.jpg HTTP/1.1" 304 - "http://ed.activities.at/entry.php?id=10778&form=11408&name=list&" "Mozilla/5.0 (Windows NT 10.0; WOW64; rv:51.0) Gecko/20100101 Firefox/51.0"
90.152.128.107 - - [14/Mar/2017:15:11:12 +0100] "GET /cache/emu/images/easy-drivers-harm-innsbruck10227560/pkw3jpg_16_6.jpg HTTP/1.1" 304 - "http://ed.activities.at/entry.php?id=10778&form=11408&name=list&" "Mozilla/5.0 (Windows NT 10.0; WOW64; rv:51.0) Gecko/20100101 Firefox/51.0"
90.152.128.107 - - [14/Mar/2017:15:11:12 +0100] "GET /cache/emu/images/easy-drivers-harm-innsbruck10279768/pkw7jpg_16_6_0.jpg HTTP/1.1" 304 - "http://ed.activities.at/entry.php?id=10778&form=11408&name=list&" "Mozilla/5.0 (Windows NT 10.0; WOW64; rv:51.0) Gecko/20100101 Firefox/51.0"
90.152.128.107 - - [14/Mar/2017:15:11:12 +0100] "GET /cache/emu/images/easy-drivers-harm-innsbruck10227558/pkw6jpg_16_6.jpg HTTP/1.1" 304 - "http://ed.activities.at/entry.php?id=10778&form=11408&name=list&" "Mozilla/5.0 (Windows NT 10.0; WOW64; rv:51.0) Gecko/20100101 Firefox/51.0"
65.55.213.26 - - [14/Mar/2017:15:11:12 +0100] "GET /entry.php?id=10273&UIN=c54f09a4dcc7f2cf89beb1ea7a5ea164 HTTP/1.1" 200 4691 "-" "Mozilla/5.0 (Windows NT 6.1; WOW64) AppleWebKit/534+ (KHTML, like Gecko) BingPreview/1.0b"
131.253.27.174 - - [14/Mar/2017:15:11:13 +0100] "GET /entry.php?id=10270&UIN=c54f09a4dcc7f2cf89beb1ea7a5ea164 HTTP/1.1" 200 2355 "-" "Mozilla/5.0 (Windows NT 6.1; WOW64) AppleWebKit/534+ (KHTML, like Gecko) BingPreview/1.0b"
80.123.96.46 - - [14/Mar/2017:15:11:14 +0100] "GET /entry.php?id=10271&&ser=500613 HTTP/1.1" 200 986 "http://ed.activities.at/entry.php?id=10272" "Mozilla/5.0 (Windows NT 6.1; WOW64; Trident/7.0; rv:11.0) like Gecko"
80.123.96.46 - - [14/Mar/2017:15:11:14 +0100] "GET /gui/javascript/form_form.js?1489500674 HTTP/1.1" 200 16206 "http://ed.activities.at/entry.php?id=10271&&ser=500613" "Mozilla/5.0 (Windows NT 6.1; WOW64; Trident/7.0; rv:11.0) like Gecko"
212.108.43.59 - - [14/Mar/2017:15:11:14 +0100] "GET /entry.php?id=11585 HTTP/1.1" 200 229 "http://ed.activities.at/entry.php?id=10270&__app__=10006038" "Mozilla/5.0 (Windows NT 10.0; Win64; x64) AppleWebKit/537.36 (KHTML, like Gecko) Chrome/56.0.2924.87 Safari/537.36"
212.108.43.59 - - [14/Mar/2017:15:11:14 +0100] "GET /entry.php?id=10676&title=Artikelgruppen%20& HTTP/1.1" 200 1392 "http://ed.activities.at/entry.php?id=11585" "Mozilla/5.0 (Windows NT 10.0; Win64; x64) AppleWebKit/537.36 (KHTML, like Gecko) Chrome/56.0.2924.87 Safari/537.36"
212.108.43.59 - - [14/Mar/2017:15:11:14 +0100] "GET /gui/javascript/form_form.js?1489500674 HTTP/1.1" 200 16206 "http://ed.activities.at/entry.php?id=10676&title=Artikelgruppen%20&" "Mozilla/5.0 (Windows NT 10.0; Win64; x64) AppleWebKit/537.36 (KHTML, like Gecko) Chrome/56.0.2924.87 Safari/537.36"
212.108.43.59 - - [14/Mar/2017:15:11:14 +0100] "GET /entry.php?id=11583& HTTP/1.1" 200 2991 "http://ed.activities.at/entry.php?id=11585" "Mozilla/5.0 (Windows NT 10.0; Win64; x64) AppleWebKit/537.36 (KHTML, like Gecko) Chrome/56.0.2924.87 Safari/537.36"
212.108.43.59 - - [14/Mar/2017:15:11:15 +0100] "GET /activities/framework/KoolControls/KoolAjax/koolajax.php?8436e354c842500aba3cbaf0584c0c24 HTTP/1.1" 200 4079 "http://ed.activities.at/entry.php?id=11583&" "Mozilla/5.0 (Windows NT 10.0; Win64; x64) AppleWebKit/537.36 (KHTML, like Gecko) Chrome/56.0.2924.87 Safari/537.36"
131.253.25.250 - - [14/Mar/2017:15:11:14 +0100] "GET /gui/javascript/form_form.js?1489500672 HTTP/1.1" 200 74566 "-" "Mozilla/5.0 (Windows NT 6.1; WOW64) AppleWebKit/534+ (KHTML, like Gecko) BingPreview/1.0b"
212.108.43.59 - - [14/Mar/2017:15:11:15 +0100] "GET /activities/framework/KoolControls/KoolTreeView/kooltreeview.php?c7cd9180e88ffef8e70f13526bb4f5f7 HTTP/1.1" 200 5055 "http://ed.activities.at/entry.php?id=11583&" "Mozilla/5.0 (Windows NT 10.0; Win64; x64) AppleWebKit/537.36 (KHTML, like Gecko) Chrome/56.0.2924.87 Safari/537.36"
212.108.43.59 - - [14/Mar/2017:15:11:14 +0100] "GET /entry.php?id=11584& HTTP/1.1" 200 4060 "http://ed.activities.at/entry.php?id=11585" "Mozilla/5.0 (Windows NT 10.0; Win64; x64) AppleWebKit/537.36 (KHTML, like Gecko) Chrome/56.0.2924.87 Safari/537.36"
212.108.43.59 - - [14/Mar/2017:15:11:15 +0100] "GET /gui/javascript/form_form.js?1489500675 HTTP/1.1" 200 16206 "http://ed.activities.at/entry.php?id=11584&" "Mozilla/5.0 (Windows NT 10.0; Win64; x64) AppleWebKit/537.36 (KHTML, like Gecko) Chrome/56.0.2924.87 Safari/537.36"
90.152.128.107 - - [14/Mar/2017:15:11:15 +0100] "GET /entry.php?id=10271&&ser=500615 HTTP/1.1" 200 988 "http://ed.activities.at/entry.php?id=10271&&ser=500528" "Mozilla/5.0 (Windows NT 10.0; WOW64; rv:51.0) Gecko/20100101 Firefox/51.0"
90.152.128.107 - - [14/Mar/2017:15:11:15 +0100] "GET /gui/javascript/form_form.js?1489500675 HTTP/1.1" 200 16206 "http://ed.activities.at/entry.php?id=10271&&ser=500615" "Mozilla/5.0 (Windows NT 10.0; WOW64; rv:51.0) Gecko/20100101 Firefox/51.0"
212.108.43.59 - - [14/Mar/2017:15:11:15 +0100] "GET /entry.php?id=10778&form=11408&name=list& HTTP/1.1" 200 2516 "http://ed.activities.at/entry.php?id=11584&" "Mozilla/5.0 (Windows NT 10.0; Win64; x64) AppleWebKit/537.36 (KHTML, like Gecko) Chrome/56.0.2924.87 Safari/537.36"
212.108.43.59 - - [14/Mar/2017:15:11:15 +0100] "GET /entry.php?id=10776&form=11408&name=list& HTTP/1.1" 200 1461 "http://ed.activities.at/entry.php?id=11584&" "Mozilla/5.0 (Windows NT 10.0; Win64; x64) AppleWebKit/537.36 (KHTML, like Gecko) Chrome/56.0.2924.87 Safari/537.36"
131.253.27.79 - - [14/Mar/2017:15:11:15 +0100] "GET /gui/javascript/form_form.js?1489500673 HTTP/1.1" 200 74566 "-" "Mozilla/5.0 (Windows NT 6.1; WOW64) AppleWebKit/534+ (KHTML, like Gecko) BingPreview/1.0b"
212.108.43.59 - - [14/Mar/2017:15:11:16 +0100] "GET /entry.php?id=10271&&ser=500615 HTTP/1.1" 200 986 "http://ed.activities.at/entry.php?id=10271&&ser=500555" "Mozilla/5.0 (Windows NT 10.0; Win64; x64) AppleWebKit/537.36 (KHTML, like Gecko) Chrome/56.0.2924.87 Safari/537.36"
212.108.43.59 - - [14/Mar/2017:15:11:16 +0100] "GET /gui/javascript/form_form.js?1489500676 HTTP/1.1" 200 16206 "http://ed.activities.at/entry.php?id=10271&&ser=500615" "Mozilla/5.0 (Windows NT 10.0; Win64; x64) AppleWebKit/537.36 (KHTML, like Gecko) Chrome/56.0.2924.87 Safari/537.36"
40.77.167.73 - - [14/Mar/2017:15:11:16 +0100] "GET /entry.php?id=10287 HTTP/1.1" 200 2419 "-" "Mozilla/5.0 (compatible; bingbot/2.0; +http://www.bing.com/bingbot.htm)"
40.77.167.73 - - [14/Mar/2017:15:11:17 +0100] "GET /framework/webfx/javascript/toolbar/ieemu.js HTTP/1.1" 200 2366 "-" "Mozilla/5.0 (compatible; bingbot/2.0; +http://www.bing.com/bingbot.htm)"
40.77.167.73 - - [14/Mar/2017:15:11:17 +0100] "GET /gui/javascript/jquery/jquery-tooltip/jquery.tooltip.min.js HTTP/1.1" 200 1982 "-" "Mozilla/5.0 (compatible; bingbot/2.0; +http://www.bing.com/bingbot.htm)"
40.77.167.73 - - [14/Mar/2017:15:11:17 +0100] "GET /gui/javascript/jquery/js/jquery-1.8.2.js HTTP/1.1" 200 35391 "-" "Mozilla/5.0 (compatible; bingbot/2.0; +http://www.bing.com/bingbot.htm)"
40.77.167.73 - - [14/Mar/2017:15:11:18 +0100] "GET /gui/javascript/jquery/js/jquery-ui-1.9.0.custom.min.js HTTP/1.1" 200 51286 "-" "Mozilla/5.0 (compatible; bingbot/2.0; +http://www.bing.com/bingbot.htm)"
212.108.43.59 - - [14/Mar/2017:15:11:26 +0100] "GET /entry.php?id=10271&&ser=500625 HTTP/1.1" 200 986 "http://ed.activities.at/entry.php?id=10271&&ser=500564" "Mozilla/5.0 (Windows NT 10.0; Win64; x64) AppleWebKit/537.36 (KHTML, like Gecko) Chrome/56.0.2924.87 Safari/537.36"
212.108.43.59 - - [14/Mar/2017:15:11:26 +0100] "GET /gui/javascript/form_form.js?1489500686 HTTP/1.1" 200 16206 "http://ed.activities.at/entry.php?id=10271&&ser=500625" "Mozilla/5.0 (Windows NT 10.0; Win64; x64) AppleWebKit/537.36 (KHTML, like Gecko) Chrome/56.0.2924.87 Safari/537.36"
212.108.43.59 - - [14/Mar/2017:15:12:10 +0100] "POST /entry.php?id=11584 HTTP/1.1" 200 4229 "http://ed.activities.at/entry.php?id=11584&" "Mozilla/5.0 (Windows NT 10.0; Win64; x64) AppleWebKit/537.36 (KHTML, like Gecko) Chrome/56.0.2924.87 Safari/537.36"
212.108.43.59 - - [14/Mar/2017:15:12:11 +0100] "GET /gui/javascript/form_form.js?1489500731 HTTP/1.1" 200 16206 "http://ed.activities.at/entry.php?id=11584" "Mozilla/5.0 (Windows NT 10.0; Win64; x64) AppleWebKit/537.36 (KHTML, like Gecko) Chrome/56.0.2924.87 Safari/537.36"
212.108.43.59 - - [14/Mar/2017:15:12:11 +0100] "GET /entry.php?id=10776&form=11408&name=list& HTTP/1.1" 200 1508 "http://ed.activities.at/entry.php?id=11584" "Mozilla/5.0 (Windows NT 10.0; Win64; x64) AppleWebKit/537.36 (KHTML, like Gecko) Chrome/56.0.2924.87 Safari/537.36"
212.108.43.59 - - [14/Mar/2017:15:12:11 +0100] "GET /entry.php?id=10778&form=11408&name=list& HTTP/1.1" 200 3297 "http://ed.activities.at/entry.php?id=11584" "Mozilla/5.0 (Windows NT 10.0; Win64; x64) AppleWebKit/537.36 (KHTML, like Gecko) Chrome/56.0.2924.87 Safari/537.36"
212.108.43.59 - - [14/Mar/2017:15:12:13 +0100] "POST /entry.php?id=11584 HTTP/1.1" 200 3142 "http://ed.activities.at/entry.php?id=11584" "Mozilla/5.0 (Windows NT 10.0; Win64; x64) AppleWebKit/537.36 (KHTML, like Gecko) Chrome/56.0.2924.87 Safari/537.36"
80.123.96.46 - - [14/Mar/2017:15:12:14 +0100] "GET /entry.php?id=10271&&ser=500674 HTTP/1.1" 200 986 "http://ed.activities.at/entry.php?id=10272" "Mozilla/5.0 (Windows NT 6.1; WOW64; Trident/7.0; rv:11.0) like Gecko"
80.123.96.46 - - [14/Mar/2017:15:12:14 +0100] "GET /gui/javascript/form_form.js?1489500734 HTTP/1.1" 200 16206 "http://ed.activities.at/entry.php?id=10271&&ser=500674" "Mozilla/5.0 (Windows NT 6.1; WOW64; Trident/7.0; rv:11.0) like Gecko"
212.108.43.59 - - [14/Mar/2017:15:12:14 +0100] "POST /entry.php?id=11584 HTTP/1.1" 200 3142 "http://ed.activities.at/entry.php?id=11584" "Mozilla/5.0 (Windows NT 10.0; Win64; x64) AppleWebKit/537.36 (KHTML, like Gecko) Chrome/56.0.2924.87 Safari/537.36"
212.108.43.59 - - [14/Mar/2017:15:12:15 +0100] "GET /gui/javascript/form_form.js?1489500734 HTTP/1.1" 200 16206 "http://ed.activities.at/entry.php?id=11584" "Mozilla/5.0 (Windows NT 10.0; Win64; x64) AppleWebKit/537.36 (KHTML, like Gecko) Chrome/56.0.2924.87 Safari/537.36"
212.108.43.59 - - [14/Mar/2017:15:12:15 +0100] "GET /entry.php?id=10776&form=11408&name=list& HTTP/1.1" 200 1598 "http://ed.activities.at/entry.php?id=11584" "Mozilla/5.0 (Windows NT 10.0; Win64; x64) AppleWebKit/537.36 (KHTML, like Gecko) Chrome/56.0.2924.87 Safari/537.36"
212.108.43.59 - - [14/Mar/2017:15:12:15 +0100] "GET /entry.php?id=10683 HTTP/1.1" 200 989 "http://ed.activities.at/entry.php?id=11584" "Mozilla/5.0 (Windows NT 10.0; Win64; x64) AppleWebKit/537.36 (KHTML, like Gecko) Chrome/56.0.2924.87 Safari/537.36"
212.108.43.59 - - [14/Mar/2017:15:12:15 +0100] "GET /entry.php?id=10778&form=11408&name=list& HTTP/1.1" 200 3761 "http://ed.activities.at/entry.php?id=11584" "Mozilla/5.0 (Windows NT 10.0; Win64; x64) AppleWebKit/537.36 (KHTML, like Gecko) Chrome/56.0.2924.87 Safari/537.36"
212.108.43.59 - - [14/Mar/2017:15:12:15 +0100] "GET /cache/emu/images/easy-drivers-harm-innsbruck10279775/pkw7jpg_16_6_0.jpg HTTP/1.1" 200 752 "http://ed.activities.at/entry.php?id=10778&form=11408&name=list&" "Mozilla/5.0 (Windows NT 10.0; Win64; x64) AppleWebKit/537.36 (KHTML, like Gecko) Chrome/56.0.2924.87 Safari/537.36"
212.108.43.59 - - [14/Mar/2017:15:12:15 +0100] "GET /cache/emu/images/easy-drivers-harm-innsbruck10227560/pkw3jpg_16_6.jpg HTTP/1.1" 200 753 "http://ed.activities.at/entry.php?id=10778&form=11408&name=list&" "Mozilla/5.0 (Windows NT 10.0; Win64; x64) AppleWebKit/537.36 (KHTML, like Gecko) Chrome/56.0.2924.87 Safari/537.36"
212.108.43.59 - - [14/Mar/2017:15:12:15 +0100] "GET /cache/emu/images/easy-drivers-harm-innsbruck10227561/pkw2jpg_16_6.jpg HTTP/1.1" 200 755 "http://ed.activities.at/entry.php?id=10778&form=11408&name=list&" "Mozilla/5.0 (Windows NT 10.0; Win64; x64) AppleWebKit/537.36 (KHTML, like Gecko) Chrome/56.0.2924.87 Safari/537.36"
212.108.43.59 - - [14/Mar/2017:15:12:15 +0100] "GET /cache/emu/images/easy-drivers-harm-innsbruck10279768/pkw7jpg_16_6_0.jpg HTTP/1.1" 200 752 "http://ed.activities.at/entry.php?id=10778&form=11408&name=list&" "Mozilla/5.0 (Windows NT 10.0; Win64; x64) AppleWebKit/537.36 (KHTML, like Gecko) Chrome/56.0.2924.87 Safari/537.36"
212.108.43.59 - - [14/Mar/2017:15:12:15 +0100] "GET /cache/emu/images/easy-drivers-harm-innsbruck10279770/pkw9jpg_16_6_0.jpg HTTP/1.1" 200 740 "http://ed.activities.at/entry.php?id=10778&form=11408&name=list&" "Mozilla/5.0 (Windows NT 10.0; Win64; x64) AppleWebKit/537.36 (KHTML, like Gecko) Chrome/56.0.2924.87 Safari/537.36"
212.108.43.59 - - [14/Mar/2017:15:12:15 +0100] "GET /cache/emu/images/easy-drivers-harm-innsbruck10227558/pkw6jpg_16_6.jpg HTTP/1.1" 200 758 "http://ed.activities.at/entry.php?id=10778&form=11408&name=list&" "Mozilla/5.0 (Windows NT 10.0; Win64; x64) AppleWebKit/537.36 (KHTML, like Gecko) Chrome/56.0.2924.87 Safari/537.36"
212.108.43.59 - - [14/Mar/2017:15:12:15 +0100] "GET /gui/javascript/form_form.js?1489500735 HTTP/1.1" 200 16206 "http://ed.activities.at/entry.php?id=10683" "Mozilla/5.0 (Windows NT 10.0; Win64; x64) AppleWebKit/537.36 (KHTML, like Gecko) Chrome/56.0.2924.87 Safari/537.36"
90.152.128.107 - - [14/Mar/2017:15:12:16 +0100] "GET /entry.php?id=10271&&ser=500675 HTTP/1.1" 200 988 "http://ed.activities.at/entry.php?id=10271&&ser=500615" "Mozilla/5.0 (Windows NT 10.0; WOW64; rv:51.0) Gecko/20100101 Firefox/51.0"
90.152.128.107 - - [14/Mar/2017:15:12:16 +0100] "GET /gui/javascript/form_form.js?1489500736 HTTP/1.1" 200 16206 "http://ed.activities.at/entry.php?id=10271&&ser=500675" "Mozilla/5.0 (Windows NT 10.0; WOW64; rv:51.0) Gecko/20100101 Firefox/51.0"
212.108.43.59 - - [14/Mar/2017:15:12:16 +0100] "GET /entry.php?id=10271&&ser=500676 HTTP/1.1" 200 986 "http://ed.activities.at/entry.php?id=10271&&ser=500615" "Mozilla/5.0 (Windows NT 10.0; Win64; x64) AppleWebKit/537.36 (KHTML, like Gecko) Chrome/56.0.2924.87 Safari/537.36"
212.108.43.59 - - [14/Mar/2017:15:12:16 +0100] "GET /gui/javascript/form_form.js?1489500736 HTTP/1.1" 200 16206 "http://ed.activities.at/entry.php?id=10271&&ser=500676" "Mozilla/5.0 (Windows NT 10.0; Win64; x64) AppleWebKit/537.36 (KHTML, like Gecko) Chrome/56.0.2924.87 Safari/537.36"
212.108.43.59 - - [14/Mar/2017:15:12:27 +0100] "GET /entry.php?id=10271&&ser=500686 HTTP/1.1" 200 986 "http://ed.activities.at/entry.php?id=10271&&ser=500625" "Mozilla/5.0 (Windows NT 10.0; Win64; x64) AppleWebKit/537.36 (KHTML, like Gecko) Chrome/56.0.2924.87 Safari/537.36"
212.108.43.59 - - [14/Mar/2017:15:12:27 +0100] "GET /gui/javascript/form_form.js?1489500747 HTTP/1.1" 200 16206 "http://ed.activities.at/entry.php?id=10271&&ser=500686" "Mozilla/5.0 (Windows NT 10.0; Win64; x64) AppleWebKit/537.36 (KHTML, like Gecko) Chrome/56.0.2924.87 Safari/537.36"
90.152.128.107 - - [14/Mar/2017:15:12:47 +0100] "GET /entry.php?id=11679 HTTP/1.1" 200 312 "http://ed.activities.at/entry.php?id=10270&&__app__=10006038" "Mozilla/5.0 (Windows NT 10.0; WOW64; rv:51.0) Gecko/20100101 Firefox/51.0"
90.152.128.107 - - [14/Mar/2017:15:12:47 +0100] "GET /entry.php?id=10676&title=Portal& HTTP/1.1" 200 1388 "http://ed.activities.at/entry.php?id=11679" "Mozilla/5.0 (Windows NT 10.0; WOW64; rv:51.0) Gecko/20100101 Firefox/51.0"
90.152.128.107 - - [14/Mar/2017:15:12:48 +0100] "GET /gui/javascript/form_form.js?1489500767 HTTP/1.1" 200 16206 "http://ed.activities.at/entry.php?id=10676&title=Portal&" "Mozilla/5.0 (Windows NT 10.0; WOW64; rv:51.0) Gecko/20100101 Firefox/51.0"
90.152.128.107 - - [14/Mar/2017:15:12:47 +0100] "GET /entry.php?id=11678& HTTP/1.1" 200 3266 "http://ed.activities.at/entry.php?id=11679" "Mozilla/5.0 (Windows NT 10.0; WOW64; rv:51.0) Gecko/20100101 Firefox/51.0"
90.152.128.107 - - [14/Mar/2017:15:12:48 +0100] "GET /activities/framework/KoolControls/KoolAjax/koolajax.php?8436e354c842500aba3cbaf0584c0c24 HTTP/1.1" 200 4079 "http://ed.activities.at/entry.php?id=11678&" "Mozilla/5.0 (Windows NT 10.0; WOW64; rv:51.0) Gecko/20100101 Firefox/51.0"
90.152.128.107 - - [14/Mar/2017:15:12:48 +0100] "GET /gui/javascript/form_form.js?1489500768 HTTP/1.1" 200 16206 "http://ed.activities.at/entry.php?id=11678&" "Mozilla/5.0 (Windows NT 10.0; WOW64; rv:51.0) Gecko/20100101 Firefox/51.0"
90.152.128.107 - - [14/Mar/2017:15:12:48 +0100] "GET /gui/javascript/form_cm_menu_item.js?id=2 HTTP/1.1" 304 - "http://ed.activities.at/entry.php?id=11678&" "Mozilla/5.0 (Windows NT 10.0; WOW64; rv:51.0) Gecko/20100101 Firefox/51.0"
90.152.128.107 - - [14/Mar/2017:15:12:47 +0100] "GET /entry.php?id=11677& HTTP/1.1" 200 4453 "http://ed.activities.at/entry.php?id=11679" "Mozilla/5.0 (Windows NT 10.0; WOW64; rv:51.0) Gecko/20100101 Firefox/51.0"
90.152.128.107 - - [14/Mar/2017:15:12:48 +0100] "GET /activities/framework/KoolControls/KoolTreeView/icons/website_modified.gif HTTP/1.1" 304 - "http://ed.activities.at/entry.php?id=11678&" "Mozilla/5.0 (Windows NT 10.0; WOW64; rv:51.0) Gecko/20100101 Firefox/51.0"
90.152.128.107 - - [14/Mar/2017:15:12:48 +0100] "GET /activities/framework/KoolControls/KoolTreeView/icons/square_greenS.gif HTTP/1.1" 304 - "http://ed.activities.at/entry.php?id=11678&" "Mozilla/5.0 (Windows NT 10.0; WOW64; rv:51.0) Gecko/20100101 Firefox/51.0"
90.152.128.107 - - [14/Mar/2017:15:12:48 +0100] "GET /gui/images/icons/website_modified.gif HTTP/1.1" 304 - "http://ed.activities.at/entry.php?id=11678&" "Mozilla/5.0 (Windows NT 10.0; WOW64; rv:51.0) Gecko/20100101 Firefox/51.0"
90.152.128.107 - - [14/Mar/2017:15:12:48 +0100] "GET /gui/images/icons/square_yellowS.gif HTTP/1.1" 304 - "http://ed.activities.at/entry.php?id=11678&" "Mozilla/5.0 (Windows NT 10.0; WOW64; rv:51.0) Gecko/20100101 Firefox/51.0"
90.152.128.107 - - [14/Mar/2017:15:12:48 +0100] "GET /gui/images/icons/square_greenS.gif HTTP/1.1" 304 - "http://ed.activities.at/entry.php?id=11678&" "Mozilla/5.0 (Windows NT 10.0; WOW64; rv:51.0) Gecko/20100101 Firefox/51.0"
90.152.128.107 - - [14/Mar/2017:15:12:48 +0100] "GET /gui/images/icons/square_greyS.gif HTTP/1.1" 304 - "http://ed.activities.at/entry.php?id=11678&" "Mozilla/5.0 (Windows NT 10.0; WOW64; rv:51.0) Gecko/20100101 Firefox/51.0"
90.152.128.107 - - [14/Mar/2017:15:12:48 +0100] "GET /activities/framework/KoolControls/KoolTreeView/kooltreeview.php?c7cd9180e88ffef8e70f13526bb4f5f7 HTTP/1.1" 200 5055 "http://ed.activities.at/entry.php?id=11678&" "Mozilla/5.0 (Windows NT 10.0; WOW64; rv:51.0) Gecko/20100101 Firefox/51.0"
90.152.128.107 - - [14/Mar/2017:15:12:49 +0100] "GET /gui/images/icons/disabled_lupe.gif HTTP/1.1" 304 - "http://ed.activities.at/entry.php?id=11677&" "Mozilla/5.0 (Windows NT 10.0; WOW64; rv:51.0) Gecko/20100101 Firefox/51.0"
90.152.128.107 - - [14/Mar/2017:15:12:49 +0100] "GET /gui/images/icons/edit.gif HTTP/1.1" 304 - "http://ed.activities.at/entry.php?id=11677&" "Mozilla/5.0 (Windows NT 10.0; WOW64; rv:51.0) Gecko/20100101 Firefox/51.0"
90.152.128.107 - - [14/Mar/2017:15:12:49 +0100] "GET /entry.php?id=11618&&object=&item=&emu_class= HTTP/1.1" 200 1700 "http://ed.activities.at/entry.php?id=11677&" "Mozilla/5.0 (Windows NT 10.0; WOW64; rv:51.0) Gecko/20100101 Firefox/51.0"
90.152.128.107 - - [14/Mar/2017:15:12:49 +0100] "POST /entry.php?id=11677 HTTP/1.1" 200 4503 "http://ed.activities.at/entry.php?id=11677&" "Mozilla/5.0 (Windows NT 10.0; WOW64; rv:51.0) Gecko/20100101 Firefox/51.0"
90.152.128.107 - - [14/Mar/2017:15:12:50 +0100] "GET /gui/javascript/form_form.js?1489500770 HTTP/1.1" 200 16206 "http://ed.activities.at/entry.php?id=11677" "Mozilla/5.0 (Windows NT 10.0; WOW64; rv:51.0) Gecko/20100101 Firefox/51.0"
90.152.128.107 - - [14/Mar/2017:15:12:50 +0100] "POST /entry.php?id=11677 HTTP/1.1" 200 4503 "http://ed.activities.at/entry.php?id=11677" "Mozilla/5.0 (Windows NT 10.0; WOW64; rv:51.0) Gecko/20100101 Firefox/51.0"
90.152.128.107 - - [14/Mar/2017:15:12:51 +0100] "GET /gui/javascript/form_form.js?1489500771 HTTP/1.1" 200 16206 "http://ed.activities.at/entry.php?id=11677" "Mozilla/5.0 (Windows NT 10.0; WOW64; rv:51.0) Gecko/20100101 Firefox/51.0"
90.152.128.107 - - [14/Mar/2017:15:12:55 +0100] "GET /entry.php?id=10287&login=1 HTTP/1.1" 200 2982 "http://ed.activities.at/entry.php?id=10273&" "Mozilla/5.0 (Windows NT 10.0; WOW64; rv:51.0) Gecko/20100101 Firefox/51.0"
90.152.128.107 - - [14/Mar/2017:15:12:55 +0100] "GET /gui/javascript/form_form.js?1489500775 HTTP/1.1" 200 16206 "http://ed.activities.at/entry.php?id=10287&login=1" "Mozilla/5.0 (Windows NT 10.0; WOW64; rv:51.0) Gecko/20100101 Firefox/51.0"
212.108.43.59 - - [14/Mar/2017:15:12:59 +0100] "GET /entry.php?id=10711&object=10225061&chooserview=articlegroup&view=articlegroup HTTP/1.1" 200 1722 "http://ed.activities.at/entry.php?id=11584" "Mozilla/5.0 (Windows NT 10.0; Win64; x64) AppleWebKit/537.36 (KHTML, like Gecko) Chrome/56.0.2924.87 Safari/537.36"
212.108.43.59 - - [14/Mar/2017:15:13:00 +0100] "GET /gui/javascript/form_form.js?1489500780 HTTP/1.1" 200 16206 "http://ed.activities.at/entry.php?id=10711&object=10225061&chooserview=articlegroup&view=articlegroup" "Mozilla/5.0 (Windows NT 10.0; Win64; x64) AppleWebKit/537.36 (KHTML, like Gecko) Chrome/56.0.2924.87 Safari/537.36"
212.108.43.59 - - [14/Mar/2017:15:13:00 +0100] "GET /entry.php?id=10704&&but=&object=10225061&class=&tag=&value=&chooserview=articlegroup&function=&setlist=&t_width=&t_height=&view=articlegroup HTTP/1.1" 200 2936 "http://ed.activities.at/entry.php?id=10711&object=10225061&chooserview=articlegroup&view=articlegroup" "Mozilla/5.0 (Windows NT 10.0; Win64; x64) AppleWebKit/537.36 (KHTML, like Gecko) Chrome/56.0.2924.87 Safari/537.36"
212.108.43.59 - - [14/Mar/2017:15:13:00 +0100] "GET /entry.php?id=10703&&but=&object=10225061&class=&tag=&value=&chooserview=articlegroup&function=&setlist=&t_width=&t_height=&view=articlegroup HTTP/1.1" 200 2537 "http://ed.activities.at/entry.php?id=10711&object=10225061&chooserview=articlegroup&view=articlegroup" "Mozilla/5.0 (Windows NT 10.0; Win64; x64) AppleWebKit/537.36 (KHTML, like Gecko) Chrome/56.0.2924.87 Safari/537.36"
212.108.43.59 - - [14/Mar/2017:15:13:00 +0100] "GET /entry.php?id=10676&title=Ressourcenverwaltung HTTP/1.1" 200 1394 "http://ed.activities.at/entry.php?id=10711&object=10225061&chooserview=articlegroup&view=articlegroup" "Mozilla/5.0 (Windows NT 10.0; Win64; x64) AppleWebKit/537.36 (KHTML, like Gecko) Chrome/56.0.2924.87 Safari/537.36"
212.108.43.59 - - [14/Mar/2017:15:13:00 +0100] "GET /entry.php?id=10776&form=10549&name=list& HTTP/1.1" 200 1646 "http://ed.activities.at/entry.php?id=10704&&but=&object=10225061&class=&tag=&value=&chooserview=articlegroup&function=&setlist=&t_width=&t_height=&view=articlegroup" "Mozilla/5.0 (Windows NT 10.0; Win64; x64) AppleWebKit/537.36 (KHTML, like Gecko) Chrome/56.0.2924.87 Safari/537.36"
212.108.43.59 - - [14/Mar/2017:15:13:00 +0100] "GET /entry.php?id=10778&form=10549&name=list& HTTP/1.1" 200 2809 "http://ed.activities.at/entry.php?id=10704&&but=&object=10225061&class=&tag=&value=&chooserview=articlegroup&function=&setlist=&t_width=&t_height=&view=articlegroup" "Mozilla/5.0 (Windows NT 10.0; Win64; x64) AppleWebKit/537.36 (KHTML, like Gecko) Chrome/56.0.2924.87 Safari/537.36"
212.108.43.59 - - [14/Mar/2017:15:13:01 +0100] "GET /gui/images/icons/disabled_view_grid.gif HTTP/1.1" 200 399 "http://ed.activities.at/entry.php?id=10776&form=10549&name=list&" "Mozilla/5.0 (Windows NT 10.0; Win64; x64) AppleWebKit/537.36 (KHTML, like Gecko) Chrome/56.0.2924.87 Safari/537.36"
212.108.43.59 - - [14/Mar/2017:15:13:00 +0100] "GET /entry.php?id=10776&form=10547&name=list& HTTP/1.1" 200 1290 "http://ed.activities.at/entry.php?id=10703&&but=&object=10225061&class=&tag=&value=&chooserview=articlegroup&function=&setlist=&t_width=&t_height=&view=articlegroup" "Mozilla/5.0 (Windows NT 10.0; Win64; x64) AppleWebKit/537.36 (KHTML, like Gecko) Chrome/56.0.2924.87 Safari/537.36"
212.108.43.59 - - [14/Mar/2017:15:13:00 +0100] "GET /entry.php?id=10778&form=10547&name=list& HTTP/1.1" 200 3316 "http://ed.activities.at/entry.php?id=10703&&but=&object=10225061&class=&tag=&value=&chooserview=articlegroup&function=&setlist=&t_width=&t_height=&view=articlegroup" "Mozilla/5.0 (Windows NT 10.0; Win64; x64) AppleWebKit/537.36 (KHTML, like Gecko) Chrome/56.0.2924.87 Safari/537.36"
90.152.128.107 - - [14/Mar/2017:15:13:03 +0100] "POST /entry.php?id=10287& HTTP/1.1" 200 3055 "http://ed.activities.at/entry.php?id=10287&login=1" "Mozilla/5.0 (Windows NT 10.0; WOW64; rv:51.0) Gecko/20100101 Firefox/51.0"
90.152.128.107 - - [14/Mar/2017:15:13:03 +0100] "GET /gui/javascript/form_form.js?1489500783 HTTP/1.1" 200 16206 "http://ed.activities.at/entry.php?id=10287&" "Mozilla/5.0 (Windows NT 10.0; WOW64; rv:51.0) Gecko/20100101 Firefox/51.0"
212.108.43.59 - - [14/Mar/2017:15:13:04 +0100] "POST /entry.php?id=10703 HTTP/1.1" 200 3291 "http://ed.activities.at/entry.php?id=10703&&but=&object=10225061&class=&tag=&value=&chooserview=articlegroup&function=&setlist=&t_width=&t_height=&view=articlegroup" "Mozilla/5.0 (Windows NT 10.0; Win64; x64) AppleWebKit/537.36 (KHTML, like Gecko) Chrome/56.0.2924.87 Safari/537.36"
212.108.43.59 - - [14/Mar/2017:15:13:04 +0100] "GET /activities/framework/KoolControls/KoolTreeView/icons/bullet_star.png HTTP/1.1" 200 331 "http://ed.activities.at/entry.php?id=10703" "Mozilla/5.0 (Windows NT 10.0; Win64; x64) AppleWebKit/537.36 (KHTML, like Gecko) Chrome/56.0.2924.87 Safari/537.36"
212.108.43.59 - - [14/Mar/2017:15:13:04 +0100] "GET /activities/framework/KoolControls/KoolAjax/koolajax.php?8436e354c842500aba3cbaf0584c0c24 HTTP/1.1" 200 4079 "http://ed.activities.at/entry.php?id=10703" "Mozilla/5.0 (Windows NT 10.0; Win64; x64) AppleWebKit/537.36 (KHTML, like Gecko) Chrome/56.0.2924.87 Safari/537.36"
212.108.43.59 - - [14/Mar/2017:15:13:04 +0100] "GET /gui/javascript/form_form.js?1489500784 HTTP/1.1" 200 16206 "http://ed.activities.at/entry.php?id=10703" "Mozilla/5.0 (Windows NT 10.0; Win64; x64) AppleWebKit/537.36 (KHTML, like Gecko) Chrome/56.0.2924.87 Safari/537.36"
90.152.128.107 - - [14/Mar/2017:15:13:04 +0100] "GET /entry.php?id=10271&&ser=500675 HTTP/1.1" 200 988 "http://ed.activities.at/entry.php?id=10271&&ser=500615" "Mozilla/5.0 (Windows NT 10.0; WOW64; rv:51.0) Gecko/20100101 Firefox/51.0"
90.152.128.107 - - [14/Mar/2017:15:13:04 +0100] "GET /gui/javascript/jquery/css/gui-themes/custom.min.css HTTP/1.1" 304 - "http://ed.activities.at/entry.php?id=10271&&ser=500675" "Mozilla/5.0 (Windows NT 10.0; WOW64; rv:51.0) Gecko/20100101 Firefox/51.0"
90.152.128.107 - - [14/Mar/2017:15:13:04 +0100] "GET /gui/javascript/jquery/css/gui-themes/ui.spinner.css HTTP/1.1" 304 - "http://ed.activities.at/entry.php?id=10271&&ser=500675" "Mozilla/5.0 (Windows NT 10.0; WOW64; rv:51.0) Gecko/20100101 Firefox/51.0"
212.108.43.59 - - [14/Mar/2017:15:13:04 +0100] "GET /activities/framework/KoolControls/KoolTreeView/kooltreeview.php?c7cd9180e88ffef8e70f13526bb4f5f7 HTTP/1.1" 200 5055 "http://ed.activities.at/entry.php?id=10703" "Mozilla/5.0 (Windows NT 10.0; Win64; x64) AppleWebKit/537.36 (KHTML, like Gecko) Chrome/56.0.2924.87 Safari/537.36"
90.152.128.107 - - [14/Mar/2017:15:13:04 +0100] "GET /gui/javascript/jquery/css/gui-themes/jquery.tooltip.css HTTP/1.1" 304 - "http://ed.activities.at/entry.php?id=10271&&ser=500675" "Mozilla/5.0 (Windows NT 10.0; WOW64; rv:51.0) Gecko/20100101 Firefox/51.0"
90.152.128.107 - - [14/Mar/2017:15:13:04 +0100] "GET /gui/styles/tmplDefault.css HTTP/1.1" 304 - "http://ed.activities.at/entry.php?id=10271&&ser=500675" "Mozilla/5.0 (Windows NT 10.0; WOW64; rv:51.0) Gecko/20100101 Firefox/51.0"
90.152.128.107 - - [14/Mar/2017:15:13:04 +0100] "GET /gui/javascript/jquery/js/jquery-1.8.2.js HTTP/1.1" 304 - "http://ed.activities.at/entry.php?id=10271&&ser=500675" "Mozilla/5.0 (Windows NT 10.0; WOW64; rv:51.0) Gecko/20100101 Firefox/51.0"
90.152.128.107 - - [14/Mar/2017:15:13:04 +0100] "GET /gui/javascript/jquery/js/jquery-ui-1.9.0.custom.min.js HTTP/1.1" 304 - "http://ed.activities.at/entry.php?id=10271&&ser=500675" "Mozilla/5.0 (Windows NT 10.0; WOW64; rv:51.0) Gecko/20100101 Firefox/51.0"
90.152.128.107 - - [14/Mar/2017:15:13:04 +0100] "GET /gui/javascript/jquery/jquery-tooltip/jquery.tooltip.min.js HTTP/1.1" 304 - "http://ed.activities.at/entry.php?id=10271&&ser=500675" "Mozilla/5.0 (Windows NT 10.0; WOW64; rv:51.0) Gecko/20100101 Firefox/51.0"
90.152.128.107 - - [14/Mar/2017:15:13:04 +0100] "GET /gui/javascript/form_form.js?1489500784 HTTP/1.1" 200 16206 "http://ed.activities.at/entry.php?id=10271&&ser=500675" "Mozilla/5.0 (Windows NT 10.0; WOW64; rv:51.0) Gecko/20100101 Firefox/51.0"
90.152.128.107 - - [14/Mar/2017:15:13:08 +0100] "POST /entry.php?id=10287& HTTP/1.1" 200 3056 "http://ed.activities.at/entry.php?id=10287&" "Mozilla/5.0 (Windows NT 10.0; WOW64; rv:51.0) Gecko/20100101 Firefox/51.0"
90.152.128.107 - - [14/Mar/2017:15:13:08 +0100] "GET /gui/javascript/form_form.js?1489500788 HTTP/1.1" 200 16206 "http://ed.activities.at/entry.php?id=10287&" "Mozilla/5.0 (Windows NT 10.0; WOW64; rv:51.0) Gecko/20100101 Firefox/51.0"
90.152.128.107 - - [14/Mar/2017:15:13:08 +0100] "GET /entry.php?id=10271&&ser=500675 HTTP/1.1" 200 988 "http://ed.activities.at/entry.php?id=10271&&ser=500615" "Mozilla/5.0 (Windows NT 10.0; WOW64; rv:51.0) Gecko/20100101 Firefox/51.0"
90.152.128.107 - - [14/Mar/2017:15:13:08 +0100] "GET /gui/javascript/jquery/css/gui-themes/ui.spinner.css HTTP/1.1" 304 - "http://ed.activities.at/entry.php?id=10271&&ser=500675" "Mozilla/5.0 (Windows NT 10.0; WOW64; rv:51.0) Gecko/20100101 Firefox/51.0"
90.152.128.107 - - [14/Mar/2017:15:13:08 +0100] "GET /gui/javascript/jquery/css/gui-themes/custom.min.css HTTP/1.1" 304 - "http://ed.activities.at/entry.php?id=10271&&ser=500675" "Mozilla/5.0 (Windows NT 10.0; WOW64; rv:51.0) Gecko/20100101 Firefox/51.0"
90.152.128.107 - - [14/Mar/2017:15:13:08 +0100] "GET /gui/javascript/jquery/css/gui-themes/jquery.tooltip.css HTTP/1.1" 304 - "http://ed.activities.at/entry.php?id=10271&&ser=500675" "Mozilla/5.0 (Windows NT 10.0; WOW64; rv:51.0) Gecko/20100101 Firefox/51.0"
90.152.128.107 - - [14/Mar/2017:15:13:08 +0100] "GET /gui/styles/tmplDefault.css HTTP/1.1" 304 - "http://ed.activities.at/entry.php?id=10271&&ser=500675" "Mozilla/5.0 (Windows NT 10.0; WOW64; rv:51.0) Gecko/20100101 Firefox/51.0"
90.152.128.107 - - [14/Mar/2017:15:13:08 +0100] "GET /gui/javascript/form_form.js?1489500788 HTTP/1.1" 304 - "http://ed.activities.at/entry.php?id=10271&&ser=500675" "Mozilla/5.0 (Windows NT 10.0; WOW64; rv:51.0) Gecko/20100101 Firefox/51.0"
90.152.128.107 - - [14/Mar/2017:15:13:08 +0100] "GET /gui/javascript/jquery/js/jquery-1.8.2.js HTTP/1.1" 304 - "http://ed.activities.at/entry.php?id=10271&&ser=500675" "Mozilla/5.0 (Windows NT 10.0; WOW64; rv:51.0) Gecko/20100101 Firefox/51.0"
90.152.128.107 - - [14/Mar/2017:15:13:08 +0100] "GET /gui/javascript/jquery/js/jquery-ui-1.9.0.custom.min.js HTTP/1.1" 304 - "http://ed.activities.at/entry.php?id=10271&&ser=500675" "Mozilla/5.0 (Windows NT 10.0; WOW64; rv:51.0) Gecko/20100101 Firefox/51.0"
90.152.128.107 - - [14/Mar/2017:15:13:08 +0100] "GET /gui/javascript/jquery/jquery-tooltip/jquery.tooltip.min.js HTTP/1.1" 304 - "http://ed.activities.at/entry.php?id=10271&&ser=500675" "Mozilla/5.0 (Windows NT 10.0; WOW64; rv:51.0) Gecko/20100101 Firefox/51.0"
212.108.43.59 - - [14/Mar/2017:15:13:09 +0100] "POST /entry.php?id=10704 HTTP/1.1" 200 3041 "http://ed.activities.at/entry.php?id=10704&&but=&object=10225061&class=&tag=&value=&chooserview=articlegroup&function=&setlist=&t_width=&t_height=&view=articlegroup" "Mozilla/5.0 (Windows NT 10.0; Win64; x64) AppleWebKit/537.36 (KHTML, like Gecko) Chrome/56.0.2924.87 Safari/537.36"
212.108.43.59 - - [14/Mar/2017:15:13:09 +0100] "GET /gui/javascript/form_form.js?1489500789 HTTP/1.1" 200 16206 "http://ed.activities.at/entry.php?id=10704" "Mozilla/5.0 (Windows NT 10.0; Win64; x64) AppleWebKit/537.36 (KHTML, like Gecko) Chrome/56.0.2924.87 Safari/537.36"
90.152.128.107 - - [14/Mar/2017:15:13:09 +0100] "GET /entry.php?id=11679 HTTP/1.1" 200 312 "http://ed.activities.at/entry.php?id=10270&&__app__=10006038" "Mozilla/5.0 (Windows NT 10.0; WOW64; rv:51.0) Gecko/20100101 Firefox/51.0"
212.108.43.59 - - [14/Mar/2017:15:13:09 +0100] "GET /entry.php?id=10776&form=10549&name=list& HTTP/1.1" 200 1702 "http://ed.activities.at/entry.php?id=10704" "Mozilla/5.0 (Windows NT 10.0; Win64; x64) AppleWebKit/537.36 (KHTML, like Gecko) Chrome/56.0.2924.87 Safari/537.36"
212.108.43.59 - - [14/Mar/2017:15:13:09 +0100] "GET /entry.php?id=10777&form=10549&name=list& HTTP/1.1" 200 1340 "http://ed.activities.at/entry.php?id=10704" "Mozilla/5.0 (Windows NT 10.0; Win64; x64) AppleWebKit/537.36 (KHTML, like Gecko) Chrome/56.0.2924.87 Safari/537.36"
90.152.128.107 - - [14/Mar/2017:15:13:09 +0100] "GET /entry.php?id=10676&title=Portal& HTTP/1.1" 200 1388 "http://ed.activities.at/entry.php?id=11679" "Mozilla/5.0 (Windows NT 10.0; WOW64; rv:51.0) Gecko/20100101 Firefox/51.0"
90.152.128.107 - - [14/Mar/2017:15:13:10 +0100] "GET /gui/javascript/form_form.js?1489500789 HTTP/1.1" 200 16206 "http://ed.activities.at/entry.php?id=10676&title=Portal&" "Mozilla/5.0 (Windows NT 10.0; WOW64; rv:51.0) Gecko/20100101 Firefox/51.0"
90.152.128.107 - - [14/Mar/2017:15:13:09 +0100] "GET /entry.php?id=11678& HTTP/1.1" 200 13979 "http://ed.activities.at/entry.php?id=11679" "Mozilla/5.0 (Windows NT 10.0; WOW64; rv:51.0) Gecko/20100101 Firefox/51.0"
90.152.128.107 - - [14/Mar/2017:15:13:10 +0100] "GET /gui/javascript/form_form.js?1489500790 HTTP/1.1" 200 16206 "http://ed.activities.at/entry.php?id=11678&" "Mozilla/5.0 (Windows NT 10.0; WOW64; rv:51.0) Gecko/20100101 Firefox/51.0"
90.152.128.107 - - [14/Mar/2017:15:13:10 +0100] "GET /activities/framework/KoolControls/KoolAjax/koolajax.php?8436e354c842500aba3cbaf0584c0c24 HTTP/1.1" 200 4079 "http://ed.activities.at/entry.php?id=11678&" "Mozilla/5.0 (Windows NT 10.0; WOW64; rv:51.0) Gecko/20100101 Firefox/51.0"
90.152.128.107 - - [14/Mar/2017:15:13:09 +0100] "GET /entry.php?id=11677& HTTP/1.1" 200 4455 "http://ed.activities.at/entry.php?id=11679" "Mozilla/5.0 (Windows NT 10.0; WOW64; rv:51.0) Gecko/20100101 Firefox/51.0"
90.152.128.107 - - [14/Mar/2017:15:13:10 +0100] "GET /activities/framework/KoolControls/KoolTreeView/kooltreeview.php?c7cd9180e88ffef8e70f13526bb4f5f7 HTTP/1.1" 200 5055 "http://ed.activities.at/entry.php?id=11678&" "Mozilla/5.0 (Windows NT 10.0; WOW64; rv:51.0) Gecko/20100101 Firefox/51.0"
90.152.128.107 - - [14/Mar/2017:15:13:11 +0100] "GET /entry.php?id=11618&&object=&item=&emu_class= HTTP/1.1" 200 1699 "http://ed.activities.at/entry.php?id=11677&" "Mozilla/5.0 (Windows NT 10.0; WOW64; rv:51.0) Gecko/20100101 Firefox/51.0"
90.152.128.107 - - [14/Mar/2017:15:13:11 +0100] "POST /entry.php?id=11677 HTTP/1.1" 200 4504 "http://ed.activities.at/entry.php?id=11677&" "Mozilla/5.0 (Windows NT 10.0; WOW64; rv:51.0) Gecko/20100101 Firefox/51.0"
90.152.128.107 - - [14/Mar/2017:15:13:12 +0100] "GET /gui/javascript/form_form.js?1489500792 HTTP/1.1" 200 16206 "http://ed.activities.at/entry.php?id=11677" "Mozilla/5.0 (Windows NT 10.0; WOW64; rv:51.0) Gecko/20100101 Firefox/51.0"
90.152.128.107 - - [14/Mar/2017:15:13:12 +0100] "GET /gui/images/icons/disabled_edit.gif HTTP/1.1" 304 - "http://ed.activities.at/entry.php?id=11677" "Mozilla/5.0 (Windows NT 10.0; WOW64; rv:51.0) Gecko/20100101 Firefox/51.0"
90.152.128.107 - - [14/Mar/2017:15:13:12 +0100] "POST /entry.php?id=11677 HTTP/1.1" 200 4505 "http://ed.activities.at/entry.php?id=11677" "Mozilla/5.0 (Windows NT 10.0; WOW64; rv:51.0) Gecko/20100101 Firefox/51.0"
90.152.128.107 - - [14/Mar/2017:15:13:13 +0100] "GET /gui/javascript/form_form.js?1489500793 HTTP/1.1" 200 16206 "http://ed.activities.at/entry.php?id=11677" "Mozilla/5.0 (Windows NT 10.0; WOW64; rv:51.0) Gecko/20100101 Firefox/51.0"
80.123.96.46 - - [14/Mar/2017:15:13:14 +0100] "GET /entry.php?id=10271&&ser=500734 HTTP/1.1" 200 986 "http://ed.activities.at/entry.php?id=10272" "Mozilla/5.0 (Windows NT 6.1; WOW64; Trident/7.0; rv:11.0) like Gecko"
80.123.96.46 - - [14/Mar/2017:15:13:15 +0100] "GET /gui/javascript/form_form.js?1489500795 HTTP/1.1" 200 16206 "http://ed.activities.at/entry.php?id=10271&&ser=500734" "Mozilla/5.0 (Windows NT 6.1; WOW64; Trident/7.0; rv:11.0) like Gecko"
90.152.128.107 - - [14/Mar/2017:15:13:15 +0100] "POST /entry.php?id=11677 HTTP/1.1" 200 5128 "http://ed.activities.at/entry.php?id=11677" "Mozilla/5.0 (Windows NT 10.0; WOW64; rv:51.0) Gecko/20100101 Firefox/51.0"
90.152.128.107 - - [14/Mar/2017:15:13:15 +0100] "GET /gui/javascript/form_form.js?1489500795 HTTP/1.1" 200 16206 "http://ed.activities.at/entry.php?id=11677" "Mozilla/5.0 (Windows NT 10.0; WOW64; rv:51.0) Gecko/20100101 Firefox/51.0"
212.108.43.59 - - [14/Mar/2017:15:13:09 +0100] "GET /entry.php?id=10778&form=10549&name=list& HTTP/1.1" 200 9956 "http://ed.activities.at/entry.php?id=10704" "Mozilla/5.0 (Windows NT 10.0; Win64; x64) AppleWebKit/537.36 (KHTML, like Gecko) Chrome/56.0.2924.87 Safari/537.36"
212.108.43.59 - - [14/Mar/2017:15:13:16 +0100] "GET /cache/emu/images/easy-drivers-harm-innsbruck10254371/zelt1jpg_16_12_0.jpg HTTP/1.1" 200 786 "http://ed.activities.at/entry.php?id=10778&form=10549&name=list&" "Mozilla/5.0 (Windows NT 10.0; Win64; x64) AppleWebKit/537.36 (KHTML, like Gecko) Chrome/56.0.2924.87 Safari/537.36"
212.108.43.59 - - [14/Mar/2017:15:13:16 +0100] "GET /cache/emu/images/easy-drivers-harm-innsbruck10250821/krfrueh14800jpg_11_16_0.jpg HTTP/1.1" 200 792 "http://ed.activities.at/entry.php?id=10778&form=10549&name=list&" "Mozilla/5.0 (Windows NT 10.0; Win64; x64) AppleWebKit/537.36 (KHTML, like Gecko) Chrome/56.0.2924.87 Safari/537.36"
212.108.43.59 - - [14/Mar/2017:15:13:16 +0100] "GET /cache/emu/images/easy-drivers-harm-innsbruck10254382/mopedfuhrparkjpg_16_12_0.jpg HTTP/1.1" 200 786 "http://ed.activities.at/entry.php?id=10778&form=10549&name=list&" "Mozilla/5.0 (Windows NT 10.0; Win64; x64) AppleWebKit/537.36 (KHTML, like Gecko) Chrome/56.0.2924.87 Safari/537.36"
212.108.43.59 - - [14/Mar/2017:15:13:16 +0100] "GET /cache/emu/images/easy-drivers-harm-innsbruck10287028/bildwebedanschnittr830x300px2png_16_6_0.png HTTP/1.1" 200 397 "http://ed.activities.at/entry.php?id=10778&form=10549&name=list&" "Mozilla/5.0 (Windows NT 10.0; Win64; x64) AppleWebKit/537.36 (KHTML, like Gecko) Chrome/56.0.2924.87 Safari/537.36"
212.108.43.59 - - [14/Mar/2017:15:13:16 +0100] "GET /cache/emu/images/easy-drivers-harm-innsbruck10282363/klimasteierm-2jpg_16_4_0.jpg HTTP/1.1" 200 734 "http://ed.activities.at/entry.php?id=10778&form=10549&name=list&" "Mozilla/5.0 (Windows NT 10.0; Win64; x64) AppleWebKit/537.36 (KHTML, like Gecko) Chrome/56.0.2924.87 Safari/537.36"
212.108.43.59 - - [14/Mar/2017:15:13:16 +0100] "GET /cache/emu/images/easy-drivers-harm-innsbruck10249619/krweih13jpg_11_16_0.jpg HTTP/1.1" 200 790 "http://ed.activities.at/entry.php?id=10778&form=10549&name=list&" "Mozilla/5.0 (Windows NT 10.0; Win64; x64) AppleWebKit/537.36 (KHTML, like Gecko) Chrome/56.0.2924.87 Safari/537.36"
212.108.43.59 - - [14/Mar/2017:15:13:16 +0100] "GET /cache/emu/images/easy-drivers-harm-innsbruck10254380/schlitten1jpg_16_12_0.jpg HTTP/1.1" 200 790 "http://ed.activities.at/entry.php?id=10778&form=10549&name=list&" "Mozilla/5.0 (Windows NT 10.0; Win64; x64) AppleWebKit/537.36 (KHTML, like Gecko) Chrome/56.0.2924.87 Safari/537.36"
212.108.43.59 - - [14/Mar/2017:15:13:16 +0100] "GET /cache/emu/images/easy-drivers-harm-innsbruck10266011/osterkurse-2015png_16_16_0.png HTTP/1.1" 200 607 "http://ed.activities.at/entry.php?id=10778&form=10549&name=list&" "Mozilla/5.0 (Windows NT 10.0; Win64; x64) AppleWebKit/537.36 (KHTML, like Gecko) Chrome/56.0.2924.87 Safari/537.36"
212.108.43.59 - - [14/Mar/2017:15:13:16 +0100] "GET /cache/emu/images/easy-drivers-harm-innsbruck10250912/berufskraftfahrer-1_16_11_0.jpg HTTP/1.1" 200 781 "http://ed.activities.at/entry.php?id=10778&form=10549&name=list&" "Mozilla/5.0 (Windows NT 10.0; Win64; x64) AppleWebKit/537.36 (KHTML, like Gecko) Chrome/56.0.2924.87 Safari/537.36"
212.108.43.59 - - [14/Mar/2017:15:13:16 +0100] "GET /cache/emu/images/easy-drivers-harm-innsbruck10251122/moped-1_13_16_0.jpg HTTP/1.1" 200 717 "http://ed.activities.at/entry.php?id=10778&form=10549&name=list&" "Mozilla/5.0 (Windows NT 10.0; Win64; x64) AppleWebKit/537.36 (KHTML, like Gecko) Chrome/56.0.2924.87 Safari/537.36"
212.108.43.59 - - [14/Mar/2017:15:13:16 +0100] "GET /cache/emu/images/easy-drivers-harm-innsbruck10262640/mini-neu-14jpg_16_11_0.jpg HTTP/1.1" 200 785 "http://ed.activities.at/entry.php?id=10778&form=10549&name=list&" "Mozilla/5.0 (Windows NT 10.0; Win64; x64) AppleWebKit/537.36 (KHTML, like Gecko) Chrome/56.0.2924.87 Safari/537.36"
212.108.43.59 - - [14/Mar/2017:15:13:16 +0100] "GET /cache/emu/images/easy-drivers-harm-innsbruck10248432/hybrid_16_12_0.jpg HTTP/1.1" 200 756 "http://ed.activities.at/entry.php?id=10778&form=10549&name=list&" "Mozilla/5.0 (Windows NT 10.0; Win64; x64) AppleWebKit/537.36 (KHTML, like Gecko) Chrome/56.0.2924.87 Safari/537.36"
212.108.43.59 - - [14/Mar/2017:15:13:16 +0100] "GET /cache/emu/images/easy-drivers-harm-innsbruck10251116/ampera_16_12_0.jpg HTTP/1.1" 200 774 "http://ed.activities.at/entry.php?id=10778&form=10549&name=list&" "Mozilla/5.0 (Windows NT 10.0; Win64; x64) AppleWebKit/537.36 (KHTML, like Gecko) Chrome/56.0.2924.87 Safari/537.36"
212.108.43.59 - - [14/Mar/2017:15:13:16 +0100] "GET /cache/emu/images/easy-drivers-harm-innsbruck10248908/team_16_12_0.jpg HTTP/1.1" 200 770 "http://ed.activities.at/entry.php?id=10778&form=10549&name=list&" "Mozilla/5.0 (Windows NT 10.0; Win64; x64) AppleWebKit/537.36 (KHTML, like Gecko) Chrome/56.0.2924.87 Safari/537.36"
212.108.43.59 - - [14/Mar/2017:15:13:16 +0100] "GET /cache/emu/images/easy-drivers-harm-innsbruck10244917/dscn5953jpg_16_12_0.jpg HTTP/1.1" 200 786 "http://ed.activities.at/entry.php?id=10778&form=10549&name=list&" "Mozilla/5.0 (Windows NT 10.0; Win64; x64) AppleWebKit/537.36 (KHTML, like Gecko) Chrome/56.0.2924.87 Safari/537.36"
212.108.43.59 - - [14/Mar/2017:15:13:16 +0100] "GET /cache/emu/images/easy-drivers-harm-innsbruck10267353/e-day1_16_16_0.jpg HTTP/1.1" 200 801 "http://ed.activities.at/entry.php?id=10778&form=10549&name=list&" "Mozilla/5.0 (Windows NT 10.0; Win64; x64) AppleWebKit/537.36 (KHTML, like Gecko) Chrome/56.0.2924.87 Safari/537.36"
212.108.43.59 - - [14/Mar/2017:15:13:16 +0100] "GET /cache/emu/images/easy-drivers-harm-innsbruck10282329/fbnovermber-2016jpg_16_14_0.jpg HTTP/1.1" 200 810 "http://ed.activities.at/entry.php?id=10778&form=10549&name=list&" "Mozilla/5.0 (Windows NT 10.0; Win64; x64) AppleWebKit/537.36 (KHTML, like Gecko) Chrome/56.0.2924.87 Safari/537.36"
