90.152.128.107 - - [14/Mar/2017:14:59:06 +0100] "GET /gui/images/icons/system_systemweit.gif HTTP/1.1" 304 - "http://ed.activities.at/entry.php?id=10270&__app__=223323" "Mozilla/5.0 (Windows NT 10.0; WOW64; rv:51.0) Gecko/20100101 Firefox/51.0"
90.152.128.107 - - [14/Mar/2017:14:59:07 +0100] "GET /gui/images/icons/system_anzeige_ausgewaelt.gif HTTP/1.1" 304 - "http://ed.activities.at/entry.php?id=10270&__app__=223323" "Mozilla/5.0 (Windows NT 10.0; WOW64; rv:51.0) Gecko/20100101 Firefox/51.0"
90.152.128.107 - - [14/Mar/2017:14:59:07 +0100] "GET /gui/images/icons/content_group.png HTTP/1.1" 304 - "http://ed.activities.at/entry.php?id=10270&__app__=223323" "Mozilla/5.0 (Windows NT 10.0; WOW64; rv:51.0) Gecko/20100101 Firefox/51.0"
90.152.128.107 - - [14/Mar/2017:14:59:07 +0100] "GET /framework/icons/navigation/arrowup.gif HTTP/1.1" 304 - "http://ed.activities.at/entry.php?id=10270&__app__=223323" "Mozilla/5.0 (Windows NT 10.0; WOW64; rv:51.0) Gecko/20100101 Firefox/51.0"
90.152.128.107 - - [14/Mar/2017:14:59:07 +0100] "GET /framework/icons/navigation/arrowdown.gif HTTP/1.1" 304 - "http://ed.activities.at/entry.php?id=10270&__app__=223323" "Mozilla/5.0 (Windows NT 10.0; WOW64; rv:51.0) Gecko/20100101 Firefox/51.0"
90.152.128.107 - - [14/Mar/2017:14:59:07 +0100] "GET /gui/images/icons/login_info.gif HTTP/1.1" 304 - "http://ed.activities.at/entry.php?id=10270&__app__=223323" "Mozilla/5.0 (Windows NT 10.0; WOW64; rv:51.0) Gecko/20100101 Firefox/51.0"
90.152.128.107 - - [14/Mar/2017:14:59:07 +0100] "GET /gui/images/icons/system_rechteverwaltung.gif HTTP/1.1" 304 - "http://ed.activities.at/entry.php?id=10270&__app__=223323" "Mozilla/5.0 (Windows NT 10.0; WOW64; rv:51.0) Gecko/20100101 Firefox/51.0"
90.152.128.107 - - [14/Mar/2017:14:59:07 +0100] "GET /gui/images/icons/superuser.gif HTTP/1.1" 304 - "http://ed.activities.at/entry.php?id=10270&__app__=223323" "Mozilla/5.0 (Windows NT 10.0; WOW64; rv:51.0) Gecko/20100101 Firefox/51.0"
90.152.128.107 - - [14/Mar/2017:14:59:07 +0100] "GET /gui/images/icons/temp_edit.png HTTP/1.1" 304 - "http://ed.activities.at/entry.php?id=10270&__app__=223323" "Mozilla/5.0 (Windows NT 10.0; WOW64; rv:51.0) Gecko/20100101 Firefox/51.0"
90.152.128.107 - - [14/Mar/2017:14:59:07 +0100] "GET /gui/images/icons/view_class.png HTTP/1.1" 304 - "http://ed.activities.at/entry.php?id=10270&__app__=223323" "Mozilla/5.0 (Windows NT 10.0; WOW64; rv:51.0) Gecko/20100101 Firefox/51.0"
90.152.128.107 - - [14/Mar/2017:14:59:07 +0100] "GET /gui/images/icons/temp_class.png HTTP/1.1" 304 - "http://ed.activities.at/entry.php?id=10270&__app__=223323" "Mozilla/5.0 (Windows NT 10.0; WOW64; rv:51.0) Gecko/20100101 Firefox/51.0"
90.152.128.107 - - [14/Mar/2017:14:59:07 +0100] "GET /gui/images/icons/i_personen.gif HTTP/1.1" 304 - "http://ed.activities.at/entry.php?id=10270&__app__=223323" "Mozilla/5.0 (Windows NT 10.0; WOW64; rv:51.0) Gecko/20100101 Firefox/51.0"
90.152.128.107 - - [14/Mar/2017:14:59:07 +0100] "GET /gui/images/icons/i_firmen.gif HTTP/1.1" 304 - "http://ed.activities.at/entry.php?id=10270&__app__=223323" "Mozilla/5.0 (Windows NT 10.0; WOW64; rv:51.0) Gecko/20100101 Firefox/51.0"
90.152.128.107 - - [14/Mar/2017:14:59:07 +0100] "GET /gui/images/icons/gruppen_user_zu_gruppen.gif HTTP/1.1" 304 - "http://ed.activities.at/entry.php?id=10270&__app__=223323" "Mozilla/5.0 (Windows NT 10.0; WOW64; rv:51.0) Gecko/20100101 Firefox/51.0"
90.152.128.107 - - [14/Mar/2017:14:59:07 +0100] "GET /gui/images/icons/grundlagen.gif HTTP/1.1" 304 - "http://ed.activities.at/entry.php?id=10270&__app__=223323" "Mozilla/5.0 (Windows NT 10.0; WOW64; rv:51.0) Gecko/20100101 Firefox/51.0"
90.152.128.107 - - [14/Mar/2017:14:59:07 +0100] "GET /gui/images/icons/vertragstypen.gif HTTP/1.1" 304 - "http://ed.activities.at/entry.php?id=10270&__app__=223323" "Mozilla/5.0 (Windows NT 10.0; WOW64; rv:51.0) Gecko/20100101 Firefox/51.0"
90.152.128.107 - - [14/Mar/2017:14:59:07 +0100] "GET /gui/images/icons/i_strassen.gif HTTP/1.1" 304 - "http://ed.activities.at/entry.php?id=10270&__app__=223323" "Mozilla/5.0 (Windows NT 10.0; WOW64; rv:51.0) Gecko/20100101 Firefox/51.0"
90.152.128.107 - - [14/Mar/2017:14:59:07 +0100] "GET /undefined HTTP/1.1" 404 285 "http://ed.activities.at/entry.php?id=10270&__app__=223323" "Mozilla/5.0 (Windows NT 10.0; WOW64; rv:51.0) Gecko/20100101 Firefox/51.0"
90.152.128.107 - - [14/Mar/2017:14:59:08 +0100] "GET /entry.php?id=10287&login=1 HTTP/1.1" 200 2979 "http://ed.activities.at/entry.php?id=10273&" "Mozilla/5.0 (Windows NT 10.0; WOW64; rv:51.0) Gecko/20100101 Firefox/51.0"
90.152.128.107 - - [14/Mar/2017:14:59:09 +0100] "GET /gui/javascript/form_form.js?1489499948 HTTP/1.1" 200 16206 "http://ed.activities.at/entry.php?id=10287&login=1" "Mozilla/5.0 (Windows NT 10.0; WOW64; rv:51.0) Gecko/20100101 Firefox/51.0"
212.108.43.59 - - [14/Mar/2017:14:59:14 +0100] "GET /entry.php?id=10271&&ser=499893 HTTP/1.1" 200 987 "http://ed.activities.at/entry.php?id=10271&&ser=499832" "Mozilla/5.0 (Windows NT 10.0; Win64; x64) AppleWebKit/537.36 (KHTML, like Gecko) Chrome/56.0.2924.87 Safari/537.36"
212.108.43.59 - - [14/Mar/2017:14:59:14 +0100] "GET /gui/javascript/form_form.js?1489499954 HTTP/1.1" 200 16206 "http://ed.activities.at/entry.php?id=10271&&ser=499893" "Mozilla/5.0 (Windows NT 10.0; Win64; x64) AppleWebKit/537.36 (KHTML, like Gecko) Chrome/56.0.2924.87 Safari/537.36"
90.152.128.107 - - [14/Mar/2017:14:59:15 +0100] "POST /entry.php?id=10287& HTTP/1.1" 200 3055 "http://ed.activities.at/entry.php?id=10287&login=1" "Mozilla/5.0 (Windows NT 10.0; WOW64; rv:51.0) Gecko/20100101 Firefox/51.0"
90.152.128.107 - - [14/Mar/2017:14:59:15 +0100] "GET /gui/javascript/form_form.js?1489499955 HTTP/1.1" 200 16206 "http://ed.activities.at/entry.php?id=10287&" "Mozilla/5.0 (Windows NT 10.0; WOW64; rv:51.0) Gecko/20100101 Firefox/51.0"
90.152.128.107 - - [14/Mar/2017:14:59:16 +0100] "GET /entry.php?id=10271&UIN=4663f1d81289b9723ae261b7dfffde55 HTTP/1.1" 200 989 "http://ed.activities.at/entry.php?id=10272" "Mozilla/5.0 (Windows NT 10.0; WOW64; rv:51.0) Gecko/20100101 Firefox/51.0"
90.152.128.107 - - [14/Mar/2017:14:59:16 +0100] "GET /gui/javascript/jquery/css/gui-themes/custom.min.css HTTP/1.1" 304 - "http://ed.activities.at/entry.php?id=10271&UIN=4663f1d81289b9723ae261b7dfffde55" "Mozilla/5.0 (Windows NT 10.0; WOW64; rv:51.0) Gecko/20100101 Firefox/51.0"
90.152.128.107 - - [14/Mar/2017:14:59:16 +0100] "GET /gui/javascript/jquery/css/gui-themes/ui.spinner.css HTTP/1.1" 304 - "http://ed.activities.at/entry.php?id=10271&UIN=4663f1d81289b9723ae261b7dfffde55" "Mozilla/5.0 (Windows NT 10.0; WOW64; rv:51.0) Gecko/20100101 Firefox/51.0"
90.152.128.107 - - [14/Mar/2017:14:59:16 +0100] "GET /gui/styles/tmplDefault.css HTTP/1.1" 304 - "http://ed.activities.at/entry.php?id=10271&UIN=4663f1d81289b9723ae261b7dfffde55" "Mozilla/5.0 (Windows NT 10.0; WOW64; rv:51.0) Gecko/20100101 Firefox/51.0"
90.152.128.107 - - [14/Mar/2017:14:59:16 +0100] "GET /gui/javascript/jquery/css/gui-themes/jquery.tooltip.css HTTP/1.1" 304 - "http://ed.activities.at/entry.php?id=10271&UIN=4663f1d81289b9723ae261b7dfffde55" "Mozilla/5.0 (Windows NT 10.0; WOW64; rv:51.0) Gecko/20100101 Firefox/51.0"
90.152.128.107 - - [14/Mar/2017:14:59:16 +0100] "GET /gui/javascript/jquery/js/jquery-1.8.2.js HTTP/1.1" 304 - "http://ed.activities.at/entry.php?id=10271&UIN=4663f1d81289b9723ae261b7dfffde55" "Mozilla/5.0 (Windows NT 10.0; WOW64; rv:51.0) Gecko/20100101 Firefox/51.0"
90.152.128.107 - - [14/Mar/2017:14:59:16 +0100] "GET /gui/javascript/form_form.js?1489499956 HTTP/1.1" 200 16206 "http://ed.activities.at/entry.php?id=10271&UIN=4663f1d81289b9723ae261b7dfffde55" "Mozilla/5.0 (Windows NT 10.0; WOW64; rv:51.0) Gecko/20100101 Firefox/51.0"
90.152.128.107 - - [14/Mar/2017:14:59:16 +0100] "GET /gui/javascript/jquery/js/jquery-ui-1.9.0.custom.min.js HTTP/1.1" 304 - "http://ed.activities.at/entry.php?id=10271&UIN=4663f1d81289b9723ae261b7dfffde55" "Mozilla/5.0 (Windows NT 10.0; WOW64; rv:51.0) Gecko/20100101 Firefox/51.0"
90.152.128.107 - - [14/Mar/2017:14:59:16 +0100] "GET /gui/javascript/jquery/jquery-tooltip/jquery.tooltip.min.js HTTP/1.1" 304 - "http://ed.activities.at/entry.php?id=10271&UIN=4663f1d81289b9723ae261b7dfffde55" "Mozilla/5.0 (Windows NT 10.0; WOW64; rv:51.0) Gecko/20100101 Firefox/51.0"
90.152.128.107 - - [14/Mar/2017:14:59:18 +0100] "GET /entry.php?id=10270&__app__=10006038 HTTP/1.1" 200 2053 "http://ed.activities.at/entry.php?id=10273&" "Mozilla/5.0 (Windows NT 10.0; WOW64; rv:51.0) Gecko/20100101 Firefox/51.0"
90.152.128.107 - - [14/Mar/2017:14:59:18 +0100] "GET /entry.php?id=10270&&__app__=10006038 HTTP/1.1" 200 2053 "http://ed.activities.at/entry.php?id=10273&" "Mozilla/5.0 (Windows NT 10.0; WOW64; rv:51.0) Gecko/20100101 Firefox/51.0"
90.152.128.107 - - [14/Mar/2017:14:59:18 +0100] "GET /gui/javascript/form_form.js?1489499958 HTTP/1.1" 200 16206 "http://ed.activities.at/entry.php?id=10270&&__app__=10006038" "Mozilla/5.0 (Windows NT 10.0; WOW64; rv:51.0) Gecko/20100101 Firefox/51.0"
90.152.128.107 - - [14/Mar/2017:14:59:18 +0100] "GET /gui/images/icons/pers_einstellungen.gif HTTP/1.1" 304 - "http://ed.activities.at/entry.php?id=10270&&__app__=10006038" "Mozilla/5.0 (Windows NT 10.0; WOW64; rv:51.0) Gecko/20100101 Firefox/51.0"
90.152.128.107 - - [14/Mar/2017:14:59:18 +0100] "GET /undefined HTTP/1.1" 404 285 "http://ed.activities.at/entry.php?id=10270&&__app__=10006038" "Mozilla/5.0 (Windows NT 10.0; WOW64; rv:51.0) Gecko/20100101 Firefox/51.0"
90.152.128.107 - - [14/Mar/2017:14:59:18 +0100] "GET /gui/images/icons/rechnungswesen_einstellungen.gif HTTP/1.1" 304 - "http://ed.activities.at/entry.php?id=10270&&__app__=10006038" "Mozilla/5.0 (Windows NT 10.0; WOW64; rv:51.0) Gecko/20100101 Firefox/51.0"
90.152.128.107 - - [14/Mar/2017:14:59:18 +0100] "GET /gui/images/icons/i_resourcenverwaltung.gif HTTP/1.1" 304 - "http://ed.activities.at/entry.php?id=10270&&__app__=10006038" "Mozilla/5.0 (Windows NT 10.0; WOW64; rv:51.0) Gecko/20100101 Firefox/51.0"
90.152.128.107 - - [14/Mar/2017:14:59:19 +0100] "GET /gui/images/icons/i_artikel.gif HTTP/1.1" 304 - "http://ed.activities.at/entry.php?id=10270&&__app__=10006038" "Mozilla/5.0 (Windows NT 10.0; WOW64; rv:51.0) Gecko/20100101 Firefox/51.0"
90.152.128.107 - - [14/Mar/2017:14:59:19 +0100] "GET /gui/images/icons/i_haendler_sollverteiler.gif HTTP/1.1" 304 - "http://ed.activities.at/entry.php?id=10270&&__app__=10006038" "Mozilla/5.0 (Windows NT 10.0; WOW64; rv:51.0) Gecko/20100101 Firefox/51.0"
90.152.128.107 - - [14/Mar/2017:14:59:19 +0100] "GET /gui/images/icons/i_artikelgruppen.gif HTTP/1.1" 304 - "http://ed.activities.at/entry.php?id=10270&&__app__=10006038" "Mozilla/5.0 (Windows NT 10.0; WOW64; rv:51.0) Gecko/20100101 Firefox/51.0"
90.152.128.107 - - [14/Mar/2017:14:59:19 +0100] "GET /gui/images/icons/person.png HTTP/1.1" 304 - "http://ed.activities.at/entry.php?id=10270&&__app__=10006038" "Mozilla/5.0 (Windows NT 10.0; WOW64; rv:51.0) Gecko/20100101 Firefox/51.0"
90.152.128.107 - - [14/Mar/2017:14:59:19 +0100] "GET /gui/images/icons/menumanagement.gif HTTP/1.1" 304 - "http://ed.activities.at/entry.php?id=10270&&__app__=10006038" "Mozilla/5.0 (Windows NT 10.0; WOW64; rv:51.0) Gecko/20100101 Firefox/51.0"
90.152.128.107 - - [14/Mar/2017:14:59:19 +0100] "GET /gui/images/icons/i_aktionsreminder.gif HTTP/1.1" 304 - "http://ed.activities.at/entry.php?id=10270&&__app__=10006038" "Mozilla/5.0 (Windows NT 10.0; WOW64; rv:51.0) Gecko/20100101 Firefox/51.0"
90.152.128.107 - - [14/Mar/2017:14:59:19 +0100] "GET /gui/images/icons/i_aktionen.gif HTTP/1.1" 304 - "http://ed.activities.at/entry.php?id=10270&&__app__=10006038" "Mozilla/5.0 (Windows NT 10.0; WOW64; rv:51.0) Gecko/20100101 Firefox/51.0"
90.152.128.107 - - [14/Mar/2017:14:59:19 +0100] "GET /gui/images/icons/artikelbearbeitung_verfassung.gif HTTP/1.1" 304 - "http://ed.activities.at/entry.php?id=10270&&__app__=10006038" "Mozilla/5.0 (Windows NT 10.0; WOW64; rv:51.0) Gecko/20100101 Firefox/51.0"
90.152.128.107 - - [14/Mar/2017:14:59:19 +0100] "GET /gui/images/icons/i_bundeslaender.gif HTTP/1.1" 304 - "http://ed.activities.at/entry.php?id=10270&&__app__=10006038" "Mozilla/5.0 (Windows NT 10.0; WOW64; rv:51.0) Gecko/20100101 Firefox/51.0"
212.108.43.59 - - [14/Mar/2017:14:59:20 +0100] "GET /entry.php?id=10271&&ser=499900 HTTP/1.1" 200 987 "http://ed.activities.at/entry.php?id=10271&" "Mozilla/5.0 (Windows NT 10.0; Win64; x64) AppleWebKit/537.36 (KHTML, like Gecko) Chrome/56.0.2924.87 Safari/537.36"
212.108.43.59 - - [14/Mar/2017:14:59:20 +0100] "GET /gui/javascript/form_form.js?1489499960 HTTP/1.1" 200 16206 "http://ed.activities.at/entry.php?id=10271&&ser=499900" "Mozilla/5.0 (Windows NT 10.0; Win64; x64) AppleWebKit/537.36 (KHTML, like Gecko) Chrome/56.0.2924.87 Safari/537.36"
90.152.128.107 - - [14/Mar/2017:14:59:24 +0100] "GET /entry.php?id=11673 HTTP/1.1" 200 358 "http://ed.activities.at/entry.php?id=10270&&__app__=10006038" "Mozilla/5.0 (Windows NT 10.0; WOW64; rv:51.0) Gecko/20100101 Firefox/51.0"
90.152.128.107 - - [14/Mar/2017:14:59:25 +0100] "GET /entry.php?id=10676&&title=F%FChrerscheinkurse HTTP/1.1" 200 1397 "http://ed.activities.at/entry.php?id=11673" "Mozilla/5.0 (Windows NT 10.0; WOW64; rv:51.0) Gecko/20100101 Firefox/51.0"
90.152.128.107 - - [14/Mar/2017:14:59:25 +0100] "GET /gui/javascript/form_form.js?1489499965 HTTP/1.1" 200 16206 "http://ed.activities.at/entry.php?id=10676&&title=F%FChrerscheinkurse" "Mozilla/5.0 (Windows NT 10.0; WOW64; rv:51.0) Gecko/20100101 Firefox/51.0"
90.152.128.107 - - [14/Mar/2017:14:59:25 +0100] "GET /entry.php?id=11694& HTTP/1.1" 200 3484 "http://ed.activities.at/entry.php?id=11673" "Mozilla/5.0 (Windows NT 10.0; WOW64; rv:51.0) Gecko/20100101 Firefox/51.0"
90.152.128.107 - - [14/Mar/2017:14:59:26 +0100] "GET /gui/javascript/form_form.js?1489499966 HTTP/1.1" 200 16206 "http://ed.activities.at/entry.php?id=11694&" "Mozilla/5.0 (Windows NT 10.0; WOW64; rv:51.0) Gecko/20100101 Firefox/51.0"
90.152.128.107 - - [14/Mar/2017:14:59:26 +0100] "GET /gui/javascript/jquery/js/jquery.friendurl.js HTTP/1.1" 304 - "http://ed.activities.at/entry.php?id=11694&" "Mozilla/5.0 (Windows NT 10.0; WOW64; rv:51.0) Gecko/20100101 Firefox/51.0"
90.152.128.107 - - [14/Mar/2017:14:59:26 +0100] "GET /gui/javascript/form_ed_training_course.js HTTP/1.1" 304 - "http://ed.activities.at/entry.php?id=11694&" "Mozilla/5.0 (Windows NT 10.0; WOW64; rv:51.0) Gecko/20100101 Firefox/51.0"
90.152.128.107 - - [14/Mar/2017:14:59:26 +0100] "GET /activities/framework/KoolControls/KoolAjax/koolajax.php?8436e354c842500aba3cbaf0584c0c24 HTTP/1.1" 200 4079 "http://ed.activities.at/entry.php?id=11694&" "Mozilla/5.0 (Windows NT 10.0; WOW64; rv:51.0) Gecko/20100101 Firefox/51.0"
90.152.128.107 - - [14/Mar/2017:14:59:25 +0100] "GET /entry.php?id=11671& HTTP/1.1" 200 4540 "http://ed.activities.at/entry.php?id=11673" "Mozilla/5.0 (Windows NT 10.0; WOW64; rv:51.0) Gecko/20100101 Firefox/51.0"
90.152.128.107 - - [14/Mar/2017:14:59:26 +0100] "GET /activities/framework/KoolControls/KoolTreeView/icons/Folder.gif HTTP/1.1" 304 - "http://ed.activities.at/entry.php?id=11694&" "Mozilla/5.0 (Windows NT 10.0; WOW64; rv:51.0) Gecko/20100101 Firefox/51.0"
90.152.128.107 - - [14/Mar/2017:14:59:26 +0100] "GET /activities/framework/KoolControls/KoolTreeView/icons/square_blueS.gif HTTP/1.1" 304 - "http://ed.activities.at/entry.php?id=11694&" "Mozilla/5.0 (Windows NT 10.0; WOW64; rv:51.0) Gecko/20100101 Firefox/51.0"
90.152.128.107 - - [14/Mar/2017:14:59:26 +0100] "GET /activities/framework/KoolControls/KoolTreeView/icons/square_yellowS.gif HTTP/1.1" 304 - "http://ed.activities.at/entry.php?id=11694&" "Mozilla/5.0 (Windows NT 10.0; WOW64; rv:51.0) Gecko/20100101 Firefox/51.0"
90.152.128.107 - - [14/Mar/2017:14:59:26 +0100] "GET /activities/framework/KoolControls/KoolTreeView/icons/square_greyS.gif HTTP/1.1" 304 - "http://ed.activities.at/entry.php?id=11694&" "Mozilla/5.0 (Windows NT 10.0; WOW64; rv:51.0) Gecko/20100101 Firefox/51.0"
90.152.128.107 - - [14/Mar/2017:14:59:27 +0100] "GET /gui/javascript/jquery/js/ui-timepicker-addon.js HTTP/1.1" 304 - "http://ed.activities.at/entry.php?id=11671&" "Mozilla/5.0 (Windows NT 10.0; WOW64; rv:51.0) Gecko/20100101 Firefox/51.0"
90.152.128.107 - - [14/Mar/2017:14:59:27 +0100] "GET /gui/javascript/jquery/js/i18n/jquery.ui.datepicker-de.js HTTP/1.1" 304 - "http://ed.activities.at/entry.php?id=11671&" "Mozilla/5.0 (Windows NT 10.0; WOW64; rv:51.0) Gecko/20100101 Firefox/51.0"
90.152.128.107 - - [14/Mar/2017:14:59:27 +0100] "GET /gui/javascript/jquery/js/i18n/jquery-ui-timepicker-de.js HTTP/1.1" 304 - "http://ed.activities.at/entry.php?id=11671&" "Mozilla/5.0 (Windows NT 10.0; WOW64; rv:51.0) Gecko/20100101 Firefox/51.0"
90.152.128.107 - - [14/Mar/2017:14:59:27 +0100] "GET /framework/webfx/javascript/scrolltable/scrolltableIframe.js HTTP/1.1" 304 - "http://ed.activities.at/entry.php?id=11671&" "Mozilla/5.0 (Windows NT 10.0; WOW64; rv:51.0) Gecko/20100101 Firefox/51.0"
90.152.128.107 - - [14/Mar/2017:14:59:27 +0100] "GET /activities/framework/KoolControls/KoolTreeView/styles/default/default.css HTTP/1.1" 304 - "http://ed.activities.at/entry.php?id=11694&" "Mozilla/5.0 (Windows NT 10.0; WOW64; rv:51.0) Gecko/20100101 Firefox/51.0"
90.152.128.107 - - [14/Mar/2017:14:59:25 +0100] "GET /entry.php?id=11672& HTTP/1.1" 200 2738 "http://ed.activities.at/entry.php?id=11673" "Mozilla/5.0 (Windows NT 10.0; WOW64; rv:51.0) Gecko/20100101 Firefox/51.0"
90.152.128.107 - - [14/Mar/2017:14:59:27 +0100] "GET /gui/images/icons/ajax_loading.gif HTTP/1.1" 304 - "http://ed.activities.at/entry.php?id=11671&" "Mozilla/5.0 (Windows NT 10.0; WOW64; rv:51.0) Gecko/20100101 Firefox/51.0"
90.152.128.107 - - [14/Mar/2017:14:59:27 +0100] "GET /activities/framework/fwx_trans.gif HTTP/1.1" 304 - "http://ed.activities.at/entry.php?id=11671&" "Mozilla/5.0 (Windows NT 10.0; WOW64; rv:51.0) Gecko/20100101 Firefox/51.0"
90.152.128.107 - - [14/Mar/2017:14:59:27 +0100] "GET /gui/images/icons/disabled_wizard.png HTTP/1.1" 304 - "http://ed.activities.at/entry.php?id=11671&" "Mozilla/5.0 (Windows NT 10.0; WOW64; rv:51.0) Gecko/20100101 Firefox/51.0"
90.152.128.107 - - [14/Mar/2017:14:59:27 +0100] "GET /activities/framework/KoolControls/KoolTreeView/kooltreeview.php?c7cd9180e88ffef8e70f13526bb4f5f7 HTTP/1.1" 200 5055 "http://ed.activities.at/entry.php?id=11694&" "Mozilla/5.0 (Windows NT 10.0; WOW64; rv:51.0) Gecko/20100101 Firefox/51.0"
90.152.128.107 - - [14/Mar/2017:14:59:27 +0100] "GET /activities/framework/KoolControls/KoolTreeView/styles/default/pm.gif HTTP/1.1" 304 - "http://ed.activities.at/activities/framework/KoolControls/KoolTreeView/styles/default/default.css" "Mozilla/5.0 (Windows NT 10.0; WOW64; rv:51.0) Gecko/20100101 Firefox/51.0"
90.152.128.107 - - [14/Mar/2017:14:59:27 +0100] "GET /activities/framework/KoolControls/KoolTreeView/styles/default/v.gif HTTP/1.1" 304 - "http://ed.activities.at/activities/framework/KoolControls/KoolTreeView/styles/default/default.css" "Mozilla/5.0 (Windows NT 10.0; WOW64; rv:51.0) Gecko/20100101 Firefox/51.0"
90.152.128.107 - - [14/Mar/2017:14:59:27 +0100] "GET /activities/framework/KoolControls/KoolTreeView/styles/default/horizon.gif HTTP/1.1" 304 - "http://ed.activities.at/activities/framework/KoolControls/KoolTreeView/styles/default/default.css" "Mozilla/5.0 (Windows NT 10.0; WOW64; rv:51.0) Gecko/20100101 Firefox/51.0"
90.152.128.107 - - [14/Mar/2017:14:59:27 +0100] "GET /activities/framework/KoolControls/KoolTreeView/styles/default/mid.gif HTTP/1.1" 304 - "http://ed.activities.at/activities/framework/KoolControls/KoolTreeView/styles/default/default.css" "Mozilla/5.0 (Windows NT 10.0; WOW64; rv:51.0) Gecko/20100101 Firefox/51.0"
90.152.128.107 - - [14/Mar/2017:14:59:27 +0100] "GET /entry.php?id=10776&form=11496&name=list& HTTP/1.1" 200 1620 "http://ed.activities.at/entry.php?id=11671&" "Mozilla/5.0 (Windows NT 10.0; WOW64; rv:51.0) Gecko/20100101 Firefox/51.0"
90.152.128.107 - - [14/Mar/2017:14:59:27 +0100] "GET /entry.php?id=10778&form=11496&name=list& HTTP/1.1" 200 2493 "http://ed.activities.at/entry.php?id=11671&" "Mozilla/5.0 (Windows NT 10.0; WOW64; rv:51.0) Gecko/20100101 Firefox/51.0"
90.152.128.107 - - [14/Mar/2017:14:59:27 +0100] "GET /activities/framework/KoolControls/KoolTreeView/styles/default/L.gif HTTP/1.1" 304 - "http://ed.activities.at/activities/framework/KoolControls/KoolTreeView/styles/default/default.css" "Mozilla/5.0 (Windows NT 10.0; WOW64; rv:51.0) Gecko/20100101 Firefox/51.0"
212.108.43.59 - - [14/Mar/2017:14:59:28 +0100] "GET /entry.php?id=11681 HTTP/1.1" 200 328 "http://ed.activities.at/entry.php?id=10270&__app__=10006038" "Mozilla/5.0 (Windows NT 10.0; Win64; x64) AppleWebKit/537.36 (KHTML, like Gecko) Chrome/56.0.2924.87 Safari/537.36"
90.152.128.107 - - [14/Mar/2017:14:59:28 +0100] "GET /gui/javascript/form_form.js?1489499967 HTTP/1.1" 200 16206 "http://ed.activities.at/entry.php?id=11672&" "Mozilla/5.0 (Windows NT 10.0; WOW64; rv:51.0) Gecko/20100101 Firefox/51.0"
90.152.128.107 - - [14/Mar/2017:14:59:28 +0100] "GET /gui/images/icons/disabled_calendar.png HTTP/1.1" 304 - "http://ed.activities.at/entry.php?id=11671&" "Mozilla/5.0 (Windows NT 10.0; WOW64; rv:51.0) Gecko/20100101 Firefox/51.0"
212.108.43.59 - - [14/Mar/2017:14:59:28 +0100] "GET /entry.php?id=11683& HTTP/1.1" 200 2681 "http://ed.activities.at/entry.php?id=11681" "Mozilla/5.0 (Windows NT 10.0; Win64; x64) AppleWebKit/537.36 (KHTML, like Gecko) Chrome/56.0.2924.87 Safari/537.36"
90.152.128.107 - - [14/Mar/2017:14:59:28 +0100] "GET /gui/images/icons/website.gif HTTP/1.1" 200 1049 "http://ed.activities.at/entry.php?id=10776&form=11496&name=list&" "Mozilla/5.0 (Windows NT 10.0; WOW64; rv:51.0) Gecko/20100101 Firefox/51.0"
212.108.43.59 - - [14/Mar/2017:14:59:28 +0100] "GET /gui/javascript/form_form.js?1489499968 HTTP/1.1" 200 16206 "http://ed.activities.at/entry.php?id=11683&" "Mozilla/5.0 (Windows NT 10.0; Win64; x64) AppleWebKit/537.36 (KHTML, like Gecko) Chrome/56.0.2924.87 Safari/537.36"
90.152.128.107 - - [14/Mar/2017:14:59:29 +0100] "GET /framework/icons/fwx_trans.gif HTTP/1.1" 304 - "http://ed.activities.at/entry.php?id=10778&form=11496&name=list&" "Mozilla/5.0 (Windows NT 10.0; WOW64; rv:51.0) Gecko/20100101 Firefox/51.0"
212.108.43.59 - - [14/Mar/2017:14:59:28 +0100] "GET /entry.php?id=11684& HTTP/1.1" 200 3804 "http://ed.activities.at/entry.php?id=11681" "Mozilla/5.0 (Windows NT 10.0; Win64; x64) AppleWebKit/537.36 (KHTML, like Gecko) Chrome/56.0.2924.87 Safari/537.36"
212.108.43.59 - - [14/Mar/2017:14:59:29 +0100] "GET /gui/javascript/form_form.js?1489499969 HTTP/1.1" 200 16206 "http://ed.activities.at/entry.php?id=11684&" "Mozilla/5.0 (Windows NT 10.0; Win64; x64) AppleWebKit/537.36 (KHTML, like Gecko) Chrome/56.0.2924.87 Safari/537.36"
212.108.43.59 - - [14/Mar/2017:14:59:28 +0100] "GET /entry.php?id=10676&&title=Contentverwaltung HTTP/1.1" 200 1391 "http://ed.activities.at/entry.php?id=11681" "Mozilla/5.0 (Windows NT 10.0; Win64; x64) AppleWebKit/537.36 (KHTML, like Gecko) Chrome/56.0.2924.87 Safari/537.36"
90.152.128.107 - - [14/Mar/2017:14:59:29 +0100] "GET /entry.php?id=10776&form=11497&name=list& HTTP/1.1" 200 2014 "http://ed.activities.at/entry.php?id=11672&" "Mozilla/5.0 (Windows NT 10.0; WOW64; rv:51.0) Gecko/20100101 Firefox/51.0"
212.108.43.59 - - [14/Mar/2017:14:59:29 +0100] "GET /entry.php?id=10776&form=11508&name=list& HTTP/1.1" 200 1895 "http://ed.activities.at/entry.php?id=11683&" "Mozilla/5.0 (Windows NT 10.0; Win64; x64) AppleWebKit/537.36 (KHTML, like Gecko) Chrome/56.0.2924.87 Safari/537.36"
212.108.43.59 - - [14/Mar/2017:14:59:29 +0100] "GET /entry.php?id=10778&form=11508&name=list& HTTP/1.1" 200 4676 "http://ed.activities.at/entry.php?id=11683&" "Mozilla/5.0 (Windows NT 10.0; Win64; x64) AppleWebKit/537.36 (KHTML, like Gecko) Chrome/56.0.2924.87 Safari/537.36"
90.152.128.107 - - [14/Mar/2017:14:59:29 +0100] "GET /entry.php?id=10778&form=11497&name=list& HTTP/1.1" 200 17826 "http://ed.activities.at/entry.php?id=11672&" "Mozilla/5.0 (Windows NT 10.0; WOW64; rv:51.0) Gecko/20100101 Firefox/51.0"
90.152.128.107 - - [14/Mar/2017:14:59:29 +0100] "GET /entry.php?id=10777&form=11497&name=list& HTTP/1.1" 200 1340 "http://ed.activities.at/entry.php?id=11672&" "Mozilla/5.0 (Windows NT 10.0; WOW64; rv:51.0) Gecko/20100101 Firefox/51.0"
90.152.128.107 - - [14/Mar/2017:14:59:30 +0100] "GET /gui/images/icons/note_msg_icon.gif HTTP/1.1" 304 - "http://ed.activities.at/entry.php?id=10778&form=11497&name=list&" "Mozilla/5.0 (Windows NT 10.0; WOW64; rv:51.0) Gecko/20100101 Firefox/51.0"
90.152.128.107 - - [14/Mar/2017:14:59:30 +0100] "GET /gui/images/icons/disable_light.gif HTTP/1.1" 304 - "http://ed.activities.at/entry.php?id=10778&form=11497&name=list&" "Mozilla/5.0 (Windows NT 10.0; WOW64; rv:51.0) Gecko/20100101 Firefox/51.0"
90.152.128.107 - - [14/Mar/2017:14:59:31 +0100] "GET /gui/images/icons/filter_on.gif HTTP/1.1" 304 - "http://ed.activities.at/entry.php?id=10776&form=11497&name=list&" "Mozilla/5.0 (Windows NT 10.0; WOW64; rv:51.0) Gecko/20100101 Firefox/51.0"
90.152.128.107 - - [14/Mar/2017:14:59:31 +0100] "GET /framework/icons/sortUp.gif HTTP/1.1" 304 - "http://ed.activities.at/entry.php?id=10776&form=11497&name=list&" "Mozilla/5.0 (Windows NT 10.0; WOW64; rv:51.0) Gecko/20100101 Firefox/51.0"
212.108.43.59 - - [14/Mar/2017:14:59:30 +0100] "GET /entry.php?id=11673 HTTP/1.1" 200 358 "http://ed.activities.at/entry.php?id=10270&__app__=10006038" "Mozilla/5.0 (Windows NT 10.0; Win64; x64) AppleWebKit/537.36 (KHTML, like Gecko) Chrome/56.0.2924.87 Safari/537.36"
90.152.128.107 - - [14/Mar/2017:14:59:31 +0100] "GET /gui/images/icons/lupe.gif HTTP/1.1" 304 - "http://ed.activities.at/entry.php?id=10776&form=11497&name=list&" "Mozilla/5.0 (Windows NT 10.0; WOW64; rv:51.0) Gecko/20100101 Firefox/51.0"
90.152.128.107 - - [14/Mar/2017:14:59:31 +0100] "GET /gui/images/icons/paging_firstpage_disabled.gif HTTP/1.1" 304 - "http://ed.activities.at/entry.php?id=10777&form=11497&name=list&" "Mozilla/5.0 (Windows NT 10.0; WOW64; rv:51.0) Gecko/20100101 Firefox/51.0"
90.152.128.107 - - [14/Mar/2017:14:59:31 +0100] "GET /gui/images/icons/paging_preview_disabled.gif HTTP/1.1" 304 - "http://ed.activities.at/entry.php?id=10777&form=11497&name=list&" "Mozilla/5.0 (Windows NT 10.0; WOW64; rv:51.0) Gecko/20100101 Firefox/51.0"
90.152.128.107 - - [14/Mar/2017:14:59:31 +0100] "GET /gui/images/icons/paging_next.gif HTTP/1.1" 304 - "http://ed.activities.at/entry.php?id=10777&form=11497&name=list&" "Mozilla/5.0 (Windows NT 10.0; WOW64; rv:51.0) Gecko/20100101 Firefox/51.0"
90.152.128.107 - - [14/Mar/2017:14:59:31 +0100] "GET /gui/images/icons/paging_lastpage.gif HTTP/1.1" 304 - "http://ed.activities.at/entry.php?id=10777&form=11497&name=list&" "Mozilla/5.0 (Windows NT 10.0; WOW64; rv:51.0) Gecko/20100101 Firefox/51.0"
212.108.43.59 - - [14/Mar/2017:14:59:31 +0100] "GET /entry.php?id=11694& HTTP/1.1" 200 2494 "http://ed.activities.at/entry.php?id=11673" "Mozilla/5.0 (Windows NT 10.0; Win64; x64) AppleWebKit/537.36 (KHTML, like Gecko) Chrome/56.0.2924.87 Safari/537.36"
212.108.43.59 - - [14/Mar/2017:14:59:31 +0100] "GET /activities/framework/KoolControls/KoolTreeView/icons/Folder.gif HTTP/1.1" 200 267 "http://ed.activities.at/entry.php?id=11694&" "Mozilla/5.0 (Windows NT 10.0; Win64; x64) AppleWebKit/537.36 (KHTML, like Gecko) Chrome/56.0.2924.87 Safari/537.36"
212.108.43.59 - - [14/Mar/2017:14:59:31 +0100] "GET /activities/framework/KoolControls/KoolAjax/koolajax.php?8436e354c842500aba3cbaf0584c0c24 HTTP/1.1" 200 4079 "http://ed.activities.at/entry.php?id=11694&" "Mozilla/5.0 (Windows NT 10.0; Win64; x64) AppleWebKit/537.36 (KHTML, like Gecko) Chrome/56.0.2924.87 Safari/537.36"
212.108.43.59 - - [14/Mar/2017:14:59:31 +0100] "GET /gui/javascript/form_form.js?1489499971 HTTP/1.1" 200 16206 "http://ed.activities.at/entry.php?id=11694&" "Mozilla/5.0 (Windows NT 10.0; Win64; x64) AppleWebKit/537.36 (KHTML, like Gecko) Chrome/56.0.2924.87 Safari/537.36"
212.108.43.59 - - [14/Mar/2017:14:59:31 +0100] "GET /activities/framework/KoolControls/KoolTreeView/icons/square_blueS.gif HTTP/1.1" 200 540 "http://ed.activities.at/entry.php?id=11694&" "Mozilla/5.0 (Windows NT 10.0; Win64; x64) AppleWebKit/537.36 (KHTML, like Gecko) Chrome/56.0.2924.87 Safari/537.36"
212.108.43.59 - - [14/Mar/2017:14:59:31 +0100] "GET /entry.php?id=10676&&title=F%FChrerscheinkurse HTTP/1.1" 200 1395 "http://ed.activities.at/entry.php?id=11673" "Mozilla/5.0 (Windows NT 10.0; Win64; x64) AppleWebKit/537.36 (KHTML, like Gecko) Chrome/56.0.2924.87 Safari/537.36"
212.108.43.59 - - [14/Mar/2017:14:59:31 +0100] "GET /activities/framework/KoolControls/KoolTreeView/kooltreeview.php?c7cd9180e88ffef8e70f13526bb4f5f7 HTTP/1.1" 200 5055 "http://ed.activities.at/entry.php?id=11694&" "Mozilla/5.0 (Windows NT 10.0; Win64; x64) AppleWebKit/537.36 (KHTML, like Gecko) Chrome/56.0.2924.87 Safari/537.36"
212.108.43.59 - - [14/Mar/2017:14:59:31 +0100] "GET /entry.php?id=11672& HTTP/1.1" 200 2690 "http://ed.activities.at/entry.php?id=11673" "Mozilla/5.0 (Windows NT 10.0; Win64; x64) AppleWebKit/537.36 (KHTML, like Gecko) Chrome/56.0.2924.87 Safari/537.36"
212.108.43.59 - - [14/Mar/2017:14:59:31 +0100] "GET /entry.php?id=11671& HTTP/1.1" 200 4511 "http://ed.activities.at/entry.php?id=11673" "Mozilla/5.0 (Windows NT 10.0; Win64; x64) AppleWebKit/537.36 (KHTML, like Gecko) Chrome/56.0.2924.87 Safari/537.36"
212.108.43.59 - - [14/Mar/2017:14:59:32 +0100] "GET /gui/javascript/form_form.js?1489499972 HTTP/1.1" 200 16206 "http://ed.activities.at/entry.php?id=11671&" "Mozilla/5.0 (Windows NT 10.0; Win64; x64) AppleWebKit/537.36 (KHTML, like Gecko) Chrome/56.0.2924.87 Safari/537.36"
212.108.43.59 - - [14/Mar/2017:14:59:31 +0100] "GET /entry.php?id=10776&form=11497&name=list& HTTP/1.1" 200 1940 "http://ed.activities.at/entry.php?id=11672&" "Mozilla/5.0 (Windows NT 10.0; Win64; x64) AppleWebKit/537.36 (KHTML, like Gecko) Chrome/56.0.2924.87 Safari/537.36"
212.108.43.59 - - [14/Mar/2017:14:59:32 +0100] "GET /entry.php?id=10776&form=11496&name=list& HTTP/1.1" 200 1526 "http://ed.activities.at/entry.php?id=11671&" "Mozilla/5.0 (Windows NT 10.0; Win64; x64) AppleWebKit/537.36 (KHTML, like Gecko) Chrome/56.0.2924.87 Safari/537.36"
212.108.43.59 - - [14/Mar/2017:14:59:32 +0100] "GET /entry.php?id=10778&form=11496&name=list& HTTP/1.1" 200 2493 "http://ed.activities.at/entry.php?id=11671&" "Mozilla/5.0 (Windows NT 10.0; Win64; x64) AppleWebKit/537.36 (KHTML, like Gecko) Chrome/56.0.2924.87 Safari/537.36"
212.108.43.59 - - [14/Mar/2017:14:59:31 +0100] "GET /entry.php?id=10778&form=11497&name=list& HTTP/1.1" 200 2836 "http://ed.activities.at/entry.php?id=11672&" "Mozilla/5.0 (Windows NT 10.0; Win64; x64) AppleWebKit/537.36 (KHTML, like Gecko) Chrome/56.0.2924.87 Safari/537.36"
212.108.43.59 - - [14/Mar/2017:14:59:33 +0100] "GET /gui/images/icons/website.gif HTTP/1.1" 200 1049 "http://ed.activities.at/entry.php?id=10776&form=11496&name=list&" "Mozilla/5.0 (Windows NT 10.0; Win64; x64) AppleWebKit/537.36 (KHTML, like Gecko) Chrome/56.0.2924.87 Safari/537.36"
90.152.128.107 - - [14/Mar/2017:14:59:35 +0100] "POST /entry.php?id=11672 HTTP/1.1" 200 2704 "http://ed.activities.at/entry.php?id=11672&" "Mozilla/5.0 (Windows NT 10.0; WOW64; rv:51.0) Gecko/20100101 Firefox/51.0"
212.108.43.59 - - [14/Mar/2017:14:59:35 +0100] "POST /entry.php?id=11672 HTTP/1.1" 200 2703 "http://ed.activities.at/entry.php?id=11672&" "Mozilla/5.0 (Windows NT 10.0; Win64; x64) AppleWebKit/537.36 (KHTML, like Gecko) Chrome/56.0.2924.87 Safari/537.36"
90.152.128.107 - - [14/Mar/2017:14:59:35 +0100] "GET /gui/javascript/form_form.js?1489499975 HTTP/1.1" 200 16206 "http://ed.activities.at/entry.php?id=11672" "Mozilla/5.0 (Windows NT 10.0; WOW64; rv:51.0) Gecko/20100101 Firefox/51.0"
212.108.43.59 - - [14/Mar/2017:14:59:35 +0100] "GET /gui/javascript/form_form.js?1489499975 HTTP/1.1" 200 16206 "http://ed.activities.at/entry.php?id=11672" "Mozilla/5.0 (Windows NT 10.0; Win64; x64) AppleWebKit/537.36 (KHTML, like Gecko) Chrome/56.0.2924.87 Safari/537.36"
212.108.43.59 - - [14/Mar/2017:14:59:35 +0100] "GET /entry.php?id=10778&form=11497&name=list& HTTP/1.1" 200 2835 "http://ed.activities.at/entry.php?id=11672" "Mozilla/5.0 (Windows NT 10.0; Win64; x64) AppleWebKit/537.36 (KHTML, like Gecko) Chrome/56.0.2924.87 Safari/537.36"
212.108.43.59 - - [14/Mar/2017:14:59:35 +0100] "GET /entry.php?id=10776&form=11497&name=list& HTTP/1.1" 200 1940 "http://ed.activities.at/entry.php?id=11672" "Mozilla/5.0 (Windows NT 10.0; Win64; x64) AppleWebKit/537.36 (KHTML, like Gecko) Chrome/56.0.2924.87 Safari/537.36"
90.152.128.107 - - [14/Mar/2017:14:59:36 +0100] "GET /entry.php?id=10778&form=11497&name=list& HTTP/1.1" 200 3477 "http://ed.activities.at/entry.php?id=11672" "Mozilla/5.0 (Windows NT 10.0; WOW64; rv:51.0) Gecko/20100101 Firefox/51.0"
90.152.128.107 - - [14/Mar/2017:14:59:36 +0100] "GET /entry.php?id=10776&form=11497&name=list& HTTP/1.1" 200 2012 "http://ed.activities.at/entry.php?id=11672" "Mozilla/5.0 (Windows NT 10.0; WOW64; rv:51.0) Gecko/20100101 Firefox/51.0"
212.108.43.59 - - [14/Mar/2017:14:59:39 +0100] "GET /entry.php?id=10287&login=1 HTTP/1.1" 200 2980 "http://ed.activities.at/entry.php?id=10273" "Mozilla/5.0 (Windows NT 10.0; Win64; x64) AppleWebKit/537.36 (KHTML, like Gecko) Chrome/56.0.2924.87 Safari/537.36"
212.108.43.59 - - [14/Mar/2017:14:59:39 +0100] "GET /gui/javascript/form_form.js?1489499979 HTTP/1.1" 200 16206 "http://ed.activities.at/entry.php?id=10287&login=1" "Mozilla/5.0 (Windows NT 10.0; Win64; x64) AppleWebKit/537.36 (KHTML, like Gecko) Chrome/56.0.2924.87 Safari/537.36"
90.152.128.107 - - [14/Mar/2017:14:59:43 +0100] "GET /framework/icons/rowselect.gif HTTP/1.1" 304 - "http://ed.activities.at/entry.php?id=10778&form=11497&name=list&" "Mozilla/5.0 (Windows NT 10.0; WOW64; rv:51.0) Gecko/20100101 Firefox/51.0"
212.108.43.59 - - [14/Mar/2017:14:59:44 +0100] "POST /entry.php?id=10287& HTTP/1.1" 200 3051 "http://ed.activities.at/entry.php?id=10287&login=1" "Mozilla/5.0 (Windows NT 10.0; Win64; x64) AppleWebKit/537.36 (KHTML, like Gecko) Chrome/56.0.2924.87 Safari/537.36"
90.152.128.107 - - [14/Mar/2017:14:59:43 +0100] "POST /entry.php?id=11671 HTTP/1.1" 200 4806 "http://ed.activities.at/entry.php?id=11671&" "Mozilla/5.0 (Windows NT 10.0; WOW64; rv:51.0) Gecko/20100101 Firefox/51.0"
212.108.43.59 - - [14/Mar/2017:14:59:44 +0100] "GET /gui/javascript/form_form.js?1489499984 HTTP/1.1" 200 16206 "http://ed.activities.at/entry.php?id=10287&" "Mozilla/5.0 (Windows NT 10.0; Win64; x64) AppleWebKit/537.36 (KHTML, like Gecko) Chrome/56.0.2924.87 Safari/537.36"
90.152.128.107 - - [14/Mar/2017:14:59:44 +0100] "GET /gui/javascript/form_form.js?1489499984 HTTP/1.1" 200 16206 "http://ed.activities.at/entry.php?id=11671" "Mozilla/5.0 (Windows NT 10.0; WOW64; rv:51.0) Gecko/20100101 Firefox/51.0"
90.152.128.107 - - [14/Mar/2017:14:59:44 +0100] "GET /gui/images/icons/wizard.png HTTP/1.1" 304 - "http://ed.activities.at/entry.php?id=11671" "Mozilla/5.0 (Windows NT 10.0; WOW64; rv:51.0) Gecko/20100101 Firefox/51.0"
212.108.43.59 - - [14/Mar/2017:14:59:44 +0100] "GET /entry.php?id=10271&&ser=499900 HTTP/1.1" 200 987 "http://ed.activities.at/entry.php?id=10271&&ser=499900" "Mozilla/5.0 (Windows NT 10.0; Win64; x64) AppleWebKit/537.36 (KHTML, like Gecko) Chrome/56.0.2924.87 Safari/537.36"
212.108.43.59 - - [14/Mar/2017:14:59:44 +0100] "GET /gui/javascript/jquery/css/gui-themes/custom.min.css HTTP/1.1" 304 - "http://ed.activities.at/entry.php?id=10271&&ser=499900" "Mozilla/5.0 (Windows NT 10.0; Win64; x64) AppleWebKit/537.36 (KHTML, like Gecko) Chrome/56.0.2924.87 Safari/537.36"
212.108.43.59 - - [14/Mar/2017:14:59:44 +0100] "GET /gui/javascript/jquery/css/gui-themes/ui.spinner.css HTTP/1.1" 304 - "http://ed.activities.at/entry.php?id=10271&&ser=499900" "Mozilla/5.0 (Windows NT 10.0; Win64; x64) AppleWebKit/537.36 (KHTML, like Gecko) Chrome/56.0.2924.87 Safari/537.36"
212.108.43.59 - - [14/Mar/2017:14:59:44 +0100] "GET /gui/javascript/jquery/css/gui-themes/jquery.tooltip.css HTTP/1.1" 304 - "http://ed.activities.at/entry.php?id=10271&&ser=499900" "Mozilla/5.0 (Windows NT 10.0; Win64; x64) AppleWebKit/537.36 (KHTML, like Gecko) Chrome/56.0.2924.87 Safari/537.36"
212.108.43.59 - - [14/Mar/2017:14:59:44 +0100] "GET /gui/styles/tmplDefault.css HTTP/1.1" 304 - "http://ed.activities.at/entry.php?id=10271&&ser=499900" "Mozilla/5.0 (Windows NT 10.0; Win64; x64) AppleWebKit/537.36 (KHTML, like Gecko) Chrome/56.0.2924.87 Safari/537.36"
212.108.43.59 - - [14/Mar/2017:14:59:44 +0100] "GET /gui/javascript/form_form.js?1489499984 HTTP/1.1" 304 - "http://ed.activities.at/entry.php?id=10271&&ser=499900" "Mozilla/5.0 (Windows NT 10.0; Win64; x64) AppleWebKit/537.36 (KHTML, like Gecko) Chrome/56.0.2924.87 Safari/537.36"
212.108.43.59 - - [14/Mar/2017:14:59:44 +0100] "GET /gui/javascript/jquery/js/jquery-1.8.2.js HTTP/1.1" 304 - "http://ed.activities.at/entry.php?id=10271&&ser=499900" "Mozilla/5.0 (Windows NT 10.0; Win64; x64) AppleWebKit/537.36 (KHTML, like Gecko) Chrome/56.0.2924.87 Safari/537.36"
212.108.43.59 - - [14/Mar/2017:14:59:44 +0100] "GET /gui/javascript/jquery/js/jquery-ui-1.9.0.custom.min.js HTTP/1.1" 304 - "http://ed.activities.at/entry.php?id=10271&&ser=499900" "Mozilla/5.0 (Windows NT 10.0; Win64; x64) AppleWebKit/537.36 (KHTML, like Gecko) Chrome/56.0.2924.87 Safari/537.36"
212.108.43.59 - - [14/Mar/2017:14:59:44 +0100] "GET /gui/javascript/jquery/jquery-tooltip/jquery.tooltip.min.js HTTP/1.1" 304 - "http://ed.activities.at/entry.php?id=10271&&ser=499900" "Mozilla/5.0 (Windows NT 10.0; Win64; x64) AppleWebKit/537.36 (KHTML, like Gecko) Chrome/56.0.2924.87 Safari/537.36"
90.152.128.107 - - [14/Mar/2017:14:59:45 +0100] "GET /entry.php?id=10776&form=11496&name=list& HTTP/1.1" 200 1614 "http://ed.activities.at/entry.php?id=11671" "Mozilla/5.0 (Windows NT 10.0; WOW64; rv:51.0) Gecko/20100101 Firefox/51.0"
90.152.128.107 - - [14/Mar/2017:14:59:45 +0100] "GET /entry.php?id=10778&form=11496&name=list& HTTP/1.1" 200 5752 "http://ed.activities.at/entry.php?id=11671" "Mozilla/5.0 (Windows NT 10.0; WOW64; rv:51.0) Gecko/20100101 Firefox/51.0"
90.152.128.107 - - [14/Mar/2017:14:59:45 +0100] "GET /gui/images/icons/calendar.png HTTP/1.1" 304 - "http://ed.activities.at/entry.php?id=11671" "Mozilla/5.0 (Windows NT 10.0; WOW64; rv:51.0) Gecko/20100101 Firefox/51.0"
212.108.43.59 - - [14/Mar/2017:14:59:46 +0100] "GET /entry.php?id=11673 HTTP/1.1" 200 358 "http://ed.activities.at/entry.php?id=10270&__app__=10006038" "Mozilla/5.0 (Windows NT 10.0; Win64; x64) AppleWebKit/537.36 (KHTML, like Gecko) Chrome/56.0.2924.87 Safari/537.36"
212.108.43.59 - - [14/Mar/2017:14:59:46 +0100] "GET /entry.php?id=10676&&title=F%FChrerscheinkurse HTTP/1.1" 200 1395 "http://ed.activities.at/entry.php?id=11673" "Mozilla/5.0 (Windows NT 10.0; Win64; x64) AppleWebKit/537.36 (KHTML, like Gecko) Chrome/56.0.2924.87 Safari/537.36"
212.108.43.59 - - [14/Mar/2017:14:59:46 +0100] "GET /gui/javascript/form_form.js?1489499986 HTTP/1.1" 200 16206 "http://ed.activities.at/entry.php?id=10676&&title=F%FChrerscheinkurse" "Mozilla/5.0 (Windows NT 10.0; Win64; x64) AppleWebKit/537.36 (KHTML, like Gecko) Chrome/56.0.2924.87 Safari/537.36"
212.108.43.59 - - [14/Mar/2017:14:59:46 +0100] "GET /entry.php?id=11694& HTTP/1.1" 200 3482 "http://ed.activities.at/entry.php?id=11673" "Mozilla/5.0 (Windows NT 10.0; Win64; x64) AppleWebKit/537.36 (KHTML, like Gecko) Chrome/56.0.2924.87 Safari/537.36"
212.108.43.59 - - [14/Mar/2017:14:59:47 +0100] "GET /activities/framework/KoolControls/KoolAjax/koolajax.php?8436e354c842500aba3cbaf0584c0c24 HTTP/1.1" 200 4079 "http://ed.activities.at/entry.php?id=11694&" "Mozilla/5.0 (Windows NT 10.0; Win64; x64) AppleWebKit/537.36 (KHTML, like Gecko) Chrome/56.0.2924.87 Safari/537.36"
212.108.43.59 - - [14/Mar/2017:14:59:47 +0100] "GET /gui/javascript/form_form.js?1489499987 HTTP/1.1" 200 16206 "http://ed.activities.at/entry.php?id=11694&" "Mozilla/5.0 (Windows NT 10.0; Win64; x64) AppleWebKit/537.36 (KHTML, like Gecko) Chrome/56.0.2924.87 Safari/537.36"
212.108.43.59 - - [14/Mar/2017:14:59:47 +0100] "GET /activities/framework/KoolControls/KoolTreeView/kooltreeview.php?c7cd9180e88ffef8e70f13526bb4f5f7 HTTP/1.1" 200 5055 "http://ed.activities.at/entry.php?id=11694&" "Mozilla/5.0 (Windows NT 10.0; Win64; x64) AppleWebKit/537.36 (KHTML, like Gecko) Chrome/56.0.2924.87 Safari/537.36"
212.108.43.59 - - [14/Mar/2017:14:59:46 +0100] "GET /entry.php?id=11671& HTTP/1.1" 200 4542 "http://ed.activities.at/entry.php?id=11673" "Mozilla/5.0 (Windows NT 10.0; Win64; x64) AppleWebKit/537.36 (KHTML, like Gecko) Chrome/56.0.2924.87 Safari/537.36"
212.108.43.59 - - [14/Mar/2017:14:59:48 +0100] "GET /gui/javascript/form_form.js?1489499988 HTTP/1.1" 200 16206 "http://ed.activities.at/entry.php?id=11671&" "Mozilla/5.0 (Windows NT 10.0; Win64; x64) AppleWebKit/537.36 (KHTML, like Gecko) Chrome/56.0.2924.87 Safari/537.36"
212.108.43.59 - - [14/Mar/2017:14:59:46 +0100] "GET /entry.php?id=11672& HTTP/1.1" 200 2735 "http://ed.activities.at/entry.php?id=11673" "Mozilla/5.0 (Windows NT 10.0; Win64; x64) AppleWebKit/537.36 (KHTML, like Gecko) Chrome/56.0.2924.87 Safari/537.36"
212.108.43.59 - - [14/Mar/2017:14:59:49 +0100] "GET /gui/javascript/form_form.js?1489499989 HTTP/1.1" 200 16206 "http://ed.activities.at/entry.php?id=11672&" "Mozilla/5.0 (Windows NT 10.0; Win64; x64) AppleWebKit/537.36 (KHTML, like Gecko) Chrome/56.0.2924.87 Safari/537.36"
212.108.43.59 - - [14/Mar/2017:14:59:48 +0100] "GET /entry.php?id=10776&form=11496&name=list& HTTP/1.1" 200 1526 "http://ed.activities.at/entry.php?id=11671&" "Mozilla/5.0 (Windows NT 10.0; Win64; x64) AppleWebKit/537.36 (KHTML, like Gecko) Chrome/56.0.2924.87 Safari/537.36"
212.108.43.59 - - [14/Mar/2017:14:59:48 +0100] "GET /entry.php?id=10778&form=11496&name=list& HTTP/1.1" 200 2493 "http://ed.activities.at/entry.php?id=11671&" "Mozilla/5.0 (Windows NT 10.0; Win64; x64) AppleWebKit/537.36 (KHTML, like Gecko) Chrome/56.0.2924.87 Safari/537.36"
212.108.43.59 - - [14/Mar/2017:14:59:49 +0100] "GET /entry.php?id=10778&form=11497&name=list& HTTP/1.1" 200 17020 "http://ed.activities.at/entry.php?id=11672&" "Mozilla/5.0 (Windows NT 10.0; Win64; x64) AppleWebKit/537.36 (KHTML, like Gecko) Chrome/56.0.2924.87 Safari/537.36"
212.108.43.59 - - [14/Mar/2017:14:59:49 +0100] "GET /entry.php?id=10776&form=11497&name=list& HTTP/1.1" 200 1943 "http://ed.activities.at/entry.php?id=11672&" "Mozilla/5.0 (Windows NT 10.0; Win64; x64) AppleWebKit/537.36 (KHTML, like Gecko) Chrome/56.0.2924.87 Safari/537.36"
212.108.43.59 - - [14/Mar/2017:14:59:49 +0100] "GET /entry.php?id=10777&form=11497&name=list& HTTP/1.1" 200 1340 "http://ed.activities.at/entry.php?id=11672&" "Mozilla/5.0 (Windows NT 10.0; Win64; x64) AppleWebKit/537.36 (KHTML, like Gecko) Chrome/56.0.2924.87 Safari/537.36"
212.108.43.59 - - [14/Mar/2017:14:59:50 +0100] "GET /gui/images/icons/paging_firstpage_disabled.gif HTTP/1.1" 200 79 "http://ed.activities.at/entry.php?id=10777&form=11497&name=list&" "Mozilla/5.0 (Windows NT 10.0; Win64; x64) AppleWebKit/537.36 (KHTML, like Gecko) Chrome/56.0.2924.87 Safari/537.36"
212.108.43.59 - - [14/Mar/2017:14:59:50 +0100] "GET /gui/images/icons/paging_preview_disabled.gif HTTP/1.1" 200 75 "http://ed.activities.at/entry.php?id=10777&form=11497&name=list&" "Mozilla/5.0 (Windows NT 10.0; Win64; x64) AppleWebKit/537.36 (KHTML, like Gecko) Chrome/56.0.2924.87 Safari/537.36"
212.108.43.59 - - [14/Mar/2017:14:59:50 +0100] "GET /gui/images/icons/paging_next.gif HTTP/1.1" 200 74 "http://ed.activities.at/entry.php?id=10777&form=11497&name=list&" "Mozilla/5.0 (Windows NT 10.0; Win64; x64) AppleWebKit/537.36 (KHTML, like Gecko) Chrome/56.0.2924.87 Safari/537.36"
212.108.43.59 - - [14/Mar/2017:14:59:50 +0100] "GET /gui/images/icons/paging_lastpage.gif HTTP/1.1" 200 78 "http://ed.activities.at/entry.php?id=10777&form=11497&name=list&" "Mozilla/5.0 (Windows NT 10.0; Win64; x64) AppleWebKit/537.36 (KHTML, like Gecko) Chrome/56.0.2924.87 Safari/537.36"
90.152.128.107 - - [14/Mar/2017:14:59:49 +0100] "POST /entry.php?id=11671 HTTP/1.1" 200 3263 "http://ed.activities.at/entry.php?id=11671" "Mozilla/5.0 (Windows NT 10.0; WOW64; rv:51.0) Gecko/20100101 Firefox/51.0"
90.152.128.107 - - [14/Mar/2017:14:59:50 +0100] "GET /gui/javascript/form_form.js?1489499990 HTTP/1.1" 200 16206 "http://ed.activities.at/entry.php?id=11671" "Mozilla/5.0 (Windows NT 10.0; WOW64; rv:51.0) Gecko/20100101 Firefox/51.0"
90.152.128.107 - - [14/Mar/2017:14:59:50 +0100] "GET /framework/webfx/javascript/tinymce/tinymce.min.js HTTP/1.1" 304 - "http://ed.activities.at/entry.php?id=11671" "Mozilla/5.0 (Windows NT 10.0; WOW64; rv:51.0) Gecko/20100101 Firefox/51.0"
90.152.128.107 - - [14/Mar/2017:14:59:50 +0100] "GET /framework/webfx/javascript/tinymce/tinyEdit.js HTTP/1.1" 304 - "http://ed.activities.at/entry.php?id=11671" "Mozilla/5.0 (Windows NT 10.0; WOW64; rv:51.0) Gecko/20100101 Firefox/51.0"
90.152.128.107 - - [14/Mar/2017:14:59:51 +0100] "GET /framework/webfx/javascript/tinymce/langs/de.js HTTP/1.1" 304 - "http://ed.activities.at/entry.php?id=11671" "Mozilla/5.0 (Windows NT 10.0; WOW64; rv:51.0) Gecko/20100101 Firefox/51.0"
90.152.128.107 - - [14/Mar/2017:14:59:51 +0100] "GET /framework/webfx/javascript/tinymce/themes/modern/theme.min.js HTTP/1.1" 304 - "http://ed.activities.at/entry.php?id=11671" "Mozilla/5.0 (Windows NT 10.0; WOW64; rv:51.0) Gecko/20100101 Firefox/51.0"
90.152.128.107 - - [14/Mar/2017:14:59:51 +0100] "GET /framework/webfx/javascript/tinymce/plugins/advlist/plugin.min.js HTTP/1.1" 304 - "http://ed.activities.at/entry.php?id=11671" "Mozilla/5.0 (Windows NT 10.0; WOW64; rv:51.0) Gecko/20100101 Firefox/51.0"
90.152.128.107 - - [14/Mar/2017:14:59:51 +0100] "GET /framework/webfx/javascript/tinymce/plugins/lists/plugin.min.js HTTP/1.1" 304 - "http://ed.activities.at/entry.php?id=11671" "Mozilla/5.0 (Windows NT 10.0; WOW64; rv:51.0) Gecko/20100101 Firefox/51.0"
90.152.128.107 - - [14/Mar/2017:14:59:51 +0100] "GET /framework/webfx/javascript/tinymce/plugins/preview/plugin.min.js HTTP/1.1" 304 - "http://ed.activities.at/entry.php?id=11671" "Mozilla/5.0 (Windows NT 10.0; WOW64; rv:51.0) Gecko/20100101 Firefox/51.0"
90.152.128.107 - - [14/Mar/2017:14:59:51 +0100] "GET /framework/webfx/javascript/tinymce/plugins/hr/plugin.min.js HTTP/1.1" 304 - "http://ed.activities.at/entry.php?id=11671" "Mozilla/5.0 (Windows NT 10.0; WOW64; rv:51.0) Gecko/20100101 Firefox/51.0"
90.152.128.107 - - [14/Mar/2017:14:59:51 +0100] "GET /framework/webfx/javascript/tinymce/plugins/anchor/plugin.min.js HTTP/1.1" 304 - "http://ed.activities.at/entry.php?id=11671" "Mozilla/5.0 (Windows NT 10.0; WOW64; rv:51.0) Gecko/20100101 Firefox/51.0"
90.152.128.107 - - [14/Mar/2017:14:59:51 +0100] "GET /framework/webfx/javascript/tinymce/plugins/pagebreak/plugin.min.js HTTP/1.1" 304 - "http://ed.activities.at/entry.php?id=11671" "Mozilla/5.0 (Windows NT 10.0; WOW64; rv:51.0) Gecko/20100101 Firefox/51.0"
90.152.128.107 - - [14/Mar/2017:14:59:51 +0100] "GET /framework/webfx/javascript/tinymce/plugins/searchreplace/plugin.min.js HTTP/1.1" 304 - "http://ed.activities.at/entry.php?id=11671" "Mozilla/5.0 (Windows NT 10.0; WOW64; rv:51.0) Gecko/20100101 Firefox/51.0"
90.152.128.107 - - [14/Mar/2017:14:59:51 +0100] "GET /framework/webfx/javascript/tinymce/plugins/wordcount/plugin.min.js HTTP/1.1" 304 - "http://ed.activities.at/entry.php?id=11671" "Mozilla/5.0 (Windows NT 10.0; WOW64; rv:51.0) Gecko/20100101 Firefox/51.0"
90.152.128.107 - - [14/Mar/2017:14:59:51 +0100] "GET /framework/webfx/javascript/tinymce/plugins/visualblocks/plugin.min.js HTTP/1.1" 304 - "http://ed.activities.at/entry.php?id=11671" "Mozilla/5.0 (Windows NT 10.0; WOW64; rv:51.0) Gecko/20100101 Firefox/51.0"
90.152.128.107 - - [14/Mar/2017:14:59:52 +0100] "GET /framework/webfx/javascript/tinymce/plugins/visualchars/plugin.min.js HTTP/1.1" 304 - "http://ed.activities.at/entry.php?id=11671" "Mozilla/5.0 (Windows NT 10.0; WOW64; rv:51.0) Gecko/20100101 Firefox/51.0"
90.152.128.107 - - [14/Mar/2017:14:59:52 +0100] "GET /framework/webfx/javascript/tinymce/plugins/code/plugin.min.js HTTP/1.1" 304 - "http://ed.activities.at/entry.php?id=11671" "Mozilla/5.0 (Windows NT 10.0; WOW64; rv:51.0) Gecko/20100101 Firefox/51.0"
90.152.128.107 - - [14/Mar/2017:14:59:52 +0100] "GET /framework/webfx/javascript/tinymce/plugins/nonbreaking/plugin.min.js HTTP/1.1" 304 - "http://ed.activities.at/entry.php?id=11671" "Mozilla/5.0 (Windows NT 10.0; WOW64; rv:51.0) Gecko/20100101 Firefox/51.0"
90.152.128.107 - - [14/Mar/2017:14:59:52 +0100] "GET /framework/webfx/javascript/tinymce/plugins/template/plugin.min.js HTTP/1.1" 304 - "http://ed.activities.at/entry.php?id=11671" "Mozilla/5.0 (Windows NT 10.0; WOW64; rv:51.0) Gecko/20100101 Firefox/51.0"
90.152.128.107 - - [14/Mar/2017:14:59:52 +0100] "GET /framework/webfx/javascript/tinymce/plugins/textcolor/plugin.min.js HTTP/1.1" 304 - "http://ed.activities.at/entry.php?id=11671" "Mozilla/5.0 (Windows NT 10.0; WOW64; rv:51.0) Gecko/20100101 Firefox/51.0"
90.152.128.107 - - [14/Mar/2017:14:59:52 +0100] "GET /framework/webfx/javascript/tinymce/plugins/paste/plugin.min.js HTTP/1.1" 304 - "http://ed.activities.at/entry.php?id=11671" "Mozilla/5.0 (Windows NT 10.0; WOW64; rv:51.0) Gecko/20100101 Firefox/51.0"
90.152.128.107 - - [14/Mar/2017:14:59:52 +0100] "GET /framework/webfx/javascript/tinymce/plugins/colorpicker/plugin.min.js HTTP/1.1" 304 - "http://ed.activities.at/entry.php?id=11671" "Mozilla/5.0 (Windows NT 10.0; WOW64; rv:51.0) Gecko/20100101 Firefox/51.0"
90.152.128.107 - - [14/Mar/2017:14:59:52 +0100] "GET /framework/webfx/javascript/tinymce/skins/lightgray/skin.min.css HTTP/1.1" 304 - "http://ed.activities.at/entry.php?id=11671" "Mozilla/5.0 (Windows NT 10.0; WOW64; rv:51.0) Gecko/20100101 Firefox/51.0"
90.152.128.107 - - [14/Mar/2017:14:59:52 +0100] "GET /framework/webfx/javascript/tinymce/skins/lightgray/content.min.css HTTP/1.1" 404 327 "http://ed.activities.at/entry.php?id=11671" "Mozilla/5.0 (Windows NT 10.0; WOW64; rv:51.0) Gecko/20100101 Firefox/51.0"
