212.108.43.59 - - [24/Mar/2017:16:40:54 +0100] "GET /entry.php?id=10271&&ser=369990 HTTP/1.1" 200 986 "http://ed.activities.at/entry.php?id=10271&&ser=369990" "Mozilla/5.0 (Windows NT 10.0; Win64; x64) AppleWebKit/537.36 (KHTML, like Gecko) Chrome/56.0.2924.87 Safari/537.36"
212.108.43.59 - - [24/Mar/2017:16:40:54 +0100] "GET /gui/javascript/jquery/css/gui-themes/custom.min.css HTTP/1.1" 304 - "http://ed.activities.at/entry.php?id=10271&&ser=369990" "Mozilla/5.0 (Windows NT 10.0; Win64; x64) AppleWebKit/537.36 (KHTML, like Gecko) Chrome/56.0.2924.87 Safari/537.36"
212.108.43.59 - - [24/Mar/2017:16:40:54 +0100] "GET /gui/javascript/jquery/css/gui-themes/ui.spinner.css HTTP/1.1" 304 - "http://ed.activities.at/entry.php?id=10271&&ser=369990" "Mozilla/5.0 (Windows NT 10.0; Win64; x64) AppleWebKit/537.36 (KHTML, like Gecko) Chrome/56.0.2924.87 Safari/537.36"
212.108.43.59 - - [24/Mar/2017:16:40:54 +0100] "GET /gui/javascript/jquery/css/gui-themes/jquery.tooltip.css HTTP/1.1" 304 - "http://ed.activities.at/entry.php?id=10271&&ser=369990" "Mozilla/5.0 (Windows NT 10.0; Win64; x64) AppleWebKit/537.36 (KHTML, like Gecko) Chrome/56.0.2924.87 Safari/537.36"
212.108.43.59 - - [24/Mar/2017:16:40:54 +0100] "GET /gui/styles/tmplDefault.css HTTP/1.1" 304 - "http://ed.activities.at/entry.php?id=10271&&ser=369990" "Mozilla/5.0 (Windows NT 10.0; Win64; x64) AppleWebKit/537.36 (KHTML, like Gecko) Chrome/56.0.2924.87 Safari/537.36"
212.108.43.59 - - [24/Mar/2017:16:40:54 +0100] "GET /gui/javascript/jquery/js/jquery-1.8.2.js HTTP/1.1" 304 - "http://ed.activities.at/entry.php?id=10271&&ser=369990" "Mozilla/5.0 (Windows NT 10.0; Win64; x64) AppleWebKit/537.36 (KHTML, like Gecko) Chrome/56.0.2924.87 Safari/537.36"
212.108.43.59 - - [24/Mar/2017:16:40:54 +0100] "GET /gui/javascript/jquery/js/jquery-ui-1.9.0.custom.min.js HTTP/1.1" 304 - "http://ed.activities.at/entry.php?id=10271&&ser=369990" "Mozilla/5.0 (Windows NT 10.0; Win64; x64) AppleWebKit/537.36 (KHTML, like Gecko) Chrome/56.0.2924.87 Safari/537.36"
212.108.43.59 - - [24/Mar/2017:16:40:54 +0100] "GET /gui/javascript/jquery/jquery-tooltip/jquery.tooltip.min.js HTTP/1.1" 304 - "http://ed.activities.at/entry.php?id=10271&&ser=369990" "Mozilla/5.0 (Windows NT 10.0; Win64; x64) AppleWebKit/537.36 (KHTML, like Gecko) Chrome/56.0.2924.87 Safari/537.36"
212.108.43.59 - - [24/Mar/2017:16:40:54 +0100] "GET /gui/javascript/form_form.js?1490370054 HTTP/1.1" 200 16206 "http://ed.activities.at/entry.php?id=10271&&ser=369990" "Mozilla/5.0 (Windows NT 10.0; Win64; x64) AppleWebKit/537.36 (KHTML, like Gecko) Chrome/56.0.2924.87 Safari/537.36"
212.108.43.59 - - [24/Mar/2017:16:40:54 +0100] "GET /entry.php?id=10273& HTTP/1.1" 200 2029 "http://ed.activities.at/entry.php?id=10287&" "Mozilla/5.0 (Windows NT 10.0; Win64; x64) AppleWebKit/537.36 (KHTML, like Gecko) Chrome/56.0.2924.87 Safari/537.36"
212.108.43.59 - - [24/Mar/2017:16:40:54 +0100] "GET /framework/webfx/style/toolbar/images/cbback.gif HTTP/1.1" 404 314 "http://ed.activities.at/framework/webfx/style/toolbar/cb2.css" "Mozilla/5.0 (Windows NT 10.0; Win64; x64) AppleWebKit/537.36 (KHTML, like Gecko) Chrome/56.0.2924.87 Safari/537.36"
212.108.43.59 - - [24/Mar/2017:16:40:54 +0100] "GET /entry.php?id=10270&__app__=10006038 HTTP/1.1" 200 1698 "http://ed.activities.at/entry.php?id=10273&" "Mozilla/5.0 (Windows NT 10.0; Win64; x64) AppleWebKit/537.36 (KHTML, like Gecko) Chrome/56.0.2924.87 Safari/537.36"
212.108.43.59 - - [24/Mar/2017:16:40:55 +0100] "GET /gui/javascript/form_form.js?1490370055 HTTP/1.1" 200 16206 "http://ed.activities.at/entry.php?id=10270&__app__=10006038" "Mozilla/5.0 (Windows NT 10.0; Win64; x64) AppleWebKit/537.36 (KHTML, like Gecko) Chrome/56.0.2924.87 Safari/537.36"
212.108.43.59 - - [24/Mar/2017:16:40:55 +0100] "GET /undefined HTTP/1.1" 404 285 "http://ed.activities.at/entry.php?id=10270&__app__=10006038" "Mozilla/5.0 (Windows NT 10.0; Win64; x64) AppleWebKit/537.36 (KHTML, like Gecko) Chrome/56.0.2924.87 Safari/537.36"
212.108.43.59 - - [24/Mar/2017:16:40:56 +0100] "GET /entry.php?id=11681 HTTP/1.1" 200 328 "http://ed.activities.at/entry.php?id=10270&__app__=10006038" "Mozilla/5.0 (Windows NT 10.0; Win64; x64) AppleWebKit/537.36 (KHTML, like Gecko) Chrome/56.0.2924.87 Safari/537.36"
212.108.43.59 - - [24/Mar/2017:16:40:56 +0100] "GET /entry.php?id=11683& HTTP/1.1" 200 2680 "http://ed.activities.at/entry.php?id=11681" "Mozilla/5.0 (Windows NT 10.0; Win64; x64) AppleWebKit/537.36 (KHTML, like Gecko) Chrome/56.0.2924.87 Safari/537.36"
212.108.43.59 - - [24/Mar/2017:16:40:56 +0100] "GET /gui/javascript/form_form.js?1490370056 HTTP/1.1" 200 16206 "http://ed.activities.at/entry.php?id=11683&" "Mozilla/5.0 (Windows NT 10.0; Win64; x64) AppleWebKit/537.36 (KHTML, like Gecko) Chrome/56.0.2924.87 Safari/537.36"
212.108.43.59 - - [24/Mar/2017:16:40:56 +0100] "GET /entry.php?id=11684& HTTP/1.1" 200 3803 "http://ed.activities.at/entry.php?id=11681" "Mozilla/5.0 (Windows NT 10.0; Win64; x64) AppleWebKit/537.36 (KHTML, like Gecko) Chrome/56.0.2924.87 Safari/537.36"
212.108.43.59 - - [24/Mar/2017:16:40:57 +0100] "GET /entry.php?id=10778&form=11508&name=list& HTTP/1.1" 200 4795 "http://ed.activities.at/entry.php?id=11683&" "Mozilla/5.0 (Windows NT 10.0; Win64; x64) AppleWebKit/537.36 (KHTML, like Gecko) Chrome/56.0.2924.87 Safari/537.36"
212.108.43.59 - - [24/Mar/2017:16:40:57 +0100] "GET /gui/javascript/form_form.js?1490370057 HTTP/1.1" 200 16206 "http://ed.activities.at/entry.php?id=11684&" "Mozilla/5.0 (Windows NT 10.0; Win64; x64) AppleWebKit/537.36 (KHTML, like Gecko) Chrome/56.0.2924.87 Safari/537.36"
212.108.43.59 - - [24/Mar/2017:16:40:56 +0100] "GET /entry.php?id=10676&&title=Contentverwaltung HTTP/1.1" 200 1391 "http://ed.activities.at/entry.php?id=11681" "Mozilla/5.0 (Windows NT 10.0; Win64; x64) AppleWebKit/537.36 (KHTML, like Gecko) Chrome/56.0.2924.87 Safari/537.36"
212.108.43.59 - - [24/Mar/2017:16:40:57 +0100] "GET /entry.php?id=10776&form=11508&name=list& HTTP/1.1" 200 1895 "http://ed.activities.at/entry.php?id=11683&" "Mozilla/5.0 (Windows NT 10.0; Win64; x64) AppleWebKit/537.36 (KHTML, like Gecko) Chrome/56.0.2924.87 Safari/537.36"
212.108.43.59 - - [24/Mar/2017:16:40:59 +0100] "POST /entry.php?id=11684 HTTP/1.1" 200 3981 "http://ed.activities.at/entry.php?id=11684&" "Mozilla/5.0 (Windows NT 10.0; Win64; x64) AppleWebKit/537.36 (KHTML, like Gecko) Chrome/56.0.2924.87 Safari/537.36"
212.108.43.59 - - [24/Mar/2017:16:41:00 +0100] "GET /gui/javascript/form_form.js?1490370060 HTTP/1.1" 200 16206 "http://ed.activities.at/entry.php?id=11684" "Mozilla/5.0 (Windows NT 10.0; Win64; x64) AppleWebKit/537.36 (KHTML, like Gecko) Chrome/56.0.2924.87 Safari/537.36"
212.108.43.59 - - [24/Mar/2017:16:41:01 +0100] "POST /entry.php?id=11684 HTTP/1.1" 200 3086 "http://ed.activities.at/entry.php?id=11684" "Mozilla/5.0 (Windows NT 10.0; Win64; x64) AppleWebKit/537.36 (KHTML, like Gecko) Chrome/56.0.2924.87 Safari/537.36"
212.108.43.59 - - [24/Mar/2017:16:41:02 +0100] "GET /gui/javascript/form_form.js?1490370062 HTTP/1.1" 200 16206 "http://ed.activities.at/entry.php?id=11684" "Mozilla/5.0 (Windows NT 10.0; Win64; x64) AppleWebKit/537.36 (KHTML, like Gecko) Chrome/56.0.2924.87 Safari/537.36"
212.108.43.59 - - [24/Mar/2017:16:41:02 +0100] "GET /entry.php?id=10776&form=11506&name=binarie_list& HTTP/1.1" 200 1521 "http://ed.activities.at/entry.php?id=11684" "Mozilla/5.0 (Windows NT 10.0; Win64; x64) AppleWebKit/537.36 (KHTML, like Gecko) Chrome/56.0.2924.87 Safari/537.36"
212.108.43.59 - - [24/Mar/2017:16:41:02 +0100] "GET /entry.php?id=10778&form=11506&name=binarie_list& HTTP/1.1" 200 2859 "http://ed.activities.at/entry.php?id=11684" "Mozilla/5.0 (Windows NT 10.0; Win64; x64) AppleWebKit/537.36 (KHTML, like Gecko) Chrome/56.0.2924.87 Safari/537.36"
212.108.43.59 - - [24/Mar/2017:16:41:05 +0100] "POST /entry.php?id=11684 HTTP/1.1" 200 3981 "http://ed.activities.at/entry.php?id=11684" "Mozilla/5.0 (Windows NT 10.0; Win64; x64) AppleWebKit/537.36 (KHTML, like Gecko) Chrome/56.0.2924.87 Safari/537.36"
212.108.43.59 - - [24/Mar/2017:16:41:06 +0100] "GET /gui/javascript/form_form.js?1490370066 HTTP/1.1" 200 16206 "http://ed.activities.at/entry.php?id=11684" "Mozilla/5.0 (Windows NT 10.0; Win64; x64) AppleWebKit/537.36 (KHTML, like Gecko) Chrome/56.0.2924.87 Safari/537.36"
90.152.128.107 - - [24/Mar/2017:16:41:06 +0100] "GET /entry.php?id=10271&&ser=370005 HTTP/1.1" 200 989 "http://ed.activities.at/entry.php?id=10271&&ser=369945" "Mozilla/5.0 (Windows NT 10.0; WOW64; rv:52.0) Gecko/20100101 Firefox/52.0"
90.152.128.107 - - [24/Mar/2017:16:41:06 +0100] "GET /gui/javascript/form_form.js?1490370066 HTTP/1.1" 200 16206 "http://ed.activities.at/entry.php?id=10271&&ser=370005" "Mozilla/5.0 (Windows NT 10.0; WOW64; rv:52.0) Gecko/20100101 Firefox/52.0"
212.108.43.59 - - [24/Mar/2017:16:41:54 +0100] "GET /entry.php?id=10271&&ser=370054 HTTP/1.1" 200 986 "http://ed.activities.at/entry.php?id=10271&&ser=369990" "Mozilla/5.0 (Windows NT 10.0; Win64; x64) AppleWebKit/537.36 (KHTML, like Gecko) Chrome/56.0.2924.87 Safari/537.36"
212.108.43.59 - - [24/Mar/2017:16:41:55 +0100] "GET /gui/javascript/form_form.js?1490370114 HTTP/1.1" 200 16206 "http://ed.activities.at/entry.php?id=10271&&ser=370054" "Mozilla/5.0 (Windows NT 10.0; Win64; x64) AppleWebKit/537.36 (KHTML, like Gecko) Chrome/56.0.2924.87 Safari/537.36"
212.108.43.59 - - [24/Mar/2017:16:41:59 +0100] "POST /entry.php?id=11684 HTTP/1.1" 200 4250 "http://ed.activities.at/entry.php?id=11684" "Mozilla/5.0 (Windows NT 10.0; Win64; x64) AppleWebKit/537.36 (KHTML, like Gecko) Chrome/56.0.2924.87 Safari/537.36"
212.108.43.59 - - [24/Mar/2017:16:41:59 +0100] "GET /gui/javascript/form_form.js?1490370119 HTTP/1.1" 200 16206 "http://ed.activities.at/entry.php?id=11684" "Mozilla/5.0 (Windows NT 10.0; Win64; x64) AppleWebKit/537.36 (KHTML, like Gecko) Chrome/56.0.2924.87 Safari/537.36"
212.108.43.59 - - [24/Mar/2017:16:42:00 +0100] "POST /entry.php?id=11684 HTTP/1.1" 200 3058 "http://ed.activities.at/entry.php?id=11684" "Mozilla/5.0 (Windows NT 10.0; Win64; x64) AppleWebKit/537.36 (KHTML, like Gecko) Chrome/56.0.2924.87 Safari/537.36"
212.108.43.59 - - [24/Mar/2017:16:42:01 +0100] "GET /gui/javascript/form_form.js?1490370121 HTTP/1.1" 200 16206 "http://ed.activities.at/entry.php?id=11684" "Mozilla/5.0 (Windows NT 10.0; Win64; x64) AppleWebKit/537.36 (KHTML, like Gecko) Chrome/56.0.2924.87 Safari/537.36"
212.108.43.59 - - [24/Mar/2017:16:42:01 +0100] "GET /framework/webfx/javascript/tinymce/skins/lightgray/content.min.css HTTP/1.1" 404 327 "http://ed.activities.at/entry.php?id=11684" "Mozilla/5.0 (Windows NT 10.0; Win64; x64) AppleWebKit/537.36 (KHTML, like Gecko) Chrome/56.0.2924.87 Safari/537.36"
90.152.128.107 - - [24/Mar/2017:16:42:06 +0100] "GET /framework/icons/note_msg_icon.gif HTTP/1.1" 304 - "http://ed.activities.at/gui/styles/tmplDefault.css" "Mozilla/5.0 (Windows NT 10.0; WOW64; rv:52.0) Gecko/20100101 Firefox/52.0"
90.152.128.107 - - [24/Mar/2017:16:42:06 +0100] "GET /gui/javascript/jquery/css/gui-themes/images/ui-bg_flat_90_eeeeee_40x100.png HTTP/1.1" 304 - "http://ed.activities.at/gui/javascript/jquery/css/gui-themes/custom.min.css" "Mozilla/5.0 (Windows NT 10.0; WOW64; rv:52.0) Gecko/20100101 Firefox/52.0"
90.152.128.107 - - [24/Mar/2017:16:42:06 +0100] "GET /gui/javascript/jquery/css/gui-themes/images/ui-bg_flat_100_808080_40x100.png HTTP/1.1" 304 - "http://ed.activities.at/gui/javascript/jquery/css/gui-themes/custom.min.css" "Mozilla/5.0 (Windows NT 10.0; WOW64; rv:52.0) Gecko/20100101 Firefox/52.0"
90.152.128.107 - - [24/Mar/2017:16:42:06 +0100] "GET /gui/javascript/jquery/css/gui-themes/images/ui-icons_ffffff_256x240_ev.png HTTP/1.1" 304 - "http://ed.activities.at/gui/javascript/jquery/css/gui-themes/custom.min.css" "Mozilla/5.0 (Windows NT 10.0; WOW64; rv:52.0) Gecko/20100101 Firefox/52.0"
90.152.128.107 - - [24/Mar/2017:16:42:07 +0100] "GET /gui/javascript/jquery/css/gui-themes/images/ui-bg_flat_80_ece9d8_40x100.png HTTP/1.1" 200 183 "http://ed.activities.at/gui/javascript/jquery/css/gui-themes/custom.min.css" "Mozilla/5.0 (Windows NT 10.0; WOW64; rv:52.0) Gecko/20100101 Firefox/52.0"
90.152.128.107 - - [24/Mar/2017:16:42:07 +0100] "GET /entry.php?id=10271&&ser=370066 HTTP/1.1" 200 989 "http://ed.activities.at/entry.php?id=10271&&ser=370005" "Mozilla/5.0 (Windows NT 10.0; WOW64; rv:52.0) Gecko/20100101 Firefox/52.0"
212.108.43.59 - - [24/Mar/2017:16:42:06 +0100] "POST /entry.php?id=11684 HTTP/1.1" 200 3260 "http://ed.activities.at/entry.php?id=11684" "Mozilla/5.0 (Windows NT 10.0; Win64; x64) AppleWebKit/537.36 (KHTML, like Gecko) Chrome/56.0.2924.87 Safari/537.36"
90.152.128.107 - - [24/Mar/2017:16:42:07 +0100] "GET /gui/javascript/form_form.js?1490370127 HTTP/1.1" 200 16206 "http://ed.activities.at/entry.php?id=10271&&ser=370066" "Mozilla/5.0 (Windows NT 10.0; WOW64; rv:52.0) Gecko/20100101 Firefox/52.0"
212.108.43.59 - - [24/Mar/2017:16:42:07 +0100] "GET /gui/javascript/form_form.js?1490370127 HTTP/1.1" 200 16206 "http://ed.activities.at/entry.php?id=11684" "Mozilla/5.0 (Windows NT 10.0; Win64; x64) AppleWebKit/537.36 (KHTML, like Gecko) Chrome/56.0.2924.87 Safari/537.36"
212.108.43.59 - - [24/Mar/2017:16:42:07 +0100] "GET /framework/webfx/javascript/tinymce/skins/lightgray/content.min.css HTTP/1.1" 404 327 "http://ed.activities.at/entry.php?id=11684" "Mozilla/5.0 (Windows NT 10.0; Win64; x64) AppleWebKit/537.36 (KHTML, like Gecko) Chrome/56.0.2924.87 Safari/537.36"
90.152.128.107 - - [24/Mar/2017:16:42:09 +0100] "GET /gui/javascript/jquery/css/gui-themes/images/ui-bg_flat_100_ffffff_40x100.png HTTP/1.1" 200 178 "http://ed.activities.at/gui/javascript/jquery/css/gui-themes/custom.min.css" "Mozilla/5.0 (Windows NT 10.0; WOW64; rv:52.0) Gecko/20100101 Firefox/52.0"
90.152.128.107 - - [24/Mar/2017:16:42:09 +0100] "POST /entry.php?id=11684 HTTP/1.1" 200 4065 "http://ed.activities.at/entry.php?id=11684" "Mozilla/5.0 (Windows NT 10.0; WOW64; rv:52.0) Gecko/20100101 Firefox/52.0"
90.152.128.107 - - [24/Mar/2017:16:42:09 +0100] "GET /gui/javascript/form_form.js?1490370129 HTTP/1.1" 200 16206 "http://ed.activities.at/entry.php?id=11684" "Mozilla/5.0 (Windows NT 10.0; WOW64; rv:52.0) Gecko/20100101 Firefox/52.0"
90.152.128.107 - - [24/Mar/2017:16:42:11 +0100] "POST /entry.php?id=11684 HTTP/1.1" 200 3290 "http://ed.activities.at/entry.php?id=11684" "Mozilla/5.0 (Windows NT 10.0; WOW64; rv:52.0) Gecko/20100101 Firefox/52.0"
90.152.128.107 - - [24/Mar/2017:16:42:11 +0100] "GET /gui/javascript/form_form.js?1490370131 HTTP/1.1" 200 16206 "http://ed.activities.at/entry.php?id=11684" "Mozilla/5.0 (Windows NT 10.0; WOW64; rv:52.0) Gecko/20100101 Firefox/52.0"
90.152.128.107 - - [24/Mar/2017:16:42:12 +0100] "GET /framework/webfx/javascript/tinymce/skins/lightgray/content.min.css HTTP/1.1" 404 327 "http://ed.activities.at/entry.php?id=11684" "Mozilla/5.0 (Windows NT 10.0; WOW64; rv:52.0) Gecko/20100101 Firefox/52.0"
212.108.43.59 - - [24/Mar/2017:16:42:23 +0100] "POST /entry.php?id=11684 HTTP/1.1" 200 3614 "http://ed.activities.at/entry.php?id=11684" "Mozilla/5.0 (Windows NT 10.0; Win64; x64) AppleWebKit/537.36 (KHTML, like Gecko) Chrome/56.0.2924.87 Safari/537.36"
212.108.43.59 - - [24/Mar/2017:16:42:24 +0100] "GET /gui/javascript/form_form.js?1490370144 HTTP/1.1" 200 16206 "http://ed.activities.at/entry.php?id=11684" "Mozilla/5.0 (Windows NT 10.0; Win64; x64) AppleWebKit/537.36 (KHTML, like Gecko) Chrome/56.0.2924.87 Safari/537.36"
212.108.43.59 - - [24/Mar/2017:16:42:25 +0100] "GET /framework/webfx/javascript/tinymce/skins/lightgray/content.min.css HTTP/1.1" 404 327 "http://ed.activities.at/entry.php?id=11684" "Mozilla/5.0 (Windows NT 10.0; Win64; x64) AppleWebKit/537.36 (KHTML, like Gecko) Chrome/56.0.2924.87 Safari/537.36"
212.108.43.59 - - [24/Mar/2017:16:42:34 +0100] "POST /entry.php?id=11684 HTTP/1.1" 200 4042 "http://ed.activities.at/entry.php?id=11684" "Mozilla/5.0 (Windows NT 10.0; Win64; x64) AppleWebKit/537.36 (KHTML, like Gecko) Chrome/56.0.2924.87 Safari/537.36"
212.108.43.59 - - [24/Mar/2017:16:42:35 +0100] "GET /gui/javascript/form_form.js?1490370155 HTTP/1.1" 200 16206 "http://ed.activities.at/entry.php?id=11684" "Mozilla/5.0 (Windows NT 10.0; Win64; x64) AppleWebKit/537.36 (KHTML, like Gecko) Chrome/56.0.2924.87 Safari/537.36"
212.108.43.59 - - [24/Mar/2017:16:42:36 +0100] "POST /entry.php?id=11684 HTTP/1.1" 200 4301 "http://ed.activities.at/entry.php?id=11684" "Mozilla/5.0 (Windows NT 10.0; Win64; x64) AppleWebKit/537.36 (KHTML, like Gecko) Chrome/56.0.2924.87 Safari/537.36"
212.108.43.59 - - [24/Mar/2017:16:42:37 +0100] "GET /gui/javascript/form_form.js?1490370157 HTTP/1.1" 200 16206 "http://ed.activities.at/entry.php?id=11684" "Mozilla/5.0 (Windows NT 10.0; Win64; x64) AppleWebKit/537.36 (KHTML, like Gecko) Chrome/56.0.2924.87 Safari/537.36"
90.152.128.107 - - [24/Mar/2017:16:42:43 +0100] "GET /entry.php?id=10921&chooserview=PinEditimages&view=PinEditimages HTTP/1.1" 200 447 "http://ed.activities.at/entry.php?id=11684" "Mozilla/5.0 (Windows NT 10.0; WOW64; rv:52.0) Gecko/20100101 Firefox/52.0"
212.108.43.59 - - [24/Mar/2017:16:42:43 +0100] "POST /entry.php?id=11684 HTTP/1.1" 200 3246 "http://ed.activities.at/entry.php?id=11684" "Mozilla/5.0 (Windows NT 10.0; Win64; x64) AppleWebKit/537.36 (KHTML, like Gecko) Chrome/56.0.2924.87 Safari/537.36"
212.108.43.59 - - [24/Mar/2017:16:42:44 +0100] "GET /gui/javascript/form_form.js?1490370163 HTTP/1.1" 200 16206 "http://ed.activities.at/entry.php?id=11684" "Mozilla/5.0 (Windows NT 10.0; Win64; x64) AppleWebKit/537.36 (KHTML, like Gecko) Chrome/56.0.2924.87 Safari/537.36"
90.152.128.107 - - [24/Mar/2017:16:42:43 +0100] "GET /entry.php?id=10676&&title=Link%20Verwaltung HTTP/1.1" 200 1394 "http://ed.activities.at/entry.php?id=10921&chooserview=PinEditimages&view=PinEditimages" "Mozilla/5.0 (Windows NT 10.0; WOW64; rv:52.0) Gecko/20100101 Firefox/52.0"
90.152.128.107 - - [24/Mar/2017:16:42:44 +0100] "GET /gui/javascript/form_form.js?1490370164 HTTP/1.1" 200 16206 "http://ed.activities.at/entry.php?id=10676&&title=Link%20Verwaltung" "Mozilla/5.0 (Windows NT 10.0; WOW64; rv:52.0) Gecko/20100101 Firefox/52.0"
90.152.128.107 - - [24/Mar/2017:16:42:43 +0100] "GET /entry.php?id=10918&&view=chooser&but=&object=&class=&tag=&value=&chooserview=PinEditimages&function=&setlist= HTTP/1.1" 200 2402 "http://ed.activities.at/entry.php?id=10921&chooserview=PinEditimages&view=PinEditimages" "Mozilla/5.0 (Windows NT 10.0; WOW64; rv:52.0) Gecko/20100101 Firefox/52.0"
90.152.128.107 - - [24/Mar/2017:16:42:44 +0100] "GET /gui/javascript/form_extlink.js HTTP/1.1" 200 945 "http://ed.activities.at/entry.php?id=10918&&view=chooser&but=&object=&class=&tag=&value=&chooserview=PinEditimages&function=&setlist=" "Mozilla/5.0 (Windows NT 10.0; WOW64; rv:52.0) Gecko/20100101 Firefox/52.0"
212.108.43.59 - - [24/Mar/2017:16:42:44 +0100] "GET /framework/webfx/javascript/tinymce/skins/lightgray/content.min.css HTTP/1.1" 404 327 "http://ed.activities.at/entry.php?id=11684" "Mozilla/5.0 (Windows NT 10.0; Win64; x64) AppleWebKit/537.36 (KHTML, like Gecko) Chrome/56.0.2924.87 Safari/537.36"
90.152.128.107 - - [24/Mar/2017:16:42:43 +0100] "GET /entry.php?id=10917&&but=&object=&class=&tag=&value=&chooserview=PinEditimages&function=&setlist= HTTP/1.1" 200 2109 "http://ed.activities.at/entry.php?id=10921&chooserview=PinEditimages&view=PinEditimages" "Mozilla/5.0 (Windows NT 10.0; WOW64; rv:52.0) Gecko/20100101 Firefox/52.0"
90.152.128.107 - - [24/Mar/2017:16:42:44 +0100] "GET /entry.php?id=10776&form=10756&name=list& HTTP/1.1" 200 1539 "http://ed.activities.at/entry.php?id=10918&&view=chooser&but=&object=&class=&tag=&value=&chooserview=PinEditimages&function=&setlist=" "Mozilla/5.0 (Windows NT 10.0; WOW64; rv:52.0) Gecko/20100101 Firefox/52.0"
90.152.128.107 - - [24/Mar/2017:16:42:44 +0100] "GET /entry.php?id=10778&form=10756&name=list& HTTP/1.1" 200 4032 "http://ed.activities.at/entry.php?id=10918&&view=chooser&but=&object=&class=&tag=&value=&chooserview=PinEditimages&function=&setlist=" "Mozilla/5.0 (Windows NT 10.0; WOW64; rv:52.0) Gecko/20100101 Firefox/52.0"
90.152.128.107 - - [24/Mar/2017:16:42:44 +0100] "GET /framework/icons/sortUp.gif HTTP/1.1" 304 - "http://ed.activities.at/entry.php?id=10776&form=10756&name=list&" "Mozilla/5.0 (Windows NT 10.0; WOW64; rv:52.0) Gecko/20100101 Firefox/52.0"
90.152.128.107 - - [24/Mar/2017:16:42:45 +0100] "GET /favicon.ico HTTP/1.1" 404 287 "-" "Mozilla/5.0 (Windows NT 10.0; WOW64; rv:52.0) Gecko/20100101 Firefox/52.0"
212.108.43.59 - - [24/Mar/2017:16:42:55 +0100] "GET /entry.php?id=10271&&ser=370114 HTTP/1.1" 200 987 "http://ed.activities.at/entry.php?id=10271&&ser=370054" "Mozilla/5.0 (Windows NT 10.0; Win64; x64) AppleWebKit/537.36 (KHTML, like Gecko) Chrome/56.0.2924.87 Safari/537.36"
212.108.43.59 - - [24/Mar/2017:16:42:55 +0100] "GET /gui/javascript/form_form.js?1490370175 HTTP/1.1" 200 16206 "http://ed.activities.at/entry.php?id=10271&&ser=370114" "Mozilla/5.0 (Windows NT 10.0; Win64; x64) AppleWebKit/537.36 (KHTML, like Gecko) Chrome/56.0.2924.87 Safari/537.36"
212.108.43.59 - - [24/Mar/2017:16:43:04 +0100] "POST /entry.php?id=11684 HTTP/1.1" 200 4027 "http://ed.activities.at/entry.php?id=11684" "Mozilla/5.0 (Windows NT 10.0; Win64; x64) AppleWebKit/537.36 (KHTML, like Gecko) Chrome/56.0.2924.87 Safari/537.36"
212.108.43.59 - - [24/Mar/2017:16:43:05 +0100] "GET /gui/javascript/form_form.js?1490370184 HTTP/1.1" 200 16206 "http://ed.activities.at/entry.php?id=11684" "Mozilla/5.0 (Windows NT 10.0; Win64; x64) AppleWebKit/537.36 (KHTML, like Gecko) Chrome/56.0.2924.87 Safari/537.36"
90.152.128.107 - - [24/Mar/2017:16:43:06 +0100] "POST /entry.php?id=11684 HTTP/1.1" 200 3280 "http://ed.activities.at/entry.php?id=11684" "Mozilla/5.0 (Windows NT 10.0; WOW64; rv:52.0) Gecko/20100101 Firefox/52.0"
90.152.128.107 - - [24/Mar/2017:16:43:07 +0100] "GET /gui/javascript/form_form.js?1490370187 HTTP/1.1" 200 16206 "http://ed.activities.at/entry.php?id=11684" "Mozilla/5.0 (Windows NT 10.0; WOW64; rv:52.0) Gecko/20100101 Firefox/52.0"
90.152.128.107 - - [24/Mar/2017:16:43:07 +0100] "GET /framework/webfx/javascript/tinymce/skins/lightgray/content.min.css HTTP/1.1" 404 327 "http://ed.activities.at/entry.php?id=11684" "Mozilla/5.0 (Windows NT 10.0; WOW64; rv:52.0) Gecko/20100101 Firefox/52.0"
90.152.128.107 - - [24/Mar/2017:16:43:07 +0100] "GET /entry.php?id=10271&&ser=370127 HTTP/1.1" 200 989 "http://ed.activities.at/entry.php?id=10271&&ser=370066" "Mozilla/5.0 (Windows NT 10.0; WOW64; rv:52.0) Gecko/20100101 Firefox/52.0"
212.108.43.59 - - [24/Mar/2017:16:43:09 +0100] "POST /entry.php?id=11684 HTTP/1.1" 200 3246 "http://ed.activities.at/entry.php?id=11684" "Mozilla/5.0 (Windows NT 10.0; Win64; x64) AppleWebKit/537.36 (KHTML, like Gecko) Chrome/56.0.2924.87 Safari/537.36"
212.108.43.59 - - [24/Mar/2017:16:43:09 +0100] "GET /gui/javascript/form_form.js?1490370189 HTTP/1.1" 200 16206 "http://ed.activities.at/entry.php?id=11684" "Mozilla/5.0 (Windows NT 10.0; Win64; x64) AppleWebKit/537.36 (KHTML, like Gecko) Chrome/56.0.2924.87 Safari/537.36"
212.108.43.59 - - [24/Mar/2017:16:43:10 +0100] "GET /framework/webfx/javascript/tinymce/skins/lightgray/content.min.css HTTP/1.1" 404 327 "http://ed.activities.at/entry.php?id=11684" "Mozilla/5.0 (Windows NT 10.0; Win64; x64) AppleWebKit/537.36 (KHTML, like Gecko) Chrome/56.0.2924.87 Safari/537.36"
212.108.43.59 - - [24/Mar/2017:16:43:55 +0100] "GET /entry.php?id=10271&&ser=370175 HTTP/1.1" 200 986 "http://ed.activities.at/entry.php?id=10271&&ser=370114" "Mozilla/5.0 (Windows NT 10.0; Win64; x64) AppleWebKit/537.36 (KHTML, like Gecko) Chrome/56.0.2924.87 Safari/537.36"
212.108.43.59 - - [24/Mar/2017:16:43:55 +0100] "GET /gui/javascript/form_form.js?1490370235 HTTP/1.1" 200 16206 "http://ed.activities.at/entry.php?id=10271&&ser=370175" "Mozilla/5.0 (Windows NT 10.0; Win64; x64) AppleWebKit/537.36 (KHTML, like Gecko) Chrome/56.0.2924.87 Safari/537.36"
90.152.128.107 - - [24/Mar/2017:16:44:08 +0100] "GET /entry.php?id=10271&&ser=370187 HTTP/1.1" 200 989 "http://ed.activities.at/entry.php?id=10271&&ser=370127" "Mozilla/5.0 (Windows NT 10.0; WOW64; rv:52.0) Gecko/20100101 Firefox/52.0"
90.152.128.107 - - [24/Mar/2017:16:44:09 +0100] "GET /gui/javascript/form_form.js?1490370248 HTTP/1.1" 200 16206 "http://ed.activities.at/entry.php?id=10271&&ser=370187" "Mozilla/5.0 (Windows NT 10.0; WOW64; rv:52.0) Gecko/20100101 Firefox/52.0"
212.108.43.59 - - [24/Mar/2017:16:44:11 +0100] "POST /entry.php?id=11684 HTTP/1.1" 200 3085 "http://ed.activities.at/entry.php?id=11684" "Mozilla/5.0 (Windows NT 10.0; Win64; x64) AppleWebKit/537.36 (KHTML, like Gecko) Chrome/56.0.2924.87 Safari/537.36"
212.108.43.59 - - [24/Mar/2017:16:44:12 +0100] "GET /gui/javascript/form_form.js?1490370252 HTTP/1.1" 200 16206 "http://ed.activities.at/entry.php?id=11684" "Mozilla/5.0 (Windows NT 10.0; Win64; x64) AppleWebKit/537.36 (KHTML, like Gecko) Chrome/56.0.2924.87 Safari/537.36"
212.108.43.59 - - [24/Mar/2017:16:44:12 +0100] "GET /entry.php?id=10776&form=11506&name=binarie_list& HTTP/1.1" 200 1521 "http://ed.activities.at/entry.php?id=11684" "Mozilla/5.0 (Windows NT 10.0; Win64; x64) AppleWebKit/537.36 (KHTML, like Gecko) Chrome/56.0.2924.87 Safari/537.36"
212.108.43.59 - - [24/Mar/2017:16:44:12 +0100] "GET /entry.php?id=10778&form=11506&name=binarie_list& HTTP/1.1" 200 2845 "http://ed.activities.at/entry.php?id=11684" "Mozilla/5.0 (Windows NT 10.0; Win64; x64) AppleWebKit/537.36 (KHTML, like Gecko) Chrome/56.0.2924.87 Safari/537.36"
212.108.43.59 - - [24/Mar/2017:16:44:17 +0100] "POST /entry.php?id=11684 HTTP/1.1" 200 3473 "http://ed.activities.at/entry.php?id=11684" "Mozilla/5.0 (Windows NT 10.0; Win64; x64) AppleWebKit/537.36 (KHTML, like Gecko) Chrome/56.0.2924.87 Safari/537.36"
212.108.43.59 - - [24/Mar/2017:16:44:18 +0100] "GET /gui/javascript/form_form.js?1490370258 HTTP/1.1" 200 16206 "http://ed.activities.at/entry.php?id=11684" "Mozilla/5.0 (Windows NT 10.0; Win64; x64) AppleWebKit/537.36 (KHTML, like Gecko) Chrome/56.0.2924.87 Safari/537.36"
212.108.43.59 - - [24/Mar/2017:16:44:18 +0100] "GET /entry.php?id=10776&form=11506&name=binarie_list& HTTP/1.1" 200 1529 "http://ed.activities.at/entry.php?id=11684" "Mozilla/5.0 (Windows NT 10.0; Win64; x64) AppleWebKit/537.36 (KHTML, like Gecko) Chrome/56.0.2924.87 Safari/537.36"
212.108.43.59 - - [24/Mar/2017:16:44:18 +0100] "GET /entry.php?id=10778&form=11506&name=binarie_list& HTTP/1.1" 200 2495 "http://ed.activities.at/entry.php?id=11684" "Mozilla/5.0 (Windows NT 10.0; Win64; x64) AppleWebKit/537.36 (KHTML, like Gecko) Chrome/56.0.2924.87 Safari/537.36"
212.108.43.59 - - [24/Mar/2017:16:44:22 +0100] "POST /entry.php?id=11684 HTTP/1.1" 200 4041 "http://ed.activities.at/entry.php?id=11684" "Mozilla/5.0 (Windows NT 10.0; Win64; x64) AppleWebKit/537.36 (KHTML, like Gecko) Chrome/56.0.2924.87 Safari/537.36"
212.108.43.59 - - [24/Mar/2017:16:44:23 +0100] "GET /gui/javascript/form_form.js?1490370263 HTTP/1.1" 200 16206 "http://ed.activities.at/entry.php?id=11684" "Mozilla/5.0 (Windows NT 10.0; Win64; x64) AppleWebKit/537.36 (KHTML, like Gecko) Chrome/56.0.2924.87 Safari/537.36"
212.108.43.59 - - [24/Mar/2017:16:44:59 +0100] "GET /entry.php?id=10271&&ser=370235 HTTP/1.1" 200 987 "http://ed.activities.at/entry.php?id=10271&&ser=370175" "Mozilla/5.0 (Windows NT 10.0; Win64; x64) AppleWebKit/537.36 (KHTML, like Gecko) Chrome/56.0.2924.87 Safari/537.36"
212.108.43.59 - - [24/Mar/2017:16:44:59 +0100] "GET /gui/javascript/form_form.js?1490370299 HTTP/1.1" 200 16206 "http://ed.activities.at/entry.php?id=10271&&ser=370235" "Mozilla/5.0 (Windows NT 10.0; Win64; x64) AppleWebKit/537.36 (KHTML, like Gecko) Chrome/56.0.2924.87 Safari/537.36"
212.108.43.59 - - [24/Mar/2017:16:45:03 +0100] "POST /entry.php?id=11684 HTTP/1.1" 200 4300 "http://ed.activities.at/entry.php?id=11684" "Mozilla/5.0 (Windows NT 10.0; Win64; x64) AppleWebKit/537.36 (KHTML, like Gecko) Chrome/56.0.2924.87 Safari/537.36"
212.108.43.59 - - [24/Mar/2017:16:45:04 +0100] "GET /gui/javascript/form_form.js?1490370304 HTTP/1.1" 200 16206 "http://ed.activities.at/entry.php?id=11684" "Mozilla/5.0 (Windows NT 10.0; Win64; x64) AppleWebKit/537.36 (KHTML, like Gecko) Chrome/56.0.2924.87 Safari/537.36"
90.152.128.107 - - [24/Mar/2017:16:45:09 +0100] "GET /entry.php?id=10271&&ser=370248 HTTP/1.1" 200 989 "http://ed.activities.at/entry.php?id=10271&&ser=370187" "Mozilla/5.0 (Windows NT 10.0; WOW64; rv:52.0) Gecko/20100101 Firefox/52.0"
90.152.128.107 - - [24/Mar/2017:16:45:09 +0100] "GET /gui/javascript/form_form.js?1490370309 HTTP/1.1" 200 16206 "http://ed.activities.at/entry.php?id=10271&&ser=370248" "Mozilla/5.0 (Windows NT 10.0; WOW64; rv:52.0) Gecko/20100101 Firefox/52.0"
212.108.43.59 - - [24/Mar/2017:16:45:14 +0100] "POST /entry.php?id=11684 HTTP/1.1" 200 3246 "http://ed.activities.at/entry.php?id=11684" "Mozilla/5.0 (Windows NT 10.0; Win64; x64) AppleWebKit/537.36 (KHTML, like Gecko) Chrome/56.0.2924.87 Safari/537.36"
212.108.43.59 - - [24/Mar/2017:16:45:15 +0100] "GET /gui/javascript/form_form.js?1490370315 HTTP/1.1" 200 16206 "http://ed.activities.at/entry.php?id=11684" "Mozilla/5.0 (Windows NT 10.0; Win64; x64) AppleWebKit/537.36 (KHTML, like Gecko) Chrome/56.0.2924.87 Safari/537.36"
212.108.43.59 - - [24/Mar/2017:16:45:15 +0100] "GET /framework/webfx/javascript/tinymce/skins/lightgray/content.min.css HTTP/1.1" 404 327 "http://ed.activities.at/entry.php?id=11684" "Mozilla/5.0 (Windows NT 10.0; Win64; x64) AppleWebKit/537.36 (KHTML, like Gecko) Chrome/56.0.2924.87 Safari/537.36"
212.108.43.59 - - [24/Mar/2017:16:45:29 +0100] "POST /entry.php?id=11684 HTTP/1.1" 200 3610 "http://ed.activities.at/entry.php?id=11684" "Mozilla/5.0 (Windows NT 10.0; Win64; x64) AppleWebKit/537.36 (KHTML, like Gecko) Chrome/56.0.2924.87 Safari/537.36"
212.108.43.59 - - [24/Mar/2017:16:45:30 +0100] "GET /gui/javascript/form_form.js?1490370329 HTTP/1.1" 200 16206 "http://ed.activities.at/entry.php?id=11684" "Mozilla/5.0 (Windows NT 10.0; Win64; x64) AppleWebKit/537.36 (KHTML, like Gecko) Chrome/56.0.2924.87 Safari/537.36"
212.108.43.59 - - [24/Mar/2017:16:45:30 +0100] "GET /framework/webfx/javascript/tinymce/skins/lightgray/content.min.css HTTP/1.1" 404 327 "http://ed.activities.at/entry.php?id=11684" "Mozilla/5.0 (Windows NT 10.0; Win64; x64) AppleWebKit/537.36 (KHTML, like Gecko) Chrome/56.0.2924.87 Safari/537.36"
212.108.43.59 - - [24/Mar/2017:16:45:31 +0100] "POST /entry.php?id=11684 HTTP/1.1" 200 4036 "http://ed.activities.at/entry.php?id=11684" "Mozilla/5.0 (Windows NT 10.0; Win64; x64) AppleWebKit/537.36 (KHTML, like Gecko) Chrome/56.0.2924.87 Safari/537.36"
212.108.43.59 - - [24/Mar/2017:16:45:31 +0100] "GET /gui/javascript/form_form.js?1490370331 HTTP/1.1" 200 16206 "http://ed.activities.at/entry.php?id=11684" "Mozilla/5.0 (Windows NT 10.0; Win64; x64) AppleWebKit/537.36 (KHTML, like Gecko) Chrome/56.0.2924.87 Safari/537.36"
212.108.43.59 - - [24/Mar/2017:16:45:33 +0100] "POST /entry.php?id=11684 HTTP/1.1" 200 4303 "http://ed.activities.at/entry.php?id=11684" "Mozilla/5.0 (Windows NT 10.0; Win64; x64) AppleWebKit/537.36 (KHTML, like Gecko) Chrome/56.0.2924.87 Safari/537.36"
212.108.43.59 - - [24/Mar/2017:16:45:34 +0100] "GET /gui/javascript/form_form.js?1490370334 HTTP/1.1" 200 16206 "http://ed.activities.at/entry.php?id=11684" "Mozilla/5.0 (Windows NT 10.0; Win64; x64) AppleWebKit/537.36 (KHTML, like Gecko) Chrome/56.0.2924.87 Safari/537.36"
212.108.43.59 - - [24/Mar/2017:16:45:59 +0100] "GET /entry.php?id=10271&&ser=370299 HTTP/1.1" 200 986 "http://ed.activities.at/entry.php?id=10271&&ser=370235" "Mozilla/5.0 (Windows NT 10.0; Win64; x64) AppleWebKit/537.36 (KHTML, like Gecko) Chrome/56.0.2924.87 Safari/537.36"
212.108.43.59 - - [24/Mar/2017:16:46:00 +0100] "GET /gui/javascript/form_form.js?1490370360 HTTP/1.1" 200 16206 "http://ed.activities.at/entry.php?id=10271&&ser=370299" "Mozilla/5.0 (Windows NT 10.0; Win64; x64) AppleWebKit/537.36 (KHTML, like Gecko) Chrome/56.0.2924.87 Safari/537.36"
90.152.128.107 - - [24/Mar/2017:16:46:09 +0100] "GET /entry.php?id=10271&&ser=370309 HTTP/1.1" 200 988 "http://ed.activities.at/entry.php?id=10271&&ser=370248" "Mozilla/5.0 (Windows NT 10.0; WOW64; rv:52.0) Gecko/20100101 Firefox/52.0"
90.152.128.107 - - [24/Mar/2017:16:46:10 +0100] "GET /gui/javascript/form_form.js?1490370370 HTTP/1.1" 200 16206 "http://ed.activities.at/entry.php?id=10271&&ser=370309" "Mozilla/5.0 (Windows NT 10.0; WOW64; rv:52.0) Gecko/20100101 Firefox/52.0"
212.108.43.59 - - [24/Mar/2017:16:47:00 +0100] "GET /entry.php?id=10271&&ser=370360 HTTP/1.1" 200 987 "http://ed.activities.at/entry.php?id=10271&&ser=370299" "Mozilla/5.0 (Windows NT 10.0; Win64; x64) AppleWebKit/537.36 (KHTML, like Gecko) Chrome/56.0.2924.87 Safari/537.36"
212.108.43.59 - - [24/Mar/2017:16:47:00 +0100] "GET /gui/javascript/form_form.js?1490370420 HTTP/1.1" 200 16206 "http://ed.activities.at/entry.php?id=10271&&ser=370360" "Mozilla/5.0 (Windows NT 10.0; Win64; x64) AppleWebKit/537.36 (KHTML, like Gecko) Chrome/56.0.2924.87 Safari/537.36"
90.152.128.107 - - [24/Mar/2017:16:47:10 +0100] "GET /entry.php?id=10271&&ser=370370 HTTP/1.1" 200 989 "http://ed.activities.at/entry.php?id=10271&&ser=370309" "Mozilla/5.0 (Windows NT 10.0; WOW64; rv:52.0) Gecko/20100101 Firefox/52.0"
90.152.128.107 - - [24/Mar/2017:16:47:10 +0100] "GET /gui/javascript/form_form.js?1490370430 HTTP/1.1" 200 16206 "http://ed.activities.at/entry.php?id=10271&&ser=370370" "Mozilla/5.0 (Windows NT 10.0; WOW64; rv:52.0) Gecko/20100101 Firefox/52.0"
212.108.43.59 - - [24/Mar/2017:16:48:00 +0100] "GET /entry.php?id=10271&&ser=370420 HTTP/1.1" 200 986 "http://ed.activities.at/entry.php?id=10271&&ser=370360" "Mozilla/5.0 (Windows NT 10.0; Win64; x64) AppleWebKit/537.36 (KHTML, like Gecko) Chrome/56.0.2924.87 Safari/537.36"
212.108.43.59 - - [24/Mar/2017:16:48:00 +0100] "GET /gui/javascript/form_form.js?1490370480 HTTP/1.1" 200 16206 "http://ed.activities.at/entry.php?id=10271&&ser=370420" "Mozilla/5.0 (Windows NT 10.0; Win64; x64) AppleWebKit/537.36 (KHTML, like Gecko) Chrome/56.0.2924.87 Safari/537.36"
90.152.128.107 - - [24/Mar/2017:16:48:11 +0100] "GET /entry.php?id=10271&&ser=370430 HTTP/1.1" 200 989 "http://ed.activities.at/entry.php?id=10271&&ser=370370" "Mozilla/5.0 (Windows NT 10.0; WOW64; rv:52.0) Gecko/20100101 Firefox/52.0"
90.152.128.107 - - [24/Mar/2017:16:48:11 +0100] "GET /gui/javascript/form_form.js?1490370491 HTTP/1.1" 200 16206 "http://ed.activities.at/entry.php?id=10271&&ser=370430" "Mozilla/5.0 (Windows NT 10.0; WOW64; rv:52.0) Gecko/20100101 Firefox/52.0"
212.108.43.59 - - [24/Mar/2017:16:49:01 +0100] "GET /entry.php?id=10271&&ser=370480 HTTP/1.1" 200 986 "http://ed.activities.at/entry.php?id=10271&&ser=370420" "Mozilla/5.0 (Windows NT 10.0; Win64; x64) AppleWebKit/537.36 (KHTML, like Gecko) Chrome/56.0.2924.87 Safari/537.36"
212.108.43.59 - - [24/Mar/2017:16:49:01 +0100] "GET /gui/javascript/form_form.js?1490370541 HTTP/1.1" 200 16206 "http://ed.activities.at/entry.php?id=10271&&ser=370480" "Mozilla/5.0 (Windows NT 10.0; Win64; x64) AppleWebKit/537.36 (KHTML, like Gecko) Chrome/56.0.2924.87 Safari/537.36"
90.152.128.107 - - [24/Mar/2017:16:49:11 +0100] "GET /entry.php?id=10271&&ser=370491 HTTP/1.1" 200 989 "http://ed.activities.at/entry.php?id=10271&&ser=370430" "Mozilla/5.0 (Windows NT 10.0; WOW64; rv:52.0) Gecko/20100101 Firefox/52.0"
90.152.128.107 - - [24/Mar/2017:16:49:12 +0100] "GET /gui/javascript/form_form.js?1490370551 HTTP/1.1" 200 16206 "http://ed.activities.at/entry.php?id=10271&&ser=370491" "Mozilla/5.0 (Windows NT 10.0; WOW64; rv:52.0) Gecko/20100101 Firefox/52.0"
212.108.43.59 - - [24/Mar/2017:16:50:02 +0100] "GET /entry.php?id=10271&&ser=370541 HTTP/1.1" 200 987 "http://ed.activities.at/entry.php?id=10271&&ser=370480" "Mozilla/5.0 (Windows NT 10.0; Win64; x64) AppleWebKit/537.36 (KHTML, like Gecko) Chrome/56.0.2924.87 Safari/537.36"
212.108.43.59 - - [24/Mar/2017:16:50:02 +0100] "GET /gui/javascript/form_form.js?1490370602 HTTP/1.1" 200 16206 "http://ed.activities.at/entry.php?id=10271&&ser=370541" "Mozilla/5.0 (Windows NT 10.0; Win64; x64) AppleWebKit/537.36 (KHTML, like Gecko) Chrome/56.0.2924.87 Safari/537.36"
90.152.128.107 - - [24/Mar/2017:16:50:12 +0100] "GET /entry.php?id=10271&&ser=370551 HTTP/1.1" 200 989 "http://ed.activities.at/entry.php?id=10271&&ser=370491" "Mozilla/5.0 (Windows NT 10.0; WOW64; rv:52.0) Gecko/20100101 Firefox/52.0"
90.152.128.107 - - [24/Mar/2017:16:50:12 +0100] "GET /gui/javascript/form_form.js?1490370612 HTTP/1.1" 200 16206 "http://ed.activities.at/entry.php?id=10271&&ser=370551" "Mozilla/5.0 (Windows NT 10.0; WOW64; rv:52.0) Gecko/20100101 Firefox/52.0"
212.108.43.59 - - [24/Mar/2017:16:51:03 +0100] "GET /entry.php?id=10271&&ser=370602 HTTP/1.1" 200 987 "http://ed.activities.at/entry.php?id=10271&&ser=370541" "Mozilla/5.0 (Windows NT 10.0; Win64; x64) AppleWebKit/537.36 (KHTML, like Gecko) Chrome/56.0.2924.87 Safari/537.36"
212.108.43.59 - - [24/Mar/2017:16:51:03 +0100] "GET /gui/javascript/form_form.js?1490370663 HTTP/1.1" 200 16206 "http://ed.activities.at/entry.php?id=10271&&ser=370602" "Mozilla/5.0 (Windows NT 10.0; Win64; x64) AppleWebKit/537.36 (KHTML, like Gecko) Chrome/56.0.2924.87 Safari/537.36"
90.152.128.107 - - [24/Mar/2017:16:51:13 +0100] "GET /entry.php?id=10271&&ser=370612 HTTP/1.1" 200 990 "http://ed.activities.at/entry.php?id=10271&&ser=370551" "Mozilla/5.0 (Windows NT 10.0; WOW64; rv:52.0) Gecko/20100101 Firefox/52.0"
90.152.128.107 - - [24/Mar/2017:16:51:13 +0100] "GET /gui/javascript/form_form.js?1490370673 HTTP/1.1" 200 16206 "http://ed.activities.at/entry.php?id=10271&&ser=370612" "Mozilla/5.0 (Windows NT 10.0; WOW64; rv:52.0) Gecko/20100101 Firefox/52.0"
212.108.43.59 - - [24/Mar/2017:16:52:04 +0100] "GET /entry.php?id=10271&&ser=370663 HTTP/1.1" 200 987 "http://ed.activities.at/entry.php?id=10271&&ser=370602" "Mozilla/5.0 (Windows NT 10.0; Win64; x64) AppleWebKit/537.36 (KHTML, like Gecko) Chrome/56.0.2924.87 Safari/537.36"
212.108.43.59 - - [24/Mar/2017:16:52:04 +0100] "GET /gui/javascript/form_form.js?1490370724 HTTP/1.1" 200 16206 "http://ed.activities.at/entry.php?id=10271&&ser=370663" "Mozilla/5.0 (Windows NT 10.0; Win64; x64) AppleWebKit/537.36 (KHTML, like Gecko) Chrome/56.0.2924.87 Safari/537.36"
90.152.128.107 - - [24/Mar/2017:16:52:13 +0100] "GET /entry.php?id=10271&&ser=370673 HTTP/1.1" 200 990 "http://ed.activities.at/entry.php?id=10271&&ser=370612" "Mozilla/5.0 (Windows NT 10.0; WOW64; rv:52.0) Gecko/20100101 Firefox/52.0"
90.152.128.107 - - [24/Mar/2017:16:52:13 +0100] "GET /gui/javascript/form_form.js?1490370733 HTTP/1.1" 200 16206 "http://ed.activities.at/entry.php?id=10271&&ser=370673" "Mozilla/5.0 (Windows NT 10.0; WOW64; rv:52.0) Gecko/20100101 Firefox/52.0"
212.108.43.59 - - [24/Mar/2017:16:53:05 +0100] "GET /entry.php?id=10271&&ser=370724 HTTP/1.1" 200 987 "http://ed.activities.at/entry.php?id=10271&&ser=370663" "Mozilla/5.0 (Windows NT 10.0; Win64; x64) AppleWebKit/537.36 (KHTML, like Gecko) Chrome/56.0.2924.87 Safari/537.36"
212.108.43.59 - - [24/Mar/2017:16:53:05 +0100] "GET /gui/javascript/form_form.js?1490370785 HTTP/1.1" 200 16206 "http://ed.activities.at/entry.php?id=10271&&ser=370724" "Mozilla/5.0 (Windows NT 10.0; Win64; x64) AppleWebKit/537.36 (KHTML, like Gecko) Chrome/56.0.2924.87 Safari/537.36"
90.152.128.107 - - [24/Mar/2017:16:53:14 +0100] "GET /entry.php?id=10271&&ser=370733 HTTP/1.1" 200 990 "http://ed.activities.at/entry.php?id=10271&&ser=370673" "Mozilla/5.0 (Windows NT 10.0; WOW64; rv:52.0) Gecko/20100101 Firefox/52.0"
90.152.128.107 - - [24/Mar/2017:16:53:14 +0100] "GET /gui/javascript/form_form.js?1490370794 HTTP/1.1" 200 16206 "http://ed.activities.at/entry.php?id=10271&&ser=370733" "Mozilla/5.0 (Windows NT 10.0; WOW64; rv:52.0) Gecko/20100101 Firefox/52.0"
212.108.43.59 - - [24/Mar/2017:16:54:06 +0100] "GET /entry.php?id=10271&&ser=370785 HTTP/1.1" 200 987 "http://ed.activities.at/entry.php?id=10271&&ser=370724" "Mozilla/5.0 (Windows NT 10.0; Win64; x64) AppleWebKit/537.36 (KHTML, like Gecko) Chrome/56.0.2924.87 Safari/537.36"
212.108.43.59 - - [24/Mar/2017:16:54:06 +0100] "GET /gui/javascript/form_form.js?1490370846 HTTP/1.1" 200 16206 "http://ed.activities.at/entry.php?id=10271&&ser=370785" "Mozilla/5.0 (Windows NT 10.0; Win64; x64) AppleWebKit/537.36 (KHTML, like Gecko) Chrome/56.0.2924.87 Safari/537.36"
90.152.128.107 - - [24/Mar/2017:16:54:14 +0100] "GET /entry.php?id=10271&&ser=370794 HTTP/1.1" 200 989 "http://ed.activities.at/entry.php?id=10271&&ser=370733" "Mozilla/5.0 (Windows NT 10.0; WOW64; rv:52.0) Gecko/20100101 Firefox/52.0"
90.152.128.107 - - [24/Mar/2017:16:54:15 +0100] "GET /gui/javascript/form_form.js?1490370855 HTTP/1.1" 200 16206 "http://ed.activities.at/entry.php?id=10271&&ser=370794" "Mozilla/5.0 (Windows NT 10.0; WOW64; rv:52.0) Gecko/20100101 Firefox/52.0"
212.108.43.59 - - [24/Mar/2017:16:55:07 +0100] "GET /entry.php?id=10271&&ser=370846 HTTP/1.1" 200 987 "http://ed.activities.at/entry.php?id=10271&&ser=370785" "Mozilla/5.0 (Windows NT 10.0; Win64; x64) AppleWebKit/537.36 (KHTML, like Gecko) Chrome/56.0.2924.87 Safari/537.36"
212.108.43.59 - - [24/Mar/2017:16:55:07 +0100] "GET /gui/javascript/form_form.js?1490370907 HTTP/1.1" 200 16206 "http://ed.activities.at/entry.php?id=10271&&ser=370846" "Mozilla/5.0 (Windows NT 10.0; Win64; x64) AppleWebKit/537.36 (KHTML, like Gecko) Chrome/56.0.2924.87 Safari/537.36"
90.152.128.107 - - [24/Mar/2017:16:55:15 +0100] "GET /entry.php?id=10271&&ser=370855 HTTP/1.1" 200 989 "http://ed.activities.at/entry.php?id=10271&&ser=370794" "Mozilla/5.0 (Windows NT 10.0; WOW64; rv:52.0) Gecko/20100101 Firefox/52.0"
90.152.128.107 - - [24/Mar/2017:16:55:15 +0100] "GET /gui/javascript/form_form.js?1490370915 HTTP/1.1" 200 16206 "http://ed.activities.at/entry.php?id=10271&&ser=370855" "Mozilla/5.0 (Windows NT 10.0; WOW64; rv:52.0) Gecko/20100101 Firefox/52.0"
212.108.43.59 - - [24/Mar/2017:16:56:08 +0100] "GET /entry.php?id=10271&&ser=370907 HTTP/1.1" 200 987 "http://ed.activities.at/entry.php?id=10271&&ser=370846" "Mozilla/5.0 (Windows NT 10.0; Win64; x64) AppleWebKit/537.36 (KHTML, like Gecko) Chrome/56.0.2924.87 Safari/537.36"
212.108.43.59 - - [24/Mar/2017:16:56:08 +0100] "GET /gui/javascript/form_form.js?1490370968 HTTP/1.1" 200 16206 "http://ed.activities.at/entry.php?id=10271&&ser=370907" "Mozilla/5.0 (Windows NT 10.0; Win64; x64) AppleWebKit/537.36 (KHTML, like Gecko) Chrome/56.0.2924.87 Safari/537.36"
90.152.128.107 - - [24/Mar/2017:16:56:15 +0100] "GET /entry.php?id=10271&&ser=370915 HTTP/1.1" 200 990 "http://ed.activities.at/entry.php?id=10271&&ser=370855" "Mozilla/5.0 (Windows NT 10.0; WOW64; rv:52.0) Gecko/20100101 Firefox/52.0"
90.152.128.107 - - [24/Mar/2017:16:56:16 +0100] "GET /gui/javascript/form_form.js?1490370976 HTTP/1.1" 200 16206 "http://ed.activities.at/entry.php?id=10271&&ser=370915" "Mozilla/5.0 (Windows NT 10.0; WOW64; rv:52.0) Gecko/20100101 Firefox/52.0"
212.108.43.59 - - [24/Mar/2017:16:57:09 +0100] "GET /entry.php?id=10271&&ser=370968 HTTP/1.1" 200 986 "http://ed.activities.at/entry.php?id=10271&&ser=370907" "Mozilla/5.0 (Windows NT 10.0; Win64; x64) AppleWebKit/537.36 (KHTML, like Gecko) Chrome/56.0.2924.87 Safari/537.36"
212.108.43.59 - - [24/Mar/2017:16:57:09 +0100] "GET /gui/javascript/form_form.js?1490371029 HTTP/1.1" 200 16206 "http://ed.activities.at/entry.php?id=10271&&ser=370968" "Mozilla/5.0 (Windows NT 10.0; Win64; x64) AppleWebKit/537.36 (KHTML, like Gecko) Chrome/56.0.2924.87 Safari/537.36"
90.152.128.107 - - [24/Mar/2017:16:57:16 +0100] "GET /entry.php?id=10271&&ser=370976 HTTP/1.1" 200 989 "http://ed.activities.at/entry.php?id=10271&&ser=370915" "Mozilla/5.0 (Windows NT 10.0; WOW64; rv:52.0) Gecko/20100101 Firefox/52.0"
90.152.128.107 - - [24/Mar/2017:16:57:16 +0100] "GET /gui/javascript/form_form.js?1490371036 HTTP/1.1" 200 16206 "http://ed.activities.at/entry.php?id=10271&&ser=370976" "Mozilla/5.0 (Windows NT 10.0; WOW64; rv:52.0) Gecko/20100101 Firefox/52.0"
212.108.43.59 - - [24/Mar/2017:16:58:10 +0100] "GET /entry.php?id=10271&&ser=371029 HTTP/1.1" 200 987 "http://ed.activities.at/entry.php?id=10271&&ser=370968" "Mozilla/5.0 (Windows NT 10.0; Win64; x64) AppleWebKit/537.36 (KHTML, like Gecko) Chrome/56.0.2924.87 Safari/537.36"
212.108.43.59 - - [24/Mar/2017:16:58:10 +0100] "GET /gui/javascript/form_form.js?1490371090 HTTP/1.1" 200 16206 "http://ed.activities.at/entry.php?id=10271&&ser=371029" "Mozilla/5.0 (Windows NT 10.0; Win64; x64) AppleWebKit/537.36 (KHTML, like Gecko) Chrome/56.0.2924.87 Safari/537.36"
90.152.128.107 - - [24/Mar/2017:16:58:17 +0100] "GET /entry.php?id=10271&&ser=371036 HTTP/1.1" 200 989 "http://ed.activities.at/entry.php?id=10271&&ser=370976" "Mozilla/5.0 (Windows NT 10.0; WOW64; rv:52.0) Gecko/20100101 Firefox/52.0"
90.152.128.107 - - [24/Mar/2017:16:58:17 +0100] "GET /gui/javascript/form_form.js?1490371097 HTTP/1.1" 200 16206 "http://ed.activities.at/entry.php?id=10271&&ser=371036" "Mozilla/5.0 (Windows NT 10.0; WOW64; rv:52.0) Gecko/20100101 Firefox/52.0"
212.108.43.59 - - [24/Mar/2017:16:59:11 +0100] "GET /entry.php?id=10271&&ser=371090 HTTP/1.1" 200 987 "http://ed.activities.at/entry.php?id=10271&&ser=371029" "Mozilla/5.0 (Windows NT 10.0; Win64; x64) AppleWebKit/537.36 (KHTML, like Gecko) Chrome/56.0.2924.87 Safari/537.36"
212.108.43.59 - - [24/Mar/2017:16:59:11 +0100] "GET /gui/javascript/form_form.js?1490371151 HTTP/1.1" 200 16206 "http://ed.activities.at/entry.php?id=10271&&ser=371090" "Mozilla/5.0 (Windows NT 10.0; Win64; x64) AppleWebKit/537.36 (KHTML, like Gecko) Chrome/56.0.2924.87 Safari/537.36"
90.152.128.107 - - [24/Mar/2017:16:59:17 +0100] "GET /entry.php?id=10271&&ser=371097 HTTP/1.1" 200 991 "http://ed.activities.at/entry.php?id=10271&&ser=371036" "Mozilla/5.0 (Windows NT 10.0; WOW64; rv:52.0) Gecko/20100101 Firefox/52.0"
90.152.128.107 - - [24/Mar/2017:16:59:18 +0100] "GET /gui/javascript/form_form.js?1490371158 HTTP/1.1" 200 16206 "http://ed.activities.at/entry.php?id=10271&&ser=371097" "Mozilla/5.0 (Windows NT 10.0; WOW64; rv:52.0) Gecko/20100101 Firefox/52.0"
212.108.43.59 - - [24/Mar/2017:17:00:12 +0100] "GET /entry.php?id=10271&&ser=371151 HTTP/1.1" 200 988 "http://ed.activities.at/entry.php?id=10271&&ser=371090" "Mozilla/5.0 (Windows NT 10.0; Win64; x64) AppleWebKit/537.36 (KHTML, like Gecko) Chrome/56.0.2924.87 Safari/537.36"
212.108.43.59 - - [24/Mar/2017:17:00:12 +0100] "GET /gui/javascript/form_form.js?1490371212 HTTP/1.1" 200 16206 "http://ed.activities.at/entry.php?id=10271&&ser=371151" "Mozilla/5.0 (Windows NT 10.0; Win64; x64) AppleWebKit/537.36 (KHTML, like Gecko) Chrome/56.0.2924.87 Safari/537.36"
90.152.128.107 - - [24/Mar/2017:17:00:18 +0100] "GET /entry.php?id=10271&&ser=371157 HTTP/1.1" 200 989 "http://ed.activities.at/entry.php?id=10271&&ser=371097" "Mozilla/5.0 (Windows NT 10.0; WOW64; rv:52.0) Gecko/20100101 Firefox/52.0"
90.152.128.107 - - [24/Mar/2017:17:00:18 +0100] "GET /gui/javascript/form_form.js?1490371218 HTTP/1.1" 200 16206 "http://ed.activities.at/entry.php?id=10271&&ser=371157" "Mozilla/5.0 (Windows NT 10.0; WOW64; rv:52.0) Gecko/20100101 Firefox/52.0"
212.108.43.59 - - [24/Mar/2017:17:01:13 +0100] "GET /entry.php?id=10271&&ser=371212 HTTP/1.1" 200 987 "http://ed.activities.at/entry.php?id=10271&&ser=371151" "Mozilla/5.0 (Windows NT 10.0; Win64; x64) AppleWebKit/537.36 (KHTML, like Gecko) Chrome/56.0.2924.87 Safari/537.36"
212.108.43.59 - - [24/Mar/2017:17:01:13 +0100] "GET /gui/javascript/form_form.js?1490371273 HTTP/1.1" 200 16206 "http://ed.activities.at/entry.php?id=10271&&ser=371212" "Mozilla/5.0 (Windows NT 10.0; Win64; x64) AppleWebKit/537.36 (KHTML, like Gecko) Chrome/56.0.2924.87 Safari/537.36"
90.152.128.107 - - [24/Mar/2017:17:01:18 +0100] "GET /entry.php?id=10271&&ser=371218 HTTP/1.1" 200 990 "http://ed.activities.at/entry.php?id=10271&&ser=371157" "Mozilla/5.0 (Windows NT 10.0; WOW64; rv:52.0) Gecko/20100101 Firefox/52.0"
90.152.128.107 - - [24/Mar/2017:17:01:19 +0100] "GET /gui/javascript/form_form.js?1490371279 HTTP/1.1" 200 16206 "http://ed.activities.at/entry.php?id=10271&&ser=371218" "Mozilla/5.0 (Windows NT 10.0; WOW64; rv:52.0) Gecko/20100101 Firefox/52.0"
212.108.43.59 - - [24/Mar/2017:17:02:14 +0100] "GET /entry.php?id=10271&&ser=371273 HTTP/1.1" 200 988 "http://ed.activities.at/entry.php?id=10271&&ser=371212" "Mozilla/5.0 (Windows NT 10.0; Win64; x64) AppleWebKit/537.36 (KHTML, like Gecko) Chrome/56.0.2924.87 Safari/537.36"
212.108.43.59 - - [24/Mar/2017:17:02:14 +0100] "GET /gui/javascript/form_form.js?1490371334 HTTP/1.1" 200 16206 "http://ed.activities.at/entry.php?id=10271&&ser=371273" "Mozilla/5.0 (Windows NT 10.0; Win64; x64) AppleWebKit/537.36 (KHTML, like Gecko) Chrome/56.0.2924.87 Safari/537.36"
90.152.128.107 - - [24/Mar/2017:17:02:19 +0100] "GET /entry.php?id=10271&&ser=371279 HTTP/1.1" 200 990 "http://ed.activities.at/entry.php?id=10271&&ser=371218" "Mozilla/5.0 (Windows NT 10.0; WOW64; rv:52.0) Gecko/20100101 Firefox/52.0"
90.152.128.107 - - [24/Mar/2017:17:02:19 +0100] "GET /gui/javascript/form_form.js?1490371339 HTTP/1.1" 200 16206 "http://ed.activities.at/entry.php?id=10271&&ser=371279" "Mozilla/5.0 (Windows NT 10.0; WOW64; rv:52.0) Gecko/20100101 Firefox/52.0"
212.108.43.59 - - [24/Mar/2017:17:03:15 +0100] "GET /entry.php?id=10271&&ser=371334 HTTP/1.1" 200 987 "http://ed.activities.at/entry.php?id=10271&&ser=371273" "Mozilla/5.0 (Windows NT 10.0; Win64; x64) AppleWebKit/537.36 (KHTML, like Gecko) Chrome/56.0.2924.87 Safari/537.36"
212.108.43.59 - - [24/Mar/2017:17:03:15 +0100] "GET /gui/javascript/form_form.js?1490371395 HTTP/1.1" 200 16206 "http://ed.activities.at/entry.php?id=10271&&ser=371334" "Mozilla/5.0 (Windows NT 10.0; Win64; x64) AppleWebKit/537.36 (KHTML, like Gecko) Chrome/56.0.2924.87 Safari/537.36"
90.152.128.107 - - [24/Mar/2017:17:03:20 +0100] "GET /entry.php?id=10271&&ser=371339 HTTP/1.1" 200 989 "http://ed.activities.at/entry.php?id=10271&&ser=371279" "Mozilla/5.0 (Windows NT 10.0; WOW64; rv:52.0) Gecko/20100101 Firefox/52.0"
