90.152.128.107 - - [05/Apr/2017:12:49:21 +0200] "GET /entry.php?id=10271&&ser=389301 HTTP/1.1" 200 990 "http://ed.activities.at/entry.php?id=10271&&ser=389241" "Mozilla/5.0 (Windows NT 10.0; WOW64; rv:52.0) Gecko/20100101 Firefox/52.0"
90.152.128.107 - - [05/Apr/2017:12:49:22 +0200] "GET /gui/javascript/form_form.js?1491389362 HTTP/1.1" 200 16206 "http://ed.activities.at/entry.php?id=10271&&ser=389301" "Mozilla/5.0 (Windows NT 10.0; WOW64; rv:52.0) Gecko/20100101 Firefox/52.0"
212.108.43.59 - - [05/Apr/2017:12:49:57 +0200] "GET /entry.php?id=10271&&ser=389337 HTTP/1.1" 200 988 "http://ed.activities.at/entry.php?id=10271&&ser=389277" "Mozilla/5.0 (Windows NT 10.0; Win64; x64) AppleWebKit/537.36 (KHTML, like Gecko) Chrome/56.0.2924.87 Safari/537.36"
212.108.43.59 - - [05/Apr/2017:12:49:58 +0200] "GET /gui/javascript/form_form.js?1491389398 HTTP/1.1" 200 16206 "http://ed.activities.at/entry.php?id=10271&&ser=389337" "Mozilla/5.0 (Windows NT 10.0; Win64; x64) AppleWebKit/537.36 (KHTML, like Gecko) Chrome/56.0.2924.87 Safari/537.36"
90.152.128.107 - - [05/Apr/2017:12:50:22 +0200] "GET /entry.php?id=10271&&ser=389362 HTTP/1.1" 200 990 "http://ed.activities.at/entry.php?id=10271&&ser=389301" "Mozilla/5.0 (Windows NT 10.0; WOW64; rv:52.0) Gecko/20100101 Firefox/52.0"
90.152.128.107 - - [05/Apr/2017:12:50:22 +0200] "GET /gui/javascript/form_form.js?1491389422 HTTP/1.1" 200 16206 "http://ed.activities.at/entry.php?id=10271&&ser=389362" "Mozilla/5.0 (Windows NT 10.0; WOW64; rv:52.0) Gecko/20100101 Firefox/52.0"
212.108.43.59 - - [05/Apr/2017:12:50:58 +0200] "GET /entry.php?id=10271&&ser=389397 HTTP/1.1" 200 987 "http://ed.activities.at/entry.php?id=10271&&ser=389337" "Mozilla/5.0 (Windows NT 10.0; Win64; x64) AppleWebKit/537.36 (KHTML, like Gecko) Chrome/56.0.2924.87 Safari/537.36"
212.108.43.59 - - [05/Apr/2017:12:50:58 +0200] "GET /gui/javascript/form_form.js?1491389458 HTTP/1.1" 200 16206 "http://ed.activities.at/entry.php?id=10271&&ser=389397" "Mozilla/5.0 (Windows NT 10.0; Win64; x64) AppleWebKit/537.36 (KHTML, like Gecko) Chrome/56.0.2924.87 Safari/537.36"
90.152.128.107 - - [05/Apr/2017:12:51:23 +0200] "GET /entry.php?id=10271&&ser=389422 HTTP/1.1" 200 989 "http://ed.activities.at/entry.php?id=10271&&ser=389362" "Mozilla/5.0 (Windows NT 10.0; WOW64; rv:52.0) Gecko/20100101 Firefox/52.0"
90.152.128.107 - - [05/Apr/2017:12:51:23 +0200] "GET /gui/javascript/form_form.js?1491389483 HTTP/1.1" 200 16206 "http://ed.activities.at/entry.php?id=10271&&ser=389422" "Mozilla/5.0 (Windows NT 10.0; WOW64; rv:52.0) Gecko/20100101 Firefox/52.0"
212.108.43.59 - - [05/Apr/2017:12:51:58 +0200] "GET /entry.php?id=10271&&ser=389458 HTTP/1.1" 200 987 "http://ed.activities.at/entry.php?id=10271&&ser=389397" "Mozilla/5.0 (Windows NT 10.0; Win64; x64) AppleWebKit/537.36 (KHTML, like Gecko) Chrome/56.0.2924.87 Safari/537.36"
212.108.43.59 - - [05/Apr/2017:12:51:58 +0200] "GET /gui/javascript/form_form.js?1491389518 HTTP/1.1" 200 16206 "http://ed.activities.at/entry.php?id=10271&&ser=389458" "Mozilla/5.0 (Windows NT 10.0; Win64; x64) AppleWebKit/537.36 (KHTML, like Gecko) Chrome/56.0.2924.87 Safari/537.36"
90.152.128.107 - - [05/Apr/2017:12:52:23 +0200] "GET /entry.php?id=10271&&ser=389483 HTTP/1.1" 200 990 "http://ed.activities.at/entry.php?id=10271&&ser=389422" "Mozilla/5.0 (Windows NT 10.0; WOW64; rv:52.0) Gecko/20100101 Firefox/52.0"
90.152.128.107 - - [05/Apr/2017:12:52:23 +0200] "GET /gui/javascript/form_form.js?1491389543 HTTP/1.1" 200 16206 "http://ed.activities.at/entry.php?id=10271&&ser=389483" "Mozilla/5.0 (Windows NT 10.0; WOW64; rv:52.0) Gecko/20100101 Firefox/52.0"
212.108.43.59 - - [05/Apr/2017:12:52:58 +0200] "GET /entry.php?id=10271&&ser=389518 HTTP/1.1" 200 987 "http://ed.activities.at/entry.php?id=10271&&ser=389458" "Mozilla/5.0 (Windows NT 10.0; Win64; x64) AppleWebKit/537.36 (KHTML, like Gecko) Chrome/56.0.2924.87 Safari/537.36"
212.108.43.59 - - [05/Apr/2017:12:52:59 +0200] "GET /gui/javascript/form_form.js?1491389579 HTTP/1.1" 200 16206 "http://ed.activities.at/entry.php?id=10271&&ser=389518" "Mozilla/5.0 (Windows NT 10.0; Win64; x64) AppleWebKit/537.36 (KHTML, like Gecko) Chrome/56.0.2924.87 Safari/537.36"
90.152.128.107 - - [05/Apr/2017:12:53:24 +0200] "GET /entry.php?id=10271&&ser=389543 HTTP/1.1" 200 989 "http://ed.activities.at/entry.php?id=10271&&ser=389483" "Mozilla/5.0 (Windows NT 10.0; WOW64; rv:52.0) Gecko/20100101 Firefox/52.0"
90.152.128.107 - - [05/Apr/2017:12:53:24 +0200] "GET /gui/javascript/form_form.js?1491389604 HTTP/1.1" 200 16206 "http://ed.activities.at/entry.php?id=10271&&ser=389543" "Mozilla/5.0 (Windows NT 10.0; WOW64; rv:52.0) Gecko/20100101 Firefox/52.0"
212.108.43.59 - - [05/Apr/2017:12:53:59 +0200] "GET /entry.php?id=10271&&ser=389579 HTTP/1.1" 200 987 "http://ed.activities.at/entry.php?id=10271&&ser=389518" "Mozilla/5.0 (Windows NT 10.0; Win64; x64) AppleWebKit/537.36 (KHTML, like Gecko) Chrome/56.0.2924.87 Safari/537.36"
212.108.43.59 - - [05/Apr/2017:12:53:59 +0200] "GET /gui/javascript/form_form.js?1491389639 HTTP/1.1" 200 16206 "http://ed.activities.at/entry.php?id=10271&&ser=389579" "Mozilla/5.0 (Windows NT 10.0; Win64; x64) AppleWebKit/537.36 (KHTML, like Gecko) Chrome/56.0.2924.87 Safari/537.36"
90.152.128.107 - - [05/Apr/2017:12:54:24 +0200] "GET /entry.php?id=10271&&ser=389604 HTTP/1.1" 200 990 "http://ed.activities.at/entry.php?id=10271&&ser=389543" "Mozilla/5.0 (Windows NT 10.0; WOW64; rv:52.0) Gecko/20100101 Firefox/52.0"
90.152.128.107 - - [05/Apr/2017:12:54:24 +0200] "GET /gui/javascript/form_form.js?1491389664 HTTP/1.1" 200 16206 "http://ed.activities.at/entry.php?id=10271&&ser=389604" "Mozilla/5.0 (Windows NT 10.0; WOW64; rv:52.0) Gecko/20100101 Firefox/52.0"
212.108.43.59 - - [05/Apr/2017:12:55:00 +0200] "GET /entry.php?id=10271&&ser=389639 HTTP/1.1" 200 987 "http://ed.activities.at/entry.php?id=10271&&ser=389579" "Mozilla/5.0 (Windows NT 10.0; Win64; x64) AppleWebKit/537.36 (KHTML, like Gecko) Chrome/56.0.2924.87 Safari/537.36"
212.108.43.59 - - [05/Apr/2017:12:55:00 +0200] "GET /gui/javascript/form_form.js?1491389700 HTTP/1.1" 200 16206 "http://ed.activities.at/entry.php?id=10271&&ser=389639" "Mozilla/5.0 (Windows NT 10.0; Win64; x64) AppleWebKit/537.36 (KHTML, like Gecko) Chrome/56.0.2924.87 Safari/537.36"
90.152.128.107 - - [05/Apr/2017:12:55:25 +0200] "GET /entry.php?id=10271&&ser=389664 HTTP/1.1" 200 990 "http://ed.activities.at/entry.php?id=10271&&ser=389604" "Mozilla/5.0 (Windows NT 10.0; WOW64; rv:52.0) Gecko/20100101 Firefox/52.0"
90.152.128.107 - - [05/Apr/2017:12:55:25 +0200] "GET /gui/javascript/form_form.js?1491389725 HTTP/1.1" 200 16206 "http://ed.activities.at/entry.php?id=10271&&ser=389664" "Mozilla/5.0 (Windows NT 10.0; WOW64; rv:52.0) Gecko/20100101 Firefox/52.0"
212.108.43.59 - - [05/Apr/2017:12:56:00 +0200] "GET /entry.php?id=10271&&ser=389700 HTTP/1.1" 200 987 "http://ed.activities.at/entry.php?id=10271&&ser=389639" "Mozilla/5.0 (Windows NT 10.0; Win64; x64) AppleWebKit/537.36 (KHTML, like Gecko) Chrome/56.0.2924.87 Safari/537.36"
212.108.43.59 - - [05/Apr/2017:12:56:00 +0200] "GET /gui/javascript/form_form.js?1491389760 HTTP/1.1" 200 16206 "http://ed.activities.at/entry.php?id=10271&&ser=389700" "Mozilla/5.0 (Windows NT 10.0; Win64; x64) AppleWebKit/537.36 (KHTML, like Gecko) Chrome/56.0.2924.87 Safari/537.36"
90.152.128.107 - - [05/Apr/2017:12:56:25 +0200] "GET /entry.php?id=10271&&ser=389725 HTTP/1.1" 200 989 "http://ed.activities.at/entry.php?id=10271&&ser=389664" "Mozilla/5.0 (Windows NT 10.0; WOW64; rv:52.0) Gecko/20100101 Firefox/52.0"
90.152.128.107 - - [05/Apr/2017:12:56:26 +0200] "GET /gui/javascript/form_form.js?1491389785 HTTP/1.1" 200 16206 "http://ed.activities.at/entry.php?id=10271&&ser=389725" "Mozilla/5.0 (Windows NT 10.0; WOW64; rv:52.0) Gecko/20100101 Firefox/52.0"
212.108.43.59 - - [05/Apr/2017:12:57:00 +0200] "GET /entry.php?id=10271&&ser=389760 HTTP/1.1" 200 986 "http://ed.activities.at/entry.php?id=10271&&ser=389700" "Mozilla/5.0 (Windows NT 10.0; Win64; x64) AppleWebKit/537.36 (KHTML, like Gecko) Chrome/56.0.2924.87 Safari/537.36"
212.108.43.59 - - [05/Apr/2017:12:57:01 +0200] "GET /gui/javascript/form_form.js?1491389821 HTTP/1.1" 200 16206 "http://ed.activities.at/entry.php?id=10271&&ser=389760" "Mozilla/5.0 (Windows NT 10.0; Win64; x64) AppleWebKit/537.36 (KHTML, like Gecko) Chrome/56.0.2924.87 Safari/537.36"
90.152.128.107 - - [05/Apr/2017:12:57:26 +0200] "GET /entry.php?id=10271&&ser=389785 HTTP/1.1" 200 989 "http://ed.activities.at/entry.php?id=10271&&ser=389725" "Mozilla/5.0 (Windows NT 10.0; WOW64; rv:52.0) Gecko/20100101 Firefox/52.0"
90.152.128.107 - - [05/Apr/2017:12:57:26 +0200] "GET /gui/javascript/form_form.js?1491389846 HTTP/1.1" 200 16206 "http://ed.activities.at/entry.php?id=10271&&ser=389785" "Mozilla/5.0 (Windows NT 10.0; WOW64; rv:52.0) Gecko/20100101 Firefox/52.0"
212.108.43.59 - - [05/Apr/2017:12:58:01 +0200] "GET /entry.php?id=10271&&ser=389821 HTTP/1.1" 200 986 "http://ed.activities.at/entry.php?id=10271&&ser=389760" "Mozilla/5.0 (Windows NT 10.0; Win64; x64) AppleWebKit/537.36 (KHTML, like Gecko) Chrome/56.0.2924.87 Safari/537.36"
212.108.43.59 - - [05/Apr/2017:12:58:01 +0200] "GET /gui/javascript/form_form.js?1491389881 HTTP/1.1" 200 16206 "http://ed.activities.at/entry.php?id=10271&&ser=389821" "Mozilla/5.0 (Windows NT 10.0; Win64; x64) AppleWebKit/537.36 (KHTML, like Gecko) Chrome/56.0.2924.87 Safari/537.36"
90.152.128.107 - - [05/Apr/2017:12:58:26 +0200] "GET /entry.php?id=10271&&ser=389846 HTTP/1.1" 200 989 "http://ed.activities.at/entry.php?id=10271&&ser=389785" "Mozilla/5.0 (Windows NT 10.0; WOW64; rv:52.0) Gecko/20100101 Firefox/52.0"
90.152.128.107 - - [05/Apr/2017:12:58:27 +0200] "GET /gui/javascript/form_form.js?1491389907 HTTP/1.1" 200 16206 "http://ed.activities.at/entry.php?id=10271&&ser=389846" "Mozilla/5.0 (Windows NT 10.0; WOW64; rv:52.0) Gecko/20100101 Firefox/52.0"
212.108.43.59 - - [05/Apr/2017:12:59:01 +0200] "GET /entry.php?id=10271&&ser=389881 HTTP/1.1" 200 986 "http://ed.activities.at/entry.php?id=10271&&ser=389821" "Mozilla/5.0 (Windows NT 10.0; Win64; x64) AppleWebKit/537.36 (KHTML, like Gecko) Chrome/56.0.2924.87 Safari/537.36"
212.108.43.59 - - [05/Apr/2017:12:59:01 +0200] "GET /gui/javascript/form_form.js?1491389941 HTTP/1.1" 200 16206 "http://ed.activities.at/entry.php?id=10271&&ser=389881" "Mozilla/5.0 (Windows NT 10.0; Win64; x64) AppleWebKit/537.36 (KHTML, like Gecko) Chrome/56.0.2924.87 Safari/537.36"
90.152.128.107 - - [05/Apr/2017:12:59:27 +0200] "GET /entry.php?id=10271&&ser=389907 HTTP/1.1" 200 990 "http://ed.activities.at/entry.php?id=10271&&ser=389846" "Mozilla/5.0 (Windows NT 10.0; WOW64; rv:52.0) Gecko/20100101 Firefox/52.0"
90.152.128.107 - - [05/Apr/2017:12:59:27 +0200] "GET /gui/javascript/form_form.js?1491389967 HTTP/1.1" 200 16206 "http://ed.activities.at/entry.php?id=10271&&ser=389907" "Mozilla/5.0 (Windows NT 10.0; WOW64; rv:52.0) Gecko/20100101 Firefox/52.0"
90.152.128.107 - - [05/Apr/2017:12:59:32 +0200] "GET /entry.php?id=10270&&__app__=223323 HTTP/1.1" 200 2442 "http://ed.activities.at/entry.php?id=10273&" "Mozilla/5.0 (Windows NT 10.0; WOW64; rv:52.0) Gecko/20100101 Firefox/52.0"
90.152.128.107 - - [05/Apr/2017:12:59:32 +0200] "GET /gui/javascript/form_form.js?1491389972 HTTP/1.1" 200 16206 "http://ed.activities.at/entry.php?id=10270&&__app__=223323" "Mozilla/5.0 (Windows NT 10.0; WOW64; rv:52.0) Gecko/20100101 Firefox/52.0"
90.152.128.107 - - [05/Apr/2017:12:59:32 +0200] "GET /undefined HTTP/1.1" 404 285 "http://ed.activities.at/entry.php?id=10270&&__app__=223323" "Mozilla/5.0 (Windows NT 10.0; WOW64; rv:52.0) Gecko/20100101 Firefox/52.0"
90.152.128.107 - - [05/Apr/2017:12:59:34 +0200] "GET /entry.php?id=10270&&__app__=10006038 HTTP/1.1" 200 2053 "http://ed.activities.at/entry.php?id=10273&" "Mozilla/5.0 (Windows NT 10.0; WOW64; rv:52.0) Gecko/20100101 Firefox/52.0"
90.152.128.107 - - [05/Apr/2017:12:59:35 +0200] "GET /gui/javascript/form_form.js?1491389974 HTTP/1.1" 200 16206 "http://ed.activities.at/entry.php?id=10270&&__app__=10006038" "Mozilla/5.0 (Windows NT 10.0; WOW64; rv:52.0) Gecko/20100101 Firefox/52.0"
90.152.128.107 - - [05/Apr/2017:12:59:35 +0200] "GET /undefined HTTP/1.1" 404 285 "http://ed.activities.at/entry.php?id=10270&&__app__=10006038" "Mozilla/5.0 (Windows NT 10.0; WOW64; rv:52.0) Gecko/20100101 Firefox/52.0"
90.152.128.107 - - [05/Apr/2017:12:59:37 +0200] "GET /entry.php?id=10270&__app__=223323 HTTP/1.1" 200 2442 "http://ed.activities.at/entry.php?id=10273&" "Mozilla/5.0 (Windows NT 10.0; WOW64; rv:52.0) Gecko/20100101 Firefox/52.0"
90.152.128.107 - - [05/Apr/2017:12:59:37 +0200] "GET /entry.php?id=10270&&__app__=223323 HTTP/1.1" 200 2442 "http://ed.activities.at/entry.php?id=10273&" "Mozilla/5.0 (Windows NT 10.0; WOW64; rv:52.0) Gecko/20100101 Firefox/52.0"
90.152.128.107 - - [05/Apr/2017:12:59:37 +0200] "GET /gui/javascript/form_form.js?1491389977 HTTP/1.1" 200 16206 "http://ed.activities.at/entry.php?id=10270&&__app__=223323" "Mozilla/5.0 (Windows NT 10.0; WOW64; rv:52.0) Gecko/20100101 Firefox/52.0"
90.152.128.107 - - [05/Apr/2017:12:59:37 +0200] "GET /undefined HTTP/1.1" 404 285 "http://ed.activities.at/entry.php?id=10270&&__app__=223323" "Mozilla/5.0 (Windows NT 10.0; WOW64; rv:52.0) Gecko/20100101 Firefox/52.0"
90.152.128.107 - - [05/Apr/2017:12:59:39 +0200] "GET /entry.php?id=10270&&__app__=10006038 HTTP/1.1" 200 2053 "http://ed.activities.at/entry.php?id=10273&" "Mozilla/5.0 (Windows NT 10.0; WOW64; rv:52.0) Gecko/20100101 Firefox/52.0"
90.152.128.107 - - [05/Apr/2017:12:59:39 +0200] "GET /gui/javascript/form_form.js?1491389979 HTTP/1.1" 200 16206 "http://ed.activities.at/entry.php?id=10270&&__app__=10006038" "Mozilla/5.0 (Windows NT 10.0; WOW64; rv:52.0) Gecko/20100101 Firefox/52.0"
90.152.128.107 - - [05/Apr/2017:12:59:39 +0200] "GET /undefined HTTP/1.1" 404 285 "http://ed.activities.at/entry.php?id=10270&&__app__=10006038" "Mozilla/5.0 (Windows NT 10.0; WOW64; rv:52.0) Gecko/20100101 Firefox/52.0"
90.152.128.107 - - [05/Apr/2017:12:59:46 +0200] "GET /entry.php?id=11670 HTTP/1.1" 200 320 "http://ed.activities.at/entry.php?id=10270&&__app__=10006038" "Mozilla/5.0 (Windows NT 10.0; WOW64; rv:52.0) Gecko/20100101 Firefox/52.0"
90.152.128.107 - - [05/Apr/2017:12:59:47 +0200] "GET /entry.php?id=10676&&title=Produkte HTTP/1.1" 200 1392 "http://ed.activities.at/entry.php?id=11670" "Mozilla/5.0 (Windows NT 10.0; WOW64; rv:52.0) Gecko/20100101 Firefox/52.0"
90.152.128.107 - - [05/Apr/2017:12:59:47 +0200] "GET /gui/javascript/form_form.js?1491389987 HTTP/1.1" 200 16206 "http://ed.activities.at/entry.php?id=10676&&title=Produkte" "Mozilla/5.0 (Windows NT 10.0; WOW64; rv:52.0) Gecko/20100101 Firefox/52.0"
90.152.128.107 - - [05/Apr/2017:12:59:47 +0200] "GET /entry.php?id=11669& HTTP/1.1" 200 2285 "http://ed.activities.at/entry.php?id=11670" "Mozilla/5.0 (Windows NT 10.0; WOW64; rv:52.0) Gecko/20100101 Firefox/52.0"
90.152.128.107 - - [05/Apr/2017:12:59:47 +0200] "GET /entry.php?id=11668& HTTP/1.1" 200 3369 "http://ed.activities.at/entry.php?id=11670" "Mozilla/5.0 (Windows NT 10.0; WOW64; rv:52.0) Gecko/20100101 Firefox/52.0"
90.152.128.107 - - [05/Apr/2017:12:59:48 +0200] "GET /gui/javascript/form_ed_articles.js HTTP/1.1" 304 - "http://ed.activities.at/entry.php?id=11669&" "Mozilla/5.0 (Windows NT 10.0; WOW64; rv:52.0) Gecko/20100101 Firefox/52.0"
90.152.128.107 - - [05/Apr/2017:12:59:48 +0200] "GET /gui/javascript/form_form.js?1491389988 HTTP/1.1" 200 16206 "http://ed.activities.at/entry.php?id=11668&" "Mozilla/5.0 (Windows NT 10.0; WOW64; rv:52.0) Gecko/20100101 Firefox/52.0"
90.152.128.107 - - [05/Apr/2017:12:59:48 +0200] "GET /entry.php?id=10776&form=11494&name=list& HTTP/1.1" 200 2008 "http://ed.activities.at/entry.php?id=11669&" "Mozilla/5.0 (Windows NT 10.0; WOW64; rv:52.0) Gecko/20100101 Firefox/52.0"
90.152.128.107 - - [05/Apr/2017:12:59:48 +0200] "GET /entry.php?id=10778&form=11494&name=list& HTTP/1.1" 200 4773 "http://ed.activities.at/entry.php?id=11669&" "Mozilla/5.0 (Windows NT 10.0; WOW64; rv:52.0) Gecko/20100101 Firefox/52.0"
90.152.128.107 - - [05/Apr/2017:12:59:49 +0200] "GET /entry.php?id=10776&form=11493&name=list& HTTP/1.1" 200 1581 "http://ed.activities.at/entry.php?id=11668&" "Mozilla/5.0 (Windows NT 10.0; WOW64; rv:52.0) Gecko/20100101 Firefox/52.0"
90.152.128.107 - - [05/Apr/2017:12:59:49 +0200] "GET /entry.php?id=10778&form=11493&name=list& HTTP/1.1" 200 2487 "http://ed.activities.at/entry.php?id=11668&" "Mozilla/5.0 (Windows NT 10.0; WOW64; rv:52.0) Gecko/20100101 Firefox/52.0"
90.152.128.107 - - [05/Apr/2017:12:59:49 +0200] "GET /entry.php?id=11664 HTTP/1.1" 200 343 "http://ed.activities.at/entry.php?id=10270&&__app__=10006038" "Mozilla/5.0 (Windows NT 10.0; WOW64; rv:52.0) Gecko/20100101 Firefox/52.0"
90.152.128.107 - - [05/Apr/2017:12:59:51 +0200] "GET /entry.php?id=10676&&title=Standorte HTTP/1.1" 200 1391 "http://ed.activities.at/entry.php?id=11664" "Mozilla/5.0 (Windows NT 10.0; WOW64; rv:52.0) Gecko/20100101 Firefox/52.0"
90.152.128.107 - - [05/Apr/2017:12:59:51 +0200] "GET /gui/javascript/form_form.js?1491389991 HTTP/1.1" 200 16206 "http://ed.activities.at/entry.php?id=10676&&title=Standorte" "Mozilla/5.0 (Windows NT 10.0; WOW64; rv:52.0) Gecko/20100101 Firefox/52.0"
90.152.128.107 - - [05/Apr/2017:12:59:51 +0200] "GET /entry.php?id=11697& HTTP/1.1" 200 2606 "http://ed.activities.at/entry.php?id=11664" "Mozilla/5.0 (Windows NT 10.0; WOW64; rv:52.0) Gecko/20100101 Firefox/52.0"
90.152.128.107 - - [05/Apr/2017:12:59:52 +0200] "GET /gui/javascript/form_form.js?1491389992 HTTP/1.1" 200 16206 "http://ed.activities.at/entry.php?id=11697&" "Mozilla/5.0 (Windows NT 10.0; WOW64; rv:52.0) Gecko/20100101 Firefox/52.0"
90.152.128.107 - - [05/Apr/2017:12:59:52 +0200] "GET /gui/javascript/form_ed_addresses.js HTTP/1.1" 304 - "http://ed.activities.at/entry.php?id=11697&" "Mozilla/5.0 (Windows NT 10.0; WOW64; rv:52.0) Gecko/20100101 Firefox/52.0"
90.152.128.107 - - [05/Apr/2017:12:59:51 +0200] "GET /entry.php?id=11665& HTTP/1.1" 200 2321 "http://ed.activities.at/entry.php?id=11664" "Mozilla/5.0 (Windows NT 10.0; WOW64; rv:52.0) Gecko/20100101 Firefox/52.0"
90.152.128.107 - - [05/Apr/2017:12:59:51 +0200] "GET /entry.php?id=11666& HTTP/1.1" 200 3942 "http://ed.activities.at/entry.php?id=11664" "Mozilla/5.0 (Windows NT 10.0; WOW64; rv:52.0) Gecko/20100101 Firefox/52.0"
90.152.128.107 - - [05/Apr/2017:12:59:53 +0200] "GET /entry.php?id=10776&form=11522&name=list& HTTP/1.1" 200 2317 "http://ed.activities.at/entry.php?id=11697&" "Mozilla/5.0 (Windows NT 10.0; WOW64; rv:52.0) Gecko/20100101 Firefox/52.0"
90.152.128.107 - - [05/Apr/2017:12:59:53 +0200] "GET /gui/javascript/form_form.js?1491389993 HTTP/1.1" 200 16206 "http://ed.activities.at/entry.php?id=11666&" "Mozilla/5.0 (Windows NT 10.0; WOW64; rv:52.0) Gecko/20100101 Firefox/52.0"
90.152.128.107 - - [05/Apr/2017:12:59:53 +0200] "GET /entry.php?id=10778&form=11522&name=list& HTTP/1.1" 200 31291 "http://ed.activities.at/entry.php?id=11697&" "Mozilla/5.0 (Windows NT 10.0; WOW64; rv:52.0) Gecko/20100101 Firefox/52.0"
90.152.128.107 - - [05/Apr/2017:12:59:53 +0200] "GET /gui/images/icons/email.gif HTTP/1.1" 304 - "http://ed.activities.at/entry.php?id=11666&" "Mozilla/5.0 (Windows NT 10.0; WOW64; rv:52.0) Gecko/20100101 Firefox/52.0"
90.152.128.107 - - [05/Apr/2017:12:59:53 +0200] "GET /gui/images/icons/user_add.png HTTP/1.1" 304 - "http://ed.activities.at/entry.php?id=10776&form=11522&name=list&" "Mozilla/5.0 (Windows NT 10.0; WOW64; rv:52.0) Gecko/20100101 Firefox/52.0"
90.152.128.107 - - [05/Apr/2017:12:59:53 +0200] "GET /gui/images/icons/user_link.png HTTP/1.1" 304 - "http://ed.activities.at/entry.php?id=10776&form=11522&name=list&" "Mozilla/5.0 (Windows NT 10.0; WOW64; rv:52.0) Gecko/20100101 Firefox/52.0"
90.152.128.107 - - [05/Apr/2017:12:59:53 +0200] "GET /gui/images/icons/group.gif HTTP/1.1" 304 - "http://ed.activities.at/entry.php?id=10776&form=11522&name=list&" "Mozilla/5.0 (Windows NT 10.0; WOW64; rv:52.0) Gecko/20100101 Firefox/52.0"
90.152.128.107 - - [05/Apr/2017:12:59:53 +0200] "GET /gui/images/icons/user_edit.png HTTP/1.1" 304 - "http://ed.activities.at/entry.php?id=10776&form=11522&name=list&" "Mozilla/5.0 (Windows NT 10.0; WOW64; rv:52.0) Gecko/20100101 Firefox/52.0"
90.152.128.107 - - [05/Apr/2017:12:59:53 +0200] "GET /entry.php?id=10776&form=11490&name=list& HTTP/1.1" 200 2084 "http://ed.activities.at/entry.php?id=11665&" "Mozilla/5.0 (Windows NT 10.0; WOW64; rv:52.0) Gecko/20100101 Firefox/52.0"
90.152.128.107 - - [05/Apr/2017:12:59:53 +0200] "GET /entry.php?id=10778&form=11490&name=list& HTTP/1.1" 200 9268 "http://ed.activities.at/entry.php?id=11665&" "Mozilla/5.0 (Windows NT 10.0; WOW64; rv:52.0) Gecko/20100101 Firefox/52.0"
90.152.128.107 - - [05/Apr/2017:12:59:55 +0200] "GET /gui/images/icons/user_admin.png HTTP/1.1" 304 - "http://ed.activities.at/entry.php?id=10778&form=11490&name=list&" "Mozilla/5.0 (Windows NT 10.0; WOW64; rv:52.0) Gecko/20100101 Firefox/52.0"
90.152.128.107 - - [05/Apr/2017:12:59:55 +0200] "GET /gui/images/icons/disabled_user_admin.png HTTP/1.1" 304 - "http://ed.activities.at/entry.php?id=10778&form=11490&name=list&" "Mozilla/5.0 (Windows NT 10.0; WOW64; rv:52.0) Gecko/20100101 Firefox/52.0"
212.108.43.59 - - [05/Apr/2017:12:59:58 +0200] "GET / HTTP/1.1" 200 382 "-" "Mozilla/5.0 (Windows NT 10.0; Win64; x64) AppleWebKit/537.36 (KHTML, like Gecko) Chrome/56.0.2924.87 Safari/537.36"
212.108.43.59 - - [05/Apr/2017:12:59:58 +0200] "GET /layout.php HTTP/1.1" 200 910 "http://ed.activities.at/" "Mozilla/5.0 (Windows NT 10.0; Win64; x64) AppleWebKit/537.36 (KHTML, like Gecko) Chrome/56.0.2924.87 Safari/537.36"
212.108.43.59 - - [05/Apr/2017:12:59:58 +0200] "GET /entry.php?id=10270 HTTP/1.1" 200 908 "http://ed.activities.at/layout.php" "Mozilla/5.0 (Windows NT 10.0; Win64; x64) AppleWebKit/537.36 (KHTML, like Gecko) Chrome/56.0.2924.87 Safari/537.36"
212.108.43.59 - - [05/Apr/2017:12:59:58 +0200] "GET /entry.php?id=10273 HTTP/1.1" 200 2032 "http://ed.activities.at/layout.php" "Mozilla/5.0 (Windows NT 10.0; Win64; x64) AppleWebKit/537.36 (KHTML, like Gecko) Chrome/56.0.2924.87 Safari/537.36"
212.108.43.59 - - [05/Apr/2017:12:59:58 +0200] "GET /gui/javascript/form_form.js?1491389998 HTTP/1.1" 200 16206 "http://ed.activities.at/entry.php?id=10270" "Mozilla/5.0 (Windows NT 10.0; Win64; x64) AppleWebKit/537.36 (KHTML, like Gecko) Chrome/56.0.2924.87 Safari/537.36"
212.108.43.59 - - [05/Apr/2017:12:59:58 +0200] "GET /gui/images/icons/Logo_activites_RGB.gif HTTP/1.1" 200 1336 "http://ed.activities.at/entry.php?id=10273" "Mozilla/5.0 (Windows NT 10.0; Win64; x64) AppleWebKit/537.36 (KHTML, like Gecko) Chrome/56.0.2924.87 Safari/537.36"
212.108.43.59 - - [05/Apr/2017:12:59:58 +0200] "GET /entry.php?id=10272 HTTP/1.1" 200 1159 "http://ed.activities.at/layout.php" "Mozilla/5.0 (Windows NT 10.0; Win64; x64) AppleWebKit/537.36 (KHTML, like Gecko) Chrome/56.0.2924.87 Safari/537.36"
212.108.43.59 - - [05/Apr/2017:12:59:58 +0200] "GET /entry.php?id=11412 HTTP/1.1" 200 1764 "http://ed.activities.at/layout.php" "Mozilla/5.0 (Windows NT 10.0; Win64; x64) AppleWebKit/537.36 (KHTML, like Gecko) Chrome/56.0.2924.87 Safari/537.36"
212.108.43.59 - - [05/Apr/2017:12:59:59 +0200] "GET /framework/webfx/style/toolbar/images/cbback.gif HTTP/1.1" 404 314 "http://ed.activities.at/framework/webfx/style/toolbar/cb2.css" "Mozilla/5.0 (Windows NT 10.0; Win64; x64) AppleWebKit/537.36 (KHTML, like Gecko) Chrome/56.0.2924.87 Safari/537.36"
212.108.43.59 - - [05/Apr/2017:12:59:59 +0200] "GET /gui/images/icons/cancel.gif HTTP/1.1" 200 125 "http://ed.activities.at/entry.php?id=11412" "Mozilla/5.0 (Windows NT 10.0; Win64; x64) AppleWebKit/537.36 (KHTML, like Gecko) Chrome/56.0.2924.87 Safari/537.36"
212.108.43.59 - - [05/Apr/2017:12:59:59 +0200] "GET /entry.php?id=10270&__app__=10006038 HTTP/1.1" 200 1648 "http://ed.activities.at/entry.php?id=10273" "Mozilla/5.0 (Windows NT 10.0; Win64; x64) AppleWebKit/537.36 (KHTML, like Gecko) Chrome/56.0.2924.87 Safari/537.36"
212.108.43.59 - - [05/Apr/2017:12:59:59 +0200] "GET /gui/javascript/form_form.js?1491389999 HTTP/1.1" 200 16206 "http://ed.activities.at/entry.php?id=10270&__app__=10006038" "Mozilla/5.0 (Windows NT 10.0; Win64; x64) AppleWebKit/537.36 (KHTML, like Gecko) Chrome/56.0.2924.87 Safari/537.36"
212.108.43.59 - - [05/Apr/2017:12:59:59 +0200] "GET /gui/images/icons/menumanagement.gif HTTP/1.1" 200 204 "http://ed.activities.at/entry.php?id=10270&__app__=10006038" "Mozilla/5.0 (Windows NT 10.0; Win64; x64) AppleWebKit/537.36 (KHTML, like Gecko) Chrome/56.0.2924.87 Safari/537.36"
212.108.43.59 - - [05/Apr/2017:12:59:59 +0200] "GET /gui/images/icons/i_aktionsreminder.gif HTTP/1.1" 200 2181 "http://ed.activities.at/entry.php?id=10270&__app__=10006038" "Mozilla/5.0 (Windows NT 10.0; Win64; x64) AppleWebKit/537.36 (KHTML, like Gecko) Chrome/56.0.2924.87 Safari/537.36"
212.108.43.59 - - [05/Apr/2017:12:59:59 +0200] "GET /gui/images/icons/i_haendler_sollverteiler.gif HTTP/1.1" 200 1330 "http://ed.activities.at/entry.php?id=10270&__app__=10006038" "Mozilla/5.0 (Windows NT 10.0; Win64; x64) AppleWebKit/537.36 (KHTML, like Gecko) Chrome/56.0.2924.87 Safari/537.36"
212.108.43.59 - - [05/Apr/2017:12:59:59 +0200] "GET /gui/images/icons/artikelbearbeitung_verfassung.gif HTTP/1.1" 200 1719 "http://ed.activities.at/entry.php?id=10270&__app__=10006038" "Mozilla/5.0 (Windows NT 10.0; Win64; x64) AppleWebKit/537.36 (KHTML, like Gecko) Chrome/56.0.2924.87 Safari/537.36"
212.108.43.59 - - [05/Apr/2017:12:59:59 +0200] "GET /gui/images/icons/i_artikel.gif HTTP/1.1" 200 1765 "http://ed.activities.at/entry.php?id=10270&__app__=10006038" "Mozilla/5.0 (Windows NT 10.0; Win64; x64) AppleWebKit/537.36 (KHTML, like Gecko) Chrome/56.0.2924.87 Safari/537.36"
212.108.43.59 - - [05/Apr/2017:12:59:59 +0200] "GET /gui/images/icons/i_aktionen.gif HTTP/1.1" 200 1920 "http://ed.activities.at/entry.php?id=10270&__app__=10006038" "Mozilla/5.0 (Windows NT 10.0; Win64; x64) AppleWebKit/537.36 (KHTML, like Gecko) Chrome/56.0.2924.87 Safari/537.36"
212.108.43.59 - - [05/Apr/2017:12:59:59 +0200] "GET /undefined HTTP/1.1" 404 285 "http://ed.activities.at/entry.php?id=10270&__app__=10006038" "Mozilla/5.0 (Windows NT 10.0; Win64; x64) AppleWebKit/537.36 (KHTML, like Gecko) Chrome/56.0.2924.87 Safari/537.36"
212.108.43.59 - - [05/Apr/2017:12:59:59 +0200] "GET /gui/images/icons/pers_einstellungen.gif HTTP/1.1" 200 1461 "http://ed.activities.at/entry.php?id=10270&__app__=10006038" "Mozilla/5.0 (Windows NT 10.0; Win64; x64) AppleWebKit/537.36 (KHTML, like Gecko) Chrome/56.0.2924.87 Safari/537.36"
212.108.43.59 - - [05/Apr/2017:12:59:59 +0200] "GET /entry.php?id=10271& HTTP/1.1" 200 986 "http://ed.activities.at/entry.php?id=10272" "Mozilla/5.0 (Windows NT 10.0; Win64; x64) AppleWebKit/537.36 (KHTML, like Gecko) Chrome/56.0.2924.87 Safari/537.36"
212.108.43.59 - - [05/Apr/2017:12:59:59 +0200] "GET /framework/icons/navigation/arrowdown.gif HTTP/1.1" 200 424 "http://ed.activities.at/entry.php?id=10270&__app__=10006038" "Mozilla/5.0 (Windows NT 10.0; Win64; x64) AppleWebKit/537.36 (KHTML, like Gecko) Chrome/56.0.2924.87 Safari/537.36"
212.108.43.59 - - [05/Apr/2017:12:59:59 +0200] "GET /gui/images/icons/i_firmen.gif HTTP/1.1" 200 1463 "http://ed.activities.at/entry.php?id=10270&__app__=10006038" "Mozilla/5.0 (Windows NT 10.0; Win64; x64) AppleWebKit/537.36 (KHTML, like Gecko) Chrome/56.0.2924.87 Safari/537.36"
212.108.43.59 - - [05/Apr/2017:12:59:59 +0200] "GET /framework/icons/navigation/arrowup.gif HTTP/1.1" 200 407 "http://ed.activities.at/entry.php?id=10270&__app__=10006038" "Mozilla/5.0 (Windows NT 10.0; Win64; x64) AppleWebKit/537.36 (KHTML, like Gecko) Chrome/56.0.2924.87 Safari/537.36"
212.108.43.59 - - [05/Apr/2017:12:59:59 +0200] "GET /entry.php?id=10287 HTTP/1.1" 200 2174 "http://ed.activities.at/entry.php?id=11412" "Mozilla/5.0 (Windows NT 10.0; Win64; x64) AppleWebKit/537.36 (KHTML, like Gecko) Chrome/56.0.2924.87 Safari/537.36"
90.152.128.107 - - [05/Apr/2017:12:59:59 +0200] "POST /entry.php?id=11666 HTTP/1.1" 200 4080 "http://ed.activities.at/entry.php?id=11666&" "Mozilla/5.0 (Windows NT 10.0; WOW64; rv:52.0) Gecko/20100101 Firefox/52.0"
90.152.128.107 - - [05/Apr/2017:12:59:59 +0200] "GET /gui/javascript/form_form.js?1491389999 HTTP/1.1" 200 16206 "http://ed.activities.at/entry.php?id=11666" "Mozilla/5.0 (Windows NT 10.0; WOW64; rv:52.0) Gecko/20100101 Firefox/52.0"
90.152.128.107 - - [05/Apr/2017:12:59:59 +0200] "POST /entry.php?id=11697 HTTP/1.1" 200 2605 "http://ed.activities.at/entry.php?id=11697&" "Mozilla/5.0 (Windows NT 10.0; WOW64; rv:52.0) Gecko/20100101 Firefox/52.0"
90.152.128.107 - - [05/Apr/2017:13:00:00 +0200] "GET /gui/javascript/form_form.js?1491390000 HTTP/1.1" 200 16206 "http://ed.activities.at/entry.php?id=11697" "Mozilla/5.0 (Windows NT 10.0; WOW64; rv:52.0) Gecko/20100101 Firefox/52.0"
90.152.128.107 - - [05/Apr/2017:13:00:01 +0200] "GET /entry.php?id=10776&form=11522&name=list& HTTP/1.1" 200 2323 "http://ed.activities.at/entry.php?id=11697" "Mozilla/5.0 (Windows NT 10.0; WOW64; rv:52.0) Gecko/20100101 Firefox/52.0"
90.152.128.107 - - [05/Apr/2017:13:00:01 +0200] "GET /entry.php?id=10778&form=11522&name=list& HTTP/1.1" 200 31319 "http://ed.activities.at/entry.php?id=11697" "Mozilla/5.0 (Windows NT 10.0; WOW64; rv:52.0) Gecko/20100101 Firefox/52.0"
212.108.43.59 - - [05/Apr/2017:13:00:01 +0200] "GET /entry.php?id=10271&&ser=389941 HTTP/1.1" 200 986 "http://ed.activities.at/entry.php?id=10271&&ser=389881" "Mozilla/5.0 (Windows NT 10.0; Win64; x64) AppleWebKit/537.36 (KHTML, like Gecko) Chrome/56.0.2924.87 Safari/537.36"
212.108.43.59 - - [05/Apr/2017:13:00:02 +0200] "GET /gui/javascript/form_form.js?1491390002 HTTP/1.1" 200 16206 "http://ed.activities.at/entry.php?id=10271&&ser=389941" "Mozilla/5.0 (Windows NT 10.0; Win64; x64) AppleWebKit/537.36 (KHTML, like Gecko) Chrome/56.0.2924.87 Safari/537.36"
90.152.128.107 - - [05/Apr/2017:13:00:03 +0200] "POST /entry.php?id=11666 HTTP/1.1" 200 3739 "http://ed.activities.at/entry.php?id=11666" "Mozilla/5.0 (Windows NT 10.0; WOW64; rv:52.0) Gecko/20100101 Firefox/52.0"
90.152.128.107 - - [05/Apr/2017:13:00:04 +0200] "GET /gui/javascript/form_form.js?1491390004 HTTP/1.1" 200 16206 "http://ed.activities.at/entry.php?id=11666" "Mozilla/5.0 (Windows NT 10.0; WOW64; rv:52.0) Gecko/20100101 Firefox/52.0"
90.152.128.107 - - [05/Apr/2017:13:00:04 +0200] "GET /gui/images/icons/delete.gif HTTP/1.1" 200 86 "http://ed.activities.at/entry.php?id=11666" "Mozilla/5.0 (Windows NT 10.0; WOW64; rv:52.0) Gecko/20100101 Firefox/52.0"
212.108.43.59 - - [05/Apr/2017:13:00:04 +0200] "POST /entry.php?id=10287& HTTP/1.1" 200 2250 "http://ed.activities.at/entry.php?id=10287" "Mozilla/5.0 (Windows NT 10.0; Win64; x64) AppleWebKit/537.36 (KHTML, like Gecko) Chrome/56.0.2924.87 Safari/537.36"
212.108.43.59 - - [05/Apr/2017:13:00:05 +0200] "GET /gui/javascript/form_form.js?1491390005 HTTP/1.1" 200 16206 "http://ed.activities.at/entry.php?id=10287&" "Mozilla/5.0 (Windows NT 10.0; Win64; x64) AppleWebKit/537.36 (KHTML, like Gecko) Chrome/56.0.2924.87 Safari/537.36"
212.108.43.59 - - [05/Apr/2017:13:00:05 +0200] "GET /entry.php?id=10271& HTTP/1.1" 200 986 "http://ed.activities.at/entry.php?id=10271&" "Mozilla/5.0 (Windows NT 10.0; Win64; x64) AppleWebKit/537.36 (KHTML, like Gecko) Chrome/56.0.2924.87 Safari/537.36"
212.108.43.59 - - [05/Apr/2017:13:00:05 +0200] "GET /gui/javascript/jquery/css/gui-themes/custom.min.css HTTP/1.1" 304 - "http://ed.activities.at/entry.php?id=10271&" "Mozilla/5.0 (Windows NT 10.0; Win64; x64) AppleWebKit/537.36 (KHTML, like Gecko) Chrome/56.0.2924.87 Safari/537.36"
212.108.43.59 - - [05/Apr/2017:13:00:05 +0200] "GET /gui/javascript/jquery/css/gui-themes/jquery.tooltip.css HTTP/1.1" 304 - "http://ed.activities.at/entry.php?id=10271&" "Mozilla/5.0 (Windows NT 10.0; Win64; x64) AppleWebKit/537.36 (KHTML, like Gecko) Chrome/56.0.2924.87 Safari/537.36"
212.108.43.59 - - [05/Apr/2017:13:00:05 +0200] "GET /gui/javascript/jquery/css/gui-themes/ui.spinner.css HTTP/1.1" 304 - "http://ed.activities.at/entry.php?id=10271&" "Mozilla/5.0 (Windows NT 10.0; Win64; x64) AppleWebKit/537.36 (KHTML, like Gecko) Chrome/56.0.2924.87 Safari/537.36"
212.108.43.59 - - [05/Apr/2017:13:00:05 +0200] "GET /gui/styles/tmplDefault.css HTTP/1.1" 304 - "http://ed.activities.at/entry.php?id=10271&" "Mozilla/5.0 (Windows NT 10.0; Win64; x64) AppleWebKit/537.36 (KHTML, like Gecko) Chrome/56.0.2924.87 Safari/537.36"
212.108.43.59 - - [05/Apr/2017:13:00:05 +0200] "GET /gui/javascript/form_form.js?1491390005 HTTP/1.1" 304 - "http://ed.activities.at/entry.php?id=10271&" "Mozilla/5.0 (Windows NT 10.0; Win64; x64) AppleWebKit/537.36 (KHTML, like Gecko) Chrome/56.0.2924.87 Safari/537.36"
212.108.43.59 - - [05/Apr/2017:13:00:05 +0200] "GET /gui/javascript/jquery/js/jquery-1.8.2.js HTTP/1.1" 304 - "http://ed.activities.at/entry.php?id=10271&" "Mozilla/5.0 (Windows NT 10.0; Win64; x64) AppleWebKit/537.36 (KHTML, like Gecko) Chrome/56.0.2924.87 Safari/537.36"
212.108.43.59 - - [05/Apr/2017:13:00:05 +0200] "GET /gui/javascript/jquery/js/jquery-ui-1.9.0.custom.min.js HTTP/1.1" 304 - "http://ed.activities.at/entry.php?id=10271&" "Mozilla/5.0 (Windows NT 10.0; Win64; x64) AppleWebKit/537.36 (KHTML, like Gecko) Chrome/56.0.2924.87 Safari/537.36"
212.108.43.59 - - [05/Apr/2017:13:00:05 +0200] "GET /gui/javascript/jquery/jquery-tooltip/jquery.tooltip.min.js HTTP/1.1" 304 - "http://ed.activities.at/entry.php?id=10271&" "Mozilla/5.0 (Windows NT 10.0; Win64; x64) AppleWebKit/537.36 (KHTML, like Gecko) Chrome/56.0.2924.87 Safari/537.36"
212.108.43.59 - - [05/Apr/2017:13:00:06 +0200] "GET /entry.php?id=11681 HTTP/1.1" 200 328 "http://ed.activities.at/entry.php?id=10270&__app__=10006038" "Mozilla/5.0 (Windows NT 10.0; Win64; x64) AppleWebKit/537.36 (KHTML, like Gecko) Chrome/56.0.2924.87 Safari/537.36"
212.108.43.59 - - [05/Apr/2017:13:00:06 +0200] "GET /entry.php?id=10676&&title=Contentverwaltung HTTP/1.1" 200 1391 "http://ed.activities.at/entry.php?id=11681" "Mozilla/5.0 (Windows NT 10.0; Win64; x64) AppleWebKit/537.36 (KHTML, like Gecko) Chrome/56.0.2924.87 Safari/537.36"
212.108.43.59 - - [05/Apr/2017:13:00:06 +0200] "GET /gui/javascript/form_form.js?1491390006 HTTP/1.1" 200 16206 "http://ed.activities.at/entry.php?id=10676&&title=Contentverwaltung" "Mozilla/5.0 (Windows NT 10.0; Win64; x64) AppleWebKit/537.36 (KHTML, like Gecko) Chrome/56.0.2924.87 Safari/537.36"
212.108.43.59 - - [05/Apr/2017:13:00:06 +0200] "GET /entry.php?id=11683& HTTP/1.1" 200 2681 "http://ed.activities.at/entry.php?id=11681" "Mozilla/5.0 (Windows NT 10.0; Win64; x64) AppleWebKit/537.36 (KHTML, like Gecko) Chrome/56.0.2924.87 Safari/537.36"
212.108.43.59 - - [05/Apr/2017:13:00:06 +0200] "GET /entry.php?id=11684& HTTP/1.1" 200 3804 "http://ed.activities.at/entry.php?id=11681" "Mozilla/5.0 (Windows NT 10.0; Win64; x64) AppleWebKit/537.36 (KHTML, like Gecko) Chrome/56.0.2924.87 Safari/537.36"
212.108.43.59 - - [05/Apr/2017:13:00:07 +0200] "GET /gui/images/icons/disabled_information.gif HTTP/1.1" 200 624 "http://ed.activities.at/entry.php?id=11684&" "Mozilla/5.0 (Windows NT 10.0; Win64; x64) AppleWebKit/537.36 (KHTML, like Gecko) Chrome/56.0.2924.87 Safari/537.36"
212.108.43.59 - - [05/Apr/2017:13:00:07 +0200] "GET /gui/images/icons/disabled_delete.gif HTTP/1.1" 200 86 "http://ed.activities.at/entry.php?id=11684&" "Mozilla/5.0 (Windows NT 10.0; Win64; x64) AppleWebKit/537.36 (KHTML, like Gecko) Chrome/56.0.2924.87 Safari/537.36"
212.108.43.59 - - [05/Apr/2017:13:00:07 +0200] "GET /gui/javascript/form_form.js?1491390007 HTTP/1.1" 200 16206 "http://ed.activities.at/entry.php?id=11684&" "Mozilla/5.0 (Windows NT 10.0; Win64; x64) AppleWebKit/537.36 (KHTML, like Gecko) Chrome/56.0.2924.87 Safari/537.36"
212.108.43.59 - - [05/Apr/2017:13:00:06 +0200] "GET /entry.php?id=10776&form=11508&name=list& HTTP/1.1" 200 1895 "http://ed.activities.at/entry.php?id=11683&" "Mozilla/5.0 (Windows NT 10.0; Win64; x64) AppleWebKit/537.36 (KHTML, like Gecko) Chrome/56.0.2924.87 Safari/537.36"
212.108.43.59 - - [05/Apr/2017:13:00:06 +0200] "GET /entry.php?id=10778&form=11508&name=list& HTTP/1.1" 200 4800 "http://ed.activities.at/entry.php?id=11683&" "Mozilla/5.0 (Windows NT 10.0; Win64; x64) AppleWebKit/537.36 (KHTML, like Gecko) Chrome/56.0.2924.87 Safari/537.36"
212.108.43.59 - - [05/Apr/2017:13:00:07 +0200] "GET /framework/icons/fwx_trans.gif HTTP/1.1" 200 43 "http://ed.activities.at/entry.php?id=10776&form=11508&name=list&" "Mozilla/5.0 (Windows NT 10.0; Win64; x64) AppleWebKit/537.36 (KHTML, like Gecko) Chrome/56.0.2924.87 Safari/537.36"
212.108.43.59 - - [05/Apr/2017:13:00:07 +0200] "GET /gui/images/icons/filter_on.gif HTTP/1.1" 200 316 "http://ed.activities.at/entry.php?id=10776&form=11508&name=list&" "Mozilla/5.0 (Windows NT 10.0; Win64; x64) AppleWebKit/537.36 (KHTML, like Gecko) Chrome/56.0.2924.87 Safari/537.36"
212.108.43.59 - - [05/Apr/2017:13:00:07 +0200] "GET /gui/images/icons/information.gif HTTP/1.1" 200 1025 "http://ed.activities.at/entry.php?id=10776&form=11508&name=list&" "Mozilla/5.0 (Windows NT 10.0; Win64; x64) AppleWebKit/537.36 (KHTML, like Gecko) Chrome/56.0.2924.87 Safari/537.36"
212.108.43.59 - - [05/Apr/2017:13:00:07 +0200] "GET /gui/images/icons/disable_light.gif HTTP/1.1" 200 616 "http://ed.activities.at/entry.php?id=10776&form=11508&name=list&" "Mozilla/5.0 (Windows NT 10.0; Win64; x64) AppleWebKit/537.36 (KHTML, like Gecko) Chrome/56.0.2924.87 Safari/537.36"
212.108.43.59 - - [05/Apr/2017:13:00:07 +0200] "GET /gui/images/icons/lupe.gif HTTP/1.1" 200 324 "http://ed.activities.at/entry.php?id=10776&form=11508&name=list&" "Mozilla/5.0 (Windows NT 10.0; Win64; x64) AppleWebKit/537.36 (KHTML, like Gecko) Chrome/56.0.2924.87 Safari/537.36"
212.108.43.59 - - [05/Apr/2017:13:00:07 +0200] "GET /gui/images/icons/note_msg_icon.gif HTTP/1.1" 200 1022 "http://ed.activities.at/entry.php?id=10778&form=11508&name=list&" "Mozilla/5.0 (Windows NT 10.0; Win64; x64) AppleWebKit/537.36 (KHTML, like Gecko) Chrome/56.0.2924.87 Safari/537.36"
212.108.43.59 - - [05/Apr/2017:13:00:10 +0200] "GET /entry.php?id=11679 HTTP/1.1" 200 312 "http://ed.activities.at/entry.php?id=10270&__app__=10006038" "Mozilla/5.0 (Windows NT 10.0; Win64; x64) AppleWebKit/537.36 (KHTML, like Gecko) Chrome/56.0.2924.87 Safari/537.36"
212.108.43.59 - - [05/Apr/2017:13:00:11 +0200] "GET /entry.php?id=11677& HTTP/1.1" 200 4373 "http://ed.activities.at/entry.php?id=11679" "Mozilla/5.0 (Windows NT 10.0; Win64; x64) AppleWebKit/537.36 (KHTML, like Gecko) Chrome/56.0.2924.87 Safari/537.36"
212.108.43.59 - - [05/Apr/2017:13:00:12 +0200] "GET /gui/javascript/jquery/js/i18n/jquery.ui.datepicker-de.js HTTP/1.1" 200 479 "http://ed.activities.at/entry.php?id=11677&" "Mozilla/5.0 (Windows NT 10.0; Win64; x64) AppleWebKit/537.36 (KHTML, like Gecko) Chrome/56.0.2924.87 Safari/537.36"
212.108.43.59 - - [05/Apr/2017:13:00:12 +0200] "GET /gui/javascript/form_form.js?1491390012 HTTP/1.1" 200 16206 "http://ed.activities.at/entry.php?id=11677&" "Mozilla/5.0 (Windows NT 10.0; Win64; x64) AppleWebKit/537.36 (KHTML, like Gecko) Chrome/56.0.2924.87 Safari/537.36"
212.108.43.59 - - [05/Apr/2017:13:00:12 +0200] "GET /gui/images/icons/edit.gif HTTP/1.1" 200 384 "http://ed.activities.at/entry.php?id=11677&" "Mozilla/5.0 (Windows NT 10.0; Win64; x64) AppleWebKit/537.36 (KHTML, like Gecko) Chrome/56.0.2924.87 Safari/537.36"
212.108.43.59 - - [05/Apr/2017:13:00:12 +0200] "GET /gui/javascript/jquery/js/i18n/jquery-ui-timepicker-de.js HTTP/1.1" 200 333 "http://ed.activities.at/entry.php?id=11677&" "Mozilla/5.0 (Windows NT 10.0; Win64; x64) AppleWebKit/537.36 (KHTML, like Gecko) Chrome/56.0.2924.87 Safari/537.36"
212.108.43.59 - - [05/Apr/2017:13:00:12 +0200] "GET /gui/images/icons/disabled_wizard.png HTTP/1.1" 200 658 "http://ed.activities.at/entry.php?id=11677&" "Mozilla/5.0 (Windows NT 10.0; Win64; x64) AppleWebKit/537.36 (KHTML, like Gecko) Chrome/56.0.2924.87 Safari/537.36"
212.108.43.59 - - [05/Apr/2017:13:00:12 +0200] "GET /gui/images/icons/disabled_calendar.png HTTP/1.1" 200 640 "http://ed.activities.at/entry.php?id=11677&" "Mozilla/5.0 (Windows NT 10.0; Win64; x64) AppleWebKit/537.36 (KHTML, like Gecko) Chrome/56.0.2924.87 Safari/537.36"
212.108.43.59 - - [05/Apr/2017:13:00:11 +0200] "GET /entry.php?id=11678& HTTP/1.1" 200 13849 "http://ed.activities.at/entry.php?id=11679" "Mozilla/5.0 (Windows NT 10.0; Win64; x64) AppleWebKit/537.36 (KHTML, like Gecko) Chrome/56.0.2924.87 Safari/537.36"
212.108.43.59 - - [05/Apr/2017:13:00:12 +0200] "GET /activities/framework/KoolControls/KoolAjax/koolajax.php?8436e354c842500aba3cbaf0584c0c24 HTTP/1.1" 200 4079 "http://ed.activities.at/entry.php?id=11678&" "Mozilla/5.0 (Windows NT 10.0; Win64; x64) AppleWebKit/537.36 (KHTML, like Gecko) Chrome/56.0.2924.87 Safari/537.36"
212.108.43.59 - - [05/Apr/2017:13:00:12 +0200] "GET /activities/framework/KoolControls/KoolTreeView/icons/website.gif HTTP/1.1" 200 1049 "http://ed.activities.at/entry.php?id=11678&" "Mozilla/5.0 (Windows NT 10.0; Win64; x64) AppleWebKit/537.36 (KHTML, like Gecko) Chrome/56.0.2924.87 Safari/537.36"
212.108.43.59 - - [05/Apr/2017:13:00:12 +0200] "GET /activities/framework/KoolControls/KoolTreeView/icons/square_greenS.gif HTTP/1.1" 200 541 "http://ed.activities.at/entry.php?id=11678&" "Mozilla/5.0 (Windows NT 10.0; Win64; x64) AppleWebKit/537.36 (KHTML, like Gecko) Chrome/56.0.2924.87 Safari/537.36"
212.108.43.59 - - [05/Apr/2017:13:00:12 +0200] "GET /activities/framework/KoolControls/KoolTreeView/icons/square_greyS.gif HTTP/1.1" 200 342 "http://ed.activities.at/entry.php?id=11678&" "Mozilla/5.0 (Windows NT 10.0; Win64; x64) AppleWebKit/537.36 (KHTML, like Gecko) Chrome/56.0.2924.87 Safari/537.36"
212.108.43.59 - - [05/Apr/2017:13:00:12 +0200] "GET /activities/framework/KoolControls/KoolTreeView/icons/square_yellowS.gif HTTP/1.1" 200 541 "http://ed.activities.at/entry.php?id=11678&" "Mozilla/5.0 (Windows NT 10.0; Win64; x64) AppleWebKit/537.36 (KHTML, like Gecko) Chrome/56.0.2924.87 Safari/537.36"
212.108.43.59 - - [05/Apr/2017:13:00:12 +0200] "GET /gui/images/icons/website_modified.gif HTTP/1.1" 200 1060 "http://ed.activities.at/entry.php?id=11678&" "Mozilla/5.0 (Windows NT 10.0; Win64; x64) AppleWebKit/537.36 (KHTML, like Gecko) Chrome/56.0.2924.87 Safari/537.36"
212.108.43.59 - - [05/Apr/2017:13:00:12 +0200] "GET /gui/images/icons/square_yellowS.gif HTTP/1.1" 200 541 "http://ed.activities.at/entry.php?id=11678&" "Mozilla/5.0 (Windows NT 10.0; Win64; x64) AppleWebKit/537.36 (KHTML, like Gecko) Chrome/56.0.2924.87 Safari/537.36"
212.108.43.59 - - [05/Apr/2017:13:00:11 +0200] "GET /entry.php?id=10676&title=Portal& HTTP/1.1" 200 1386 "http://ed.activities.at/entry.php?id=11679" "Mozilla/5.0 (Windows NT 10.0; Win64; x64) AppleWebKit/537.36 (KHTML, like Gecko) Chrome/56.0.2924.87 Safari/537.36"
212.108.43.59 - - [05/Apr/2017:13:00:12 +0200] "GET /gui/images/icons/square_greenS.gif HTTP/1.1" 200 541 "http://ed.activities.at/entry.php?id=11678&" "Mozilla/5.0 (Windows NT 10.0; Win64; x64) AppleWebKit/537.36 (KHTML, like Gecko) Chrome/56.0.2924.87 Safari/537.36"
212.108.43.59 - - [05/Apr/2017:13:00:12 +0200] "GET /gui/images/icons/square_greyS.gif HTTP/1.1" 200 342 "http://ed.activities.at/entry.php?id=11678&" "Mozilla/5.0 (Windows NT 10.0; Win64; x64) AppleWebKit/537.36 (KHTML, like Gecko) Chrome/56.0.2924.87 Safari/537.36"
212.108.43.59 - - [05/Apr/2017:13:00:12 +0200] "GET /activities/framework/KoolControls/KoolTreeView/styles/default/default.css HTTP/1.1" 200 1099 "http://ed.activities.at/entry.php?id=11678&" "Mozilla/5.0 (Windows NT 10.0; Win64; x64) AppleWebKit/537.36 (KHTML, like Gecko) Chrome/56.0.2924.87 Safari/537.36"
212.108.43.59 - - [05/Apr/2017:13:00:12 +0200] "GET /activities/framework/KoolControls/KoolTreeView/styles/default/L.gif HTTP/1.1" 200 67 "http://ed.activities.at/activities/framework/KoolControls/KoolTreeView/styles/default/default.css" "Mozilla/5.0 (Windows NT 10.0; Win64; x64) AppleWebKit/537.36 (KHTML, like Gecko) Chrome/56.0.2924.87 Safari/537.36"
212.108.43.59 - - [05/Apr/2017:13:00:12 +0200] "GET /activities/framework/KoolControls/KoolTreeView/styles/default/pm.gif HTTP/1.1" 200 214 "http://ed.activities.at/activities/framework/KoolControls/KoolTreeView/styles/default/default.css" "Mozilla/5.0 (Windows NT 10.0; Win64; x64) AppleWebKit/537.36 (KHTML, like Gecko) Chrome/56.0.2924.87 Safari/537.36"
212.108.43.59 - - [05/Apr/2017:13:00:12 +0200] "GET /activities/framework/KoolControls/KoolTreeView/styles/default/v.gif HTTP/1.1" 200 1940 "http://ed.activities.at/activities/framework/KoolControls/KoolTreeView/styles/default/default.css" "Mozilla/5.0 (Windows NT 10.0; Win64; x64) AppleWebKit/537.36 (KHTML, like Gecko) Chrome/56.0.2924.87 Safari/537.36"
212.108.43.59 - - [05/Apr/2017:13:00:12 +0200] "GET /activities/framework/KoolControls/KoolTreeView/kooltreeview.php?c7cd9180e88ffef8e70f13526bb4f5f7 HTTP/1.1" 200 5055 "http://ed.activities.at/entry.php?id=11678&" "Mozilla/5.0 (Windows NT 10.0; Win64; x64) AppleWebKit/537.36 (KHTML, like Gecko) Chrome/56.0.2924.87 Safari/537.36"
212.108.43.59 - - [05/Apr/2017:13:00:12 +0200] "GET /activities/framework/KoolControls/KoolTreeView/styles/default/mid.gif HTTP/1.1" 200 71 "http://ed.activities.at/activities/framework/KoolControls/KoolTreeView/styles/default/default.css" "Mozilla/5.0 (Windows NT 10.0; Win64; x64) AppleWebKit/537.36 (KHTML, like Gecko) Chrome/56.0.2924.87 Safari/537.36"
212.108.43.59 - - [05/Apr/2017:13:00:12 +0200] "GET /activities/framework/KoolControls/KoolTreeView/styles/default/horizon.gif HTTP/1.1" 200 844 "http://ed.activities.at/activities/framework/KoolControls/KoolTreeView/styles/default/default.css" "Mozilla/5.0 (Windows NT 10.0; Win64; x64) AppleWebKit/537.36 (KHTML, like Gecko) Chrome/56.0.2924.87 Safari/537.36"
212.108.43.59 - - [05/Apr/2017:13:00:12 +0200] "GET /entry.php?id=11618&&object=&item=&emu_class= HTTP/1.1" 200 1699 "http://ed.activities.at/entry.php?id=11677&" "Mozilla/5.0 (Windows NT 10.0; Win64; x64) AppleWebKit/537.36 (KHTML, like Gecko) Chrome/56.0.2924.87 Safari/537.36"
212.108.43.59 - - [05/Apr/2017:13:00:12 +0200] "POST /entry.php?id=11677 HTTP/1.1" 200 4405 "http://ed.activities.at/entry.php?id=11677&" "Mozilla/5.0 (Windows NT 10.0; Win64; x64) AppleWebKit/537.36 (KHTML, like Gecko) Chrome/56.0.2924.87 Safari/537.36"
212.108.43.59 - - [05/Apr/2017:13:00:13 +0200] "GET /gui/images/icons/wizard.png HTTP/1.1" 200 724 "http://ed.activities.at/entry.php?id=11677" "Mozilla/5.0 (Windows NT 10.0; Win64; x64) AppleWebKit/537.36 (KHTML, like Gecko) Chrome/56.0.2924.87 Safari/537.36"
212.108.43.59 - - [05/Apr/2017:13:00:13 +0200] "GET /gui/images/icons/disabled_edit.gif HTTP/1.1" 200 408 "http://ed.activities.at/entry.php?id=11677" "Mozilla/5.0 (Windows NT 10.0; Win64; x64) AppleWebKit/537.36 (KHTML, like Gecko) Chrome/56.0.2924.87 Safari/537.36"
212.108.43.59 - - [05/Apr/2017:13:00:13 +0200] "GET /gui/javascript/form_form.js?1491390013 HTTP/1.1" 200 16206 "http://ed.activities.at/entry.php?id=11677" "Mozilla/5.0 (Windows NT 10.0; Win64; x64) AppleWebKit/537.36 (KHTML, like Gecko) Chrome/56.0.2924.87 Safari/537.36"
212.108.43.59 - - [05/Apr/2017:13:00:13 +0200] "POST /entry.php?id=11677 HTTP/1.1" 200 4405 "http://ed.activities.at/entry.php?id=11677" "Mozilla/5.0 (Windows NT 10.0; Win64; x64) AppleWebKit/537.36 (KHTML, like Gecko) Chrome/56.0.2924.87 Safari/537.36"
212.108.43.59 - - [05/Apr/2017:13:00:14 +0200] "GET /gui/javascript/form_form.js?1491390014 HTTP/1.1" 200 16206 "http://ed.activities.at/entry.php?id=11677" "Mozilla/5.0 (Windows NT 10.0; Win64; x64) AppleWebKit/537.36 (KHTML, like Gecko) Chrome/56.0.2924.87 Safari/537.36"
212.108.43.59 - - [05/Apr/2017:13:00:14 +0200] "GET /entry.php?id=11664 HTTP/1.1" 200 343 "http://ed.activities.at/entry.php?id=10270&__app__=10006038" "Mozilla/5.0 (Windows NT 10.0; Win64; x64) AppleWebKit/537.36 (KHTML, like Gecko) Chrome/56.0.2924.87 Safari/537.36"
212.108.43.59 - - [05/Apr/2017:13:00:14 +0200] "GET /entry.php?id=10676&&title=Standorte HTTP/1.1" 200 1388 "http://ed.activities.at/entry.php?id=11664" "Mozilla/5.0 (Windows NT 10.0; Win64; x64) AppleWebKit/537.36 (KHTML, like Gecko) Chrome/56.0.2924.87 Safari/537.36"
212.108.43.59 - - [05/Apr/2017:13:00:14 +0200] "GET /entry.php?id=11665& HTTP/1.1" 200 2315 "http://ed.activities.at/entry.php?id=11664" "Mozilla/5.0 (Windows NT 10.0; Win64; x64) AppleWebKit/537.36 (KHTML, like Gecko) Chrome/56.0.2924.87 Safari/537.36"
212.108.43.59 - - [05/Apr/2017:13:00:15 +0200] "GET /gui/javascript/form_form.js?1491390015 HTTP/1.1" 200 16206 "http://ed.activities.at/entry.php?id=11665&" "Mozilla/5.0 (Windows NT 10.0; Win64; x64) AppleWebKit/537.36 (KHTML, like Gecko) Chrome/56.0.2924.87 Safari/537.36"
212.108.43.59 - - [05/Apr/2017:13:00:14 +0200] "GET /entry.php?id=11666& HTTP/1.1" 200 3658 "http://ed.activities.at/entry.php?id=11664" "Mozilla/5.0 (Windows NT 10.0; Win64; x64) AppleWebKit/537.36 (KHTML, like Gecko) Chrome/56.0.2924.87 Safari/537.36"
212.108.43.59 - - [05/Apr/2017:13:00:15 +0200] "GET /gui/images/icons/disabled_email.gif HTTP/1.1" 200 940 "http://ed.activities.at/entry.php?id=11666&" "Mozilla/5.0 (Windows NT 10.0; Win64; x64) AppleWebKit/537.36 (KHTML, like Gecko) Chrome/56.0.2924.87 Safari/537.36"
212.108.43.59 - - [05/Apr/2017:13:00:15 +0200] "GET /entry.php?id=10776&form=11490&name=list& HTTP/1.1" 200 2009 "http://ed.activities.at/entry.php?id=11665&" "Mozilla/5.0 (Windows NT 10.0; Win64; x64) AppleWebKit/537.36 (KHTML, like Gecko) Chrome/56.0.2924.87 Safari/537.36"
212.108.43.59 - - [05/Apr/2017:13:00:15 +0200] "GET /entry.php?id=10778&form=11490&name=list& HTTP/1.1" 200 2924 "http://ed.activities.at/entry.php?id=11665&" "Mozilla/5.0 (Windows NT 10.0; Win64; x64) AppleWebKit/537.36 (KHTML, like Gecko) Chrome/56.0.2924.87 Safari/537.36"
