95.143.230.128 - - [06/Apr/2017:14:30:28 +0200] "GET /entry.php?id=10776&form=11494&name=list& HTTP/1.1" 200 1963 "http://ed.activities.at/entry.php?id=11669&" "Mozilla/5.0 (Windows NT 6.1; WOW64; rv:52.0) Gecko/20100101 Firefox/52.0"
95.143.230.128 - - [06/Apr/2017:14:30:28 +0200] "GET /entry.php?id=10778&form=11494&name=list& HTTP/1.1" 200 4955 "http://ed.activities.at/entry.php?id=11669&" "Mozilla/5.0 (Windows NT 6.1; WOW64; rv:52.0) Gecko/20100101 Firefox/52.0"
95.143.230.128 - - [06/Apr/2017:14:30:28 +0200] "GET /framework/icons/sortUp.gif HTTP/1.1" 200 53 "http://ed.activities.at/entry.php?id=10776&form=11494&name=list&" "Mozilla/5.0 (Windows NT 6.1; WOW64; rv:52.0) Gecko/20100101 Firefox/52.0"
95.143.230.128 - - [06/Apr/2017:14:30:28 +0200] "GET /entry.php?id=10776&form=11493&name=list& HTTP/1.1" 200 1487 "http://ed.activities.at/entry.php?id=11668&" "Mozilla/5.0 (Windows NT 6.1; WOW64; rv:52.0) Gecko/20100101 Firefox/52.0"
95.143.230.128 - - [06/Apr/2017:14:30:28 +0200] "GET /entry.php?id=10778&form=11493&name=list& HTTP/1.1" 200 2487 "http://ed.activities.at/entry.php?id=11668&" "Mozilla/5.0 (Windows NT 6.1; WOW64; rv:52.0) Gecko/20100101 Firefox/52.0"
91.141.2.151 - - [06/Apr/2017:14:30:29 +0200] "POST /entry.php?id=11671 HTTP/1.1" 200 5207 "http://ed.activities.at/entry.php?id=11671" "Mozilla/5.0 (Windows NT 6.1; WOW64; Trident/7.0; rv:11.0) like Gecko"
91.141.2.151 - - [06/Apr/2017:14:30:30 +0200] "GET /gui/javascript/form_form.js?1491481830 HTTP/1.1" 200 16206 "http://ed.activities.at/entry.php?id=11671" "Mozilla/5.0 (Windows NT 6.1; WOW64; Trident/7.0; rv:11.0) like Gecko"
91.141.2.151 - - [06/Apr/2017:14:30:30 +0200] "GET /entry.php?id=10776&form=11496&name=list& HTTP/1.1" 200 1519 "http://ed.activities.at/entry.php?id=11671" "Mozilla/5.0 (Windows NT 6.1; WOW64; Trident/7.0; rv:11.0) like Gecko"
91.141.2.151 - - [06/Apr/2017:14:30:30 +0200] "GET /entry.php?id=10778&form=11496&name=list& HTTP/1.1" 200 5853 "http://ed.activities.at/entry.php?id=11671" "Mozilla/5.0 (Windows NT 6.1; WOW64; Trident/7.0; rv:11.0) like Gecko"
91.141.2.151 - - [06/Apr/2017:14:30:37 +0200] "POST /entry.php?id=11671 HTTP/1.1" 200 5419 "http://ed.activities.at/entry.php?id=11671" "Mozilla/5.0 (Windows NT 6.1; WOW64; Trident/7.0; rv:11.0) like Gecko"
91.141.2.151 - - [06/Apr/2017:14:30:38 +0200] "GET /gui/javascript/form_form.js?1491481837 HTTP/1.1" 200 16206 "http://ed.activities.at/entry.php?id=11671" "Mozilla/5.0 (Windows NT 6.1; WOW64; Trident/7.0; rv:11.0) like Gecko"
91.141.2.151 - - [06/Apr/2017:14:30:38 +0200] "GET /entry.php?id=10776&form=11496&name=list& HTTP/1.1" 200 1519 "http://ed.activities.at/entry.php?id=11671" "Mozilla/5.0 (Windows NT 6.1; WOW64; Trident/7.0; rv:11.0) like Gecko"
91.141.2.151 - - [06/Apr/2017:14:30:38 +0200] "GET /entry.php?id=10778&form=11496&name=list& HTTP/1.1" 200 5853 "http://ed.activities.at/entry.php?id=11671" "Mozilla/5.0 (Windows NT 6.1; WOW64; Trident/7.0; rv:11.0) like Gecko"
91.141.2.151 - - [06/Apr/2017:14:30:40 +0200] "GET /entry.php?id=10271&&ser=481779 HTTP/1.1" 200 986 "http://ed.activities.at/entry.php?id=10271&&ser=481718" "Mozilla/5.0 (Windows NT 6.1; WOW64; Trident/7.0; rv:11.0) like Gecko"
91.141.2.151 - - [06/Apr/2017:14:30:40 +0200] "GET /gui/javascript/form_form.js?1491481840 HTTP/1.1" 200 16206 "http://ed.activities.at/entry.php?id=10271&&ser=481779" "Mozilla/5.0 (Windows NT 6.1; WOW64; Trident/7.0; rv:11.0) like Gecko"
91.141.2.151 - - [06/Apr/2017:14:30:41 +0200] "POST /entry.php?id=11671 HTTP/1.1" 200 4744 "http://ed.activities.at/entry.php?id=11671" "Mozilla/5.0 (Windows NT 6.1; WOW64; Trident/7.0; rv:11.0) like Gecko"
91.141.2.151 - - [06/Apr/2017:14:30:42 +0200] "GET /gui/javascript/form_form.js?1491481842 HTTP/1.1" 200 16206 "http://ed.activities.at/entry.php?id=11671" "Mozilla/5.0 (Windows NT 6.1; WOW64; Trident/7.0; rv:11.0) like Gecko"
91.141.2.151 - - [06/Apr/2017:14:30:42 +0200] "GET /entry.php?id=10778&form=11496&name=list& HTTP/1.1" 200 5749 "http://ed.activities.at/entry.php?id=11671" "Mozilla/5.0 (Windows NT 6.1; WOW64; Trident/7.0; rv:11.0) like Gecko"
91.141.2.151 - - [06/Apr/2017:14:30:42 +0200] "GET /entry.php?id=10776&form=11496&name=list& HTTP/1.1" 200 1519 "http://ed.activities.at/entry.php?id=11671" "Mozilla/5.0 (Windows NT 6.1; WOW64; Trident/7.0; rv:11.0) like Gecko"
91.141.2.151 - - [06/Apr/2017:14:30:49 +0200] "POST /entry.php?id=11671 HTTP/1.1" 200 4924 "http://ed.activities.at/entry.php?id=11671" "Mozilla/5.0 (Windows NT 6.1; WOW64; Trident/7.0; rv:11.0) like Gecko"
91.141.2.151 - - [06/Apr/2017:14:30:50 +0200] "GET /gui/javascript/form_form.js?1491481850 HTTP/1.1" 200 16206 "http://ed.activities.at/entry.php?id=11671" "Mozilla/5.0 (Windows NT 6.1; WOW64; Trident/7.0; rv:11.0) like Gecko"
91.141.2.151 - - [06/Apr/2017:14:30:50 +0200] "GET /entry.php?id=10778&form=11496&name=list& HTTP/1.1" 200 5749 "http://ed.activities.at/entry.php?id=11671" "Mozilla/5.0 (Windows NT 6.1; WOW64; Trident/7.0; rv:11.0) like Gecko"
91.141.2.151 - - [06/Apr/2017:14:30:50 +0200] "GET /entry.php?id=10776&form=11496&name=list& HTTP/1.1" 200 1519 "http://ed.activities.at/entry.php?id=11671" "Mozilla/5.0 (Windows NT 6.1; WOW64; Trident/7.0; rv:11.0) like Gecko"
91.141.2.151 - - [06/Apr/2017:14:30:58 +0200] "POST /entry.php?id=11671 HTTP/1.1" 200 4752 "http://ed.activities.at/entry.php?id=11671" "Mozilla/5.0 (Windows NT 6.1; WOW64; Trident/7.0; rv:11.0) like Gecko"
91.141.2.151 - - [06/Apr/2017:14:30:59 +0200] "GET /gui/javascript/form_form.js?1491481859 HTTP/1.1" 200 16206 "http://ed.activities.at/entry.php?id=11671" "Mozilla/5.0 (Windows NT 6.1; WOW64; Trident/7.0; rv:11.0) like Gecko"
91.141.2.151 - - [06/Apr/2017:14:30:59 +0200] "GET /entry.php?id=10778&form=11496&name=list& HTTP/1.1" 200 5749 "http://ed.activities.at/entry.php?id=11671" "Mozilla/5.0 (Windows NT 6.1; WOW64; Trident/7.0; rv:11.0) like Gecko"
91.141.2.151 - - [06/Apr/2017:14:30:59 +0200] "GET /entry.php?id=10776&form=11496&name=list& HTTP/1.1" 200 1519 "http://ed.activities.at/entry.php?id=11671" "Mozilla/5.0 (Windows NT 6.1; WOW64; Trident/7.0; rv:11.0) like Gecko"
212.108.43.59 - - [06/Apr/2017:14:31:05 +0200] "GET /entry.php?id=10271&&ser=481805 HTTP/1.1" 200 986 "http://ed.activities.at/entry.php?id=10271&&ser=481745" "Mozilla/5.0 (Windows NT 10.0; Win64; x64) AppleWebKit/537.36 (KHTML, like Gecko) Chrome/56.0.2924.87 Safari/537.36"
212.108.43.59 - - [06/Apr/2017:14:31:06 +0200] "GET /gui/javascript/form_form.js?1491481866 HTTP/1.1" 200 16206 "http://ed.activities.at/entry.php?id=10271&&ser=481805" "Mozilla/5.0 (Windows NT 10.0; Win64; x64) AppleWebKit/537.36 (KHTML, like Gecko) Chrome/56.0.2924.87 Safari/537.36"
91.141.2.151 - - [06/Apr/2017:14:31:05 +0200] "POST /entry.php?id=11671 HTTP/1.1" 200 4935 "http://ed.activities.at/entry.php?id=11671" "Mozilla/5.0 (Windows NT 6.1; WOW64; Trident/7.0; rv:11.0) like Gecko"
91.141.2.151 - - [06/Apr/2017:14:31:06 +0200] "GET /gui/javascript/form_form.js?1491481866 HTTP/1.1" 200 16206 "http://ed.activities.at/entry.php?id=11671" "Mozilla/5.0 (Windows NT 6.1; WOW64; Trident/7.0; rv:11.0) like Gecko"
91.141.2.151 - - [06/Apr/2017:14:31:06 +0200] "GET /entry.php?id=10776&form=11496&name=list& HTTP/1.1" 200 1519 "http://ed.activities.at/entry.php?id=11671" "Mozilla/5.0 (Windows NT 6.1; WOW64; Trident/7.0; rv:11.0) like Gecko"
91.141.2.151 - - [06/Apr/2017:14:31:06 +0200] "GET /entry.php?id=10778&form=11496&name=list& HTTP/1.1" 200 5749 "http://ed.activities.at/entry.php?id=11671" "Mozilla/5.0 (Windows NT 6.1; WOW64; Trident/7.0; rv:11.0) like Gecko"
91.141.2.151 - - [06/Apr/2017:14:31:08 +0200] "POST /entry.php?id=11671 HTTP/1.1" 200 5212 "http://ed.activities.at/entry.php?id=11671" "Mozilla/5.0 (Windows NT 6.1; WOW64; Trident/7.0; rv:11.0) like Gecko"
91.141.2.151 - - [06/Apr/2017:14:31:09 +0200] "GET /gui/javascript/form_form.js?1491481869 HTTP/1.1" 200 16206 "http://ed.activities.at/entry.php?id=11671" "Mozilla/5.0 (Windows NT 6.1; WOW64; Trident/7.0; rv:11.0) like Gecko"
91.141.2.151 - - [06/Apr/2017:14:31:10 +0200] "GET /entry.php?id=10776&form=11496&name=list& HTTP/1.1" 200 1519 "http://ed.activities.at/entry.php?id=11671" "Mozilla/5.0 (Windows NT 6.1; WOW64; Trident/7.0; rv:11.0) like Gecko"
91.141.2.151 - - [06/Apr/2017:14:31:10 +0200] "GET /entry.php?id=10778&form=11496&name=list& HTTP/1.1" 200 5825 "http://ed.activities.at/entry.php?id=11671" "Mozilla/5.0 (Windows NT 6.1; WOW64; Trident/7.0; rv:11.0) like Gecko"
95.143.230.128 - - [06/Apr/2017:14:31:14 +0200] "GET /entry.php?id=10271&&ser=481813 HTTP/1.1" 200 986 "http://ed.activities.at/entry.php?id=10271&&ser=481753" "Mozilla/5.0 (Windows NT 6.1; WOW64; rv:52.0) Gecko/20100101 Firefox/52.0"
95.143.230.128 - - [06/Apr/2017:14:31:14 +0200] "GET /gui/javascript/form_form.js?1491481874 HTTP/1.1" 200 16206 "http://ed.activities.at/entry.php?id=10271&&ser=481813" "Mozilla/5.0 (Windows NT 6.1; WOW64; rv:52.0) Gecko/20100101 Firefox/52.0"
91.141.2.151 - - [06/Apr/2017:14:31:15 +0200] "POST /entry.php?id=11671 HTTP/1.1" 200 5426 "http://ed.activities.at/entry.php?id=11671" "Mozilla/5.0 (Windows NT 6.1; WOW64; Trident/7.0; rv:11.0) like Gecko"
91.141.2.151 - - [06/Apr/2017:14:31:16 +0200] "GET /gui/javascript/form_form.js?1491481876 HTTP/1.1" 200 16206 "http://ed.activities.at/entry.php?id=11671" "Mozilla/5.0 (Windows NT 6.1; WOW64; Trident/7.0; rv:11.0) like Gecko"
91.141.2.151 - - [06/Apr/2017:14:31:16 +0200] "GET /entry.php?id=10776&form=11496&name=list& HTTP/1.1" 200 1519 "http://ed.activities.at/entry.php?id=11671" "Mozilla/5.0 (Windows NT 6.1; WOW64; Trident/7.0; rv:11.0) like Gecko"
91.141.2.151 - - [06/Apr/2017:14:31:16 +0200] "GET /entry.php?id=10778&form=11496&name=list& HTTP/1.1" 200 5825 "http://ed.activities.at/entry.php?id=11671" "Mozilla/5.0 (Windows NT 6.1; WOW64; Trident/7.0; rv:11.0) like Gecko"
91.141.2.151 - - [06/Apr/2017:14:31:18 +0200] "POST /entry.php?id=11671 HTTP/1.1" 200 5215 "http://ed.activities.at/entry.php?id=11671" "Mozilla/5.0 (Windows NT 6.1; WOW64; Trident/7.0; rv:11.0) like Gecko"
91.141.2.151 - - [06/Apr/2017:14:31:19 +0200] "GET /gui/javascript/form_form.js?1491481879 HTTP/1.1" 200 16206 "http://ed.activities.at/entry.php?id=11671" "Mozilla/5.0 (Windows NT 6.1; WOW64; Trident/7.0; rv:11.0) like Gecko"
91.141.2.151 - - [06/Apr/2017:14:31:19 +0200] "GET /entry.php?id=10776&form=11496&name=list& HTTP/1.1" 200 1519 "http://ed.activities.at/entry.php?id=11671" "Mozilla/5.0 (Windows NT 6.1; WOW64; Trident/7.0; rv:11.0) like Gecko"
91.141.2.151 - - [06/Apr/2017:14:31:19 +0200] "GET /entry.php?id=10778&form=11496&name=list& HTTP/1.1" 200 5858 "http://ed.activities.at/entry.php?id=11671" "Mozilla/5.0 (Windows NT 6.1; WOW64; Trident/7.0; rv:11.0) like Gecko"
95.143.230.128 - - [06/Apr/2017:14:31:23 +0200] "GET /entry.php?id=11670 HTTP/1.1" 200 320 "http://ed.activities.at/entry.php?id=10270&__app__=10006038" "Mozilla/5.0 (Windows NT 6.1; WOW64; rv:52.0) Gecko/20100101 Firefox/52.0"
95.143.230.128 - - [06/Apr/2017:14:31:23 +0200] "GET /entry.php?id=11668& HTTP/1.1" 200 3366 "http://ed.activities.at/entry.php?id=11670" "Mozilla/5.0 (Windows NT 6.1; WOW64; rv:52.0) Gecko/20100101 Firefox/52.0"
95.143.230.128 - - [06/Apr/2017:14:31:23 +0200] "GET /gui/javascript/form_form.js?1491481883 HTTP/1.1" 200 16206 "http://ed.activities.at/entry.php?id=11668&" "Mozilla/5.0 (Windows NT 6.1; WOW64; rv:52.0) Gecko/20100101 Firefox/52.0"
95.143.230.128 - - [06/Apr/2017:14:31:23 +0200] "GET /entry.php?id=10676&&title=Produkte HTTP/1.1" 200 1387 "http://ed.activities.at/entry.php?id=11670" "Mozilla/5.0 (Windows NT 6.1; WOW64; rv:52.0) Gecko/20100101 Firefox/52.0"
95.143.230.128 - - [06/Apr/2017:14:31:24 +0200] "GET /gui/javascript/form_form.js?1491481884 HTTP/1.1" 200 16206 "http://ed.activities.at/entry.php?id=10676&&title=Produkte" "Mozilla/5.0 (Windows NT 6.1; WOW64; rv:52.0) Gecko/20100101 Firefox/52.0"
95.143.230.128 - - [06/Apr/2017:14:31:24 +0200] "GET /entry.php?id=10778&form=11493&name=list& HTTP/1.1" 200 2487 "http://ed.activities.at/entry.php?id=11668&" "Mozilla/5.0 (Windows NT 6.1; WOW64; rv:52.0) Gecko/20100101 Firefox/52.0"
95.143.230.128 - - [06/Apr/2017:14:31:23 +0200] "GET /entry.php?id=11669& HTTP/1.1" 200 2280 "http://ed.activities.at/entry.php?id=11670" "Mozilla/5.0 (Windows NT 6.1; WOW64; rv:52.0) Gecko/20100101 Firefox/52.0"
95.143.230.128 - - [06/Apr/2017:14:31:24 +0200] "GET /entry.php?id=10776&form=11493&name=list& HTTP/1.1" 200 1487 "http://ed.activities.at/entry.php?id=11668&" "Mozilla/5.0 (Windows NT 6.1; WOW64; rv:52.0) Gecko/20100101 Firefox/52.0"
95.143.230.128 - - [06/Apr/2017:14:31:24 +0200] "GET /entry.php?id=10776&form=11494&name=list& HTTP/1.1" 200 1963 "http://ed.activities.at/entry.php?id=11669&" "Mozilla/5.0 (Windows NT 6.1; WOW64; rv:52.0) Gecko/20100101 Firefox/52.0"
95.143.230.128 - - [06/Apr/2017:14:31:24 +0200] "GET /entry.php?id=10778&form=11494&name=list& HTTP/1.1" 200 4955 "http://ed.activities.at/entry.php?id=11669&" "Mozilla/5.0 (Windows NT 6.1; WOW64; rv:52.0) Gecko/20100101 Firefox/52.0"
95.143.230.128 - - [06/Apr/2017:14:31:27 +0200] "POST /entry.php?id=11668 HTTP/1.1" 200 3492 "http://ed.activities.at/entry.php?id=11668&" "Mozilla/5.0 (Windows NT 6.1; WOW64; rv:52.0) Gecko/20100101 Firefox/52.0"
95.143.230.128 - - [06/Apr/2017:14:31:28 +0200] "GET /gui/javascript/form_form.js?1491481888 HTTP/1.1" 200 16206 "http://ed.activities.at/entry.php?id=11668" "Mozilla/5.0 (Windows NT 6.1; WOW64; rv:52.0) Gecko/20100101 Firefox/52.0"
95.143.230.128 - - [06/Apr/2017:14:31:28 +0200] "GET /entry.php?id=10776&form=11493&name=list& HTTP/1.1" 200 1485 "http://ed.activities.at/entry.php?id=11668" "Mozilla/5.0 (Windows NT 6.1; WOW64; rv:52.0) Gecko/20100101 Firefox/52.0"
91.141.2.151 - - [06/Apr/2017:14:31:28 +0200] "POST /entry.php?id=11671 HTTP/1.1" 200 5437 "http://ed.activities.at/entry.php?id=11671" "Mozilla/5.0 (Windows NT 6.1; WOW64; Trident/7.0; rv:11.0) like Gecko"
95.143.230.128 - - [06/Apr/2017:14:31:28 +0200] "GET /entry.php?id=10778&form=11493&name=list& HTTP/1.1" 200 2870 "http://ed.activities.at/entry.php?id=11668" "Mozilla/5.0 (Windows NT 6.1; WOW64; rv:52.0) Gecko/20100101 Firefox/52.0"
91.141.2.151 - - [06/Apr/2017:14:31:28 +0200] "GET /gui/javascript/form_form.js?1491481888 HTTP/1.1" 200 16206 "http://ed.activities.at/entry.php?id=11671" "Mozilla/5.0 (Windows NT 6.1; WOW64; Trident/7.0; rv:11.0) like Gecko"
91.141.2.151 - - [06/Apr/2017:14:31:29 +0200] "GET /entry.php?id=10776&form=11496&name=list& HTTP/1.1" 200 1519 "http://ed.activities.at/entry.php?id=11671" "Mozilla/5.0 (Windows NT 6.1; WOW64; Trident/7.0; rv:11.0) like Gecko"
91.141.2.151 - - [06/Apr/2017:14:31:29 +0200] "GET /entry.php?id=10778&form=11496&name=list& HTTP/1.1" 200 5858 "http://ed.activities.at/entry.php?id=11671" "Mozilla/5.0 (Windows NT 6.1; WOW64; Trident/7.0; rv:11.0) like Gecko"
91.141.2.151 - - [06/Apr/2017:14:31:31 +0200] "POST /entry.php?id=11671 HTTP/1.1" 200 5216 "http://ed.activities.at/entry.php?id=11671" "Mozilla/5.0 (Windows NT 6.1; WOW64; Trident/7.0; rv:11.0) like Gecko"
91.141.2.151 - - [06/Apr/2017:14:31:32 +0200] "GET /gui/javascript/form_form.js?1491481892 HTTP/1.1" 200 16206 "http://ed.activities.at/entry.php?id=11671" "Mozilla/5.0 (Windows NT 6.1; WOW64; Trident/7.0; rv:11.0) like Gecko"
91.141.2.151 - - [06/Apr/2017:14:31:33 +0200] "GET /entry.php?id=10776&form=11496&name=list& HTTP/1.1" 200 1519 "http://ed.activities.at/entry.php?id=11671" "Mozilla/5.0 (Windows NT 6.1; WOW64; Trident/7.0; rv:11.0) like Gecko"
91.141.2.151 - - [06/Apr/2017:14:31:33 +0200] "GET /entry.php?id=10778&form=11496&name=list& HTTP/1.1" 200 5858 "http://ed.activities.at/entry.php?id=11671" "Mozilla/5.0 (Windows NT 6.1; WOW64; Trident/7.0; rv:11.0) like Gecko"
91.141.2.151 - - [06/Apr/2017:14:31:38 +0200] "POST /entry.php?id=11671 HTTP/1.1" 200 5436 "http://ed.activities.at/entry.php?id=11671" "Mozilla/5.0 (Windows NT 6.1; WOW64; Trident/7.0; rv:11.0) like Gecko"
91.141.2.151 - - [06/Apr/2017:14:31:39 +0200] "GET /gui/javascript/form_form.js?1491481899 HTTP/1.1" 200 16206 "http://ed.activities.at/entry.php?id=11671" "Mozilla/5.0 (Windows NT 6.1; WOW64; Trident/7.0; rv:11.0) like Gecko"
91.141.2.151 - - [06/Apr/2017:14:31:39 +0200] "GET /entry.php?id=10776&form=11496&name=list& HTTP/1.1" 200 1519 "http://ed.activities.at/entry.php?id=11671" "Mozilla/5.0 (Windows NT 6.1; WOW64; Trident/7.0; rv:11.0) like Gecko"
91.141.2.151 - - [06/Apr/2017:14:31:39 +0200] "GET /entry.php?id=10778&form=11496&name=list& HTTP/1.1" 200 5858 "http://ed.activities.at/entry.php?id=11671" "Mozilla/5.0 (Windows NT 6.1; WOW64; Trident/7.0; rv:11.0) like Gecko"
95.143.230.128 - - [06/Apr/2017:14:31:40 +0200] "POST /entry.php?id=11668 HTTP/1.1" 200 3491 "http://ed.activities.at/entry.php?id=11668" "Mozilla/5.0 (Windows NT 6.1; WOW64; rv:52.0) Gecko/20100101 Firefox/52.0"
95.143.230.128 - - [06/Apr/2017:14:31:40 +0200] "GET /gui/javascript/form_form.js?1491481900 HTTP/1.1" 200 16206 "http://ed.activities.at/entry.php?id=11668" "Mozilla/5.0 (Windows NT 6.1; WOW64; rv:52.0) Gecko/20100101 Firefox/52.0"
95.143.230.128 - - [06/Apr/2017:14:31:40 +0200] "GET /entry.php?id=10778&form=11493&name=list& HTTP/1.1" 200 2870 "http://ed.activities.at/entry.php?id=11668" "Mozilla/5.0 (Windows NT 6.1; WOW64; rv:52.0) Gecko/20100101 Firefox/52.0"
95.143.230.128 - - [06/Apr/2017:14:31:40 +0200] "GET /entry.php?id=10776&form=11493&name=list& HTTP/1.1" 200 1485 "http://ed.activities.at/entry.php?id=11668" "Mozilla/5.0 (Windows NT 6.1; WOW64; rv:52.0) Gecko/20100101 Firefox/52.0"
91.141.2.151 - - [06/Apr/2017:14:31:41 +0200] "GET /entry.php?id=10271&&ser=481840 HTTP/1.1" 200 986 "http://ed.activities.at/entry.php?id=10271&&ser=481779" "Mozilla/5.0 (Windows NT 6.1; WOW64; Trident/7.0; rv:11.0) like Gecko"
91.141.2.151 - - [06/Apr/2017:14:31:41 +0200] "GET /gui/javascript/form_form.js?1491481901 HTTP/1.1" 200 16206 "http://ed.activities.at/entry.php?id=10271&&ser=481840" "Mozilla/5.0 (Windows NT 6.1; WOW64; Trident/7.0; rv:11.0) like Gecko"
95.143.230.128 - - [06/Apr/2017:14:31:42 +0200] "POST /entry.php?id=11668 HTTP/1.1" 200 3491 "http://ed.activities.at/entry.php?id=11668" "Mozilla/5.0 (Windows NT 6.1; WOW64; rv:52.0) Gecko/20100101 Firefox/52.0"
95.143.230.128 - - [06/Apr/2017:14:31:42 +0200] "GET /gui/javascript/form_form.js?1491481902 HTTP/1.1" 200 16206 "http://ed.activities.at/entry.php?id=11668" "Mozilla/5.0 (Windows NT 6.1; WOW64; rv:52.0) Gecko/20100101 Firefox/52.0"
95.143.230.128 - - [06/Apr/2017:14:31:42 +0200] "GET /entry.php?id=10778&form=11493&name=list& HTTP/1.1" 200 2870 "http://ed.activities.at/entry.php?id=11668" "Mozilla/5.0 (Windows NT 6.1; WOW64; rv:52.0) Gecko/20100101 Firefox/52.0"
95.143.230.128 - - [06/Apr/2017:14:31:42 +0200] "GET /entry.php?id=10776&form=11493&name=list& HTTP/1.1" 200 1485 "http://ed.activities.at/entry.php?id=11668" "Mozilla/5.0 (Windows NT 6.1; WOW64; rv:52.0) Gecko/20100101 Firefox/52.0"
212.108.43.59 - - [06/Apr/2017:14:32:06 +0200] "GET /entry.php?id=10271&&ser=481866 HTTP/1.1" 200 987 "http://ed.activities.at/entry.php?id=10271&&ser=481805" "Mozilla/5.0 (Windows NT 10.0; Win64; x64) AppleWebKit/537.36 (KHTML, like Gecko) Chrome/56.0.2924.87 Safari/537.36"
212.108.43.59 - - [06/Apr/2017:14:32:06 +0200] "GET /gui/javascript/form_form.js?1491481926 HTTP/1.1" 200 16206 "http://ed.activities.at/entry.php?id=10271&&ser=481866" "Mozilla/5.0 (Windows NT 10.0; Win64; x64) AppleWebKit/537.36 (KHTML, like Gecko) Chrome/56.0.2924.87 Safari/537.36"
95.143.230.128 - - [06/Apr/2017:14:32:06 +0200] "GET /entry.php?id=11664 HTTP/1.1" 200 343 "http://ed.activities.at/entry.php?id=10270&__app__=10006038" "Mozilla/5.0 (Windows NT 6.1; WOW64; rv:52.0) Gecko/20100101 Firefox/52.0"
95.143.230.128 - - [06/Apr/2017:14:32:06 +0200] "GET /entry.php?id=11665& HTTP/1.1" 200 2316 "http://ed.activities.at/entry.php?id=11664" "Mozilla/5.0 (Windows NT 6.1; WOW64; rv:52.0) Gecko/20100101 Firefox/52.0"
95.143.230.128 - - [06/Apr/2017:14:32:07 +0200] "GET /gui/javascript/form_form.js?1491481926 HTTP/1.1" 200 16206 "http://ed.activities.at/entry.php?id=11665&" "Mozilla/5.0 (Windows NT 6.1; WOW64; rv:52.0) Gecko/20100101 Firefox/52.0"
95.143.230.128 - - [06/Apr/2017:14:32:06 +0200] "GET /entry.php?id=10676&&title=Standorte HTTP/1.1" 200 1388 "http://ed.activities.at/entry.php?id=11664" "Mozilla/5.0 (Windows NT 6.1; WOW64; rv:52.0) Gecko/20100101 Firefox/52.0"
95.143.230.128 - - [06/Apr/2017:14:32:07 +0200] "GET /gui/javascript/form_form.js?1491481927 HTTP/1.1" 200 16206 "http://ed.activities.at/entry.php?id=10676&&title=Standorte" "Mozilla/5.0 (Windows NT 6.1; WOW64; rv:52.0) Gecko/20100101 Firefox/52.0"
95.143.230.128 - - [06/Apr/2017:14:32:06 +0200] "GET /entry.php?id=11697& HTTP/1.1" 200 2600 "http://ed.activities.at/entry.php?id=11664" "Mozilla/5.0 (Windows NT 6.1; WOW64; rv:52.0) Gecko/20100101 Firefox/52.0"
95.143.230.128 - - [06/Apr/2017:14:32:06 +0200] "GET /entry.php?id=11666& HTTP/1.1" 200 3732 "http://ed.activities.at/entry.php?id=11664" "Mozilla/5.0 (Windows NT 6.1; WOW64; rv:52.0) Gecko/20100101 Firefox/52.0"
95.143.230.128 - - [06/Apr/2017:14:32:07 +0200] "GET /entry.php?id=10776&form=11490&name=list& HTTP/1.1" 200 2009 "http://ed.activities.at/entry.php?id=11665&" "Mozilla/5.0 (Windows NT 6.1; WOW64; rv:52.0) Gecko/20100101 Firefox/52.0"
95.143.230.128 - - [06/Apr/2017:14:32:07 +0200] "GET /entry.php?id=10776&form=11522&name=list& HTTP/1.1" 200 2254 "http://ed.activities.at/entry.php?id=11697&" "Mozilla/5.0 (Windows NT 6.1; WOW64; rv:52.0) Gecko/20100101 Firefox/52.0"
95.143.230.128 - - [06/Apr/2017:14:32:07 +0200] "GET /entry.php?id=10778&form=11490&name=list& HTTP/1.1" 200 2760 "http://ed.activities.at/entry.php?id=11665&" "Mozilla/5.0 (Windows NT 6.1; WOW64; rv:52.0) Gecko/20100101 Firefox/52.0"
95.143.230.128 - - [06/Apr/2017:14:32:07 +0200] "GET /entry.php?id=10778&form=11522&name=list& HTTP/1.1" 200 3260 "http://ed.activities.at/entry.php?id=11697&" "Mozilla/5.0 (Windows NT 6.1; WOW64; rv:52.0) Gecko/20100101 Firefox/52.0"
95.143.230.128 - - [06/Apr/2017:14:32:10 +0200] "GET /entry.php?id=11670 HTTP/1.1" 200 320 "http://ed.activities.at/entry.php?id=10270&__app__=10006038" "Mozilla/5.0 (Windows NT 6.1; WOW64; rv:52.0) Gecko/20100101 Firefox/52.0"
95.143.230.128 - - [06/Apr/2017:14:32:10 +0200] "GET /entry.php?id=10676&&title=Produkte HTTP/1.1" 200 1388 "http://ed.activities.at/entry.php?id=11670" "Mozilla/5.0 (Windows NT 6.1; WOW64; rv:52.0) Gecko/20100101 Firefox/52.0"
95.143.230.128 - - [06/Apr/2017:14:32:10 +0200] "GET /gui/javascript/form_form.js?1491481930 HTTP/1.1" 200 16206 "http://ed.activities.at/entry.php?id=10676&&title=Produkte" "Mozilla/5.0 (Windows NT 6.1; WOW64; rv:52.0) Gecko/20100101 Firefox/52.0"
95.143.230.128 - - [06/Apr/2017:14:32:10 +0200] "GET /entry.php?id=11669& HTTP/1.1" 200 2281 "http://ed.activities.at/entry.php?id=11670" "Mozilla/5.0 (Windows NT 6.1; WOW64; rv:52.0) Gecko/20100101 Firefox/52.0"
95.143.230.128 - - [06/Apr/2017:14:32:10 +0200] "GET /entry.php?id=11668& HTTP/1.1" 200 3365 "http://ed.activities.at/entry.php?id=11670" "Mozilla/5.0 (Windows NT 6.1; WOW64; rv:52.0) Gecko/20100101 Firefox/52.0"
95.143.230.128 - - [06/Apr/2017:14:32:11 +0200] "GET /entry.php?id=10778&form=11494&name=list& HTTP/1.1" 200 4955 "http://ed.activities.at/entry.php?id=11669&" "Mozilla/5.0 (Windows NT 6.1; WOW64; rv:52.0) Gecko/20100101 Firefox/52.0"
95.143.230.128 - - [06/Apr/2017:14:32:11 +0200] "GET /gui/javascript/form_form.js?1491481931 HTTP/1.1" 200 16206 "http://ed.activities.at/entry.php?id=11668&" "Mozilla/5.0 (Windows NT 6.1; WOW64; rv:52.0) Gecko/20100101 Firefox/52.0"
95.143.230.128 - - [06/Apr/2017:14:32:11 +0200] "GET /entry.php?id=10776&form=11494&name=list& HTTP/1.1" 200 1963 "http://ed.activities.at/entry.php?id=11669&" "Mozilla/5.0 (Windows NT 6.1; WOW64; rv:52.0) Gecko/20100101 Firefox/52.0"
95.143.230.128 - - [06/Apr/2017:14:32:11 +0200] "GET /entry.php?id=10776&form=11493&name=list& HTTP/1.1" 200 1487 "http://ed.activities.at/entry.php?id=11668&" "Mozilla/5.0 (Windows NT 6.1; WOW64; rv:52.0) Gecko/20100101 Firefox/52.0"
95.143.230.128 - - [06/Apr/2017:14:32:11 +0200] "GET /entry.php?id=10778&form=11493&name=list& HTTP/1.1" 200 2487 "http://ed.activities.at/entry.php?id=11668&" "Mozilla/5.0 (Windows NT 6.1; WOW64; rv:52.0) Gecko/20100101 Firefox/52.0"
95.143.230.128 - - [06/Apr/2017:14:32:17 +0200] "GET /entry.php?id=10271&&ser=481813 HTTP/1.1" 200 987 "http://ed.activities.at/entry.php?id=10271&&ser=481753" "Mozilla/5.0 (Windows NT 6.1; WOW64; rv:52.0) Gecko/20100101 Firefox/52.0"
95.143.230.128 - - [06/Apr/2017:14:32:17 +0200] "GET /gui/javascript/form_form.js?1491481937 HTTP/1.1" 200 16206 "http://ed.activities.at/entry.php?id=10271&&ser=481813" "Mozilla/5.0 (Windows NT 6.1; WOW64; rv:52.0) Gecko/20100101 Firefox/52.0"
91.141.2.151 - - [06/Apr/2017:14:32:27 +0200] "POST /entry.php?id=11671 HTTP/1.1" 200 5213 "http://ed.activities.at/entry.php?id=11671" "Mozilla/5.0 (Windows NT 6.1; WOW64; Trident/7.0; rv:11.0) like Gecko"
91.141.2.151 - - [06/Apr/2017:14:32:28 +0200] "GET /gui/javascript/form_form.js?1491481948 HTTP/1.1" 200 16206 "http://ed.activities.at/entry.php?id=11671" "Mozilla/5.0 (Windows NT 6.1; WOW64; Trident/7.0; rv:11.0) like Gecko"
91.141.2.151 - - [06/Apr/2017:14:32:28 +0200] "GET /entry.php?id=10778&form=11496&name=list& HTTP/1.1" 200 5858 "http://ed.activities.at/entry.php?id=11671" "Mozilla/5.0 (Windows NT 6.1; WOW64; Trident/7.0; rv:11.0) like Gecko"
91.141.2.151 - - [06/Apr/2017:14:32:28 +0200] "GET /entry.php?id=10776&form=11496&name=list& HTTP/1.1" 200 1519 "http://ed.activities.at/entry.php?id=11671" "Mozilla/5.0 (Windows NT 6.1; WOW64; Trident/7.0; rv:11.0) like Gecko"
91.141.2.151 - - [06/Apr/2017:14:32:34 +0200] "POST /entry.php?id=11671 HTTP/1.1" 200 5436 "http://ed.activities.at/entry.php?id=11671" "Mozilla/5.0 (Windows NT 6.1; WOW64; Trident/7.0; rv:11.0) like Gecko"
91.141.2.151 - - [06/Apr/2017:14:32:35 +0200] "GET /gui/javascript/form_form.js?1491481955 HTTP/1.1" 200 16206 "http://ed.activities.at/entry.php?id=11671" "Mozilla/5.0 (Windows NT 6.1; WOW64; Trident/7.0; rv:11.0) like Gecko"
91.141.2.151 - - [06/Apr/2017:14:32:35 +0200] "GET /entry.php?id=10778&form=11496&name=list& HTTP/1.1" 200 5858 "http://ed.activities.at/entry.php?id=11671" "Mozilla/5.0 (Windows NT 6.1; WOW64; Trident/7.0; rv:11.0) like Gecko"
91.141.2.151 - - [06/Apr/2017:14:32:35 +0200] "GET /entry.php?id=10776&form=11496&name=list& HTTP/1.1" 200 1519 "http://ed.activities.at/entry.php?id=11671" "Mozilla/5.0 (Windows NT 6.1; WOW64; Trident/7.0; rv:11.0) like Gecko"
91.141.2.151 - - [06/Apr/2017:14:32:38 +0200] "POST /entry.php?id=11671 HTTP/1.1" 200 5215 "http://ed.activities.at/entry.php?id=11671" "Mozilla/5.0 (Windows NT 6.1; WOW64; Trident/7.0; rv:11.0) like Gecko"
91.141.2.151 - - [06/Apr/2017:14:32:38 +0200] "GET /gui/javascript/form_form.js?1491481958 HTTP/1.1" 200 16206 "http://ed.activities.at/entry.php?id=11671" "Mozilla/5.0 (Windows NT 6.1; WOW64; Trident/7.0; rv:11.0) like Gecko"
91.141.2.151 - - [06/Apr/2017:14:32:38 +0200] "GET /entry.php?id=10778&form=11496&name=list& HTTP/1.1" 200 5858 "http://ed.activities.at/entry.php?id=11671" "Mozilla/5.0 (Windows NT 6.1; WOW64; Trident/7.0; rv:11.0) like Gecko"
91.141.2.151 - - [06/Apr/2017:14:32:38 +0200] "GET /entry.php?id=10776&form=11496&name=list& HTTP/1.1" 200 1519 "http://ed.activities.at/entry.php?id=11671" "Mozilla/5.0 (Windows NT 6.1; WOW64; Trident/7.0; rv:11.0) like Gecko"
91.141.2.151 - - [06/Apr/2017:14:32:42 +0200] "GET /entry.php?id=10271&&ser=481901 HTTP/1.1" 200 987 "http://ed.activities.at/entry.php?id=10271&&ser=481840" "Mozilla/5.0 (Windows NT 6.1; WOW64; Trident/7.0; rv:11.0) like Gecko"
91.141.2.151 - - [06/Apr/2017:14:32:42 +0200] "GET /gui/javascript/form_form.js?1491481962 HTTP/1.1" 200 16206 "http://ed.activities.at/entry.php?id=10271&&ser=481901" "Mozilla/5.0 (Windows NT 6.1; WOW64; Trident/7.0; rv:11.0) like Gecko"
91.141.2.151 - - [06/Apr/2017:14:32:45 +0200] "POST /entry.php?id=11671 HTTP/1.1" 200 5435 "http://ed.activities.at/entry.php?id=11671" "Mozilla/5.0 (Windows NT 6.1; WOW64; Trident/7.0; rv:11.0) like Gecko"
91.141.2.151 - - [06/Apr/2017:14:32:45 +0200] "GET /gui/javascript/form_form.js?1491481965 HTTP/1.1" 200 16206 "http://ed.activities.at/entry.php?id=11671" "Mozilla/5.0 (Windows NT 6.1; WOW64; Trident/7.0; rv:11.0) like Gecko"
91.141.2.151 - - [06/Apr/2017:14:32:46 +0200] "GET /entry.php?id=10778&form=11496&name=list& HTTP/1.1" 200 5858 "http://ed.activities.at/entry.php?id=11671" "Mozilla/5.0 (Windows NT 6.1; WOW64; Trident/7.0; rv:11.0) like Gecko"
91.141.2.151 - - [06/Apr/2017:14:32:46 +0200] "GET /entry.php?id=10776&form=11496&name=list& HTTP/1.1" 200 1519 "http://ed.activities.at/entry.php?id=11671" "Mozilla/5.0 (Windows NT 6.1; WOW64; Trident/7.0; rv:11.0) like Gecko"
91.141.2.151 - - [06/Apr/2017:14:32:49 +0200] "POST /entry.php?id=11671 HTTP/1.1" 200 4752 "http://ed.activities.at/entry.php?id=11671" "Mozilla/5.0 (Windows NT 6.1; WOW64; Trident/7.0; rv:11.0) like Gecko"
91.141.2.151 - - [06/Apr/2017:14:32:50 +0200] "GET /gui/javascript/form_form.js?1491481970 HTTP/1.1" 200 16206 "http://ed.activities.at/entry.php?id=11671" "Mozilla/5.0 (Windows NT 6.1; WOW64; Trident/7.0; rv:11.0) like Gecko"
91.141.2.151 - - [06/Apr/2017:14:32:50 +0200] "GET /entry.php?id=10778&form=11496&name=list& HTTP/1.1" 200 5749 "http://ed.activities.at/entry.php?id=11671" "Mozilla/5.0 (Windows NT 6.1; WOW64; Trident/7.0; rv:11.0) like Gecko"
91.141.2.151 - - [06/Apr/2017:14:32:50 +0200] "GET /entry.php?id=10776&form=11496&name=list& HTTP/1.1" 200 1519 "http://ed.activities.at/entry.php?id=11671" "Mozilla/5.0 (Windows NT 6.1; WOW64; Trident/7.0; rv:11.0) like Gecko"
91.141.2.151 - - [06/Apr/2017:14:32:56 +0200] "POST /entry.php?id=11671 HTTP/1.1" 200 4934 "http://ed.activities.at/entry.php?id=11671" "Mozilla/5.0 (Windows NT 6.1; WOW64; Trident/7.0; rv:11.0) like Gecko"
91.141.2.151 - - [06/Apr/2017:14:32:56 +0200] "GET /gui/javascript/form_form.js?1491481976 HTTP/1.1" 200 16206 "http://ed.activities.at/entry.php?id=11671" "Mozilla/5.0 (Windows NT 6.1; WOW64; Trident/7.0; rv:11.0) like Gecko"
91.141.2.151 - - [06/Apr/2017:14:32:57 +0200] "GET /entry.php?id=10778&form=11496&name=list& HTTP/1.1" 200 5749 "http://ed.activities.at/entry.php?id=11671" "Mozilla/5.0 (Windows NT 6.1; WOW64; Trident/7.0; rv:11.0) like Gecko"
91.141.2.151 - - [06/Apr/2017:14:32:57 +0200] "GET /entry.php?id=10776&form=11496&name=list& HTTP/1.1" 200 1519 "http://ed.activities.at/entry.php?id=11671" "Mozilla/5.0 (Windows NT 6.1; WOW64; Trident/7.0; rv:11.0) like Gecko"
91.141.2.151 - - [06/Apr/2017:14:32:59 +0200] "POST /entry.php?id=11671 HTTP/1.1" 200 5219 "http://ed.activities.at/entry.php?id=11671" "Mozilla/5.0 (Windows NT 6.1; WOW64; Trident/7.0; rv:11.0) like Gecko"
91.141.2.151 - - [06/Apr/2017:14:33:00 +0200] "GET /gui/javascript/form_form.js?1491481980 HTTP/1.1" 200 16206 "http://ed.activities.at/entry.php?id=11671" "Mozilla/5.0 (Windows NT 6.1; WOW64; Trident/7.0; rv:11.0) like Gecko"
91.141.2.151 - - [06/Apr/2017:14:33:00 +0200] "GET /entry.php?id=10776&form=11496&name=list& HTTP/1.1" 200 1519 "http://ed.activities.at/entry.php?id=11671" "Mozilla/5.0 (Windows NT 6.1; WOW64; Trident/7.0; rv:11.0) like Gecko"
91.141.2.151 - - [06/Apr/2017:14:33:00 +0200] "GET /entry.php?id=10778&form=11496&name=list& HTTP/1.1" 200 5858 "http://ed.activities.at/entry.php?id=11671" "Mozilla/5.0 (Windows NT 6.1; WOW64; Trident/7.0; rv:11.0) like Gecko"
212.108.43.59 - - [06/Apr/2017:14:33:06 +0200] "GET /entry.php?id=10271&&ser=481926 HTTP/1.1" 200 986 "http://ed.activities.at/entry.php?id=10271&&ser=481866" "Mozilla/5.0 (Windows NT 10.0; Win64; x64) AppleWebKit/537.36 (KHTML, like Gecko) Chrome/56.0.2924.87 Safari/537.36"
212.108.43.59 - - [06/Apr/2017:14:33:06 +0200] "GET /gui/javascript/form_form.js?1491481986 HTTP/1.1" 200 16206 "http://ed.activities.at/entry.php?id=10271&&ser=481926" "Mozilla/5.0 (Windows NT 10.0; Win64; x64) AppleWebKit/537.36 (KHTML, like Gecko) Chrome/56.0.2924.87 Safari/537.36"
91.141.2.151 - - [06/Apr/2017:14:33:07 +0200] "POST /entry.php?id=11671 HTTP/1.1" 200 5436 "http://ed.activities.at/entry.php?id=11671" "Mozilla/5.0 (Windows NT 6.1; WOW64; Trident/7.0; rv:11.0) like Gecko"
91.141.2.151 - - [06/Apr/2017:14:33:08 +0200] "GET /gui/javascript/form_form.js?1491481987 HTTP/1.1" 200 16206 "http://ed.activities.at/entry.php?id=11671" "Mozilla/5.0 (Windows NT 6.1; WOW64; Trident/7.0; rv:11.0) like Gecko"
91.141.2.151 - - [06/Apr/2017:14:33:08 +0200] "GET /entry.php?id=10778&form=11496&name=list& HTTP/1.1" 200 5858 "http://ed.activities.at/entry.php?id=11671" "Mozilla/5.0 (Windows NT 6.1; WOW64; Trident/7.0; rv:11.0) like Gecko"
91.141.2.151 - - [06/Apr/2017:14:33:08 +0200] "GET /entry.php?id=10776&form=11496&name=list& HTTP/1.1" 200 1519 "http://ed.activities.at/entry.php?id=11671" "Mozilla/5.0 (Windows NT 6.1; WOW64; Trident/7.0; rv:11.0) like Gecko"
95.143.230.128 - - [06/Apr/2017:14:33:17 +0200] "GET /entry.php?id=10271&&ser=481937 HTTP/1.1" 200 987 "http://ed.activities.at/entry.php?id=10271&&ser=481813" "Mozilla/5.0 (Windows NT 6.1; WOW64; rv:52.0) Gecko/20100101 Firefox/52.0"
95.143.230.128 - - [06/Apr/2017:14:33:17 +0200] "GET /gui/javascript/form_form.js?1491481997 HTTP/1.1" 200 16206 "http://ed.activities.at/entry.php?id=10271&&ser=481937" "Mozilla/5.0 (Windows NT 6.1; WOW64; rv:52.0) Gecko/20100101 Firefox/52.0"
91.141.2.151 - - [06/Apr/2017:14:33:18 +0200] "POST /entry.php?id=11671 HTTP/1.1" 200 4724 "http://ed.activities.at/entry.php?id=11671" "Mozilla/5.0 (Windows NT 6.1; WOW64; Trident/7.0; rv:11.0) like Gecko"
91.141.2.151 - - [06/Apr/2017:14:33:19 +0200] "GET /gui/javascript/form_form.js?1491481999 HTTP/1.1" 200 16206 "http://ed.activities.at/entry.php?id=11671" "Mozilla/5.0 (Windows NT 6.1; WOW64; Trident/7.0; rv:11.0) like Gecko"
91.141.2.151 - - [06/Apr/2017:14:33:19 +0200] "GET /entry.php?id=10776&form=11496&name=list& HTTP/1.1" 200 1519 "http://ed.activities.at/entry.php?id=11671" "Mozilla/5.0 (Windows NT 6.1; WOW64; Trident/7.0; rv:11.0) like Gecko"
91.141.2.151 - - [06/Apr/2017:14:33:19 +0200] "GET /entry.php?id=10778&form=11496&name=list& HTTP/1.1" 200 5737 "http://ed.activities.at/entry.php?id=11671" "Mozilla/5.0 (Windows NT 6.1; WOW64; Trident/7.0; rv:11.0) like Gecko"
91.141.2.151 - - [06/Apr/2017:14:33:26 +0200] "POST /entry.php?id=11671 HTTP/1.1" 200 4895 "http://ed.activities.at/entry.php?id=11671" "Mozilla/5.0 (Windows NT 6.1; WOW64; Trident/7.0; rv:11.0) like Gecko"
91.141.2.151 - - [06/Apr/2017:14:33:27 +0200] "GET /gui/javascript/form_form.js?1491482007 HTTP/1.1" 200 16206 "http://ed.activities.at/entry.php?id=11671" "Mozilla/5.0 (Windows NT 6.1; WOW64; Trident/7.0; rv:11.0) like Gecko"
91.141.2.151 - - [06/Apr/2017:14:33:27 +0200] "GET /entry.php?id=10778&form=11496&name=list& HTTP/1.1" 200 5737 "http://ed.activities.at/entry.php?id=11671" "Mozilla/5.0 (Windows NT 6.1; WOW64; Trident/7.0; rv:11.0) like Gecko"
91.141.2.151 - - [06/Apr/2017:14:33:27 +0200] "GET /entry.php?id=10776&form=11496&name=list& HTTP/1.1" 200 1519 "http://ed.activities.at/entry.php?id=11671" "Mozilla/5.0 (Windows NT 6.1; WOW64; Trident/7.0; rv:11.0) like Gecko"
91.141.2.151 - - [06/Apr/2017:14:33:42 +0200] "GET /entry.php?id=10271&&ser=481962 HTTP/1.1" 200 987 "http://ed.activities.at/entry.php?id=10271&&ser=481901" "Mozilla/5.0 (Windows NT 6.1; WOW64; Trident/7.0; rv:11.0) like Gecko"
91.141.2.151 - - [06/Apr/2017:14:33:43 +0200] "GET /gui/javascript/form_form.js?1491482023 HTTP/1.1" 200 16206 "http://ed.activities.at/entry.php?id=10271&&ser=481962" "Mozilla/5.0 (Windows NT 6.1; WOW64; Trident/7.0; rv:11.0) like Gecko"
91.141.2.151 - - [06/Apr/2017:14:33:59 +0200] "POST /entry.php?id=11671 HTTP/1.1" 200 4728 "http://ed.activities.at/entry.php?id=11671" "Mozilla/5.0 (Windows NT 6.1; WOW64; Trident/7.0; rv:11.0) like Gecko"
91.141.2.151 - - [06/Apr/2017:14:33:59 +0200] "GET /gui/javascript/form_form.js?1491482039 HTTP/1.1" 200 16206 "http://ed.activities.at/entry.php?id=11671" "Mozilla/5.0 (Windows NT 6.1; WOW64; Trident/7.0; rv:11.0) like Gecko"
91.141.2.151 - - [06/Apr/2017:14:34:00 +0200] "GET /entry.php?id=10776&form=11496&name=list& HTTP/1.1" 200 1519 "http://ed.activities.at/entry.php?id=11671" "Mozilla/5.0 (Windows NT 6.1; WOW64; Trident/7.0; rv:11.0) like Gecko"
91.141.2.151 - - [06/Apr/2017:14:34:00 +0200] "GET /entry.php?id=10778&form=11496&name=list& HTTP/1.1" 200 5752 "http://ed.activities.at/entry.php?id=11671" "Mozilla/5.0 (Windows NT 6.1; WOW64; Trident/7.0; rv:11.0) like Gecko"
91.141.2.151 - - [06/Apr/2017:14:34:05 +0200] "POST /entry.php?id=11671 HTTP/1.1" 200 4917 "http://ed.activities.at/entry.php?id=11671" "Mozilla/5.0 (Windows NT 6.1; WOW64; Trident/7.0; rv:11.0) like Gecko"
91.141.2.151 - - [06/Apr/2017:14:34:06 +0200] "GET /gui/javascript/form_form.js?1491482046 HTTP/1.1" 200 16206 "http://ed.activities.at/entry.php?id=11671" "Mozilla/5.0 (Windows NT 6.1; WOW64; Trident/7.0; rv:11.0) like Gecko"
91.141.2.151 - - [06/Apr/2017:14:34:06 +0200] "GET /entry.php?id=10776&form=11496&name=list& HTTP/1.1" 200 1519 "http://ed.activities.at/entry.php?id=11671" "Mozilla/5.0 (Windows NT 6.1; WOW64; Trident/7.0; rv:11.0) like Gecko"
91.141.2.151 - - [06/Apr/2017:14:34:06 +0200] "GET /entry.php?id=10778&form=11496&name=list& HTTP/1.1" 200 5752 "http://ed.activities.at/entry.php?id=11671" "Mozilla/5.0 (Windows NT 6.1; WOW64; Trident/7.0; rv:11.0) like Gecko"
212.108.43.59 - - [06/Apr/2017:14:34:06 +0200] "GET /entry.php?id=10271&&ser=481986 HTTP/1.1" 200 987 "http://ed.activities.at/entry.php?id=10271&&ser=481926" "Mozilla/5.0 (Windows NT 10.0; Win64; x64) AppleWebKit/537.36 (KHTML, like Gecko) Chrome/56.0.2924.87 Safari/537.36"
212.108.43.59 - - [06/Apr/2017:14:34:07 +0200] "GET /gui/javascript/form_form.js?1491482047 HTTP/1.1" 200 16206 "http://ed.activities.at/entry.php?id=10271&&ser=481986" "Mozilla/5.0 (Windows NT 10.0; Win64; x64) AppleWebKit/537.36 (KHTML, like Gecko) Chrome/56.0.2924.87 Safari/537.36"
91.141.2.151 - - [06/Apr/2017:14:34:08 +0200] "POST /entry.php?id=11671 HTTP/1.1" 200 4725 "http://ed.activities.at/entry.php?id=11671" "Mozilla/5.0 (Windows NT 6.1; WOW64; Trident/7.0; rv:11.0) like Gecko"
91.141.2.151 - - [06/Apr/2017:14:34:09 +0200] "GET /gui/javascript/form_form.js?1491482049 HTTP/1.1" 200 16206 "http://ed.activities.at/entry.php?id=11671" "Mozilla/5.0 (Windows NT 6.1; WOW64; Trident/7.0; rv:11.0) like Gecko"
91.141.2.151 - - [06/Apr/2017:14:34:09 +0200] "GET /entry.php?id=10776&form=11496&name=list& HTTP/1.1" 200 1519 "http://ed.activities.at/entry.php?id=11671" "Mozilla/5.0 (Windows NT 6.1; WOW64; Trident/7.0; rv:11.0) like Gecko"
91.141.2.151 - - [06/Apr/2017:14:34:09 +0200] "GET /entry.php?id=10778&form=11496&name=list& HTTP/1.1" 200 5752 "http://ed.activities.at/entry.php?id=11671" "Mozilla/5.0 (Windows NT 6.1; WOW64; Trident/7.0; rv:11.0) like Gecko"
91.141.2.151 - - [06/Apr/2017:14:34:15 +0200] "POST /entry.php?id=11671 HTTP/1.1" 200 4908 "http://ed.activities.at/entry.php?id=11671" "Mozilla/5.0 (Windows NT 6.1; WOW64; Trident/7.0; rv:11.0) like Gecko"
91.141.2.151 - - [06/Apr/2017:14:34:15 +0200] "GET /gui/javascript/form_form.js?1491482055 HTTP/1.1" 200 16206 "http://ed.activities.at/entry.php?id=11671" "Mozilla/5.0 (Windows NT 6.1; WOW64; Trident/7.0; rv:11.0) like Gecko"
91.141.2.151 - - [06/Apr/2017:14:34:16 +0200] "GET /entry.php?id=10776&form=11496&name=list& HTTP/1.1" 200 1519 "http://ed.activities.at/entry.php?id=11671" "Mozilla/5.0 (Windows NT 6.1; WOW64; Trident/7.0; rv:11.0) like Gecko"
91.141.2.151 - - [06/Apr/2017:14:34:16 +0200] "GET /entry.php?id=10778&form=11496&name=list& HTTP/1.1" 200 5752 "http://ed.activities.at/entry.php?id=11671" "Mozilla/5.0 (Windows NT 6.1; WOW64; Trident/7.0; rv:11.0) like Gecko"
95.143.230.128 - - [06/Apr/2017:14:34:18 +0200] "GET /entry.php?id=10271&&ser=481997 HTTP/1.1" 200 986 "http://ed.activities.at/entry.php?id=10271&&ser=481937" "Mozilla/5.0 (Windows NT 6.1; WOW64; rv:52.0) Gecko/20100101 Firefox/52.0"
95.143.230.128 - - [06/Apr/2017:14:34:18 +0200] "GET /gui/javascript/form_form.js?1491482058 HTTP/1.1" 200 16206 "http://ed.activities.at/entry.php?id=10271&&ser=481997" "Mozilla/5.0 (Windows NT 6.1; WOW64; rv:52.0) Gecko/20100101 Firefox/52.0"
91.141.2.151 - - [06/Apr/2017:14:34:20 +0200] "POST /entry.php?id=11671 HTTP/1.1" 200 4726 "http://ed.activities.at/entry.php?id=11671" "Mozilla/5.0 (Windows NT 6.1; WOW64; Trident/7.0; rv:11.0) like Gecko"
91.141.2.151 - - [06/Apr/2017:14:34:20 +0200] "GET /gui/javascript/form_form.js?1491482060 HTTP/1.1" 200 16206 "http://ed.activities.at/entry.php?id=11671" "Mozilla/5.0 (Windows NT 6.1; WOW64; Trident/7.0; rv:11.0) like Gecko"
91.141.2.151 - - [06/Apr/2017:14:34:21 +0200] "GET /entry.php?id=10776&form=11496&name=list& HTTP/1.1" 200 1519 "http://ed.activities.at/entry.php?id=11671" "Mozilla/5.0 (Windows NT 6.1; WOW64; Trident/7.0; rv:11.0) like Gecko"
91.141.2.151 - - [06/Apr/2017:14:34:21 +0200] "GET /entry.php?id=10778&form=11496&name=list& HTTP/1.1" 200 5752 "http://ed.activities.at/entry.php?id=11671" "Mozilla/5.0 (Windows NT 6.1; WOW64; Trident/7.0; rv:11.0) like Gecko"
91.141.2.151 - - [06/Apr/2017:14:34:39 +0200] "POST /entry.php?id=11671 HTTP/1.1" 200 4909 "http://ed.activities.at/entry.php?id=11671" "Mozilla/5.0 (Windows NT 6.1; WOW64; Trident/7.0; rv:11.0) like Gecko"
91.141.2.151 - - [06/Apr/2017:14:34:39 +0200] "GET /gui/javascript/form_form.js?1491482079 HTTP/1.1" 200 16206 "http://ed.activities.at/entry.php?id=11671" "Mozilla/5.0 (Windows NT 6.1; WOW64; Trident/7.0; rv:11.0) like Gecko"
91.141.2.151 - - [06/Apr/2017:14:34:39 +0200] "GET /entry.php?id=10778&form=11496&name=list& HTTP/1.1" 200 5752 "http://ed.activities.at/entry.php?id=11671" "Mozilla/5.0 (Windows NT 6.1; WOW64; Trident/7.0; rv:11.0) like Gecko"
91.141.2.151 - - [06/Apr/2017:14:34:39 +0200] "GET /entry.php?id=10776&form=11496&name=list& HTTP/1.1" 200 1519 "http://ed.activities.at/entry.php?id=11671" "Mozilla/5.0 (Windows NT 6.1; WOW64; Trident/7.0; rv:11.0) like Gecko"
95.143.230.128 - - [06/Apr/2017:14:34:40 +0200] "GET /entry.php?id=11670 HTTP/1.1" 200 320 "http://ed.activities.at/entry.php?id=10270&__app__=10006038" "Mozilla/5.0 (Windows NT 6.1; WOW64; rv:52.0) Gecko/20100101 Firefox/52.0"
95.143.230.128 - - [06/Apr/2017:14:34:40 +0200] "GET /entry.php?id=10676&&title=Produkte HTTP/1.1" 200 1387 "http://ed.activities.at/entry.php?id=11670" "Mozilla/5.0 (Windows NT 6.1; WOW64; rv:52.0) Gecko/20100101 Firefox/52.0"
95.143.230.128 - - [06/Apr/2017:14:34:40 +0200] "GET /gui/javascript/form_form.js?1491482080 HTTP/1.1" 200 16206 "http://ed.activities.at/entry.php?id=10676&&title=Produkte" "Mozilla/5.0 (Windows NT 6.1; WOW64; rv:52.0) Gecko/20100101 Firefox/52.0"
95.143.230.128 - - [06/Apr/2017:14:34:40 +0200] "GET /entry.php?id=11668& HTTP/1.1" 200 3365 "http://ed.activities.at/entry.php?id=11670" "Mozilla/5.0 (Windows NT 6.1; WOW64; rv:52.0) Gecko/20100101 Firefox/52.0"
95.143.230.128 - - [06/Apr/2017:14:34:41 +0200] "GET /gui/javascript/form_form.js?1491482081 HTTP/1.1" 200 16206 "http://ed.activities.at/entry.php?id=11668&" "Mozilla/5.0 (Windows NT 6.1; WOW64; rv:52.0) Gecko/20100101 Firefox/52.0"
95.143.230.128 - - [06/Apr/2017:14:34:40 +0200] "GET /entry.php?id=11669& HTTP/1.1" 200 2280 "http://ed.activities.at/entry.php?id=11670" "Mozilla/5.0 (Windows NT 6.1; WOW64; rv:52.0) Gecko/20100101 Firefox/52.0"
95.143.230.128 - - [06/Apr/2017:14:34:41 +0200] "GET /entry.php?id=10776&form=11493&name=list& HTTP/1.1" 200 1487 "http://ed.activities.at/entry.php?id=11668&" "Mozilla/5.0 (Windows NT 6.1; WOW64; rv:52.0) Gecko/20100101 Firefox/52.0"
95.143.230.128 - - [06/Apr/2017:14:34:41 +0200] "GET /entry.php?id=10778&form=11493&name=list& HTTP/1.1" 200 2487 "http://ed.activities.at/entry.php?id=11668&" "Mozilla/5.0 (Windows NT 6.1; WOW64; rv:52.0) Gecko/20100101 Firefox/52.0"
95.143.230.128 - - [06/Apr/2017:14:34:41 +0200] "GET /entry.php?id=10778&form=11494&name=list& HTTP/1.1" 200 4955 "http://ed.activities.at/entry.php?id=11669&" "Mozilla/5.0 (Windows NT 6.1; WOW64; rv:52.0) Gecko/20100101 Firefox/52.0"
95.143.230.128 - - [06/Apr/2017:14:34:41 +0200] "GET /entry.php?id=10776&form=11494&name=list& HTTP/1.1" 200 1963 "http://ed.activities.at/entry.php?id=11669&" "Mozilla/5.0 (Windows NT 6.1; WOW64; rv:52.0) Gecko/20100101 Firefox/52.0"
91.141.2.151 - - [06/Apr/2017:14:34:43 +0200] "POST /entry.php?id=11671 HTTP/1.1" 200 4724 "http://ed.activities.at/entry.php?id=11671" "Mozilla/5.0 (Windows NT 6.1; WOW64; Trident/7.0; rv:11.0) like Gecko"
91.141.2.151 - - [06/Apr/2017:14:34:43 +0200] "GET /entry.php?id=10271&&ser=482023 HTTP/1.1" 200 986 "http://ed.activities.at/entry.php?id=10271&&ser=481962" "Mozilla/5.0 (Windows NT 6.1; WOW64; Trident/7.0; rv:11.0) like Gecko"
91.141.2.151 - - [06/Apr/2017:14:34:44 +0200] "GET /gui/javascript/form_form.js?1491482084 HTTP/1.1" 200 16206 "http://ed.activities.at/entry.php?id=11671" "Mozilla/5.0 (Windows NT 6.1; WOW64; Trident/7.0; rv:11.0) like Gecko"
91.141.2.151 - - [06/Apr/2017:14:34:44 +0200] "GET /entry.php?id=10776&form=11496&name=list& HTTP/1.1" 200 1519 "http://ed.activities.at/entry.php?id=11671" "Mozilla/5.0 (Windows NT 6.1; WOW64; Trident/7.0; rv:11.0) like Gecko"
91.141.2.151 - - [06/Apr/2017:14:34:44 +0200] "GET /entry.php?id=10778&form=11496&name=list& HTTP/1.1" 200 5752 "http://ed.activities.at/entry.php?id=11671" "Mozilla/5.0 (Windows NT 6.1; WOW64; Trident/7.0; rv:11.0) like Gecko"
91.141.2.151 - - [06/Apr/2017:14:34:55 +0200] "POST /entry.php?id=11671 HTTP/1.1" 200 4908 "http://ed.activities.at/entry.php?id=11671" "Mozilla/5.0 (Windows NT 6.1; WOW64; Trident/7.0; rv:11.0) like Gecko"
91.141.2.151 - - [06/Apr/2017:14:34:56 +0200] "GET /gui/javascript/form_form.js?1491482096 HTTP/1.1" 200 16206 "http://ed.activities.at/entry.php?id=11671" "Mozilla/5.0 (Windows NT 6.1; WOW64; Trident/7.0; rv:11.0) like Gecko"
91.141.2.151 - - [06/Apr/2017:14:34:56 +0200] "GET /entry.php?id=10776&form=11496&name=list& HTTP/1.1" 200 1519 "http://ed.activities.at/entry.php?id=11671" "Mozilla/5.0 (Windows NT 6.1; WOW64; Trident/7.0; rv:11.0) like Gecko"
91.141.2.151 - - [06/Apr/2017:14:34:56 +0200] "GET /entry.php?id=10778&form=11496&name=list& HTTP/1.1" 200 5752 "http://ed.activities.at/entry.php?id=11671" "Mozilla/5.0 (Windows NT 6.1; WOW64; Trident/7.0; rv:11.0) like Gecko"
91.141.2.151 - - [06/Apr/2017:14:34:59 +0200] "POST /entry.php?id=11671 HTTP/1.1" 200 4730 "http://ed.activities.at/entry.php?id=11671" "Mozilla/5.0 (Windows NT 6.1; WOW64; Trident/7.0; rv:11.0) like Gecko"
91.141.2.151 - - [06/Apr/2017:14:35:00 +0200] "GET /gui/javascript/form_form.js?1491482100 HTTP/1.1" 200 16206 "http://ed.activities.at/entry.php?id=11671" "Mozilla/5.0 (Windows NT 6.1; WOW64; Trident/7.0; rv:11.0) like Gecko"
91.141.2.151 - - [06/Apr/2017:14:35:00 +0200] "GET /entry.php?id=10776&form=11496&name=list& HTTP/1.1" 200 1519 "http://ed.activities.at/entry.php?id=11671" "Mozilla/5.0 (Windows NT 6.1; WOW64; Trident/7.0; rv:11.0) like Gecko"
91.141.2.151 - - [06/Apr/2017:14:35:00 +0200] "GET /entry.php?id=10778&form=11496&name=list& HTTP/1.1" 200 5752 "http://ed.activities.at/entry.php?id=11671" "Mozilla/5.0 (Windows NT 6.1; WOW64; Trident/7.0; rv:11.0) like Gecko"
212.108.43.59 - - [06/Apr/2017:14:35:07 +0200] "GET /entry.php?id=10271&&ser=482047 HTTP/1.1" 200 986 "http://ed.activities.at/entry.php?id=10271&&ser=481986" "Mozilla/5.0 (Windows NT 10.0; Win64; x64) AppleWebKit/537.36 (KHTML, like Gecko) Chrome/56.0.2924.87 Safari/537.36"
212.108.43.59 - - [06/Apr/2017:14:35:07 +0200] "GET /gui/javascript/form_form.js?1491482107 HTTP/1.1" 200 16206 "http://ed.activities.at/entry.php?id=10271&&ser=482047" "Mozilla/5.0 (Windows NT 10.0; Win64; x64) AppleWebKit/537.36 (KHTML, like Gecko) Chrome/56.0.2924.87 Safari/537.36"
95.143.230.128 - - [06/Apr/2017:14:35:31 +0200] "POST /entry.php?id=11669 HTTP/1.1" 200 2280 "http://ed.activities.at/entry.php?id=11669&" "Mozilla/5.0 (Windows NT 6.1; WOW64; rv:52.0) Gecko/20100101 Firefox/52.0"
95.143.230.128 - - [06/Apr/2017:14:35:31 +0200] "GET /gui/javascript/form_form.js?1491482131 HTTP/1.1" 200 16206 "http://ed.activities.at/entry.php?id=11669" "Mozilla/5.0 (Windows NT 6.1; WOW64; rv:52.0) Gecko/20100101 Firefox/52.0"
95.143.230.128 - - [06/Apr/2017:14:35:31 +0200] "GET /entry.php?id=10778&form=11494&name=list& HTTP/1.1" 200 4937 "http://ed.activities.at/entry.php?id=11669" "Mozilla/5.0 (Windows NT 6.1; WOW64; rv:52.0) Gecko/20100101 Firefox/52.0"
95.143.230.128 - - [06/Apr/2017:14:35:31 +0200] "GET /entry.php?id=10776&form=11494&name=list& HTTP/1.1" 200 1964 "http://ed.activities.at/entry.php?id=11669" "Mozilla/5.0 (Windows NT 6.1; WOW64; rv:52.0) Gecko/20100101 Firefox/52.0"
95.143.230.128 - - [06/Apr/2017:14:35:31 +0200] "GET /framework/icons/sortDown.gif HTTP/1.1" 200 54 "http://ed.activities.at/entry.php?id=10776&form=11494&name=list&" "Mozilla/5.0 (Windows NT 6.1; WOW64; rv:52.0) Gecko/20100101 Firefox/52.0"
95.143.230.128 - - [06/Apr/2017:14:35:32 +0200] "GET /entry.php?id=10271&&ser=481813 HTTP/1.1" 200 987 "http://ed.activities.at/entry.php?id=10271&&ser=481753" "Mozilla/5.0 (Windows NT 6.1; WOW64; rv:52.0) Gecko/20100101 Firefox/52.0"
95.143.230.128 - - [06/Apr/2017:14:35:32 +0200] "GET /gui/javascript/form_form.js?1491482132 HTTP/1.1" 200 16206 "http://ed.activities.at/entry.php?id=10271&&ser=481813" "Mozilla/5.0 (Windows NT 6.1; WOW64; rv:52.0) Gecko/20100101 Firefox/52.0"
91.141.2.151 - - [06/Apr/2017:14:35:44 +0200] "GET /entry.php?id=10271&&ser=482084 HTTP/1.1" 200 987 "http://ed.activities.at/entry.php?id=10271&&ser=482023" "Mozilla/5.0 (Windows NT 6.1; WOW64; Trident/7.0; rv:11.0) like Gecko"
91.141.2.151 - - [06/Apr/2017:14:35:45 +0200] "GET /gui/javascript/form_form.js?1491482145 HTTP/1.1" 200 16206 "http://ed.activities.at/entry.php?id=10271&&ser=482084" "Mozilla/5.0 (Windows NT 6.1; WOW64; Trident/7.0; rv:11.0) like Gecko"
