95.143.230.128 - - [06/Apr/2017:16:33:31 +0200] "POST /entry.php?id=11671 HTTP/1.1" 200 4978 "http://ed.activities.at/entry.php?id=11671" "Mozilla/5.0 (Windows NT 6.1; WOW64; rv:52.0) Gecko/20100101 Firefox/52.0"
95.143.230.128 - - [06/Apr/2017:16:33:31 +0200] "GET /gui/javascript/form_form.js?1491489211 HTTP/1.1" 200 16206 "http://ed.activities.at/entry.php?id=11671" "Mozilla/5.0 (Windows NT 6.1; WOW64; rv:52.0) Gecko/20100101 Firefox/52.0"
95.143.230.128 - - [06/Apr/2017:16:33:32 +0200] "GET /entry.php?id=10776&form=11496&name=list& HTTP/1.1" 200 1519 "http://ed.activities.at/entry.php?id=11671" "Mozilla/5.0 (Windows NT 6.1; WOW64; rv:52.0) Gecko/20100101 Firefox/52.0"
95.143.230.128 - - [06/Apr/2017:16:33:32 +0200] "GET /entry.php?id=10778&form=11496&name=list& HTTP/1.1" 200 4237 "http://ed.activities.at/entry.php?id=11671" "Mozilla/5.0 (Windows NT 6.1; WOW64; rv:52.0) Gecko/20100101 Firefox/52.0"
95.143.230.128 - - [06/Apr/2017:16:33:40 +0200] "POST /entry.php?id=11671 HTTP/1.1" 200 4973 "http://ed.activities.at/entry.php?id=11671" "Mozilla/5.0 (Windows NT 6.1; WOW64; rv:52.0) Gecko/20100101 Firefox/52.0"
95.143.230.128 - - [06/Apr/2017:16:33:41 +0200] "GET /gui/javascript/form_form.js?1491489221 HTTP/1.1" 200 16206 "http://ed.activities.at/entry.php?id=11671" "Mozilla/5.0 (Windows NT 6.1; WOW64; rv:52.0) Gecko/20100101 Firefox/52.0"
95.143.230.128 - - [06/Apr/2017:16:33:41 +0200] "GET /entry.php?id=10776&form=11496&name=list& HTTP/1.1" 200 1519 "http://ed.activities.at/entry.php?id=11671" "Mozilla/5.0 (Windows NT 6.1; WOW64; rv:52.0) Gecko/20100101 Firefox/52.0"
95.143.230.128 - - [06/Apr/2017:16:33:41 +0200] "GET /entry.php?id=10778&form=11496&name=list& HTTP/1.1" 200 4237 "http://ed.activities.at/entry.php?id=11671" "Mozilla/5.0 (Windows NT 6.1; WOW64; rv:52.0) Gecko/20100101 Firefox/52.0"
212.108.43.59 - - [06/Apr/2017:16:33:50 +0200] "GET /entry.php?id=10271&&ser=489170 HTTP/1.1" 200 987 "http://ed.activities.at/entry.php?id=10271&&ser=489110" "Mozilla/5.0 (Windows NT 10.0; Win64; x64) AppleWebKit/537.36 (KHTML, like Gecko) Chrome/56.0.2924.87 Safari/537.36"
212.108.43.59 - - [06/Apr/2017:16:33:51 +0200] "GET /gui/javascript/form_form.js?1491489230 HTTP/1.1" 200 16206 "http://ed.activities.at/entry.php?id=10271&&ser=489170" "Mozilla/5.0 (Windows NT 10.0; Win64; x64) AppleWebKit/537.36 (KHTML, like Gecko) Chrome/56.0.2924.87 Safari/537.36"
95.143.230.128 - - [06/Apr/2017:16:33:50 +0200] "POST /entry.php?id=11671 HTTP/1.1" 200 4956 "http://ed.activities.at/entry.php?id=11671" "Mozilla/5.0 (Windows NT 6.1; WOW64; rv:52.0) Gecko/20100101 Firefox/52.0"
95.143.230.128 - - [06/Apr/2017:16:33:51 +0200] "GET /gui/javascript/form_form.js?1491489231 HTTP/1.1" 200 16206 "http://ed.activities.at/entry.php?id=11671" "Mozilla/5.0 (Windows NT 6.1; WOW64; rv:52.0) Gecko/20100101 Firefox/52.0"
95.143.230.128 - - [06/Apr/2017:16:33:51 +0200] "GET /entry.php?id=10776&form=11496&name=list& HTTP/1.1" 200 1519 "http://ed.activities.at/entry.php?id=11671" "Mozilla/5.0 (Windows NT 6.1; WOW64; rv:52.0) Gecko/20100101 Firefox/52.0"
95.143.230.128 - - [06/Apr/2017:16:33:51 +0200] "GET /entry.php?id=10778&form=11496&name=list& HTTP/1.1" 200 4237 "http://ed.activities.at/entry.php?id=11671" "Mozilla/5.0 (Windows NT 6.1; WOW64; rv:52.0) Gecko/20100101 Firefox/52.0"
95.143.230.128 - - [06/Apr/2017:16:34:24 +0200] "GET /entry.php?id=10271&&ser=489204 HTTP/1.1" 200 987 "http://ed.activities.at/entry.php?id=10271&&ser=489144" "Mozilla/5.0 (Windows NT 6.1; WOW64; rv:52.0) Gecko/20100101 Firefox/52.0"
95.143.230.128 - - [06/Apr/2017:16:34:25 +0200] "GET /gui/javascript/form_form.js?1491489265 HTTP/1.1" 200 16206 "http://ed.activities.at/entry.php?id=10271&&ser=489204" "Mozilla/5.0 (Windows NT 6.1; WOW64; rv:52.0) Gecko/20100101 Firefox/52.0"
80.123.94.70 - - [06/Apr/2017:16:34:39 +0200] "GET / HTTP/1.1" 200 382 "-" "Mozilla/5.0 (Windows NT 10.0; WOW64) AppleWebKit/537.36 (KHTML, like Gecko) Chrome/57.0.2987.133 Safari/537.36"
80.123.94.70 - - [06/Apr/2017:16:34:40 +0200] "GET / HTTP/1.1" 200 382 "-" "Mozilla/5.0 (Windows NT 10.0; WOW64) AppleWebKit/537.36 (KHTML, like Gecko) Chrome/57.0.2987.133 Safari/537.36"
80.123.94.70 - - [06/Apr/2017:16:34:40 +0200] "GET /layout.php HTTP/1.1" 200 909 "http://ed.activities.at/" "Mozilla/5.0 (Windows NT 10.0; WOW64) AppleWebKit/537.36 (KHTML, like Gecko) Chrome/57.0.2987.133 Safari/537.36"
80.123.94.70 - - [06/Apr/2017:16:34:40 +0200] "GET /entry.php?id=10270 HTTP/1.1" 200 908 "http://ed.activities.at/layout.php" "Mozilla/5.0 (Windows NT 10.0; WOW64) AppleWebKit/537.36 (KHTML, like Gecko) Chrome/57.0.2987.133 Safari/537.36"
80.123.94.70 - - [06/Apr/2017:16:34:40 +0200] "GET /entry.php?id=10272 HTTP/1.1" 200 1188 "http://ed.activities.at/layout.php" "Mozilla/5.0 (Windows NT 10.0; WOW64) AppleWebKit/537.36 (KHTML, like Gecko) Chrome/57.0.2987.133 Safari/537.36"
80.123.94.70 - - [06/Apr/2017:16:34:40 +0200] "GET /gui/javascript/form_form.js?1491489280 HTTP/1.1" 200 16206 "http://ed.activities.at/entry.php?id=10270" "Mozilla/5.0 (Windows NT 10.0; WOW64) AppleWebKit/537.36 (KHTML, like Gecko) Chrome/57.0.2987.133 Safari/537.36"
80.123.94.70 - - [06/Apr/2017:16:34:40 +0200] "GET /entry.php?id=10273 HTTP/1.1" 200 1931 "http://ed.activities.at/layout.php" "Mozilla/5.0 (Windows NT 10.0; WOW64) AppleWebKit/537.36 (KHTML, like Gecko) Chrome/57.0.2987.133 Safari/537.36"
80.123.94.70 - - [06/Apr/2017:16:34:40 +0200] "GET /entry.php?id=11412 HTTP/1.1" 200 1758 "http://ed.activities.at/layout.php" "Mozilla/5.0 (Windows NT 10.0; WOW64) AppleWebKit/537.36 (KHTML, like Gecko) Chrome/57.0.2987.133 Safari/537.36"
80.123.94.70 - - [06/Apr/2017:16:34:40 +0200] "GET /entry.php?id=10271&UIN=e4fd8d7611f0f97ba1600482a378fbd5 HTTP/1.1" 200 934 "http://ed.activities.at/entry.php?id=10272" "Mozilla/5.0 (Windows NT 10.0; WOW64) AppleWebKit/537.36 (KHTML, like Gecko) Chrome/57.0.2987.133 Safari/537.36"
80.123.94.70 - - [06/Apr/2017:16:34:40 +0200] "GET /entry.php?id=10287 HTTP/1.1" 200 2421 "http://ed.activities.at/entry.php?id=11412" "Mozilla/5.0 (Windows NT 10.0; WOW64) AppleWebKit/537.36 (KHTML, like Gecko) Chrome/57.0.2987.133 Safari/537.36"
80.123.94.70 - - [06/Apr/2017:16:34:40 +0200] "GET /entry.php?id=10270& HTTP/1.1" 200 908 "http://ed.activities.at/entry.php?id=10287" "Mozilla/5.0 (Windows NT 10.0; WOW64) AppleWebKit/537.36 (KHTML, like Gecko) Chrome/57.0.2987.133 Safari/537.36"
80.123.94.70 - - [06/Apr/2017:16:34:40 +0200] "GET /entry.php?id=10273& HTTP/1.1" 200 1901 "http://ed.activities.at/entry.php?id=10287" "Mozilla/5.0 (Windows NT 10.0; WOW64) AppleWebKit/537.36 (KHTML, like Gecko) Chrome/57.0.2987.133 Safari/537.36"
80.123.94.70 - - [06/Apr/2017:16:34:41 +0200] "GET /gui/javascript/form_form.js?1491489281 HTTP/1.1" 200 16206 "http://ed.activities.at/entry.php?id=10273&" "Mozilla/5.0 (Windows NT 10.0; WOW64) AppleWebKit/537.36 (KHTML, like Gecko) Chrome/57.0.2987.133 Safari/537.36"
80.123.94.70 - - [06/Apr/2017:16:34:43 +0200] "POST /entry.php?id=10287& HTTP/1.1" 200 2392 "http://ed.activities.at/entry.php?id=10287" "Mozilla/5.0 (Windows NT 10.0; WOW64) AppleWebKit/537.36 (KHTML, like Gecko) Chrome/57.0.2987.133 Safari/537.36"
80.123.94.70 - - [06/Apr/2017:16:34:43 +0200] "GET /gui/javascript/form_form.js?1491489283 HTTP/1.1" 200 16206 "http://ed.activities.at/entry.php?id=10287&" "Mozilla/5.0 (Windows NT 10.0; WOW64) AppleWebKit/537.36 (KHTML, like Gecko) Chrome/57.0.2987.133 Safari/537.36"
80.123.94.70 - - [06/Apr/2017:16:34:43 +0200] "GET /entry.php?id=10271&UIN=e4fd8d7611f0f97ba1600482a378fbd5 HTTP/1.1" 200 987 "http://ed.activities.at/entry.php?id=10271&UIN=e4fd8d7611f0f97ba1600482a378fbd5" "Mozilla/5.0 (Windows NT 10.0; WOW64) AppleWebKit/537.36 (KHTML, like Gecko) Chrome/57.0.2987.133 Safari/537.36"
80.123.94.70 - - [06/Apr/2017:16:34:44 +0200] "GET /gui/javascript/form_form.js?1491489284 HTTP/1.1" 200 16206 "http://ed.activities.at/entry.php?id=10271&UIN=e4fd8d7611f0f97ba1600482a378fbd5" "Mozilla/5.0 (Windows NT 10.0; WOW64) AppleWebKit/537.36 (KHTML, like Gecko) Chrome/57.0.2987.133 Safari/537.36"
80.123.94.70 - - [06/Apr/2017:16:34:43 +0200] "GET /entry.php?id=10273& HTTP/1.1" 200 2030 "http://ed.activities.at/entry.php?id=10287&" "Mozilla/5.0 (Windows NT 10.0; WOW64) AppleWebKit/537.36 (KHTML, like Gecko) Chrome/57.0.2987.133 Safari/537.36"
80.123.94.70 - - [06/Apr/2017:16:34:44 +0200] "GET /framework/webfx/style/toolbar/images/cbback.gif HTTP/1.1" 404 314 "http://ed.activities.at/framework/webfx/style/toolbar/cb2.css" "Mozilla/5.0 (Windows NT 10.0; WOW64) AppleWebKit/537.36 (KHTML, like Gecko) Chrome/57.0.2987.133 Safari/537.36"
80.123.94.70 - - [06/Apr/2017:16:34:44 +0200] "GET /entry.php?id=10270&__app__=10006038 HTTP/1.1" 200 1649 "http://ed.activities.at/entry.php?id=10273&" "Mozilla/5.0 (Windows NT 10.0; WOW64) AppleWebKit/537.36 (KHTML, like Gecko) Chrome/57.0.2987.133 Safari/537.36"
80.123.94.70 - - [06/Apr/2017:16:34:44 +0200] "GET /undefined HTTP/1.1" 404 285 "http://ed.activities.at/entry.php?id=10270&__app__=10006038" "Mozilla/5.0 (Windows NT 10.0; WOW64) AppleWebKit/537.36 (KHTML, like Gecko) Chrome/57.0.2987.133 Safari/537.36"
80.123.94.70 - - [06/Apr/2017:16:34:47 +0200] "POST /entry.php?id=10287& HTTP/1.1" 200 2362 "http://ed.activities.at/entry.php?id=10287&" "Mozilla/5.0 (Windows NT 10.0; WOW64) AppleWebKit/537.36 (KHTML, like Gecko) Chrome/57.0.2987.133 Safari/537.36"
80.123.94.70 - - [06/Apr/2017:16:34:47 +0200] "GET /gui/javascript/form_form.js?1491489287 HTTP/1.1" 200 16206 "http://ed.activities.at/entry.php?id=10287&" "Mozilla/5.0 (Windows NT 10.0; WOW64) AppleWebKit/537.36 (KHTML, like Gecko) Chrome/57.0.2987.133 Safari/537.36"
80.123.94.70 - - [06/Apr/2017:16:34:48 +0200] "GET /entry.php?id=10271&UIN=e4fd8d7611f0f97ba1600482a378fbd5 HTTP/1.1" 200 986 "http://ed.activities.at/entry.php?id=10271&UIN=e4fd8d7611f0f97ba1600482a378fbd5" "Mozilla/5.0 (Windows NT 10.0; WOW64) AppleWebKit/537.36 (KHTML, like Gecko) Chrome/57.0.2987.133 Safari/537.36"
80.123.94.70 - - [06/Apr/2017:16:34:48 +0200] "GET /gui/javascript/form_form.js?1491489288 HTTP/1.1" 200 16206 "http://ed.activities.at/entry.php?id=10271&UIN=e4fd8d7611f0f97ba1600482a378fbd5" "Mozilla/5.0 (Windows NT 10.0; WOW64) AppleWebKit/537.36 (KHTML, like Gecko) Chrome/57.0.2987.133 Safari/537.36"
80.123.94.70 - - [06/Apr/2017:16:34:50 +0200] "GET /entry.php?id=11670 HTTP/1.1" 200 320 "http://ed.activities.at/entry.php?id=10270&__app__=10006038" "Mozilla/5.0 (Windows NT 10.0; WOW64) AppleWebKit/537.36 (KHTML, like Gecko) Chrome/57.0.2987.133 Safari/537.36"
80.123.94.70 - - [06/Apr/2017:16:34:50 +0200] "GET /entry.php?id=10676&&title=Produkte HTTP/1.1" 200 1387 "http://ed.activities.at/entry.php?id=11670" "Mozilla/5.0 (Windows NT 10.0; WOW64) AppleWebKit/537.36 (KHTML, like Gecko) Chrome/57.0.2987.133 Safari/537.36"
80.123.94.70 - - [06/Apr/2017:16:34:50 +0200] "GET /gui/javascript/form_form.js?1491489290 HTTP/1.1" 200 16206 "http://ed.activities.at/entry.php?id=10676&&title=Produkte" "Mozilla/5.0 (Windows NT 10.0; WOW64) AppleWebKit/537.36 (KHTML, like Gecko) Chrome/57.0.2987.133 Safari/537.36"
80.123.94.70 - - [06/Apr/2017:16:34:50 +0200] "GET /entry.php?id=11669& HTTP/1.1" 200 2279 "http://ed.activities.at/entry.php?id=11670" "Mozilla/5.0 (Windows NT 10.0; WOW64) AppleWebKit/537.36 (KHTML, like Gecko) Chrome/57.0.2987.133 Safari/537.36"
80.123.94.70 - - [06/Apr/2017:16:34:51 +0200] "GET /gui/javascript/form_form.js?1491489291 HTTP/1.1" 200 16206 "http://ed.activities.at/entry.php?id=11669&" "Mozilla/5.0 (Windows NT 10.0; WOW64) AppleWebKit/537.36 (KHTML, like Gecko) Chrome/57.0.2987.133 Safari/537.36"
212.108.43.59 - - [06/Apr/2017:16:34:51 +0200] "GET /entry.php?id=10271&&ser=489230 HTTP/1.1" 200 986 "http://ed.activities.at/entry.php?id=10271&&ser=489170" "Mozilla/5.0 (Windows NT 10.0; Win64; x64) AppleWebKit/537.36 (KHTML, like Gecko) Chrome/56.0.2924.87 Safari/537.36"
212.108.43.59 - - [06/Apr/2017:16:34:51 +0200] "GET /gui/javascript/form_form.js?1491489291 HTTP/1.1" 200 16206 "http://ed.activities.at/entry.php?id=10271&&ser=489230" "Mozilla/5.0 (Windows NT 10.0; Win64; x64) AppleWebKit/537.36 (KHTML, like Gecko) Chrome/56.0.2924.87 Safari/537.36"
80.123.94.70 - - [06/Apr/2017:16:34:50 +0200] "GET /entry.php?id=11668& HTTP/1.1" 200 3364 "http://ed.activities.at/entry.php?id=11670" "Mozilla/5.0 (Windows NT 10.0; WOW64) AppleWebKit/537.36 (KHTML, like Gecko) Chrome/57.0.2987.133 Safari/537.36"
80.123.94.70 - - [06/Apr/2017:16:34:51 +0200] "GET /entry.php?id=10778&form=11494&name=list& HTTP/1.1" 200 4976 "http://ed.activities.at/entry.php?id=11669&" "Mozilla/5.0 (Windows NT 10.0; WOW64) AppleWebKit/537.36 (KHTML, like Gecko) Chrome/57.0.2987.133 Safari/537.36"
80.123.94.70 - - [06/Apr/2017:16:34:51 +0200] "GET /entry.php?id=10776&form=11494&name=list& HTTP/1.1" 200 1992 "http://ed.activities.at/entry.php?id=11669&" "Mozilla/5.0 (Windows NT 10.0; WOW64) AppleWebKit/537.36 (KHTML, like Gecko) Chrome/57.0.2987.133 Safari/537.36"
80.123.94.70 - - [06/Apr/2017:16:34:51 +0200] "GET /entry.php?id=10776&form=11493&name=list& HTTP/1.1" 200 1487 "http://ed.activities.at/entry.php?id=11668&" "Mozilla/5.0 (Windows NT 10.0; WOW64) AppleWebKit/537.36 (KHTML, like Gecko) Chrome/57.0.2987.133 Safari/537.36"
80.123.94.70 - - [06/Apr/2017:16:34:51 +0200] "GET /entry.php?id=10778&form=11493&name=list& HTTP/1.1" 200 2487 "http://ed.activities.at/entry.php?id=11668&" "Mozilla/5.0 (Windows NT 10.0; WOW64) AppleWebKit/537.36 (KHTML, like Gecko) Chrome/57.0.2987.133 Safari/537.36"
95.143.230.128 - - [06/Apr/2017:16:35:06 +0200] "POST /entry.php?id=11671 HTTP/1.1" 200 4556 "http://ed.activities.at/entry.php?id=11671" "Mozilla/5.0 (Windows NT 6.1; WOW64; rv:52.0) Gecko/20100101 Firefox/52.0"
95.143.230.128 - - [06/Apr/2017:16:35:07 +0200] "GET /gui/javascript/form_form.js?1491489306 HTTP/1.1" 200 16206 "http://ed.activities.at/entry.php?id=11671" "Mozilla/5.0 (Windows NT 6.1; WOW64; rv:52.0) Gecko/20100101 Firefox/52.0"
95.143.230.128 - - [06/Apr/2017:16:35:07 +0200] "GET /entry.php?id=10776&form=11496&name=list& HTTP/1.1" 200 1519 "http://ed.activities.at/entry.php?id=11671" "Mozilla/5.0 (Windows NT 6.1; WOW64; rv:52.0) Gecko/20100101 Firefox/52.0"
95.143.230.128 - - [06/Apr/2017:16:35:07 +0200] "GET /entry.php?id=10778&form=11496&name=list& HTTP/1.1" 200 4033 "http://ed.activities.at/entry.php?id=11671" "Mozilla/5.0 (Windows NT 6.1; WOW64; rv:52.0) Gecko/20100101 Firefox/52.0"
80.123.94.70 - - [06/Apr/2017:16:35:21 +0200] "POST /entry.php?id=11668 HTTP/1.1" 200 3471 "http://ed.activities.at/entry.php?id=11668&" "Mozilla/5.0 (Windows NT 10.0; WOW64) AppleWebKit/537.36 (KHTML, like Gecko) Chrome/57.0.2987.133 Safari/537.36"
80.123.94.70 - - [06/Apr/2017:16:35:22 +0200] "GET /gui/javascript/form_form.js?1491489321 HTTP/1.1" 200 16206 "http://ed.activities.at/entry.php?id=11668" "Mozilla/5.0 (Windows NT 10.0; WOW64) AppleWebKit/537.36 (KHTML, like Gecko) Chrome/57.0.2987.133 Safari/537.36"
80.123.94.70 - - [06/Apr/2017:16:35:22 +0200] "GET /entry.php?id=10778&form=11493&name=list& HTTP/1.1" 200 3027 "http://ed.activities.at/entry.php?id=11668" "Mozilla/5.0 (Windows NT 10.0; WOW64) AppleWebKit/537.36 (KHTML, like Gecko) Chrome/57.0.2987.133 Safari/537.36"
80.123.94.70 - - [06/Apr/2017:16:35:22 +0200] "GET /entry.php?id=10776&form=11493&name=list& HTTP/1.1" 200 1485 "http://ed.activities.at/entry.php?id=11668" "Mozilla/5.0 (Windows NT 10.0; WOW64) AppleWebKit/537.36 (KHTML, like Gecko) Chrome/57.0.2987.133 Safari/537.36"
95.143.230.128 - - [06/Apr/2017:16:35:25 +0200] "GET /entry.php?id=10271&&ser=489265 HTTP/1.1" 200 987 "http://ed.activities.at/entry.php?id=10271&&ser=489204" "Mozilla/5.0 (Windows NT 6.1; WOW64; rv:52.0) Gecko/20100101 Firefox/52.0"
95.143.230.128 - - [06/Apr/2017:16:35:25 +0200] "GET /gui/javascript/form_form.js?1491489325 HTTP/1.1" 200 16206 "http://ed.activities.at/entry.php?id=10271&&ser=489265" "Mozilla/5.0 (Windows NT 6.1; WOW64; rv:52.0) Gecko/20100101 Firefox/52.0"
80.123.94.70 - - [06/Apr/2017:16:35:47 +0200] "POST /entry.php?id=11668 HTTP/1.1" 200 3602 "http://ed.activities.at/entry.php?id=11668" "Mozilla/5.0 (Windows NT 10.0; WOW64) AppleWebKit/537.36 (KHTML, like Gecko) Chrome/57.0.2987.133 Safari/537.36"
80.123.94.70 - - [06/Apr/2017:16:35:48 +0200] "GET /gui/javascript/form_form.js?1491489348 HTTP/1.1" 200 16206 "http://ed.activities.at/entry.php?id=11668" "Mozilla/5.0 (Windows NT 10.0; WOW64) AppleWebKit/537.36 (KHTML, like Gecko) Chrome/57.0.2987.133 Safari/537.36"
80.123.94.70 - - [06/Apr/2017:16:35:48 +0200] "GET /entry.php?id=10776&form=11493&name=list& HTTP/1.1" 200 1479 "http://ed.activities.at/entry.php?id=11668" "Mozilla/5.0 (Windows NT 10.0; WOW64) AppleWebKit/537.36 (KHTML, like Gecko) Chrome/57.0.2987.133 Safari/537.36"
80.123.94.70 - - [06/Apr/2017:16:35:48 +0200] "GET /entry.php?id=10778&form=11493&name=list& HTTP/1.1" 200 3025 "http://ed.activities.at/entry.php?id=11668" "Mozilla/5.0 (Windows NT 10.0; WOW64) AppleWebKit/537.36 (KHTML, like Gecko) Chrome/57.0.2987.133 Safari/537.36"
80.123.94.70 - - [06/Apr/2017:16:35:48 +0200] "GET /entry.php?id=10271&&ser=489288 HTTP/1.1" 200 987 "http://ed.activities.at/entry.php?id=10271&UIN=e4fd8d7611f0f97ba1600482a378fbd5" "Mozilla/5.0 (Windows NT 10.0; WOW64) AppleWebKit/537.36 (KHTML, like Gecko) Chrome/57.0.2987.133 Safari/537.36"
212.108.43.59 - - [06/Apr/2017:16:35:51 +0200] "GET /entry.php?id=10271&&ser=489291 HTTP/1.1" 200 986 "http://ed.activities.at/entry.php?id=10271&&ser=489230" "Mozilla/5.0 (Windows NT 10.0; Win64; x64) AppleWebKit/537.36 (KHTML, like Gecko) Chrome/56.0.2924.87 Safari/537.36"
212.108.43.59 - - [06/Apr/2017:16:35:51 +0200] "GET /gui/javascript/form_form.js?1491489351 HTTP/1.1" 200 16206 "http://ed.activities.at/entry.php?id=10271&&ser=489291" "Mozilla/5.0 (Windows NT 10.0; Win64; x64) AppleWebKit/537.36 (KHTML, like Gecko) Chrome/56.0.2924.87 Safari/537.36"
80.123.94.70 - - [06/Apr/2017:16:35:51 +0200] "POST /entry.php?id=11668 HTTP/1.1" 200 3504 "http://ed.activities.at/entry.php?id=11668" "Mozilla/5.0 (Windows NT 10.0; WOW64) AppleWebKit/537.36 (KHTML, like Gecko) Chrome/57.0.2987.133 Safari/537.36"
80.123.94.70 - - [06/Apr/2017:16:35:52 +0200] "GET /gui/javascript/form_form.js?1491489352 HTTP/1.1" 200 16206 "http://ed.activities.at/entry.php?id=11668" "Mozilla/5.0 (Windows NT 10.0; WOW64) AppleWebKit/537.36 (KHTML, like Gecko) Chrome/57.0.2987.133 Safari/537.36"
80.123.94.70 - - [06/Apr/2017:16:35:52 +0200] "GET /entry.php?id=10776&form=11493&name=list& HTTP/1.1" 200 1485 "http://ed.activities.at/entry.php?id=11668" "Mozilla/5.0 (Windows NT 10.0; WOW64) AppleWebKit/537.36 (KHTML, like Gecko) Chrome/57.0.2987.133 Safari/537.36"
80.123.94.70 - - [06/Apr/2017:16:35:52 +0200] "GET /entry.php?id=10778&form=11493&name=list& HTTP/1.1" 200 3027 "http://ed.activities.at/entry.php?id=11668" "Mozilla/5.0 (Windows NT 10.0; WOW64) AppleWebKit/537.36 (KHTML, like Gecko) Chrome/57.0.2987.133 Safari/537.36"
80.123.94.70 - - [06/Apr/2017:16:35:57 +0200] "POST /entry.php?id=11668 HTTP/1.1" 200 3631 "http://ed.activities.at/entry.php?id=11668" "Mozilla/5.0 (Windows NT 10.0; WOW64) AppleWebKit/537.36 (KHTML, like Gecko) Chrome/57.0.2987.133 Safari/537.36"
80.123.94.70 - - [06/Apr/2017:16:35:58 +0200] "GET /gui/javascript/form_form.js?1491489358 HTTP/1.1" 200 16206 "http://ed.activities.at/entry.php?id=11668" "Mozilla/5.0 (Windows NT 10.0; WOW64) AppleWebKit/537.36 (KHTML, like Gecko) Chrome/57.0.2987.133 Safari/537.36"
80.123.94.70 - - [06/Apr/2017:16:35:58 +0200] "GET /entry.php?id=10776&form=11493&name=list& HTTP/1.1" 200 1479 "http://ed.activities.at/entry.php?id=11668" "Mozilla/5.0 (Windows NT 10.0; WOW64) AppleWebKit/537.36 (KHTML, like Gecko) Chrome/57.0.2987.133 Safari/537.36"
80.123.94.70 - - [06/Apr/2017:16:35:58 +0200] "GET /entry.php?id=10778&form=11493&name=list& HTTP/1.1" 200 3025 "http://ed.activities.at/entry.php?id=11668" "Mozilla/5.0 (Windows NT 10.0; WOW64) AppleWebKit/537.36 (KHTML, like Gecko) Chrome/57.0.2987.133 Safari/537.36"
80.123.94.70 - - [06/Apr/2017:16:35:59 +0200] "POST /entry.php?id=11668 HTTP/1.1" 200 3491 "http://ed.activities.at/entry.php?id=11668" "Mozilla/5.0 (Windows NT 10.0; WOW64) AppleWebKit/537.36 (KHTML, like Gecko) Chrome/57.0.2987.133 Safari/537.36"
80.123.94.70 - - [06/Apr/2017:16:36:00 +0200] "GET /gui/javascript/form_form.js?1491489359 HTTP/1.1" 200 16206 "http://ed.activities.at/entry.php?id=11668" "Mozilla/5.0 (Windows NT 10.0; WOW64) AppleWebKit/537.36 (KHTML, like Gecko) Chrome/57.0.2987.133 Safari/537.36"
80.123.94.70 - - [06/Apr/2017:16:36:00 +0200] "GET /entry.php?id=10778&form=11493&name=list& HTTP/1.1" 200 3027 "http://ed.activities.at/entry.php?id=11668" "Mozilla/5.0 (Windows NT 10.0; WOW64) AppleWebKit/537.36 (KHTML, like Gecko) Chrome/57.0.2987.133 Safari/537.36"
80.123.94.70 - - [06/Apr/2017:16:36:00 +0200] "GET /entry.php?id=10776&form=11493&name=list& HTTP/1.1" 200 1485 "http://ed.activities.at/entry.php?id=11668" "Mozilla/5.0 (Windows NT 10.0; WOW64) AppleWebKit/537.36 (KHTML, like Gecko) Chrome/57.0.2987.133 Safari/537.36"
80.123.94.70 - - [06/Apr/2017:16:36:04 +0200] "POST /entry.php?id=11668 HTTP/1.1" 200 3624 "http://ed.activities.at/entry.php?id=11668" "Mozilla/5.0 (Windows NT 10.0; WOW64) AppleWebKit/537.36 (KHTML, like Gecko) Chrome/57.0.2987.133 Safari/537.36"
80.123.94.70 - - [06/Apr/2017:16:36:05 +0200] "GET /gui/javascript/form_form.js?1491489365 HTTP/1.1" 200 16206 "http://ed.activities.at/entry.php?id=11668" "Mozilla/5.0 (Windows NT 10.0; WOW64) AppleWebKit/537.36 (KHTML, like Gecko) Chrome/57.0.2987.133 Safari/537.36"
80.123.94.70 - - [06/Apr/2017:16:36:05 +0200] "GET /entry.php?id=10776&form=11493&name=list& HTTP/1.1" 200 1479 "http://ed.activities.at/entry.php?id=11668" "Mozilla/5.0 (Windows NT 10.0; WOW64) AppleWebKit/537.36 (KHTML, like Gecko) Chrome/57.0.2987.133 Safari/537.36"
80.123.94.70 - - [06/Apr/2017:16:36:05 +0200] "GET /entry.php?id=10778&form=11493&name=list& HTTP/1.1" 200 3025 "http://ed.activities.at/entry.php?id=11668" "Mozilla/5.0 (Windows NT 10.0; WOW64) AppleWebKit/537.36 (KHTML, like Gecko) Chrome/57.0.2987.133 Safari/537.36"
80.123.94.70 - - [06/Apr/2017:16:36:10 +0200] "POST /entry.php?id=11668 HTTP/1.1" 200 3479 "http://ed.activities.at/entry.php?id=11668" "Mozilla/5.0 (Windows NT 10.0; WOW64) AppleWebKit/537.36 (KHTML, like Gecko) Chrome/57.0.2987.133 Safari/537.36"
80.123.94.70 - - [06/Apr/2017:16:36:11 +0200] "GET /gui/javascript/form_form.js?1491489371 HTTP/1.1" 200 16206 "http://ed.activities.at/entry.php?id=11668" "Mozilla/5.0 (Windows NT 10.0; WOW64) AppleWebKit/537.36 (KHTML, like Gecko) Chrome/57.0.2987.133 Safari/537.36"
80.123.94.70 - - [06/Apr/2017:16:36:11 +0200] "GET /entry.php?id=10776&form=11493&name=list& HTTP/1.1" 200 1479 "http://ed.activities.at/entry.php?id=11668" "Mozilla/5.0 (Windows NT 10.0; WOW64) AppleWebKit/537.36 (KHTML, like Gecko) Chrome/57.0.2987.133 Safari/537.36"
80.123.94.70 - - [06/Apr/2017:16:36:11 +0200] "GET /entry.php?id=10778&form=11493&name=list& HTTP/1.1" 200 3036 "http://ed.activities.at/entry.php?id=11668" "Mozilla/5.0 (Windows NT 10.0; WOW64) AppleWebKit/537.36 (KHTML, like Gecko) Chrome/57.0.2987.133 Safari/537.36"
80.123.94.70 - - [06/Apr/2017:16:36:22 +0200] "POST /entry.php?id=11668 HTTP/1.1" 200 3610 "http://ed.activities.at/entry.php?id=11668" "Mozilla/5.0 (Windows NT 10.0; WOW64) AppleWebKit/537.36 (KHTML, like Gecko) Chrome/57.0.2987.133 Safari/537.36"
80.123.94.70 - - [06/Apr/2017:16:36:23 +0200] "GET /gui/javascript/form_form.js?1491489383 HTTP/1.1" 200 16206 "http://ed.activities.at/entry.php?id=11668" "Mozilla/5.0 (Windows NT 10.0; WOW64) AppleWebKit/537.36 (KHTML, like Gecko) Chrome/57.0.2987.133 Safari/537.36"
80.123.94.70 - - [06/Apr/2017:16:36:23 +0200] "GET /entry.php?id=10776&form=11493&name=list& HTTP/1.1" 200 1479 "http://ed.activities.at/entry.php?id=11668" "Mozilla/5.0 (Windows NT 10.0; WOW64) AppleWebKit/537.36 (KHTML, like Gecko) Chrome/57.0.2987.133 Safari/537.36"
80.123.94.70 - - [06/Apr/2017:16:36:23 +0200] "GET /entry.php?id=10778&form=11493&name=list& HTTP/1.1" 200 3025 "http://ed.activities.at/entry.php?id=11668" "Mozilla/5.0 (Windows NT 10.0; WOW64) AppleWebKit/537.36 (KHTML, like Gecko) Chrome/57.0.2987.133 Safari/537.36"
95.143.230.128 - - [06/Apr/2017:16:36:23 +0200] "POST /entry.php?id=11671 HTTP/1.1" 200 4925 "http://ed.activities.at/entry.php?id=11671" "Mozilla/5.0 (Windows NT 6.1; WOW64; rv:52.0) Gecko/20100101 Firefox/52.0"
95.143.230.128 - - [06/Apr/2017:16:36:24 +0200] "GET /gui/javascript/form_form.js?1491489384 HTTP/1.1" 200 16206 "http://ed.activities.at/entry.php?id=11671" "Mozilla/5.0 (Windows NT 6.1; WOW64; rv:52.0) Gecko/20100101 Firefox/52.0"
95.143.230.128 - - [06/Apr/2017:16:36:24 +0200] "GET /entry.php?id=10776&form=11496&name=list& HTTP/1.1" 200 1519 "http://ed.activities.at/entry.php?id=11671" "Mozilla/5.0 (Windows NT 6.1; WOW64; rv:52.0) Gecko/20100101 Firefox/52.0"
95.143.230.128 - - [06/Apr/2017:16:36:24 +0200] "GET /entry.php?id=10778&form=11496&name=list& HTTP/1.1" 200 4237 "http://ed.activities.at/entry.php?id=11671" "Mozilla/5.0 (Windows NT 6.1; WOW64; rv:52.0) Gecko/20100101 Firefox/52.0"
95.143.230.128 - - [06/Apr/2017:16:36:25 +0200] "GET /entry.php?id=10271&&ser=489325 HTTP/1.1" 200 987 "http://ed.activities.at/entry.php?id=10271&&ser=489265" "Mozilla/5.0 (Windows NT 6.1; WOW64; rv:52.0) Gecko/20100101 Firefox/52.0"
95.143.230.128 - - [06/Apr/2017:16:36:25 +0200] "GET /gui/javascript/form_form.js?1491489385 HTTP/1.1" 200 16206 "http://ed.activities.at/entry.php?id=10271&&ser=489325" "Mozilla/5.0 (Windows NT 6.1; WOW64; rv:52.0) Gecko/20100101 Firefox/52.0"
80.123.94.70 - - [06/Apr/2017:16:36:31 +0200] "POST /entry.php?id=11668 HTTP/1.1" 200 3494 "http://ed.activities.at/entry.php?id=11668" "Mozilla/5.0 (Windows NT 10.0; WOW64) AppleWebKit/537.36 (KHTML, like Gecko) Chrome/57.0.2987.133 Safari/537.36"
80.123.94.70 - - [06/Apr/2017:16:36:32 +0200] "GET /gui/javascript/form_form.js?1491489392 HTTP/1.1" 200 16206 "http://ed.activities.at/entry.php?id=11668" "Mozilla/5.0 (Windows NT 10.0; WOW64) AppleWebKit/537.36 (KHTML, like Gecko) Chrome/57.0.2987.133 Safari/537.36"
80.123.94.70 - - [06/Apr/2017:16:36:32 +0200] "GET /entry.php?id=10776&form=11493&name=list& HTTP/1.1" 200 1479 "http://ed.activities.at/entry.php?id=11668" "Mozilla/5.0 (Windows NT 10.0; WOW64) AppleWebKit/537.36 (KHTML, like Gecko) Chrome/57.0.2987.133 Safari/537.36"
80.123.94.70 - - [06/Apr/2017:16:36:32 +0200] "GET /entry.php?id=10778&form=11493&name=list& HTTP/1.1" 200 3036 "http://ed.activities.at/entry.php?id=11668" "Mozilla/5.0 (Windows NT 10.0; WOW64) AppleWebKit/537.36 (KHTML, like Gecko) Chrome/57.0.2987.133 Safari/537.36"
80.123.94.70 - - [06/Apr/2017:16:36:35 +0200] "POST /entry.php?id=11668 HTTP/1.1" 200 3622 "http://ed.activities.at/entry.php?id=11668" "Mozilla/5.0 (Windows NT 10.0; WOW64) AppleWebKit/537.36 (KHTML, like Gecko) Chrome/57.0.2987.133 Safari/537.36"
80.123.94.70 - - [06/Apr/2017:16:36:36 +0200] "GET /gui/javascript/form_form.js?1491489396 HTTP/1.1" 200 16206 "http://ed.activities.at/entry.php?id=11668" "Mozilla/5.0 (Windows NT 10.0; WOW64) AppleWebKit/537.36 (KHTML, like Gecko) Chrome/57.0.2987.133 Safari/537.36"
80.123.94.70 - - [06/Apr/2017:16:36:36 +0200] "GET /entry.php?id=10776&form=11493&name=list& HTTP/1.1" 200 1479 "http://ed.activities.at/entry.php?id=11668" "Mozilla/5.0 (Windows NT 10.0; WOW64) AppleWebKit/537.36 (KHTML, like Gecko) Chrome/57.0.2987.133 Safari/537.36"
80.123.94.70 - - [06/Apr/2017:16:36:36 +0200] "GET /entry.php?id=10778&form=11493&name=list& HTTP/1.1" 200 3025 "http://ed.activities.at/entry.php?id=11668" "Mozilla/5.0 (Windows NT 10.0; WOW64) AppleWebKit/537.36 (KHTML, like Gecko) Chrome/57.0.2987.133 Safari/537.36"
80.123.94.70 - - [06/Apr/2017:16:36:37 +0200] "POST /entry.php?id=11668 HTTP/1.1" 200 3487 "http://ed.activities.at/entry.php?id=11668" "Mozilla/5.0 (Windows NT 10.0; WOW64) AppleWebKit/537.36 (KHTML, like Gecko) Chrome/57.0.2987.133 Safari/537.36"
80.123.94.70 - - [06/Apr/2017:16:36:38 +0200] "GET /gui/javascript/form_form.js?1491489398 HTTP/1.1" 200 16206 "http://ed.activities.at/entry.php?id=11668" "Mozilla/5.0 (Windows NT 10.0; WOW64) AppleWebKit/537.36 (KHTML, like Gecko) Chrome/57.0.2987.133 Safari/537.36"
95.143.230.128 - - [06/Apr/2017:16:36:37 +0200] "POST /entry.php?id=11671 HTTP/1.1" 200 3133 "http://ed.activities.at/entry.php?id=11671" "Mozilla/5.0 (Windows NT 6.1; WOW64; rv:52.0) Gecko/20100101 Firefox/52.0"
95.143.230.128 - - [06/Apr/2017:16:36:38 +0200] "GET /gui/javascript/form_form.js?1491489398 HTTP/1.1" 200 16206 "http://ed.activities.at/entry.php?id=11671" "Mozilla/5.0 (Windows NT 6.1; WOW64; rv:52.0) Gecko/20100101 Firefox/52.0"
80.123.94.70 - - [06/Apr/2017:16:36:38 +0200] "GET /entry.php?id=10776&form=11493&name=list& HTTP/1.1" 200 1479 "http://ed.activities.at/entry.php?id=11668" "Mozilla/5.0 (Windows NT 10.0; WOW64) AppleWebKit/537.36 (KHTML, like Gecko) Chrome/57.0.2987.133 Safari/537.36"
80.123.94.70 - - [06/Apr/2017:16:36:38 +0200] "GET /entry.php?id=10778&form=11493&name=list& HTTP/1.1" 200 3036 "http://ed.activities.at/entry.php?id=11668" "Mozilla/5.0 (Windows NT 10.0; WOW64) AppleWebKit/537.36 (KHTML, like Gecko) Chrome/57.0.2987.133 Safari/537.36"
95.143.230.128 - - [06/Apr/2017:16:36:39 +0200] "GET /framework/webfx/javascript/tinymce/skins/lightgray/content.min.css HTTP/1.1" 404 327 "http://ed.activities.at/entry.php?id=11671" "Mozilla/5.0 (Windows NT 6.1; WOW64; rv:52.0) Gecko/20100101 Firefox/52.0"
80.123.94.70 - - [06/Apr/2017:16:36:43 +0200] "POST /entry.php?id=11668 HTTP/1.1" 200 3618 "http://ed.activities.at/entry.php?id=11668" "Mozilla/5.0 (Windows NT 10.0; WOW64) AppleWebKit/537.36 (KHTML, like Gecko) Chrome/57.0.2987.133 Safari/537.36"
80.123.94.70 - - [06/Apr/2017:16:36:44 +0200] "GET /gui/javascript/form_form.js?1491489404 HTTP/1.1" 200 16206 "http://ed.activities.at/entry.php?id=11668" "Mozilla/5.0 (Windows NT 10.0; WOW64) AppleWebKit/537.36 (KHTML, like Gecko) Chrome/57.0.2987.133 Safari/537.36"
80.123.94.70 - - [06/Apr/2017:16:36:44 +0200] "GET /entry.php?id=10778&form=11493&name=list& HTTP/1.1" 200 3025 "http://ed.activities.at/entry.php?id=11668" "Mozilla/5.0 (Windows NT 10.0; WOW64) AppleWebKit/537.36 (KHTML, like Gecko) Chrome/57.0.2987.133 Safari/537.36"
80.123.94.70 - - [06/Apr/2017:16:36:44 +0200] "GET /entry.php?id=10776&form=11493&name=list& HTTP/1.1" 200 1479 "http://ed.activities.at/entry.php?id=11668" "Mozilla/5.0 (Windows NT 10.0; WOW64) AppleWebKit/537.36 (KHTML, like Gecko) Chrome/57.0.2987.133 Safari/537.36"
80.123.94.70 - - [06/Apr/2017:16:36:45 +0200] "POST /entry.php?id=11668 HTTP/1.1" 200 3490 "http://ed.activities.at/entry.php?id=11668" "Mozilla/5.0 (Windows NT 10.0; WOW64) AppleWebKit/537.36 (KHTML, like Gecko) Chrome/57.0.2987.133 Safari/537.36"
80.123.94.70 - - [06/Apr/2017:16:36:45 +0200] "GET /gui/javascript/form_form.js?1491489405 HTTP/1.1" 200 16206 "http://ed.activities.at/entry.php?id=11668" "Mozilla/5.0 (Windows NT 10.0; WOW64) AppleWebKit/537.36 (KHTML, like Gecko) Chrome/57.0.2987.133 Safari/537.36"
80.123.94.70 - - [06/Apr/2017:16:36:46 +0200] "GET /entry.php?id=10776&form=11493&name=list& HTTP/1.1" 200 1479 "http://ed.activities.at/entry.php?id=11668" "Mozilla/5.0 (Windows NT 10.0; WOW64) AppleWebKit/537.36 (KHTML, like Gecko) Chrome/57.0.2987.133 Safari/537.36"
80.123.94.70 - - [06/Apr/2017:16:36:46 +0200] "GET /entry.php?id=10778&form=11493&name=list& HTTP/1.1" 200 3040 "http://ed.activities.at/entry.php?id=11668" "Mozilla/5.0 (Windows NT 10.0; WOW64) AppleWebKit/537.36 (KHTML, like Gecko) Chrome/57.0.2987.133 Safari/537.36"
80.123.94.70 - - [06/Apr/2017:16:36:48 +0200] "POST /entry.php?id=11668 HTTP/1.1" 200 3616 "http://ed.activities.at/entry.php?id=11668" "Mozilla/5.0 (Windows NT 10.0; WOW64) AppleWebKit/537.36 (KHTML, like Gecko) Chrome/57.0.2987.133 Safari/537.36"
80.123.94.70 - - [06/Apr/2017:16:36:49 +0200] "GET /gui/javascript/form_form.js?1491489409 HTTP/1.1" 200 16206 "http://ed.activities.at/entry.php?id=11668" "Mozilla/5.0 (Windows NT 10.0; WOW64) AppleWebKit/537.36 (KHTML, like Gecko) Chrome/57.0.2987.133 Safari/537.36"
80.123.94.70 - - [06/Apr/2017:16:36:48 +0200] "GET /entry.php?id=10271&&ser=489348 HTTP/1.1" 200 987 "http://ed.activities.at/entry.php?id=10271&&ser=489288" "Mozilla/5.0 (Windows NT 10.0; WOW64) AppleWebKit/537.36 (KHTML, like Gecko) Chrome/57.0.2987.133 Safari/537.36"
80.123.94.70 - - [06/Apr/2017:16:36:49 +0200] "GET /entry.php?id=10776&form=11493&name=list& HTTP/1.1" 200 1479 "http://ed.activities.at/entry.php?id=11668" "Mozilla/5.0 (Windows NT 10.0; WOW64) AppleWebKit/537.36 (KHTML, like Gecko) Chrome/57.0.2987.133 Safari/537.36"
80.123.94.70 - - [06/Apr/2017:16:36:49 +0200] "GET /entry.php?id=10778&form=11493&name=list& HTTP/1.1" 200 3025 "http://ed.activities.at/entry.php?id=11668" "Mozilla/5.0 (Windows NT 10.0; WOW64) AppleWebKit/537.36 (KHTML, like Gecko) Chrome/57.0.2987.133 Safari/537.36"
212.108.43.59 - - [06/Apr/2017:16:36:51 +0200] "GET /entry.php?id=10271&&ser=489351 HTTP/1.1" 200 988 "http://ed.activities.at/entry.php?id=10271&&ser=489291" "Mozilla/5.0 (Windows NT 10.0; Win64; x64) AppleWebKit/537.36 (KHTML, like Gecko) Chrome/56.0.2924.87 Safari/537.36"
212.108.43.59 - - [06/Apr/2017:16:36:52 +0200] "GET /gui/javascript/form_form.js?1491489412 HTTP/1.1" 200 16206 "http://ed.activities.at/entry.php?id=10271&&ser=489351" "Mozilla/5.0 (Windows NT 10.0; Win64; x64) AppleWebKit/537.36 (KHTML, like Gecko) Chrome/56.0.2924.87 Safari/537.36"
80.123.94.70 - - [06/Apr/2017:16:37:09 +0200] "POST /entry.php?id=11668 HTTP/1.1" 200 3477 "http://ed.activities.at/entry.php?id=11668" "Mozilla/5.0 (Windows NT 10.0; WOW64) AppleWebKit/537.36 (KHTML, like Gecko) Chrome/57.0.2987.133 Safari/537.36"
80.123.94.70 - - [06/Apr/2017:16:37:10 +0200] "GET /gui/javascript/form_form.js?1491489430 HTTP/1.1" 200 16206 "http://ed.activities.at/entry.php?id=11668" "Mozilla/5.0 (Windows NT 10.0; WOW64) AppleWebKit/537.36 (KHTML, like Gecko) Chrome/57.0.2987.133 Safari/537.36"
80.123.94.70 - - [06/Apr/2017:16:37:10 +0200] "GET /entry.php?id=10776&form=11493&name=list& HTTP/1.1" 200 1479 "http://ed.activities.at/entry.php?id=11668" "Mozilla/5.0 (Windows NT 10.0; WOW64) AppleWebKit/537.36 (KHTML, like Gecko) Chrome/57.0.2987.133 Safari/537.36"
80.123.94.70 - - [06/Apr/2017:16:37:10 +0200] "GET /entry.php?id=10778&form=11493&name=list& HTTP/1.1" 200 3040 "http://ed.activities.at/entry.php?id=11668" "Mozilla/5.0 (Windows NT 10.0; WOW64) AppleWebKit/537.36 (KHTML, like Gecko) Chrome/57.0.2987.133 Safari/537.36"
80.123.94.70 - - [06/Apr/2017:16:37:18 +0200] "POST /entry.php?id=11668 HTTP/1.1" 200 3606 "http://ed.activities.at/entry.php?id=11668" "Mozilla/5.0 (Windows NT 10.0; WOW64) AppleWebKit/537.36 (KHTML, like Gecko) Chrome/57.0.2987.133 Safari/537.36"
95.143.230.128 - - [06/Apr/2017:16:37:18 +0200] "POST /entry.php?id=11671 HTTP/1.1" 200 3419 "http://ed.activities.at/entry.php?id=11671" "Mozilla/5.0 (Windows NT 6.1; WOW64; rv:52.0) Gecko/20100101 Firefox/52.0"
80.123.94.70 - - [06/Apr/2017:16:37:19 +0200] "GET /gui/javascript/form_form.js?1491489439 HTTP/1.1" 200 16206 "http://ed.activities.at/entry.php?id=11668" "Mozilla/5.0 (Windows NT 10.0; WOW64) AppleWebKit/537.36 (KHTML, like Gecko) Chrome/57.0.2987.133 Safari/537.36"
95.143.230.128 - - [06/Apr/2017:16:37:19 +0200] "GET /gui/javascript/form_form.js?1491489439 HTTP/1.1" 200 16206 "http://ed.activities.at/entry.php?id=11671" "Mozilla/5.0 (Windows NT 6.1; WOW64; rv:52.0) Gecko/20100101 Firefox/52.0"
80.123.94.70 - - [06/Apr/2017:16:37:19 +0200] "GET /entry.php?id=10776&form=11493&name=list& HTTP/1.1" 200 1479 "http://ed.activities.at/entry.php?id=11668" "Mozilla/5.0 (Windows NT 10.0; WOW64) AppleWebKit/537.36 (KHTML, like Gecko) Chrome/57.0.2987.133 Safari/537.36"
80.123.94.70 - - [06/Apr/2017:16:37:19 +0200] "GET /entry.php?id=10778&form=11493&name=list& HTTP/1.1" 200 3025 "http://ed.activities.at/entry.php?id=11668" "Mozilla/5.0 (Windows NT 10.0; WOW64) AppleWebKit/537.36 (KHTML, like Gecko) Chrome/57.0.2987.133 Safari/537.36"
95.143.230.128 - - [06/Apr/2017:16:37:19 +0200] "GET /framework/webfx/javascript/tinymce/skins/lightgray/content.min.css HTTP/1.1" 404 327 "http://ed.activities.at/entry.php?id=11671" "Mozilla/5.0 (Windows NT 6.1; WOW64; rv:52.0) Gecko/20100101 Firefox/52.0"
80.123.94.70 - - [06/Apr/2017:16:37:22 +0200] "POST /entry.php?id=11668 HTTP/1.1" 200 3475 "http://ed.activities.at/entry.php?id=11668" "Mozilla/5.0 (Windows NT 10.0; WOW64) AppleWebKit/537.36 (KHTML, like Gecko) Chrome/57.0.2987.133 Safari/537.36"
80.123.94.70 - - [06/Apr/2017:16:37:23 +0200] "GET /gui/javascript/form_form.js?1491489443 HTTP/1.1" 200 16206 "http://ed.activities.at/entry.php?id=11668" "Mozilla/5.0 (Windows NT 10.0; WOW64) AppleWebKit/537.36 (KHTML, like Gecko) Chrome/57.0.2987.133 Safari/537.36"
80.123.94.70 - - [06/Apr/2017:16:37:23 +0200] "GET /entry.php?id=10776&form=11493&name=list& HTTP/1.1" 200 1479 "http://ed.activities.at/entry.php?id=11668" "Mozilla/5.0 (Windows NT 10.0; WOW64) AppleWebKit/537.36 (KHTML, like Gecko) Chrome/57.0.2987.133 Safari/537.36"
80.123.94.70 - - [06/Apr/2017:16:37:23 +0200] "GET /entry.php?id=10778&form=11493&name=list& HTTP/1.1" 200 3036 "http://ed.activities.at/entry.php?id=11668" "Mozilla/5.0 (Windows NT 10.0; WOW64) AppleWebKit/537.36 (KHTML, like Gecko) Chrome/57.0.2987.133 Safari/537.36"
95.143.230.128 - - [06/Apr/2017:16:37:23 +0200] "POST /entry.php?id=11671 HTTP/1.1" 200 4788 "http://ed.activities.at/entry.php?id=11671" "Mozilla/5.0 (Windows NT 6.1; WOW64; rv:52.0) Gecko/20100101 Firefox/52.0"
95.143.230.128 - - [06/Apr/2017:16:37:24 +0200] "GET /gui/javascript/form_form.js?1491489444 HTTP/1.1" 200 16206 "http://ed.activities.at/entry.php?id=11671" "Mozilla/5.0 (Windows NT 6.1; WOW64; rv:52.0) Gecko/20100101 Firefox/52.0"
95.143.230.128 - - [06/Apr/2017:16:37:26 +0200] "GET /entry.php?id=10271&&ser=489385 HTTP/1.1" 200 987 "http://ed.activities.at/entry.php?id=10271&&ser=489325" "Mozilla/5.0 (Windows NT 6.1; WOW64; rv:52.0) Gecko/20100101 Firefox/52.0"
95.143.230.128 - - [06/Apr/2017:16:37:26 +0200] "GET /gui/javascript/form_form.js?1491489446 HTTP/1.1" 200 16206 "http://ed.activities.at/entry.php?id=10271&&ser=489385" "Mozilla/5.0 (Windows NT 6.1; WOW64; rv:52.0) Gecko/20100101 Firefox/52.0"
80.123.94.70 - - [06/Apr/2017:16:37:28 +0200] "POST /entry.php?id=11668 HTTP/1.1" 200 3602 "http://ed.activities.at/entry.php?id=11668" "Mozilla/5.0 (Windows NT 10.0; WOW64) AppleWebKit/537.36 (KHTML, like Gecko) Chrome/57.0.2987.133 Safari/537.36"
80.123.94.70 - - [06/Apr/2017:16:37:28 +0200] "GET /gui/javascript/form_form.js?1491489448 HTTP/1.1" 200 16206 "http://ed.activities.at/entry.php?id=11668" "Mozilla/5.0 (Windows NT 10.0; WOW64) AppleWebKit/537.36 (KHTML, like Gecko) Chrome/57.0.2987.133 Safari/537.36"
80.123.94.70 - - [06/Apr/2017:16:37:29 +0200] "GET /entry.php?id=10776&form=11493&name=list& HTTP/1.1" 200 1479 "http://ed.activities.at/entry.php?id=11668" "Mozilla/5.0 (Windows NT 10.0; WOW64) AppleWebKit/537.36 (KHTML, like Gecko) Chrome/57.0.2987.133 Safari/537.36"
80.123.94.70 - - [06/Apr/2017:16:37:29 +0200] "GET /entry.php?id=10778&form=11493&name=list& HTTP/1.1" 200 3025 "http://ed.activities.at/entry.php?id=11668" "Mozilla/5.0 (Windows NT 10.0; WOW64) AppleWebKit/537.36 (KHTML, like Gecko) Chrome/57.0.2987.133 Safari/537.36"
95.143.230.128 - - [06/Apr/2017:16:37:29 +0200] "POST /entry.php?id=11671 HTTP/1.1" 200 4790 "http://ed.activities.at/entry.php?id=11671" "Mozilla/5.0 (Windows NT 6.1; WOW64; rv:52.0) Gecko/20100101 Firefox/52.0"
95.143.230.128 - - [06/Apr/2017:16:37:30 +0200] "GET /gui/javascript/form_form.js?1491489450 HTTP/1.1" 200 16206 "http://ed.activities.at/entry.php?id=11671" "Mozilla/5.0 (Windows NT 6.1; WOW64; rv:52.0) Gecko/20100101 Firefox/52.0"
95.143.230.128 - - [06/Apr/2017:16:37:30 +0200] "GET /entry.php?id=10776&form=11496&name=list& HTTP/1.1" 200 1519 "http://ed.activities.at/entry.php?id=11671" "Mozilla/5.0 (Windows NT 6.1; WOW64; rv:52.0) Gecko/20100101 Firefox/52.0"
95.143.230.128 - - [06/Apr/2017:16:37:30 +0200] "GET /entry.php?id=10778&form=11496&name=list& HTTP/1.1" 200 4237 "http://ed.activities.at/entry.php?id=11671" "Mozilla/5.0 (Windows NT 6.1; WOW64; rv:52.0) Gecko/20100101 Firefox/52.0"
80.123.94.70 - - [06/Apr/2017:16:37:32 +0200] "POST /entry.php?id=11668 HTTP/1.1" 200 3492 "http://ed.activities.at/entry.php?id=11668" "Mozilla/5.0 (Windows NT 10.0; WOW64) AppleWebKit/537.36 (KHTML, like Gecko) Chrome/57.0.2987.133 Safari/537.36"
80.123.94.70 - - [06/Apr/2017:16:37:33 +0200] "GET /gui/javascript/form_form.js?1491489453 HTTP/1.1" 200 16206 "http://ed.activities.at/entry.php?id=11668" "Mozilla/5.0 (Windows NT 10.0; WOW64) AppleWebKit/537.36 (KHTML, like Gecko) Chrome/57.0.2987.133 Safari/537.36"
80.123.94.70 - - [06/Apr/2017:16:37:33 +0200] "GET /entry.php?id=10776&form=11493&name=list& HTTP/1.1" 200 1479 "http://ed.activities.at/entry.php?id=11668" "Mozilla/5.0 (Windows NT 10.0; WOW64) AppleWebKit/537.36 (KHTML, like Gecko) Chrome/57.0.2987.133 Safari/537.36"
80.123.94.70 - - [06/Apr/2017:16:37:33 +0200] "GET /entry.php?id=10778&form=11493&name=list& HTTP/1.1" 200 3036 "http://ed.activities.at/entry.php?id=11668" "Mozilla/5.0 (Windows NT 10.0; WOW64) AppleWebKit/537.36 (KHTML, like Gecko) Chrome/57.0.2987.133 Safari/537.36"
95.143.230.128 - - [06/Apr/2017:16:37:33 +0200] "POST /entry.php?id=11671 HTTP/1.1" 200 4956 "http://ed.activities.at/entry.php?id=11671" "Mozilla/5.0 (Windows NT 6.1; WOW64; rv:52.0) Gecko/20100101 Firefox/52.0"
95.143.230.128 - - [06/Apr/2017:16:37:34 +0200] "GET /gui/javascript/form_form.js?1491489454 HTTP/1.1" 200 16206 "http://ed.activities.at/entry.php?id=11671" "Mozilla/5.0 (Windows NT 6.1; WOW64; rv:52.0) Gecko/20100101 Firefox/52.0"
95.143.230.128 - - [06/Apr/2017:16:37:34 +0200] "GET /entry.php?id=10776&form=11496&name=list& HTTP/1.1" 200 1519 "http://ed.activities.at/entry.php?id=11671" "Mozilla/5.0 (Windows NT 6.1; WOW64; rv:52.0) Gecko/20100101 Firefox/52.0"
95.143.230.128 - - [06/Apr/2017:16:37:34 +0200] "GET /entry.php?id=10778&form=11496&name=list& HTTP/1.1" 200 4237 "http://ed.activities.at/entry.php?id=11671" "Mozilla/5.0 (Windows NT 6.1; WOW64; rv:52.0) Gecko/20100101 Firefox/52.0"
80.123.94.70 - - [06/Apr/2017:16:37:38 +0200] "POST /entry.php?id=11668 HTTP/1.1" 200 3622 "http://ed.activities.at/entry.php?id=11668" "Mozilla/5.0 (Windows NT 10.0; WOW64) AppleWebKit/537.36 (KHTML, like Gecko) Chrome/57.0.2987.133 Safari/537.36"
80.123.94.70 - - [06/Apr/2017:16:37:39 +0200] "GET /gui/javascript/form_form.js?1491489458 HTTP/1.1" 200 16206 "http://ed.activities.at/entry.php?id=11668" "Mozilla/5.0 (Windows NT 10.0; WOW64) AppleWebKit/537.36 (KHTML, like Gecko) Chrome/57.0.2987.133 Safari/537.36"
80.123.94.70 - - [06/Apr/2017:16:37:39 +0200] "GET /entry.php?id=10776&form=11493&name=list& HTTP/1.1" 200 1479 "http://ed.activities.at/entry.php?id=11668" "Mozilla/5.0 (Windows NT 10.0; WOW64) AppleWebKit/537.36 (KHTML, like Gecko) Chrome/57.0.2987.133 Safari/537.36"
80.123.94.70 - - [06/Apr/2017:16:37:39 +0200] "GET /entry.php?id=10778&form=11493&name=list& HTTP/1.1" 200 3025 "http://ed.activities.at/entry.php?id=11668" "Mozilla/5.0 (Windows NT 10.0; WOW64) AppleWebKit/537.36 (KHTML, like Gecko) Chrome/57.0.2987.133 Safari/537.36"
80.123.94.70 - - [06/Apr/2017:16:37:42 +0200] "POST /entry.php?id=11668 HTTP/1.1" 200 3486 "http://ed.activities.at/entry.php?id=11668" "Mozilla/5.0 (Windows NT 10.0; WOW64) AppleWebKit/537.36 (KHTML, like Gecko) Chrome/57.0.2987.133 Safari/537.36"
80.123.94.70 - - [06/Apr/2017:16:37:43 +0200] "GET /gui/javascript/form_form.js?1491489463 HTTP/1.1" 200 16206 "http://ed.activities.at/entry.php?id=11668" "Mozilla/5.0 (Windows NT 10.0; WOW64) AppleWebKit/537.36 (KHTML, like Gecko) Chrome/57.0.2987.133 Safari/537.36"
80.123.94.70 - - [06/Apr/2017:16:37:43 +0200] "GET /entry.php?id=10776&form=11493&name=list& HTTP/1.1" 200 1479 "http://ed.activities.at/entry.php?id=11668" "Mozilla/5.0 (Windows NT 10.0; WOW64) AppleWebKit/537.36 (KHTML, like Gecko) Chrome/57.0.2987.133 Safari/537.36"
80.123.94.70 - - [06/Apr/2017:16:37:43 +0200] "GET /entry.php?id=10778&form=11493&name=list& HTTP/1.1" 200 3036 "http://ed.activities.at/entry.php?id=11668" "Mozilla/5.0 (Windows NT 10.0; WOW64) AppleWebKit/537.36 (KHTML, like Gecko) Chrome/57.0.2987.133 Safari/537.36"
80.123.94.70 - - [06/Apr/2017:16:37:49 +0200] "GET /entry.php?id=10271&&ser=489409 HTTP/1.1" 200 987 "http://ed.activities.at/entry.php?id=10271&&ser=489348" "Mozilla/5.0 (Windows NT 10.0; WOW64) AppleWebKit/537.36 (KHTML, like Gecko) Chrome/57.0.2987.133 Safari/537.36"
80.123.94.70 - - [06/Apr/2017:16:37:49 +0200] "GET /gui/javascript/form_form.js?1491489469 HTTP/1.1" 200 16206 "http://ed.activities.at/entry.php?id=10271&&ser=489409" "Mozilla/5.0 (Windows NT 10.0; WOW64) AppleWebKit/537.36 (KHTML, like Gecko) Chrome/57.0.2987.133 Safari/537.36"
212.108.43.59 - - [06/Apr/2017:16:37:52 +0200] "GET /entry.php?id=10271&&ser=489411 HTTP/1.1" 200 987 "http://ed.activities.at/entry.php?id=10271&&ser=489351" "Mozilla/5.0 (Windows NT 10.0; Win64; x64) AppleWebKit/537.36 (KHTML, like Gecko) Chrome/56.0.2924.87 Safari/537.36"
212.108.43.59 - - [06/Apr/2017:16:37:52 +0200] "GET /gui/javascript/form_form.js?1491489472 HTTP/1.1" 200 16206 "http://ed.activities.at/entry.php?id=10271&&ser=489411" "Mozilla/5.0 (Windows NT 10.0; Win64; x64) AppleWebKit/537.36 (KHTML, like Gecko) Chrome/56.0.2924.87 Safari/537.36"
80.123.94.70 - - [06/Apr/2017:16:37:52 +0200] "POST /entry.php?id=11668 HTTP/1.1" 200 3615 "http://ed.activities.at/entry.php?id=11668" "Mozilla/5.0 (Windows NT 10.0; WOW64) AppleWebKit/537.36 (KHTML, like Gecko) Chrome/57.0.2987.133 Safari/537.36"
80.123.94.70 - - [06/Apr/2017:16:37:53 +0200] "GET /gui/javascript/form_form.js?1491489472 HTTP/1.1" 200 16206 "http://ed.activities.at/entry.php?id=11668" "Mozilla/5.0 (Windows NT 10.0; WOW64) AppleWebKit/537.36 (KHTML, like Gecko) Chrome/57.0.2987.133 Safari/537.36"
80.123.94.70 - - [06/Apr/2017:16:37:53 +0200] "GET /entry.php?id=10776&form=11493&name=list& HTTP/1.1" 200 1479 "http://ed.activities.at/entry.php?id=11668" "Mozilla/5.0 (Windows NT 10.0; WOW64) AppleWebKit/537.36 (KHTML, like Gecko) Chrome/57.0.2987.133 Safari/537.36"
80.123.94.70 - - [06/Apr/2017:16:37:53 +0200] "GET /entry.php?id=10778&form=11493&name=list& HTTP/1.1" 200 3025 "http://ed.activities.at/entry.php?id=11668" "Mozilla/5.0 (Windows NT 10.0; WOW64) AppleWebKit/537.36 (KHTML, like Gecko) Chrome/57.0.2987.133 Safari/537.36"
80.123.94.70 - - [06/Apr/2017:16:37:53 +0200] "POST /entry.php?id=11668 HTTP/1.1" 200 3493 "http://ed.activities.at/entry.php?id=11668" "Mozilla/5.0 (Windows NT 10.0; WOW64) AppleWebKit/537.36 (KHTML, like Gecko) Chrome/57.0.2987.133 Safari/537.36"
80.123.94.70 - - [06/Apr/2017:16:37:54 +0200] "GET /gui/javascript/form_form.js?1491489474 HTTP/1.1" 200 16206 "http://ed.activities.at/entry.php?id=11668" "Mozilla/5.0 (Windows NT 10.0; WOW64) AppleWebKit/537.36 (KHTML, like Gecko) Chrome/57.0.2987.133 Safari/537.36"
80.123.94.70 - - [06/Apr/2017:16:37:54 +0200] "GET /entry.php?id=10778&form=11493&name=list& HTTP/1.1" 200 3036 "http://ed.activities.at/entry.php?id=11668" "Mozilla/5.0 (Windows NT 10.0; WOW64) AppleWebKit/537.36 (KHTML, like Gecko) Chrome/57.0.2987.133 Safari/537.36"
80.123.94.70 - - [06/Apr/2017:16:37:54 +0200] "GET /entry.php?id=10776&form=11493&name=list& HTTP/1.1" 200 1479 "http://ed.activities.at/entry.php?id=11668" "Mozilla/5.0 (Windows NT 10.0; WOW64) AppleWebKit/537.36 (KHTML, like Gecko) Chrome/57.0.2987.133 Safari/537.36"
80.123.94.70 - - [06/Apr/2017:16:37:57 +0200] "POST /entry.php?id=11668 HTTP/1.1" 200 3620 "http://ed.activities.at/entry.php?id=11668" "Mozilla/5.0 (Windows NT 10.0; WOW64) AppleWebKit/537.36 (KHTML, like Gecko) Chrome/57.0.2987.133 Safari/537.36"
80.123.94.70 - - [06/Apr/2017:16:37:58 +0200] "GET /gui/javascript/form_form.js?1491489478 HTTP/1.1" 200 16206 "http://ed.activities.at/entry.php?id=11668" "Mozilla/5.0 (Windows NT 10.0; WOW64) AppleWebKit/537.36 (KHTML, like Gecko) Chrome/57.0.2987.133 Safari/537.36"
80.123.94.70 - - [06/Apr/2017:16:37:58 +0200] "GET /entry.php?id=10776&form=11493&name=list& HTTP/1.1" 200 1479 "http://ed.activities.at/entry.php?id=11668" "Mozilla/5.0 (Windows NT 10.0; WOW64) AppleWebKit/537.36 (KHTML, like Gecko) Chrome/57.0.2987.133 Safari/537.36"
80.123.94.70 - - [06/Apr/2017:16:37:58 +0200] "GET /entry.php?id=10778&form=11493&name=list& HTTP/1.1" 200 3025 "http://ed.activities.at/entry.php?id=11668" "Mozilla/5.0 (Windows NT 10.0; WOW64) AppleWebKit/537.36 (KHTML, like Gecko) Chrome/57.0.2987.133 Safari/537.36"
80.123.94.70 - - [06/Apr/2017:16:37:58 +0200] "POST /entry.php?id=11668 HTTP/1.1" 200 3485 "http://ed.activities.at/entry.php?id=11668" "Mozilla/5.0 (Windows NT 10.0; WOW64) AppleWebKit/537.36 (KHTML, like Gecko) Chrome/57.0.2987.133 Safari/537.36"
80.123.94.70 - - [06/Apr/2017:16:37:59 +0200] "GET /gui/javascript/form_form.js?1491489479 HTTP/1.1" 200 16206 "http://ed.activities.at/entry.php?id=11668" "Mozilla/5.0 (Windows NT 10.0; WOW64) AppleWebKit/537.36 (KHTML, like Gecko) Chrome/57.0.2987.133 Safari/537.36"
80.123.94.70 - - [06/Apr/2017:16:38:00 +0200] "GET /entry.php?id=10776&form=11493&name=list& HTTP/1.1" 200 1479 "http://ed.activities.at/entry.php?id=11668" "Mozilla/5.0 (Windows NT 10.0; WOW64) AppleWebKit/537.36 (KHTML, like Gecko) Chrome/57.0.2987.133 Safari/537.36"
80.123.94.70 - - [06/Apr/2017:16:38:00 +0200] "GET /entry.php?id=10778&form=11493&name=list& HTTP/1.1" 200 3036 "http://ed.activities.at/entry.php?id=11668" "Mozilla/5.0 (Windows NT 10.0; WOW64) AppleWebKit/537.36 (KHTML, like Gecko) Chrome/57.0.2987.133 Safari/537.36"
80.123.94.70 - - [06/Apr/2017:16:38:03 +0200] "POST /entry.php?id=11668 HTTP/1.1" 200 3615 "http://ed.activities.at/entry.php?id=11668" "Mozilla/5.0 (Windows NT 10.0; WOW64) AppleWebKit/537.36 (KHTML, like Gecko) Chrome/57.0.2987.133 Safari/537.36"
