212.108.43.59 - - [06/Apr/2017:17:04:01 +0200] "GET /entry.php?id=10271&&ser=490980 HTTP/1.1" 200 985 "http://ed.activities.at/entry.php?id=10271&&ser=490920" "Mozilla/5.0 (Windows NT 10.0; Win64; x64) AppleWebKit/537.36 (KHTML, like Gecko) Chrome/56.0.2924.87 Safari/537.36"
212.108.43.59 - - [06/Apr/2017:17:04:01 +0200] "GET /gui/javascript/form_form.js?1491491041 HTTP/1.1" 200 16206 "http://ed.activities.at/entry.php?id=10271&&ser=490980" "Mozilla/5.0 (Windows NT 10.0; Win64; x64) AppleWebKit/537.36 (KHTML, like Gecko) Chrome/56.0.2924.87 Safari/537.36"
95.143.230.128 - - [06/Apr/2017:17:04:38 +0200] "GET /entry.php?id=10271&&ser=491018 HTTP/1.1" 200 985 "http://ed.activities.at/entry.php?id=10271&&ser=490958" "Mozilla/5.0 (Windows NT 6.1; WOW64; rv:52.0) Gecko/20100101 Firefox/52.0"
95.143.230.128 - - [06/Apr/2017:17:04:39 +0200] "GET /gui/javascript/form_form.js?1491491079 HTTP/1.1" 200 16206 "http://ed.activities.at/entry.php?id=10271&&ser=491018" "Mozilla/5.0 (Windows NT 6.1; WOW64; rv:52.0) Gecko/20100101 Firefox/52.0"
90.146.3.54 - - [06/Apr/2017:17:04:55 +0200] "GET /layout.php HTTP/1.1" 200 909 "-" "Mozilla/5.0 (Windows NT 10.0; WOW64) AppleWebKit/537.36 (KHTML, like Gecko) Chrome/57.0.2987.133 Safari/537.36"
90.146.3.54 - - [06/Apr/2017:17:04:55 +0200] "GET /entry.php?id=10270 HTTP/1.1" 200 908 "http://ed.activities.at/layout.php" "Mozilla/5.0 (Windows NT 10.0; WOW64) AppleWebKit/537.36 (KHTML, like Gecko) Chrome/57.0.2987.133 Safari/537.36"
90.146.3.54 - - [06/Apr/2017:17:04:55 +0200] "GET /entry.php?id=10272 HTTP/1.1" 200 1188 "http://ed.activities.at/layout.php" "Mozilla/5.0 (Windows NT 10.0; WOW64) AppleWebKit/537.36 (KHTML, like Gecko) Chrome/57.0.2987.133 Safari/537.36"
90.146.3.54 - - [06/Apr/2017:17:04:55 +0200] "GET /entry.php?id=10273 HTTP/1.1" 200 1928 "http://ed.activities.at/layout.php" "Mozilla/5.0 (Windows NT 10.0; WOW64) AppleWebKit/537.36 (KHTML, like Gecko) Chrome/57.0.2987.133 Safari/537.36"
90.146.3.54 - - [06/Apr/2017:17:04:55 +0200] "GET /gui/javascript/form_form.js?1491491095 HTTP/1.1" 200 16206 "http://ed.activities.at/entry.php?id=10270" "Mozilla/5.0 (Windows NT 10.0; WOW64) AppleWebKit/537.36 (KHTML, like Gecko) Chrome/57.0.2987.133 Safari/537.36"
90.146.3.54 - - [06/Apr/2017:17:04:55 +0200] "GET /entry.php?id=11412 HTTP/1.1" 200 1757 "http://ed.activities.at/layout.php" "Mozilla/5.0 (Windows NT 10.0; WOW64) AppleWebKit/537.36 (KHTML, like Gecko) Chrome/57.0.2987.133 Safari/537.36"
90.146.3.54 - - [06/Apr/2017:17:04:56 +0200] "GET /entry.php?id=10287 HTTP/1.1" 200 2386 "http://ed.activities.at/entry.php?id=11412" "Mozilla/5.0 (Windows NT 10.0; WOW64) AppleWebKit/537.36 (KHTML, like Gecko) Chrome/57.0.2987.133 Safari/537.36"
90.146.3.54 - - [06/Apr/2017:17:04:56 +0200] "GET /entry.php?id=10271&UIN=3d4191a0d0b38367f77d896602caa24d HTTP/1.1" 200 932 "http://ed.activities.at/entry.php?id=10272" "Mozilla/5.0 (Windows NT 10.0; WOW64) AppleWebKit/537.36 (KHTML, like Gecko) Chrome/57.0.2987.133 Safari/537.36"
90.146.3.54 - - [06/Apr/2017:17:04:56 +0200] "GET /gui/javascript/form_form.js?1491491096 HTTP/1.1" 200 16206 "http://ed.activities.at/entry.php?id=10287" "Mozilla/5.0 (Windows NT 10.0; WOW64) AppleWebKit/537.36 (KHTML, like Gecko) Chrome/57.0.2987.133 Safari/537.36"
90.146.3.54 - - [06/Apr/2017:17:04:56 +0200] "GET /entry.php?id=10270& HTTP/1.1" 200 908 "http://ed.activities.at/entry.php?id=10287" "Mozilla/5.0 (Windows NT 10.0; WOW64) AppleWebKit/537.36 (KHTML, like Gecko) Chrome/57.0.2987.133 Safari/537.36"
90.146.3.54 - - [06/Apr/2017:17:04:56 +0200] "GET /entry.php?id=10273& HTTP/1.1" 200 1899 "http://ed.activities.at/entry.php?id=10287" "Mozilla/5.0 (Windows NT 10.0; WOW64) AppleWebKit/537.36 (KHTML, like Gecko) Chrome/57.0.2987.133 Safari/537.36"
90.146.3.54 - - [06/Apr/2017:17:05:00 +0200] "POST /entry.php?id=10287& HTTP/1.1" 200 1987 "http://ed.activities.at/entry.php?id=10287" "Mozilla/5.0 (Windows NT 10.0; WOW64) AppleWebKit/537.36 (KHTML, like Gecko) Chrome/57.0.2987.133 Safari/537.36"
90.146.3.54 - - [06/Apr/2017:17:05:00 +0200] "GET /gui/javascript/form_form.js?1491491100 HTTP/1.1" 200 16206 "http://ed.activities.at/entry.php?id=10287&" "Mozilla/5.0 (Windows NT 10.0; WOW64) AppleWebKit/537.36 (KHTML, like Gecko) Chrome/57.0.2987.133 Safari/537.36"
90.146.3.54 - - [06/Apr/2017:17:05:00 +0200] "GET /entry.php?id=10271&UIN=3d4191a0d0b38367f77d896602caa24d HTTP/1.1" 200 985 "http://ed.activities.at/entry.php?id=10271&UIN=3d4191a0d0b38367f77d896602caa24d" "Mozilla/5.0 (Windows NT 10.0; WOW64) AppleWebKit/537.36 (KHTML, like Gecko) Chrome/57.0.2987.133 Safari/537.36"
90.146.3.54 - - [06/Apr/2017:17:05:00 +0200] "GET /entry.php?id=10273& HTTP/1.1" 200 2009 "http://ed.activities.at/entry.php?id=10287&" "Mozilla/5.0 (Windows NT 10.0; WOW64) AppleWebKit/537.36 (KHTML, like Gecko) Chrome/57.0.2987.133 Safari/537.36"
90.146.3.54 - - [06/Apr/2017:17:05:01 +0200] "GET /gui/javascript/form_form.js?1491491101 HTTP/1.1" 200 16206 "http://ed.activities.at/entry.php?id=10271&UIN=3d4191a0d0b38367f77d896602caa24d" "Mozilla/5.0 (Windows NT 10.0; WOW64) AppleWebKit/537.36 (KHTML, like Gecko) Chrome/57.0.2987.133 Safari/537.36"
212.108.43.59 - - [06/Apr/2017:17:05:01 +0200] "GET /entry.php?id=10271&&ser=491041 HTTP/1.1" 200 985 "http://ed.activities.at/entry.php?id=10271&&ser=490980" "Mozilla/5.0 (Windows NT 10.0; Win64; x64) AppleWebKit/537.36 (KHTML, like Gecko) Chrome/56.0.2924.87 Safari/537.36"
90.146.3.54 - - [06/Apr/2017:17:05:01 +0200] "GET /framework/webfx/style/toolbar/images/cbback.gif HTTP/1.1" 404 314 "http://ed.activities.at/framework/webfx/style/toolbar/cb2.css" "Mozilla/5.0 (Windows NT 10.0; WOW64) AppleWebKit/537.36 (KHTML, like Gecko) Chrome/57.0.2987.133 Safari/537.36"
212.108.43.59 - - [06/Apr/2017:17:05:01 +0200] "GET /gui/javascript/form_form.js?1491491101 HTTP/1.1" 200 16206 "http://ed.activities.at/entry.php?id=10271&&ser=491041" "Mozilla/5.0 (Windows NT 10.0; Win64; x64) AppleWebKit/537.36 (KHTML, like Gecko) Chrome/56.0.2924.87 Safari/537.36"
90.146.3.54 - - [06/Apr/2017:17:05:01 +0200] "GET /entry.php?id=10270&__app__=10006038 HTTP/1.1" 200 1647 "http://ed.activities.at/entry.php?id=10273&" "Mozilla/5.0 (Windows NT 10.0; WOW64) AppleWebKit/537.36 (KHTML, like Gecko) Chrome/57.0.2987.133 Safari/537.36"
90.146.3.54 - - [06/Apr/2017:17:05:02 +0200] "GET /gui/javascript/form_form.js?1491491102 HTTP/1.1" 200 16206 "http://ed.activities.at/entry.php?id=10270&__app__=10006038" "Mozilla/5.0 (Windows NT 10.0; WOW64) AppleWebKit/537.36 (KHTML, like Gecko) Chrome/57.0.2987.133 Safari/537.36"
90.146.3.54 - - [06/Apr/2017:17:05:02 +0200] "GET /undefined HTTP/1.1" 404 285 "http://ed.activities.at/entry.php?id=10270&__app__=10006038" "Mozilla/5.0 (Windows NT 10.0; WOW64) AppleWebKit/537.36 (KHTML, like Gecko) Chrome/57.0.2987.133 Safari/537.36"
90.146.3.54 - - [06/Apr/2017:17:05:03 +0200] "GET /entry.php?id=11673 HTTP/1.1" 200 358 "http://ed.activities.at/entry.php?id=10270&__app__=10006038" "Mozilla/5.0 (Windows NT 10.0; WOW64) AppleWebKit/537.36 (KHTML, like Gecko) Chrome/57.0.2987.133 Safari/537.36"
90.146.3.54 - - [06/Apr/2017:17:05:04 +0200] "GET /entry.php?id=10676&&title=F%FChrerscheinkurse HTTP/1.1" 200 1392 "http://ed.activities.at/entry.php?id=11673" "Mozilla/5.0 (Windows NT 10.0; WOW64) AppleWebKit/537.36 (KHTML, like Gecko) Chrome/57.0.2987.133 Safari/537.36"
90.146.3.54 - - [06/Apr/2017:17:05:04 +0200] "GET /gui/javascript/form_form.js?1491491104 HTTP/1.1" 200 16206 "http://ed.activities.at/entry.php?id=10676&&title=F%FChrerscheinkurse" "Mozilla/5.0 (Windows NT 10.0; WOW64) AppleWebKit/537.36 (KHTML, like Gecko) Chrome/57.0.2987.133 Safari/537.36"
90.146.3.54 - - [06/Apr/2017:17:05:04 +0200] "GET /entry.php?id=11672& HTTP/1.1" 200 2689 "http://ed.activities.at/entry.php?id=11673" "Mozilla/5.0 (Windows NT 10.0; WOW64) AppleWebKit/537.36 (KHTML, like Gecko) Chrome/57.0.2987.133 Safari/537.36"
90.146.3.54 - - [06/Apr/2017:17:05:04 +0200] "GET /entry.php?id=11694& HTTP/1.1" 200 2918 "http://ed.activities.at/entry.php?id=11673" "Mozilla/5.0 (Windows NT 10.0; WOW64) AppleWebKit/537.36 (KHTML, like Gecko) Chrome/57.0.2987.133 Safari/537.36"
90.146.3.54 - - [06/Apr/2017:17:05:05 +0200] "GET /activities/framework/KoolControls/KoolAjax/koolajax.php?8436e354c842500aba3cbaf0584c0c24 HTTP/1.1" 200 4079 "http://ed.activities.at/entry.php?id=11694&" "Mozilla/5.0 (Windows NT 10.0; WOW64) AppleWebKit/537.36 (KHTML, like Gecko) Chrome/57.0.2987.133 Safari/537.36"
90.146.3.54 - - [06/Apr/2017:17:05:05 +0200] "GET /activities/framework/KoolControls/KoolTreeView/kooltreeview.php?c7cd9180e88ffef8e70f13526bb4f5f7 HTTP/1.1" 200 5055 "http://ed.activities.at/entry.php?id=11694&" "Mozilla/5.0 (Windows NT 10.0; WOW64) AppleWebKit/537.36 (KHTML, like Gecko) Chrome/57.0.2987.133 Safari/537.36"
90.146.3.54 - - [06/Apr/2017:17:05:04 +0200] "GET /entry.php?id=11671& HTTP/1.1" 200 4532 "http://ed.activities.at/entry.php?id=11673" "Mozilla/5.0 (Windows NT 10.0; WOW64) AppleWebKit/537.36 (KHTML, like Gecko) Chrome/57.0.2987.133 Safari/537.36"
90.146.3.54 - - [06/Apr/2017:17:05:04 +0200] "GET /entry.php?id=10778&form=11497&name=list& HTTP/1.1" 200 6092 "http://ed.activities.at/entry.php?id=11672&" "Mozilla/5.0 (Windows NT 10.0; WOW64) AppleWebKit/537.36 (KHTML, like Gecko) Chrome/57.0.2987.133 Safari/537.36"
90.146.3.54 - - [06/Apr/2017:17:05:05 +0200] "GET /gui/javascript/form_form.js?1491491105 HTTP/1.1" 200 16206 "http://ed.activities.at/entry.php?id=11671&" "Mozilla/5.0 (Windows NT 10.0; WOW64) AppleWebKit/537.36 (KHTML, like Gecko) Chrome/57.0.2987.133 Safari/537.36"
90.146.3.54 - - [06/Apr/2017:17:05:04 +0200] "GET /entry.php?id=10776&form=11497&name=list& HTTP/1.1" 200 1941 "http://ed.activities.at/entry.php?id=11672&" "Mozilla/5.0 (Windows NT 10.0; WOW64) AppleWebKit/537.36 (KHTML, like Gecko) Chrome/57.0.2987.133 Safari/537.36"
90.146.3.54 - - [06/Apr/2017:17:05:05 +0200] "GET /entry.php?id=11674 HTTP/1.1" 200 321 "http://ed.activities.at/entry.php?id=10270&__app__=10006038" "Mozilla/5.0 (Windows NT 10.0; WOW64) AppleWebKit/537.36 (KHTML, like Gecko) Chrome/57.0.2987.133 Safari/537.36"
90.146.3.54 - - [06/Apr/2017:17:05:06 +0200] "GET /entry.php?id=10778&form=11496&name=list& HTTP/1.1" 200 2493 "http://ed.activities.at/entry.php?id=11671&" "Mozilla/5.0 (Windows NT 10.0; WOW64) AppleWebKit/537.36 (KHTML, like Gecko) Chrome/57.0.2987.133 Safari/537.36"
90.146.3.54 - - [06/Apr/2017:17:05:06 +0200] "GET /entry.php?id=10776&form=11496&name=list& HTTP/1.1" 200 1526 "http://ed.activities.at/entry.php?id=11671&" "Mozilla/5.0 (Windows NT 10.0; WOW64) AppleWebKit/537.36 (KHTML, like Gecko) Chrome/57.0.2987.133 Safari/537.36"
90.146.3.54 - - [06/Apr/2017:17:05:06 +0200] "GET /entry.php?id=10676&&title=Aktionen HTTP/1.1" 200 1384 "http://ed.activities.at/entry.php?id=11674" "Mozilla/5.0 (Windows NT 10.0; WOW64) AppleWebKit/537.36 (KHTML, like Gecko) Chrome/57.0.2987.133 Safari/537.36"
90.146.3.54 - - [06/Apr/2017:17:05:06 +0200] "GET /gui/javascript/form_form.js?1491491106 HTTP/1.1" 200 16206 "http://ed.activities.at/entry.php?id=10676&&title=Aktionen" "Mozilla/5.0 (Windows NT 10.0; WOW64) AppleWebKit/537.36 (KHTML, like Gecko) Chrome/57.0.2987.133 Safari/537.36"
90.146.3.54 - - [06/Apr/2017:17:05:06 +0200] "GET /entry.php?id=11675& HTTP/1.1" 200 2688 "http://ed.activities.at/entry.php?id=11674" "Mozilla/5.0 (Windows NT 10.0; WOW64) AppleWebKit/537.36 (KHTML, like Gecko) Chrome/57.0.2987.133 Safari/537.36"
90.146.3.54 - - [06/Apr/2017:17:05:06 +0200] "GET /entry.php?id=11676& HTTP/1.1" 200 4381 "http://ed.activities.at/entry.php?id=11674" "Mozilla/5.0 (Windows NT 10.0; WOW64) AppleWebKit/537.36 (KHTML, like Gecko) Chrome/57.0.2987.133 Safari/537.36"
90.146.3.54 - - [06/Apr/2017:17:05:07 +0200] "GET /gui/javascript/form_form.js?1491491107 HTTP/1.1" 200 16206 "http://ed.activities.at/entry.php?id=11676&" "Mozilla/5.0 (Windows NT 10.0; WOW64) AppleWebKit/537.36 (KHTML, like Gecko) Chrome/57.0.2987.133 Safari/537.36"
90.146.3.54 - - [06/Apr/2017:17:05:06 +0200] "GET /entry.php?id=10776&form=11500&name=list& HTTP/1.1" 200 2450 "http://ed.activities.at/entry.php?id=11675&" "Mozilla/5.0 (Windows NT 10.0; WOW64) AppleWebKit/537.36 (KHTML, like Gecko) Chrome/57.0.2987.133 Safari/537.36"
90.146.3.54 - - [06/Apr/2017:17:05:06 +0200] "GET /entry.php?id=10778&form=11500&name=list& HTTP/1.1" 200 3599 "http://ed.activities.at/entry.php?id=11675&" "Mozilla/5.0 (Windows NT 10.0; WOW64) AppleWebKit/537.36 (KHTML, like Gecko) Chrome/57.0.2987.133 Safari/537.36"
90.146.3.54 - - [06/Apr/2017:17:05:13 +0200] "POST /entry.php?id=11676 HTTP/1.1" 200 4612 "http://ed.activities.at/entry.php?id=11676&" "Mozilla/5.0 (Windows NT 10.0; WOW64) AppleWebKit/537.36 (KHTML, like Gecko) Chrome/57.0.2987.133 Safari/537.36"
90.146.3.54 - - [06/Apr/2017:17:05:14 +0200] "GET /gui/javascript/form_form.js?1491491114 HTTP/1.1" 200 16206 "http://ed.activities.at/entry.php?id=11676" "Mozilla/5.0 (Windows NT 10.0; WOW64) AppleWebKit/537.36 (KHTML, like Gecko) Chrome/57.0.2987.133 Safari/537.36"
90.146.3.54 - - [06/Apr/2017:17:05:14 +0200] "GET /cache/emu/images/easy-drivers-steyr10250917/k-yamaha-xj6a2-schwarz-2jpg_200_150_0.jpg HTTP/1.1" 200 8104 "http://ed.activities.at/entry.php?id=11676" "Mozilla/5.0 (Windows NT 10.0; WOW64) AppleWebKit/537.36 (KHTML, like Gecko) Chrome/57.0.2987.133 Safari/537.36"
90.146.3.54 - - [06/Apr/2017:17:05:18 +0200] "POST /entry.php?id=11676 HTTP/1.1" 200 3477 "http://ed.activities.at/entry.php?id=11676" "Mozilla/5.0 (Windows NT 10.0; WOW64) AppleWebKit/537.36 (KHTML, like Gecko) Chrome/57.0.2987.133 Safari/537.36"
90.146.3.54 - - [06/Apr/2017:17:05:19 +0200] "GET /gui/javascript/form_form.js?1491491119 HTTP/1.1" 200 16206 "http://ed.activities.at/entry.php?id=11676" "Mozilla/5.0 (Windows NT 10.0; WOW64) AppleWebKit/537.36 (KHTML, like Gecko) Chrome/57.0.2987.133 Safari/537.36"
90.146.3.54 - - [06/Apr/2017:17:05:19 +0200] "GET /framework/webfx/javascript/tinymce/skins/lightgray/content.min.css HTTP/1.1" 404 327 "http://ed.activities.at/entry.php?id=11676" "Mozilla/5.0 (Windows NT 10.0; WOW64) AppleWebKit/537.36 (KHTML, like Gecko) Chrome/57.0.2987.133 Safari/537.36"
90.146.3.54 - - [06/Apr/2017:17:05:34 +0200] "GET /entry.php?id=11673 HTTP/1.1" 200 358 "http://ed.activities.at/entry.php?id=10270&__app__=10006038" "Mozilla/5.0 (Windows NT 10.0; WOW64) AppleWebKit/537.36 (KHTML, like Gecko) Chrome/57.0.2987.133 Safari/537.36"
90.146.3.54 - - [06/Apr/2017:17:05:34 +0200] "GET /entry.php?id=10676&&title=F%FChrerscheinkurse HTTP/1.1" 200 1393 "http://ed.activities.at/entry.php?id=11673" "Mozilla/5.0 (Windows NT 10.0; WOW64) AppleWebKit/537.36 (KHTML, like Gecko) Chrome/57.0.2987.133 Safari/537.36"
90.146.3.54 - - [06/Apr/2017:17:05:34 +0200] "GET /gui/javascript/form_form.js?1491491134 HTTP/1.1" 200 16206 "http://ed.activities.at/entry.php?id=10676&&title=F%FChrerscheinkurse" "Mozilla/5.0 (Windows NT 10.0; WOW64) AppleWebKit/537.36 (KHTML, like Gecko) Chrome/57.0.2987.133 Safari/537.36"
90.146.3.54 - - [06/Apr/2017:17:05:34 +0200] "GET /entry.php?id=11672& HTTP/1.1" 200 2691 "http://ed.activities.at/entry.php?id=11673" "Mozilla/5.0 (Windows NT 10.0; WOW64) AppleWebKit/537.36 (KHTML, like Gecko) Chrome/57.0.2987.133 Safari/537.36"
90.146.3.54 - - [06/Apr/2017:17:05:34 +0200] "GET /entry.php?id=11671& HTTP/1.1" 200 4533 "http://ed.activities.at/entry.php?id=11673" "Mozilla/5.0 (Windows NT 10.0; WOW64) AppleWebKit/537.36 (KHTML, like Gecko) Chrome/57.0.2987.133 Safari/537.36"
90.146.3.54 - - [06/Apr/2017:17:05:35 +0200] "GET /gui/javascript/form_form.js?1491491135 HTTP/1.1" 200 16206 "http://ed.activities.at/entry.php?id=11671&" "Mozilla/5.0 (Windows NT 10.0; WOW64) AppleWebKit/537.36 (KHTML, like Gecko) Chrome/57.0.2987.133 Safari/537.36"
90.146.3.54 - - [06/Apr/2017:17:05:34 +0200] "GET /entry.php?id=11694& HTTP/1.1" 200 2920 "http://ed.activities.at/entry.php?id=11673" "Mozilla/5.0 (Windows NT 10.0; WOW64) AppleWebKit/537.36 (KHTML, like Gecko) Chrome/57.0.2987.133 Safari/537.36"
90.146.3.54 - - [06/Apr/2017:17:05:35 +0200] "GET /entry.php?id=10778&form=11497&name=list& HTTP/1.1" 200 6092 "http://ed.activities.at/entry.php?id=11672&" "Mozilla/5.0 (Windows NT 10.0; WOW64) AppleWebKit/537.36 (KHTML, like Gecko) Chrome/57.0.2987.133 Safari/537.36"
90.146.3.54 - - [06/Apr/2017:17:05:36 +0200] "GET /activities/framework/KoolControls/KoolAjax/koolajax.php?8436e354c842500aba3cbaf0584c0c24 HTTP/1.1" 200 4079 "http://ed.activities.at/entry.php?id=11694&" "Mozilla/5.0 (Windows NT 10.0; WOW64) AppleWebKit/537.36 (KHTML, like Gecko) Chrome/57.0.2987.133 Safari/537.36"
90.146.3.54 - - [06/Apr/2017:17:05:36 +0200] "GET /gui/javascript/form_form.js?1491491136 HTTP/1.1" 200 16206 "http://ed.activities.at/entry.php?id=11694&" "Mozilla/5.0 (Windows NT 10.0; WOW64) AppleWebKit/537.36 (KHTML, like Gecko) Chrome/57.0.2987.133 Safari/537.36"
90.146.3.54 - - [06/Apr/2017:17:05:35 +0200] "GET /entry.php?id=10776&form=11497&name=list& HTTP/1.1" 200 1941 "http://ed.activities.at/entry.php?id=11672&" "Mozilla/5.0 (Windows NT 10.0; WOW64) AppleWebKit/537.36 (KHTML, like Gecko) Chrome/57.0.2987.133 Safari/537.36"
90.146.3.54 - - [06/Apr/2017:17:05:36 +0200] "GET /activities/framework/KoolControls/KoolTreeView/kooltreeview.php?c7cd9180e88ffef8e70f13526bb4f5f7 HTTP/1.1" 200 5055 "http://ed.activities.at/entry.php?id=11694&" "Mozilla/5.0 (Windows NT 10.0; WOW64) AppleWebKit/537.36 (KHTML, like Gecko) Chrome/57.0.2987.133 Safari/537.36"
90.146.3.54 - - [06/Apr/2017:17:05:36 +0200] "GET /entry.php?id=10778&form=11496&name=list& HTTP/1.1" 200 2493 "http://ed.activities.at/entry.php?id=11671&" "Mozilla/5.0 (Windows NT 10.0; WOW64) AppleWebKit/537.36 (KHTML, like Gecko) Chrome/57.0.2987.133 Safari/537.36"
90.146.3.54 - - [06/Apr/2017:17:05:36 +0200] "GET /entry.php?id=10776&form=11496&name=list& HTTP/1.1" 200 1526 "http://ed.activities.at/entry.php?id=11671&" "Mozilla/5.0 (Windows NT 10.0; WOW64) AppleWebKit/537.36 (KHTML, like Gecko) Chrome/57.0.2987.133 Safari/537.36"
95.143.230.128 - - [06/Apr/2017:17:05:39 +0200] "GET /entry.php?id=10271&&ser=491079 HTTP/1.1" 200 985 "http://ed.activities.at/entry.php?id=10271&&ser=491018" "Mozilla/5.0 (Windows NT 6.1; WOW64; rv:52.0) Gecko/20100101 Firefox/52.0"
95.143.230.128 - - [06/Apr/2017:17:05:39 +0200] "GET /gui/javascript/form_form.js?1491491139 HTTP/1.1" 200 16206 "http://ed.activities.at/entry.php?id=10271&&ser=491079" "Mozilla/5.0 (Windows NT 6.1; WOW64; rv:52.0) Gecko/20100101 Firefox/52.0"
90.146.3.54 - - [06/Apr/2017:17:05:59 +0200] "GET /entry.php?id=11674 HTTP/1.1" 200 321 "http://ed.activities.at/entry.php?id=10270&__app__=10006038" "Mozilla/5.0 (Windows NT 10.0; WOW64) AppleWebKit/537.36 (KHTML, like Gecko) Chrome/57.0.2987.133 Safari/537.36"
90.146.3.54 - - [06/Apr/2017:17:05:59 +0200] "GET /entry.php?id=10676&&title=Aktionen HTTP/1.1" 200 1385 "http://ed.activities.at/entry.php?id=11674" "Mozilla/5.0 (Windows NT 10.0; WOW64) AppleWebKit/537.36 (KHTML, like Gecko) Chrome/57.0.2987.133 Safari/537.36"
90.146.3.54 - - [06/Apr/2017:17:06:00 +0200] "GET /gui/javascript/form_form.js?1491491160 HTTP/1.1" 200 16206 "http://ed.activities.at/entry.php?id=10676&&title=Aktionen" "Mozilla/5.0 (Windows NT 10.0; WOW64) AppleWebKit/537.36 (KHTML, like Gecko) Chrome/57.0.2987.133 Safari/537.36"
90.146.3.54 - - [06/Apr/2017:17:05:59 +0200] "GET /entry.php?id=11675& HTTP/1.1" 200 2689 "http://ed.activities.at/entry.php?id=11674" "Mozilla/5.0 (Windows NT 10.0; WOW64) AppleWebKit/537.36 (KHTML, like Gecko) Chrome/57.0.2987.133 Safari/537.36"
90.146.3.54 - - [06/Apr/2017:17:05:59 +0200] "GET /entry.php?id=11676& HTTP/1.1" 200 4381 "http://ed.activities.at/entry.php?id=11674" "Mozilla/5.0 (Windows NT 10.0; WOW64) AppleWebKit/537.36 (KHTML, like Gecko) Chrome/57.0.2987.133 Safari/537.36"
90.146.3.54 - - [06/Apr/2017:17:06:01 +0200] "GET /gui/javascript/form_form.js?1491491161 HTTP/1.1" 200 16206 "http://ed.activities.at/entry.php?id=11676&" "Mozilla/5.0 (Windows NT 10.0; WOW64) AppleWebKit/537.36 (KHTML, like Gecko) Chrome/57.0.2987.133 Safari/537.36"
90.146.3.54 - - [06/Apr/2017:17:06:00 +0200] "GET /entry.php?id=10776&form=11500&name=list& HTTP/1.1" 200 2450 "http://ed.activities.at/entry.php?id=11675&" "Mozilla/5.0 (Windows NT 10.0; WOW64) AppleWebKit/537.36 (KHTML, like Gecko) Chrome/57.0.2987.133 Safari/537.36"
90.146.3.54 - - [06/Apr/2017:17:06:00 +0200] "GET /entry.php?id=10778&form=11500&name=list& HTTP/1.1" 200 3599 "http://ed.activities.at/entry.php?id=11675&" "Mozilla/5.0 (Windows NT 10.0; WOW64) AppleWebKit/537.36 (KHTML, like Gecko) Chrome/57.0.2987.133 Safari/537.36"
90.146.3.54 - - [06/Apr/2017:17:06:01 +0200] "GET /entry.php?id=10271&&ser=491101 HTTP/1.1" 200 985 "http://ed.activities.at/entry.php?id=10271&UIN=3d4191a0d0b38367f77d896602caa24d" "Mozilla/5.0 (Windows NT 10.0; WOW64) AppleWebKit/537.36 (KHTML, like Gecko) Chrome/57.0.2987.133 Safari/537.36"
90.146.3.54 - - [06/Apr/2017:17:06:02 +0200] "GET /gui/javascript/form_form.js?1491491162 HTTP/1.1" 200 16206 "http://ed.activities.at/entry.php?id=10271&&ser=491101" "Mozilla/5.0 (Windows NT 10.0; WOW64) AppleWebKit/537.36 (KHTML, like Gecko) Chrome/57.0.2987.133 Safari/537.36"
212.108.43.59 - - [06/Apr/2017:17:06:02 +0200] "GET /entry.php?id=10271&&ser=491101 HTTP/1.1" 200 985 "http://ed.activities.at/entry.php?id=10271&&ser=491041" "Mozilla/5.0 (Windows NT 10.0; Win64; x64) AppleWebKit/537.36 (KHTML, like Gecko) Chrome/56.0.2924.87 Safari/537.36"
212.108.43.59 - - [06/Apr/2017:17:06:02 +0200] "GET /gui/javascript/form_form.js?1491491162 HTTP/1.1" 200 16206 "http://ed.activities.at/entry.php?id=10271&&ser=491101" "Mozilla/5.0 (Windows NT 10.0; Win64; x64) AppleWebKit/537.36 (KHTML, like Gecko) Chrome/56.0.2924.87 Safari/537.36"
90.146.3.54 - - [06/Apr/2017:17:06:10 +0200] "POST /entry.php?id=11676 HTTP/1.1" 200 4613 "http://ed.activities.at/entry.php?id=11676&" "Mozilla/5.0 (Windows NT 10.0; WOW64) AppleWebKit/537.36 (KHTML, like Gecko) Chrome/57.0.2987.133 Safari/537.36"
90.146.3.54 - - [06/Apr/2017:17:06:11 +0200] "GET /cache/emu/images/easy-drivers-steyr10288174/ostern2017jpg_270_144_0.jpg HTTP/1.1" 200 5486 "http://ed.activities.at/entry.php?id=11676" "Mozilla/5.0 (Windows NT 10.0; WOW64) AppleWebKit/537.36 (KHTML, like Gecko) Chrome/57.0.2987.133 Safari/537.36"
90.146.3.54 - - [06/Apr/2017:17:06:11 +0200] "GET /gui/javascript/form_form.js?1491491171 HTTP/1.1" 200 16206 "http://ed.activities.at/entry.php?id=11676" "Mozilla/5.0 (Windows NT 10.0; WOW64) AppleWebKit/537.36 (KHTML, like Gecko) Chrome/57.0.2987.133 Safari/537.36"
90.146.3.54 - - [06/Apr/2017:17:06:15 +0200] "POST /entry.php?id=11676 HTTP/1.1" 200 3338 "http://ed.activities.at/entry.php?id=11676" "Mozilla/5.0 (Windows NT 10.0; WOW64) AppleWebKit/537.36 (KHTML, like Gecko) Chrome/57.0.2987.133 Safari/537.36"
90.146.3.54 - - [06/Apr/2017:17:06:16 +0200] "GET /gui/javascript/form_form.js?1491491176 HTTP/1.1" 200 16206 "http://ed.activities.at/entry.php?id=11676" "Mozilla/5.0 (Windows NT 10.0; WOW64) AppleWebKit/537.36 (KHTML, like Gecko) Chrome/57.0.2987.133 Safari/537.36"
90.146.3.54 - - [06/Apr/2017:17:06:16 +0200] "GET /framework/webfx/javascript/tinymce/skins/lightgray/content.min.css HTTP/1.1" 404 327 "http://ed.activities.at/entry.php?id=11676" "Mozilla/5.0 (Windows NT 10.0; WOW64) AppleWebKit/537.36 (KHTML, like Gecko) Chrome/57.0.2987.133 Safari/537.36"
95.143.230.128 - - [06/Apr/2017:17:06:40 +0200] "GET /entry.php?id=10271&&ser=491139 HTTP/1.1" 200 985 "http://ed.activities.at/entry.php?id=10271&&ser=491079" "Mozilla/5.0 (Windows NT 6.1; WOW64; rv:52.0) Gecko/20100101 Firefox/52.0"
95.143.230.128 - - [06/Apr/2017:17:06:40 +0200] "GET /gui/javascript/form_form.js?1491491200 HTTP/1.1" 200 16206 "http://ed.activities.at/entry.php?id=10271&&ser=491139" "Mozilla/5.0 (Windows NT 6.1; WOW64; rv:52.0) Gecko/20100101 Firefox/52.0"
90.146.3.54 - - [06/Apr/2017:17:07:01 +0200] "POST /entry.php?id=11676 HTTP/1.1" 200 3425 "http://ed.activities.at/entry.php?id=11676" "Mozilla/5.0 (Windows NT 10.0; WOW64) AppleWebKit/537.36 (KHTML, like Gecko) Chrome/57.0.2987.133 Safari/537.36"
90.146.3.54 - - [06/Apr/2017:17:07:02 +0200] "GET /gui/javascript/form_form.js?1491491222 HTTP/1.1" 200 16206 "http://ed.activities.at/entry.php?id=11676" "Mozilla/5.0 (Windows NT 10.0; WOW64) AppleWebKit/537.36 (KHTML, like Gecko) Chrome/57.0.2987.133 Safari/537.36"
90.146.3.54 - - [06/Apr/2017:17:07:02 +0200] "GET /framework/webfx/javascript/tinymce/skins/lightgray/content.min.css HTTP/1.1" 404 327 "http://ed.activities.at/entry.php?id=11676" "Mozilla/5.0 (Windows NT 10.0; WOW64) AppleWebKit/537.36 (KHTML, like Gecko) Chrome/57.0.2987.133 Safari/537.36"
212.108.43.59 - - [06/Apr/2017:17:07:02 +0200] "GET /entry.php?id=10271&&ser=491162 HTTP/1.1" 200 985 "http://ed.activities.at/entry.php?id=10271&&ser=491101" "Mozilla/5.0 (Windows NT 10.0; Win64; x64) AppleWebKit/537.36 (KHTML, like Gecko) Chrome/56.0.2924.87 Safari/537.36"
212.108.43.59 - - [06/Apr/2017:17:07:02 +0200] "GET /gui/javascript/form_form.js?1491491222 HTTP/1.1" 200 16206 "http://ed.activities.at/entry.php?id=10271&&ser=491162" "Mozilla/5.0 (Windows NT 10.0; Win64; x64) AppleWebKit/537.36 (KHTML, like Gecko) Chrome/56.0.2924.87 Safari/537.36"
90.146.3.54 - - [06/Apr/2017:17:07:02 +0200] "GET /entry.php?id=10271&&ser=491162 HTTP/1.1" 200 985 "http://ed.activities.at/entry.php?id=10271&&ser=491101" "Mozilla/5.0 (Windows NT 10.0; WOW64) AppleWebKit/537.36 (KHTML, like Gecko) Chrome/57.0.2987.133 Safari/537.36"
90.146.3.54 - - [06/Apr/2017:17:07:07 +0200] "POST /entry.php?id=11676 HTTP/1.1" 200 3478 "http://ed.activities.at/entry.php?id=11676" "Mozilla/5.0 (Windows NT 10.0; WOW64) AppleWebKit/537.36 (KHTML, like Gecko) Chrome/57.0.2987.133 Safari/537.36"
90.146.3.54 - - [06/Apr/2017:17:07:08 +0200] "GET /gui/javascript/form_form.js?1491491228 HTTP/1.1" 200 16206 "http://ed.activities.at/entry.php?id=11676" "Mozilla/5.0 (Windows NT 10.0; WOW64) AppleWebKit/537.36 (KHTML, like Gecko) Chrome/57.0.2987.133 Safari/537.36"
90.146.3.54 - - [06/Apr/2017:17:07:08 +0200] "GET /framework/webfx/javascript/tinymce/skins/lightgray/content.min.css HTTP/1.1" 404 327 "http://ed.activities.at/entry.php?id=11676" "Mozilla/5.0 (Windows NT 10.0; WOW64) AppleWebKit/537.36 (KHTML, like Gecko) Chrome/57.0.2987.133 Safari/537.36"
90.146.3.54 - - [06/Apr/2017:17:07:36 +0200] "GET /entry.php?id=11679 HTTP/1.1" 200 312 "http://ed.activities.at/entry.php?id=10270&__app__=10006038" "Mozilla/5.0 (Windows NT 10.0; WOW64) AppleWebKit/537.36 (KHTML, like Gecko) Chrome/57.0.2987.133 Safari/537.36"
90.146.3.54 - - [06/Apr/2017:17:07:36 +0200] "GET /entry.php?id=10676&title=Portal& HTTP/1.1" 200 1385 "http://ed.activities.at/entry.php?id=11679" "Mozilla/5.0 (Windows NT 10.0; WOW64) AppleWebKit/537.36 (KHTML, like Gecko) Chrome/57.0.2987.133 Safari/537.36"
90.146.3.54 - - [06/Apr/2017:17:07:37 +0200] "GET /gui/javascript/form_form.js?1491491257 HTTP/1.1" 200 16206 "http://ed.activities.at/entry.php?id=10676&title=Portal&" "Mozilla/5.0 (Windows NT 10.0; WOW64) AppleWebKit/537.36 (KHTML, like Gecko) Chrome/57.0.2987.133 Safari/537.36"
90.146.3.54 - - [06/Apr/2017:17:07:36 +0200] "GET /entry.php?id=11678& HTTP/1.1" 200 3252 "http://ed.activities.at/entry.php?id=11679" "Mozilla/5.0 (Windows NT 10.0; WOW64) AppleWebKit/537.36 (KHTML, like Gecko) Chrome/57.0.2987.133 Safari/537.36"
90.146.3.54 - - [06/Apr/2017:17:07:37 +0200] "GET /gui/javascript/form_cm_menu_item.js?id=2 HTTP/1.1" 304 - "http://ed.activities.at/entry.php?id=11678&" "Mozilla/5.0 (Windows NT 10.0; WOW64) AppleWebKit/537.36 (KHTML, like Gecko) Chrome/57.0.2987.133 Safari/537.36"
90.146.3.54 - - [06/Apr/2017:17:07:37 +0200] "GET /activities/framework/KoolControls/KoolAjax/koolajax.php?8436e354c842500aba3cbaf0584c0c24 HTTP/1.1" 200 4079 "http://ed.activities.at/entry.php?id=11678&" "Mozilla/5.0 (Windows NT 10.0; WOW64) AppleWebKit/537.36 (KHTML, like Gecko) Chrome/57.0.2987.133 Safari/537.36"
90.146.3.54 - - [06/Apr/2017:17:07:37 +0200] "GET /activities/framework/KoolControls/KoolTreeView/icons/website.gif HTTP/1.1" 200 1049 "http://ed.activities.at/entry.php?id=11678&" "Mozilla/5.0 (Windows NT 10.0; WOW64) AppleWebKit/537.36 (KHTML, like Gecko) Chrome/57.0.2987.133 Safari/537.36"
90.146.3.54 - - [06/Apr/2017:17:07:37 +0200] "GET /activities/framework/KoolControls/KoolTreeView/icons/square_greenS.gif HTTP/1.1" 200 541 "http://ed.activities.at/entry.php?id=11678&" "Mozilla/5.0 (Windows NT 10.0; WOW64) AppleWebKit/537.36 (KHTML, like Gecko) Chrome/57.0.2987.133 Safari/537.36"
90.146.3.54 - - [06/Apr/2017:17:07:37 +0200] "GET /gui/images/icons/website_modified.gif HTTP/1.1" 200 1060 "http://ed.activities.at/entry.php?id=11678&" "Mozilla/5.0 (Windows NT 10.0; WOW64) AppleWebKit/537.36 (KHTML, like Gecko) Chrome/57.0.2987.133 Safari/537.36"
90.146.3.54 - - [06/Apr/2017:17:07:37 +0200] "GET /gui/images/icons/square_yellowS.gif HTTP/1.1" 200 541 "http://ed.activities.at/entry.php?id=11678&" "Mozilla/5.0 (Windows NT 10.0; WOW64) AppleWebKit/537.36 (KHTML, like Gecko) Chrome/57.0.2987.133 Safari/537.36"
90.146.3.54 - - [06/Apr/2017:17:07:37 +0200] "GET /gui/images/icons/square_greenS.gif HTTP/1.1" 200 541 "http://ed.activities.at/entry.php?id=11678&" "Mozilla/5.0 (Windows NT 10.0; WOW64) AppleWebKit/537.36 (KHTML, like Gecko) Chrome/57.0.2987.133 Safari/537.36"
90.146.3.54 - - [06/Apr/2017:17:07:37 +0200] "GET /activities/framework/KoolControls/KoolTreeView/kooltreeview.php?c7cd9180e88ffef8e70f13526bb4f5f7 HTTP/1.1" 200 5055 "http://ed.activities.at/entry.php?id=11678&" "Mozilla/5.0 (Windows NT 10.0; WOW64) AppleWebKit/537.36 (KHTML, like Gecko) Chrome/57.0.2987.133 Safari/537.36"
90.146.3.54 - - [06/Apr/2017:17:07:37 +0200] "GET /gui/images/icons/square_greyS.gif HTTP/1.1" 200 342 "http://ed.activities.at/entry.php?id=11678&" "Mozilla/5.0 (Windows NT 10.0; WOW64) AppleWebKit/537.36 (KHTML, like Gecko) Chrome/57.0.2987.133 Safari/537.36"
90.146.3.54 - - [06/Apr/2017:17:07:36 +0200] "GET /entry.php?id=11677& HTTP/1.1" 200 4371 "http://ed.activities.at/entry.php?id=11679" "Mozilla/5.0 (Windows NT 10.0; WOW64) AppleWebKit/537.36 (KHTML, like Gecko) Chrome/57.0.2987.133 Safari/537.36"
90.146.3.54 - - [06/Apr/2017:17:07:38 +0200] "GET /gui/images/icons/edit.gif HTTP/1.1" 200 384 "http://ed.activities.at/entry.php?id=11677&" "Mozilla/5.0 (Windows NT 10.0; WOW64) AppleWebKit/537.36 (KHTML, like Gecko) Chrome/57.0.2987.133 Safari/537.36"
90.146.3.54 - - [06/Apr/2017:17:07:38 +0200] "GET /gui/javascript/form_form.js?1491491258 HTTP/1.1" 200 16206 "http://ed.activities.at/entry.php?id=11677&" "Mozilla/5.0 (Windows NT 10.0; WOW64) AppleWebKit/537.36 (KHTML, like Gecko) Chrome/57.0.2987.133 Safari/537.36"
90.146.3.54 - - [06/Apr/2017:17:07:38 +0200] "GET /entry.php?id=11618&&object=&item=&emu_class= HTTP/1.1" 200 1696 "http://ed.activities.at/entry.php?id=11677&" "Mozilla/5.0 (Windows NT 10.0; WOW64) AppleWebKit/537.36 (KHTML, like Gecko) Chrome/57.0.2987.133 Safari/537.36"
95.143.230.128 - - [06/Apr/2017:17:07:40 +0200] "GET /entry.php?id=10271&&ser=491200 HTTP/1.1" 200 985 "http://ed.activities.at/entry.php?id=10271&&ser=491139" "Mozilla/5.0 (Windows NT 6.1; WOW64; rv:52.0) Gecko/20100101 Firefox/52.0"
95.143.230.128 - - [06/Apr/2017:17:07:40 +0200] "GET /gui/javascript/form_form.js?1491491260 HTTP/1.1" 200 16206 "http://ed.activities.at/entry.php?id=10271&&ser=491200" "Mozilla/5.0 (Windows NT 6.1; WOW64; rv:52.0) Gecko/20100101 Firefox/52.0"
90.146.3.54 - - [06/Apr/2017:17:07:42 +0200] "GET /entry.php?id=11674 HTTP/1.1" 200 321 "http://ed.activities.at/entry.php?id=10270&__app__=10006038" "Mozilla/5.0 (Windows NT 10.0; WOW64) AppleWebKit/537.36 (KHTML, like Gecko) Chrome/57.0.2987.133 Safari/537.36"
90.146.3.54 - - [06/Apr/2017:17:07:42 +0200] "GET /entry.php?id=10676&&title=Aktionen HTTP/1.1" 200 1386 "http://ed.activities.at/entry.php?id=11674" "Mozilla/5.0 (Windows NT 10.0; WOW64) AppleWebKit/537.36 (KHTML, like Gecko) Chrome/57.0.2987.133 Safari/537.36"
90.146.3.54 - - [06/Apr/2017:17:07:42 +0200] "GET /gui/javascript/form_form.js?1491491262 HTTP/1.1" 200 16206 "http://ed.activities.at/entry.php?id=10676&&title=Aktionen" "Mozilla/5.0 (Windows NT 10.0; WOW64) AppleWebKit/537.36 (KHTML, like Gecko) Chrome/57.0.2987.133 Safari/537.36"
90.146.3.54 - - [06/Apr/2017:17:07:42 +0200] "GET /entry.php?id=11675& HTTP/1.1" 200 2690 "http://ed.activities.at/entry.php?id=11674" "Mozilla/5.0 (Windows NT 10.0; WOW64) AppleWebKit/537.36 (KHTML, like Gecko) Chrome/57.0.2987.133 Safari/537.36"
90.146.3.54 - - [06/Apr/2017:17:07:42 +0200] "GET /entry.php?id=11676& HTTP/1.1" 200 4380 "http://ed.activities.at/entry.php?id=11674" "Mozilla/5.0 (Windows NT 10.0; WOW64) AppleWebKit/537.36 (KHTML, like Gecko) Chrome/57.0.2987.133 Safari/537.36"
90.146.3.54 - - [06/Apr/2017:17:07:43 +0200] "GET /gui/javascript/form_form.js?1491491263 HTTP/1.1" 200 16206 "http://ed.activities.at/entry.php?id=11676&" "Mozilla/5.0 (Windows NT 10.0; WOW64) AppleWebKit/537.36 (KHTML, like Gecko) Chrome/57.0.2987.133 Safari/537.36"
90.146.3.54 - - [06/Apr/2017:17:07:43 +0200] "GET /entry.php?id=10776&form=11500&name=list& HTTP/1.1" 200 2450 "http://ed.activities.at/entry.php?id=11675&" "Mozilla/5.0 (Windows NT 10.0; WOW64) AppleWebKit/537.36 (KHTML, like Gecko) Chrome/57.0.2987.133 Safari/537.36"
90.146.3.54 - - [06/Apr/2017:17:07:43 +0200] "GET /entry.php?id=10778&form=11500&name=list& HTTP/1.1" 200 3599 "http://ed.activities.at/entry.php?id=11675&" "Mozilla/5.0 (Windows NT 10.0; WOW64) AppleWebKit/537.36 (KHTML, like Gecko) Chrome/57.0.2987.133 Safari/537.36"
90.146.3.54 - - [06/Apr/2017:17:07:53 +0200] "GET /entry.php?id=11673 HTTP/1.1" 200 358 "http://ed.activities.at/entry.php?id=10270&__app__=10006038" "Mozilla/5.0 (Windows NT 10.0; WOW64) AppleWebKit/537.36 (KHTML, like Gecko) Chrome/57.0.2987.133 Safari/537.36"
90.146.3.54 - - [06/Apr/2017:17:07:54 +0200] "GET /entry.php?id=10676&&title=F%FChrerscheinkurse HTTP/1.1" 200 1394 "http://ed.activities.at/entry.php?id=11673" "Mozilla/5.0 (Windows NT 10.0; WOW64) AppleWebKit/537.36 (KHTML, like Gecko) Chrome/57.0.2987.133 Safari/537.36"
90.146.3.54 - - [06/Apr/2017:17:07:54 +0200] "GET /gui/javascript/form_form.js?1491491274 HTTP/1.1" 200 16206 "http://ed.activities.at/entry.php?id=10676&&title=F%FChrerscheinkurse" "Mozilla/5.0 (Windows NT 10.0; WOW64) AppleWebKit/537.36 (KHTML, like Gecko) Chrome/57.0.2987.133 Safari/537.36"
90.146.3.54 - - [06/Apr/2017:17:07:54 +0200] "GET /entry.php?id=11694& HTTP/1.1" 200 2920 "http://ed.activities.at/entry.php?id=11673" "Mozilla/5.0 (Windows NT 10.0; WOW64) AppleWebKit/537.36 (KHTML, like Gecko) Chrome/57.0.2987.133 Safari/537.36"
90.146.3.54 - - [06/Apr/2017:17:07:54 +0200] "GET /activities/framework/KoolControls/KoolAjax/koolajax.php?8436e354c842500aba3cbaf0584c0c24 HTTP/1.1" 200 4079 "http://ed.activities.at/entry.php?id=11694&" "Mozilla/5.0 (Windows NT 10.0; WOW64) AppleWebKit/537.36 (KHTML, like Gecko) Chrome/57.0.2987.133 Safari/537.36"
90.146.3.54 - - [06/Apr/2017:17:07:55 +0200] "GET /activities/framework/KoolControls/KoolTreeView/kooltreeview.php?c7cd9180e88ffef8e70f13526bb4f5f7 HTTP/1.1" 200 5055 "http://ed.activities.at/entry.php?id=11694&" "Mozilla/5.0 (Windows NT 10.0; WOW64) AppleWebKit/537.36 (KHTML, like Gecko) Chrome/57.0.2987.133 Safari/537.36"
90.146.3.54 - - [06/Apr/2017:17:07:54 +0200] "GET /entry.php?id=11672& HTTP/1.1" 200 2691 "http://ed.activities.at/entry.php?id=11673" "Mozilla/5.0 (Windows NT 10.0; WOW64) AppleWebKit/537.36 (KHTML, like Gecko) Chrome/57.0.2987.133 Safari/537.36"
90.146.3.54 - - [06/Apr/2017:17:07:55 +0200] "GET /gui/javascript/form_form.js?1491491275 HTTP/1.1" 200 16206 "http://ed.activities.at/entry.php?id=11672&" "Mozilla/5.0 (Windows NT 10.0; WOW64) AppleWebKit/537.36 (KHTML, like Gecko) Chrome/57.0.2987.133 Safari/537.36"
90.146.3.54 - - [06/Apr/2017:17:07:54 +0200] "GET /entry.php?id=11671& HTTP/1.1" 200 4533 "http://ed.activities.at/entry.php?id=11673" "Mozilla/5.0 (Windows NT 10.0; WOW64) AppleWebKit/537.36 (KHTML, like Gecko) Chrome/57.0.2987.133 Safari/537.36"
90.146.3.54 - - [06/Apr/2017:17:07:55 +0200] "GET /entry.php?id=10776&form=11497&name=list& HTTP/1.1" 200 1941 "http://ed.activities.at/entry.php?id=11672&" "Mozilla/5.0 (Windows NT 10.0; WOW64) AppleWebKit/537.36 (KHTML, like Gecko) Chrome/57.0.2987.133 Safari/537.36"
90.146.3.54 - - [06/Apr/2017:17:07:55 +0200] "GET /entry.php?id=10778&form=11497&name=list& HTTP/1.1" 200 6092 "http://ed.activities.at/entry.php?id=11672&" "Mozilla/5.0 (Windows NT 10.0; WOW64) AppleWebKit/537.36 (KHTML, like Gecko) Chrome/57.0.2987.133 Safari/537.36"
90.146.3.54 - - [06/Apr/2017:17:07:56 +0200] "GET /entry.php?id=10776&form=11496&name=list& HTTP/1.1" 200 1526 "http://ed.activities.at/entry.php?id=11671&" "Mozilla/5.0 (Windows NT 10.0; WOW64) AppleWebKit/537.36 (KHTML, like Gecko) Chrome/57.0.2987.133 Safari/537.36"
90.146.3.54 - - [06/Apr/2017:17:07:56 +0200] "GET /entry.php?id=10778&form=11496&name=list& HTTP/1.1" 200 2493 "http://ed.activities.at/entry.php?id=11671&" "Mozilla/5.0 (Windows NT 10.0; WOW64) AppleWebKit/537.36 (KHTML, like Gecko) Chrome/57.0.2987.133 Safari/537.36"
90.146.3.54 - - [06/Apr/2017:17:08:00 +0200] "POST /entry.php?id=11671 HTTP/1.1" 200 4883 "http://ed.activities.at/entry.php?id=11671&" "Mozilla/5.0 (Windows NT 10.0; WOW64) AppleWebKit/537.36 (KHTML, like Gecko) Chrome/57.0.2987.133 Safari/537.36"
90.146.3.54 - - [06/Apr/2017:17:08:01 +0200] "GET /gui/javascript/form_form.js?1491491281 HTTP/1.1" 200 16206 "http://ed.activities.at/entry.php?id=11671" "Mozilla/5.0 (Windows NT 10.0; WOW64) AppleWebKit/537.36 (KHTML, like Gecko) Chrome/57.0.2987.133 Safari/537.36"
90.146.3.54 - - [06/Apr/2017:17:08:02 +0200] "GET /entry.php?id=10776&form=11496&name=list& HTTP/1.1" 200 1519 "http://ed.activities.at/entry.php?id=11671" "Mozilla/5.0 (Windows NT 10.0; WOW64) AppleWebKit/537.36 (KHTML, like Gecko) Chrome/57.0.2987.133 Safari/537.36"
90.146.3.54 - - [06/Apr/2017:17:08:02 +0200] "GET /entry.php?id=10778&form=11496&name=list& HTTP/1.1" 200 5672 "http://ed.activities.at/entry.php?id=11671" "Mozilla/5.0 (Windows NT 10.0; WOW64) AppleWebKit/537.36 (KHTML, like Gecko) Chrome/57.0.2987.133 Safari/537.36"
212.108.43.59 - - [06/Apr/2017:17:08:02 +0200] "GET /entry.php?id=10271&&ser=491222 HTTP/1.1" 200 987 "http://ed.activities.at/entry.php?id=10271&&ser=491162" "Mozilla/5.0 (Windows NT 10.0; Win64; x64) AppleWebKit/537.36 (KHTML, like Gecko) Chrome/56.0.2924.87 Safari/537.36"
212.108.43.59 - - [06/Apr/2017:17:08:03 +0200] "GET /gui/javascript/form_form.js?1491491283 HTTP/1.1" 200 16206 "http://ed.activities.at/entry.php?id=10271&&ser=491222" "Mozilla/5.0 (Windows NT 10.0; Win64; x64) AppleWebKit/537.36 (KHTML, like Gecko) Chrome/56.0.2924.87 Safari/537.36"
90.146.3.54 - - [06/Apr/2017:17:08:02 +0200] "GET /entry.php?id=10271&&ser=491222 HTTP/1.1" 200 985 "http://ed.activities.at/entry.php?id=10271&&ser=491162" "Mozilla/5.0 (Windows NT 10.0; WOW64) AppleWebKit/537.36 (KHTML, like Gecko) Chrome/57.0.2987.133 Safari/537.36"
90.146.3.54 - - [06/Apr/2017:17:08:03 +0200] "GET /gui/javascript/form_form.js?1491491283 HTTP/1.1" 200 16206 "http://ed.activities.at/entry.php?id=10271&&ser=491222" "Mozilla/5.0 (Windows NT 10.0; WOW64) AppleWebKit/537.36 (KHTML, like Gecko) Chrome/57.0.2987.133 Safari/537.36"
90.146.3.54 - - [06/Apr/2017:17:08:10 +0200] "POST /entry.php?id=11671 HTTP/1.1" 200 3332 "http://ed.activities.at/entry.php?id=11671" "Mozilla/5.0 (Windows NT 10.0; WOW64) AppleWebKit/537.36 (KHTML, like Gecko) Chrome/57.0.2987.133 Safari/537.36"
90.146.3.54 - - [06/Apr/2017:17:08:11 +0200] "GET /gui/javascript/form_form.js?1491491291 HTTP/1.1" 200 16206 "http://ed.activities.at/entry.php?id=11671" "Mozilla/5.0 (Windows NT 10.0; WOW64) AppleWebKit/537.36 (KHTML, like Gecko) Chrome/57.0.2987.133 Safari/537.36"
90.146.3.54 - - [06/Apr/2017:17:08:12 +0200] "GET /framework/webfx/javascript/tinymce/skins/lightgray/content.min.css HTTP/1.1" 404 327 "http://ed.activities.at/entry.php?id=11671" "Mozilla/5.0 (Windows NT 10.0; WOW64) AppleWebKit/537.36 (KHTML, like Gecko) Chrome/57.0.2987.133 Safari/537.36"
95.143.230.128 - - [06/Apr/2017:17:08:41 +0200] "GET /entry.php?id=10271&&ser=491260 HTTP/1.1" 200 985 "http://ed.activities.at/entry.php?id=10271&&ser=491200" "Mozilla/5.0 (Windows NT 6.1; WOW64; rv:52.0) Gecko/20100101 Firefox/52.0"
95.143.230.128 - - [06/Apr/2017:17:08:41 +0200] "GET /gui/javascript/form_form.js?1491491321 HTTP/1.1" 200 16206 "http://ed.activities.at/entry.php?id=10271&&ser=491260" "Mozilla/5.0 (Windows NT 6.1; WOW64; rv:52.0) Gecko/20100101 Firefox/52.0"
212.108.43.59 - - [06/Apr/2017:17:09:03 +0200] "GET /entry.php?id=10271&&ser=491282 HTTP/1.1" 200 986 "http://ed.activities.at/entry.php?id=10271&&ser=491222" "Mozilla/5.0 (Windows NT 10.0; Win64; x64) AppleWebKit/537.36 (KHTML, like Gecko) Chrome/56.0.2924.87 Safari/537.36"
212.108.43.59 - - [06/Apr/2017:17:09:03 +0200] "GET /gui/javascript/form_form.js?1491491343 HTTP/1.1" 200 16206 "http://ed.activities.at/entry.php?id=10271&&ser=491282" "Mozilla/5.0 (Windows NT 10.0; Win64; x64) AppleWebKit/537.36 (KHTML, like Gecko) Chrome/56.0.2924.87 Safari/537.36"
90.146.3.54 - - [06/Apr/2017:17:09:03 +0200] "GET /entry.php?id=10271&&ser=491283 HTTP/1.1" 200 986 "http://ed.activities.at/entry.php?id=10271&&ser=491222" "Mozilla/5.0 (Windows NT 10.0; WOW64) AppleWebKit/537.36 (KHTML, like Gecko) Chrome/57.0.2987.133 Safari/537.36"
90.146.3.54 - - [06/Apr/2017:17:09:03 +0200] "GET /gui/javascript/form_form.js?1491491343 HTTP/1.1" 200 16206 "http://ed.activities.at/entry.php?id=10271&&ser=491283" "Mozilla/5.0 (Windows NT 10.0; WOW64) AppleWebKit/537.36 (KHTML, like Gecko) Chrome/57.0.2987.133 Safari/537.36"
95.143.230.128 - - [06/Apr/2017:17:09:41 +0200] "GET /entry.php?id=10271&&ser=491321 HTTP/1.1" 200 985 "http://ed.activities.at/entry.php?id=10271&&ser=491260" "Mozilla/5.0 (Windows NT 6.1; WOW64; rv:52.0) Gecko/20100101 Firefox/52.0"
95.143.230.128 - - [06/Apr/2017:17:09:42 +0200] "GET /gui/javascript/form_form.js?1491491381 HTTP/1.1" 200 16206 "http://ed.activities.at/entry.php?id=10271&&ser=491321" "Mozilla/5.0 (Windows NT 6.1; WOW64; rv:52.0) Gecko/20100101 Firefox/52.0"
212.108.43.59 - - [06/Apr/2017:17:10:03 +0200] "GET /entry.php?id=10271&&ser=491343 HTTP/1.1" 200 985 "http://ed.activities.at/entry.php?id=10271&&ser=491282" "Mozilla/5.0 (Windows NT 10.0; Win64; x64) AppleWebKit/537.36 (KHTML, like Gecko) Chrome/56.0.2924.87 Safari/537.36"
212.108.43.59 - - [06/Apr/2017:17:10:03 +0200] "GET /gui/javascript/form_form.js?1491491403 HTTP/1.1" 200 16206 "http://ed.activities.at/entry.php?id=10271&&ser=491343" "Mozilla/5.0 (Windows NT 10.0; Win64; x64) AppleWebKit/537.36 (KHTML, like Gecko) Chrome/56.0.2924.87 Safari/537.36"
90.146.3.54 - - [06/Apr/2017:17:10:04 +0200] "GET /entry.php?id=10271&&ser=491343 HTTP/1.1" 200 985 "http://ed.activities.at/entry.php?id=10271&&ser=491283" "Mozilla/5.0 (Windows NT 10.0; WOW64) AppleWebKit/537.36 (KHTML, like Gecko) Chrome/57.0.2987.133 Safari/537.36"
90.146.3.54 - - [06/Apr/2017:17:10:04 +0200] "GET /gui/javascript/form_form.js?1491491404 HTTP/1.1" 200 16206 "http://ed.activities.at/entry.php?id=10271&&ser=491343" "Mozilla/5.0 (Windows NT 10.0; WOW64) AppleWebKit/537.36 (KHTML, like Gecko) Chrome/57.0.2987.133 Safari/537.36"
95.143.230.128 - - [06/Apr/2017:17:10:42 +0200] "GET /entry.php?id=10271&&ser=491381 HTTP/1.1" 200 985 "http://ed.activities.at/entry.php?id=10271&&ser=491321" "Mozilla/5.0 (Windows NT 6.1; WOW64; rv:52.0) Gecko/20100101 Firefox/52.0"
95.143.230.128 - - [06/Apr/2017:17:10:42 +0200] "GET /gui/javascript/form_form.js?1491491442 HTTP/1.1" 200 16206 "http://ed.activities.at/entry.php?id=10271&&ser=491381" "Mozilla/5.0 (Windows NT 6.1; WOW64; rv:52.0) Gecko/20100101 Firefox/52.0"
90.146.3.54 - - [06/Apr/2017:17:11:04 +0200] "GET /entry.php?id=10271&&ser=491404 HTTP/1.1" 200 985 "http://ed.activities.at/entry.php?id=10271&&ser=491343" "Mozilla/5.0 (Windows NT 10.0; WOW64) AppleWebKit/537.36 (KHTML, like Gecko) Chrome/57.0.2987.133 Safari/537.36"
90.146.3.54 - - [06/Apr/2017:17:11:04 +0200] "GET /gui/javascript/form_form.js?1491491464 HTTP/1.1" 200 16206 "http://ed.activities.at/entry.php?id=10271&&ser=491404" "Mozilla/5.0 (Windows NT 10.0; WOW64) AppleWebKit/537.36 (KHTML, like Gecko) Chrome/57.0.2987.133 Safari/537.36"
212.108.43.59 - - [06/Apr/2017:17:11:12 +0200] "GET /entry.php?id=10271&&ser=491403 HTTP/1.1" 200 985 "http://ed.activities.at/entry.php?id=10271&&ser=491343" "Mozilla/5.0 (Windows NT 10.0; Win64; x64) AppleWebKit/537.36 (KHTML, like Gecko) Chrome/56.0.2924.87 Safari/537.36"
212.108.43.59 - - [06/Apr/2017:17:11:13 +0200] "GET /gui/javascript/form_form.js?1491491473 HTTP/1.1" 200 16206 "http://ed.activities.at/entry.php?id=10271&&ser=491403" "Mozilla/5.0 (Windows NT 10.0; Win64; x64) AppleWebKit/537.36 (KHTML, like Gecko) Chrome/56.0.2924.87 Safari/537.36"
95.143.230.128 - - [06/Apr/2017:17:11:20 +0200] "GET /entry.php?id=10287&login=1 HTTP/1.1" 200 1876 "http://ed.activities.at/entry.php?id=10273&" "Mozilla/5.0 (Windows NT 6.1; WOW64; rv:52.0) Gecko/20100101 Firefox/52.0"
95.143.230.128 - - [06/Apr/2017:17:11:20 +0200] "GET /gui/javascript/form_form.js?1491491480 HTTP/1.1" 200 16206 "http://ed.activities.at/entry.php?id=10287&login=1" "Mozilla/5.0 (Windows NT 6.1; WOW64; rv:52.0) Gecko/20100101 Firefox/52.0"
95.143.230.128 - - [06/Apr/2017:17:11:22 +0200] "POST /entry.php?id=10287& HTTP/1.1" 200 2428 "http://ed.activities.at/entry.php?id=10287&login=1" "Mozilla/5.0 (Windows NT 6.1; WOW64; rv:52.0) Gecko/20100101 Firefox/52.0"
95.143.230.128 - - [06/Apr/2017:17:11:23 +0200] "GET /gui/javascript/form_form.js?1491491483 HTTP/1.1" 200 16206 "http://ed.activities.at/entry.php?id=10287&" "Mozilla/5.0 (Windows NT 6.1; WOW64; rv:52.0) Gecko/20100101 Firefox/52.0"
95.143.230.128 - - [06/Apr/2017:17:11:23 +0200] "GET /entry.php?id=10270& HTTP/1.1" 200 907 "http://ed.activities.at/entry.php?id=10287&" "Mozilla/5.0 (Windows NT 6.1; WOW64; rv:52.0) Gecko/20100101 Firefox/52.0"
95.143.230.128 - - [06/Apr/2017:17:11:23 +0200] "GET /entry.php?id=10273& HTTP/1.1" 200 1900 "http://ed.activities.at/entry.php?id=10287&" "Mozilla/5.0 (Windows NT 6.1; WOW64; rv:52.0) Gecko/20100101 Firefox/52.0"
95.143.230.128 - - [06/Apr/2017:17:11:23 +0200] "GET /entry.php?id=10273&logout=true& HTTP/1.1" 200 1910 "http://ed.activities.at/entry.php?id=10287&" "Mozilla/5.0 (Windows NT 6.1; WOW64; rv:52.0) Gecko/20100101 Firefox/52.0"
90.146.3.54 - - [06/Apr/2017:17:12:05 +0200] "GET /entry.php?id=10271&&ser=491464 HTTP/1.1" 200 986 "http://ed.activities.at/entry.php?id=10271&&ser=491404" "Mozilla/5.0 (Windows NT 10.0; WOW64) AppleWebKit/537.36 (KHTML, like Gecko) Chrome/57.0.2987.133 Safari/537.36"
90.146.3.54 - - [06/Apr/2017:17:12:05 +0200] "GET /gui/javascript/form_form.js?1491491525 HTTP/1.1" 200 16206 "http://ed.activities.at/entry.php?id=10271&&ser=491464" "Mozilla/5.0 (Windows NT 10.0; WOW64) AppleWebKit/537.36 (KHTML, like Gecko) Chrome/57.0.2987.133 Safari/537.36"
212.108.43.59 - - [06/Apr/2017:17:12:13 +0200] "GET /entry.php?id=10271&&ser=491473 HTTP/1.1" 200 986 "http://ed.activities.at/entry.php?id=10271&&ser=491403" "Mozilla/5.0 (Windows NT 10.0; Win64; x64) AppleWebKit/537.36 (KHTML, like Gecko) Chrome/56.0.2924.87 Safari/537.36"
212.108.43.59 - - [06/Apr/2017:17:12:13 +0200] "GET /gui/javascript/form_form.js?1491491533 HTTP/1.1" 200 16206 "http://ed.activities.at/entry.php?id=10271&&ser=491473" "Mozilla/5.0 (Windows NT 10.0; Win64; x64) AppleWebKit/537.36 (KHTML, like Gecko) Chrome/56.0.2924.87 Safari/537.36"
90.146.3.54 - - [06/Apr/2017:17:13:05 +0200] "GET /entry.php?id=10271&&ser=491525 HTTP/1.1" 200 985 "http://ed.activities.at/entry.php?id=10271&&ser=491464" "Mozilla/5.0 (Windows NT 10.0; WOW64) AppleWebKit/537.36 (KHTML, like Gecko) Chrome/57.0.2987.133 Safari/537.36"
90.146.3.54 - - [06/Apr/2017:17:13:06 +0200] "GET /gui/javascript/form_form.js?1491491585 HTTP/1.1" 200 16206 "http://ed.activities.at/entry.php?id=10271&&ser=491525" "Mozilla/5.0 (Windows NT 10.0; WOW64) AppleWebKit/537.36 (KHTML, like Gecko) Chrome/57.0.2987.133 Safari/537.36"
212.108.43.59 - - [06/Apr/2017:17:13:13 +0200] "GET /entry.php?id=10271&&ser=491533 HTTP/1.1" 200 986 "http://ed.activities.at/entry.php?id=10271&&ser=491473" "Mozilla/5.0 (Windows NT 10.0; Win64; x64) AppleWebKit/537.36 (KHTML, like Gecko) Chrome/56.0.2924.87 Safari/537.36"
212.108.43.59 - - [06/Apr/2017:17:13:13 +0200] "GET /gui/javascript/form_form.js?1491491593 HTTP/1.1" 200 16206 "http://ed.activities.at/entry.php?id=10271&&ser=491533" "Mozilla/5.0 (Windows NT 10.0; Win64; x64) AppleWebKit/537.36 (KHTML, like Gecko) Chrome/56.0.2924.87 Safari/537.36"
90.146.3.54 - - [06/Apr/2017:17:14:06 +0200] "GET /entry.php?id=10271&&ser=491585 HTTP/1.1" 200 986 "http://ed.activities.at/entry.php?id=10271&&ser=491525" "Mozilla/5.0 (Windows NT 10.0; WOW64) AppleWebKit/537.36 (KHTML, like Gecko) Chrome/57.0.2987.133 Safari/537.36"
90.146.3.54 - - [06/Apr/2017:17:14:06 +0200] "GET /gui/javascript/form_form.js?1491491646 HTTP/1.1" 200 16206 "http://ed.activities.at/entry.php?id=10271&&ser=491585" "Mozilla/5.0 (Windows NT 10.0; WOW64) AppleWebKit/537.36 (KHTML, like Gecko) Chrome/57.0.2987.133 Safari/537.36"
212.108.43.59 - - [06/Apr/2017:17:14:13 +0200] "GET /entry.php?id=10271&&ser=491593 HTTP/1.1" 200 986 "http://ed.activities.at/entry.php?id=10271&&ser=491533" "Mozilla/5.0 (Windows NT 10.0; Win64; x64) AppleWebKit/537.36 (KHTML, like Gecko) Chrome/56.0.2924.87 Safari/537.36"
212.108.43.59 - - [06/Apr/2017:17:14:14 +0200] "GET /gui/javascript/form_form.js?1491491654 HTTP/1.1" 200 16206 "http://ed.activities.at/entry.php?id=10271&&ser=491593" "Mozilla/5.0 (Windows NT 10.0; Win64; x64) AppleWebKit/537.36 (KHTML, like Gecko) Chrome/56.0.2924.87 Safari/537.36"
