90.146.3.54 - - [06/Apr/2017:17:49:33 +0200] "GET /entry.php?id=10711&chooserview=PinEditimages&view=PinEditimages HTTP/1.1" 200 1719 "http://ed.activities.at/entry.php?id=11684" "Mozilla/5.0 (Windows NT 10.0; WOW64) AppleWebKit/537.36 (KHTML, like Gecko) Chrome/57.0.2987.133 Safari/537.36"
90.146.3.54 - - [06/Apr/2017:17:49:33 +0200] "GET /gui/javascript/form_form.js?1491493773 HTTP/1.1" 200 16206 "http://ed.activities.at/entry.php?id=10711&chooserview=PinEditimages&view=PinEditimages" "Mozilla/5.0 (Windows NT 10.0; WOW64) AppleWebKit/537.36 (KHTML, like Gecko) Chrome/57.0.2987.133 Safari/537.36"
90.146.3.54 - - [06/Apr/2017:17:49:34 +0200] "GET /entry.php?id=10676&title=Ressourcenverwaltung HTTP/1.1" 200 1394 "http://ed.activities.at/entry.php?id=10711&chooserview=PinEditimages&view=PinEditimages" "Mozilla/5.0 (Windows NT 10.0; WOW64) AppleWebKit/537.36 (KHTML, like Gecko) Chrome/57.0.2987.133 Safari/537.36"
90.146.3.54 - - [06/Apr/2017:17:49:34 +0200] "GET /gui/javascript/form_form.js?1491493774 HTTP/1.1" 200 16206 "http://ed.activities.at/entry.php?id=10676&title=Ressourcenverwaltung" "Mozilla/5.0 (Windows NT 10.0; WOW64) AppleWebKit/537.36 (KHTML, like Gecko) Chrome/57.0.2987.133 Safari/537.36"
90.146.3.54 - - [06/Apr/2017:17:49:34 +0200] "GET /entry.php?id=10703&&but=&object=&class=&tag=&value=&chooserview=PinEditimages&function=&setlist=&t_width=&t_height=&view=PinEditimages HTTP/1.1" 200 2541 "http://ed.activities.at/entry.php?id=10711&chooserview=PinEditimages&view=PinEditimages" "Mozilla/5.0 (Windows NT 10.0; WOW64) AppleWebKit/537.36 (KHTML, like Gecko) Chrome/57.0.2987.133 Safari/537.36"
90.146.3.54 - - [06/Apr/2017:17:49:34 +0200] "GET /entry.php?id=10704&&but=&object=&class=&tag=&value=&chooserview=PinEditimages&function=&setlist=&t_width=&t_height=&view=PinEditimages HTTP/1.1" 200 2979 "http://ed.activities.at/entry.php?id=10711&chooserview=PinEditimages&view=PinEditimages" "Mozilla/5.0 (Windows NT 10.0; WOW64) AppleWebKit/537.36 (KHTML, like Gecko) Chrome/57.0.2987.133 Safari/537.36"
90.146.3.54 - - [06/Apr/2017:17:49:34 +0200] "GET /entry.php?id=10776&form=10547&name=list& HTTP/1.1" 200 1290 "http://ed.activities.at/entry.php?id=10703&&but=&object=&class=&tag=&value=&chooserview=PinEditimages&function=&setlist=&t_width=&t_height=&view=PinEditimages" "Mozilla/5.0 (Windows NT 10.0; WOW64) AppleWebKit/537.36 (KHTML, like Gecko) Chrome/57.0.2987.133 Safari/537.36"
90.146.3.54 - - [06/Apr/2017:17:49:34 +0200] "GET /entry.php?id=10778&form=10547&name=list& HTTP/1.1" 200 3000 "http://ed.activities.at/entry.php?id=10703&&but=&object=&class=&tag=&value=&chooserview=PinEditimages&function=&setlist=&t_width=&t_height=&view=PinEditimages" "Mozilla/5.0 (Windows NT 10.0; WOW64) AppleWebKit/537.36 (KHTML, like Gecko) Chrome/57.0.2987.133 Safari/537.36"
90.146.3.54 - - [06/Apr/2017:17:49:34 +0200] "GET /entry.php?id=10776&form=10549&name=list& HTTP/1.1" 200 1608 "http://ed.activities.at/entry.php?id=10704&&but=&object=&class=&tag=&value=&chooserview=PinEditimages&function=&setlist=&t_width=&t_height=&view=PinEditimages" "Mozilla/5.0 (Windows NT 10.0; WOW64) AppleWebKit/537.36 (KHTML, like Gecko) Chrome/57.0.2987.133 Safari/537.36"
90.146.3.54 - - [06/Apr/2017:17:49:34 +0200] "GET /entry.php?id=10778&form=10549&name=list& HTTP/1.1" 200 7837 "http://ed.activities.at/entry.php?id=10704&&but=&object=&class=&tag=&value=&chooserview=PinEditimages&function=&setlist=&t_width=&t_height=&view=PinEditimages" "Mozilla/5.0 (Windows NT 10.0; WOW64) AppleWebKit/537.36 (KHTML, like Gecko) Chrome/57.0.2987.133 Safari/537.36"
90.146.3.54 - - [06/Apr/2017:17:49:34 +0200] "GET /entry.php?id=10777&form=10549&name=list& HTTP/1.1" 200 1340 "http://ed.activities.at/entry.php?id=10704&&but=&object=&class=&tag=&value=&chooserview=PinEditimages&function=&setlist=&t_width=&t_height=&view=PinEditimages" "Mozilla/5.0 (Windows NT 10.0; WOW64) AppleWebKit/537.36 (KHTML, like Gecko) Chrome/57.0.2987.133 Safari/537.36"
90.146.3.54 - - [06/Apr/2017:17:49:35 +0200] "GET /cache/emu/images/easy-drivers-steyr10287772/bildwebedanschnittr830x300px3png_16_6_0.png HTTP/1.1" 200 434 "http://ed.activities.at/entry.php?id=10778&form=10549&name=list&" "Mozilla/5.0 (Windows NT 10.0; WOW64) AppleWebKit/537.36 (KHTML, like Gecko) Chrome/57.0.2987.133 Safari/537.36"
90.146.3.54 - - [06/Apr/2017:17:49:35 +0200] "GET /cache/emu/images/easy-drivers-steyr10287810/bildwebedanschnittl830x300px8png_16_6_0.png HTTP/1.1" 304 - "http://ed.activities.at/entry.php?id=10778&form=10549&name=list&" "Mozilla/5.0 (Windows NT 10.0; WOW64) AppleWebKit/537.36 (KHTML, like Gecko) Chrome/57.0.2987.133 Safari/537.36"
90.146.3.54 - - [06/Apr/2017:17:49:35 +0200] "GET /cache/emu/images/easy-drivers-steyr10244091/ed-autojeepjpg_16_11_0.jpg HTTP/1.1" 200 795 "http://ed.activities.at/entry.php?id=10778&form=10549&name=list&" "Mozilla/5.0 (Windows NT 10.0; WOW64) AppleWebKit/537.36 (KHTML, like Gecko) Chrome/57.0.2987.133 Safari/537.36"
90.146.3.54 - - [06/Apr/2017:17:49:35 +0200] "GET /cache/emu/images/easy-drivers-steyr10287971/dare2b-logo-blackjpg_16_5_0.jpg HTTP/1.1" 200 738 "http://ed.activities.at/entry.php?id=10778&form=10549&name=list&" "Mozilla/5.0 (Windows NT 10.0; WOW64) AppleWebKit/537.36 (KHTML, like Gecko) Chrome/57.0.2987.133 Safari/537.36"
90.146.3.54 - - [06/Apr/2017:17:49:35 +0200] "GET /cache/emu/images/easy-drivers-steyr10244088/ed-autoaudijpg_16_11_0.jpg HTTP/1.1" 200 795 "http://ed.activities.at/entry.php?id=10778&form=10549&name=list&" "Mozilla/5.0 (Windows NT 10.0; WOW64) AppleWebKit/537.36 (KHTML, like Gecko) Chrome/57.0.2987.133 Safari/537.36"
90.146.3.54 - - [06/Apr/2017:17:49:35 +0200] "GET /cache/emu/images/easy-drivers-steyr10255541/easy-1jpg_16_12_0.jpg HTTP/1.1" 200 747 "http://ed.activities.at/entry.php?id=10778&form=10549&name=list&" "Mozilla/5.0 (Windows NT 10.0; WOW64) AppleWebKit/537.36 (KHTML, like Gecko) Chrome/57.0.2987.133 Safari/537.36"
90.146.3.54 - - [06/Apr/2017:17:49:35 +0200] "GET /cache/emu/images/easy-drivers-steyr10287773/bildwebedanschnittr830x300px4png_16_6_0.png HTTP/1.1" 304 - "http://ed.activities.at/entry.php?id=10778&form=10549&name=list&" "Mozilla/5.0 (Windows NT 10.0; WOW64) AppleWebKit/537.36 (KHTML, like Gecko) Chrome/57.0.2987.133 Safari/537.36"
90.146.3.54 - - [06/Apr/2017:17:49:35 +0200] "GET /cache/emu/images/easy-drivers-steyr10263599/coachingjpg_16_11_0.jpg HTTP/1.1" 200 777 "http://ed.activities.at/entry.php?id=10778&form=10549&name=list&" "Mozilla/5.0 (Windows NT 10.0; WOW64) AppleWebKit/537.36 (KHTML, like Gecko) Chrome/57.0.2987.133 Safari/537.36"
90.146.3.54 - - [06/Apr/2017:17:49:35 +0200] "GET /cache/emu/images/easy-drivers-steyr10244086/ed-audicabriojpg_16_11_0.jpg HTTP/1.1" 200 790 "http://ed.activities.at/entry.php?id=10778&form=10549&name=list&" "Mozilla/5.0 (Windows NT 10.0; WOW64) AppleWebKit/537.36 (KHTML, like Gecko) Chrome/57.0.2987.133 Safari/537.36"
90.146.3.54 - - [06/Apr/2017:17:49:36 +0200] "GET /cache/emu/images/easy-drivers-steyr10287969/auvalogosponsorlogojpg_16_8_0.jpg HTTP/1.1" 304 - "http://ed.activities.at/entry.php?id=10778&form=10549&name=list&" "Mozilla/5.0 (Windows NT 10.0; WOW64) AppleWebKit/537.36 (KHTML, like Gecko) Chrome/57.0.2987.133 Safari/537.36"
90.146.3.54 - - [06/Apr/2017:17:49:36 +0200] "GET /cache/emu/images/easy-drivers-steyr10250836/be-gespannjpg_16_12_0.jpg HTTP/1.1" 200 757 "http://ed.activities.at/entry.php?id=10778&form=10549&name=list&" "Mozilla/5.0 (Windows NT 10.0; WOW64) AppleWebKit/537.36 (KHTML, like Gecko) Chrome/57.0.2987.133 Safari/537.36"
90.146.3.54 - - [06/Apr/2017:17:49:36 +0200] "GET /cache/emu/images/easy-drivers-steyr10287970/bildungintegrjpg_16_8_0.jpg HTTP/1.1" 304 - "http://ed.activities.at/entry.php?id=10778&form=10549&name=list&" "Mozilla/5.0 (Windows NT 10.0; WOW64) AppleWebKit/537.36 (KHTML, like Gecko) Chrome/57.0.2987.133 Safari/537.36"
90.146.3.54 - - [06/Apr/2017:17:49:36 +0200] "GET /cache/emu/images/easy-drivers-steyr10287770/bildwebedanschnittl830x300px4png_16_6_0.png HTTP/1.1" 304 - "http://ed.activities.at/entry.php?id=10778&form=10549&name=list&" "Mozilla/5.0 (Windows NT 10.0; WOW64) AppleWebKit/537.36 (KHTML, like Gecko) Chrome/57.0.2987.133 Safari/537.36"
90.146.3.54 - - [06/Apr/2017:17:49:36 +0200] "GET /cache/emu/images/easy-drivers-steyr10287771/bildwebedanschnittl830x300px5png_16_6_0.png HTTP/1.1" 304 - "http://ed.activities.at/entry.php?id=10778&form=10549&name=list&" "Mozilla/5.0 (Windows NT 10.0; WOW64) AppleWebKit/537.36 (KHTML, like Gecko) Chrome/57.0.2987.133 Safari/537.36"
90.146.3.54 - - [06/Apr/2017:17:49:36 +0200] "GET /cache/emu/images/easy-drivers-steyr10287809/bildwebedanschnittl830x300px6png_16_6_0.png HTTP/1.1" 304 - "http://ed.activities.at/entry.php?id=10778&form=10549&name=list&" "Mozilla/5.0 (Windows NT 10.0; WOW64) AppleWebKit/537.36 (KHTML, like Gecko) Chrome/57.0.2987.133 Safari/537.36"
90.146.3.54 - - [06/Apr/2017:17:49:36 +0200] "GET /cache/emu/images/easy-drivers-steyr10244092/ed-automercedesjpg_16_11_0.jpg HTTP/1.1" 200 791 "http://ed.activities.at/entry.php?id=10778&form=10549&name=list&" "Mozilla/5.0 (Windows NT 10.0; WOW64) AppleWebKit/537.36 (KHTML, like Gecko) Chrome/57.0.2987.133 Safari/537.36"
90.146.3.54 - - [06/Apr/2017:17:49:36 +0200] "GET /cache/emu/images/easy-drivers-steyr10244093/ed-flottejpg_16_9_0.jpg HTTP/1.1" 200 754 "http://ed.activities.at/entry.php?id=10778&form=10549&name=list&" "Mozilla/5.0 (Windows NT 10.0; WOW64) AppleWebKit/537.36 (KHTML, like Gecko) Chrome/57.0.2987.133 Safari/537.36"
90.146.3.54 - - [06/Apr/2017:17:49:36 +0200] "GET /cache/emu/images/easy-drivers-steyr10244087/ed-auto-vwjpg_16_11_0.jpg HTTP/1.1" 200 796 "http://ed.activities.at/entry.php?id=10778&form=10549&name=list&" "Mozilla/5.0 (Windows NT 10.0; WOW64) AppleWebKit/537.36 (KHTML, like Gecko) Chrome/57.0.2987.133 Safari/537.36"
90.146.3.54 - - [06/Apr/2017:17:49:36 +0200] "GET /cache/emu/images/easy-drivers-steyr10244094/ed-logodetailjpg_16_11_0.jpg HTTP/1.1" 200 796 "http://ed.activities.at/entry.php?id=10778&form=10549&name=list&" "Mozilla/5.0 (Windows NT 10.0; WOW64) AppleWebKit/537.36 (KHTML, like Gecko) Chrome/57.0.2987.133 Safari/537.36"
90.146.3.54 - - [06/Apr/2017:17:49:36 +0200] "GET /cache/emu/images/easy-drivers-steyr10287972/edlogogpprofilbildpng_16_16_0.png HTTP/1.1" 304 - "http://ed.activities.at/entry.php?id=10778&form=10549&name=list&" "Mozilla/5.0 (Windows NT 10.0; WOW64) AppleWebKit/537.36 (KHTML, like Gecko) Chrome/57.0.2987.133 Safari/537.36"
90.146.3.54 - - [06/Apr/2017:17:49:36 +0200] "GET /cache/emu/images/easy-drivers-steyr10250339/emiljpg_14_16_0.jpg HTTP/1.1" 200 808 "http://ed.activities.at/entry.php?id=10778&form=10549&name=list&" "Mozilla/5.0 (Windows NT 10.0; WOW64) AppleWebKit/537.36 (KHTML, like Gecko) Chrome/57.0.2987.133 Safari/537.36"
90.146.3.54 - - [06/Apr/2017:17:49:36 +0200] "GET /cache/emu/images/easy-drivers-steyr10263380/elchjpg_16_16_0.jpg HTTP/1.1" 200 787 "http://ed.activities.at/entry.php?id=10778&form=10549&name=list&" "Mozilla/5.0 (Windows NT 10.0; WOW64) AppleWebKit/537.36 (KHTML, like Gecko) Chrome/57.0.2987.133 Safari/537.36"
90.146.3.54 - - [06/Apr/2017:17:49:36 +0200] "GET /cache/emu/images/easy-drivers-steyr10287973/grosseschuetzenkleinejpg_16_8_0.jpg HTTP/1.1" 200 776 "http://ed.activities.at/entry.php?id=10778&form=10549&name=list&" "Mozilla/5.0 (Windows NT 10.0; WOW64) AppleWebKit/537.36 (KHTML, like Gecko) Chrome/57.0.2987.133 Safari/537.36"
90.146.3.54 - - [06/Apr/2017:17:49:36 +0200] "GET /cache/emu/images/easy-drivers-steyr10288789/i3_16_11_0.jpg HTTP/1.1" 304 - "http://ed.activities.at/entry.php?id=10778&form=10549&name=list&" "Mozilla/5.0 (Windows NT 10.0; WOW64) AppleWebKit/537.36 (KHTML, like Gecko) Chrome/57.0.2987.133 Safari/537.36"
90.146.3.54 - - [06/Apr/2017:17:49:36 +0200] "GET /cache/emu/images/easy-drivers-steyr10244068/jetztanmeldenjpg_16_9_0.jpg HTTP/1.1" 200 772 "http://ed.activities.at/entry.php?id=10778&form=10549&name=list&" "Mozilla/5.0 (Windows NT 10.0; WOW64) AppleWebKit/537.36 (KHTML, like Gecko) Chrome/57.0.2987.133 Safari/537.36"
90.146.3.54 - - [06/Apr/2017:17:49:36 +0200] "GET /cache/emu/images/easy-drivers-steyr10280554/i-3_16_11_0.jpg HTTP/1.1" 200 782 "http://ed.activities.at/entry.php?id=10778&form=10549&name=list&" "Mozilla/5.0 (Windows NT 10.0; WOW64) AppleWebKit/537.36 (KHTML, like Gecko) Chrome/57.0.2987.133 Safari/537.36"
90.146.3.54 - - [06/Apr/2017:17:49:36 +0200] "GET /cache/emu/images/easy-drivers-steyr10251249/k-f-gespannjpg_16_9_0.jpg HTTP/1.1" 200 753 "http://ed.activities.at/entry.php?id=10778&form=10549&name=list&" "Mozilla/5.0 (Windows NT 10.0; WOW64) AppleWebKit/537.36 (KHTML, like Gecko) Chrome/57.0.2987.133 Safari/537.36"
90.146.3.54 - - [06/Apr/2017:17:49:36 +0200] "GET /cache/emu/images/easy-drivers-steyr10287974/kfvgif_16_7_0.gif HTTP/1.1" 200 314 "http://ed.activities.at/entry.php?id=10778&form=10549&name=list&" "Mozilla/5.0 (Windows NT 10.0; WOW64) AppleWebKit/537.36 (KHTML, like Gecko) Chrome/57.0.2987.133 Safari/537.36"
90.146.3.54 - - [06/Apr/2017:17:49:36 +0200] "GET /cache/emu/images/easy-drivers-steyr10254006/klimaaktivlogomobilfahrschulejpg_16_7_0.jpg HTTP/1.1" 200 742 "http://ed.activities.at/entry.php?id=10778&form=10549&name=list&" "Mozilla/5.0 (Windows NT 10.0; WOW64) AppleWebKit/537.36 (KHTML, like Gecko) Chrome/57.0.2987.133 Safari/537.36"
90.146.3.54 - - [06/Apr/2017:17:49:36 +0200] "GET /cache/emu/images/easy-drivers-steyr10287966/klimaaktivlogopartnerjpg_16_7_0.jpg HTTP/1.1" 304 - "http://ed.activities.at/entry.php?id=10778&form=10549&name=list&" "Mozilla/5.0 (Windows NT 10.0; WOW64) AppleWebKit/537.36 (KHTML, like Gecko) Chrome/57.0.2987.133 Safari/537.36"
90.146.3.54 - - [06/Apr/2017:17:49:36 +0200] "GET /cache/emu/images/easy-drivers-steyr10252945/k-osternjpg_16_13_0.jpg HTTP/1.1" 200 816 "http://ed.activities.at/entry.php?id=10778&form=10549&name=list&" "Mozilla/5.0 (Windows NT 10.0; WOW64) AppleWebKit/537.36 (KHTML, like Gecko) Chrome/57.0.2987.133 Safari/537.36"
90.146.3.54 - - [06/Apr/2017:17:49:40 +0200] "GET /entry.php?id=10271&&ser=493715 HTTP/1.1" 200 986 "http://ed.activities.at/entry.php?id=10271&&ser=493655" "Mozilla/5.0 (Windows NT 10.0; WOW64) AppleWebKit/537.36 (KHTML, like Gecko) Chrome/57.0.2987.133 Safari/537.36"
90.146.3.54 - - [06/Apr/2017:17:49:40 +0200] "GET /gui/javascript/form_form.js?1491493780 HTTP/1.1" 200 16206 "http://ed.activities.at/entry.php?id=10271&&ser=493715" "Mozilla/5.0 (Windows NT 10.0; WOW64) AppleWebKit/537.36 (KHTML, like Gecko) Chrome/57.0.2987.133 Safari/537.36"
90.146.3.54 - - [06/Apr/2017:17:49:41 +0200] "GET /entry.php?id=11150&object=10280554 HTTP/1.1" 200 2215 "http://ed.activities.at/entry.php?id=10704&&but=&object=&class=&tag=&value=&chooserview=PinEditimages&function=&setlist=&t_width=&t_height=&view=PinEditimages" "Mozilla/5.0 (Windows NT 10.0; WOW64) AppleWebKit/537.36 (KHTML, like Gecko) Chrome/57.0.2987.133 Safari/537.36"
90.146.3.54 - - [06/Apr/2017:17:49:44 +0200] "GET /cache/emu/images/easy-drivers-steyr10280554/i-3_200_133_0.jpg HTTP/1.1" 200 7754 "http://ed.activities.at/entry.php?id=11150&object=10280554" "Mozilla/5.0 (Windows NT 10.0; WOW64) AppleWebKit/537.36 (KHTML, like Gecko) Chrome/57.0.2987.133 Safari/537.36"
90.146.3.54 - - [06/Apr/2017:17:49:44 +0200] "GET /gui/javascript/form_form.js?1491493784 HTTP/1.1" 200 16206 "http://ed.activities.at/entry.php?id=11150&object=10280554" "Mozilla/5.0 (Windows NT 10.0; WOW64) AppleWebKit/537.36 (KHTML, like Gecko) Chrome/57.0.2987.133 Safari/537.36"
90.146.3.54 - - [06/Apr/2017:17:49:53 +0200] "GET /entry.php?id=11149&object=10280554 HTTP/1.1" 200 20 "http://ed.activities.at/entry.php?id=11150&object=10280554" "Mozilla/5.0 (Windows NT 10.0; WOW64) AppleWebKit/537.36 (KHTML, like Gecko) Chrome/57.0.2987.133 Safari/537.36"
90.146.3.54 - - [06/Apr/2017:17:50:13 +0200] "POST /entry.php?id=10704 HTTP/1.1" 200 3071 "http://ed.activities.at/entry.php?id=10704&&but=&object=&class=&tag=&value=&chooserview=PinEditimages&function=&setlist=&t_width=&t_height=&view=PinEditimages" "Mozilla/5.0 (Windows NT 10.0; WOW64) AppleWebKit/537.36 (KHTML, like Gecko) Chrome/57.0.2987.133 Safari/537.36"
90.146.3.54 - - [06/Apr/2017:17:50:13 +0200] "GET /gui/javascript/form_form.js?1491493813 HTTP/1.1" 200 16206 "http://ed.activities.at/entry.php?id=10704" "Mozilla/5.0 (Windows NT 10.0; WOW64) AppleWebKit/537.36 (KHTML, like Gecko) Chrome/57.0.2987.133 Safari/537.36"
90.146.3.54 - - [06/Apr/2017:17:50:14 +0200] "GET /binaries/easy-drivers-steyr/i-3.jpg HTTP/1.1" 200 4974408 "http://ed.activities.at/entry.php?id=11684" "Mozilla/5.0 (Windows NT 10.0; WOW64) AppleWebKit/537.36 (KHTML, like Gecko) Chrome/57.0.2987.133 Safari/537.36"
212.108.43.59 - - [06/Apr/2017:17:50:26 +0200] "GET /entry.php?id=10271&&ser=493765 HTTP/1.1" 200 986 "http://ed.activities.at/entry.php?id=10271&&ser=493705" "Mozilla/5.0 (Windows NT 10.0; Win64; x64) AppleWebKit/537.36 (KHTML, like Gecko) Chrome/56.0.2924.87 Safari/537.36"
212.108.43.59 - - [06/Apr/2017:17:50:26 +0200] "GET /gui/javascript/form_form.js?1491493826 HTTP/1.1" 200 16206 "http://ed.activities.at/entry.php?id=10271&&ser=493765" "Mozilla/5.0 (Windows NT 10.0; Win64; x64) AppleWebKit/537.36 (KHTML, like Gecko) Chrome/56.0.2924.87 Safari/537.36"
90.146.3.54 - - [06/Apr/2017:17:50:40 +0200] "GET /entry.php?id=10271&&ser=493780 HTTP/1.1" 200 986 "http://ed.activities.at/entry.php?id=10271&&ser=493715" "Mozilla/5.0 (Windows NT 10.0; WOW64) AppleWebKit/537.36 (KHTML, like Gecko) Chrome/57.0.2987.133 Safari/537.36"
90.146.3.54 - - [06/Apr/2017:17:50:41 +0200] "GET /gui/javascript/form_form.js?1491493841 HTTP/1.1" 200 16206 "http://ed.activities.at/entry.php?id=10271&&ser=493780" "Mozilla/5.0 (Windows NT 10.0; WOW64) AppleWebKit/537.36 (KHTML, like Gecko) Chrome/57.0.2987.133 Safari/537.36"
212.108.43.59 - - [06/Apr/2017:17:51:26 +0200] "GET /entry.php?id=10271&&ser=493826 HTTP/1.1" 200 986 "http://ed.activities.at/entry.php?id=10271&&ser=493765" "Mozilla/5.0 (Windows NT 10.0; Win64; x64) AppleWebKit/537.36 (KHTML, like Gecko) Chrome/56.0.2924.87 Safari/537.36"
212.108.43.59 - - [06/Apr/2017:17:51:26 +0200] "GET /gui/javascript/form_form.js?1491493886 HTTP/1.1" 200 16206 "http://ed.activities.at/entry.php?id=10271&&ser=493826" "Mozilla/5.0 (Windows NT 10.0; Win64; x64) AppleWebKit/537.36 (KHTML, like Gecko) Chrome/56.0.2924.87 Safari/537.36"
90.146.3.54 - - [06/Apr/2017:17:51:41 +0200] "GET /entry.php?id=10271&&ser=493841 HTTP/1.1" 200 985 "http://ed.activities.at/entry.php?id=10271&&ser=493780" "Mozilla/5.0 (Windows NT 10.0; WOW64) AppleWebKit/537.36 (KHTML, like Gecko) Chrome/57.0.2987.133 Safari/537.36"
90.146.3.54 - - [06/Apr/2017:17:51:41 +0200] "GET /gui/javascript/form_form.js?1491493901 HTTP/1.1" 200 16206 "http://ed.activities.at/entry.php?id=10271&&ser=493841" "Mozilla/5.0 (Windows NT 10.0; WOW64) AppleWebKit/537.36 (KHTML, like Gecko) Chrome/57.0.2987.133 Safari/537.36"
90.146.3.54 - - [06/Apr/2017:17:51:49 +0200] "POST /entry.php?id=11684 HTTP/1.1" 200 4076 "http://ed.activities.at/entry.php?id=11684" "Mozilla/5.0 (Windows NT 10.0; WOW64) AppleWebKit/537.36 (KHTML, like Gecko) Chrome/57.0.2987.133 Safari/537.36"
90.146.3.54 - - [06/Apr/2017:17:51:50 +0200] "GET /gui/javascript/form_form.js?1491493909 HTTP/1.1" 200 16206 "http://ed.activities.at/entry.php?id=11684" "Mozilla/5.0 (Windows NT 10.0; WOW64) AppleWebKit/537.36 (KHTML, like Gecko) Chrome/57.0.2987.133 Safari/537.36"
90.146.3.54 - - [06/Apr/2017:17:51:50 +0200] "GET /framework/webfx/javascript/tinymce/skins/lightgray/content.min.css HTTP/1.1" 404 327 "http://ed.activities.at/entry.php?id=11684" "Mozilla/5.0 (Windows NT 10.0; WOW64) AppleWebKit/537.36 (KHTML, like Gecko) Chrome/57.0.2987.133 Safari/537.36"
212.108.43.59 - - [06/Apr/2017:17:52:26 +0200] "GET /entry.php?id=10271&&ser=493886 HTTP/1.1" 200 986 "http://ed.activities.at/entry.php?id=10271&&ser=493826" "Mozilla/5.0 (Windows NT 10.0; Win64; x64) AppleWebKit/537.36 (KHTML, like Gecko) Chrome/56.0.2924.87 Safari/537.36"
212.108.43.59 - - [06/Apr/2017:17:52:27 +0200] "GET /gui/javascript/form_form.js?1491493947 HTTP/1.1" 200 16206 "http://ed.activities.at/entry.php?id=10271&&ser=493886" "Mozilla/5.0 (Windows NT 10.0; Win64; x64) AppleWebKit/537.36 (KHTML, like Gecko) Chrome/56.0.2924.87 Safari/537.36"
90.146.3.54 - - [06/Apr/2017:17:52:42 +0200] "GET /entry.php?id=10271&&ser=493901 HTTP/1.1" 200 986 "http://ed.activities.at/entry.php?id=10271&&ser=493841" "Mozilla/5.0 (Windows NT 10.0; WOW64) AppleWebKit/537.36 (KHTML, like Gecko) Chrome/57.0.2987.133 Safari/537.36"
90.146.3.54 - - [06/Apr/2017:17:52:42 +0200] "GET /gui/javascript/form_form.js?1491493962 HTTP/1.1" 200 16206 "http://ed.activities.at/entry.php?id=10271&&ser=493901" "Mozilla/5.0 (Windows NT 10.0; WOW64) AppleWebKit/537.36 (KHTML, like Gecko) Chrome/57.0.2987.133 Safari/537.36"
212.108.43.59 - - [06/Apr/2017:17:53:27 +0200] "GET /entry.php?id=10271&&ser=493947 HTTP/1.1" 200 986 "http://ed.activities.at/entry.php?id=10271&&ser=493886" "Mozilla/5.0 (Windows NT 10.0; Win64; x64) AppleWebKit/537.36 (KHTML, like Gecko) Chrome/56.0.2924.87 Safari/537.36"
212.108.43.59 - - [06/Apr/2017:17:53:27 +0200] "GET /gui/javascript/form_form.js?1491494007 HTTP/1.1" 200 16206 "http://ed.activities.at/entry.php?id=10271&&ser=493947" "Mozilla/5.0 (Windows NT 10.0; Win64; x64) AppleWebKit/537.36 (KHTML, like Gecko) Chrome/56.0.2924.87 Safari/537.36"
90.146.3.54 - - [06/Apr/2017:17:53:42 +0200] "GET /entry.php?id=10271&&ser=493962 HTTP/1.1" 200 986 "http://ed.activities.at/entry.php?id=10271&&ser=493901" "Mozilla/5.0 (Windows NT 10.0; WOW64) AppleWebKit/537.36 (KHTML, like Gecko) Chrome/57.0.2987.133 Safari/537.36"
90.146.3.54 - - [06/Apr/2017:17:53:42 +0200] "GET /gui/javascript/form_form.js?1491494022 HTTP/1.1" 200 16206 "http://ed.activities.at/entry.php?id=10271&&ser=493962" "Mozilla/5.0 (Windows NT 10.0; WOW64) AppleWebKit/537.36 (KHTML, like Gecko) Chrome/57.0.2987.133 Safari/537.36"
90.146.3.54 - - [06/Apr/2017:17:53:56 +0200] "POST /entry.php?id=11684 HTTP/1.1" 200 4112 "http://ed.activities.at/entry.php?id=11684" "Mozilla/5.0 (Windows NT 10.0; WOW64) AppleWebKit/537.36 (KHTML, like Gecko) Chrome/57.0.2987.133 Safari/537.36"
90.146.3.54 - - [06/Apr/2017:17:53:57 +0200] "GET /gui/javascript/form_form.js?1491494037 HTTP/1.1" 200 16206 "http://ed.activities.at/entry.php?id=11684" "Mozilla/5.0 (Windows NT 10.0; WOW64) AppleWebKit/537.36 (KHTML, like Gecko) Chrome/57.0.2987.133 Safari/537.36"
90.146.3.54 - - [06/Apr/2017:17:53:57 +0200] "GET /framework/webfx/javascript/tinymce/skins/lightgray/content.min.css HTTP/1.1" 404 327 "http://ed.activities.at/entry.php?id=11684" "Mozilla/5.0 (Windows NT 10.0; WOW64) AppleWebKit/537.36 (KHTML, like Gecko) Chrome/57.0.2987.133 Safari/537.36"
212.108.43.59 - - [06/Apr/2017:17:54:27 +0200] "GET /entry.php?id=10271&&ser=494007 HTTP/1.1" 200 986 "http://ed.activities.at/entry.php?id=10271&&ser=493947" "Mozilla/5.0 (Windows NT 10.0; Win64; x64) AppleWebKit/537.36 (KHTML, like Gecko) Chrome/56.0.2924.87 Safari/537.36"
212.108.43.59 - - [06/Apr/2017:17:54:27 +0200] "GET /gui/javascript/form_form.js?1491494067 HTTP/1.1" 200 16206 "http://ed.activities.at/entry.php?id=10271&&ser=494007" "Mozilla/5.0 (Windows NT 10.0; Win64; x64) AppleWebKit/537.36 (KHTML, like Gecko) Chrome/56.0.2924.87 Safari/537.36"
90.146.3.54 - - [06/Apr/2017:17:54:35 +0200] "POST /entry.php?id=11684 HTTP/1.1" 200 3768 "http://ed.activities.at/entry.php?id=11684" "Mozilla/5.0 (Windows NT 10.0; WOW64) AppleWebKit/537.36 (KHTML, like Gecko) Chrome/57.0.2987.133 Safari/537.36"
90.146.3.54 - - [06/Apr/2017:17:54:36 +0200] "GET /gui/javascript/form_form.js?1491494076 HTTP/1.1" 200 16206 "http://ed.activities.at/entry.php?id=11684" "Mozilla/5.0 (Windows NT 10.0; WOW64) AppleWebKit/537.36 (KHTML, like Gecko) Chrome/57.0.2987.133 Safari/537.36"
90.146.3.54 - - [06/Apr/2017:17:54:36 +0200] "GET /framework/webfx/javascript/tinymce/skins/lightgray/content.min.css HTTP/1.1" 404 327 "http://ed.activities.at/entry.php?id=11684" "Mozilla/5.0 (Windows NT 10.0; WOW64) AppleWebKit/537.36 (KHTML, like Gecko) Chrome/57.0.2987.133 Safari/537.36"
90.146.3.54 - - [06/Apr/2017:17:54:38 +0200] "POST /entry.php?id=11684 HTTP/1.1" 200 3104 "http://ed.activities.at/entry.php?id=11684" "Mozilla/5.0 (Windows NT 10.0; WOW64) AppleWebKit/537.36 (KHTML, like Gecko) Chrome/57.0.2987.133 Safari/537.36"
90.146.3.54 - - [06/Apr/2017:17:54:39 +0200] "GET /gui/javascript/form_form.js?1491494079 HTTP/1.1" 200 16206 "http://ed.activities.at/entry.php?id=11684" "Mozilla/5.0 (Windows NT 10.0; WOW64) AppleWebKit/537.36 (KHTML, like Gecko) Chrome/57.0.2987.133 Safari/537.36"
90.146.3.54 - - [06/Apr/2017:17:54:39 +0200] "GET /entry.php?id=10776&form=11506&name=image_list& HTTP/1.1" 200 1531 "http://ed.activities.at/entry.php?id=11684" "Mozilla/5.0 (Windows NT 10.0; WOW64) AppleWebKit/537.36 (KHTML, like Gecko) Chrome/57.0.2987.133 Safari/537.36"
90.146.3.54 - - [06/Apr/2017:17:54:39 +0200] "GET /entry.php?id=10778&form=11506&name=image_list& HTTP/1.1" 200 3003 "http://ed.activities.at/entry.php?id=11684" "Mozilla/5.0 (Windows NT 10.0; WOW64) AppleWebKit/537.36 (KHTML, like Gecko) Chrome/57.0.2987.133 Safari/537.36"
90.146.3.54 - - [06/Apr/2017:17:54:39 +0200] "GET /cache/emu/images/easy-drivers-steyr10288789/i3_16_11_0.jpg HTTP/1.1" 304 - "http://ed.activities.at/entry.php?id=10778&form=11506&name=image_list&" "Mozilla/5.0 (Windows NT 10.0; WOW64) AppleWebKit/537.36 (KHTML, like Gecko) Chrome/57.0.2987.133 Safari/537.36"
90.146.3.54 - - [06/Apr/2017:17:54:42 +0200] "GET /entry.php?id=10711&object=10250549&chooserview=contetimages&view=contetimages HTTP/1.1" 200 1722 "http://ed.activities.at/entry.php?id=11684" "Mozilla/5.0 (Windows NT 10.0; WOW64) AppleWebKit/537.36 (KHTML, like Gecko) Chrome/57.0.2987.133 Safari/537.36"
90.146.3.54 - - [06/Apr/2017:17:54:43 +0200] "GET /gui/javascript/form_form.js?1491494083 HTTP/1.1" 200 16206 "http://ed.activities.at/entry.php?id=10711&object=10250549&chooserview=contetimages&view=contetimages" "Mozilla/5.0 (Windows NT 10.0; WOW64) AppleWebKit/537.36 (KHTML, like Gecko) Chrome/57.0.2987.133 Safari/537.36"
90.146.3.54 - - [06/Apr/2017:17:54:43 +0200] "GET /entry.php?id=10271&&ser=494022 HTTP/1.1" 200 986 "http://ed.activities.at/entry.php?id=10271&&ser=493962" "Mozilla/5.0 (Windows NT 10.0; WOW64) AppleWebKit/537.36 (KHTML, like Gecko) Chrome/57.0.2987.133 Safari/537.36"
90.146.3.54 - - [06/Apr/2017:17:54:43 +0200] "GET /entry.php?id=10676&title=Ressourcenverwaltung HTTP/1.1" 200 1394 "http://ed.activities.at/entry.php?id=10711&object=10250549&chooserview=contetimages&view=contetimages" "Mozilla/5.0 (Windows NT 10.0; WOW64) AppleWebKit/537.36 (KHTML, like Gecko) Chrome/57.0.2987.133 Safari/537.36"
90.146.3.54 - - [06/Apr/2017:17:54:43 +0200] "GET /entry.php?id=10704&&but=&object=10250549&class=&tag=&value=&chooserview=contetimages&function=&setlist=&t_width=&t_height=&view=contetimages HTTP/1.1" 200 3044 "http://ed.activities.at/entry.php?id=10711&object=10250549&chooserview=contetimages&view=contetimages" "Mozilla/5.0 (Windows NT 10.0; WOW64) AppleWebKit/537.36 (KHTML, like Gecko) Chrome/57.0.2987.133 Safari/537.36"
90.146.3.54 - - [06/Apr/2017:17:54:43 +0200] "GET /entry.php?id=10703&&but=&object=10250549&class=&tag=&value=&chooserview=contetimages&function=&setlist=&t_width=&t_height=&view=contetimages HTTP/1.1" 200 2538 "http://ed.activities.at/entry.php?id=10711&object=10250549&chooserview=contetimages&view=contetimages" "Mozilla/5.0 (Windows NT 10.0; WOW64) AppleWebKit/537.36 (KHTML, like Gecko) Chrome/57.0.2987.133 Safari/537.36"
90.146.3.54 - - [06/Apr/2017:17:54:43 +0200] "GET /entry.php?id=10776&form=10549&name=list& HTTP/1.1" 200 1702 "http://ed.activities.at/entry.php?id=10704&&but=&object=10250549&class=&tag=&value=&chooserview=contetimages&function=&setlist=&t_width=&t_height=&view=contetimages" "Mozilla/5.0 (Windows NT 10.0; WOW64) AppleWebKit/537.36 (KHTML, like Gecko) Chrome/57.0.2987.133 Safari/537.36"
90.146.3.54 - - [06/Apr/2017:17:54:43 +0200] "GET /entry.php?id=10778&form=10549&name=list& HTTP/1.1" 200 9868 "http://ed.activities.at/entry.php?id=10704&&but=&object=10250549&class=&tag=&value=&chooserview=contetimages&function=&setlist=&t_width=&t_height=&view=contetimages" "Mozilla/5.0 (Windows NT 10.0; WOW64) AppleWebKit/537.36 (KHTML, like Gecko) Chrome/57.0.2987.133 Safari/537.36"
90.146.3.54 - - [06/Apr/2017:17:54:43 +0200] "GET /entry.php?id=10777&form=10549&name=list& HTTP/1.1" 200 1340 "http://ed.activities.at/entry.php?id=10704&&but=&object=10250549&class=&tag=&value=&chooserview=contetimages&function=&setlist=&t_width=&t_height=&view=contetimages" "Mozilla/5.0 (Windows NT 10.0; WOW64) AppleWebKit/537.36 (KHTML, like Gecko) Chrome/57.0.2987.133 Safari/537.36"
90.146.3.54 - - [06/Apr/2017:17:54:44 +0200] "GET /entry.php?id=10778&form=10547&name=list& HTTP/1.1" 200 3003 "http://ed.activities.at/entry.php?id=10703&&but=&object=10250549&class=&tag=&value=&chooserview=contetimages&function=&setlist=&t_width=&t_height=&view=contetimages" "Mozilla/5.0 (Windows NT 10.0; WOW64) AppleWebKit/537.36 (KHTML, like Gecko) Chrome/57.0.2987.133 Safari/537.36"
90.146.3.54 - - [06/Apr/2017:17:54:44 +0200] "GET /entry.php?id=10776&form=10547&name=list& HTTP/1.1" 200 1290 "http://ed.activities.at/entry.php?id=10703&&but=&object=10250549&class=&tag=&value=&chooserview=contetimages&function=&setlist=&t_width=&t_height=&view=contetimages" "Mozilla/5.0 (Windows NT 10.0; WOW64) AppleWebKit/537.36 (KHTML, like Gecko) Chrome/57.0.2987.133 Safari/537.36"
90.146.3.54 - - [06/Apr/2017:17:54:44 +0200] "GET /cache/emu/images/easy-drivers-steyr10287972/edlogogpprofilbildpng_16_16_0.png HTTP/1.1" 304 - "http://ed.activities.at/entry.php?id=10778&form=10549&name=list&" "Mozilla/5.0 (Windows NT 10.0; WOW64) AppleWebKit/537.36 (KHTML, like Gecko) Chrome/57.0.2987.133 Safari/537.36"
90.146.3.54 - - [06/Apr/2017:17:54:44 +0200] "GET /cache/emu/images/easy-drivers-steyr10287960/sabinemadlencnikjpg_12_16_0.jpg HTTP/1.1" 304 - "http://ed.activities.at/entry.php?id=10778&form=10549&name=list&" "Mozilla/5.0 (Windows NT 10.0; WOW64) AppleWebKit/537.36 (KHTML, like Gecko) Chrome/57.0.2987.133 Safari/537.36"
90.146.3.54 - - [06/Apr/2017:17:54:44 +0200] "GET /cache/emu/images/easy-drivers-steyr10287810/bildwebedanschnittl830x300px8png_16_6_0.png HTTP/1.1" 304 - "http://ed.activities.at/entry.php?id=10778&form=10549&name=list&" "Mozilla/5.0 (Windows NT 10.0; WOW64) AppleWebKit/537.36 (KHTML, like Gecko) Chrome/57.0.2987.133 Safari/537.36"
90.146.3.54 - - [06/Apr/2017:17:54:44 +0200] "GET /cache/emu/images/easy-drivers-steyr10287969/auvalogosponsorlogojpg_16_8_0.jpg HTTP/1.1" 304 - "http://ed.activities.at/entry.php?id=10778&form=10549&name=list&" "Mozilla/5.0 (Windows NT 10.0; WOW64) AppleWebKit/537.36 (KHTML, like Gecko) Chrome/57.0.2987.133 Safari/537.36"
90.146.3.54 - - [06/Apr/2017:17:54:44 +0200] "GET /cache/emu/images/easy-drivers-steyr10287771/bildwebedanschnittl830x300px5png_16_6_0.png HTTP/1.1" 304 - "http://ed.activities.at/entry.php?id=10778&form=10549&name=list&" "Mozilla/5.0 (Windows NT 10.0; WOW64) AppleWebKit/537.36 (KHTML, like Gecko) Chrome/57.0.2987.133 Safari/537.36"
90.146.3.54 - - [06/Apr/2017:17:54:44 +0200] "GET /cache/emu/images/easy-drivers-steyr10287773/bildwebedanschnittr830x300px4png_16_6_0.png HTTP/1.1" 304 - "http://ed.activities.at/entry.php?id=10778&form=10549&name=list&" "Mozilla/5.0 (Windows NT 10.0; WOW64) AppleWebKit/537.36 (KHTML, like Gecko) Chrome/57.0.2987.133 Safari/537.36"
90.146.3.54 - - [06/Apr/2017:17:54:44 +0200] "GET /cache/emu/images/easy-drivers-steyr10287970/bildungintegrjpg_16_8_0.jpg HTTP/1.1" 304 - "http://ed.activities.at/entry.php?id=10778&form=10549&name=list&" "Mozilla/5.0 (Windows NT 10.0; WOW64) AppleWebKit/537.36 (KHTML, like Gecko) Chrome/57.0.2987.133 Safari/537.36"
90.146.3.54 - - [06/Apr/2017:17:54:44 +0200] "GET /cache/emu/images/easy-drivers-steyr10254354/winterkurspng_16_9_0.png HTTP/1.1" 304 - "http://ed.activities.at/entry.php?id=10778&form=10549&name=list&" "Mozilla/5.0 (Windows NT 10.0; WOW64) AppleWebKit/537.36 (KHTML, like Gecko) Chrome/57.0.2987.133 Safari/537.36"
90.146.3.54 - - [06/Apr/2017:17:54:44 +0200] "GET /cache/emu/images/easy-drivers-steyr10268008/widget-sonnenbrillepng_16_9_0.png HTTP/1.1" 304 - "http://ed.activities.at/entry.php?id=10778&form=10549&name=list&" "Mozilla/5.0 (Windows NT 10.0; WOW64) AppleWebKit/537.36 (KHTML, like Gecko) Chrome/57.0.2987.133 Safari/537.36"
90.146.3.54 - - [06/Apr/2017:17:54:44 +0200] "GET /cache/emu/images/easy-drivers-steyr10287966/klimaaktivlogopartnerjpg_16_7_0.jpg HTTP/1.1" 304 - "http://ed.activities.at/entry.php?id=10778&form=10549&name=list&" "Mozilla/5.0 (Windows NT 10.0; WOW64) AppleWebKit/537.36 (KHTML, like Gecko) Chrome/57.0.2987.133 Safari/537.36"
90.146.3.54 - - [06/Apr/2017:17:54:44 +0200] "GET /cache/emu/images/easy-drivers-steyr10287706/logo-bigjpg_16_6_0.jpg HTTP/1.1" 304 - "http://ed.activities.at/entry.php?id=10778&form=10549&name=list&" "Mozilla/5.0 (Windows NT 10.0; WOW64) AppleWebKit/537.36 (KHTML, like Gecko) Chrome/57.0.2987.133 Safari/537.36"
90.146.3.54 - - [06/Apr/2017:17:54:44 +0200] "GET /cache/emu/images/easy-drivers-steyr10287961/wernerebenbauerjpg_12_16_0.jpg HTTP/1.1" 304 - "http://ed.activities.at/entry.php?id=10778&form=10549&name=list&" "Mozilla/5.0 (Windows NT 10.0; WOW64) AppleWebKit/537.36 (KHTML, like Gecko) Chrome/57.0.2987.133 Safari/537.36"
90.146.3.54 - - [06/Apr/2017:17:54:44 +0200] "GET /cache/emu/images/easy-drivers-steyr10287809/bildwebedanschnittl830x300px6png_16_6_0.png HTTP/1.1" 304 - "http://ed.activities.at/entry.php?id=10778&form=10549&name=list&" "Mozilla/5.0 (Windows NT 10.0; WOW64) AppleWebKit/537.36 (KHTML, like Gecko) Chrome/57.0.2987.133 Safari/537.36"
90.146.3.54 - - [06/Apr/2017:17:54:44 +0200] "GET /cache/emu/images/easy-drivers-steyr10287967/umweltundverkehrwebjpg_16_8_0.jpg HTTP/1.1" 304 - "http://ed.activities.at/entry.php?id=10778&form=10549&name=list&" "Mozilla/5.0 (Windows NT 10.0; WOW64) AppleWebKit/537.36 (KHTML, like Gecko) Chrome/57.0.2987.133 Safari/537.36"
90.146.3.54 - - [06/Apr/2017:17:54:44 +0200] "GET /cache/emu/images/easy-drivers-steyr10287968/uniqajpg_16_13_0.jpg HTTP/1.1" 304 - "http://ed.activities.at/entry.php?id=10778&form=10549&name=list&" "Mozilla/5.0 (Windows NT 10.0; WOW64) AppleWebKit/537.36 (KHTML, like Gecko) Chrome/57.0.2987.133 Safari/537.36"
90.146.3.54 - - [06/Apr/2017:17:55:09 +0200] "POST /entry.php?id=10704&&but=&object=10250549&class=&tag=&value=&chooserview=contetimages&function=&setlist=&t_width=&t_height=&view=contetimages HTTP/1.1" 200 3067 "http://ed.activities.at/entry.php?id=10778&form=10549&name=list&" "Mozilla/5.0 (Windows NT 10.0; WOW64) AppleWebKit/537.36 (KHTML, like Gecko) Chrome/57.0.2987.133 Safari/537.36"
90.146.3.54 - - [06/Apr/2017:17:55:10 +0200] "GET /gui/javascript/form_form.js?1491494110 HTTP/1.1" 200 16206 "http://ed.activities.at/entry.php?id=10704&&but=&object=10250549&class=&tag=&value=&chooserview=contetimages&function=&setlist=&t_width=&t_height=&view=contetimages" "Mozilla/5.0 (Windows NT 10.0; WOW64) AppleWebKit/537.36 (KHTML, like Gecko) Chrome/57.0.2987.133 Safari/537.36"
90.146.3.54 - - [06/Apr/2017:17:55:10 +0200] "POST /entry.php?id=11684 HTTP/1.1" 200 3448 "http://ed.activities.at/entry.php?id=11684" "Mozilla/5.0 (Windows NT 10.0; WOW64) AppleWebKit/537.36 (KHTML, like Gecko) Chrome/57.0.2987.133 Safari/537.36"
90.146.3.54 - - [06/Apr/2017:17:55:11 +0200] "GET /gui/javascript/form_form.js?1491494111 HTTP/1.1" 200 16206 "http://ed.activities.at/entry.php?id=11684" "Mozilla/5.0 (Windows NT 10.0; WOW64) AppleWebKit/537.36 (KHTML, like Gecko) Chrome/57.0.2987.133 Safari/537.36"
90.146.3.54 - - [06/Apr/2017:17:55:10 +0200] "GET /entry.php?id=10778&form=10549&name=list& HTTP/1.1" 200 9869 "http://ed.activities.at/entry.php?id=10704&&but=&object=10250549&class=&tag=&value=&chooserview=contetimages&function=&setlist=&t_width=&t_height=&view=contetimages" "Mozilla/5.0 (Windows NT 10.0; WOW64) AppleWebKit/537.36 (KHTML, like Gecko) Chrome/57.0.2987.133 Safari/537.36"
90.146.3.54 - - [06/Apr/2017:17:55:10 +0200] "GET /entry.php?id=10777&form=10549&name=list& HTTP/1.1" 200 1340 "http://ed.activities.at/entry.php?id=10704&&but=&object=10250549&class=&tag=&value=&chooserview=contetimages&function=&setlist=&t_width=&t_height=&view=contetimages" "Mozilla/5.0 (Windows NT 10.0; WOW64) AppleWebKit/537.36 (KHTML, like Gecko) Chrome/57.0.2987.133 Safari/537.36"
90.146.3.54 - - [06/Apr/2017:17:55:10 +0200] "GET /entry.php?id=10776&form=10549&name=list& HTTP/1.1" 200 1702 "http://ed.activities.at/entry.php?id=10704&&but=&object=10250549&class=&tag=&value=&chooserview=contetimages&function=&setlist=&t_width=&t_height=&view=contetimages" "Mozilla/5.0 (Windows NT 10.0; WOW64) AppleWebKit/537.36 (KHTML, like Gecko) Chrome/57.0.2987.133 Safari/537.36"
90.146.3.54 - - [06/Apr/2017:17:55:11 +0200] "GET /entry.php?id=10776&form=11506&name=image_list& HTTP/1.1" 200 1539 "http://ed.activities.at/entry.php?id=11684" "Mozilla/5.0 (Windows NT 10.0; WOW64) AppleWebKit/537.36 (KHTML, like Gecko) Chrome/57.0.2987.133 Safari/537.36"
90.146.3.54 - - [06/Apr/2017:17:55:11 +0200] "GET /entry.php?id=10778&form=11506&name=image_list& HTTP/1.1" 200 3371 "http://ed.activities.at/entry.php?id=11684" "Mozilla/5.0 (Windows NT 10.0; WOW64) AppleWebKit/537.36 (KHTML, like Gecko) Chrome/57.0.2987.133 Safari/537.36"
90.146.3.54 - - [06/Apr/2017:17:55:12 +0200] "GET /framework/icons/rowdown.gif HTTP/1.1" 200 60 "http://ed.activities.at/entry.php?id=10778&form=11506&name=image_list&" "Mozilla/5.0 (Windows NT 10.0; WOW64) AppleWebKit/537.36 (KHTML, like Gecko) Chrome/57.0.2987.133 Safari/537.36"
90.146.3.54 - - [06/Apr/2017:17:55:12 +0200] "GET /framework/icons/rowup.gif HTTP/1.1" 200 60 "http://ed.activities.at/entry.php?id=10778&form=11506&name=image_list&" "Mozilla/5.0 (Windows NT 10.0; WOW64) AppleWebKit/537.36 (KHTML, like Gecko) Chrome/57.0.2987.133 Safari/537.36"
212.108.43.59 - - [06/Apr/2017:17:55:28 +0200] "GET /entry.php?id=10271&&ser=494067 HTTP/1.1" 200 986 "http://ed.activities.at/entry.php?id=10271&&ser=494007" "Mozilla/5.0 (Windows NT 10.0; Win64; x64) AppleWebKit/537.36 (KHTML, like Gecko) Chrome/56.0.2924.87 Safari/537.36"
212.108.43.59 - - [06/Apr/2017:17:55:28 +0200] "GET /gui/javascript/form_form.js?1491494128 HTTP/1.1" 200 16206 "http://ed.activities.at/entry.php?id=10271&&ser=494067" "Mozilla/5.0 (Windows NT 10.0; Win64; x64) AppleWebKit/537.36 (KHTML, like Gecko) Chrome/56.0.2924.87 Safari/537.36"
90.146.3.54 - - [06/Apr/2017:17:55:43 +0200] "GET /entry.php?id=10271&&ser=494083 HTTP/1.1" 200 986 "http://ed.activities.at/entry.php?id=10271&&ser=494022" "Mozilla/5.0 (Windows NT 10.0; WOW64) AppleWebKit/537.36 (KHTML, like Gecko) Chrome/57.0.2987.133 Safari/537.36"
90.146.3.54 - - [06/Apr/2017:17:55:43 +0200] "GET /gui/javascript/form_form.js?1491494143 HTTP/1.1" 200 16206 "http://ed.activities.at/entry.php?id=10271&&ser=494083" "Mozilla/5.0 (Windows NT 10.0; WOW64) AppleWebKit/537.36 (KHTML, like Gecko) Chrome/57.0.2987.133 Safari/537.36"
90.146.3.54 - - [06/Apr/2017:17:56:18 +0200] "POST /entry.php?id=10703 HTTP/1.1" 200 3298 "http://ed.activities.at/entry.php?id=10703&&but=&object=10250549&class=&tag=&value=&chooserview=contetimages&function=&setlist=&t_width=&t_height=&view=contetimages" "Mozilla/5.0 (Windows NT 10.0; WOW64) AppleWebKit/537.36 (KHTML, like Gecko) Chrome/57.0.2987.133 Safari/537.36"
90.146.3.54 - - [06/Apr/2017:17:56:18 +0200] "GET /activities/framework/KoolControls/KoolAjax/koolajax.php?8436e354c842500aba3cbaf0584c0c24 HTTP/1.1" 200 4079 "http://ed.activities.at/entry.php?id=10703" "Mozilla/5.0 (Windows NT 10.0; WOW64) AppleWebKit/537.36 (KHTML, like Gecko) Chrome/57.0.2987.133 Safari/537.36"
90.146.3.54 - - [06/Apr/2017:17:56:18 +0200] "GET /gui/javascript/form_form.js?1491494178 HTTP/1.1" 200 16206 "http://ed.activities.at/entry.php?id=10703" "Mozilla/5.0 (Windows NT 10.0; WOW64) AppleWebKit/537.36 (KHTML, like Gecko) Chrome/57.0.2987.133 Safari/537.36"
90.146.3.54 - - [06/Apr/2017:17:56:19 +0200] "GET /activities/framework/KoolControls/KoolTreeView/kooltreeview.php?c7cd9180e88ffef8e70f13526bb4f5f7 HTTP/1.1" 200 5055 "http://ed.activities.at/entry.php?id=10703" "Mozilla/5.0 (Windows NT 10.0; WOW64) AppleWebKit/537.36 (KHTML, like Gecko) Chrome/57.0.2987.133 Safari/537.36"
90.146.3.54 - - [06/Apr/2017:17:56:20 +0200] "POST /entry.php?id=10704 HTTP/1.1" 200 3043 "http://ed.activities.at/entry.php?id=10704&&but=&object=10250549&class=&tag=&value=&chooserview=contetimages&function=&setlist=&t_width=&t_height=&view=contetimages" "Mozilla/5.0 (Windows NT 10.0; WOW64) AppleWebKit/537.36 (KHTML, like Gecko) Chrome/57.0.2987.133 Safari/537.36"
90.146.3.54 - - [06/Apr/2017:17:56:21 +0200] "GET /gui/javascript/form_form.js?1491494181 HTTP/1.1" 200 16206 "http://ed.activities.at/entry.php?id=10704" "Mozilla/5.0 (Windows NT 10.0; WOW64) AppleWebKit/537.36 (KHTML, like Gecko) Chrome/57.0.2987.133 Safari/537.36"
90.146.3.54 - - [06/Apr/2017:17:56:21 +0200] "GET /entry.php?id=10776&form=10549&name=list& HTTP/1.1" 200 1702 "http://ed.activities.at/entry.php?id=10704" "Mozilla/5.0 (Windows NT 10.0; WOW64) AppleWebKit/537.36 (KHTML, like Gecko) Chrome/57.0.2987.133 Safari/537.36"
90.146.3.54 - - [06/Apr/2017:17:56:21 +0200] "GET /entry.php?id=10777&form=10549&name=list& HTTP/1.1" 200 1340 "http://ed.activities.at/entry.php?id=10704" "Mozilla/5.0 (Windows NT 10.0; WOW64) AppleWebKit/537.36 (KHTML, like Gecko) Chrome/57.0.2987.133 Safari/537.36"
90.146.3.54 - - [06/Apr/2017:17:56:21 +0200] "GET /entry.php?id=10778&form=10549&name=list& HTTP/1.1" 200 9808 "http://ed.activities.at/entry.php?id=10704" "Mozilla/5.0 (Windows NT 10.0; WOW64) AppleWebKit/537.36 (KHTML, like Gecko) Chrome/57.0.2987.133 Safari/537.36"
90.146.3.54 - - [06/Apr/2017:17:56:22 +0200] "GET /cache/emu/images/easy-drivers-steyr10287972/edlogogpprofilbildpng_16_16_0.png HTTP/1.1" 304 - "http://ed.activities.at/entry.php?id=10778&form=10549&name=list&" "Mozilla/5.0 (Windows NT 10.0; WOW64) AppleWebKit/537.36 (KHTML, like Gecko) Chrome/57.0.2987.133 Safari/537.36"
90.146.3.54 - - [06/Apr/2017:17:56:22 +0200] "GET /cache/emu/images/easy-drivers-steyr10287960/sabinemadlencnikjpg_12_16_0.jpg HTTP/1.1" 304 - "http://ed.activities.at/entry.php?id=10778&form=10549&name=list&" "Mozilla/5.0 (Windows NT 10.0; WOW64) AppleWebKit/537.36 (KHTML, like Gecko) Chrome/57.0.2987.133 Safari/537.36"
90.146.3.54 - - [06/Apr/2017:17:56:22 +0200] "GET /cache/emu/images/easy-drivers-steyr10287810/bildwebedanschnittl830x300px8png_16_6_0.png HTTP/1.1" 304 - "http://ed.activities.at/entry.php?id=10778&form=10549&name=list&" "Mozilla/5.0 (Windows NT 10.0; WOW64) AppleWebKit/537.36 (KHTML, like Gecko) Chrome/57.0.2987.133 Safari/537.36"
90.146.3.54 - - [06/Apr/2017:17:56:22 +0200] "GET /cache/emu/images/easy-drivers-steyr10287969/auvalogosponsorlogojpg_16_8_0.jpg HTTP/1.1" 304 - "http://ed.activities.at/entry.php?id=10778&form=10549&name=list&" "Mozilla/5.0 (Windows NT 10.0; WOW64) AppleWebKit/537.36 (KHTML, like Gecko) Chrome/57.0.2987.133 Safari/537.36"
90.146.3.54 - - [06/Apr/2017:17:56:22 +0200] "GET /cache/emu/images/easy-drivers-steyr10287771/bildwebedanschnittl830x300px5png_16_6_0.png HTTP/1.1" 304 - "http://ed.activities.at/entry.php?id=10778&form=10549&name=list&" "Mozilla/5.0 (Windows NT 10.0; WOW64) AppleWebKit/537.36 (KHTML, like Gecko) Chrome/57.0.2987.133 Safari/537.36"
90.146.3.54 - - [06/Apr/2017:17:56:22 +0200] "GET /cache/emu/images/easy-drivers-steyr10287773/bildwebedanschnittr830x300px4png_16_6_0.png HTTP/1.1" 304 - "http://ed.activities.at/entry.php?id=10778&form=10549&name=list&" "Mozilla/5.0 (Windows NT 10.0; WOW64) AppleWebKit/537.36 (KHTML, like Gecko) Chrome/57.0.2987.133 Safari/537.36"
90.146.3.54 - - [06/Apr/2017:17:56:22 +0200] "GET /cache/emu/images/easy-drivers-steyr10287970/bildungintegrjpg_16_8_0.jpg HTTP/1.1" 304 - "http://ed.activities.at/entry.php?id=10778&form=10549&name=list&" "Mozilla/5.0 (Windows NT 10.0; WOW64) AppleWebKit/537.36 (KHTML, like Gecko) Chrome/57.0.2987.133 Safari/537.36"
90.146.3.54 - - [06/Apr/2017:17:56:22 +0200] "GET /cache/emu/images/easy-drivers-steyr10254354/winterkurspng_16_9_0.png HTTP/1.1" 304 - "http://ed.activities.at/entry.php?id=10778&form=10549&name=list&" "Mozilla/5.0 (Windows NT 10.0; WOW64) AppleWebKit/537.36 (KHTML, like Gecko) Chrome/57.0.2987.133 Safari/537.36"
90.146.3.54 - - [06/Apr/2017:17:56:22 +0200] "GET /cache/emu/images/easy-drivers-steyr10288789/i3_16_11_0.jpg HTTP/1.1" 304 - "http://ed.activities.at/entry.php?id=10778&form=10549&name=list&" "Mozilla/5.0 (Windows NT 10.0; WOW64) AppleWebKit/537.36 (KHTML, like Gecko) Chrome/57.0.2987.133 Safari/537.36"
90.146.3.54 - - [06/Apr/2017:17:56:22 +0200] "GET /cache/emu/images/easy-drivers-steyr10268008/widget-sonnenbrillepng_16_9_0.png HTTP/1.1" 304 - "http://ed.activities.at/entry.php?id=10778&form=10549&name=list&" "Mozilla/5.0 (Windows NT 10.0; WOW64) AppleWebKit/537.36 (KHTML, like Gecko) Chrome/57.0.2987.133 Safari/537.36"
90.146.3.54 - - [06/Apr/2017:17:56:22 +0200] "GET /cache/emu/images/easy-drivers-steyr10287966/klimaaktivlogopartnerjpg_16_7_0.jpg HTTP/1.1" 304 - "http://ed.activities.at/entry.php?id=10778&form=10549&name=list&" "Mozilla/5.0 (Windows NT 10.0; WOW64) AppleWebKit/537.36 (KHTML, like Gecko) Chrome/57.0.2987.133 Safari/537.36"
90.146.3.54 - - [06/Apr/2017:17:56:22 +0200] "GET /cache/emu/images/easy-drivers-steyr10287961/wernerebenbauerjpg_12_16_0.jpg HTTP/1.1" 304 - "http://ed.activities.at/entry.php?id=10778&form=10549&name=list&" "Mozilla/5.0 (Windows NT 10.0; WOW64) AppleWebKit/537.36 (KHTML, like Gecko) Chrome/57.0.2987.133 Safari/537.36"
90.146.3.54 - - [06/Apr/2017:17:56:22 +0200] "GET /cache/emu/images/easy-drivers-steyr10287706/logo-bigjpg_16_6_0.jpg HTTP/1.1" 304 - "http://ed.activities.at/entry.php?id=10778&form=10549&name=list&" "Mozilla/5.0 (Windows NT 10.0; WOW64) AppleWebKit/537.36 (KHTML, like Gecko) Chrome/57.0.2987.133 Safari/537.36"
90.146.3.54 - - [06/Apr/2017:17:56:22 +0200] "GET /cache/emu/images/easy-drivers-steyr10287809/bildwebedanschnittl830x300px6png_16_6_0.png HTTP/1.1" 304 - "http://ed.activities.at/entry.php?id=10778&form=10549&name=list&" "Mozilla/5.0 (Windows NT 10.0; WOW64) AppleWebKit/537.36 (KHTML, like Gecko) Chrome/57.0.2987.133 Safari/537.36"
90.146.3.54 - - [06/Apr/2017:17:56:22 +0200] "GET /cache/emu/images/easy-drivers-steyr10287967/umweltundverkehrwebjpg_16_8_0.jpg HTTP/1.1" 304 - "http://ed.activities.at/entry.php?id=10778&form=10549&name=list&" "Mozilla/5.0 (Windows NT 10.0; WOW64) AppleWebKit/537.36 (KHTML, like Gecko) Chrome/57.0.2987.133 Safari/537.36"
90.146.3.54 - - [06/Apr/2017:17:56:22 +0200] "GET /cache/emu/images/easy-drivers-steyr10287968/uniqajpg_16_13_0.jpg HTTP/1.1" 304 - "http://ed.activities.at/entry.php?id=10778&form=10549&name=list&" "Mozilla/5.0 (Windows NT 10.0; WOW64) AppleWebKit/537.36 (KHTML, like Gecko) Chrome/57.0.2987.133 Safari/537.36"
212.108.43.59 - - [06/Apr/2017:17:56:28 +0200] "GET /entry.php?id=10271&&ser=494128 HTTP/1.1" 200 985 "http://ed.activities.at/entry.php?id=10271&&ser=494067" "Mozilla/5.0 (Windows NT 10.0; Win64; x64) AppleWebKit/537.36 (KHTML, like Gecko) Chrome/56.0.2924.87 Safari/537.36"
212.108.43.59 - - [06/Apr/2017:17:56:28 +0200] "GET /gui/javascript/form_form.js?1491494188 HTTP/1.1" 200 16206 "http://ed.activities.at/entry.php?id=10271&&ser=494128" "Mozilla/5.0 (Windows NT 10.0; Win64; x64) AppleWebKit/537.36 (KHTML, like Gecko) Chrome/56.0.2924.87 Safari/537.36"
90.146.3.54 - - [06/Apr/2017:17:56:44 +0200] "GET /entry.php?id=10271&&ser=494143 HTTP/1.1" 200 986 "http://ed.activities.at/entry.php?id=10271&&ser=494083" "Mozilla/5.0 (Windows NT 10.0; WOW64) AppleWebKit/537.36 (KHTML, like Gecko) Chrome/57.0.2987.133 Safari/537.36"
90.146.3.54 - - [06/Apr/2017:17:56:44 +0200] "GET /gui/javascript/form_form.js?1491494204 HTTP/1.1" 200 16206 "http://ed.activities.at/entry.php?id=10271&&ser=494143" "Mozilla/5.0 (Windows NT 10.0; WOW64) AppleWebKit/537.36 (KHTML, like Gecko) Chrome/57.0.2987.133 Safari/537.36"
90.146.3.54 - - [06/Apr/2017:17:57:19 +0200] "GET /entry.php?id=11687&uploadmode=list&object=false&mode=list&mime=10015786&listview=list HTTP/1.1" 200 2347 "http://ed.activities.at/entry.php?id=10711&object=10250549&chooserview=contetimages&view=contetimages" "Mozilla/5.0 (Windows NT 10.0; WOW64) AppleWebKit/537.36 (KHTML, like Gecko) Chrome/57.0.2987.133 Safari/537.36"
90.146.3.54 - - [06/Apr/2017:17:57:19 +0200] "GET /gui/javascript/form_form.js?1491494239 HTTP/1.1" 200 16206 "http://ed.activities.at/entry.php?id=11687&uploadmode=list&object=false&mode=list&mime=10015786&listview=list" "Mozilla/5.0 (Windows NT 10.0; WOW64) AppleWebKit/537.36 (KHTML, like Gecko) Chrome/57.0.2987.133 Safari/537.36"
212.108.43.59 - - [06/Apr/2017:17:57:28 +0200] "GET /entry.php?id=10271&&ser=494188 HTTP/1.1" 200 986 "http://ed.activities.at/entry.php?id=10271&&ser=494128" "Mozilla/5.0 (Windows NT 10.0; Win64; x64) AppleWebKit/537.36 (KHTML, like Gecko) Chrome/56.0.2924.87 Safari/537.36"
212.108.43.59 - - [06/Apr/2017:17:57:28 +0200] "GET /gui/javascript/form_form.js?1491494248 HTTP/1.1" 200 16206 "http://ed.activities.at/entry.php?id=10271&&ser=494188" "Mozilla/5.0 (Windows NT 10.0; Win64; x64) AppleWebKit/537.36 (KHTML, like Gecko) Chrome/56.0.2924.87 Safari/537.36"
90.146.3.54 - - [06/Apr/2017:17:57:44 +0200] "GET /entry.php?id=10271&&ser=494204 HTTP/1.1" 200 986 "http://ed.activities.at/entry.php?id=10271&&ser=494143" "Mozilla/5.0 (Windows NT 10.0; WOW64) AppleWebKit/537.36 (KHTML, like Gecko) Chrome/57.0.2987.133 Safari/537.36"
90.146.3.54 - - [06/Apr/2017:17:57:44 +0200] "GET /gui/javascript/form_form.js?1491494264 HTTP/1.1" 200 16206 "http://ed.activities.at/entry.php?id=10271&&ser=494204" "Mozilla/5.0 (Windows NT 10.0; WOW64) AppleWebKit/537.36 (KHTML, like Gecko) Chrome/57.0.2987.133 Safari/537.36"
