80.123.94.70 - - [06/Apr/2017:16:22:58 +0200] "GET /gui/javascript/form_form.js?1491488578 HTTP/1.1" 200 16206 "http://ed.activities.at/entry.php?id=10271&&ser=488517" "Mozilla/5.0 (Windows NT 10.0; WOW64) AppleWebKit/537.36 (KHTML, like Gecko) Chrome/57.0.2987.133 Safari/537.36"
80.123.94.70 - - [06/Apr/2017:16:23:00 +0200] "POST /entry.php?id=11668 HTTP/1.1" 200 3477 "http://ed.activities.at/entry.php?id=11668" "Mozilla/5.0 (Windows NT 10.0; WOW64) AppleWebKit/537.36 (KHTML, like Gecko) Chrome/57.0.2987.133 Safari/537.36"
80.123.94.70 - - [06/Apr/2017:16:23:00 +0200] "GET /gui/javascript/form_form.js?1491488580 HTTP/1.1" 200 16206 "http://ed.activities.at/entry.php?id=11668" "Mozilla/5.0 (Windows NT 10.0; WOW64) AppleWebKit/537.36 (KHTML, like Gecko) Chrome/57.0.2987.133 Safari/537.36"
80.123.94.70 - - [06/Apr/2017:16:23:01 +0200] "GET /entry.php?id=10776&form=11493&name=list& HTTP/1.1" 200 1479 "http://ed.activities.at/entry.php?id=11668" "Mozilla/5.0 (Windows NT 10.0; WOW64) AppleWebKit/537.36 (KHTML, like Gecko) Chrome/57.0.2987.133 Safari/537.36"
80.123.94.70 - - [06/Apr/2017:16:23:01 +0200] "GET /entry.php?id=10778&form=11493&name=list& HTTP/1.1" 200 3098 "http://ed.activities.at/entry.php?id=11668" "Mozilla/5.0 (Windows NT 10.0; WOW64) AppleWebKit/537.36 (KHTML, like Gecko) Chrome/57.0.2987.133 Safari/537.36"
80.123.94.70 - - [06/Apr/2017:16:23:04 +0200] "POST /entry.php?id=11668 HTTP/1.1" 200 3606 "http://ed.activities.at/entry.php?id=11668" "Mozilla/5.0 (Windows NT 10.0; WOW64) AppleWebKit/537.36 (KHTML, like Gecko) Chrome/57.0.2987.133 Safari/537.36"
80.123.94.70 - - [06/Apr/2017:16:23:04 +0200] "GET /gui/javascript/form_form.js?1491488584 HTTP/1.1" 200 16206 "http://ed.activities.at/entry.php?id=11668" "Mozilla/5.0 (Windows NT 10.0; WOW64) AppleWebKit/537.36 (KHTML, like Gecko) Chrome/57.0.2987.133 Safari/537.36"
80.123.94.70 - - [06/Apr/2017:16:23:05 +0200] "GET /entry.php?id=10778&form=11493&name=list& HTTP/1.1" 200 3086 "http://ed.activities.at/entry.php?id=11668" "Mozilla/5.0 (Windows NT 10.0; WOW64) AppleWebKit/537.36 (KHTML, like Gecko) Chrome/57.0.2987.133 Safari/537.36"
80.123.94.70 - - [06/Apr/2017:16:23:05 +0200] "GET /entry.php?id=10776&form=11493&name=list& HTTP/1.1" 200 1479 "http://ed.activities.at/entry.php?id=11668" "Mozilla/5.0 (Windows NT 10.0; WOW64) AppleWebKit/537.36 (KHTML, like Gecko) Chrome/57.0.2987.133 Safari/537.36"
80.123.94.70 - - [06/Apr/2017:16:23:11 +0200] "POST /entry.php?id=11668 HTTP/1.1" 200 3473 "http://ed.activities.at/entry.php?id=11668" "Mozilla/5.0 (Windows NT 10.0; WOW64) AppleWebKit/537.36 (KHTML, like Gecko) Chrome/57.0.2987.133 Safari/537.36"
80.123.94.70 - - [06/Apr/2017:16:23:12 +0200] "GET /gui/javascript/form_form.js?1491488592 HTTP/1.1" 200 16206 "http://ed.activities.at/entry.php?id=11668" "Mozilla/5.0 (Windows NT 10.0; WOW64) AppleWebKit/537.36 (KHTML, like Gecko) Chrome/57.0.2987.133 Safari/537.36"
80.123.94.70 - - [06/Apr/2017:16:23:12 +0200] "GET /entry.php?id=10776&form=11493&name=list& HTTP/1.1" 200 1485 "http://ed.activities.at/entry.php?id=11668" "Mozilla/5.0 (Windows NT 10.0; WOW64) AppleWebKit/537.36 (KHTML, like Gecko) Chrome/57.0.2987.133 Safari/537.36"
80.123.94.70 - - [06/Apr/2017:16:23:12 +0200] "GET /entry.php?id=10778&form=11493&name=list& HTTP/1.1" 200 3089 "http://ed.activities.at/entry.php?id=11668" "Mozilla/5.0 (Windows NT 10.0; WOW64) AppleWebKit/537.36 (KHTML, like Gecko) Chrome/57.0.2987.133 Safari/537.36"
80.123.94.70 - - [06/Apr/2017:16:23:16 +0200] "POST /entry.php?id=11668 HTTP/1.1" 200 3599 "http://ed.activities.at/entry.php?id=11668" "Mozilla/5.0 (Windows NT 10.0; WOW64) AppleWebKit/537.36 (KHTML, like Gecko) Chrome/57.0.2987.133 Safari/537.36"
80.123.94.70 - - [06/Apr/2017:16:23:17 +0200] "GET /gui/javascript/form_form.js?1491488597 HTTP/1.1" 200 16206 "http://ed.activities.at/entry.php?id=11668" "Mozilla/5.0 (Windows NT 10.0; WOW64) AppleWebKit/537.36 (KHTML, like Gecko) Chrome/57.0.2987.133 Safari/537.36"
80.123.94.70 - - [06/Apr/2017:16:23:17 +0200] "GET /entry.php?id=10778&form=11493&name=list& HTTP/1.1" 200 3086 "http://ed.activities.at/entry.php?id=11668" "Mozilla/5.0 (Windows NT 10.0; WOW64) AppleWebKit/537.36 (KHTML, like Gecko) Chrome/57.0.2987.133 Safari/537.36"
80.123.94.70 - - [06/Apr/2017:16:23:17 +0200] "GET /entry.php?id=10776&form=11493&name=list& HTTP/1.1" 200 1479 "http://ed.activities.at/entry.php?id=11668" "Mozilla/5.0 (Windows NT 10.0; WOW64) AppleWebKit/537.36 (KHTML, like Gecko) Chrome/57.0.2987.133 Safari/537.36"
95.143.230.128 - - [06/Apr/2017:16:23:19 +0200] "GET /entry.php?id=10271&&ser=488539 HTTP/1.1" 200 986 "http://ed.activities.at/entry.php?id=10271&&ser=488479" "Mozilla/5.0 (Windows NT 6.1; WOW64; rv:52.0) Gecko/20100101 Firefox/52.0"
95.143.230.128 - - [06/Apr/2017:16:23:19 +0200] "GET /gui/javascript/form_form.js?1491488599 HTTP/1.1" 200 16206 "http://ed.activities.at/entry.php?id=10271&&ser=488539" "Mozilla/5.0 (Windows NT 6.1; WOW64; rv:52.0) Gecko/20100101 Firefox/52.0"
80.123.94.70 - - [06/Apr/2017:16:23:26 +0200] "POST /entry.php?id=11668 HTTP/1.1" 200 3492 "http://ed.activities.at/entry.php?id=11668" "Mozilla/5.0 (Windows NT 10.0; WOW64) AppleWebKit/537.36 (KHTML, like Gecko) Chrome/57.0.2987.133 Safari/537.36"
80.123.94.70 - - [06/Apr/2017:16:23:27 +0200] "GET /gui/javascript/form_form.js?1491488607 HTTP/1.1" 200 16206 "http://ed.activities.at/entry.php?id=11668" "Mozilla/5.0 (Windows NT 10.0; WOW64) AppleWebKit/537.36 (KHTML, like Gecko) Chrome/57.0.2987.133 Safari/537.36"
80.123.94.70 - - [06/Apr/2017:16:23:27 +0200] "GET /entry.php?id=10776&form=11493&name=list& HTTP/1.1" 200 1485 "http://ed.activities.at/entry.php?id=11668" "Mozilla/5.0 (Windows NT 10.0; WOW64) AppleWebKit/537.36 (KHTML, like Gecko) Chrome/57.0.2987.133 Safari/537.36"
80.123.94.70 - - [06/Apr/2017:16:23:27 +0200] "GET /entry.php?id=10778&form=11493&name=list& HTTP/1.1" 200 3089 "http://ed.activities.at/entry.php?id=11668" "Mozilla/5.0 (Windows NT 10.0; WOW64) AppleWebKit/537.36 (KHTML, like Gecko) Chrome/57.0.2987.133 Safari/537.36"
80.123.94.70 - - [06/Apr/2017:16:23:30 +0200] "POST /entry.php?id=11668 HTTP/1.1" 200 3620 "http://ed.activities.at/entry.php?id=11668" "Mozilla/5.0 (Windows NT 10.0; WOW64) AppleWebKit/537.36 (KHTML, like Gecko) Chrome/57.0.2987.133 Safari/537.36"
80.123.94.70 - - [06/Apr/2017:16:23:32 +0200] "GET /gui/javascript/form_form.js?1491488612 HTTP/1.1" 200 16206 "http://ed.activities.at/entry.php?id=11668" "Mozilla/5.0 (Windows NT 10.0; WOW64) AppleWebKit/537.36 (KHTML, like Gecko) Chrome/57.0.2987.133 Safari/537.36"
80.123.94.70 - - [06/Apr/2017:16:23:32 +0200] "GET /entry.php?id=10778&form=11493&name=list& HTTP/1.1" 200 3086 "http://ed.activities.at/entry.php?id=11668" "Mozilla/5.0 (Windows NT 10.0; WOW64) AppleWebKit/537.36 (KHTML, like Gecko) Chrome/57.0.2987.133 Safari/537.36"
80.123.94.70 - - [06/Apr/2017:16:23:32 +0200] "GET /entry.php?id=10776&form=11493&name=list& HTTP/1.1" 200 1479 "http://ed.activities.at/entry.php?id=11668" "Mozilla/5.0 (Windows NT 10.0; WOW64) AppleWebKit/537.36 (KHTML, like Gecko) Chrome/57.0.2987.133 Safari/537.36"
80.123.94.70 - - [06/Apr/2017:16:23:43 +0200] "POST /entry.php?id=11668 HTTP/1.1" 200 3485 "http://ed.activities.at/entry.php?id=11668" "Mozilla/5.0 (Windows NT 10.0; WOW64) AppleWebKit/537.36 (KHTML, like Gecko) Chrome/57.0.2987.133 Safari/537.36"
80.123.94.70 - - [06/Apr/2017:16:23:44 +0200] "GET /gui/javascript/form_form.js?1491488623 HTTP/1.1" 200 16206 "http://ed.activities.at/entry.php?id=11668" "Mozilla/5.0 (Windows NT 10.0; WOW64) AppleWebKit/537.36 (KHTML, like Gecko) Chrome/57.0.2987.133 Safari/537.36"
80.123.94.70 - - [06/Apr/2017:16:23:44 +0200] "GET /entry.php?id=10776&form=11493&name=list& HTTP/1.1" 200 1479 "http://ed.activities.at/entry.php?id=11668" "Mozilla/5.0 (Windows NT 10.0; WOW64) AppleWebKit/537.36 (KHTML, like Gecko) Chrome/57.0.2987.133 Safari/537.36"
80.123.94.70 - - [06/Apr/2017:16:23:44 +0200] "GET /entry.php?id=10778&form=11493&name=list& HTTP/1.1" 200 3098 "http://ed.activities.at/entry.php?id=11668" "Mozilla/5.0 (Windows NT 10.0; WOW64) AppleWebKit/537.36 (KHTML, like Gecko) Chrome/57.0.2987.133 Safari/537.36"
212.108.43.59 - - [06/Apr/2017:16:23:45 +0200] "GET /entry.php?id=10271&&ser=488565 HTTP/1.1" 200 987 "http://ed.activities.at/entry.php?id=10271&&ser=488504" "Mozilla/5.0 (Windows NT 10.0; Win64; x64) AppleWebKit/537.36 (KHTML, like Gecko) Chrome/56.0.2924.87 Safari/537.36"
212.108.43.59 - - [06/Apr/2017:16:23:45 +0200] "GET /gui/javascript/form_form.js?1491488625 HTTP/1.1" 200 16206 "http://ed.activities.at/entry.php?id=10271&&ser=488565" "Mozilla/5.0 (Windows NT 10.0; Win64; x64) AppleWebKit/537.36 (KHTML, like Gecko) Chrome/56.0.2924.87 Safari/537.36"
80.123.94.70 - - [06/Apr/2017:16:23:46 +0200] "POST /entry.php?id=11668 HTTP/1.1" 200 3614 "http://ed.activities.at/entry.php?id=11668" "Mozilla/5.0 (Windows NT 10.0; WOW64) AppleWebKit/537.36 (KHTML, like Gecko) Chrome/57.0.2987.133 Safari/537.36"
80.123.94.70 - - [06/Apr/2017:16:23:47 +0200] "GET /gui/javascript/form_form.js?1491488627 HTTP/1.1" 200 16206 "http://ed.activities.at/entry.php?id=11668" "Mozilla/5.0 (Windows NT 10.0; WOW64) AppleWebKit/537.36 (KHTML, like Gecko) Chrome/57.0.2987.133 Safari/537.36"
80.123.94.70 - - [06/Apr/2017:16:23:47 +0200] "GET /entry.php?id=10778&form=11493&name=list& HTTP/1.1" 200 3086 "http://ed.activities.at/entry.php?id=11668" "Mozilla/5.0 (Windows NT 10.0; WOW64) AppleWebKit/537.36 (KHTML, like Gecko) Chrome/57.0.2987.133 Safari/537.36"
80.123.94.70 - - [06/Apr/2017:16:23:47 +0200] "GET /entry.php?id=10776&form=11493&name=list& HTTP/1.1" 200 1479 "http://ed.activities.at/entry.php?id=11668" "Mozilla/5.0 (Windows NT 10.0; WOW64) AppleWebKit/537.36 (KHTML, like Gecko) Chrome/57.0.2987.133 Safari/537.36"
80.123.94.70 - - [06/Apr/2017:16:23:50 +0200] "POST /entry.php?id=11668 HTTP/1.1" 200 3494 "http://ed.activities.at/entry.php?id=11668" "Mozilla/5.0 (Windows NT 10.0; WOW64) AppleWebKit/537.36 (KHTML, like Gecko) Chrome/57.0.2987.133 Safari/537.36"
80.123.94.70 - - [06/Apr/2017:16:23:50 +0200] "GET /gui/javascript/form_form.js?1491488630 HTTP/1.1" 200 16206 "http://ed.activities.at/entry.php?id=11668" "Mozilla/5.0 (Windows NT 10.0; WOW64) AppleWebKit/537.36 (KHTML, like Gecko) Chrome/57.0.2987.133 Safari/537.36"
95.143.230.128 - - [06/Apr/2017:16:23:50 +0200] "POST /entry.php?id=11671 HTTP/1.1" 200 4921 "http://ed.activities.at/entry.php?id=11671" "Mozilla/5.0 (Windows NT 6.1; WOW64; rv:52.0) Gecko/20100101 Firefox/52.0"
80.123.94.70 - - [06/Apr/2017:16:23:51 +0200] "GET /entry.php?id=10776&form=11493&name=list& HTTP/1.1" 200 1479 "http://ed.activities.at/entry.php?id=11668" "Mozilla/5.0 (Windows NT 10.0; WOW64) AppleWebKit/537.36 (KHTML, like Gecko) Chrome/57.0.2987.133 Safari/537.36"
80.123.94.70 - - [06/Apr/2017:16:23:51 +0200] "GET /entry.php?id=10778&form=11493&name=list& HTTP/1.1" 200 3098 "http://ed.activities.at/entry.php?id=11668" "Mozilla/5.0 (Windows NT 10.0; WOW64) AppleWebKit/537.36 (KHTML, like Gecko) Chrome/57.0.2987.133 Safari/537.36"
95.143.230.128 - - [06/Apr/2017:16:23:51 +0200] "GET /gui/javascript/form_form.js?1491488631 HTTP/1.1" 200 16206 "http://ed.activities.at/entry.php?id=11671" "Mozilla/5.0 (Windows NT 6.1; WOW64; rv:52.0) Gecko/20100101 Firefox/52.0"
95.143.230.128 - - [06/Apr/2017:16:23:51 +0200] "GET /entry.php?id=10778&form=11496&name=list& HTTP/1.1" 200 4237 "http://ed.activities.at/entry.php?id=11671" "Mozilla/5.0 (Windows NT 6.1; WOW64; rv:52.0) Gecko/20100101 Firefox/52.0"
95.143.230.128 - - [06/Apr/2017:16:23:51 +0200] "GET /entry.php?id=10776&form=11496&name=list& HTTP/1.1" 200 1519 "http://ed.activities.at/entry.php?id=11671" "Mozilla/5.0 (Windows NT 6.1; WOW64; rv:52.0) Gecko/20100101 Firefox/52.0"
80.123.94.70 - - [06/Apr/2017:16:23:52 +0200] "POST /entry.php?id=11668 HTTP/1.1" 200 3624 "http://ed.activities.at/entry.php?id=11668" "Mozilla/5.0 (Windows NT 10.0; WOW64) AppleWebKit/537.36 (KHTML, like Gecko) Chrome/57.0.2987.133 Safari/537.36"
80.123.94.70 - - [06/Apr/2017:16:23:53 +0200] "GET /gui/javascript/form_form.js?1491488633 HTTP/1.1" 200 16206 "http://ed.activities.at/entry.php?id=11668" "Mozilla/5.0 (Windows NT 10.0; WOW64) AppleWebKit/537.36 (KHTML, like Gecko) Chrome/57.0.2987.133 Safari/537.36"
80.123.94.70 - - [06/Apr/2017:16:23:53 +0200] "GET /entry.php?id=10776&form=11493&name=list& HTTP/1.1" 200 1479 "http://ed.activities.at/entry.php?id=11668" "Mozilla/5.0 (Windows NT 10.0; WOW64) AppleWebKit/537.36 (KHTML, like Gecko) Chrome/57.0.2987.133 Safari/537.36"
80.123.94.70 - - [06/Apr/2017:16:23:53 +0200] "GET /entry.php?id=10778&form=11493&name=list& HTTP/1.1" 200 3086 "http://ed.activities.at/entry.php?id=11668" "Mozilla/5.0 (Windows NT 10.0; WOW64) AppleWebKit/537.36 (KHTML, like Gecko) Chrome/57.0.2987.133 Safari/537.36"
80.123.94.70 - - [06/Apr/2017:16:23:54 +0200] "POST /entry.php?id=11668 HTTP/1.1" 200 3485 "http://ed.activities.at/entry.php?id=11668" "Mozilla/5.0 (Windows NT 10.0; WOW64) AppleWebKit/537.36 (KHTML, like Gecko) Chrome/57.0.2987.133 Safari/537.36"
80.123.94.70 - - [06/Apr/2017:16:23:55 +0200] "GET /gui/javascript/form_form.js?1491488635 HTTP/1.1" 200 16206 "http://ed.activities.at/entry.php?id=11668" "Mozilla/5.0 (Windows NT 10.0; WOW64) AppleWebKit/537.36 (KHTML, like Gecko) Chrome/57.0.2987.133 Safari/537.36"
80.123.94.70 - - [06/Apr/2017:16:23:55 +0200] "GET /entry.php?id=10776&form=11493&name=list& HTTP/1.1" 200 1479 "http://ed.activities.at/entry.php?id=11668" "Mozilla/5.0 (Windows NT 10.0; WOW64) AppleWebKit/537.36 (KHTML, like Gecko) Chrome/57.0.2987.133 Safari/537.36"
80.123.94.70 - - [06/Apr/2017:16:23:55 +0200] "GET /entry.php?id=10778&form=11493&name=list& HTTP/1.1" 200 3098 "http://ed.activities.at/entry.php?id=11668" "Mozilla/5.0 (Windows NT 10.0; WOW64) AppleWebKit/537.36 (KHTML, like Gecko) Chrome/57.0.2987.133 Safari/537.36"
95.143.230.128 - - [06/Apr/2017:16:23:54 +0200] "POST /entry.php?id=11671 HTTP/1.1" 200 3129 "http://ed.activities.at/entry.php?id=11671" "Mozilla/5.0 (Windows NT 6.1; WOW64; rv:52.0) Gecko/20100101 Firefox/52.0"
95.143.230.128 - - [06/Apr/2017:16:23:55 +0200] "GET /gui/javascript/form_form.js?1491488635 HTTP/1.1" 200 16206 "http://ed.activities.at/entry.php?id=11671" "Mozilla/5.0 (Windows NT 6.1; WOW64; rv:52.0) Gecko/20100101 Firefox/52.0"
95.143.230.128 - - [06/Apr/2017:16:23:56 +0200] "GET /framework/webfx/javascript/tinymce/skins/lightgray/content.min.css HTTP/1.1" 404 327 "http://ed.activities.at/entry.php?id=11671" "Mozilla/5.0 (Windows NT 6.1; WOW64; rv:52.0) Gecko/20100101 Firefox/52.0"
80.123.94.70 - - [06/Apr/2017:16:23:58 +0200] "GET /entry.php?id=10271&&ser=488578 HTTP/1.1" 200 986 "http://ed.activities.at/entry.php?id=10271&&ser=488517" "Mozilla/5.0 (Windows NT 10.0; WOW64) AppleWebKit/537.36 (KHTML, like Gecko) Chrome/57.0.2987.133 Safari/537.36"
80.123.94.70 - - [06/Apr/2017:16:23:58 +0200] "GET /gui/javascript/form_form.js?1491488638 HTTP/1.1" 200 16206 "http://ed.activities.at/entry.php?id=10271&&ser=488578" "Mozilla/5.0 (Windows NT 10.0; WOW64) AppleWebKit/537.36 (KHTML, like Gecko) Chrome/57.0.2987.133 Safari/537.36"
80.123.94.70 - - [06/Apr/2017:16:23:58 +0200] "POST /entry.php?id=11668 HTTP/1.1" 200 3618 "http://ed.activities.at/entry.php?id=11668" "Mozilla/5.0 (Windows NT 10.0; WOW64) AppleWebKit/537.36 (KHTML, like Gecko) Chrome/57.0.2987.133 Safari/537.36"
80.123.94.70 - - [06/Apr/2017:16:23:59 +0200] "GET /gui/javascript/form_form.js?1491488639 HTTP/1.1" 200 16206 "http://ed.activities.at/entry.php?id=11668" "Mozilla/5.0 (Windows NT 10.0; WOW64) AppleWebKit/537.36 (KHTML, like Gecko) Chrome/57.0.2987.133 Safari/537.36"
80.123.94.70 - - [06/Apr/2017:16:23:59 +0200] "GET /entry.php?id=10776&form=11493&name=list& HTTP/1.1" 200 1479 "http://ed.activities.at/entry.php?id=11668" "Mozilla/5.0 (Windows NT 10.0; WOW64) AppleWebKit/537.36 (KHTML, like Gecko) Chrome/57.0.2987.133 Safari/537.36"
80.123.94.70 - - [06/Apr/2017:16:23:59 +0200] "GET /entry.php?id=10778&form=11493&name=list& HTTP/1.1" 200 3086 "http://ed.activities.at/entry.php?id=11668" "Mozilla/5.0 (Windows NT 10.0; WOW64) AppleWebKit/537.36 (KHTML, like Gecko) Chrome/57.0.2987.133 Safari/537.36"
95.143.230.128 - - [06/Apr/2017:16:24:20 +0200] "GET /entry.php?id=10271&&ser=488599 HTTP/1.1" 200 986 "http://ed.activities.at/entry.php?id=10271&&ser=488539" "Mozilla/5.0 (Windows NT 6.1; WOW64; rv:52.0) Gecko/20100101 Firefox/52.0"
95.143.230.128 - - [06/Apr/2017:16:24:20 +0200] "GET /gui/javascript/form_form.js?1491488660 HTTP/1.1" 200 16206 "http://ed.activities.at/entry.php?id=10271&&ser=488599" "Mozilla/5.0 (Windows NT 6.1; WOW64; rv:52.0) Gecko/20100101 Firefox/52.0"
212.108.43.59 - - [06/Apr/2017:16:24:46 +0200] "GET /entry.php?id=10271&&ser=488625 HTTP/1.1" 200 986 "http://ed.activities.at/entry.php?id=10271&&ser=488565" "Mozilla/5.0 (Windows NT 10.0; Win64; x64) AppleWebKit/537.36 (KHTML, like Gecko) Chrome/56.0.2924.87 Safari/537.36"
212.108.43.59 - - [06/Apr/2017:16:24:46 +0200] "GET /gui/javascript/form_form.js?1491488686 HTTP/1.1" 200 16206 "http://ed.activities.at/entry.php?id=10271&&ser=488625" "Mozilla/5.0 (Windows NT 10.0; Win64; x64) AppleWebKit/537.36 (KHTML, like Gecko) Chrome/56.0.2924.87 Safari/537.36"
95.143.230.128 - - [06/Apr/2017:16:24:55 +0200] "POST /entry.php?id=11671 HTTP/1.1" 200 3426 "http://ed.activities.at/entry.php?id=11671" "Mozilla/5.0 (Windows NT 6.1; WOW64; rv:52.0) Gecko/20100101 Firefox/52.0"
95.143.230.128 - - [06/Apr/2017:16:24:56 +0200] "GET /gui/javascript/form_form.js?1491488696 HTTP/1.1" 200 16206 "http://ed.activities.at/entry.php?id=11671" "Mozilla/5.0 (Windows NT 6.1; WOW64; rv:52.0) Gecko/20100101 Firefox/52.0"
95.143.230.128 - - [06/Apr/2017:16:24:56 +0200] "GET /framework/webfx/javascript/tinymce/skins/lightgray/content.min.css HTTP/1.1" 404 327 "http://ed.activities.at/entry.php?id=11671" "Mozilla/5.0 (Windows NT 6.1; WOW64; rv:52.0) Gecko/20100101 Firefox/52.0"
80.123.94.70 - - [06/Apr/2017:16:24:58 +0200] "GET /entry.php?id=10271&&ser=488638 HTTP/1.1" 200 986 "http://ed.activities.at/entry.php?id=10271&&ser=488578" "Mozilla/5.0 (Windows NT 10.0; WOW64) AppleWebKit/537.36 (KHTML, like Gecko) Chrome/57.0.2987.133 Safari/537.36"
80.123.94.70 - - [06/Apr/2017:16:24:59 +0200] "GET /gui/javascript/form_form.js?1491488698 HTTP/1.1" 200 16206 "http://ed.activities.at/entry.php?id=10271&&ser=488638" "Mozilla/5.0 (Windows NT 10.0; WOW64) AppleWebKit/537.36 (KHTML, like Gecko) Chrome/57.0.2987.133 Safari/537.36"
95.143.230.128 - - [06/Apr/2017:16:25:00 +0200] "POST /entry.php?id=11671 HTTP/1.1" 200 4794 "http://ed.activities.at/entry.php?id=11671" "Mozilla/5.0 (Windows NT 6.1; WOW64; rv:52.0) Gecko/20100101 Firefox/52.0"
95.143.230.128 - - [06/Apr/2017:16:25:01 +0200] "GET /gui/javascript/form_form.js?1491488701 HTTP/1.1" 200 16206 "http://ed.activities.at/entry.php?id=11671" "Mozilla/5.0 (Windows NT 6.1; WOW64; rv:52.0) Gecko/20100101 Firefox/52.0"
95.143.230.128 - - [06/Apr/2017:16:25:01 +0200] "GET /entry.php?id=10776&form=11496&name=list& HTTP/1.1" 200 1519 "http://ed.activities.at/entry.php?id=11671" "Mozilla/5.0 (Windows NT 6.1; WOW64; rv:52.0) Gecko/20100101 Firefox/52.0"
95.143.230.128 - - [06/Apr/2017:16:25:01 +0200] "GET /entry.php?id=10778&form=11496&name=list& HTTP/1.1" 200 4237 "http://ed.activities.at/entry.php?id=11671" "Mozilla/5.0 (Windows NT 6.1; WOW64; rv:52.0) Gecko/20100101 Firefox/52.0"
95.143.230.128 - - [06/Apr/2017:16:25:04 +0200] "POST /entry.php?id=11671 HTTP/1.1" 200 4967 "http://ed.activities.at/entry.php?id=11671" "Mozilla/5.0 (Windows NT 6.1; WOW64; rv:52.0) Gecko/20100101 Firefox/52.0"
95.143.230.128 - - [06/Apr/2017:16:25:05 +0200] "GET /gui/javascript/form_form.js?1491488705 HTTP/1.1" 200 16206 "http://ed.activities.at/entry.php?id=11671" "Mozilla/5.0 (Windows NT 6.1; WOW64; rv:52.0) Gecko/20100101 Firefox/52.0"
95.143.230.128 - - [06/Apr/2017:16:25:05 +0200] "GET /entry.php?id=10776&form=11496&name=list& HTTP/1.1" 200 1519 "http://ed.activities.at/entry.php?id=11671" "Mozilla/5.0 (Windows NT 6.1; WOW64; rv:52.0) Gecko/20100101 Firefox/52.0"
95.143.230.128 - - [06/Apr/2017:16:25:05 +0200] "GET /entry.php?id=10778&form=11496&name=list& HTTP/1.1" 200 4237 "http://ed.activities.at/entry.php?id=11671" "Mozilla/5.0 (Windows NT 6.1; WOW64; rv:52.0) Gecko/20100101 Firefox/52.0"
80.123.94.70 - - [06/Apr/2017:16:25:11 +0200] "GET /entry.php?id=10287&login=1 HTTP/1.1" 200 2292 "http://ed.activities.at/entry.php?id=10273&" "Mozilla/5.0 (Windows NT 10.0; WOW64) AppleWebKit/537.36 (KHTML, like Gecko) Chrome/57.0.2987.133 Safari/537.36"
80.123.94.70 - - [06/Apr/2017:16:25:12 +0200] "GET /gui/javascript/form_form.js?1491488712 HTTP/1.1" 200 16206 "http://ed.activities.at/entry.php?id=10287&login=1" "Mozilla/5.0 (Windows NT 10.0; WOW64) AppleWebKit/537.36 (KHTML, like Gecko) Chrome/57.0.2987.133 Safari/537.36"
95.143.230.128 - - [06/Apr/2017:16:25:20 +0200] "GET /entry.php?id=10271&&ser=488660 HTTP/1.1" 200 986 "http://ed.activities.at/entry.php?id=10271&&ser=488599" "Mozilla/5.0 (Windows NT 6.1; WOW64; rv:52.0) Gecko/20100101 Firefox/52.0"
95.143.230.128 - - [06/Apr/2017:16:25:21 +0200] "GET /gui/javascript/form_form.js?1491488720 HTTP/1.1" 200 16206 "http://ed.activities.at/entry.php?id=10271&&ser=488660" "Mozilla/5.0 (Windows NT 6.1; WOW64; rv:52.0) Gecko/20100101 Firefox/52.0"
80.123.94.70 - - [06/Apr/2017:16:25:39 +0200] "POST /entry.php?id=10287& HTTP/1.1" 200 2360 "http://ed.activities.at/entry.php?id=10287&login=1" "Mozilla/5.0 (Windows NT 10.0; WOW64) AppleWebKit/537.36 (KHTML, like Gecko) Chrome/57.0.2987.133 Safari/537.36"
80.123.94.70 - - [06/Apr/2017:16:25:40 +0200] "GET /gui/javascript/form_form.js?1491488739 HTTP/1.1" 200 16206 "http://ed.activities.at/entry.php?id=10287&" "Mozilla/5.0 (Windows NT 10.0; WOW64) AppleWebKit/537.36 (KHTML, like Gecko) Chrome/57.0.2987.133 Safari/537.36"
80.123.94.70 - - [06/Apr/2017:16:25:40 +0200] "GET /entry.php?id=10271&&ser=488638 HTTP/1.1" 200 986 "http://ed.activities.at/entry.php?id=10271&&ser=488638" "Mozilla/5.0 (Windows NT 10.0; WOW64) AppleWebKit/537.36 (KHTML, like Gecko) Chrome/57.0.2987.133 Safari/537.36"
80.123.94.70 - - [06/Apr/2017:16:25:40 +0200] "GET /gui/javascript/form_form.js?1491488740 HTTP/1.1" 200 16206 "http://ed.activities.at/entry.php?id=10271&&ser=488638" "Mozilla/5.0 (Windows NT 10.0; WOW64) AppleWebKit/537.36 (KHTML, like Gecko) Chrome/57.0.2987.133 Safari/537.36"
80.123.94.70 - - [06/Apr/2017:16:25:42 +0200] "GET /entry.php?id=11673 HTTP/1.1" 200 358 "http://ed.activities.at/entry.php?id=10270&__app__=10006038" "Mozilla/5.0 (Windows NT 10.0; WOW64) AppleWebKit/537.36 (KHTML, like Gecko) Chrome/57.0.2987.133 Safari/537.36"
80.123.94.70 - - [06/Apr/2017:16:25:42 +0200] "GET /entry.php?id=10676&&title=F%FChrerscheinkurse HTTP/1.1" 200 1396 "http://ed.activities.at/entry.php?id=11673" "Mozilla/5.0 (Windows NT 10.0; WOW64) AppleWebKit/537.36 (KHTML, like Gecko) Chrome/57.0.2987.133 Safari/537.36"
80.123.94.70 - - [06/Apr/2017:16:25:43 +0200] "GET /gui/javascript/form_form.js?1491488743 HTTP/1.1" 200 16206 "http://ed.activities.at/entry.php?id=10676&&title=F%FChrerscheinkurse" "Mozilla/5.0 (Windows NT 10.0; WOW64) AppleWebKit/537.36 (KHTML, like Gecko) Chrome/57.0.2987.133 Safari/537.36"
80.123.94.70 - - [06/Apr/2017:16:25:42 +0200] "GET /entry.php?id=11672& HTTP/1.1" 200 2693 "http://ed.activities.at/entry.php?id=11673" "Mozilla/5.0 (Windows NT 10.0; WOW64) AppleWebKit/537.36 (KHTML, like Gecko) Chrome/57.0.2987.133 Safari/537.36"
80.123.94.70 - - [06/Apr/2017:16:25:42 +0200] "GET /entry.php?id=11694& HTTP/1.1" 200 3549 "http://ed.activities.at/entry.php?id=11673" "Mozilla/5.0 (Windows NT 10.0; WOW64) AppleWebKit/537.36 (KHTML, like Gecko) Chrome/57.0.2987.133 Safari/537.36"
80.123.94.70 - - [06/Apr/2017:16:25:44 +0200] "GET /activities/framework/KoolControls/KoolAjax/koolajax.php?8436e354c842500aba3cbaf0584c0c24 HTTP/1.1" 200 4079 "http://ed.activities.at/entry.php?id=11694&" "Mozilla/5.0 (Windows NT 10.0; WOW64) AppleWebKit/537.36 (KHTML, like Gecko) Chrome/57.0.2987.133 Safari/537.36"
80.123.94.70 - - [06/Apr/2017:16:25:44 +0200] "GET /gui/javascript/form_form.js?1491488744 HTTP/1.1" 200 16206 "http://ed.activities.at/entry.php?id=11694&" "Mozilla/5.0 (Windows NT 10.0; WOW64) AppleWebKit/537.36 (KHTML, like Gecko) Chrome/57.0.2987.133 Safari/537.36"
80.123.94.70 - - [06/Apr/2017:16:25:44 +0200] "GET /activities/framework/KoolControls/KoolTreeView/kooltreeview.php?c7cd9180e88ffef8e70f13526bb4f5f7 HTTP/1.1" 200 5055 "http://ed.activities.at/entry.php?id=11694&" "Mozilla/5.0 (Windows NT 10.0; WOW64) AppleWebKit/537.36 (KHTML, like Gecko) Chrome/57.0.2987.133 Safari/537.36"
80.123.94.70 - - [06/Apr/2017:16:25:43 +0200] "GET /entry.php?id=10776&form=11497&name=list& HTTP/1.1" 200 1944 "http://ed.activities.at/entry.php?id=11672&" "Mozilla/5.0 (Windows NT 10.0; WOW64) AppleWebKit/537.36 (KHTML, like Gecko) Chrome/57.0.2987.133 Safari/537.36"
80.123.94.70 - - [06/Apr/2017:16:25:42 +0200] "GET /entry.php?id=11671& HTTP/1.1" 200 4536 "http://ed.activities.at/entry.php?id=11673" "Mozilla/5.0 (Windows NT 10.0; WOW64) AppleWebKit/537.36 (KHTML, like Gecko) Chrome/57.0.2987.133 Safari/537.36"
80.123.94.70 - - [06/Apr/2017:16:25:45 +0200] "GET /gui/javascript/form_form.js?1491488745 HTTP/1.1" 200 16206 "http://ed.activities.at/entry.php?id=11671&" "Mozilla/5.0 (Windows NT 10.0; WOW64) AppleWebKit/537.36 (KHTML, like Gecko) Chrome/57.0.2987.133 Safari/537.36"
80.123.94.70 - - [06/Apr/2017:16:25:43 +0200] "GET /entry.php?id=10778&form=11497&name=list& HTTP/1.1" 200 13023 "http://ed.activities.at/entry.php?id=11672&" "Mozilla/5.0 (Windows NT 10.0; WOW64) AppleWebKit/537.36 (KHTML, like Gecko) Chrome/57.0.2987.133 Safari/537.36"
80.123.94.70 - - [06/Apr/2017:16:25:45 +0200] "GET /entry.php?id=10778&form=11496&name=list& HTTP/1.1" 200 2493 "http://ed.activities.at/entry.php?id=11671&" "Mozilla/5.0 (Windows NT 10.0; WOW64) AppleWebKit/537.36 (KHTML, like Gecko) Chrome/57.0.2987.133 Safari/537.36"
80.123.94.70 - - [06/Apr/2017:16:25:45 +0200] "GET /entry.php?id=10776&form=11496&name=list& HTTP/1.1" 200 1526 "http://ed.activities.at/entry.php?id=11671&" "Mozilla/5.0 (Windows NT 10.0; WOW64) AppleWebKit/537.36 (KHTML, like Gecko) Chrome/57.0.2987.133 Safari/537.36"
212.108.43.59 - - [06/Apr/2017:16:25:46 +0200] "GET /entry.php?id=10271&&ser=488686 HTTP/1.1" 200 987 "http://ed.activities.at/entry.php?id=10271&&ser=488625" "Mozilla/5.0 (Windows NT 10.0; Win64; x64) AppleWebKit/537.36 (KHTML, like Gecko) Chrome/56.0.2924.87 Safari/537.36"
212.108.43.59 - - [06/Apr/2017:16:25:46 +0200] "GET /gui/javascript/form_form.js?1491488746 HTTP/1.1" 200 16206 "http://ed.activities.at/entry.php?id=10271&&ser=488686" "Mozilla/5.0 (Windows NT 10.0; Win64; x64) AppleWebKit/537.36 (KHTML, like Gecko) Chrome/56.0.2924.87 Safari/537.36"
80.123.94.70 - - [06/Apr/2017:16:25:52 +0200] "POST /entry.php?id=11671 HTTP/1.1" 200 4757 "http://ed.activities.at/entry.php?id=11671&" "Mozilla/5.0 (Windows NT 10.0; WOW64) AppleWebKit/537.36 (KHTML, like Gecko) Chrome/57.0.2987.133 Safari/537.36"
80.123.94.70 - - [06/Apr/2017:16:25:53 +0200] "GET /gui/javascript/form_form.js?1491488753 HTTP/1.1" 200 16206 "http://ed.activities.at/entry.php?id=11671" "Mozilla/5.0 (Windows NT 10.0; WOW64) AppleWebKit/537.36 (KHTML, like Gecko) Chrome/57.0.2987.133 Safari/537.36"
80.123.94.70 - - [06/Apr/2017:16:25:53 +0200] "GET /entry.php?id=10776&form=11496&name=list& HTTP/1.1" 200 1519 "http://ed.activities.at/entry.php?id=11671" "Mozilla/5.0 (Windows NT 10.0; WOW64) AppleWebKit/537.36 (KHTML, like Gecko) Chrome/57.0.2987.133 Safari/537.36"
80.123.94.70 - - [06/Apr/2017:16:25:53 +0200] "GET /entry.php?id=10778&form=11496&name=list& HTTP/1.1" 200 4792 "http://ed.activities.at/entry.php?id=11671" "Mozilla/5.0 (Windows NT 10.0; WOW64) AppleWebKit/537.36 (KHTML, like Gecko) Chrome/57.0.2987.133 Safari/537.36"
80.123.94.70 - - [06/Apr/2017:16:26:03 +0200] "POST /entry.php?id=11671 HTTP/1.1" 200 4938 "http://ed.activities.at/entry.php?id=11671" "Mozilla/5.0 (Windows NT 10.0; WOW64) AppleWebKit/537.36 (KHTML, like Gecko) Chrome/57.0.2987.133 Safari/537.36"
80.123.94.70 - - [06/Apr/2017:16:26:04 +0200] "GET /gui/javascript/form_form.js?1491488764 HTTP/1.1" 200 16206 "http://ed.activities.at/entry.php?id=11671" "Mozilla/5.0 (Windows NT 10.0; WOW64) AppleWebKit/537.36 (KHTML, like Gecko) Chrome/57.0.2987.133 Safari/537.36"
80.123.94.70 - - [06/Apr/2017:16:26:04 +0200] "GET /entry.php?id=10776&form=11496&name=list& HTTP/1.1" 200 1519 "http://ed.activities.at/entry.php?id=11671" "Mozilla/5.0 (Windows NT 10.0; WOW64) AppleWebKit/537.36 (KHTML, like Gecko) Chrome/57.0.2987.133 Safari/537.36"
80.123.94.70 - - [06/Apr/2017:16:26:04 +0200] "GET /entry.php?id=10778&form=11496&name=list& HTTP/1.1" 200 4808 "http://ed.activities.at/entry.php?id=11671" "Mozilla/5.0 (Windows NT 10.0; WOW64) AppleWebKit/537.36 (KHTML, like Gecko) Chrome/57.0.2987.133 Safari/537.36"
80.123.94.70 - - [06/Apr/2017:16:26:05 +0200] "POST /entry.php?id=11671 HTTP/1.1" 200 4921 "http://ed.activities.at/entry.php?id=11671" "Mozilla/5.0 (Windows NT 10.0; WOW64) AppleWebKit/537.36 (KHTML, like Gecko) Chrome/57.0.2987.133 Safari/537.36"
80.123.94.70 - - [06/Apr/2017:16:26:06 +0200] "GET /gui/javascript/form_form.js?1491488766 HTTP/1.1" 200 16206 "http://ed.activities.at/entry.php?id=11671" "Mozilla/5.0 (Windows NT 10.0; WOW64) AppleWebKit/537.36 (KHTML, like Gecko) Chrome/57.0.2987.133 Safari/537.36"
80.123.94.70 - - [06/Apr/2017:16:26:06 +0200] "GET /entry.php?id=10776&form=11496&name=list& HTTP/1.1" 200 1519 "http://ed.activities.at/entry.php?id=11671" "Mozilla/5.0 (Windows NT 10.0; WOW64) AppleWebKit/537.36 (KHTML, like Gecko) Chrome/57.0.2987.133 Safari/537.36"
80.123.94.70 - - [06/Apr/2017:16:26:06 +0200] "GET /entry.php?id=10778&form=11496&name=list& HTTP/1.1" 200 4808 "http://ed.activities.at/entry.php?id=11671" "Mozilla/5.0 (Windows NT 10.0; WOW64) AppleWebKit/537.36 (KHTML, like Gecko) Chrome/57.0.2987.133 Safari/537.36"
80.123.94.70 - - [06/Apr/2017:16:26:15 +0200] "POST /entry.php?id=11671 HTTP/1.1" 200 4752 "http://ed.activities.at/entry.php?id=11671" "Mozilla/5.0 (Windows NT 10.0; WOW64) AppleWebKit/537.36 (KHTML, like Gecko) Chrome/57.0.2987.133 Safari/537.36"
80.123.94.70 - - [06/Apr/2017:16:26:17 +0200] "GET /gui/javascript/form_form.js?1491488777 HTTP/1.1" 200 16206 "http://ed.activities.at/entry.php?id=11671" "Mozilla/5.0 (Windows NT 10.0; WOW64) AppleWebKit/537.36 (KHTML, like Gecko) Chrome/57.0.2987.133 Safari/537.36"
80.123.94.70 - - [06/Apr/2017:16:26:17 +0200] "GET /entry.php?id=10778&form=11496&name=list& HTTP/1.1" 200 4792 "http://ed.activities.at/entry.php?id=11671" "Mozilla/5.0 (Windows NT 10.0; WOW64) AppleWebKit/537.36 (KHTML, like Gecko) Chrome/57.0.2987.133 Safari/537.36"
80.123.94.70 - - [06/Apr/2017:16:26:17 +0200] "GET /entry.php?id=10776&form=11496&name=list& HTTP/1.1" 200 1519 "http://ed.activities.at/entry.php?id=11671" "Mozilla/5.0 (Windows NT 10.0; WOW64) AppleWebKit/537.36 (KHTML, like Gecko) Chrome/57.0.2987.133 Safari/537.36"
95.143.230.128 - - [06/Apr/2017:16:26:21 +0200] "GET /entry.php?id=10271&&ser=488720 HTTP/1.1" 200 986 "http://ed.activities.at/entry.php?id=10271&&ser=488660" "Mozilla/5.0 (Windows NT 6.1; WOW64; rv:52.0) Gecko/20100101 Firefox/52.0"
95.143.230.128 - - [06/Apr/2017:16:26:21 +0200] "GET /gui/javascript/form_form.js?1491488781 HTTP/1.1" 200 16206 "http://ed.activities.at/entry.php?id=10271&&ser=488720" "Mozilla/5.0 (Windows NT 6.1; WOW64; rv:52.0) Gecko/20100101 Firefox/52.0"
80.123.94.70 - - [06/Apr/2017:16:26:31 +0200] "POST /entry.php?id=11671 HTTP/1.1" 200 4932 "http://ed.activities.at/entry.php?id=11671" "Mozilla/5.0 (Windows NT 10.0; WOW64) AppleWebKit/537.36 (KHTML, like Gecko) Chrome/57.0.2987.133 Safari/537.36"
80.123.94.70 - - [06/Apr/2017:16:26:32 +0200] "GET /gui/javascript/form_form.js?1491488791 HTTP/1.1" 200 16206 "http://ed.activities.at/entry.php?id=11671" "Mozilla/5.0 (Windows NT 10.0; WOW64) AppleWebKit/537.36 (KHTML, like Gecko) Chrome/57.0.2987.133 Safari/537.36"
80.123.94.70 - - [06/Apr/2017:16:26:32 +0200] "GET /entry.php?id=10778&form=11496&name=list& HTTP/1.1" 200 4808 "http://ed.activities.at/entry.php?id=11671" "Mozilla/5.0 (Windows NT 10.0; WOW64) AppleWebKit/537.36 (KHTML, like Gecko) Chrome/57.0.2987.133 Safari/537.36"
80.123.94.70 - - [06/Apr/2017:16:26:32 +0200] "GET /entry.php?id=10776&form=11496&name=list& HTTP/1.1" 200 1519 "http://ed.activities.at/entry.php?id=11671" "Mozilla/5.0 (Windows NT 10.0; WOW64) AppleWebKit/537.36 (KHTML, like Gecko) Chrome/57.0.2987.133 Safari/537.36"
80.123.94.70 - - [06/Apr/2017:16:26:33 +0200] "POST /entry.php?id=11671 HTTP/1.1" 200 4917 "http://ed.activities.at/entry.php?id=11671" "Mozilla/5.0 (Windows NT 10.0; WOW64) AppleWebKit/537.36 (KHTML, like Gecko) Chrome/57.0.2987.133 Safari/537.36"
80.123.94.70 - - [06/Apr/2017:16:26:35 +0200] "GET /gui/javascript/form_form.js?1491488795 HTTP/1.1" 200 16206 "http://ed.activities.at/entry.php?id=11671" "Mozilla/5.0 (Windows NT 10.0; WOW64) AppleWebKit/537.36 (KHTML, like Gecko) Chrome/57.0.2987.133 Safari/537.36"
80.123.94.70 - - [06/Apr/2017:16:26:35 +0200] "GET /entry.php?id=10776&form=11496&name=list& HTTP/1.1" 200 1519 "http://ed.activities.at/entry.php?id=11671" "Mozilla/5.0 (Windows NT 10.0; WOW64) AppleWebKit/537.36 (KHTML, like Gecko) Chrome/57.0.2987.133 Safari/537.36"
80.123.94.70 - - [06/Apr/2017:16:26:35 +0200] "GET /entry.php?id=10778&form=11496&name=list& HTTP/1.1" 200 4808 "http://ed.activities.at/entry.php?id=11671" "Mozilla/5.0 (Windows NT 10.0; WOW64) AppleWebKit/537.36 (KHTML, like Gecko) Chrome/57.0.2987.133 Safari/537.36"
80.123.94.70 - - [06/Apr/2017:16:26:37 +0200] "POST /entry.php?id=11671 HTTP/1.1" 200 4753 "http://ed.activities.at/entry.php?id=11671" "Mozilla/5.0 (Windows NT 10.0; WOW64) AppleWebKit/537.36 (KHTML, like Gecko) Chrome/57.0.2987.133 Safari/537.36"
80.123.94.70 - - [06/Apr/2017:16:26:39 +0200] "GET /gui/javascript/form_form.js?1491488798 HTTP/1.1" 200 16206 "http://ed.activities.at/entry.php?id=11671" "Mozilla/5.0 (Windows NT 10.0; WOW64) AppleWebKit/537.36 (KHTML, like Gecko) Chrome/57.0.2987.133 Safari/537.36"
80.123.94.70 - - [06/Apr/2017:16:26:39 +0200] "GET /entry.php?id=10778&form=11496&name=list& HTTP/1.1" 200 4792 "http://ed.activities.at/entry.php?id=11671" "Mozilla/5.0 (Windows NT 10.0; WOW64) AppleWebKit/537.36 (KHTML, like Gecko) Chrome/57.0.2987.133 Safari/537.36"
80.123.94.70 - - [06/Apr/2017:16:26:39 +0200] "GET /entry.php?id=10776&form=11496&name=list& HTTP/1.1" 200 1519 "http://ed.activities.at/entry.php?id=11671" "Mozilla/5.0 (Windows NT 10.0; WOW64) AppleWebKit/537.36 (KHTML, like Gecko) Chrome/57.0.2987.133 Safari/537.36"
80.123.94.70 - - [06/Apr/2017:16:26:40 +0200] "GET /entry.php?id=10271&&ser=488740 HTTP/1.1" 200 986 "http://ed.activities.at/entry.php?id=10271&&ser=488638" "Mozilla/5.0 (Windows NT 10.0; WOW64) AppleWebKit/537.36 (KHTML, like Gecko) Chrome/57.0.2987.133 Safari/537.36"
80.123.94.70 - - [06/Apr/2017:16:26:40 +0200] "GET /gui/javascript/form_form.js?1491488800 HTTP/1.1" 200 16206 "http://ed.activities.at/entry.php?id=10271&&ser=488740" "Mozilla/5.0 (Windows NT 10.0; WOW64) AppleWebKit/537.36 (KHTML, like Gecko) Chrome/57.0.2987.133 Safari/537.36"
80.123.94.70 - - [06/Apr/2017:16:26:41 +0200] "POST /entry.php?id=11671 HTTP/1.1" 200 4933 "http://ed.activities.at/entry.php?id=11671" "Mozilla/5.0 (Windows NT 10.0; WOW64) AppleWebKit/537.36 (KHTML, like Gecko) Chrome/57.0.2987.133 Safari/537.36"
80.123.94.70 - - [06/Apr/2017:16:26:42 +0200] "GET /gui/javascript/form_form.js?1491488802 HTTP/1.1" 200 16206 "http://ed.activities.at/entry.php?id=11671" "Mozilla/5.0 (Windows NT 10.0; WOW64) AppleWebKit/537.36 (KHTML, like Gecko) Chrome/57.0.2987.133 Safari/537.36"
80.123.94.70 - - [06/Apr/2017:16:26:42 +0200] "GET /entry.php?id=10776&form=11496&name=list& HTTP/1.1" 200 1519 "http://ed.activities.at/entry.php?id=11671" "Mozilla/5.0 (Windows NT 10.0; WOW64) AppleWebKit/537.36 (KHTML, like Gecko) Chrome/57.0.2987.133 Safari/537.36"
80.123.94.70 - - [06/Apr/2017:16:26:42 +0200] "GET /entry.php?id=10778&form=11496&name=list& HTTP/1.1" 200 4808 "http://ed.activities.at/entry.php?id=11671" "Mozilla/5.0 (Windows NT 10.0; WOW64) AppleWebKit/537.36 (KHTML, like Gecko) Chrome/57.0.2987.133 Safari/537.36"
95.143.230.128 - - [06/Apr/2017:16:26:44 +0200] "POST /entry.php?id=11671 HTTP/1.1" 200 4554 "http://ed.activities.at/entry.php?id=11671" "Mozilla/5.0 (Windows NT 6.1; WOW64; rv:52.0) Gecko/20100101 Firefox/52.0"
95.143.230.128 - - [06/Apr/2017:16:26:45 +0200] "GET /gui/javascript/form_form.js?1491488805 HTTP/1.1" 200 16206 "http://ed.activities.at/entry.php?id=11671" "Mozilla/5.0 (Windows NT 6.1; WOW64; rv:52.0) Gecko/20100101 Firefox/52.0"
95.143.230.128 - - [06/Apr/2017:16:26:45 +0200] "GET /entry.php?id=10776&form=11496&name=list& HTTP/1.1" 200 1519 "http://ed.activities.at/entry.php?id=11671" "Mozilla/5.0 (Windows NT 6.1; WOW64; rv:52.0) Gecko/20100101 Firefox/52.0"
95.143.230.128 - - [06/Apr/2017:16:26:45 +0200] "GET /entry.php?id=10778&form=11496&name=list& HTTP/1.1" 200 4033 "http://ed.activities.at/entry.php?id=11671" "Mozilla/5.0 (Windows NT 6.1; WOW64; rv:52.0) Gecko/20100101 Firefox/52.0"
80.123.94.70 - - [06/Apr/2017:16:26:44 +0200] "POST /entry.php?id=11671 HTTP/1.1" 200 4917 "http://ed.activities.at/entry.php?id=11671" "Mozilla/5.0 (Windows NT 10.0; WOW64) AppleWebKit/537.36 (KHTML, like Gecko) Chrome/57.0.2987.133 Safari/537.36"
80.123.94.70 - - [06/Apr/2017:16:26:45 +0200] "GET /gui/javascript/form_form.js?1491488805 HTTP/1.1" 200 16206 "http://ed.activities.at/entry.php?id=11671" "Mozilla/5.0 (Windows NT 10.0; WOW64) AppleWebKit/537.36 (KHTML, like Gecko) Chrome/57.0.2987.133 Safari/537.36"
80.123.94.70 - - [06/Apr/2017:16:26:45 +0200] "GET /entry.php?id=10776&form=11496&name=list& HTTP/1.1" 200 1519 "http://ed.activities.at/entry.php?id=11671" "Mozilla/5.0 (Windows NT 10.0; WOW64) AppleWebKit/537.36 (KHTML, like Gecko) Chrome/57.0.2987.133 Safari/537.36"
80.123.94.70 - - [06/Apr/2017:16:26:45 +0200] "GET /entry.php?id=10778&form=11496&name=list& HTTP/1.1" 200 4808 "http://ed.activities.at/entry.php?id=11671" "Mozilla/5.0 (Windows NT 10.0; WOW64) AppleWebKit/537.36 (KHTML, like Gecko) Chrome/57.0.2987.133 Safari/537.36"
212.108.43.59 - - [06/Apr/2017:16:26:47 +0200] "GET /entry.php?id=10271&&ser=488746 HTTP/1.1" 200 986 "http://ed.activities.at/entry.php?id=10271&&ser=488686" "Mozilla/5.0 (Windows NT 10.0; Win64; x64) AppleWebKit/537.36 (KHTML, like Gecko) Chrome/56.0.2924.87 Safari/537.36"
212.108.43.59 - - [06/Apr/2017:16:26:48 +0200] "GET /gui/javascript/form_form.js?1491488807 HTTP/1.1" 200 16206 "http://ed.activities.at/entry.php?id=10271&&ser=488746" "Mozilla/5.0 (Windows NT 10.0; Win64; x64) AppleWebKit/537.36 (KHTML, like Gecko) Chrome/56.0.2924.87 Safari/537.36"
80.123.94.70 - - [06/Apr/2017:16:26:48 +0200] "GET /entry.php?id=11670 HTTP/1.1" 200 320 "http://ed.activities.at/entry.php?id=10270&__app__=10006038" "Mozilla/5.0 (Windows NT 10.0; WOW64) AppleWebKit/537.36 (KHTML, like Gecko) Chrome/57.0.2987.133 Safari/537.36"
80.123.94.70 - - [06/Apr/2017:16:26:49 +0200] "GET /entry.php?id=11668& HTTP/1.1" 200 3367 "http://ed.activities.at/entry.php?id=11670" "Mozilla/5.0 (Windows NT 10.0; WOW64) AppleWebKit/537.36 (KHTML, like Gecko) Chrome/57.0.2987.133 Safari/537.36"
80.123.94.70 - - [06/Apr/2017:16:26:50 +0200] "GET /gui/javascript/form_form.js?1491488809 HTTP/1.1" 200 16206 "http://ed.activities.at/entry.php?id=11668&" "Mozilla/5.0 (Windows NT 10.0; WOW64) AppleWebKit/537.36 (KHTML, like Gecko) Chrome/57.0.2987.133 Safari/537.36"
80.123.94.70 - - [06/Apr/2017:16:26:49 +0200] "GET /entry.php?id=11669& HTTP/1.1" 200 2281 "http://ed.activities.at/entry.php?id=11670" "Mozilla/5.0 (Windows NT 10.0; WOW64) AppleWebKit/537.36 (KHTML, like Gecko) Chrome/57.0.2987.133 Safari/537.36"
80.123.94.70 - - [06/Apr/2017:16:26:50 +0200] "GET /gui/javascript/form_form.js?1491488810 HTTP/1.1" 200 16206 "http://ed.activities.at/entry.php?id=11669&" "Mozilla/5.0 (Windows NT 10.0; WOW64) AppleWebKit/537.36 (KHTML, like Gecko) Chrome/57.0.2987.133 Safari/537.36"
80.123.94.70 - - [06/Apr/2017:16:26:49 +0200] "GET /entry.php?id=10676&&title=Produkte HTTP/1.1" 200 1388 "http://ed.activities.at/entry.php?id=11670" "Mozilla/5.0 (Windows NT 10.0; WOW64) AppleWebKit/537.36 (KHTML, like Gecko) Chrome/57.0.2987.133 Safari/537.36"
80.123.94.70 - - [06/Apr/2017:16:26:50 +0200] "GET /entry.php?id=10776&form=11493&name=list& HTTP/1.1" 200 1487 "http://ed.activities.at/entry.php?id=11668&" "Mozilla/5.0 (Windows NT 10.0; WOW64) AppleWebKit/537.36 (KHTML, like Gecko) Chrome/57.0.2987.133 Safari/537.36"
80.123.94.70 - - [06/Apr/2017:16:26:50 +0200] "GET /entry.php?id=10778&form=11493&name=list& HTTP/1.1" 200 2487 "http://ed.activities.at/entry.php?id=11668&" "Mozilla/5.0 (Windows NT 10.0; WOW64) AppleWebKit/537.36 (KHTML, like Gecko) Chrome/57.0.2987.133 Safari/537.36"
80.123.94.70 - - [06/Apr/2017:16:26:50 +0200] "GET /entry.php?id=10776&form=11494&name=list& HTTP/1.1" 200 1991 "http://ed.activities.at/entry.php?id=11669&" "Mozilla/5.0 (Windows NT 10.0; WOW64) AppleWebKit/537.36 (KHTML, like Gecko) Chrome/57.0.2987.133 Safari/537.36"
80.123.94.70 - - [06/Apr/2017:16:26:50 +0200] "GET /entry.php?id=10778&form=11494&name=list& HTTP/1.1" 200 4970 "http://ed.activities.at/entry.php?id=11669&" "Mozilla/5.0 (Windows NT 10.0; WOW64) AppleWebKit/537.36 (KHTML, like Gecko) Chrome/57.0.2987.133 Safari/537.36"
80.123.94.70 - - [06/Apr/2017:16:27:00 +0200] "GET /entry.php?id=10287&login=1 HTTP/1.1" 200 2289 "http://ed.activities.at/entry.php?id=10273&" "Mozilla/5.0 (Windows NT 10.0; WOW64) AppleWebKit/537.36 (KHTML, like Gecko) Chrome/57.0.2987.133 Safari/537.36"
80.123.94.70 - - [06/Apr/2017:16:27:01 +0200] "GET /gui/javascript/form_form.js?1491488820 HTTP/1.1" 200 16206 "http://ed.activities.at/entry.php?id=10287&login=1" "Mozilla/5.0 (Windows NT 10.0; WOW64) AppleWebKit/537.36 (KHTML, like Gecko) Chrome/57.0.2987.133 Safari/537.36"
80.123.94.70 - - [06/Apr/2017:16:27:02 +0200] "GET /entry.php?id=11670 HTTP/1.1" 200 320 "http://ed.activities.at/entry.php?id=10270&__app__=10006038" "Mozilla/5.0 (Windows NT 10.0; WOW64) AppleWebKit/537.36 (KHTML, like Gecko) Chrome/57.0.2987.133 Safari/537.36"
80.123.94.70 - - [06/Apr/2017:16:27:03 +0200] "GET /entry.php?id=11668& HTTP/1.1" 200 3367 "http://ed.activities.at/entry.php?id=11670" "Mozilla/5.0 (Windows NT 10.0; WOW64) AppleWebKit/537.36 (KHTML, like Gecko) Chrome/57.0.2987.133 Safari/537.36"
80.123.94.70 - - [06/Apr/2017:16:27:03 +0200] "GET /gui/javascript/form_form.js?1491488823 HTTP/1.1" 200 16206 "http://ed.activities.at/entry.php?id=11668&" "Mozilla/5.0 (Windows NT 10.0; WOW64) AppleWebKit/537.36 (KHTML, like Gecko) Chrome/57.0.2987.133 Safari/537.36"
80.123.94.70 - - [06/Apr/2017:16:27:03 +0200] "GET /entry.php?id=10676&&title=Produkte HTTP/1.1" 200 1389 "http://ed.activities.at/entry.php?id=11670" "Mozilla/5.0 (Windows NT 10.0; WOW64) AppleWebKit/537.36 (KHTML, like Gecko) Chrome/57.0.2987.133 Safari/537.36"
80.123.94.70 - - [06/Apr/2017:16:27:04 +0200] "GET /gui/javascript/form_form.js?1491488824 HTTP/1.1" 200 16206 "http://ed.activities.at/entry.php?id=10676&&title=Produkte" "Mozilla/5.0 (Windows NT 10.0; WOW64) AppleWebKit/537.36 (KHTML, like Gecko) Chrome/57.0.2987.133 Safari/537.36"
80.123.94.70 - - [06/Apr/2017:16:27:03 +0200] "GET /entry.php?id=11669& HTTP/1.1" 200 2282 "http://ed.activities.at/entry.php?id=11670" "Mozilla/5.0 (Windows NT 10.0; WOW64) AppleWebKit/537.36 (KHTML, like Gecko) Chrome/57.0.2987.133 Safari/537.36"
80.123.94.70 - - [06/Apr/2017:16:27:04 +0200] "GET /entry.php?id=10776&form=11493&name=list& HTTP/1.1" 200 1487 "http://ed.activities.at/entry.php?id=11668&" "Mozilla/5.0 (Windows NT 10.0; WOW64) AppleWebKit/537.36 (KHTML, like Gecko) Chrome/57.0.2987.133 Safari/537.36"
80.123.94.70 - - [06/Apr/2017:16:27:04 +0200] "GET /entry.php?id=10778&form=11493&name=list& HTTP/1.1" 200 2487 "http://ed.activities.at/entry.php?id=11668&" "Mozilla/5.0 (Windows NT 10.0; WOW64) AppleWebKit/537.36 (KHTML, like Gecko) Chrome/57.0.2987.133 Safari/537.36"
80.123.94.70 - - [06/Apr/2017:16:27:04 +0200] "GET /entry.php?id=10776&form=11494&name=list& HTTP/1.1" 200 1991 "http://ed.activities.at/entry.php?id=11669&" "Mozilla/5.0 (Windows NT 10.0; WOW64) AppleWebKit/537.36 (KHTML, like Gecko) Chrome/57.0.2987.133 Safari/537.36"
80.123.94.70 - - [06/Apr/2017:16:27:04 +0200] "GET /entry.php?id=10778&form=11494&name=list& HTTP/1.1" 200 4970 "http://ed.activities.at/entry.php?id=11669&" "Mozilla/5.0 (Windows NT 10.0; WOW64) AppleWebKit/537.36 (KHTML, like Gecko) Chrome/57.0.2987.133 Safari/537.36"
80.123.94.70 - - [06/Apr/2017:16:27:19 +0200] "POST /entry.php?id=11668 HTTP/1.1" 200 3475 "http://ed.activities.at/entry.php?id=11668&" "Mozilla/5.0 (Windows NT 10.0; WOW64) AppleWebKit/537.36 (KHTML, like Gecko) Chrome/57.0.2987.133 Safari/537.36"
80.123.94.70 - - [06/Apr/2017:16:27:20 +0200] "GET /gui/javascript/form_form.js?1491488840 HTTP/1.1" 200 16206 "http://ed.activities.at/entry.php?id=11668" "Mozilla/5.0 (Windows NT 10.0; WOW64) AppleWebKit/537.36 (KHTML, like Gecko) Chrome/57.0.2987.133 Safari/537.36"
80.123.94.70 - - [06/Apr/2017:16:27:20 +0200] "GET /entry.php?id=10776&form=11493&name=list& HTTP/1.1" 200 1485 "http://ed.activities.at/entry.php?id=11668" "Mozilla/5.0 (Windows NT 10.0; WOW64) AppleWebKit/537.36 (KHTML, like Gecko) Chrome/57.0.2987.133 Safari/537.36"
80.123.94.70 - - [06/Apr/2017:16:27:20 +0200] "GET /entry.php?id=10778&form=11493&name=list& HTTP/1.1" 200 2985 "http://ed.activities.at/entry.php?id=11668" "Mozilla/5.0 (Windows NT 10.0; WOW64) AppleWebKit/537.36 (KHTML, like Gecko) Chrome/57.0.2987.133 Safari/537.36"
95.143.230.128 - - [06/Apr/2017:16:27:22 +0200] "GET /entry.php?id=10271&&ser=488781 HTTP/1.1" 200 986 "http://ed.activities.at/entry.php?id=10271&&ser=488720" "Mozilla/5.0 (Windows NT 6.1; WOW64; rv:52.0) Gecko/20100101 Firefox/52.0"
95.143.230.128 - - [06/Apr/2017:16:27:22 +0200] "GET /gui/javascript/form_form.js?1491488842 HTTP/1.1" 200 16206 "http://ed.activities.at/entry.php?id=10271&&ser=488781" "Mozilla/5.0 (Windows NT 6.1; WOW64; rv:52.0) Gecko/20100101 Firefox/52.0"
80.123.94.70 - - [06/Apr/2017:16:27:29 +0200] "POST /entry.php?id=11668 HTTP/1.1" 200 3605 "http://ed.activities.at/entry.php?id=11668" "Mozilla/5.0 (Windows NT 10.0; WOW64) AppleWebKit/537.36 (KHTML, like Gecko) Chrome/57.0.2987.133 Safari/537.36"
80.123.94.70 - - [06/Apr/2017:16:27:30 +0200] "GET /gui/javascript/form_form.js?1491488849 HTTP/1.1" 200 16206 "http://ed.activities.at/entry.php?id=11668" "Mozilla/5.0 (Windows NT 10.0; WOW64) AppleWebKit/537.36 (KHTML, like Gecko) Chrome/57.0.2987.133 Safari/537.36"
80.123.94.70 - - [06/Apr/2017:16:27:30 +0200] "GET /entry.php?id=10778&form=11493&name=list& HTTP/1.1" 200 2983 "http://ed.activities.at/entry.php?id=11668" "Mozilla/5.0 (Windows NT 10.0; WOW64) AppleWebKit/537.36 (KHTML, like Gecko) Chrome/57.0.2987.133 Safari/537.36"
80.123.94.70 - - [06/Apr/2017:16:27:30 +0200] "GET /entry.php?id=10776&form=11493&name=list& HTTP/1.1" 200 1479 "http://ed.activities.at/entry.php?id=11668" "Mozilla/5.0 (Windows NT 10.0; WOW64) AppleWebKit/537.36 (KHTML, like Gecko) Chrome/57.0.2987.133 Safari/537.36"
80.123.94.70 - - [06/Apr/2017:16:27:31 +0200] "POST /entry.php?id=11668 HTTP/1.1" 200 3503 "http://ed.activities.at/entry.php?id=11668" "Mozilla/5.0 (Windows NT 10.0; WOW64) AppleWebKit/537.36 (KHTML, like Gecko) Chrome/57.0.2987.133 Safari/537.36"
80.123.94.70 - - [06/Apr/2017:16:27:32 +0200] "GET /gui/javascript/form_form.js?1491488851 HTTP/1.1" 200 16206 "http://ed.activities.at/entry.php?id=11668" "Mozilla/5.0 (Windows NT 10.0; WOW64) AppleWebKit/537.36 (KHTML, like Gecko) Chrome/57.0.2987.133 Safari/537.36"
80.123.94.70 - - [06/Apr/2017:16:27:32 +0200] "GET /entry.php?id=10776&form=11493&name=list& HTTP/1.1" 200 1479 "http://ed.activities.at/entry.php?id=11668" "Mozilla/5.0 (Windows NT 10.0; WOW64) AppleWebKit/537.36 (KHTML, like Gecko) Chrome/57.0.2987.133 Safari/537.36"
80.123.94.70 - - [06/Apr/2017:16:27:32 +0200] "GET /entry.php?id=10778&form=11493&name=list& HTTP/1.1" 200 2999 "http://ed.activities.at/entry.php?id=11668" "Mozilla/5.0 (Windows NT 10.0; WOW64) AppleWebKit/537.36 (KHTML, like Gecko) Chrome/57.0.2987.133 Safari/537.36"
80.123.94.70 - - [06/Apr/2017:16:27:35 +0200] "POST /entry.php?id=11668 HTTP/1.1" 200 3632 "http://ed.activities.at/entry.php?id=11668" "Mozilla/5.0 (Windows NT 10.0; WOW64) AppleWebKit/537.36 (KHTML, like Gecko) Chrome/57.0.2987.133 Safari/537.36"
80.123.94.70 - - [06/Apr/2017:16:27:36 +0200] "GET /gui/javascript/form_form.js?1491488856 HTTP/1.1" 200 16206 "http://ed.activities.at/entry.php?id=11668" "Mozilla/5.0 (Windows NT 10.0; WOW64) AppleWebKit/537.36 (KHTML, like Gecko) Chrome/57.0.2987.133 Safari/537.36"
80.123.94.70 - - [06/Apr/2017:16:27:36 +0200] "GET /entry.php?id=10776&form=11493&name=list& HTTP/1.1" 200 1479 "http://ed.activities.at/entry.php?id=11668" "Mozilla/5.0 (Windows NT 10.0; WOW64) AppleWebKit/537.36 (KHTML, like Gecko) Chrome/57.0.2987.133 Safari/537.36"
80.123.94.70 - - [06/Apr/2017:16:27:36 +0200] "GET /entry.php?id=10778&form=11493&name=list& HTTP/1.1" 200 2983 "http://ed.activities.at/entry.php?id=11668" "Mozilla/5.0 (Windows NT 10.0; WOW64) AppleWebKit/537.36 (KHTML, like Gecko) Chrome/57.0.2987.133 Safari/537.36"
80.123.94.70 - - [06/Apr/2017:16:27:36 +0200] "POST /entry.php?id=11668 HTTP/1.1" 200 3493 "http://ed.activities.at/entry.php?id=11668" "Mozilla/5.0 (Windows NT 10.0; WOW64) AppleWebKit/537.36 (KHTML, like Gecko) Chrome/57.0.2987.133 Safari/537.36"
80.123.94.70 - - [06/Apr/2017:16:27:37 +0200] "GET /gui/javascript/form_form.js?1491488857 HTTP/1.1" 200 16206 "http://ed.activities.at/entry.php?id=11668" "Mozilla/5.0 (Windows NT 10.0; WOW64) AppleWebKit/537.36 (KHTML, like Gecko) Chrome/57.0.2987.133 Safari/537.36"
