91.141.2.151 - - [06/Apr/2017:14:23:25 +0200] "GET /gui/javascript/form_form.js?1491481405 HTTP/1.1" 200 16206 "http://ed.activities.at/entry.php?id=11671" "Mozilla/5.0 (Windows NT 6.1; WOW64; Trident/7.0; rv:11.0) like Gecko"
91.141.2.151 - - [06/Apr/2017:14:23:25 +0200] "GET /entry.php?id=10776&form=11496&name=list& HTTP/1.1" 200 1519 "http://ed.activities.at/entry.php?id=11671" "Mozilla/5.0 (Windows NT 6.1; WOW64; Trident/7.0; rv:11.0) like Gecko"
91.141.2.151 - - [06/Apr/2017:14:23:26 +0200] "GET /entry.php?id=10778&form=11496&name=list& HTTP/1.1" 200 5740 "http://ed.activities.at/entry.php?id=11671" "Mozilla/5.0 (Windows NT 6.1; WOW64; Trident/7.0; rv:11.0) like Gecko"
91.141.2.151 - - [06/Apr/2017:14:23:33 +0200] "POST /entry.php?id=11671 HTTP/1.1" 200 4883 "http://ed.activities.at/entry.php?id=11671" "Mozilla/5.0 (Windows NT 6.1; WOW64; Trident/7.0; rv:11.0) like Gecko"
91.141.2.151 - - [06/Apr/2017:14:23:34 +0200] "GET /gui/javascript/form_form.js?1491481414 HTTP/1.1" 200 16206 "http://ed.activities.at/entry.php?id=11671" "Mozilla/5.0 (Windows NT 6.1; WOW64; Trident/7.0; rv:11.0) like Gecko"
91.141.2.151 - - [06/Apr/2017:14:23:34 +0200] "GET /entry.php?id=10776&form=11496&name=list& HTTP/1.1" 200 1519 "http://ed.activities.at/entry.php?id=11671" "Mozilla/5.0 (Windows NT 6.1; WOW64; Trident/7.0; rv:11.0) like Gecko"
91.141.2.151 - - [06/Apr/2017:14:23:34 +0200] "GET /entry.php?id=10778&form=11496&name=list& HTTP/1.1" 200 5740 "http://ed.activities.at/entry.php?id=11671" "Mozilla/5.0 (Windows NT 6.1; WOW64; Trident/7.0; rv:11.0) like Gecko"
91.141.2.151 - - [06/Apr/2017:14:23:36 +0200] "GET /entry.php?id=10271&&ser=481355 HTTP/1.1" 200 987 "http://ed.activities.at/entry.php?id=10271&&ser=481294" "Mozilla/5.0 (Windows NT 6.1; WOW64; Trident/7.0; rv:11.0) like Gecko"
91.141.2.151 - - [06/Apr/2017:14:23:36 +0200] "GET /gui/javascript/form_form.js?1491481416 HTTP/1.1" 200 16206 "http://ed.activities.at/entry.php?id=10271&&ser=481355" "Mozilla/5.0 (Windows NT 6.1; WOW64; Trident/7.0; rv:11.0) like Gecko"
91.141.2.151 - - [06/Apr/2017:14:24:00 +0200] "POST /entry.php?id=11671 HTTP/1.1" 200 4724 "http://ed.activities.at/entry.php?id=11671" "Mozilla/5.0 (Windows NT 6.1; WOW64; Trident/7.0; rv:11.0) like Gecko"
91.141.2.151 - - [06/Apr/2017:14:24:01 +0200] "GET /gui/javascript/form_form.js?1491481441 HTTP/1.1" 200 16206 "http://ed.activities.at/entry.php?id=11671" "Mozilla/5.0 (Windows NT 6.1; WOW64; Trident/7.0; rv:11.0) like Gecko"
91.141.2.151 - - [06/Apr/2017:14:24:01 +0200] "GET /entry.php?id=10778&form=11496&name=list& HTTP/1.1" 200 5725 "http://ed.activities.at/entry.php?id=11671" "Mozilla/5.0 (Windows NT 6.1; WOW64; Trident/7.0; rv:11.0) like Gecko"
91.141.2.151 - - [06/Apr/2017:14:24:01 +0200] "GET /entry.php?id=10776&form=11496&name=list& HTTP/1.1" 200 1519 "http://ed.activities.at/entry.php?id=11671" "Mozilla/5.0 (Windows NT 6.1; WOW64; Trident/7.0; rv:11.0) like Gecko"
212.108.43.59 - - [06/Apr/2017:14:24:03 +0200] "GET /entry.php?id=10271&&ser=481383 HTTP/1.1" 200 987 "http://ed.activities.at/entry.php?id=10271&&ser=481323" "Mozilla/5.0 (Windows NT 10.0; Win64; x64) AppleWebKit/537.36 (KHTML, like Gecko) Chrome/56.0.2924.87 Safari/537.36"
212.108.43.59 - - [06/Apr/2017:14:24:03 +0200] "GET /gui/javascript/form_form.js?1491481443 HTTP/1.1" 200 16206 "http://ed.activities.at/entry.php?id=10271&&ser=481383" "Mozilla/5.0 (Windows NT 10.0; Win64; x64) AppleWebKit/537.36 (KHTML, like Gecko) Chrome/56.0.2924.87 Safari/537.36"
91.141.2.151 - - [06/Apr/2017:14:24:11 +0200] "POST /entry.php?id=11671 HTTP/1.1" 200 4898 "http://ed.activities.at/entry.php?id=11671" "Mozilla/5.0 (Windows NT 6.1; WOW64; Trident/7.0; rv:11.0) like Gecko"
91.141.2.151 - - [06/Apr/2017:14:24:11 +0200] "GET /gui/javascript/form_form.js?1491481451 HTTP/1.1" 200 16206 "http://ed.activities.at/entry.php?id=11671" "Mozilla/5.0 (Windows NT 6.1; WOW64; Trident/7.0; rv:11.0) like Gecko"
91.141.2.151 - - [06/Apr/2017:14:24:12 +0200] "GET /entry.php?id=10776&form=11496&name=list& HTTP/1.1" 200 1519 "http://ed.activities.at/entry.php?id=11671" "Mozilla/5.0 (Windows NT 6.1; WOW64; Trident/7.0; rv:11.0) like Gecko"
91.141.2.151 - - [06/Apr/2017:14:24:12 +0200] "GET /entry.php?id=10778&form=11496&name=list& HTTP/1.1" 200 5725 "http://ed.activities.at/entry.php?id=11671" "Mozilla/5.0 (Windows NT 6.1; WOW64; Trident/7.0; rv:11.0) like Gecko"
91.141.2.151 - - [06/Apr/2017:14:24:20 +0200] "POST /entry.php?id=11671 HTTP/1.1" 200 4743 "http://ed.activities.at/entry.php?id=11671" "Mozilla/5.0 (Windows NT 6.1; WOW64; Trident/7.0; rv:11.0) like Gecko"
91.141.2.151 - - [06/Apr/2017:14:24:21 +0200] "GET /gui/javascript/form_form.js?1491481461 HTTP/1.1" 200 16206 "http://ed.activities.at/entry.php?id=11671" "Mozilla/5.0 (Windows NT 6.1; WOW64; Trident/7.0; rv:11.0) like Gecko"
91.141.2.151 - - [06/Apr/2017:14:24:21 +0200] "GET /entry.php?id=10778&form=11496&name=list& HTTP/1.1" 200 5858 "http://ed.activities.at/entry.php?id=11671" "Mozilla/5.0 (Windows NT 6.1; WOW64; Trident/7.0; rv:11.0) like Gecko"
91.141.2.151 - - [06/Apr/2017:14:24:21 +0200] "GET /entry.php?id=10776&form=11496&name=list& HTTP/1.1" 200 1519 "http://ed.activities.at/entry.php?id=11671" "Mozilla/5.0 (Windows NT 6.1; WOW64; Trident/7.0; rv:11.0) like Gecko"
91.141.2.151 - - [06/Apr/2017:14:24:36 +0200] "GET /entry.php?id=10271&&ser=481416 HTTP/1.1" 200 987 "http://ed.activities.at/entry.php?id=10271&&ser=481355" "Mozilla/5.0 (Windows NT 6.1; WOW64; Trident/7.0; rv:11.0) like Gecko"
91.141.2.151 - - [06/Apr/2017:14:24:36 +0200] "GET /gui/javascript/form_form.js?1491481476 HTTP/1.1" 200 16206 "http://ed.activities.at/entry.php?id=10271&&ser=481416" "Mozilla/5.0 (Windows NT 6.1; WOW64; Trident/7.0; rv:11.0) like Gecko"
212.108.43.59 - - [06/Apr/2017:14:25:03 +0200] "GET /entry.php?id=10271&&ser=481443 HTTP/1.1" 200 987 "http://ed.activities.at/entry.php?id=10271&&ser=481383" "Mozilla/5.0 (Windows NT 10.0; Win64; x64) AppleWebKit/537.36 (KHTML, like Gecko) Chrome/56.0.2924.87 Safari/537.36"
212.108.43.59 - - [06/Apr/2017:14:25:04 +0200] "GET /gui/javascript/form_form.js?1491481504 HTTP/1.1" 200 16206 "http://ed.activities.at/entry.php?id=10271&&ser=481443" "Mozilla/5.0 (Windows NT 10.0; Win64; x64) AppleWebKit/537.36 (KHTML, like Gecko) Chrome/56.0.2924.87 Safari/537.36"
91.141.2.151 - - [06/Apr/2017:14:25:26 +0200] "POST /entry.php?id=11671 HTTP/1.1" 200 4960 "http://ed.activities.at/entry.php?id=11671" "Mozilla/5.0 (Windows NT 6.1; WOW64; Trident/7.0; rv:11.0) like Gecko"
91.141.2.151 - - [06/Apr/2017:14:25:26 +0200] "GET /gui/javascript/form_form.js?1491481526 HTTP/1.1" 200 16206 "http://ed.activities.at/entry.php?id=11671" "Mozilla/5.0 (Windows NT 6.1; WOW64; Trident/7.0; rv:11.0) like Gecko"
91.141.2.151 - - [06/Apr/2017:14:25:27 +0200] "GET /entry.php?id=10776&form=11496&name=list& HTTP/1.1" 200 1519 "http://ed.activities.at/entry.php?id=11671" "Mozilla/5.0 (Windows NT 6.1; WOW64; Trident/7.0; rv:11.0) like Gecko"
91.141.2.151 - - [06/Apr/2017:14:25:27 +0200] "GET /entry.php?id=10778&form=11496&name=list& HTTP/1.1" 200 5858 "http://ed.activities.at/entry.php?id=11671" "Mozilla/5.0 (Windows NT 6.1; WOW64; Trident/7.0; rv:11.0) like Gecko"
91.141.2.151 - - [06/Apr/2017:14:25:34 +0200] "POST /entry.php?id=11671 HTTP/1.1" 200 4737 "http://ed.activities.at/entry.php?id=11671" "Mozilla/5.0 (Windows NT 6.1; WOW64; Trident/7.0; rv:11.0) like Gecko"
91.141.2.151 - - [06/Apr/2017:14:25:35 +0200] "GET /gui/javascript/form_form.js?1491481535 HTTP/1.1" 200 16206 "http://ed.activities.at/entry.php?id=11671" "Mozilla/5.0 (Windows NT 6.1; WOW64; Trident/7.0; rv:11.0) like Gecko"
91.141.2.151 - - [06/Apr/2017:14:25:35 +0200] "GET /entry.php?id=10776&form=11496&name=list& HTTP/1.1" 200 1519 "http://ed.activities.at/entry.php?id=11671" "Mozilla/5.0 (Windows NT 6.1; WOW64; Trident/7.0; rv:11.0) like Gecko"
91.141.2.151 - - [06/Apr/2017:14:25:35 +0200] "GET /entry.php?id=10778&form=11496&name=list& HTTP/1.1" 200 5749 "http://ed.activities.at/entry.php?id=11671" "Mozilla/5.0 (Windows NT 6.1; WOW64; Trident/7.0; rv:11.0) like Gecko"
91.141.2.151 - - [06/Apr/2017:14:25:37 +0200] "GET /entry.php?id=10271&&ser=481476 HTTP/1.1" 200 987 "http://ed.activities.at/entry.php?id=10271&&ser=481416" "Mozilla/5.0 (Windows NT 6.1; WOW64; Trident/7.0; rv:11.0) like Gecko"
91.141.2.151 - - [06/Apr/2017:14:25:37 +0200] "GET /gui/javascript/form_form.js?1491481537 HTTP/1.1" 200 16206 "http://ed.activities.at/entry.php?id=10271&&ser=481476" "Mozilla/5.0 (Windows NT 6.1; WOW64; Trident/7.0; rv:11.0) like Gecko"
91.141.2.151 - - [06/Apr/2017:14:25:44 +0200] "POST /entry.php?id=11671 HTTP/1.1" 200 4916 "http://ed.activities.at/entry.php?id=11671" "Mozilla/5.0 (Windows NT 6.1; WOW64; Trident/7.0; rv:11.0) like Gecko"
91.141.2.151 - - [06/Apr/2017:14:25:44 +0200] "GET /gui/javascript/form_form.js?1491481544 HTTP/1.1" 200 16206 "http://ed.activities.at/entry.php?id=11671" "Mozilla/5.0 (Windows NT 6.1; WOW64; Trident/7.0; rv:11.0) like Gecko"
91.141.2.151 - - [06/Apr/2017:14:25:45 +0200] "GET /entry.php?id=10776&form=11496&name=list& HTTP/1.1" 200 1519 "http://ed.activities.at/entry.php?id=11671" "Mozilla/5.0 (Windows NT 6.1; WOW64; Trident/7.0; rv:11.0) like Gecko"
91.141.2.151 - - [06/Apr/2017:14:25:45 +0200] "GET /entry.php?id=10778&form=11496&name=list& HTTP/1.1" 200 5749 "http://ed.activities.at/entry.php?id=11671" "Mozilla/5.0 (Windows NT 6.1; WOW64; Trident/7.0; rv:11.0) like Gecko"
212.108.43.59 - - [06/Apr/2017:14:26:04 +0200] "GET /entry.php?id=10271&&ser=481504 HTTP/1.1" 200 987 "http://ed.activities.at/entry.php?id=10271&&ser=481443" "Mozilla/5.0 (Windows NT 10.0; Win64; x64) AppleWebKit/537.36 (KHTML, like Gecko) Chrome/56.0.2924.87 Safari/537.36"
212.108.43.59 - - [06/Apr/2017:14:26:04 +0200] "GET /gui/javascript/form_form.js?1491481564 HTTP/1.1" 200 16206 "http://ed.activities.at/entry.php?id=10271&&ser=481504" "Mozilla/5.0 (Windows NT 10.0; Win64; x64) AppleWebKit/537.36 (KHTML, like Gecko) Chrome/56.0.2924.87 Safari/537.36"
95.143.230.128 - - [06/Apr/2017:14:26:32 +0200] "GET / HTTP/1.1" 200 382 "-" "Mozilla/5.0 (Windows NT 6.1; WOW64; rv:52.0) Gecko/20100101 Firefox/52.0"
95.143.230.128 - - [06/Apr/2017:14:26:32 +0200] "GET /activities.ico HTTP/1.1" 304 - "-" "Mozilla/5.0 (Windows NT 6.1; WOW64; rv:52.0) Gecko/20100101 Firefox/52.0"
95.143.230.128 - - [06/Apr/2017:14:26:32 +0200] "GET /layout.php HTTP/1.1" 200 909 "http://ed.activities.at/" "Mozilla/5.0 (Windows NT 6.1; WOW64; rv:52.0) Gecko/20100101 Firefox/52.0"
95.143.230.128 - - [06/Apr/2017:14:26:32 +0200] "GET /gui/javascript/form_form.js HTTP/1.1" 304 - "http://ed.activities.at/layout.php" "Mozilla/5.0 (Windows NT 6.1; WOW64; rv:52.0) Gecko/20100101 Firefox/52.0"
95.143.230.128 - - [06/Apr/2017:14:26:32 +0200] "GET /entry.php?id=10270 HTTP/1.1" 200 908 "http://ed.activities.at/layout.php" "Mozilla/5.0 (Windows NT 6.1; WOW64; rv:52.0) Gecko/20100101 Firefox/52.0"
95.143.230.128 - - [06/Apr/2017:14:26:32 +0200] "GET /entry.php?id=10272 HTTP/1.1" 200 1188 "http://ed.activities.at/layout.php" "Mozilla/5.0 (Windows NT 6.1; WOW64; rv:52.0) Gecko/20100101 Firefox/52.0"
95.143.230.128 - - [06/Apr/2017:14:26:32 +0200] "GET /entry.php?id=10273 HTTP/1.1" 200 1933 "http://ed.activities.at/layout.php" "Mozilla/5.0 (Windows NT 6.1; WOW64; rv:52.0) Gecko/20100101 Firefox/52.0"
95.143.230.128 - - [06/Apr/2017:14:26:32 +0200] "GET /gui/javascript/form_form.js?1491481592 HTTP/1.1" 200 16206 "http://ed.activities.at/entry.php?id=10270" "Mozilla/5.0 (Windows NT 6.1; WOW64; rv:52.0) Gecko/20100101 Firefox/52.0"
95.143.230.128 - - [06/Apr/2017:14:26:32 +0200] "GET /gui/javascript/jquery/css/gui-themes/custom.min.css HTTP/1.1" 304 - "http://ed.activities.at/entry.php?id=10270" "Mozilla/5.0 (Windows NT 6.1; WOW64; rv:52.0) Gecko/20100101 Firefox/52.0"
95.143.230.128 - - [06/Apr/2017:14:26:32 +0200] "GET /gui/javascript/jquery/css/gui-themes/ui.spinner.css HTTP/1.1" 304 - "http://ed.activities.at/entry.php?id=10270" "Mozilla/5.0 (Windows NT 6.1; WOW64; rv:52.0) Gecko/20100101 Firefox/52.0"
95.143.230.128 - - [06/Apr/2017:14:26:32 +0200] "GET /gui/javascript/jquery/css/gui-themes/jquery.tooltip.css HTTP/1.1" 304 - "http://ed.activities.at/entry.php?id=10270" "Mozilla/5.0 (Windows NT 6.1; WOW64; rv:52.0) Gecko/20100101 Firefox/52.0"
95.143.230.128 - - [06/Apr/2017:14:26:32 +0200] "GET /gui/javascript/jquery/js/jquery-1.8.2.js HTTP/1.1" 304 - "http://ed.activities.at/entry.php?id=10270" "Mozilla/5.0 (Windows NT 6.1; WOW64; rv:52.0) Gecko/20100101 Firefox/52.0"
95.143.230.128 - - [06/Apr/2017:14:26:32 +0200] "GET /entry.php?id=11412 HTTP/1.1" 200 1758 "http://ed.activities.at/layout.php" "Mozilla/5.0 (Windows NT 6.1; WOW64; rv:52.0) Gecko/20100101 Firefox/52.0"
95.143.230.128 - - [06/Apr/2017:14:26:32 +0200] "GET /gui/javascript/jquery/jquery-tooltip/jquery.tooltip.min.js HTTP/1.1" 304 - "http://ed.activities.at/entry.php?id=10270" "Mozilla/5.0 (Windows NT 6.1; WOW64; rv:52.0) Gecko/20100101 Firefox/52.0"
95.143.230.128 - - [06/Apr/2017:14:26:32 +0200] "GET /gui/javascript/jquery/js/jquery-ui-1.9.0.custom.min.js HTTP/1.1" 304 - "http://ed.activities.at/entry.php?id=10270" "Mozilla/5.0 (Windows NT 6.1; WOW64; rv:52.0) Gecko/20100101 Firefox/52.0"
95.143.230.128 - - [06/Apr/2017:14:26:32 +0200] "GET /gui/styles/tmplDefault.css HTTP/1.1" 304 - "http://ed.activities.at/entry.php?id=10272" "Mozilla/5.0 (Windows NT 6.1; WOW64; rv:52.0) Gecko/20100101 Firefox/52.0"
95.143.230.128 - - [06/Apr/2017:14:26:32 +0200] "GET /framework/webfx/javascript/statusbar/statusBar.js HTTP/1.1" 304 - "http://ed.activities.at/entry.php?id=10272" "Mozilla/5.0 (Windows NT 6.1; WOW64; rv:52.0) Gecko/20100101 Firefox/52.0"
95.143.230.128 - - [06/Apr/2017:14:26:32 +0200] "GET /framework/webfx/style/toolbar/cb2.css HTTP/1.1" 304 - "http://ed.activities.at/entry.php?id=10273" "Mozilla/5.0 (Windows NT 6.1; WOW64; rv:52.0) Gecko/20100101 Firefox/52.0"
95.143.230.128 - - [06/Apr/2017:14:26:32 +0200] "GET /framework/webfx/javascript/toolbar/ieemu.js HTTP/1.1" 304 - "http://ed.activities.at/entry.php?id=10273" "Mozilla/5.0 (Windows NT 6.1; WOW64; rv:52.0) Gecko/20100101 Firefox/52.0"
95.143.230.128 - - [06/Apr/2017:14:26:32 +0200] "GET /gui/images/icons/cancel.gif HTTP/1.1" 304 - "http://ed.activities.at/entry.php?id=11412" "Mozilla/5.0 (Windows NT 6.1; WOW64; rv:52.0) Gecko/20100101 Firefox/52.0"
95.143.230.128 - - [06/Apr/2017:14:26:32 +0200] "GET /framework/webfx/javascript/toolbar/cb2.js HTTP/1.1" 304 - "http://ed.activities.at/entry.php?id=10273" "Mozilla/5.0 (Windows NT 6.1; WOW64; rv:52.0) Gecko/20100101 Firefox/52.0"
95.143.230.128 - - [06/Apr/2017:14:26:32 +0200] "GET /gui/images/icons/Logo_activites_RGB.gif HTTP/1.1" 304 - "http://ed.activities.at/entry.php?id=10273" "Mozilla/5.0 (Windows NT 6.1; WOW64; rv:52.0) Gecko/20100101 Firefox/52.0"
95.143.230.128 - - [06/Apr/2017:14:26:33 +0200] "GET /gui/images/emptybar.gif HTTP/1.1" 304 - "http://ed.activities.at/entry.php?id=10272" "Mozilla/5.0 (Windows NT 6.1; WOW64; rv:52.0) Gecko/20100101 Firefox/52.0"
95.143.230.128 - - [06/Apr/2017:14:26:33 +0200] "GET /entry.php?id=10271&UIN=a8f1415caf1695154ef5f808c12cf744 HTTP/1.1" 200 934 "http://ed.activities.at/entry.php?id=10272" "Mozilla/5.0 (Windows NT 6.1; WOW64; rv:52.0) Gecko/20100101 Firefox/52.0"
95.143.230.128 - - [06/Apr/2017:14:26:33 +0200] "GET /gui/javascript/form_form.js?1491481593 HTTP/1.1" 200 16206 "http://ed.activities.at/entry.php?id=10271&UIN=a8f1415caf1695154ef5f808c12cf744" "Mozilla/5.0 (Windows NT 6.1; WOW64; rv:52.0) Gecko/20100101 Firefox/52.0"
95.143.230.128 - - [06/Apr/2017:14:26:33 +0200] "GET /entry.php?id=10287 HTTP/1.1" 200 2388 "http://ed.activities.at/entry.php?id=11412" "Mozilla/5.0 (Windows NT 6.1; WOW64; rv:52.0) Gecko/20100101 Firefox/52.0"
95.143.230.128 - - [06/Apr/2017:14:26:33 +0200] "GET /entry.php?id=10270& HTTP/1.1" 200 908 "http://ed.activities.at/entry.php?id=10287" "Mozilla/5.0 (Windows NT 6.1; WOW64; rv:52.0) Gecko/20100101 Firefox/52.0"
95.143.230.128 - - [06/Apr/2017:14:26:33 +0200] "GET /entry.php?id=10273& HTTP/1.1" 200 1901 "http://ed.activities.at/entry.php?id=10287" "Mozilla/5.0 (Windows NT 6.1; WOW64; rv:52.0) Gecko/20100101 Firefox/52.0"
91.141.2.151 - - [06/Apr/2017:14:26:37 +0200] "GET /entry.php?id=10271&&ser=481537 HTTP/1.1" 200 987 "http://ed.activities.at/entry.php?id=10271&&ser=481476" "Mozilla/5.0 (Windows NT 6.1; WOW64; Trident/7.0; rv:11.0) like Gecko"
91.141.2.151 - - [06/Apr/2017:14:26:37 +0200] "GET /gui/javascript/form_form.js?1491481597 HTTP/1.1" 200 16206 "http://ed.activities.at/entry.php?id=10271&&ser=481537" "Mozilla/5.0 (Windows NT 6.1; WOW64; Trident/7.0; rv:11.0) like Gecko"
91.141.2.151 - - [06/Apr/2017:14:26:38 +0200] "POST /entry.php?id=11671 HTTP/1.1" 200 4738 "http://ed.activities.at/entry.php?id=11671" "Mozilla/5.0 (Windows NT 6.1; WOW64; Trident/7.0; rv:11.0) like Gecko"
91.141.2.151 - - [06/Apr/2017:14:26:38 +0200] "GET /gui/javascript/form_form.js?1491481598 HTTP/1.1" 200 16206 "http://ed.activities.at/entry.php?id=11671" "Mozilla/5.0 (Windows NT 6.1; WOW64; Trident/7.0; rv:11.0) like Gecko"
91.141.2.151 - - [06/Apr/2017:14:26:39 +0200] "GET /entry.php?id=10776&form=11496&name=list& HTTP/1.1" 200 1519 "http://ed.activities.at/entry.php?id=11671" "Mozilla/5.0 (Windows NT 6.1; WOW64; Trident/7.0; rv:11.0) like Gecko"
91.141.2.151 - - [06/Apr/2017:14:26:39 +0200] "GET /entry.php?id=10778&form=11496&name=list& HTTP/1.1" 200 5749 "http://ed.activities.at/entry.php?id=11671" "Mozilla/5.0 (Windows NT 6.1; WOW64; Trident/7.0; rv:11.0) like Gecko"
91.141.2.151 - - [06/Apr/2017:14:26:47 +0200] "POST /entry.php?id=11671 HTTP/1.1" 200 4918 "http://ed.activities.at/entry.php?id=11671" "Mozilla/5.0 (Windows NT 6.1; WOW64; Trident/7.0; rv:11.0) like Gecko"
91.141.2.151 - - [06/Apr/2017:14:26:48 +0200] "GET /gui/javascript/form_form.js?1491481607 HTTP/1.1" 200 16206 "http://ed.activities.at/entry.php?id=11671" "Mozilla/5.0 (Windows NT 6.1; WOW64; Trident/7.0; rv:11.0) like Gecko"
91.141.2.151 - - [06/Apr/2017:14:26:48 +0200] "GET /entry.php?id=10778&form=11496&name=list& HTTP/1.1" 200 5749 "http://ed.activities.at/entry.php?id=11671" "Mozilla/5.0 (Windows NT 6.1; WOW64; Trident/7.0; rv:11.0) like Gecko"
91.141.2.151 - - [06/Apr/2017:14:26:48 +0200] "GET /entry.php?id=10776&form=11496&name=list& HTTP/1.1" 200 1519 "http://ed.activities.at/entry.php?id=11671" "Mozilla/5.0 (Windows NT 6.1; WOW64; Trident/7.0; rv:11.0) like Gecko"
95.143.230.128 - - [06/Apr/2017:14:27:00 +0200] "GET /gui/images/progressbar.gif HTTP/1.1" 304 - "http://ed.activities.at/entry.php?id=10272" "Mozilla/5.0 (Windows NT 6.1; WOW64; rv:52.0) Gecko/20100101 Firefox/52.0"
95.143.230.128 - - [06/Apr/2017:14:27:00 +0200] "POST /entry.php?id=10287& HTTP/1.1" 200 2383 "http://ed.activities.at/entry.php?id=10287" "Mozilla/5.0 (Windows NT 6.1; WOW64; rv:52.0) Gecko/20100101 Firefox/52.0"
95.143.230.128 - - [06/Apr/2017:14:27:00 +0200] "GET /gui/javascript/form_form.js?1491481620 HTTP/1.1" 200 16206 "http://ed.activities.at/entry.php?id=10287&" "Mozilla/5.0 (Windows NT 6.1; WOW64; rv:52.0) Gecko/20100101 Firefox/52.0"
212.108.43.59 - - [06/Apr/2017:14:27:04 +0200] "GET /entry.php?id=10271&&ser=481564 HTTP/1.1" 200 987 "http://ed.activities.at/entry.php?id=10271&&ser=481504" "Mozilla/5.0 (Windows NT 10.0; Win64; x64) AppleWebKit/537.36 (KHTML, like Gecko) Chrome/56.0.2924.87 Safari/537.36"
212.108.43.59 - - [06/Apr/2017:14:27:04 +0200] "GET /gui/javascript/form_form.js?1491481624 HTTP/1.1" 200 16206 "http://ed.activities.at/entry.php?id=10271&&ser=481564" "Mozilla/5.0 (Windows NT 10.0; Win64; x64) AppleWebKit/537.36 (KHTML, like Gecko) Chrome/56.0.2924.87 Safari/537.36"
95.143.230.128 - - [06/Apr/2017:14:27:11 +0200] "POST /entry.php?id=10287& HTTP/1.1" 200 1992 "http://ed.activities.at/entry.php?id=10287&" "Mozilla/5.0 (Windows NT 6.1; WOW64; rv:52.0) Gecko/20100101 Firefox/52.0"
95.143.230.128 - - [06/Apr/2017:14:27:11 +0200] "GET /gui/javascript/form_form.js?1491481631 HTTP/1.1" 200 16206 "http://ed.activities.at/entry.php?id=10287&" "Mozilla/5.0 (Windows NT 6.1; WOW64; rv:52.0) Gecko/20100101 Firefox/52.0"
95.143.230.128 - - [06/Apr/2017:14:27:12 +0200] "GET /entry.php?id=10273& HTTP/1.1" 200 2013 "http://ed.activities.at/entry.php?id=10287&" "Mozilla/5.0 (Windows NT 6.1; WOW64; rv:52.0) Gecko/20100101 Firefox/52.0"
95.143.230.128 - - [06/Apr/2017:14:27:12 +0200] "GET /gui/javascript/form_form.js?1491481632 HTTP/1.1" 200 16206 "http://ed.activities.at/entry.php?id=10273&" "Mozilla/5.0 (Windows NT 6.1; WOW64; rv:52.0) Gecko/20100101 Firefox/52.0"
95.143.230.128 - - [06/Apr/2017:14:27:12 +0200] "GET /framework/webfx/style/toolbar/images/cbback.gif HTTP/1.1" 404 314 "http://ed.activities.at/framework/webfx/style/toolbar/cb2.css" "Mozilla/5.0 (Windows NT 6.1; WOW64; rv:52.0) Gecko/20100101 Firefox/52.0"
95.143.230.128 - - [06/Apr/2017:14:27:12 +0200] "GET /entry.php?id=10270&__app__=10006038 HTTP/1.1" 200 1649 "http://ed.activities.at/entry.php?id=10273&" "Mozilla/5.0 (Windows NT 6.1; WOW64; rv:52.0) Gecko/20100101 Firefox/52.0"
95.143.230.128 - - [06/Apr/2017:14:27:12 +0200] "GET /entry.php?id=10271&UIN=a8f1415caf1695154ef5f808c12cf744 HTTP/1.1" 200 987 "http://ed.activities.at/entry.php?id=10272" "Mozilla/5.0 (Windows NT 6.1; WOW64; rv:52.0) Gecko/20100101 Firefox/52.0"
95.143.230.128 - - [06/Apr/2017:14:27:12 +0200] "GET /framework/webfx/javascript/navigation/crossbrowser.js HTTP/1.1" 200 1842 "http://ed.activities.at/entry.php?id=10270&__app__=10006038" "Mozilla/5.0 (Windows NT 6.1; WOW64; rv:52.0) Gecko/20100101 Firefox/52.0"
95.143.230.128 - - [06/Apr/2017:14:27:12 +0200] "GET /framework/webfx/javascript/navigation/outlook.js HTTP/1.1" 200 6351 "http://ed.activities.at/entry.php?id=10270&__app__=10006038" "Mozilla/5.0 (Windows NT 6.1; WOW64; rv:52.0) Gecko/20100101 Firefox/52.0"
95.143.230.128 - - [06/Apr/2017:14:27:12 +0200] "GET /gui/javascript/jquery/css/gui-themes/custom.min.css HTTP/1.1" 304 - "http://ed.activities.at/entry.php?id=10271&UIN=a8f1415caf1695154ef5f808c12cf744" "Mozilla/5.0 (Windows NT 6.1; WOW64; rv:52.0) Gecko/20100101 Firefox/52.0"
95.143.230.128 - - [06/Apr/2017:14:27:12 +0200] "GET /gui/javascript/jquery/css/gui-themes/ui.spinner.css HTTP/1.1" 304 - "http://ed.activities.at/entry.php?id=10271&UIN=a8f1415caf1695154ef5f808c12cf744" "Mozilla/5.0 (Windows NT 6.1; WOW64; rv:52.0) Gecko/20100101 Firefox/52.0"
95.143.230.128 - - [06/Apr/2017:14:27:12 +0200] "GET /gui/javascript/jquery/css/gui-themes/jquery.tooltip.css HTTP/1.1" 304 - "http://ed.activities.at/entry.php?id=10271&UIN=a8f1415caf1695154ef5f808c12cf744" "Mozilla/5.0 (Windows NT 6.1; WOW64; rv:52.0) Gecko/20100101 Firefox/52.0"
95.143.230.128 - - [06/Apr/2017:14:27:12 +0200] "GET /gui/styles/tmplDefault.css HTTP/1.1" 304 - "http://ed.activities.at/entry.php?id=10271&UIN=a8f1415caf1695154ef5f808c12cf744" "Mozilla/5.0 (Windows NT 6.1; WOW64; rv:52.0) Gecko/20100101 Firefox/52.0"
95.143.230.128 - - [06/Apr/2017:14:27:12 +0200] "GET /gui/javascript/form_form.js?1491481632 HTTP/1.1" 304 - "http://ed.activities.at/entry.php?id=10271&UIN=a8f1415caf1695154ef5f808c12cf744" "Mozilla/5.0 (Windows NT 6.1; WOW64; rv:52.0) Gecko/20100101 Firefox/52.0"
95.143.230.128 - - [06/Apr/2017:14:27:12 +0200] "GET /gui/javascript/jquery/jquery-tooltip/jquery.tooltip.min.js HTTP/1.1" 304 - "http://ed.activities.at/entry.php?id=10271&UIN=a8f1415caf1695154ef5f808c12cf744" "Mozilla/5.0 (Windows NT 6.1; WOW64; rv:52.0) Gecko/20100101 Firefox/52.0"
95.143.230.128 - - [06/Apr/2017:14:27:12 +0200] "GET /gui/javascript/jquery/js/jquery-ui-1.9.0.custom.min.js HTTP/1.1" 304 - "http://ed.activities.at/entry.php?id=10271&UIN=a8f1415caf1695154ef5f808c12cf744" "Mozilla/5.0 (Windows NT 6.1; WOW64; rv:52.0) Gecko/20100101 Firefox/52.0"
95.143.230.128 - - [06/Apr/2017:14:27:12 +0200] "GET /gui/javascript/jquery/js/jquery-1.8.2.js HTTP/1.1" 304 - "http://ed.activities.at/entry.php?id=10271&UIN=a8f1415caf1695154ef5f808c12cf744" "Mozilla/5.0 (Windows NT 6.1; WOW64; rv:52.0) Gecko/20100101 Firefox/52.0"
95.143.230.128 - - [06/Apr/2017:14:27:12 +0200] "GET /framework/icons/navigation/arrowup.gif HTTP/1.1" 200 407 "http://ed.activities.at/entry.php?id=10270&__app__=10006038" "Mozilla/5.0 (Windows NT 6.1; WOW64; rv:52.0) Gecko/20100101 Firefox/52.0"
95.143.230.128 - - [06/Apr/2017:14:27:12 +0200] "GET /gui/images/icons/pers_einstellungen.gif HTTP/1.1" 200 1461 "http://ed.activities.at/entry.php?id=10270&__app__=10006038" "Mozilla/5.0 (Windows NT 6.1; WOW64; rv:52.0) Gecko/20100101 Firefox/52.0"
95.143.230.128 - - [06/Apr/2017:14:27:12 +0200] "GET /framework/icons/navigation/arrowdown.gif HTTP/1.1" 200 424 "http://ed.activities.at/entry.php?id=10270&__app__=10006038" "Mozilla/5.0 (Windows NT 6.1; WOW64; rv:52.0) Gecko/20100101 Firefox/52.0"
95.143.230.128 - - [06/Apr/2017:14:27:12 +0200] "GET /gui/images/icons/i_artikel.gif HTTP/1.1" 200 1765 "http://ed.activities.at/entry.php?id=10270&__app__=10006038" "Mozilla/5.0 (Windows NT 6.1; WOW64; rv:52.0) Gecko/20100101 Firefox/52.0"
95.143.230.128 - - [06/Apr/2017:14:27:12 +0200] "GET /gui/images/icons/i_haendler_sollverteiler.gif HTTP/1.1" 200 1330 "http://ed.activities.at/entry.php?id=10270&__app__=10006038" "Mozilla/5.0 (Windows NT 6.1; WOW64; rv:52.0) Gecko/20100101 Firefox/52.0"
95.143.230.128 - - [06/Apr/2017:14:27:12 +0200] "GET /gui/images/icons/i_firmen.gif HTTP/1.1" 200 1463 "http://ed.activities.at/entry.php?id=10270&__app__=10006038" "Mozilla/5.0 (Windows NT 6.1; WOW64; rv:52.0) Gecko/20100101 Firefox/52.0"
95.143.230.128 - - [06/Apr/2017:14:27:13 +0200] "GET /gui/images/icons/menumanagement.gif HTTP/1.1" 200 204 "http://ed.activities.at/entry.php?id=10270&__app__=10006038" "Mozilla/5.0 (Windows NT 6.1; WOW64; rv:52.0) Gecko/20100101 Firefox/52.0"
95.143.230.128 - - [06/Apr/2017:14:27:13 +0200] "GET /gui/images/icons/i_aktionsreminder.gif HTTP/1.1" 200 2181 "http://ed.activities.at/entry.php?id=10270&__app__=10006038" "Mozilla/5.0 (Windows NT 6.1; WOW64; rv:52.0) Gecko/20100101 Firefox/52.0"
95.143.230.128 - - [06/Apr/2017:14:27:13 +0200] "GET /gui/images/icons/i_aktionen.gif HTTP/1.1" 200 1920 "http://ed.activities.at/entry.php?id=10270&__app__=10006038" "Mozilla/5.0 (Windows NT 6.1; WOW64; rv:52.0) Gecko/20100101 Firefox/52.0"
95.143.230.128 - - [06/Apr/2017:14:27:13 +0200] "GET /gui/images/icons/artikelbearbeitung_verfassung.gif HTTP/1.1" 200 1719 "http://ed.activities.at/entry.php?id=10270&__app__=10006038" "Mozilla/5.0 (Windows NT 6.1; WOW64; rv:52.0) Gecko/20100101 Firefox/52.0"
95.143.230.128 - - [06/Apr/2017:14:27:13 +0200] "GET /undefined HTTP/1.1" 404 285 "http://ed.activities.at/entry.php?id=10270&__app__=10006038" "Mozilla/5.0 (Windows NT 6.1; WOW64; rv:52.0) Gecko/20100101 Firefox/52.0"
91.141.2.151 - - [06/Apr/2017:14:27:38 +0200] "GET /entry.php?id=10271&&ser=481597 HTTP/1.1" 200 986 "http://ed.activities.at/entry.php?id=10271&&ser=481537" "Mozilla/5.0 (Windows NT 6.1; WOW64; Trident/7.0; rv:11.0) like Gecko"
91.141.2.151 - - [06/Apr/2017:14:27:38 +0200] "GET /gui/javascript/form_form.js?1491481658 HTTP/1.1" 200 16206 "http://ed.activities.at/entry.php?id=10271&&ser=481597" "Mozilla/5.0 (Windows NT 6.1; WOW64; Trident/7.0; rv:11.0) like Gecko"
212.108.43.59 - - [06/Apr/2017:14:28:04 +0200] "GET /entry.php?id=10271&&ser=481624 HTTP/1.1" 200 986 "http://ed.activities.at/entry.php?id=10271&&ser=481564" "Mozilla/5.0 (Windows NT 10.0; Win64; x64) AppleWebKit/537.36 (KHTML, like Gecko) Chrome/56.0.2924.87 Safari/537.36"
212.108.43.59 - - [06/Apr/2017:14:28:05 +0200] "GET /gui/javascript/form_form.js?1491481685 HTTP/1.1" 200 16206 "http://ed.activities.at/entry.php?id=10271&&ser=481624" "Mozilla/5.0 (Windows NT 10.0; Win64; x64) AppleWebKit/537.36 (KHTML, like Gecko) Chrome/56.0.2924.87 Safari/537.36"
95.143.230.128 - - [06/Apr/2017:14:28:13 +0200] "GET /entry.php?id=10271&&ser=481632 HTTP/1.1" 200 987 "http://ed.activities.at/entry.php?id=10271&UIN=a8f1415caf1695154ef5f808c12cf744" "Mozilla/5.0 (Windows NT 6.1; WOW64; rv:52.0) Gecko/20100101 Firefox/52.0"
95.143.230.128 - - [06/Apr/2017:14:28:13 +0200] "GET /gui/javascript/form_form.js?1491481693 HTTP/1.1" 200 16206 "http://ed.activities.at/entry.php?id=10271&&ser=481632" "Mozilla/5.0 (Windows NT 6.1; WOW64; rv:52.0) Gecko/20100101 Firefox/52.0"
91.141.2.151 - - [06/Apr/2017:14:28:34 +0200] "POST /entry.php?id=11671 HTTP/1.1" 200 4739 "http://ed.activities.at/entry.php?id=11671" "Mozilla/5.0 (Windows NT 6.1; WOW64; Trident/7.0; rv:11.0) like Gecko"
91.141.2.151 - - [06/Apr/2017:14:28:35 +0200] "GET /gui/javascript/form_form.js?1491481715 HTTP/1.1" 200 16206 "http://ed.activities.at/entry.php?id=11671" "Mozilla/5.0 (Windows NT 6.1; WOW64; Trident/7.0; rv:11.0) like Gecko"
91.141.2.151 - - [06/Apr/2017:14:28:35 +0200] "GET /entry.php?id=10776&form=11496&name=list& HTTP/1.1" 200 1519 "http://ed.activities.at/entry.php?id=11671" "Mozilla/5.0 (Windows NT 6.1; WOW64; Trident/7.0; rv:11.0) like Gecko"
91.141.2.151 - - [06/Apr/2017:14:28:35 +0200] "GET /entry.php?id=10778&form=11496&name=list& HTTP/1.1" 200 5749 "http://ed.activities.at/entry.php?id=11671" "Mozilla/5.0 (Windows NT 6.1; WOW64; Trident/7.0; rv:11.0) like Gecko"
91.141.2.151 - - [06/Apr/2017:14:28:38 +0200] "GET /entry.php?id=10271&&ser=481658 HTTP/1.1" 200 987 "http://ed.activities.at/entry.php?id=10271&&ser=481597" "Mozilla/5.0 (Windows NT 6.1; WOW64; Trident/7.0; rv:11.0) like Gecko"
91.141.2.151 - - [06/Apr/2017:14:28:39 +0200] "GET /gui/javascript/form_form.js?1491481718 HTTP/1.1" 200 16206 "http://ed.activities.at/entry.php?id=10271&&ser=481658" "Mozilla/5.0 (Windows NT 6.1; WOW64; Trident/7.0; rv:11.0) like Gecko"
95.143.230.128 - - [06/Apr/2017:14:28:47 +0200] "GET /entry.php?id=11664 HTTP/1.1" 200 343 "http://ed.activities.at/entry.php?id=10270&__app__=10006038" "Mozilla/5.0 (Windows NT 6.1; WOW64; rv:52.0) Gecko/20100101 Firefox/52.0"
95.143.230.128 - - [06/Apr/2017:14:28:48 +0200] "GET /entry.php?id=10676&&title=Standorte HTTP/1.1" 200 1387 "http://ed.activities.at/entry.php?id=11664" "Mozilla/5.0 (Windows NT 6.1; WOW64; rv:52.0) Gecko/20100101 Firefox/52.0"
95.143.230.128 - - [06/Apr/2017:14:28:48 +0200] "GET /gui/javascript/form_form.js?1491481728 HTTP/1.1" 200 16206 "http://ed.activities.at/entry.php?id=10676&&title=Standorte" "Mozilla/5.0 (Windows NT 6.1; WOW64; rv:52.0) Gecko/20100101 Firefox/52.0"
95.143.230.128 - - [06/Apr/2017:14:28:48 +0200] "GET /entry.php?id=11697& HTTP/1.1" 200 2600 "http://ed.activities.at/entry.php?id=11664" "Mozilla/5.0 (Windows NT 6.1; WOW64; rv:52.0) Gecko/20100101 Firefox/52.0"
95.143.230.128 - - [06/Apr/2017:14:28:48 +0200] "GET /gui/javascript/form_ed_addresses.js HTTP/1.1" 200 2295 "http://ed.activities.at/entry.php?id=11697&" "Mozilla/5.0 (Windows NT 6.1; WOW64; rv:52.0) Gecko/20100101 Firefox/52.0"
95.143.230.128 - - [06/Apr/2017:14:28:48 +0200] "GET /framework/webfx/javascript/scrolltable/scrolltableIframe.js HTTP/1.1" 200 9641 "http://ed.activities.at/entry.php?id=11697&" "Mozilla/5.0 (Windows NT 6.1; WOW64; rv:52.0) Gecko/20100101 Firefox/52.0"
95.143.230.128 - - [06/Apr/2017:14:28:48 +0200] "GET /gui/images/icons/ajax_loading.gif HTTP/1.1" 200 1542 "http://ed.activities.at/entry.php?id=11697&" "Mozilla/5.0 (Windows NT 6.1; WOW64; rv:52.0) Gecko/20100101 Firefox/52.0"
95.143.230.128 - - [06/Apr/2017:14:28:48 +0200] "GET /entry.php?id=11665& HTTP/1.1" 200 2315 "http://ed.activities.at/entry.php?id=11664" "Mozilla/5.0 (Windows NT 6.1; WOW64; rv:52.0) Gecko/20100101 Firefox/52.0"
95.143.230.128 - - [06/Apr/2017:14:28:48 +0200] "GET /entry.php?id=11666& HTTP/1.1" 200 3733 "http://ed.activities.at/entry.php?id=11664" "Mozilla/5.0 (Windows NT 6.1; WOW64; rv:52.0) Gecko/20100101 Firefox/52.0"
95.143.230.128 - - [06/Apr/2017:14:28:48 +0200] "GET /entry.php?id=10778&form=11522&name=list& HTTP/1.1" 200 3260 "http://ed.activities.at/entry.php?id=11697&" "Mozilla/5.0 (Windows NT 6.1; WOW64; rv:52.0) Gecko/20100101 Firefox/52.0"
95.143.230.128 - - [06/Apr/2017:14:28:49 +0200] "GET /framework/icons/fwx_trans.gif HTTP/1.1" 200 43 "http://ed.activities.at/entry.php?id=10778&form=11522&name=list&" "Mozilla/5.0 (Windows NT 6.1; WOW64; rv:52.0) Gecko/20100101 Firefox/52.0"
95.143.230.128 - - [06/Apr/2017:14:28:49 +0200] "GET /gui/images/icons/note_msg_icon.gif HTTP/1.1" 200 1022 "http://ed.activities.at/entry.php?id=10778&form=11522&name=list&" "Mozilla/5.0 (Windows NT 6.1; WOW64; rv:52.0) Gecko/20100101 Firefox/52.0"
95.143.230.128 - - [06/Apr/2017:14:28:49 +0200] "GET /gui/images/icons/group.gif HTTP/1.1" 200 1014 "http://ed.activities.at/entry.php?id=10778&form=11522&name=list&" "Mozilla/5.0 (Windows NT 6.1; WOW64; rv:52.0) Gecko/20100101 Firefox/52.0"
95.143.230.128 - - [06/Apr/2017:14:28:49 +0200] "GET /gui/images/icons/user_edit.png HTTP/1.1" 200 833 "http://ed.activities.at/entry.php?id=10778&form=11522&name=list&" "Mozilla/5.0 (Windows NT 6.1; WOW64; rv:52.0) Gecko/20100101 Firefox/52.0"
95.143.230.128 - - [06/Apr/2017:14:28:49 +0200] "GET /gui/javascript/form_form.js?1491481729 HTTP/1.1" 200 16206 "http://ed.activities.at/entry.php?id=11666&" "Mozilla/5.0 (Windows NT 6.1; WOW64; rv:52.0) Gecko/20100101 Firefox/52.0"
95.143.230.128 - - [06/Apr/2017:14:28:49 +0200] "GET /activities/framework/fwx_trans.gif HTTP/1.1" 200 43 "http://ed.activities.at/entry.php?id=11666&" "Mozilla/5.0 (Windows NT 6.1; WOW64; rv:52.0) Gecko/20100101 Firefox/52.0"
95.143.230.128 - - [06/Apr/2017:14:28:49 +0200] "GET /gui/images/icons/email.gif HTTP/1.1" 200 937 "http://ed.activities.at/entry.php?id=11666&" "Mozilla/5.0 (Windows NT 6.1; WOW64; rv:52.0) Gecko/20100101 Firefox/52.0"
95.143.230.128 - - [06/Apr/2017:14:28:48 +0200] "GET /entry.php?id=10776&form=11522&name=list& HTTP/1.1" 200 2254 "http://ed.activities.at/entry.php?id=11697&" "Mozilla/5.0 (Windows NT 6.1; WOW64; rv:52.0) Gecko/20100101 Firefox/52.0"
95.143.230.128 - - [06/Apr/2017:14:28:49 +0200] "GET /gui/images/icons/disable_light.gif HTTP/1.1" 200 616 "http://ed.activities.at/entry.php?id=10776&form=11522&name=list&" "Mozilla/5.0 (Windows NT 6.1; WOW64; rv:52.0) Gecko/20100101 Firefox/52.0"
95.143.230.128 - - [06/Apr/2017:14:28:49 +0200] "GET /gui/images/icons/filter_on.gif HTTP/1.1" 200 316 "http://ed.activities.at/entry.php?id=10776&form=11522&name=list&" "Mozilla/5.0 (Windows NT 6.1; WOW64; rv:52.0) Gecko/20100101 Firefox/52.0"
95.143.230.128 - - [06/Apr/2017:14:28:49 +0200] "GET /gui/images/icons/user_link.png HTTP/1.1" 200 905 "http://ed.activities.at/entry.php?id=10776&form=11522&name=list&" "Mozilla/5.0 (Windows NT 6.1; WOW64; rv:52.0) Gecko/20100101 Firefox/52.0"
95.143.230.128 - - [06/Apr/2017:14:28:49 +0200] "GET /gui/images/icons/user_add.png HTTP/1.1" 200 746 "http://ed.activities.at/entry.php?id=10776&form=11522&name=list&" "Mozilla/5.0 (Windows NT 6.1; WOW64; rv:52.0) Gecko/20100101 Firefox/52.0"
95.143.230.128 - - [06/Apr/2017:14:28:49 +0200] "GET /gui/images/icons/lupe.gif HTTP/1.1" 200 324 "http://ed.activities.at/entry.php?id=10776&form=11522&name=list&" "Mozilla/5.0 (Windows NT 6.1; WOW64; rv:52.0) Gecko/20100101 Firefox/52.0"
95.143.230.128 - - [06/Apr/2017:14:28:48 +0200] "GET /entry.php?id=10776&form=11490&name=list& HTTP/1.1" 200 2009 "http://ed.activities.at/entry.php?id=11665&" "Mozilla/5.0 (Windows NT 6.1; WOW64; rv:52.0) Gecko/20100101 Firefox/52.0"
95.143.230.128 - - [06/Apr/2017:14:28:48 +0200] "GET /entry.php?id=10778&form=11490&name=list& HTTP/1.1" 200 2760 "http://ed.activities.at/entry.php?id=11665&" "Mozilla/5.0 (Windows NT 6.1; WOW64; rv:52.0) Gecko/20100101 Firefox/52.0"
95.143.230.128 - - [06/Apr/2017:14:28:49 +0200] "GET /gui/images/icons/disabled_user_admin.png HTTP/1.1" 200 770 "http://ed.activities.at/entry.php?id=10776&form=11490&name=list&" "Mozilla/5.0 (Windows NT 6.1; WOW64; rv:52.0) Gecko/20100101 Firefox/52.0"
95.143.230.128 - - [06/Apr/2017:14:28:49 +0200] "GET /gui/images/icons/user_admin.png HTTP/1.1" 200 875 "http://ed.activities.at/entry.php?id=10778&form=11490&name=list&" "Mozilla/5.0 (Windows NT 6.1; WOW64; rv:52.0) Gecko/20100101 Firefox/52.0"
95.143.230.128 - - [06/Apr/2017:14:28:49 +0200] "GET /framework/icons/rowselect.gif HTTP/1.1" 200 67 "http://ed.activities.at/entry.php?id=10778&form=11490&name=list&" "Mozilla/5.0 (Windows NT 6.1; WOW64; rv:52.0) Gecko/20100101 Firefox/52.0"
91.141.2.151 - - [06/Apr/2017:14:29:03 +0200] "POST /entry.php?id=11671 HTTP/1.1" 200 4919 "http://ed.activities.at/entry.php?id=11671" "Mozilla/5.0 (Windows NT 6.1; WOW64; Trident/7.0; rv:11.0) like Gecko"
91.141.2.151 - - [06/Apr/2017:14:29:04 +0200] "GET /gui/javascript/form_form.js?1491481744 HTTP/1.1" 200 16206 "http://ed.activities.at/entry.php?id=11671" "Mozilla/5.0 (Windows NT 6.1; WOW64; Trident/7.0; rv:11.0) like Gecko"
91.141.2.151 - - [06/Apr/2017:14:29:04 +0200] "GET /entry.php?id=10776&form=11496&name=list& HTTP/1.1" 200 1519 "http://ed.activities.at/entry.php?id=11671" "Mozilla/5.0 (Windows NT 6.1; WOW64; Trident/7.0; rv:11.0) like Gecko"
91.141.2.151 - - [06/Apr/2017:14:29:04 +0200] "GET /entry.php?id=10778&form=11496&name=list& HTTP/1.1" 200 5749 "http://ed.activities.at/entry.php?id=11671" "Mozilla/5.0 (Windows NT 6.1; WOW64; Trident/7.0; rv:11.0) like Gecko"
212.108.43.59 - - [06/Apr/2017:14:29:05 +0200] "GET /entry.php?id=10271&&ser=481685 HTTP/1.1" 200 987 "http://ed.activities.at/entry.php?id=10271&&ser=481624" "Mozilla/5.0 (Windows NT 10.0; Win64; x64) AppleWebKit/537.36 (KHTML, like Gecko) Chrome/56.0.2924.87 Safari/537.36"
212.108.43.59 - - [06/Apr/2017:14:29:05 +0200] "GET /gui/javascript/form_form.js?1491481745 HTTP/1.1" 200 16206 "http://ed.activities.at/entry.php?id=10271&&ser=481685" "Mozilla/5.0 (Windows NT 10.0; Win64; x64) AppleWebKit/537.36 (KHTML, like Gecko) Chrome/56.0.2924.87 Safari/537.36"
91.141.2.151 - - [06/Apr/2017:14:29:08 +0200] "POST /entry.php?id=11671 HTTP/1.1" 200 4735 "http://ed.activities.at/entry.php?id=11671" "Mozilla/5.0 (Windows NT 6.1; WOW64; Trident/7.0; rv:11.0) like Gecko"
91.141.2.151 - - [06/Apr/2017:14:29:09 +0200] "GET /gui/javascript/form_form.js?1491481748 HTTP/1.1" 200 16206 "http://ed.activities.at/entry.php?id=11671" "Mozilla/5.0 (Windows NT 6.1; WOW64; Trident/7.0; rv:11.0) like Gecko"
91.141.2.151 - - [06/Apr/2017:14:29:09 +0200] "GET /entry.php?id=10776&form=11496&name=list& HTTP/1.1" 200 1519 "http://ed.activities.at/entry.php?id=11671" "Mozilla/5.0 (Windows NT 6.1; WOW64; Trident/7.0; rv:11.0) like Gecko"
91.141.2.151 - - [06/Apr/2017:14:29:09 +0200] "GET /entry.php?id=10778&form=11496&name=list& HTTP/1.1" 200 5749 "http://ed.activities.at/entry.php?id=11671" "Mozilla/5.0 (Windows NT 6.1; WOW64; Trident/7.0; rv:11.0) like Gecko"
95.143.230.128 - - [06/Apr/2017:14:29:13 +0200] "GET /entry.php?id=10271&&ser=481693 HTTP/1.1" 200 987 "http://ed.activities.at/entry.php?id=10271&&ser=481632" "Mozilla/5.0 (Windows NT 6.1; WOW64; rv:52.0) Gecko/20100101 Firefox/52.0"
95.143.230.128 - - [06/Apr/2017:14:29:13 +0200] "GET /gui/javascript/form_form.js?1491481753 HTTP/1.1" 200 16206 "http://ed.activities.at/entry.php?id=10271&&ser=481693" "Mozilla/5.0 (Windows NT 6.1; WOW64; rv:52.0) Gecko/20100101 Firefox/52.0"
95.143.230.128 - - [06/Apr/2017:14:29:29 +0200] "POST /entry.php?id=11666 HTTP/1.1" 200 3914 "http://ed.activities.at/entry.php?id=11666&" "Mozilla/5.0 (Windows NT 6.1; WOW64; rv:52.0) Gecko/20100101 Firefox/52.0"
95.143.230.128 - - [06/Apr/2017:14:29:31 +0200] "GET /gui/javascript/form_form.js?1491481771 HTTP/1.1" 200 16206 "http://ed.activities.at/entry.php?id=11666" "Mozilla/5.0 (Windows NT 6.1; WOW64; rv:52.0) Gecko/20100101 Firefox/52.0"
95.143.230.128 - - [06/Apr/2017:14:29:36 +0200] "POST /entry.php?id=11666 HTTP/1.1" 200 3734 "http://ed.activities.at/entry.php?id=11666" "Mozilla/5.0 (Windows NT 6.1; WOW64; rv:52.0) Gecko/20100101 Firefox/52.0"
95.143.230.128 - - [06/Apr/2017:14:29:36 +0200] "GET /gui/javascript/form_form.js?1491481776 HTTP/1.1" 200 16206 "http://ed.activities.at/entry.php?id=11666" "Mozilla/5.0 (Windows NT 6.1; WOW64; rv:52.0) Gecko/20100101 Firefox/52.0"
95.143.230.128 - - [06/Apr/2017:14:29:36 +0200] "GET /gui/images/icons/disabled_delete.gif HTTP/1.1" 200 86 "http://ed.activities.at/entry.php?id=11666" "Mozilla/5.0 (Windows NT 6.1; WOW64; rv:52.0) Gecko/20100101 Firefox/52.0"
95.143.230.128 - - [06/Apr/2017:14:29:36 +0200] "GET /gui/images/icons/delete.gif HTTP/1.1" 200 86 "http://ed.activities.at/entry.php?id=11666" "Mozilla/5.0 (Windows NT 6.1; WOW64; rv:52.0) Gecko/20100101 Firefox/52.0"
91.141.2.151 - - [06/Apr/2017:14:29:39 +0200] "GET /entry.php?id=10271&&ser=481718 HTTP/1.1" 200 987 "http://ed.activities.at/entry.php?id=10271&&ser=481658" "Mozilla/5.0 (Windows NT 6.1; WOW64; Trident/7.0; rv:11.0) like Gecko"
91.141.2.151 - - [06/Apr/2017:14:29:39 +0200] "GET /gui/javascript/form_form.js?1491481779 HTTP/1.1" 200 16206 "http://ed.activities.at/entry.php?id=10271&&ser=481718" "Mozilla/5.0 (Windows NT 6.1; WOW64; Trident/7.0; rv:11.0) like Gecko"
91.141.2.151 - - [06/Apr/2017:14:29:49 +0200] "POST /entry.php?id=11671 HTTP/1.1" 200 4917 "http://ed.activities.at/entry.php?id=11671" "Mozilla/5.0 (Windows NT 6.1; WOW64; Trident/7.0; rv:11.0) like Gecko"
91.141.2.151 - - [06/Apr/2017:14:29:50 +0200] "GET /gui/javascript/form_form.js?1491481789 HTTP/1.1" 200 16206 "http://ed.activities.at/entry.php?id=11671" "Mozilla/5.0 (Windows NT 6.1; WOW64; Trident/7.0; rv:11.0) like Gecko"
91.141.2.151 - - [06/Apr/2017:14:29:50 +0200] "GET /entry.php?id=10778&form=11496&name=list& HTTP/1.1" 200 5749 "http://ed.activities.at/entry.php?id=11671" "Mozilla/5.0 (Windows NT 6.1; WOW64; Trident/7.0; rv:11.0) like Gecko"
91.141.2.151 - - [06/Apr/2017:14:29:50 +0200] "GET /entry.php?id=10776&form=11496&name=list& HTTP/1.1" 200 1519 "http://ed.activities.at/entry.php?id=11671" "Mozilla/5.0 (Windows NT 6.1; WOW64; Trident/7.0; rv:11.0) like Gecko"
91.141.2.151 - - [06/Apr/2017:14:30:02 +0200] "POST /entry.php?id=11671 HTTP/1.1" 200 4758 "http://ed.activities.at/entry.php?id=11671" "Mozilla/5.0 (Windows NT 6.1; WOW64; Trident/7.0; rv:11.0) like Gecko"
91.141.2.151 - - [06/Apr/2017:14:30:03 +0200] "GET /gui/javascript/form_form.js?1491481803 HTTP/1.1" 200 16206 "http://ed.activities.at/entry.php?id=11671" "Mozilla/5.0 (Windows NT 6.1; WOW64; Trident/7.0; rv:11.0) like Gecko"
91.141.2.151 - - [06/Apr/2017:14:30:03 +0200] "GET /entry.php?id=10776&form=11496&name=list& HTTP/1.1" 200 1519 "http://ed.activities.at/entry.php?id=11671" "Mozilla/5.0 (Windows NT 6.1; WOW64; Trident/7.0; rv:11.0) like Gecko"
91.141.2.151 - - [06/Apr/2017:14:30:03 +0200] "GET /entry.php?id=10778&form=11496&name=list& HTTP/1.1" 200 5849 "http://ed.activities.at/entry.php?id=11671" "Mozilla/5.0 (Windows NT 6.1; WOW64; Trident/7.0; rv:11.0) like Gecko"
212.108.43.59 - - [06/Apr/2017:14:30:05 +0200] "GET /entry.php?id=10271&&ser=481745 HTTP/1.1" 200 986 "http://ed.activities.at/entry.php?id=10271&&ser=481685" "Mozilla/5.0 (Windows NT 10.0; Win64; x64) AppleWebKit/537.36 (KHTML, like Gecko) Chrome/56.0.2924.87 Safari/537.36"
212.108.43.59 - - [06/Apr/2017:14:30:05 +0200] "GET /gui/javascript/form_form.js?1491481805 HTTP/1.1" 200 16206 "http://ed.activities.at/entry.php?id=10271&&ser=481745" "Mozilla/5.0 (Windows NT 10.0; Win64; x64) AppleWebKit/537.36 (KHTML, like Gecko) Chrome/56.0.2924.87 Safari/537.36"
95.143.230.128 - - [06/Apr/2017:14:30:09 +0200] "POST /entry.php?id=11666 HTTP/1.1" 200 3733 "http://ed.activities.at/entry.php?id=11666" "Mozilla/5.0 (Windows NT 6.1; WOW64; rv:52.0) Gecko/20100101 Firefox/52.0"
95.143.230.128 - - [06/Apr/2017:14:30:09 +0200] "GET /gui/javascript/form_form.js?1491481809 HTTP/1.1" 200 16206 "http://ed.activities.at/entry.php?id=11666" "Mozilla/5.0 (Windows NT 6.1; WOW64; rv:52.0) Gecko/20100101 Firefox/52.0"
95.143.230.128 - - [06/Apr/2017:14:30:11 +0200] "POST /entry.php?id=11666 HTTP/1.1" 200 3169 "http://ed.activities.at/entry.php?id=11666" "Mozilla/5.0 (Windows NT 6.1; WOW64; rv:52.0) Gecko/20100101 Firefox/52.0"
95.143.230.128 - - [06/Apr/2017:14:30:11 +0200] "GET /gui/javascript/form_form.js?1491481811 HTTP/1.1" 200 16206 "http://ed.activities.at/entry.php?id=11666" "Mozilla/5.0 (Windows NT 6.1; WOW64; rv:52.0) Gecko/20100101 Firefox/52.0"
95.143.230.128 - - [06/Apr/2017:14:30:12 +0200] "GET /entry.php?id=10778&form=11491&name=list& HTTP/1.1" 200 2687 "http://ed.activities.at/entry.php?id=11666" "Mozilla/5.0 (Windows NT 6.1; WOW64; rv:52.0) Gecko/20100101 Firefox/52.0"
95.143.230.128 - - [06/Apr/2017:14:30:12 +0200] "GET /entry.php?id=10776&form=11491&name=list& HTTP/1.1" 200 1547 "http://ed.activities.at/entry.php?id=11666" "Mozilla/5.0 (Windows NT 6.1; WOW64; rv:52.0) Gecko/20100101 Firefox/52.0"
95.143.230.128 - - [06/Apr/2017:14:30:12 +0200] "GET /entry.php?id=10683 HTTP/1.1" 200 990 "http://ed.activities.at/entry.php?id=11666" "Mozilla/5.0 (Windows NT 6.1; WOW64; rv:52.0) Gecko/20100101 Firefox/52.0"
95.143.230.128 - - [06/Apr/2017:14:30:12 +0200] "GET /gui/javascript/form_form.js?1491481812 HTTP/1.1" 200 16206 "http://ed.activities.at/entry.php?id=10683" "Mozilla/5.0 (Windows NT 6.1; WOW64; rv:52.0) Gecko/20100101 Firefox/52.0"
95.143.230.128 - - [06/Apr/2017:14:30:12 +0200] "GET /gui/images/emulogo.jpg HTTP/1.1" 200 80752 "http://ed.activities.at/entry.php?id=10683" "Mozilla/5.0 (Windows NT 6.1; WOW64; rv:52.0) Gecko/20100101 Firefox/52.0"
95.143.230.128 - - [06/Apr/2017:14:30:13 +0200] "GET /entry.php?id=10271&&ser=481753 HTTP/1.1" 200 987 "http://ed.activities.at/entry.php?id=10271&&ser=481693" "Mozilla/5.0 (Windows NT 6.1; WOW64; rv:52.0) Gecko/20100101 Firefox/52.0"
95.143.230.128 - - [06/Apr/2017:14:30:13 +0200] "GET /gui/javascript/form_form.js?1491481813 HTTP/1.1" 200 16206 "http://ed.activities.at/entry.php?id=10271&&ser=481753" "Mozilla/5.0 (Windows NT 6.1; WOW64; rv:52.0) Gecko/20100101 Firefox/52.0"
95.143.230.128 - - [06/Apr/2017:14:30:15 +0200] "POST /entry.php?id=11666 HTTP/1.1" 200 2347 "http://ed.activities.at/entry.php?id=11666" "Mozilla/5.0 (Windows NT 6.1; WOW64; rv:52.0) Gecko/20100101 Firefox/52.0"
95.143.230.128 - - [06/Apr/2017:14:30:15 +0200] "GET /gui/javascript/form_form.js?1491481815 HTTP/1.1" 200 16206 "http://ed.activities.at/entry.php?id=11666" "Mozilla/5.0 (Windows NT 6.1; WOW64; rv:52.0) Gecko/20100101 Firefox/52.0"
95.143.230.128 - - [06/Apr/2017:14:30:15 +0200] "GET /entry.php?id=10646&&object=10221912&hiddetabs=true HTTP/1.1" 200 2158 "http://ed.activities.at/entry.php?id=11666" "Mozilla/5.0 (Windows NT 6.1; WOW64; rv:52.0) Gecko/20100101 Firefox/52.0"
95.143.230.128 - - [06/Apr/2017:14:30:16 +0200] "GET /gui/javascript/form_bu_mandator_property.js HTTP/1.1" 200 247 "http://ed.activities.at/entry.php?id=10646&&object=10221912&hiddetabs=true" "Mozilla/5.0 (Windows NT 6.1; WOW64; rv:52.0) Gecko/20100101 Firefox/52.0"
95.143.230.128 - - [06/Apr/2017:14:30:16 +0200] "GET /gui/javascript/form_form.js?1491481816 HTTP/1.1" 200 16206 "http://ed.activities.at/entry.php?id=10646&&object=10221912&hiddetabs=true" "Mozilla/5.0 (Windows NT 6.1; WOW64; rv:52.0) Gecko/20100101 Firefox/52.0"
95.143.230.128 - - [06/Apr/2017:14:30:16 +0200] "GET /entry.php?id=10776&form=10490&name=list& HTTP/1.1" 200 1419 "http://ed.activities.at/entry.php?id=10646&&object=10221912&hiddetabs=true" "Mozilla/5.0 (Windows NT 6.1; WOW64; rv:52.0) Gecko/20100101 Firefox/52.0"
95.143.230.128 - - [06/Apr/2017:14:30:16 +0200] "GET /entry.php?id=10778&form=10490&name=list& HTTP/1.1" 200 2942 "http://ed.activities.at/entry.php?id=10646&&object=10221912&hiddetabs=true" "Mozilla/5.0 (Windows NT 6.1; WOW64; rv:52.0) Gecko/20100101 Firefox/52.0"
95.143.230.128 - - [06/Apr/2017:14:30:16 +0200] "GET /gui/images/icons/help.gif HTTP/1.1" 200 139 "http://ed.activities.at/entry.php?id=10778&form=10490&name=list&" "Mozilla/5.0 (Windows NT 6.1; WOW64; rv:52.0) Gecko/20100101 Firefox/52.0"
91.141.2.151 - - [06/Apr/2017:14:30:19 +0200] "POST /entry.php?id=11671 HTTP/1.1" 200 4968 "http://ed.activities.at/entry.php?id=11671" "Mozilla/5.0 (Windows NT 6.1; WOW64; Trident/7.0; rv:11.0) like Gecko"
91.141.2.151 - - [06/Apr/2017:14:30:20 +0200] "GET /gui/javascript/form_form.js?1491481819 HTTP/1.1" 200 16206 "http://ed.activities.at/entry.php?id=11671" "Mozilla/5.0 (Windows NT 6.1; WOW64; Trident/7.0; rv:11.0) like Gecko"
91.141.2.151 - - [06/Apr/2017:14:30:20 +0200] "GET /entry.php?id=10776&form=11496&name=list& HTTP/1.1" 200 1519 "http://ed.activities.at/entry.php?id=11671" "Mozilla/5.0 (Windows NT 6.1; WOW64; Trident/7.0; rv:11.0) like Gecko"
91.141.2.151 - - [06/Apr/2017:14:30:20 +0200] "GET /entry.php?id=10778&form=11496&name=list& HTTP/1.1" 200 5849 "http://ed.activities.at/entry.php?id=11671" "Mozilla/5.0 (Windows NT 6.1; WOW64; Trident/7.0; rv:11.0) like Gecko"
95.143.230.128 - - [06/Apr/2017:14:30:27 +0200] "GET /entry.php?id=11670 HTTP/1.1" 200 320 "http://ed.activities.at/entry.php?id=10270&__app__=10006038" "Mozilla/5.0 (Windows NT 6.1; WOW64; rv:52.0) Gecko/20100101 Firefox/52.0"
95.143.230.128 - - [06/Apr/2017:14:30:27 +0200] "GET /entry.php?id=10676&&title=Produkte HTTP/1.1" 200 1387 "http://ed.activities.at/entry.php?id=11670" "Mozilla/5.0 (Windows NT 6.1; WOW64; rv:52.0) Gecko/20100101 Firefox/52.0"
95.143.230.128 - - [06/Apr/2017:14:30:28 +0200] "GET /gui/javascript/form_form.js?1491481828 HTTP/1.1" 200 16206 "http://ed.activities.at/entry.php?id=10676&&title=Produkte" "Mozilla/5.0 (Windows NT 6.1; WOW64; rv:52.0) Gecko/20100101 Firefox/52.0"
95.143.230.128 - - [06/Apr/2017:14:30:27 +0200] "GET /entry.php?id=11669& HTTP/1.1" 200 2281 "http://ed.activities.at/entry.php?id=11670" "Mozilla/5.0 (Windows NT 6.1; WOW64; rv:52.0) Gecko/20100101 Firefox/52.0"
95.143.230.128 - - [06/Apr/2017:14:30:28 +0200] "GET /gui/javascript/form_ed_articles.js HTTP/1.1" 200 2191 "http://ed.activities.at/entry.php?id=11669&" "Mozilla/5.0 (Windows NT 6.1; WOW64; rv:52.0) Gecko/20100101 Firefox/52.0"
95.143.230.128 - - [06/Apr/2017:14:30:27 +0200] "GET /entry.php?id=11668& HTTP/1.1" 200 3366 "http://ed.activities.at/entry.php?id=11670" "Mozilla/5.0 (Windows NT 6.1; WOW64; rv:52.0) Gecko/20100101 Firefox/52.0"
