91.141.2.151 - - [06/Apr/2017:14:02:34 +0200] "GET /activities/framework/KoolControls/KoolAjax/koolajax.php?8436e354c842500aba3cbaf0584c0c24 HTTP/1.1" 200 4079 "http://ed.activities.at/entry.php?id=11694&" "Mozilla/5.0 (Windows NT 6.1; WOW64; Trident/7.0; rv:11.0) like Gecko"
91.141.2.151 - - [06/Apr/2017:14:02:34 +0200] "GET /gui/javascript/form_form.js?1491480154 HTTP/1.1" 200 16206 "http://ed.activities.at/entry.php?id=11694&" "Mozilla/5.0 (Windows NT 6.1; WOW64; Trident/7.0; rv:11.0) like Gecko"
91.141.2.151 - - [06/Apr/2017:14:02:34 +0200] "GET /activities/framework/KoolControls/KoolTreeView/icons/square_yellowS.gif HTTP/1.1" 200 541 "http://ed.activities.at/entry.php?id=11694&" "Mozilla/5.0 (Windows NT 6.1; WOW64; Trident/7.0; rv:11.0) like Gecko"
91.141.2.151 - - [06/Apr/2017:14:02:34 +0200] "GET /activities/framework/KoolControls/KoolTreeView/icons/square_blueS.gif HTTP/1.1" 200 540 "http://ed.activities.at/entry.php?id=11694&" "Mozilla/5.0 (Windows NT 6.1; WOW64; Trident/7.0; rv:11.0) like Gecko"
91.141.2.151 - - [06/Apr/2017:14:02:34 +0200] "GET /activities/framework/KoolControls/KoolTreeView/icons/square_greyS.gif HTTP/1.1" 200 342 "http://ed.activities.at/entry.php?id=11694&" "Mozilla/5.0 (Windows NT 6.1; WOW64; Trident/7.0; rv:11.0) like Gecko"
91.141.2.151 - - [06/Apr/2017:14:02:34 +0200] "GET /activities/framework/KoolControls/KoolTreeView/styles/default/default.css HTTP/1.1" 200 1099 "http://ed.activities.at/entry.php?id=11694&" "Mozilla/5.0 (Windows NT 6.1; WOW64; Trident/7.0; rv:11.0) like Gecko"
91.141.2.151 - - [06/Apr/2017:14:02:34 +0200] "GET /activities/framework/KoolControls/KoolTreeView/styles/default/v.gif HTTP/1.1" 200 1940 "http://ed.activities.at/entry.php?id=11694&" "Mozilla/5.0 (Windows NT 6.1; WOW64; Trident/7.0; rv:11.0) like Gecko"
91.141.2.151 - - [06/Apr/2017:14:02:34 +0200] "GET /activities/framework/KoolControls/KoolTreeView/styles/default/L.gif HTTP/1.1" 200 67 "http://ed.activities.at/entry.php?id=11694&" "Mozilla/5.0 (Windows NT 6.1; WOW64; Trident/7.0; rv:11.0) like Gecko"
91.141.2.151 - - [06/Apr/2017:14:02:34 +0200] "GET /activities/framework/KoolControls/KoolTreeView/styles/default/horizon.gif HTTP/1.1" 200 844 "http://ed.activities.at/entry.php?id=11694&" "Mozilla/5.0 (Windows NT 6.1; WOW64; Trident/7.0; rv:11.0) like Gecko"
91.141.2.151 - - [06/Apr/2017:14:02:34 +0200] "GET /activities/framework/KoolControls/KoolTreeView/styles/default/mid.gif HTTP/1.1" 200 71 "http://ed.activities.at/entry.php?id=11694&" "Mozilla/5.0 (Windows NT 6.1; WOW64; Trident/7.0; rv:11.0) like Gecko"
91.141.2.151 - - [06/Apr/2017:14:02:34 +0200] "GET /activities/framework/KoolControls/KoolTreeView/kooltreeview.php?c7cd9180e88ffef8e70f13526bb4f5f7 HTTP/1.1" 200 5055 "http://ed.activities.at/entry.php?id=11694&" "Mozilla/5.0 (Windows NT 6.1; WOW64; Trident/7.0; rv:11.0) like Gecko"
91.141.2.151 - - [06/Apr/2017:14:02:35 +0200] "GET /activities/framework/KoolControls/KoolTreeView/styles/default/pm.gif HTTP/1.1" 200 214 "http://ed.activities.at/entry.php?id=11694&" "Mozilla/5.0 (Windows NT 6.1; WOW64; Trident/7.0; rv:11.0) like Gecko"
91.141.2.151 - - [06/Apr/2017:14:02:33 +0200] "GET /entry.php?id=11672& HTTP/1.1" 200 2689 "http://ed.activities.at/entry.php?id=11673" "Mozilla/5.0 (Windows NT 6.1; WOW64; Trident/7.0; rv:11.0) like Gecko"
91.141.2.151 - - [06/Apr/2017:14:02:33 +0200] "GET /entry.php?id=10776&form=11496&name=list& HTTP/1.1" 200 1526 "http://ed.activities.at/entry.php?id=11671&" "Mozilla/5.0 (Windows NT 6.1; WOW64; Trident/7.0; rv:11.0) like Gecko"
91.141.2.151 - - [06/Apr/2017:14:02:35 +0200] "GET /gui/javascript/form_form.js?1491480155 HTTP/1.1" 200 16206 "http://ed.activities.at/entry.php?id=11672&" "Mozilla/5.0 (Windows NT 6.1; WOW64; Trident/7.0; rv:11.0) like Gecko"
91.141.2.151 - - [06/Apr/2017:14:02:35 +0200] "GET /gui/images/icons/website.gif HTTP/1.1" 200 1049 "http://ed.activities.at/entry.php?id=10776&form=11496&name=list&" "Mozilla/5.0 (Windows NT 6.1; WOW64; Trident/7.0; rv:11.0) like Gecko"
91.141.2.151 - - [06/Apr/2017:14:02:35 +0200] "GET /gui/images/icons/disabled_calendar.png HTTP/1.1" 200 640 "http://ed.activities.at/entry.php?id=11671&" "Mozilla/5.0 (Windows NT 6.1; WOW64; Trident/7.0; rv:11.0) like Gecko"
91.141.2.151 - - [06/Apr/2017:14:02:36 +0200] "GET /entry.php?id=10776&form=11497&name=list& HTTP/1.1" 200 1942 "http://ed.activities.at/entry.php?id=11672&" "Mozilla/5.0 (Windows NT 6.1; WOW64; Trident/7.0; rv:11.0) like Gecko"
91.141.2.151 - - [06/Apr/2017:14:02:36 +0200] "GET /entry.php?id=10778&form=11497&name=list& HTTP/1.1" 200 14844 "http://ed.activities.at/entry.php?id=11672&" "Mozilla/5.0 (Windows NT 6.1; WOW64; Trident/7.0; rv:11.0) like Gecko"
91.141.2.151 - - [06/Apr/2017:14:02:36 +0200] "GET /gui/images/icons/disable_light.gif HTTP/1.1" 200 616 "http://ed.activities.at/entry.php?id=10776&form=11497&name=list&" "Mozilla/5.0 (Windows NT 6.1; WOW64; Trident/7.0; rv:11.0) like Gecko"
91.141.2.151 - - [06/Apr/2017:14:02:36 +0200] "GET /framework/icons/sortUp.gif HTTP/1.1" 200 53 "http://ed.activities.at/entry.php?id=10776&form=11497&name=list&" "Mozilla/5.0 (Windows NT 6.1; WOW64; Trident/7.0; rv:11.0) like Gecko"
91.141.2.151 - - [06/Apr/2017:14:02:36 +0200] "GET /gui/images/icons/filter_on.gif HTTP/1.1" 200 316 "http://ed.activities.at/entry.php?id=10776&form=11497&name=list&" "Mozilla/5.0 (Windows NT 6.1; WOW64; Trident/7.0; rv:11.0) like Gecko"
91.141.2.151 - - [06/Apr/2017:14:02:36 +0200] "GET /gui/images/icons/lupe.gif HTTP/1.1" 200 324 "http://ed.activities.at/entry.php?id=10776&form=11497&name=list&" "Mozilla/5.0 (Windows NT 6.1; WOW64; Trident/7.0; rv:11.0) like Gecko"
91.141.2.151 - - [06/Apr/2017:14:02:36 +0200] "GET /gui/images/icons/note_msg_icon.gif HTTP/1.1" 200 1022 "http://ed.activities.at/entry.php?id=10778&form=11497&name=list&" "Mozilla/5.0 (Windows NT 6.1; WOW64; Trident/7.0; rv:11.0) like Gecko"
212.108.43.59 - - [06/Apr/2017:14:02:56 +0200] "GET /entry.php?id=10271&&ser=480116 HTTP/1.1" 200 986 "http://ed.activities.at/entry.php?id=10271&&ser=480055" "Mozilla/5.0 (Windows NT 10.0; Win64; x64) AppleWebKit/537.36 (KHTML, like Gecko) Chrome/56.0.2924.87 Safari/537.36"
212.108.43.59 - - [06/Apr/2017:14:02:56 +0200] "GET /gui/javascript/form_form.js?1491480176 HTTP/1.1" 200 16206 "http://ed.activities.at/entry.php?id=10271&&ser=480116" "Mozilla/5.0 (Windows NT 10.0; Win64; x64) AppleWebKit/537.36 (KHTML, like Gecko) Chrome/56.0.2924.87 Safari/537.36"
91.141.2.151 - - [06/Apr/2017:14:03:22 +0200] "GET /entry.php?id=10271&&ser=480141 HTTP/1.1" 200 986 "http://ed.activities.at/entry.php?id=10271&UIN=0eea5e2f25f07450d9ef29d9ea537f9a" "Mozilla/5.0 (Windows NT 6.1; WOW64; Trident/7.0; rv:11.0) like Gecko"
91.141.2.151 - - [06/Apr/2017:14:03:22 +0200] "GET /gui/javascript/form_form.js?1491480202 HTTP/1.1" 200 16206 "http://ed.activities.at/entry.php?id=10271&&ser=480141" "Mozilla/5.0 (Windows NT 6.1; WOW64; Trident/7.0; rv:11.0) like Gecko"
212.108.43.59 - - [06/Apr/2017:14:03:56 +0200] "GET /entry.php?id=10271&&ser=480176 HTTP/1.1" 200 986 "http://ed.activities.at/entry.php?id=10271&&ser=480116" "Mozilla/5.0 (Windows NT 10.0; Win64; x64) AppleWebKit/537.36 (KHTML, like Gecko) Chrome/56.0.2924.87 Safari/537.36"
212.108.43.59 - - [06/Apr/2017:14:03:56 +0200] "GET /gui/javascript/form_form.js?1491480236 HTTP/1.1" 200 16206 "http://ed.activities.at/entry.php?id=10271&&ser=480176" "Mozilla/5.0 (Windows NT 10.0; Win64; x64) AppleWebKit/537.36 (KHTML, like Gecko) Chrome/56.0.2924.87 Safari/537.36"
91.141.2.151 - - [06/Apr/2017:14:04:22 +0200] "GET /entry.php?id=10271&&ser=480202 HTTP/1.1" 200 986 "http://ed.activities.at/entry.php?id=10271&&ser=480141" "Mozilla/5.0 (Windows NT 6.1; WOW64; Trident/7.0; rv:11.0) like Gecko"
91.141.2.151 - - [06/Apr/2017:14:04:23 +0200] "GET /gui/javascript/form_form.js?1491480263 HTTP/1.1" 200 16206 "http://ed.activities.at/entry.php?id=10271&&ser=480202" "Mozilla/5.0 (Windows NT 6.1; WOW64; Trident/7.0; rv:11.0) like Gecko"
91.141.2.151 - - [06/Apr/2017:14:04:24 +0200] "GET /framework/icons/rowselect.gif HTTP/1.1" 200 67 "http://ed.activities.at/entry.php?id=10778&form=11497&name=list&" "Mozilla/5.0 (Windows NT 6.1; WOW64; Trident/7.0; rv:11.0) like Gecko"
91.141.2.151 - - [06/Apr/2017:14:04:24 +0200] "POST /entry.php?id=11671 HTTP/1.1" 200 4717 "http://ed.activities.at/entry.php?id=11671&" "Mozilla/5.0 (Windows NT 6.1; WOW64; Trident/7.0; rv:11.0) like Gecko"
91.141.2.151 - - [06/Apr/2017:14:04:24 +0200] "GET /gui/javascript/form_form.js?1491480264 HTTP/1.1" 200 16206 "http://ed.activities.at/entry.php?id=11671" "Mozilla/5.0 (Windows NT 6.1; WOW64; Trident/7.0; rv:11.0) like Gecko"
91.141.2.151 - - [06/Apr/2017:14:04:24 +0200] "GET /gui/images/icons/wizard.png HTTP/1.1" 200 724 "http://ed.activities.at/entry.php?id=11671" "Mozilla/5.0 (Windows NT 6.1; WOW64; Trident/7.0; rv:11.0) like Gecko"
91.141.2.151 - - [06/Apr/2017:14:04:25 +0200] "GET /entry.php?id=10776&form=11496&name=list& HTTP/1.1" 200 1519 "http://ed.activities.at/entry.php?id=11671" "Mozilla/5.0 (Windows NT 6.1; WOW64; Trident/7.0; rv:11.0) like Gecko"
91.141.2.151 - - [06/Apr/2017:14:04:25 +0200] "GET /entry.php?id=10778&form=11496&name=list& HTTP/1.1" 200 5746 "http://ed.activities.at/entry.php?id=11671" "Mozilla/5.0 (Windows NT 6.1; WOW64; Trident/7.0; rv:11.0) like Gecko"
91.141.2.151 - - [06/Apr/2017:14:04:25 +0200] "GET /gui/images/icons/calendar.png HTTP/1.1" 200 675 "http://ed.activities.at/entry.php?id=11671" "Mozilla/5.0 (Windows NT 6.1; WOW64; Trident/7.0; rv:11.0) like Gecko"
91.141.2.151 - - [06/Apr/2017:14:04:51 +0200] "POST /entry.php?id=11671 HTTP/1.1" 200 4888 "http://ed.activities.at/entry.php?id=11671" "Mozilla/5.0 (Windows NT 6.1; WOW64; Trident/7.0; rv:11.0) like Gecko"
91.141.2.151 - - [06/Apr/2017:14:04:51 +0200] "GET /gui/javascript/form_form.js?1491480291 HTTP/1.1" 200 16206 "http://ed.activities.at/entry.php?id=11671" "Mozilla/5.0 (Windows NT 6.1; WOW64; Trident/7.0; rv:11.0) like Gecko"
91.141.2.151 - - [06/Apr/2017:14:04:52 +0200] "GET /entry.php?id=10778&form=11496&name=list& HTTP/1.1" 200 5746 "http://ed.activities.at/entry.php?id=11671" "Mozilla/5.0 (Windows NT 6.1; WOW64; Trident/7.0; rv:11.0) like Gecko"
91.141.2.151 - - [06/Apr/2017:14:04:52 +0200] "GET /entry.php?id=10776&form=11496&name=list& HTTP/1.1" 200 1519 "http://ed.activities.at/entry.php?id=11671" "Mozilla/5.0 (Windows NT 6.1; WOW64; Trident/7.0; rv:11.0) like Gecko"
91.141.2.151 - - [06/Apr/2017:14:04:56 +0200] "POST /entry.php?id=11671 HTTP/1.1" 200 4716 "http://ed.activities.at/entry.php?id=11671" "Mozilla/5.0 (Windows NT 6.1; WOW64; Trident/7.0; rv:11.0) like Gecko"
91.141.2.151 - - [06/Apr/2017:14:04:56 +0200] "GET /gui/javascript/form_form.js?1491480296 HTTP/1.1" 200 16206 "http://ed.activities.at/entry.php?id=11671" "Mozilla/5.0 (Windows NT 6.1; WOW64; Trident/7.0; rv:11.0) like Gecko"
212.108.43.59 - - [06/Apr/2017:14:04:57 +0200] "GET /entry.php?id=10271&&ser=480236 HTTP/1.1" 200 986 "http://ed.activities.at/entry.php?id=10271&&ser=480176" "Mozilla/5.0 (Windows NT 10.0; Win64; x64) AppleWebKit/537.36 (KHTML, like Gecko) Chrome/56.0.2924.87 Safari/537.36"
91.141.2.151 - - [06/Apr/2017:14:04:57 +0200] "GET /entry.php?id=10778&form=11496&name=list& HTTP/1.1" 200 5746 "http://ed.activities.at/entry.php?id=11671" "Mozilla/5.0 (Windows NT 6.1; WOW64; Trident/7.0; rv:11.0) like Gecko"
212.108.43.59 - - [06/Apr/2017:14:04:57 +0200] "GET /gui/javascript/form_form.js?1491480297 HTTP/1.1" 200 16206 "http://ed.activities.at/entry.php?id=10271&&ser=480236" "Mozilla/5.0 (Windows NT 10.0; Win64; x64) AppleWebKit/537.36 (KHTML, like Gecko) Chrome/56.0.2924.87 Safari/537.36"
91.141.2.151 - - [06/Apr/2017:14:04:57 +0200] "GET /entry.php?id=10776&form=11496&name=list& HTTP/1.1" 200 1519 "http://ed.activities.at/entry.php?id=11671" "Mozilla/5.0 (Windows NT 6.1; WOW64; Trident/7.0; rv:11.0) like Gecko"
91.141.2.151 - - [06/Apr/2017:14:05:14 +0200] "POST /entry.php?id=11671 HTTP/1.1" 200 4887 "http://ed.activities.at/entry.php?id=11671" "Mozilla/5.0 (Windows NT 6.1; WOW64; Trident/7.0; rv:11.0) like Gecko"
91.141.2.151 - - [06/Apr/2017:14:05:15 +0200] "GET /gui/javascript/form_form.js?1491480315 HTTP/1.1" 200 16206 "http://ed.activities.at/entry.php?id=11671" "Mozilla/5.0 (Windows NT 6.1; WOW64; Trident/7.0; rv:11.0) like Gecko"
91.141.2.151 - - [06/Apr/2017:14:05:15 +0200] "GET /entry.php?id=10778&form=11496&name=list& HTTP/1.1" 200 5746 "http://ed.activities.at/entry.php?id=11671" "Mozilla/5.0 (Windows NT 6.1; WOW64; Trident/7.0; rv:11.0) like Gecko"
91.141.2.151 - - [06/Apr/2017:14:05:15 +0200] "GET /entry.php?id=10776&form=11496&name=list& HTTP/1.1" 200 1519 "http://ed.activities.at/entry.php?id=11671" "Mozilla/5.0 (Windows NT 6.1; WOW64; Trident/7.0; rv:11.0) like Gecko"
91.141.2.151 - - [06/Apr/2017:14:05:23 +0200] "GET /entry.php?id=10271&&ser=480263 HTTP/1.1" 200 986 "http://ed.activities.at/entry.php?id=10271&&ser=480202" "Mozilla/5.0 (Windows NT 6.1; WOW64; Trident/7.0; rv:11.0) like Gecko"
91.141.2.151 - - [06/Apr/2017:14:05:23 +0200] "GET /gui/javascript/form_form.js?1491480323 HTTP/1.1" 200 16206 "http://ed.activities.at/entry.php?id=10271&&ser=480263" "Mozilla/5.0 (Windows NT 6.1; WOW64; Trident/7.0; rv:11.0) like Gecko"
212.108.43.59 - - [06/Apr/2017:14:05:57 +0200] "GET /entry.php?id=10271&&ser=480297 HTTP/1.1" 200 986 "http://ed.activities.at/entry.php?id=10271&&ser=480236" "Mozilla/5.0 (Windows NT 10.0; Win64; x64) AppleWebKit/537.36 (KHTML, like Gecko) Chrome/56.0.2924.87 Safari/537.36"
212.108.43.59 - - [06/Apr/2017:14:05:57 +0200] "GET /gui/javascript/form_form.js?1491480357 HTTP/1.1" 200 16206 "http://ed.activities.at/entry.php?id=10271&&ser=480297" "Mozilla/5.0 (Windows NT 10.0; Win64; x64) AppleWebKit/537.36 (KHTML, like Gecko) Chrome/56.0.2924.87 Safari/537.36"
91.141.2.151 - - [06/Apr/2017:14:06:23 +0200] "GET /entry.php?id=10271&&ser=480323 HTTP/1.1" 200 986 "http://ed.activities.at/entry.php?id=10271&&ser=480263" "Mozilla/5.0 (Windows NT 6.1; WOW64; Trident/7.0; rv:11.0) like Gecko"
91.141.2.151 - - [06/Apr/2017:14:06:24 +0200] "GET /gui/javascript/form_form.js?1491480384 HTTP/1.1" 200 16206 "http://ed.activities.at/entry.php?id=10271&&ser=480323" "Mozilla/5.0 (Windows NT 6.1; WOW64; Trident/7.0; rv:11.0) like Gecko"
212.108.43.59 - - [06/Apr/2017:14:06:57 +0200] "GET /entry.php?id=10271&&ser=480357 HTTP/1.1" 200 986 "http://ed.activities.at/entry.php?id=10271&&ser=480297" "Mozilla/5.0 (Windows NT 10.0; Win64; x64) AppleWebKit/537.36 (KHTML, like Gecko) Chrome/56.0.2924.87 Safari/537.36"
212.108.43.59 - - [06/Apr/2017:14:06:58 +0200] "GET /gui/javascript/form_form.js?1491480417 HTTP/1.1" 200 16206 "http://ed.activities.at/entry.php?id=10271&&ser=480357" "Mozilla/5.0 (Windows NT 10.0; Win64; x64) AppleWebKit/537.36 (KHTML, like Gecko) Chrome/56.0.2924.87 Safari/537.36"
91.141.2.151 - - [06/Apr/2017:14:07:24 +0200] "GET /entry.php?id=10271&&ser=480384 HTTP/1.1" 200 987 "http://ed.activities.at/entry.php?id=10271&&ser=480323" "Mozilla/5.0 (Windows NT 6.1; WOW64; Trident/7.0; rv:11.0) like Gecko"
91.141.2.151 - - [06/Apr/2017:14:07:24 +0200] "GET /gui/javascript/form_form.js?1491480444 HTTP/1.1" 200 16206 "http://ed.activities.at/entry.php?id=10271&&ser=480384" "Mozilla/5.0 (Windows NT 6.1; WOW64; Trident/7.0; rv:11.0) like Gecko"
91.141.2.151 - - [06/Apr/2017:14:07:44 +0200] "POST /entry.php?id=11671 HTTP/1.1" 200 4728 "http://ed.activities.at/entry.php?id=11671" "Mozilla/5.0 (Windows NT 6.1; WOW64; Trident/7.0; rv:11.0) like Gecko"
91.141.2.151 - - [06/Apr/2017:14:07:45 +0200] "GET /gui/javascript/form_form.js?1491480465 HTTP/1.1" 200 16206 "http://ed.activities.at/entry.php?id=11671" "Mozilla/5.0 (Windows NT 6.1; WOW64; Trident/7.0; rv:11.0) like Gecko"
91.141.2.151 - - [06/Apr/2017:14:07:45 +0200] "GET /entry.php?id=10776&form=11496&name=list& HTTP/1.1" 200 1519 "http://ed.activities.at/entry.php?id=11671" "Mozilla/5.0 (Windows NT 6.1; WOW64; Trident/7.0; rv:11.0) like Gecko"
91.141.2.151 - - [06/Apr/2017:14:07:45 +0200] "GET /entry.php?id=10778&form=11496&name=list& HTTP/1.1" 200 5746 "http://ed.activities.at/entry.php?id=11671" "Mozilla/5.0 (Windows NT 6.1; WOW64; Trident/7.0; rv:11.0) like Gecko"
91.141.2.151 - - [06/Apr/2017:14:07:52 +0200] "POST /entry.php?id=11671 HTTP/1.1" 200 4900 "http://ed.activities.at/entry.php?id=11671" "Mozilla/5.0 (Windows NT 6.1; WOW64; Trident/7.0; rv:11.0) like Gecko"
91.141.2.151 - - [06/Apr/2017:14:07:53 +0200] "GET /gui/javascript/form_form.js?1491480473 HTTP/1.1" 200 16206 "http://ed.activities.at/entry.php?id=11671" "Mozilla/5.0 (Windows NT 6.1; WOW64; Trident/7.0; rv:11.0) like Gecko"
91.141.2.151 - - [06/Apr/2017:14:07:53 +0200] "GET /entry.php?id=10778&form=11496&name=list& HTTP/1.1" 200 5746 "http://ed.activities.at/entry.php?id=11671" "Mozilla/5.0 (Windows NT 6.1; WOW64; Trident/7.0; rv:11.0) like Gecko"
91.141.2.151 - - [06/Apr/2017:14:07:53 +0200] "GET /entry.php?id=10776&form=11496&name=list& HTTP/1.1" 200 1519 "http://ed.activities.at/entry.php?id=11671" "Mozilla/5.0 (Windows NT 6.1; WOW64; Trident/7.0; rv:11.0) like Gecko"
212.108.43.59 - - [06/Apr/2017:14:07:58 +0200] "GET /entry.php?id=10271&&ser=480417 HTTP/1.1" 200 986 "http://ed.activities.at/entry.php?id=10271&&ser=480357" "Mozilla/5.0 (Windows NT 10.0; Win64; x64) AppleWebKit/537.36 (KHTML, like Gecko) Chrome/56.0.2924.87 Safari/537.36"
212.108.43.59 - - [06/Apr/2017:14:07:58 +0200] "GET /gui/javascript/form_form.js?1491480478 HTTP/1.1" 200 16206 "http://ed.activities.at/entry.php?id=10271&&ser=480417" "Mozilla/5.0 (Windows NT 10.0; Win64; x64) AppleWebKit/537.36 (KHTML, like Gecko) Chrome/56.0.2924.87 Safari/537.36"
91.141.2.151 - - [06/Apr/2017:14:08:09 +0200] "POST /entry.php?id=11671 HTTP/1.1" 200 4718 "http://ed.activities.at/entry.php?id=11671" "Mozilla/5.0 (Windows NT 6.1; WOW64; Trident/7.0; rv:11.0) like Gecko"
91.141.2.151 - - [06/Apr/2017:14:08:10 +0200] "GET /gui/javascript/form_form.js?1491480489 HTTP/1.1" 200 16206 "http://ed.activities.at/entry.php?id=11671" "Mozilla/5.0 (Windows NT 6.1; WOW64; Trident/7.0; rv:11.0) like Gecko"
91.141.2.151 - - [06/Apr/2017:14:08:10 +0200] "GET /entry.php?id=10776&form=11496&name=list& HTTP/1.1" 200 1519 "http://ed.activities.at/entry.php?id=11671" "Mozilla/5.0 (Windows NT 6.1; WOW64; Trident/7.0; rv:11.0) like Gecko"
91.141.2.151 - - [06/Apr/2017:14:08:10 +0200] "GET /entry.php?id=10778&form=11496&name=list& HTTP/1.1" 200 5746 "http://ed.activities.at/entry.php?id=11671" "Mozilla/5.0 (Windows NT 6.1; WOW64; Trident/7.0; rv:11.0) like Gecko"
91.141.2.151 - - [06/Apr/2017:14:08:16 +0200] "POST /entry.php?id=11671 HTTP/1.1" 200 4890 "http://ed.activities.at/entry.php?id=11671" "Mozilla/5.0 (Windows NT 6.1; WOW64; Trident/7.0; rv:11.0) like Gecko"
91.141.2.151 - - [06/Apr/2017:14:08:17 +0200] "GET /gui/javascript/form_form.js?1491480497 HTTP/1.1" 200 16206 "http://ed.activities.at/entry.php?id=11671" "Mozilla/5.0 (Windows NT 6.1; WOW64; Trident/7.0; rv:11.0) like Gecko"
91.141.2.151 - - [06/Apr/2017:14:08:17 +0200] "GET /entry.php?id=10776&form=11496&name=list& HTTP/1.1" 200 1519 "http://ed.activities.at/entry.php?id=11671" "Mozilla/5.0 (Windows NT 6.1; WOW64; Trident/7.0; rv:11.0) like Gecko"
91.141.2.151 - - [06/Apr/2017:14:08:17 +0200] "GET /entry.php?id=10778&form=11496&name=list& HTTP/1.1" 200 5746 "http://ed.activities.at/entry.php?id=11671" "Mozilla/5.0 (Windows NT 6.1; WOW64; Trident/7.0; rv:11.0) like Gecko"
91.141.2.151 - - [06/Apr/2017:14:08:22 +0200] "POST /entry.php?id=11671 HTTP/1.1" 200 4718 "http://ed.activities.at/entry.php?id=11671" "Mozilla/5.0 (Windows NT 6.1; WOW64; Trident/7.0; rv:11.0) like Gecko"
91.141.2.151 - - [06/Apr/2017:14:08:23 +0200] "GET /gui/javascript/form_form.js?1491480502 HTTP/1.1" 200 16206 "http://ed.activities.at/entry.php?id=11671" "Mozilla/5.0 (Windows NT 6.1; WOW64; Trident/7.0; rv:11.0) like Gecko"
91.141.2.151 - - [06/Apr/2017:14:08:23 +0200] "GET /entry.php?id=10776&form=11496&name=list& HTTP/1.1" 200 1519 "http://ed.activities.at/entry.php?id=11671" "Mozilla/5.0 (Windows NT 6.1; WOW64; Trident/7.0; rv:11.0) like Gecko"
91.141.2.151 - - [06/Apr/2017:14:08:23 +0200] "GET /entry.php?id=10778&form=11496&name=list& HTTP/1.1" 200 5765 "http://ed.activities.at/entry.php?id=11671" "Mozilla/5.0 (Windows NT 6.1; WOW64; Trident/7.0; rv:11.0) like Gecko"
91.141.2.151 - - [06/Apr/2017:14:08:25 +0200] "GET /entry.php?id=10271&&ser=480444 HTTP/1.1" 200 986 "http://ed.activities.at/entry.php?id=10271&&ser=480384" "Mozilla/5.0 (Windows NT 6.1; WOW64; Trident/7.0; rv:11.0) like Gecko"
91.141.2.151 - - [06/Apr/2017:14:08:25 +0200] "GET /gui/javascript/form_form.js?1491480505 HTTP/1.1" 200 16206 "http://ed.activities.at/entry.php?id=10271&&ser=480444" "Mozilla/5.0 (Windows NT 6.1; WOW64; Trident/7.0; rv:11.0) like Gecko"
91.141.2.151 - - [06/Apr/2017:14:08:30 +0200] "POST /entry.php?id=11671 HTTP/1.1" 200 4902 "http://ed.activities.at/entry.php?id=11671" "Mozilla/5.0 (Windows NT 6.1; WOW64; Trident/7.0; rv:11.0) like Gecko"
91.141.2.151 - - [06/Apr/2017:14:08:31 +0200] "GET /gui/javascript/form_form.js?1491480510 HTTP/1.1" 200 16206 "http://ed.activities.at/entry.php?id=11671" "Mozilla/5.0 (Windows NT 6.1; WOW64; Trident/7.0; rv:11.0) like Gecko"
91.141.2.151 - - [06/Apr/2017:14:08:31 +0200] "GET /entry.php?id=10776&form=11496&name=list& HTTP/1.1" 200 1519 "http://ed.activities.at/entry.php?id=11671" "Mozilla/5.0 (Windows NT 6.1; WOW64; Trident/7.0; rv:11.0) like Gecko"
91.141.2.151 - - [06/Apr/2017:14:08:31 +0200] "GET /entry.php?id=10778&form=11496&name=list& HTTP/1.1" 200 5765 "http://ed.activities.at/entry.php?id=11671" "Mozilla/5.0 (Windows NT 6.1; WOW64; Trident/7.0; rv:11.0) like Gecko"
91.141.2.151 - - [06/Apr/2017:14:08:33 +0200] "POST /entry.php?id=11671 HTTP/1.1" 200 4721 "http://ed.activities.at/entry.php?id=11671" "Mozilla/5.0 (Windows NT 6.1; WOW64; Trident/7.0; rv:11.0) like Gecko"
91.141.2.151 - - [06/Apr/2017:14:08:33 +0200] "GET /gui/javascript/form_form.js?1491480513 HTTP/1.1" 200 16206 "http://ed.activities.at/entry.php?id=11671" "Mozilla/5.0 (Windows NT 6.1; WOW64; Trident/7.0; rv:11.0) like Gecko"
91.141.2.151 - - [06/Apr/2017:14:08:34 +0200] "GET /entry.php?id=10776&form=11496&name=list& HTTP/1.1" 200 1519 "http://ed.activities.at/entry.php?id=11671" "Mozilla/5.0 (Windows NT 6.1; WOW64; Trident/7.0; rv:11.0) like Gecko"
91.141.2.151 - - [06/Apr/2017:14:08:34 +0200] "GET /entry.php?id=10778&form=11496&name=list& HTTP/1.1" 200 5765 "http://ed.activities.at/entry.php?id=11671" "Mozilla/5.0 (Windows NT 6.1; WOW64; Trident/7.0; rv:11.0) like Gecko"
91.141.2.151 - - [06/Apr/2017:14:08:40 +0200] "POST /entry.php?id=11671 HTTP/1.1" 200 4905 "http://ed.activities.at/entry.php?id=11671" "Mozilla/5.0 (Windows NT 6.1; WOW64; Trident/7.0; rv:11.0) like Gecko"
91.141.2.151 - - [06/Apr/2017:14:08:41 +0200] "GET /gui/javascript/form_form.js?1491480521 HTTP/1.1" 200 16206 "http://ed.activities.at/entry.php?id=11671" "Mozilla/5.0 (Windows NT 6.1; WOW64; Trident/7.0; rv:11.0) like Gecko"
91.141.2.151 - - [06/Apr/2017:14:08:42 +0200] "GET /entry.php?id=10778&form=11496&name=list& HTTP/1.1" 200 5765 "http://ed.activities.at/entry.php?id=11671" "Mozilla/5.0 (Windows NT 6.1; WOW64; Trident/7.0; rv:11.0) like Gecko"
91.141.2.151 - - [06/Apr/2017:14:08:42 +0200] "GET /entry.php?id=10776&form=11496&name=list& HTTP/1.1" 200 1519 "http://ed.activities.at/entry.php?id=11671" "Mozilla/5.0 (Windows NT 6.1; WOW64; Trident/7.0; rv:11.0) like Gecko"
91.141.2.151 - - [06/Apr/2017:14:08:43 +0200] "POST /entry.php?id=11671 HTTP/1.1" 200 4717 "http://ed.activities.at/entry.php?id=11671" "Mozilla/5.0 (Windows NT 6.1; WOW64; Trident/7.0; rv:11.0) like Gecko"
91.141.2.151 - - [06/Apr/2017:14:08:44 +0200] "GET /gui/javascript/form_form.js?1491480524 HTTP/1.1" 200 16206 "http://ed.activities.at/entry.php?id=11671" "Mozilla/5.0 (Windows NT 6.1; WOW64; Trident/7.0; rv:11.0) like Gecko"
91.141.2.151 - - [06/Apr/2017:14:08:44 +0200] "GET /entry.php?id=10776&form=11496&name=list& HTTP/1.1" 200 1519 "http://ed.activities.at/entry.php?id=11671" "Mozilla/5.0 (Windows NT 6.1; WOW64; Trident/7.0; rv:11.0) like Gecko"
91.141.2.151 - - [06/Apr/2017:14:08:44 +0200] "GET /entry.php?id=10778&form=11496&name=list& HTTP/1.1" 200 5765 "http://ed.activities.at/entry.php?id=11671" "Mozilla/5.0 (Windows NT 6.1; WOW64; Trident/7.0; rv:11.0) like Gecko"
91.141.2.151 - - [06/Apr/2017:14:08:51 +0200] "POST /entry.php?id=11671 HTTP/1.1" 200 4901 "http://ed.activities.at/entry.php?id=11671" "Mozilla/5.0 (Windows NT 6.1; WOW64; Trident/7.0; rv:11.0) like Gecko"
91.141.2.151 - - [06/Apr/2017:14:08:52 +0200] "GET /gui/javascript/form_form.js?1491480531 HTTP/1.1" 200 16206 "http://ed.activities.at/entry.php?id=11671" "Mozilla/5.0 (Windows NT 6.1; WOW64; Trident/7.0; rv:11.0) like Gecko"
91.141.2.151 - - [06/Apr/2017:14:08:52 +0200] "GET /entry.php?id=10778&form=11496&name=list& HTTP/1.1" 200 5765 "http://ed.activities.at/entry.php?id=11671" "Mozilla/5.0 (Windows NT 6.1; WOW64; Trident/7.0; rv:11.0) like Gecko"
91.141.2.151 - - [06/Apr/2017:14:08:52 +0200] "GET /entry.php?id=10776&form=11496&name=list& HTTP/1.1" 200 1519 "http://ed.activities.at/entry.php?id=11671" "Mozilla/5.0 (Windows NT 6.1; WOW64; Trident/7.0; rv:11.0) like Gecko"
212.108.43.59 - - [06/Apr/2017:14:08:58 +0200] "GET /entry.php?id=10271&&ser=480478 HTTP/1.1" 200 986 "http://ed.activities.at/entry.php?id=10271&&ser=480417" "Mozilla/5.0 (Windows NT 10.0; Win64; x64) AppleWebKit/537.36 (KHTML, like Gecko) Chrome/56.0.2924.87 Safari/537.36"
212.108.43.59 - - [06/Apr/2017:14:08:58 +0200] "GET /gui/javascript/form_form.js?1491480538 HTTP/1.1" 200 16206 "http://ed.activities.at/entry.php?id=10271&&ser=480478" "Mozilla/5.0 (Windows NT 10.0; Win64; x64) AppleWebKit/537.36 (KHTML, like Gecko) Chrome/56.0.2924.87 Safari/537.36"
91.141.2.151 - - [06/Apr/2017:14:09:26 +0200] "GET /entry.php?id=10271&&ser=480505 HTTP/1.1" 200 986 "http://ed.activities.at/entry.php?id=10271&&ser=480444" "Mozilla/5.0 (Windows NT 6.1; WOW64; Trident/7.0; rv:11.0) like Gecko"
91.141.2.151 - - [06/Apr/2017:14:09:26 +0200] "GET /gui/javascript/form_form.js?1491480566 HTTP/1.1" 200 16206 "http://ed.activities.at/entry.php?id=10271&&ser=480505" "Mozilla/5.0 (Windows NT 6.1; WOW64; Trident/7.0; rv:11.0) like Gecko"
212.108.43.59 - - [06/Apr/2017:14:09:58 +0200] "GET /entry.php?id=10271&&ser=480538 HTTP/1.1" 200 986 "http://ed.activities.at/entry.php?id=10271&&ser=480478" "Mozilla/5.0 (Windows NT 10.0; Win64; x64) AppleWebKit/537.36 (KHTML, like Gecko) Chrome/56.0.2924.87 Safari/537.36"
212.108.43.59 - - [06/Apr/2017:14:09:59 +0200] "GET /gui/javascript/form_form.js?1491480598 HTTP/1.1" 200 16206 "http://ed.activities.at/entry.php?id=10271&&ser=480538" "Mozilla/5.0 (Windows NT 10.0; Win64; x64) AppleWebKit/537.36 (KHTML, like Gecko) Chrome/56.0.2924.87 Safari/537.36"
91.141.2.151 - - [06/Apr/2017:14:10:00 +0200] "POST /entry.php?id=11671 HTTP/1.1" 200 4736 "http://ed.activities.at/entry.php?id=11671" "Mozilla/5.0 (Windows NT 6.1; WOW64; Trident/7.0; rv:11.0) like Gecko"
91.141.2.151 - - [06/Apr/2017:14:10:00 +0200] "GET /gui/javascript/form_form.js?1491480600 HTTP/1.1" 200 16206 "http://ed.activities.at/entry.php?id=11671" "Mozilla/5.0 (Windows NT 6.1; WOW64; Trident/7.0; rv:11.0) like Gecko"
91.141.2.151 - - [06/Apr/2017:14:10:00 +0200] "GET /entry.php?id=10778&form=11496&name=list& HTTP/1.1" 200 5731 "http://ed.activities.at/entry.php?id=11671" "Mozilla/5.0 (Windows NT 6.1; WOW64; Trident/7.0; rv:11.0) like Gecko"
91.141.2.151 - - [06/Apr/2017:14:10:00 +0200] "GET /entry.php?id=10776&form=11496&name=list& HTTP/1.1" 200 1519 "http://ed.activities.at/entry.php?id=11671" "Mozilla/5.0 (Windows NT 6.1; WOW64; Trident/7.0; rv:11.0) like Gecko"
91.141.2.151 - - [06/Apr/2017:14:10:06 +0200] "POST /entry.php?id=11671 HTTP/1.1" 200 4911 "http://ed.activities.at/entry.php?id=11671" "Mozilla/5.0 (Windows NT 6.1; WOW64; Trident/7.0; rv:11.0) like Gecko"
91.141.2.151 - - [06/Apr/2017:14:10:07 +0200] "GET /gui/javascript/form_form.js?1491480607 HTTP/1.1" 200 16206 "http://ed.activities.at/entry.php?id=11671" "Mozilla/5.0 (Windows NT 6.1; WOW64; Trident/7.0; rv:11.0) like Gecko"
91.141.2.151 - - [06/Apr/2017:14:10:07 +0200] "GET /entry.php?id=10776&form=11496&name=list& HTTP/1.1" 200 1519 "http://ed.activities.at/entry.php?id=11671" "Mozilla/5.0 (Windows NT 6.1; WOW64; Trident/7.0; rv:11.0) like Gecko"
91.141.2.151 - - [06/Apr/2017:14:10:07 +0200] "GET /entry.php?id=10778&form=11496&name=list& HTTP/1.1" 200 5731 "http://ed.activities.at/entry.php?id=11671" "Mozilla/5.0 (Windows NT 6.1; WOW64; Trident/7.0; rv:11.0) like Gecko"
91.141.2.151 - - [06/Apr/2017:14:10:26 +0200] "GET /entry.php?id=10271&&ser=480566 HTTP/1.1" 200 986 "http://ed.activities.at/entry.php?id=10271&&ser=480505" "Mozilla/5.0 (Windows NT 6.1; WOW64; Trident/7.0; rv:11.0) like Gecko"
91.141.2.151 - - [06/Apr/2017:14:10:26 +0200] "GET /gui/javascript/form_form.js?1491480626 HTTP/1.1" 200 16206 "http://ed.activities.at/entry.php?id=10271&&ser=480566" "Mozilla/5.0 (Windows NT 6.1; WOW64; Trident/7.0; rv:11.0) like Gecko"
91.141.2.151 - - [06/Apr/2017:14:10:47 +0200] "POST /entry.php?id=11671 HTTP/1.1" 200 4717 "http://ed.activities.at/entry.php?id=11671" "Mozilla/5.0 (Windows NT 6.1; WOW64; Trident/7.0; rv:11.0) like Gecko"
91.141.2.151 - - [06/Apr/2017:14:10:48 +0200] "GET /gui/javascript/form_form.js?1491480648 HTTP/1.1" 200 16206 "http://ed.activities.at/entry.php?id=11671" "Mozilla/5.0 (Windows NT 6.1; WOW64; Trident/7.0; rv:11.0) like Gecko"
91.141.2.151 - - [06/Apr/2017:14:10:48 +0200] "GET /entry.php?id=10776&form=11496&name=list& HTTP/1.1" 200 1519 "http://ed.activities.at/entry.php?id=11671" "Mozilla/5.0 (Windows NT 6.1; WOW64; Trident/7.0; rv:11.0) like Gecko"
91.141.2.151 - - [06/Apr/2017:14:10:48 +0200] "GET /entry.php?id=10778&form=11496&name=list& HTTP/1.1" 200 5746 "http://ed.activities.at/entry.php?id=11671" "Mozilla/5.0 (Windows NT 6.1; WOW64; Trident/7.0; rv:11.0) like Gecko"
91.141.2.151 - - [06/Apr/2017:14:10:55 +0200] "POST /entry.php?id=11671 HTTP/1.1" 200 4892 "http://ed.activities.at/entry.php?id=11671" "Mozilla/5.0 (Windows NT 6.1; WOW64; Trident/7.0; rv:11.0) like Gecko"
91.141.2.151 - - [06/Apr/2017:14:10:55 +0200] "GET /gui/javascript/form_form.js?1491480655 HTTP/1.1" 200 16206 "http://ed.activities.at/entry.php?id=11671" "Mozilla/5.0 (Windows NT 6.1; WOW64; Trident/7.0; rv:11.0) like Gecko"
91.141.2.151 - - [06/Apr/2017:14:10:56 +0200] "GET /entry.php?id=10776&form=11496&name=list& HTTP/1.1" 200 1519 "http://ed.activities.at/entry.php?id=11671" "Mozilla/5.0 (Windows NT 6.1; WOW64; Trident/7.0; rv:11.0) like Gecko"
91.141.2.151 - - [06/Apr/2017:14:10:56 +0200] "GET /entry.php?id=10778&form=11496&name=list& HTTP/1.1" 200 5746 "http://ed.activities.at/entry.php?id=11671" "Mozilla/5.0 (Windows NT 6.1; WOW64; Trident/7.0; rv:11.0) like Gecko"
212.108.43.59 - - [06/Apr/2017:14:10:59 +0200] "GET /entry.php?id=10271&&ser=480598 HTTP/1.1" 200 986 "http://ed.activities.at/entry.php?id=10271&&ser=480538" "Mozilla/5.0 (Windows NT 10.0; Win64; x64) AppleWebKit/537.36 (KHTML, like Gecko) Chrome/56.0.2924.87 Safari/537.36"
212.108.43.59 - - [06/Apr/2017:14:10:59 +0200] "GET /gui/javascript/form_form.js?1491480659 HTTP/1.1" 200 16206 "http://ed.activities.at/entry.php?id=10271&&ser=480598" "Mozilla/5.0 (Windows NT 10.0; Win64; x64) AppleWebKit/537.36 (KHTML, like Gecko) Chrome/56.0.2924.87 Safari/537.36"
91.141.2.151 - - [06/Apr/2017:14:11:06 +0200] "POST /entry.php?id=11671 HTTP/1.1" 200 4721 "http://ed.activities.at/entry.php?id=11671" "Mozilla/5.0 (Windows NT 6.1; WOW64; Trident/7.0; rv:11.0) like Gecko"
91.141.2.151 - - [06/Apr/2017:14:11:06 +0200] "GET /gui/javascript/form_form.js?1491480666 HTTP/1.1" 200 16206 "http://ed.activities.at/entry.php?id=11671" "Mozilla/5.0 (Windows NT 6.1; WOW64; Trident/7.0; rv:11.0) like Gecko"
91.141.2.151 - - [06/Apr/2017:14:11:07 +0200] "GET /entry.php?id=10776&form=11496&name=list& HTTP/1.1" 200 1519 "http://ed.activities.at/entry.php?id=11671" "Mozilla/5.0 (Windows NT 6.1; WOW64; Trident/7.0; rv:11.0) like Gecko"
91.141.2.151 - - [06/Apr/2017:14:11:07 +0200] "GET /entry.php?id=10778&form=11496&name=list& HTTP/1.1" 200 5765 "http://ed.activities.at/entry.php?id=11671" "Mozilla/5.0 (Windows NT 6.1; WOW64; Trident/7.0; rv:11.0) like Gecko"
91.141.2.151 - - [06/Apr/2017:14:11:17 +0200] "POST /entry.php?id=11671 HTTP/1.1" 200 4904 "http://ed.activities.at/entry.php?id=11671" "Mozilla/5.0 (Windows NT 6.1; WOW64; Trident/7.0; rv:11.0) like Gecko"
91.141.2.151 - - [06/Apr/2017:14:11:18 +0200] "GET /gui/javascript/form_form.js?1491480677 HTTP/1.1" 200 16206 "http://ed.activities.at/entry.php?id=11671" "Mozilla/5.0 (Windows NT 6.1; WOW64; Trident/7.0; rv:11.0) like Gecko"
91.141.2.151 - - [06/Apr/2017:14:11:18 +0200] "GET /entry.php?id=10776&form=11496&name=list& HTTP/1.1" 200 1519 "http://ed.activities.at/entry.php?id=11671" "Mozilla/5.0 (Windows NT 6.1; WOW64; Trident/7.0; rv:11.0) like Gecko"
91.141.2.151 - - [06/Apr/2017:14:11:18 +0200] "GET /entry.php?id=10778&form=11496&name=list& HTTP/1.1" 200 5765 "http://ed.activities.at/entry.php?id=11671" "Mozilla/5.0 (Windows NT 6.1; WOW64; Trident/7.0; rv:11.0) like Gecko"
91.141.2.151 - - [06/Apr/2017:14:11:20 +0200] "POST /entry.php?id=11671 HTTP/1.1" 200 4720 "http://ed.activities.at/entry.php?id=11671" "Mozilla/5.0 (Windows NT 6.1; WOW64; Trident/7.0; rv:11.0) like Gecko"
91.141.2.151 - - [06/Apr/2017:14:11:20 +0200] "GET /gui/javascript/form_form.js?1491480680 HTTP/1.1" 200 16206 "http://ed.activities.at/entry.php?id=11671" "Mozilla/5.0 (Windows NT 6.1; WOW64; Trident/7.0; rv:11.0) like Gecko"
91.141.2.151 - - [06/Apr/2017:14:11:21 +0200] "GET /entry.php?id=10776&form=11496&name=list& HTTP/1.1" 200 1519 "http://ed.activities.at/entry.php?id=11671" "Mozilla/5.0 (Windows NT 6.1; WOW64; Trident/7.0; rv:11.0) like Gecko"
91.141.2.151 - - [06/Apr/2017:14:11:21 +0200] "GET /entry.php?id=10778&form=11496&name=list& HTTP/1.1" 200 5765 "http://ed.activities.at/entry.php?id=11671" "Mozilla/5.0 (Windows NT 6.1; WOW64; Trident/7.0; rv:11.0) like Gecko"
91.141.2.151 - - [06/Apr/2017:14:11:26 +0200] "POST /entry.php?id=11671 HTTP/1.1" 200 4904 "http://ed.activities.at/entry.php?id=11671" "Mozilla/5.0 (Windows NT 6.1; WOW64; Trident/7.0; rv:11.0) like Gecko"
91.141.2.151 - - [06/Apr/2017:14:11:27 +0200] "GET /gui/javascript/form_form.js?1491480687 HTTP/1.1" 200 16206 "http://ed.activities.at/entry.php?id=11671" "Mozilla/5.0 (Windows NT 6.1; WOW64; Trident/7.0; rv:11.0) like Gecko"
91.141.2.151 - - [06/Apr/2017:14:11:27 +0200] "GET /entry.php?id=10271&&ser=480626 HTTP/1.1" 200 985 "http://ed.activities.at/entry.php?id=10271&&ser=480566" "Mozilla/5.0 (Windows NT 6.1; WOW64; Trident/7.0; rv:11.0) like Gecko"
91.141.2.151 - - [06/Apr/2017:14:11:27 +0200] "GET /entry.php?id=10776&form=11496&name=list& HTTP/1.1" 200 1519 "http://ed.activities.at/entry.php?id=11671" "Mozilla/5.0 (Windows NT 6.1; WOW64; Trident/7.0; rv:11.0) like Gecko"
91.141.2.151 - - [06/Apr/2017:14:11:27 +0200] "GET /entry.php?id=10778&form=11496&name=list& HTTP/1.1" 200 5765 "http://ed.activities.at/entry.php?id=11671" "Mozilla/5.0 (Windows NT 6.1; WOW64; Trident/7.0; rv:11.0) like Gecko"
91.141.2.151 - - [06/Apr/2017:14:11:29 +0200] "POST /entry.php?id=11671 HTTP/1.1" 200 4719 "http://ed.activities.at/entry.php?id=11671" "Mozilla/5.0 (Windows NT 6.1; WOW64; Trident/7.0; rv:11.0) like Gecko"
91.141.2.151 - - [06/Apr/2017:14:11:30 +0200] "GET /gui/javascript/form_form.js?1491480690 HTTP/1.1" 200 16206 "http://ed.activities.at/entry.php?id=11671" "Mozilla/5.0 (Windows NT 6.1; WOW64; Trident/7.0; rv:11.0) like Gecko"
91.141.2.151 - - [06/Apr/2017:14:11:30 +0200] "GET /entry.php?id=10776&form=11496&name=list& HTTP/1.1" 200 1519 "http://ed.activities.at/entry.php?id=11671" "Mozilla/5.0 (Windows NT 6.1; WOW64; Trident/7.0; rv:11.0) like Gecko"
91.141.2.151 - - [06/Apr/2017:14:11:30 +0200] "GET /entry.php?id=10778&form=11496&name=list& HTTP/1.1" 200 5765 "http://ed.activities.at/entry.php?id=11671" "Mozilla/5.0 (Windows NT 6.1; WOW64; Trident/7.0; rv:11.0) like Gecko"
91.141.2.151 - - [06/Apr/2017:14:11:36 +0200] "POST /entry.php?id=11671 HTTP/1.1" 200 4903 "http://ed.activities.at/entry.php?id=11671" "Mozilla/5.0 (Windows NT 6.1; WOW64; Trident/7.0; rv:11.0) like Gecko"
91.141.2.151 - - [06/Apr/2017:14:11:37 +0200] "GET /gui/javascript/form_form.js?1491480696 HTTP/1.1" 200 16206 "http://ed.activities.at/entry.php?id=11671" "Mozilla/5.0 (Windows NT 6.1; WOW64; Trident/7.0; rv:11.0) like Gecko"
91.141.2.151 - - [06/Apr/2017:14:11:37 +0200] "GET /entry.php?id=10778&form=11496&name=list& HTTP/1.1" 200 5765 "http://ed.activities.at/entry.php?id=11671" "Mozilla/5.0 (Windows NT 6.1; WOW64; Trident/7.0; rv:11.0) like Gecko"
91.141.2.151 - - [06/Apr/2017:14:11:37 +0200] "GET /entry.php?id=10776&form=11496&name=list& HTTP/1.1" 200 1519 "http://ed.activities.at/entry.php?id=11671" "Mozilla/5.0 (Windows NT 6.1; WOW64; Trident/7.0; rv:11.0) like Gecko"
91.141.2.151 - - [06/Apr/2017:14:11:41 +0200] "POST /entry.php?id=11671 HTTP/1.1" 200 4718 "http://ed.activities.at/entry.php?id=11671" "Mozilla/5.0 (Windows NT 6.1; WOW64; Trident/7.0; rv:11.0) like Gecko"
91.141.2.151 - - [06/Apr/2017:14:11:42 +0200] "GET /gui/javascript/form_form.js?1491480701 HTTP/1.1" 200 16206 "http://ed.activities.at/entry.php?id=11671" "Mozilla/5.0 (Windows NT 6.1; WOW64; Trident/7.0; rv:11.0) like Gecko"
91.141.2.151 - - [06/Apr/2017:14:11:42 +0200] "GET /entry.php?id=10776&form=11496&name=list& HTTP/1.1" 200 1519 "http://ed.activities.at/entry.php?id=11671" "Mozilla/5.0 (Windows NT 6.1; WOW64; Trident/7.0; rv:11.0) like Gecko"
91.141.2.151 - - [06/Apr/2017:14:11:42 +0200] "GET /entry.php?id=10778&form=11496&name=list& HTTP/1.1" 200 5765 "http://ed.activities.at/entry.php?id=11671" "Mozilla/5.0 (Windows NT 6.1; WOW64; Trident/7.0; rv:11.0) like Gecko"
91.141.2.151 - - [06/Apr/2017:14:11:48 +0200] "POST /entry.php?id=11671 HTTP/1.1" 200 4902 "http://ed.activities.at/entry.php?id=11671" "Mozilla/5.0 (Windows NT 6.1; WOW64; Trident/7.0; rv:11.0) like Gecko"
91.141.2.151 - - [06/Apr/2017:14:11:49 +0200] "GET /gui/javascript/form_form.js?1491480709 HTTP/1.1" 200 16206 "http://ed.activities.at/entry.php?id=11671" "Mozilla/5.0 (Windows NT 6.1; WOW64; Trident/7.0; rv:11.0) like Gecko"
91.141.2.151 - - [06/Apr/2017:14:11:49 +0200] "GET /entry.php?id=10776&form=11496&name=list& HTTP/1.1" 200 1519 "http://ed.activities.at/entry.php?id=11671" "Mozilla/5.0 (Windows NT 6.1; WOW64; Trident/7.0; rv:11.0) like Gecko"
91.141.2.151 - - [06/Apr/2017:14:11:49 +0200] "GET /entry.php?id=10778&form=11496&name=list& HTTP/1.1" 200 5765 "http://ed.activities.at/entry.php?id=11671" "Mozilla/5.0 (Windows NT 6.1; WOW64; Trident/7.0; rv:11.0) like Gecko"
91.141.2.151 - - [06/Apr/2017:14:11:52 +0200] "POST /entry.php?id=11671 HTTP/1.1" 200 4729 "http://ed.activities.at/entry.php?id=11671" "Mozilla/5.0 (Windows NT 6.1; WOW64; Trident/7.0; rv:11.0) like Gecko"
91.141.2.151 - - [06/Apr/2017:14:11:52 +0200] "GET /gui/javascript/form_form.js?1491480712 HTTP/1.1" 200 16206 "http://ed.activities.at/entry.php?id=11671" "Mozilla/5.0 (Windows NT 6.1; WOW64; Trident/7.0; rv:11.0) like Gecko"
91.141.2.151 - - [06/Apr/2017:14:11:53 +0200] "GET /entry.php?id=10778&form=11496&name=list& HTTP/1.1" 200 5750 "http://ed.activities.at/entry.php?id=11671" "Mozilla/5.0 (Windows NT 6.1; WOW64; Trident/7.0; rv:11.0) like Gecko"
91.141.2.151 - - [06/Apr/2017:14:11:53 +0200] "GET /entry.php?id=10776&form=11496&name=list& HTTP/1.1" 200 1519 "http://ed.activities.at/entry.php?id=11671" "Mozilla/5.0 (Windows NT 6.1; WOW64; Trident/7.0; rv:11.0) like Gecko"
91.141.2.151 - - [06/Apr/2017:14:11:58 +0200] "POST /entry.php?id=11671 HTTP/1.1" 200 4907 "http://ed.activities.at/entry.php?id=11671" "Mozilla/5.0 (Windows NT 6.1; WOW64; Trident/7.0; rv:11.0) like Gecko"
212.108.43.59 - - [06/Apr/2017:14:11:59 +0200] "GET /entry.php?id=10271&&ser=480659 HTTP/1.1" 200 986 "http://ed.activities.at/entry.php?id=10271&&ser=480598" "Mozilla/5.0 (Windows NT 10.0; Win64; x64) AppleWebKit/537.36 (KHTML, like Gecko) Chrome/56.0.2924.87 Safari/537.36"
91.141.2.151 - - [06/Apr/2017:14:11:59 +0200] "GET /gui/javascript/form_form.js?1491480719 HTTP/1.1" 200 16206 "http://ed.activities.at/entry.php?id=11671" "Mozilla/5.0 (Windows NT 6.1; WOW64; Trident/7.0; rv:11.0) like Gecko"
212.108.43.59 - - [06/Apr/2017:14:11:59 +0200] "GET /gui/javascript/form_form.js?1491480719 HTTP/1.1" 200 16206 "http://ed.activities.at/entry.php?id=10271&&ser=480659" "Mozilla/5.0 (Windows NT 10.0; Win64; x64) AppleWebKit/537.36 (KHTML, like Gecko) Chrome/56.0.2924.87 Safari/537.36"
91.141.2.151 - - [06/Apr/2017:14:11:59 +0200] "GET /entry.php?id=10776&form=11496&name=list& HTTP/1.1" 200 1519 "http://ed.activities.at/entry.php?id=11671" "Mozilla/5.0 (Windows NT 6.1; WOW64; Trident/7.0; rv:11.0) like Gecko"
91.141.2.151 - - [06/Apr/2017:14:11:59 +0200] "GET /entry.php?id=10778&form=11496&name=list& HTTP/1.1" 200 5750 "http://ed.activities.at/entry.php?id=11671" "Mozilla/5.0 (Windows NT 6.1; WOW64; Trident/7.0; rv:11.0) like Gecko"
91.141.2.151 - - [06/Apr/2017:14:12:01 +0200] "POST /entry.php?id=11671 HTTP/1.1" 200 4729 "http://ed.activities.at/entry.php?id=11671" "Mozilla/5.0 (Windows NT 6.1; WOW64; Trident/7.0; rv:11.0) like Gecko"
91.141.2.151 - - [06/Apr/2017:14:12:02 +0200] "GET /gui/javascript/form_form.js?1491480722 HTTP/1.1" 200 16206 "http://ed.activities.at/entry.php?id=11671" "Mozilla/5.0 (Windows NT 6.1; WOW64; Trident/7.0; rv:11.0) like Gecko"
91.141.2.151 - - [06/Apr/2017:14:12:02 +0200] "GET /entry.php?id=10778&form=11496&name=list& HTTP/1.1" 200 5750 "http://ed.activities.at/entry.php?id=11671" "Mozilla/5.0 (Windows NT 6.1; WOW64; Trident/7.0; rv:11.0) like Gecko"
91.141.2.151 - - [06/Apr/2017:14:12:02 +0200] "GET /entry.php?id=10776&form=11496&name=list& HTTP/1.1" 200 1519 "http://ed.activities.at/entry.php?id=11671" "Mozilla/5.0 (Windows NT 6.1; WOW64; Trident/7.0; rv:11.0) like Gecko"
91.141.2.151 - - [06/Apr/2017:14:12:08 +0200] "POST /entry.php?id=11671 HTTP/1.1" 200 4907 "http://ed.activities.at/entry.php?id=11671" "Mozilla/5.0 (Windows NT 6.1; WOW64; Trident/7.0; rv:11.0) like Gecko"
91.141.2.151 - - [06/Apr/2017:14:12:09 +0200] "GET /gui/javascript/form_form.js?1491480729 HTTP/1.1" 200 16206 "http://ed.activities.at/entry.php?id=11671" "Mozilla/5.0 (Windows NT 6.1; WOW64; Trident/7.0; rv:11.0) like Gecko"
91.141.2.151 - - [06/Apr/2017:14:12:09 +0200] "GET /entry.php?id=10776&form=11496&name=list& HTTP/1.1" 200 1519 "http://ed.activities.at/entry.php?id=11671" "Mozilla/5.0 (Windows NT 6.1; WOW64; Trident/7.0; rv:11.0) like Gecko"
91.141.2.151 - - [06/Apr/2017:14:12:09 +0200] "GET /entry.php?id=10778&form=11496&name=list& HTTP/1.1" 200 5750 "http://ed.activities.at/entry.php?id=11671" "Mozilla/5.0 (Windows NT 6.1; WOW64; Trident/7.0; rv:11.0) like Gecko"
91.141.2.151 - - [06/Apr/2017:14:12:16 +0200] "POST /entry.php?id=11671 HTTP/1.1" 200 4719 "http://ed.activities.at/entry.php?id=11671" "Mozilla/5.0 (Windows NT 6.1; WOW64; Trident/7.0; rv:11.0) like Gecko"
91.141.2.151 - - [06/Apr/2017:14:12:16 +0200] "GET /gui/javascript/form_form.js?1491480736 HTTP/1.1" 200 16206 "http://ed.activities.at/entry.php?id=11671" "Mozilla/5.0 (Windows NT 6.1; WOW64; Trident/7.0; rv:11.0) like Gecko"
91.141.2.151 - - [06/Apr/2017:14:12:16 +0200] "GET /entry.php?id=10776&form=11496&name=list& HTTP/1.1" 200 1519 "http://ed.activities.at/entry.php?id=11671" "Mozilla/5.0 (Windows NT 6.1; WOW64; Trident/7.0; rv:11.0) like Gecko"
91.141.2.151 - - [06/Apr/2017:14:12:16 +0200] "GET /entry.php?id=10778&form=11496&name=list& HTTP/1.1" 200 5765 "http://ed.activities.at/entry.php?id=11671" "Mozilla/5.0 (Windows NT 6.1; WOW64; Trident/7.0; rv:11.0) like Gecko"
91.141.2.151 - - [06/Apr/2017:14:12:23 +0200] "POST /entry.php?id=11671 HTTP/1.1" 200 4904 "http://ed.activities.at/entry.php?id=11671" "Mozilla/5.0 (Windows NT 6.1; WOW64; Trident/7.0; rv:11.0) like Gecko"
91.141.2.151 - - [06/Apr/2017:14:12:23 +0200] "GET /gui/javascript/form_form.js?1491480743 HTTP/1.1" 200 16206 "http://ed.activities.at/entry.php?id=11671" "Mozilla/5.0 (Windows NT 6.1; WOW64; Trident/7.0; rv:11.0) like Gecko"
91.141.2.151 - - [06/Apr/2017:14:12:24 +0200] "GET /entry.php?id=10776&form=11496&name=list& HTTP/1.1" 200 1519 "http://ed.activities.at/entry.php?id=11671" "Mozilla/5.0 (Windows NT 6.1; WOW64; Trident/7.0; rv:11.0) like Gecko"
91.141.2.151 - - [06/Apr/2017:14:12:24 +0200] "GET /entry.php?id=10778&form=11496&name=list& HTTP/1.1" 200 5765 "http://ed.activities.at/entry.php?id=11671" "Mozilla/5.0 (Windows NT 6.1; WOW64; Trident/7.0; rv:11.0) like Gecko"
91.141.2.151 - - [06/Apr/2017:14:12:28 +0200] "GET /entry.php?id=10271&&ser=480687 HTTP/1.1" 200 986 "http://ed.activities.at/entry.php?id=10271&&ser=480626" "Mozilla/5.0 (Windows NT 6.1; WOW64; Trident/7.0; rv:11.0) like Gecko"
91.141.2.151 - - [06/Apr/2017:14:12:28 +0200] "GET /gui/javascript/form_form.js?1491480748 HTTP/1.1" 200 16206 "http://ed.activities.at/entry.php?id=10271&&ser=480687" "Mozilla/5.0 (Windows NT 6.1; WOW64; Trident/7.0; rv:11.0) like Gecko"
212.108.43.59 - - [06/Apr/2017:14:12:59 +0200] "GET /entry.php?id=10271&&ser=480719 HTTP/1.1" 200 986 "http://ed.activities.at/entry.php?id=10271&&ser=480659" "Mozilla/5.0 (Windows NT 10.0; Win64; x64) AppleWebKit/537.36 (KHTML, like Gecko) Chrome/56.0.2924.87 Safari/537.36"
212.108.43.59 - - [06/Apr/2017:14:13:00 +0200] "GET /gui/javascript/form_form.js?1491480779 HTTP/1.1" 200 16206 "http://ed.activities.at/entry.php?id=10271&&ser=480719" "Mozilla/5.0 (Windows NT 10.0; Win64; x64) AppleWebKit/537.36 (KHTML, like Gecko) Chrome/56.0.2924.87 Safari/537.36"
91.141.2.151 - - [06/Apr/2017:14:13:25 +0200] "POST /entry.php?id=11671 HTTP/1.1" 200 4717 "http://ed.activities.at/entry.php?id=11671" "Mozilla/5.0 (Windows NT 6.1; WOW64; Trident/7.0; rv:11.0) like Gecko"
91.141.2.151 - - [06/Apr/2017:14:13:26 +0200] "GET /gui/javascript/form_form.js?1491480805 HTTP/1.1" 200 16206 "http://ed.activities.at/entry.php?id=11671" "Mozilla/5.0 (Windows NT 6.1; WOW64; Trident/7.0; rv:11.0) like Gecko"
91.141.2.151 - - [06/Apr/2017:14:13:26 +0200] "GET /entry.php?id=10776&form=11496&name=list& HTTP/1.1" 200 1519 "http://ed.activities.at/entry.php?id=11671" "Mozilla/5.0 (Windows NT 6.1; WOW64; Trident/7.0; rv:11.0) like Gecko"
91.141.2.151 - - [06/Apr/2017:14:13:26 +0200] "GET /entry.php?id=10778&form=11496&name=list& HTTP/1.1" 200 5746 "http://ed.activities.at/entry.php?id=11671" "Mozilla/5.0 (Windows NT 6.1; WOW64; Trident/7.0; rv:11.0) like Gecko"
91.141.2.151 - - [06/Apr/2017:14:13:28 +0200] "GET /entry.php?id=10271&&ser=480748 HTTP/1.1" 200 986 "http://ed.activities.at/entry.php?id=10271&&ser=480687" "Mozilla/5.0 (Windows NT 6.1; WOW64; Trident/7.0; rv:11.0) like Gecko"
91.141.2.151 - - [06/Apr/2017:14:13:29 +0200] "GET /gui/javascript/form_form.js?1491480809 HTTP/1.1" 200 16206 "http://ed.activities.at/entry.php?id=10271&&ser=480748" "Mozilla/5.0 (Windows NT 6.1; WOW64; Trident/7.0; rv:11.0) like Gecko"
91.141.2.151 - - [06/Apr/2017:14:13:31 +0200] "POST /entry.php?id=11671 HTTP/1.1" 200 4890 "http://ed.activities.at/entry.php?id=11671" "Mozilla/5.0 (Windows NT 6.1; WOW64; Trident/7.0; rv:11.0) like Gecko"
91.141.2.151 - - [06/Apr/2017:14:13:32 +0200] "GET /gui/javascript/form_form.js?1491480812 HTTP/1.1" 200 16206 "http://ed.activities.at/entry.php?id=11671" "Mozilla/5.0 (Windows NT 6.1; WOW64; Trident/7.0; rv:11.0) like Gecko"
91.141.2.151 - - [06/Apr/2017:14:13:32 +0200] "GET /entry.php?id=10778&form=11496&name=list& HTTP/1.1" 200 5746 "http://ed.activities.at/entry.php?id=11671" "Mozilla/5.0 (Windows NT 6.1; WOW64; Trident/7.0; rv:11.0) like Gecko"
91.141.2.151 - - [06/Apr/2017:14:13:32 +0200] "GET /entry.php?id=10776&form=11496&name=list& HTTP/1.1" 200 1519 "http://ed.activities.at/entry.php?id=11671" "Mozilla/5.0 (Windows NT 6.1; WOW64; Trident/7.0; rv:11.0) like Gecko"
91.141.2.151 - - [06/Apr/2017:14:13:34 +0200] "POST /entry.php?id=11671 HTTP/1.1" 200 4722 "http://ed.activities.at/entry.php?id=11671" "Mozilla/5.0 (Windows NT 6.1; WOW64; Trident/7.0; rv:11.0) like Gecko"
91.141.2.151 - - [06/Apr/2017:14:13:35 +0200] "GET /gui/javascript/form_form.js?1491480815 HTTP/1.1" 200 16206 "http://ed.activities.at/entry.php?id=11671" "Mozilla/5.0 (Windows NT 6.1; WOW64; Trident/7.0; rv:11.0) like Gecko"
91.141.2.151 - - [06/Apr/2017:14:13:35 +0200] "GET /entry.php?id=10776&form=11496&name=list& HTTP/1.1" 200 1519 "http://ed.activities.at/entry.php?id=11671" "Mozilla/5.0 (Windows NT 6.1; WOW64; Trident/7.0; rv:11.0) like Gecko"
91.141.2.151 - - [06/Apr/2017:14:13:35 +0200] "GET /entry.php?id=10778&form=11496&name=list& HTTP/1.1" 200 5746 "http://ed.activities.at/entry.php?id=11671" "Mozilla/5.0 (Windows NT 6.1; WOW64; Trident/7.0; rv:11.0) like Gecko"
212.108.43.59 - - [06/Apr/2017:14:14:00 +0200] "GET /entry.php?id=10271&&ser=480779 HTTP/1.1" 200 986 "http://ed.activities.at/entry.php?id=10271&&ser=480719" "Mozilla/5.0 (Windows NT 10.0; Win64; x64) AppleWebKit/537.36 (KHTML, like Gecko) Chrome/56.0.2924.87 Safari/537.36"
212.108.43.59 - - [06/Apr/2017:14:14:00 +0200] "GET /gui/javascript/form_form.js?1491480840 HTTP/1.1" 200 16206 "http://ed.activities.at/entry.php?id=10271&&ser=480779" "Mozilla/5.0 (Windows NT 10.0; Win64; x64) AppleWebKit/537.36 (KHTML, like Gecko) Chrome/56.0.2924.87 Safari/537.36"
91.141.2.151 - - [06/Apr/2017:14:14:29 +0200] "GET /entry.php?id=10271&&ser=480809 HTTP/1.1" 200 986 "http://ed.activities.at/entry.php?id=10271&&ser=480748" "Mozilla/5.0 (Windows NT 6.1; WOW64; Trident/7.0; rv:11.0) like Gecko"
91.141.2.151 - - [06/Apr/2017:14:14:29 +0200] "GET /gui/javascript/form_form.js?1491480869 HTTP/1.1" 200 16206 "http://ed.activities.at/entry.php?id=10271&&ser=480809" "Mozilla/5.0 (Windows NT 6.1; WOW64; Trident/7.0; rv:11.0) like Gecko"
