80.123.94.70 - - [06/Apr/2017:15:04:45 +0200] "GET /entry.php?id=11670 HTTP/1.1" 200 320 "http://ed.activities.at/entry.php?id=10270&__app__=10006038" "Mozilla/5.0 (Windows NT 10.0; WOW64) AppleWebKit/537.36 (KHTML, like Gecko) Chrome/57.0.2987.133 Safari/537.36"
80.123.94.70 - - [06/Apr/2017:15:04:45 +0200] "GET /entry.php?id=10676&&title=Produkte HTTP/1.1" 200 1387 "http://ed.activities.at/entry.php?id=11670" "Mozilla/5.0 (Windows NT 10.0; WOW64) AppleWebKit/537.36 (KHTML, like Gecko) Chrome/57.0.2987.133 Safari/537.36"
80.123.94.70 - - [06/Apr/2017:15:04:45 +0200] "GET /gui/javascript/form_form.js?1491483885 HTTP/1.1" 200 16206 "http://ed.activities.at/entry.php?id=10676&&title=Produkte" "Mozilla/5.0 (Windows NT 10.0; WOW64) AppleWebKit/537.36 (KHTML, like Gecko) Chrome/57.0.2987.133 Safari/537.36"
80.123.94.70 - - [06/Apr/2017:15:04:45 +0200] "GET /entry.php?id=11669& HTTP/1.1" 200 2280 "http://ed.activities.at/entry.php?id=11670" "Mozilla/5.0 (Windows NT 10.0; WOW64) AppleWebKit/537.36 (KHTML, like Gecko) Chrome/57.0.2987.133 Safari/537.36"
80.123.94.70 - - [06/Apr/2017:15:04:45 +0200] "GET /entry.php?id=11668& HTTP/1.1" 200 3367 "http://ed.activities.at/entry.php?id=11670" "Mozilla/5.0 (Windows NT 10.0; WOW64) AppleWebKit/537.36 (KHTML, like Gecko) Chrome/57.0.2987.133 Safari/537.36"
80.123.94.70 - - [06/Apr/2017:15:04:46 +0200] "GET /gui/javascript/form_form.js?1491483886 HTTP/1.1" 200 16206 "http://ed.activities.at/entry.php?id=11668&" "Mozilla/5.0 (Windows NT 10.0; WOW64) AppleWebKit/537.36 (KHTML, like Gecko) Chrome/57.0.2987.133 Safari/537.36"
80.123.94.70 - - [06/Apr/2017:15:04:46 +0200] "GET /entry.php?id=10776&form=11494&name=list& HTTP/1.1" 200 1993 "http://ed.activities.at/entry.php?id=11669&" "Mozilla/5.0 (Windows NT 10.0; WOW64) AppleWebKit/537.36 (KHTML, like Gecko) Chrome/57.0.2987.133 Safari/537.36"
95.143.230.128 - - [06/Apr/2017:15:04:46 +0200] "GET /entry.php?id=10271&&ser=483826 HTTP/1.1" 200 986 "http://ed.activities.at/entry.php?id=10271&&ser=483766" "Mozilla/5.0 (Windows NT 6.1; WOW64; rv:52.0) Gecko/20100101 Firefox/52.0"
80.123.94.70 - - [06/Apr/2017:15:04:46 +0200] "GET /entry.php?id=10776&form=11493&name=list& HTTP/1.1" 200 1487 "http://ed.activities.at/entry.php?id=11668&" "Mozilla/5.0 (Windows NT 10.0; WOW64) AppleWebKit/537.36 (KHTML, like Gecko) Chrome/57.0.2987.133 Safari/537.36"
80.123.94.70 - - [06/Apr/2017:15:04:46 +0200] "GET /entry.php?id=10778&form=11493&name=list& HTTP/1.1" 200 2487 "http://ed.activities.at/entry.php?id=11668&" "Mozilla/5.0 (Windows NT 10.0; WOW64) AppleWebKit/537.36 (KHTML, like Gecko) Chrome/57.0.2987.133 Safari/537.36"
80.123.94.70 - - [06/Apr/2017:15:04:46 +0200] "GET /entry.php?id=10778&form=11494&name=list& HTTP/1.1" 200 4962 "http://ed.activities.at/entry.php?id=11669&" "Mozilla/5.0 (Windows NT 10.0; WOW64) AppleWebKit/537.36 (KHTML, like Gecko) Chrome/57.0.2987.133 Safari/537.36"
95.143.230.128 - - [06/Apr/2017:15:04:47 +0200] "GET /gui/javascript/form_form.js?1491483886 HTTP/1.1" 200 16206 "http://ed.activities.at/entry.php?id=10271&&ser=483826" "Mozilla/5.0 (Windows NT 6.1; WOW64; rv:52.0) Gecko/20100101 Firefox/52.0"
80.123.94.70 - - [06/Apr/2017:15:05:01 +0200] "POST /entry.php?id=11668 HTTP/1.1" 200 3507 "http://ed.activities.at/entry.php?id=11668&" "Mozilla/5.0 (Windows NT 10.0; WOW64) AppleWebKit/537.36 (KHTML, like Gecko) Chrome/57.0.2987.133 Safari/537.36"
80.123.94.70 - - [06/Apr/2017:15:05:02 +0200] "GET /gui/javascript/form_form.js?1491483902 HTTP/1.1" 200 16206 "http://ed.activities.at/entry.php?id=11668" "Mozilla/5.0 (Windows NT 10.0; WOW64) AppleWebKit/537.36 (KHTML, like Gecko) Chrome/57.0.2987.133 Safari/537.36"
80.123.94.70 - - [06/Apr/2017:15:05:02 +0200] "GET /entry.php?id=10778&form=11493&name=list& HTTP/1.1" 200 3250 "http://ed.activities.at/entry.php?id=11668" "Mozilla/5.0 (Windows NT 10.0; WOW64) AppleWebKit/537.36 (KHTML, like Gecko) Chrome/57.0.2987.133 Safari/537.36"
91.141.2.151 - - [06/Apr/2017:15:05:02 +0200] "GET /entry.php?id=10271&&ser=483841 HTTP/1.1" 200 986 "http://ed.activities.at/entry.php?id=10271&&ser=483781" "Mozilla/5.0 (Windows NT 6.1; WOW64; Trident/7.0; rv:11.0) like Gecko"
80.123.94.70 - - [06/Apr/2017:15:05:02 +0200] "GET /entry.php?id=10776&form=11493&name=list& HTTP/1.1" 200 1479 "http://ed.activities.at/entry.php?id=11668" "Mozilla/5.0 (Windows NT 10.0; WOW64) AppleWebKit/537.36 (KHTML, like Gecko) Chrome/57.0.2987.133 Safari/537.36"
91.141.2.151 - - [06/Apr/2017:15:05:02 +0200] "GET /gui/javascript/form_form.js?1491483902 HTTP/1.1" 200 16206 "http://ed.activities.at/entry.php?id=10271&&ser=483841" "Mozilla/5.0 (Windows NT 6.1; WOW64; Trident/7.0; rv:11.0) like Gecko"
80.123.94.70 - - [06/Apr/2017:15:05:04 +0200] "POST /entry.php?id=11668 HTTP/1.1" 200 3640 "http://ed.activities.at/entry.php?id=11668" "Mozilla/5.0 (Windows NT 10.0; WOW64) AppleWebKit/537.36 (KHTML, like Gecko) Chrome/57.0.2987.133 Safari/537.36"
80.123.94.70 - - [06/Apr/2017:15:05:05 +0200] "GET /gui/javascript/form_form.js?1491483905 HTTP/1.1" 200 16206 "http://ed.activities.at/entry.php?id=11668" "Mozilla/5.0 (Windows NT 10.0; WOW64) AppleWebKit/537.36 (KHTML, like Gecko) Chrome/57.0.2987.133 Safari/537.36"
80.123.94.70 - - [06/Apr/2017:15:05:05 +0200] "GET /entry.php?id=10778&form=11493&name=list& HTTP/1.1" 200 3233 "http://ed.activities.at/entry.php?id=11668" "Mozilla/5.0 (Windows NT 10.0; WOW64) AppleWebKit/537.36 (KHTML, like Gecko) Chrome/57.0.2987.133 Safari/537.36"
80.123.94.70 - - [06/Apr/2017:15:05:05 +0200] "GET /entry.php?id=10776&form=11493&name=list& HTTP/1.1" 200 1479 "http://ed.activities.at/entry.php?id=11668" "Mozilla/5.0 (Windows NT 10.0; WOW64) AppleWebKit/537.36 (KHTML, like Gecko) Chrome/57.0.2987.133 Safari/537.36"
80.123.94.70 - - [06/Apr/2017:15:05:06 +0200] "POST /entry.php?id=11668 HTTP/1.1" 200 3525 "http://ed.activities.at/entry.php?id=11668" "Mozilla/5.0 (Windows NT 10.0; WOW64) AppleWebKit/537.36 (KHTML, like Gecko) Chrome/57.0.2987.133 Safari/537.36"
80.123.94.70 - - [06/Apr/2017:15:05:06 +0200] "GET /gui/javascript/form_form.js?1491483906 HTTP/1.1" 200 16206 "http://ed.activities.at/entry.php?id=11668" "Mozilla/5.0 (Windows NT 10.0; WOW64) AppleWebKit/537.36 (KHTML, like Gecko) Chrome/57.0.2987.133 Safari/537.36"
80.123.94.70 - - [06/Apr/2017:15:05:07 +0200] "GET /entry.php?id=10778&form=11493&name=list& HTTP/1.1" 200 3250 "http://ed.activities.at/entry.php?id=11668" "Mozilla/5.0 (Windows NT 10.0; WOW64) AppleWebKit/537.36 (KHTML, like Gecko) Chrome/57.0.2987.133 Safari/537.36"
80.123.94.70 - - [06/Apr/2017:15:05:07 +0200] "GET /entry.php?id=10776&form=11493&name=list& HTTP/1.1" 200 1479 "http://ed.activities.at/entry.php?id=11668" "Mozilla/5.0 (Windows NT 10.0; WOW64) AppleWebKit/537.36 (KHTML, like Gecko) Chrome/57.0.2987.133 Safari/537.36"
80.123.94.70 - - [06/Apr/2017:15:05:08 +0200] "POST /entry.php?id=11668 HTTP/1.1" 200 3648 "http://ed.activities.at/entry.php?id=11668" "Mozilla/5.0 (Windows NT 10.0; WOW64) AppleWebKit/537.36 (KHTML, like Gecko) Chrome/57.0.2987.133 Safari/537.36"
80.123.94.70 - - [06/Apr/2017:15:05:10 +0200] "GET /gui/javascript/form_form.js?1491483909 HTTP/1.1" 200 16206 "http://ed.activities.at/entry.php?id=11668" "Mozilla/5.0 (Windows NT 10.0; WOW64) AppleWebKit/537.36 (KHTML, like Gecko) Chrome/57.0.2987.133 Safari/537.36"
80.123.94.70 - - [06/Apr/2017:15:05:10 +0200] "GET /entry.php?id=10776&form=11493&name=list& HTTP/1.1" 200 1479 "http://ed.activities.at/entry.php?id=11668" "Mozilla/5.0 (Windows NT 10.0; WOW64) AppleWebKit/537.36 (KHTML, like Gecko) Chrome/57.0.2987.133 Safari/537.36"
80.123.94.70 - - [06/Apr/2017:15:05:10 +0200] "GET /entry.php?id=10778&form=11493&name=list& HTTP/1.1" 200 3233 "http://ed.activities.at/entry.php?id=11668" "Mozilla/5.0 (Windows NT 10.0; WOW64) AppleWebKit/537.36 (KHTML, like Gecko) Chrome/57.0.2987.133 Safari/537.36"
80.123.94.70 - - [06/Apr/2017:15:05:12 +0200] "GET /entry.php?id=10271&&ser=483852 HTTP/1.1" 200 987 "http://ed.activities.at/entry.php?id=10271&&ser=483791" "Mozilla/5.0 (Windows NT 10.0; WOW64) AppleWebKit/537.36 (KHTML, like Gecko) Chrome/57.0.2987.133 Safari/537.36"
80.123.94.70 - - [06/Apr/2017:15:05:12 +0200] "GET /gui/javascript/form_form.js?1491483912 HTTP/1.1" 200 16206 "http://ed.activities.at/entry.php?id=10271&&ser=483852" "Mozilla/5.0 (Windows NT 10.0; WOW64) AppleWebKit/537.36 (KHTML, like Gecko) Chrome/57.0.2987.133 Safari/537.36"
212.108.43.59 - - [06/Apr/2017:15:05:17 +0200] "GET /entry.php?id=10271&&ser=483857 HTTP/1.1" 200 987 "http://ed.activities.at/entry.php?id=10271&&ser=483797" "Mozilla/5.0 (Windows NT 10.0; Win64; x64) AppleWebKit/537.36 (KHTML, like Gecko) Chrome/56.0.2924.87 Safari/537.36"
212.108.43.59 - - [06/Apr/2017:15:05:17 +0200] "GET /gui/javascript/form_form.js?1491483917 HTTP/1.1" 200 16206 "http://ed.activities.at/entry.php?id=10271&&ser=483857" "Mozilla/5.0 (Windows NT 10.0; Win64; x64) AppleWebKit/537.36 (KHTML, like Gecko) Chrome/56.0.2924.87 Safari/537.36"
80.123.94.70 - - [06/Apr/2017:15:05:24 +0200] "GET /entry.php?id=10287&login=1 HTTP/1.1" 200 2290 "http://ed.activities.at/entry.php?id=10273&" "Mozilla/5.0 (Windows NT 10.0; WOW64) AppleWebKit/537.36 (KHTML, like Gecko) Chrome/57.0.2987.133 Safari/537.36"
80.123.94.70 - - [06/Apr/2017:15:05:25 +0200] "GET /gui/javascript/form_form.js?1491483925 HTTP/1.1" 200 16206 "http://ed.activities.at/entry.php?id=10287&login=1" "Mozilla/5.0 (Windows NT 10.0; WOW64) AppleWebKit/537.36 (KHTML, like Gecko) Chrome/57.0.2987.133 Safari/537.36"
80.123.94.70 - - [06/Apr/2017:15:05:28 +0200] "POST /entry.php?id=10287& HTTP/1.1" 200 2370 "http://ed.activities.at/entry.php?id=10287&login=1" "Mozilla/5.0 (Windows NT 10.0; WOW64) AppleWebKit/537.36 (KHTML, like Gecko) Chrome/57.0.2987.133 Safari/537.36"
80.123.94.70 - - [06/Apr/2017:15:05:28 +0200] "GET /gui/javascript/form_form.js?1491483928 HTTP/1.1" 200 16206 "http://ed.activities.at/entry.php?id=10287&" "Mozilla/5.0 (Windows NT 10.0; WOW64) AppleWebKit/537.36 (KHTML, like Gecko) Chrome/57.0.2987.133 Safari/537.36"
80.123.94.70 - - [06/Apr/2017:15:05:29 +0200] "GET /entry.php?id=10271&&ser=483852 HTTP/1.1" 200 987 "http://ed.activities.at/entry.php?id=10271&&ser=483852" "Mozilla/5.0 (Windows NT 10.0; WOW64) AppleWebKit/537.36 (KHTML, like Gecko) Chrome/57.0.2987.133 Safari/537.36"
80.123.94.70 - - [06/Apr/2017:15:05:29 +0200] "GET /gui/javascript/form_form.js?1491483929 HTTP/1.1" 200 16206 "http://ed.activities.at/entry.php?id=10271&&ser=483852" "Mozilla/5.0 (Windows NT 10.0; WOW64) AppleWebKit/537.36 (KHTML, like Gecko) Chrome/57.0.2987.133 Safari/537.36"
95.143.230.128 - - [06/Apr/2017:15:05:47 +0200] "GET /entry.php?id=10271&&ser=483886 HTTP/1.1" 200 987 "http://ed.activities.at/entry.php?id=10271&&ser=483826" "Mozilla/5.0 (Windows NT 6.1; WOW64; rv:52.0) Gecko/20100101 Firefox/52.0"
95.143.230.128 - - [06/Apr/2017:15:05:47 +0200] "GET /gui/javascript/form_form.js?1491483947 HTTP/1.1" 200 16206 "http://ed.activities.at/entry.php?id=10271&&ser=483886" "Mozilla/5.0 (Windows NT 6.1; WOW64; rv:52.0) Gecko/20100101 Firefox/52.0"
80.123.94.70 - - [06/Apr/2017:15:05:49 +0200] "GET /entry.php?id=11670 HTTP/1.1" 200 320 "http://ed.activities.at/entry.php?id=10270&__app__=10006038" "Mozilla/5.0 (Windows NT 10.0; WOW64) AppleWebKit/537.36 (KHTML, like Gecko) Chrome/57.0.2987.133 Safari/537.36"
80.123.94.70 - - [06/Apr/2017:15:05:50 +0200] "GET /entry.php?id=10676&&title=Produkte HTTP/1.1" 200 1388 "http://ed.activities.at/entry.php?id=11670" "Mozilla/5.0 (Windows NT 10.0; WOW64) AppleWebKit/537.36 (KHTML, like Gecko) Chrome/57.0.2987.133 Safari/537.36"
80.123.94.70 - - [06/Apr/2017:15:05:50 +0200] "GET /gui/javascript/form_form.js?1491483950 HTTP/1.1" 200 16206 "http://ed.activities.at/entry.php?id=10676&&title=Produkte" "Mozilla/5.0 (Windows NT 10.0; WOW64) AppleWebKit/537.36 (KHTML, like Gecko) Chrome/57.0.2987.133 Safari/537.36"
80.123.94.70 - - [06/Apr/2017:15:05:50 +0200] "GET /entry.php?id=11669& HTTP/1.1" 200 2281 "http://ed.activities.at/entry.php?id=11670" "Mozilla/5.0 (Windows NT 10.0; WOW64) AppleWebKit/537.36 (KHTML, like Gecko) Chrome/57.0.2987.133 Safari/537.36"
80.123.94.70 - - [06/Apr/2017:15:05:50 +0200] "GET /entry.php?id=11668& HTTP/1.1" 200 3366 "http://ed.activities.at/entry.php?id=11670" "Mozilla/5.0 (Windows NT 10.0; WOW64) AppleWebKit/537.36 (KHTML, like Gecko) Chrome/57.0.2987.133 Safari/537.36"
80.123.94.70 - - [06/Apr/2017:15:05:50 +0200] "GET /entry.php?id=10778&form=11494&name=list& HTTP/1.1" 200 4939 "http://ed.activities.at/entry.php?id=11669&" "Mozilla/5.0 (Windows NT 10.0; WOW64) AppleWebKit/537.36 (KHTML, like Gecko) Chrome/57.0.2987.133 Safari/537.36"
80.123.94.70 - - [06/Apr/2017:15:05:51 +0200] "GET /gui/javascript/form_form.js?1491483951 HTTP/1.1" 200 16206 "http://ed.activities.at/entry.php?id=11668&" "Mozilla/5.0 (Windows NT 10.0; WOW64) AppleWebKit/537.36 (KHTML, like Gecko) Chrome/57.0.2987.133 Safari/537.36"
80.123.94.70 - - [06/Apr/2017:15:05:50 +0200] "GET /entry.php?id=10776&form=11494&name=list& HTTP/1.1" 200 1990 "http://ed.activities.at/entry.php?id=11669&" "Mozilla/5.0 (Windows NT 10.0; WOW64) AppleWebKit/537.36 (KHTML, like Gecko) Chrome/57.0.2987.133 Safari/537.36"
80.123.94.70 - - [06/Apr/2017:15:05:51 +0200] "GET /entry.php?id=10776&form=11493&name=list& HTTP/1.1" 200 1487 "http://ed.activities.at/entry.php?id=11668&" "Mozilla/5.0 (Windows NT 10.0; WOW64) AppleWebKit/537.36 (KHTML, like Gecko) Chrome/57.0.2987.133 Safari/537.36"
80.123.94.70 - - [06/Apr/2017:15:05:51 +0200] "GET /entry.php?id=10778&form=11493&name=list& HTTP/1.1" 200 2487 "http://ed.activities.at/entry.php?id=11668&" "Mozilla/5.0 (Windows NT 10.0; WOW64) AppleWebKit/537.36 (KHTML, like Gecko) Chrome/57.0.2987.133 Safari/537.36"
80.123.94.70 - - [06/Apr/2017:15:05:58 +0200] "POST /entry.php?id=11668 HTTP/1.1" 200 3474 "http://ed.activities.at/entry.php?id=11668&" "Mozilla/5.0 (Windows NT 10.0; WOW64) AppleWebKit/537.36 (KHTML, like Gecko) Chrome/57.0.2987.133 Safari/537.36"
80.123.94.70 - - [06/Apr/2017:15:05:59 +0200] "GET /gui/javascript/form_form.js?1491483959 HTTP/1.1" 200 16206 "http://ed.activities.at/entry.php?id=11668" "Mozilla/5.0 (Windows NT 10.0; WOW64) AppleWebKit/537.36 (KHTML, like Gecko) Chrome/57.0.2987.133 Safari/537.36"
80.123.94.70 - - [06/Apr/2017:15:05:59 +0200] "GET /entry.php?id=10778&form=11493&name=list& HTTP/1.1" 200 2917 "http://ed.activities.at/entry.php?id=11668" "Mozilla/5.0 (Windows NT 10.0; WOW64) AppleWebKit/537.36 (KHTML, like Gecko) Chrome/57.0.2987.133 Safari/537.36"
80.123.94.70 - - [06/Apr/2017:15:05:59 +0200] "GET /entry.php?id=10776&form=11493&name=list& HTTP/1.1" 200 1485 "http://ed.activities.at/entry.php?id=11668" "Mozilla/5.0 (Windows NT 10.0; WOW64) AppleWebKit/537.36 (KHTML, like Gecko) Chrome/57.0.2987.133 Safari/537.36"
91.141.2.151 - - [06/Apr/2017:15:06:02 +0200] "GET /entry.php?id=10271&&ser=483902 HTTP/1.1" 200 987 "http://ed.activities.at/entry.php?id=10271&&ser=483841" "Mozilla/5.0 (Windows NT 6.1; WOW64; Trident/7.0; rv:11.0) like Gecko"
91.141.2.151 - - [06/Apr/2017:15:06:03 +0200] "GET /gui/javascript/form_form.js?1491483962 HTTP/1.1" 200 16206 "http://ed.activities.at/entry.php?id=10271&&ser=483902" "Mozilla/5.0 (Windows NT 6.1; WOW64; Trident/7.0; rv:11.0) like Gecko"
212.108.43.59 - - [06/Apr/2017:15:06:17 +0200] "GET /entry.php?id=10271&&ser=483917 HTTP/1.1" 200 987 "http://ed.activities.at/entry.php?id=10271&&ser=483857" "Mozilla/5.0 (Windows NT 10.0; Win64; x64) AppleWebKit/537.36 (KHTML, like Gecko) Chrome/56.0.2924.87 Safari/537.36"
212.108.43.59 - - [06/Apr/2017:15:06:18 +0200] "GET /gui/javascript/form_form.js?1491483978 HTTP/1.1" 200 16206 "http://ed.activities.at/entry.php?id=10271&&ser=483917" "Mozilla/5.0 (Windows NT 10.0; Win64; x64) AppleWebKit/537.36 (KHTML, like Gecko) Chrome/56.0.2924.87 Safari/537.36"
80.123.94.70 - - [06/Apr/2017:15:06:21 +0200] "POST /entry.php?id=11668 HTTP/1.1" 200 3603 "http://ed.activities.at/entry.php?id=11668" "Mozilla/5.0 (Windows NT 10.0; WOW64) AppleWebKit/537.36 (KHTML, like Gecko) Chrome/57.0.2987.133 Safari/537.36"
80.123.94.70 - - [06/Apr/2017:15:06:22 +0200] "GET /gui/javascript/form_form.js?1491483981 HTTP/1.1" 200 16206 "http://ed.activities.at/entry.php?id=11668" "Mozilla/5.0 (Windows NT 10.0; WOW64) AppleWebKit/537.36 (KHTML, like Gecko) Chrome/57.0.2987.133 Safari/537.36"
80.123.94.70 - - [06/Apr/2017:15:06:22 +0200] "GET /entry.php?id=10776&form=11493&name=list& HTTP/1.1" 200 1479 "http://ed.activities.at/entry.php?id=11668" "Mozilla/5.0 (Windows NT 10.0; WOW64) AppleWebKit/537.36 (KHTML, like Gecko) Chrome/57.0.2987.133 Safari/537.36"
80.123.94.70 - - [06/Apr/2017:15:06:22 +0200] "GET /entry.php?id=10778&form=11493&name=list& HTTP/1.1" 200 2914 "http://ed.activities.at/entry.php?id=11668" "Mozilla/5.0 (Windows NT 10.0; WOW64) AppleWebKit/537.36 (KHTML, like Gecko) Chrome/57.0.2987.133 Safari/537.36"
80.123.94.70 - - [06/Apr/2017:15:06:29 +0200] "GET /entry.php?id=10271&&ser=483929 HTTP/1.1" 200 987 "http://ed.activities.at/entry.php?id=10271&&ser=483852" "Mozilla/5.0 (Windows NT 10.0; WOW64) AppleWebKit/537.36 (KHTML, like Gecko) Chrome/57.0.2987.133 Safari/537.36"
80.123.94.70 - - [06/Apr/2017:15:06:29 +0200] "GET /gui/javascript/form_form.js?1491483989 HTTP/1.1" 200 16206 "http://ed.activities.at/entry.php?id=10271&&ser=483929" "Mozilla/5.0 (Windows NT 10.0; WOW64) AppleWebKit/537.36 (KHTML, like Gecko) Chrome/57.0.2987.133 Safari/537.36"
80.123.94.70 - - [06/Apr/2017:15:06:31 +0200] "POST /entry.php?id=11668 HTTP/1.1" 200 3492 "http://ed.activities.at/entry.php?id=11668" "Mozilla/5.0 (Windows NT 10.0; WOW64) AppleWebKit/537.36 (KHTML, like Gecko) Chrome/57.0.2987.133 Safari/537.36"
80.123.94.70 - - [06/Apr/2017:15:06:32 +0200] "GET /gui/javascript/form_form.js?1491483992 HTTP/1.1" 200 16206 "http://ed.activities.at/entry.php?id=11668" "Mozilla/5.0 (Windows NT 10.0; WOW64) AppleWebKit/537.36 (KHTML, like Gecko) Chrome/57.0.2987.133 Safari/537.36"
80.123.94.70 - - [06/Apr/2017:15:06:32 +0200] "GET /entry.php?id=10776&form=11493&name=list& HTTP/1.1" 200 1485 "http://ed.activities.at/entry.php?id=11668" "Mozilla/5.0 (Windows NT 10.0; WOW64) AppleWebKit/537.36 (KHTML, like Gecko) Chrome/57.0.2987.133 Safari/537.36"
80.123.94.70 - - [06/Apr/2017:15:06:32 +0200] "GET /entry.php?id=10778&form=11493&name=list& HTTP/1.1" 200 2917 "http://ed.activities.at/entry.php?id=11668" "Mozilla/5.0 (Windows NT 10.0; WOW64) AppleWebKit/537.36 (KHTML, like Gecko) Chrome/57.0.2987.133 Safari/537.36"
80.123.94.70 - - [06/Apr/2017:15:06:36 +0200] "POST /entry.php?id=11668 HTTP/1.1" 200 3623 "http://ed.activities.at/entry.php?id=11668" "Mozilla/5.0 (Windows NT 10.0; WOW64) AppleWebKit/537.36 (KHTML, like Gecko) Chrome/57.0.2987.133 Safari/537.36"
80.123.94.70 - - [06/Apr/2017:15:06:37 +0200] "GET /gui/javascript/form_form.js?1491483997 HTTP/1.1" 200 16206 "http://ed.activities.at/entry.php?id=11668" "Mozilla/5.0 (Windows NT 10.0; WOW64) AppleWebKit/537.36 (KHTML, like Gecko) Chrome/57.0.2987.133 Safari/537.36"
80.123.94.70 - - [06/Apr/2017:15:06:37 +0200] "GET /entry.php?id=10778&form=11493&name=list& HTTP/1.1" 200 2914 "http://ed.activities.at/entry.php?id=11668" "Mozilla/5.0 (Windows NT 10.0; WOW64) AppleWebKit/537.36 (KHTML, like Gecko) Chrome/57.0.2987.133 Safari/537.36"
80.123.94.70 - - [06/Apr/2017:15:06:37 +0200] "GET /entry.php?id=10776&form=11493&name=list& HTTP/1.1" 200 1479 "http://ed.activities.at/entry.php?id=11668" "Mozilla/5.0 (Windows NT 10.0; WOW64) AppleWebKit/537.36 (KHTML, like Gecko) Chrome/57.0.2987.133 Safari/537.36"
80.123.94.70 - - [06/Apr/2017:15:06:38 +0200] "POST /entry.php?id=11668 HTTP/1.1" 200 3505 "http://ed.activities.at/entry.php?id=11668" "Mozilla/5.0 (Windows NT 10.0; WOW64) AppleWebKit/537.36 (KHTML, like Gecko) Chrome/57.0.2987.133 Safari/537.36"
80.123.94.70 - - [06/Apr/2017:15:06:39 +0200] "GET /gui/javascript/form_form.js?1491483999 HTTP/1.1" 200 16206 "http://ed.activities.at/entry.php?id=11668" "Mozilla/5.0 (Windows NT 10.0; WOW64) AppleWebKit/537.36 (KHTML, like Gecko) Chrome/57.0.2987.133 Safari/537.36"
80.123.94.70 - - [06/Apr/2017:15:06:39 +0200] "GET /entry.php?id=10776&form=11493&name=list& HTTP/1.1" 200 1485 "http://ed.activities.at/entry.php?id=11668" "Mozilla/5.0 (Windows NT 10.0; WOW64) AppleWebKit/537.36 (KHTML, like Gecko) Chrome/57.0.2987.133 Safari/537.36"
80.123.94.70 - - [06/Apr/2017:15:06:39 +0200] "GET /entry.php?id=10778&form=11493&name=list& HTTP/1.1" 200 2917 "http://ed.activities.at/entry.php?id=11668" "Mozilla/5.0 (Windows NT 10.0; WOW64) AppleWebKit/537.36 (KHTML, like Gecko) Chrome/57.0.2987.133 Safari/537.36"
80.123.94.70 - - [06/Apr/2017:15:06:45 +0200] "POST /entry.php?id=11668 HTTP/1.1" 200 3635 "http://ed.activities.at/entry.php?id=11668" "Mozilla/5.0 (Windows NT 10.0; WOW64) AppleWebKit/537.36 (KHTML, like Gecko) Chrome/57.0.2987.133 Safari/537.36"
80.123.94.70 - - [06/Apr/2017:15:06:46 +0200] "GET /gui/javascript/form_form.js?1491484006 HTTP/1.1" 200 16206 "http://ed.activities.at/entry.php?id=11668" "Mozilla/5.0 (Windows NT 10.0; WOW64) AppleWebKit/537.36 (KHTML, like Gecko) Chrome/57.0.2987.133 Safari/537.36"
80.123.94.70 - - [06/Apr/2017:15:06:46 +0200] "GET /entry.php?id=10776&form=11493&name=list& HTTP/1.1" 200 1479 "http://ed.activities.at/entry.php?id=11668" "Mozilla/5.0 (Windows NT 10.0; WOW64) AppleWebKit/537.36 (KHTML, like Gecko) Chrome/57.0.2987.133 Safari/537.36"
80.123.94.70 - - [06/Apr/2017:15:06:46 +0200] "GET /entry.php?id=10778&form=11493&name=list& HTTP/1.1" 200 2914 "http://ed.activities.at/entry.php?id=11668" "Mozilla/5.0 (Windows NT 10.0; WOW64) AppleWebKit/537.36 (KHTML, like Gecko) Chrome/57.0.2987.133 Safari/537.36"
95.143.230.128 - - [06/Apr/2017:15:06:47 +0200] "GET /entry.php?id=10271&&ser=483947 HTTP/1.1" 200 986 "http://ed.activities.at/entry.php?id=10271&&ser=483886" "Mozilla/5.0 (Windows NT 6.1; WOW64; rv:52.0) Gecko/20100101 Firefox/52.0"
95.143.230.128 - - [06/Apr/2017:15:06:47 +0200] "GET /gui/javascript/form_form.js?1491484007 HTTP/1.1" 200 16206 "http://ed.activities.at/entry.php?id=10271&&ser=483947" "Mozilla/5.0 (Windows NT 6.1; WOW64; rv:52.0) Gecko/20100101 Firefox/52.0"
91.141.2.151 - - [06/Apr/2017:15:07:03 +0200] "GET /entry.php?id=10271&&ser=483962 HTTP/1.1" 200 987 "http://ed.activities.at/entry.php?id=10271&&ser=483902" "Mozilla/5.0 (Windows NT 6.1; WOW64; Trident/7.0; rv:11.0) like Gecko"
91.141.2.151 - - [06/Apr/2017:15:07:03 +0200] "GET /gui/javascript/form_form.js?1491484023 HTTP/1.1" 200 16206 "http://ed.activities.at/entry.php?id=10271&&ser=483962" "Mozilla/5.0 (Windows NT 6.1; WOW64; Trident/7.0; rv:11.0) like Gecko"
95.143.230.128 - - [06/Apr/2017:15:07:06 +0200] "GET /entry.php?id=11673 HTTP/1.1" 200 358 "http://ed.activities.at/entry.php?id=10270&__app__=10006038" "Mozilla/5.0 (Windows NT 6.1; WOW64; rv:52.0) Gecko/20100101 Firefox/52.0"
95.143.230.128 - - [06/Apr/2017:15:07:06 +0200] "GET /entry.php?id=10676&&title=F%FChrerscheinkurse HTTP/1.1" 200 1395 "http://ed.activities.at/entry.php?id=11673" "Mozilla/5.0 (Windows NT 6.1; WOW64; rv:52.0) Gecko/20100101 Firefox/52.0"
95.143.230.128 - - [06/Apr/2017:15:07:06 +0200] "GET /gui/javascript/form_form.js?1491484026 HTTP/1.1" 200 16206 "http://ed.activities.at/entry.php?id=10676&&title=F%FChrerscheinkurse" "Mozilla/5.0 (Windows NT 6.1; WOW64; rv:52.0) Gecko/20100101 Firefox/52.0"
95.143.230.128 - - [06/Apr/2017:15:07:06 +0200] "GET /entry.php?id=11671& HTTP/1.1" 200 4540 "http://ed.activities.at/entry.php?id=11673" "Mozilla/5.0 (Windows NT 6.1; WOW64; rv:52.0) Gecko/20100101 Firefox/52.0"
95.143.230.128 - - [06/Apr/2017:15:07:06 +0200] "GET /entry.php?id=11694& HTTP/1.1" 200 3215 "http://ed.activities.at/entry.php?id=11673" "Mozilla/5.0 (Windows NT 6.1; WOW64; rv:52.0) Gecko/20100101 Firefox/52.0"
95.143.230.128 - - [06/Apr/2017:15:07:07 +0200] "GET /activities/framework/KoolControls/KoolAjax/koolajax.php?8436e354c842500aba3cbaf0584c0c24 HTTP/1.1" 200 4079 "http://ed.activities.at/entry.php?id=11694&" "Mozilla/5.0 (Windows NT 6.1; WOW64; rv:52.0) Gecko/20100101 Firefox/52.0"
95.143.230.128 - - [06/Apr/2017:15:07:07 +0200] "GET /gui/javascript/form_form.js?1491484027 HTTP/1.1" 200 16206 "http://ed.activities.at/entry.php?id=11694&" "Mozilla/5.0 (Windows NT 6.1; WOW64; rv:52.0) Gecko/20100101 Firefox/52.0"
95.143.230.128 - - [06/Apr/2017:15:07:07 +0200] "GET /activities/framework/KoolControls/KoolTreeView/kooltreeview.php?c7cd9180e88ffef8e70f13526bb4f5f7 HTTP/1.1" 200 5055 "http://ed.activities.at/entry.php?id=11694&" "Mozilla/5.0 (Windows NT 6.1; WOW64; rv:52.0) Gecko/20100101 Firefox/52.0"
95.143.230.128 - - [06/Apr/2017:15:07:06 +0200] "GET /entry.php?id=11672& HTTP/1.1" 200 2691 "http://ed.activities.at/entry.php?id=11673" "Mozilla/5.0 (Windows NT 6.1; WOW64; rv:52.0) Gecko/20100101 Firefox/52.0"
95.143.230.128 - - [06/Apr/2017:15:07:07 +0200] "GET /entry.php?id=10778&form=11496&name=list& HTTP/1.1" 200 2493 "http://ed.activities.at/entry.php?id=11671&" "Mozilla/5.0 (Windows NT 6.1; WOW64; rv:52.0) Gecko/20100101 Firefox/52.0"
95.143.230.128 - - [06/Apr/2017:15:07:06 +0200] "GET /entry.php?id=10776&form=11496&name=list& HTTP/1.1" 200 1526 "http://ed.activities.at/entry.php?id=11671&" "Mozilla/5.0 (Windows NT 6.1; WOW64; rv:52.0) Gecko/20100101 Firefox/52.0"
95.143.230.128 - - [06/Apr/2017:15:07:08 +0200] "GET /entry.php?id=10776&form=11497&name=list& HTTP/1.1" 200 1941 "http://ed.activities.at/entry.php?id=11672&" "Mozilla/5.0 (Windows NT 6.1; WOW64; rv:52.0) Gecko/20100101 Firefox/52.0"
95.143.230.128 - - [06/Apr/2017:15:07:08 +0200] "GET /entry.php?id=10778&form=11497&name=list& HTTP/1.1" 200 9656 "http://ed.activities.at/entry.php?id=11672&" "Mozilla/5.0 (Windows NT 6.1; WOW64; rv:52.0) Gecko/20100101 Firefox/52.0"
212.108.43.59 - - [06/Apr/2017:15:07:18 +0200] "GET /entry.php?id=10271&&ser=483978 HTTP/1.1" 200 986 "http://ed.activities.at/entry.php?id=10271&&ser=483917" "Mozilla/5.0 (Windows NT 10.0; Win64; x64) AppleWebKit/537.36 (KHTML, like Gecko) Chrome/56.0.2924.87 Safari/537.36"
212.108.43.59 - - [06/Apr/2017:15:07:18 +0200] "GET /gui/javascript/form_form.js?1491484038 HTTP/1.1" 200 16206 "http://ed.activities.at/entry.php?id=10271&&ser=483978" "Mozilla/5.0 (Windows NT 10.0; Win64; x64) AppleWebKit/537.36 (KHTML, like Gecko) Chrome/56.0.2924.87 Safari/537.36"
80.123.94.70 - - [06/Apr/2017:15:07:24 +0200] "GET /entry.php?id=10287&login=1 HTTP/1.1" 200 2299 "http://ed.activities.at/entry.php?id=10273&" "Mozilla/5.0 (Windows NT 10.0; WOW64) AppleWebKit/537.36 (KHTML, like Gecko) Chrome/57.0.2987.133 Safari/537.36"
80.123.94.70 - - [06/Apr/2017:15:07:24 +0200] "GET /gui/javascript/form_form.js?1491484044 HTTP/1.1" 200 16206 "http://ed.activities.at/entry.php?id=10287&login=1" "Mozilla/5.0 (Windows NT 10.0; WOW64) AppleWebKit/537.36 (KHTML, like Gecko) Chrome/57.0.2987.133 Safari/537.36"
80.123.94.70 - - [06/Apr/2017:15:07:27 +0200] "POST /entry.php?id=10287& HTTP/1.1" 200 2364 "http://ed.activities.at/entry.php?id=10287&login=1" "Mozilla/5.0 (Windows NT 10.0; WOW64) AppleWebKit/537.36 (KHTML, like Gecko) Chrome/57.0.2987.133 Safari/537.36"
80.123.94.70 - - [06/Apr/2017:15:07:27 +0200] "GET /gui/javascript/form_form.js?1491484047 HTTP/1.1" 200 16206 "http://ed.activities.at/entry.php?id=10287&" "Mozilla/5.0 (Windows NT 10.0; WOW64) AppleWebKit/537.36 (KHTML, like Gecko) Chrome/57.0.2987.133 Safari/537.36"
80.123.94.70 - - [06/Apr/2017:15:07:27 +0200] "GET /entry.php?id=10271&&ser=483929 HTTP/1.1" 200 987 "http://ed.activities.at/entry.php?id=10271&&ser=483929" "Mozilla/5.0 (Windows NT 10.0; WOW64) AppleWebKit/537.36 (KHTML, like Gecko) Chrome/57.0.2987.133 Safari/537.36"
80.123.94.70 - - [06/Apr/2017:15:07:27 +0200] "GET /entry.php?id=11670 HTTP/1.1" 200 320 "http://ed.activities.at/entry.php?id=10270&__app__=10006038" "Mozilla/5.0 (Windows NT 10.0; WOW64) AppleWebKit/537.36 (KHTML, like Gecko) Chrome/57.0.2987.133 Safari/537.36"
80.123.94.70 - - [06/Apr/2017:15:07:28 +0200] "GET /entry.php?id=10676&&title=Produkte HTTP/1.1" 200 1388 "http://ed.activities.at/entry.php?id=11670" "Mozilla/5.0 (Windows NT 10.0; WOW64) AppleWebKit/537.36 (KHTML, like Gecko) Chrome/57.0.2987.133 Safari/537.36"
80.123.94.70 - - [06/Apr/2017:15:07:28 +0200] "GET /gui/javascript/form_form.js?1491484048 HTTP/1.1" 200 16206 "http://ed.activities.at/entry.php?id=10676&&title=Produkte" "Mozilla/5.0 (Windows NT 10.0; WOW64) AppleWebKit/537.36 (KHTML, like Gecko) Chrome/57.0.2987.133 Safari/537.36"
80.123.94.70 - - [06/Apr/2017:15:07:28 +0200] "GET /entry.php?id=11668& HTTP/1.1" 200 3366 "http://ed.activities.at/entry.php?id=11670" "Mozilla/5.0 (Windows NT 10.0; WOW64) AppleWebKit/537.36 (KHTML, like Gecko) Chrome/57.0.2987.133 Safari/537.36"
80.123.94.70 - - [06/Apr/2017:15:07:29 +0200] "GET /gui/javascript/form_form.js?1491484049 HTTP/1.1" 200 16206 "http://ed.activities.at/entry.php?id=11668&" "Mozilla/5.0 (Windows NT 10.0; WOW64) AppleWebKit/537.36 (KHTML, like Gecko) Chrome/57.0.2987.133 Safari/537.36"
80.123.94.70 - - [06/Apr/2017:15:07:28 +0200] "GET /entry.php?id=11669& HTTP/1.1" 200 2281 "http://ed.activities.at/entry.php?id=11670" "Mozilla/5.0 (Windows NT 10.0; WOW64) AppleWebKit/537.36 (KHTML, like Gecko) Chrome/57.0.2987.133 Safari/537.36"
80.123.94.70 - - [06/Apr/2017:15:07:29 +0200] "GET /entry.php?id=10776&form=11493&name=list& HTTP/1.1" 200 1487 "http://ed.activities.at/entry.php?id=11668&" "Mozilla/5.0 (Windows NT 10.0; WOW64) AppleWebKit/537.36 (KHTML, like Gecko) Chrome/57.0.2987.133 Safari/537.36"
80.123.94.70 - - [06/Apr/2017:15:07:29 +0200] "GET /entry.php?id=10778&form=11493&name=list& HTTP/1.1" 200 2487 "http://ed.activities.at/entry.php?id=11668&" "Mozilla/5.0 (Windows NT 10.0; WOW64) AppleWebKit/537.36 (KHTML, like Gecko) Chrome/57.0.2987.133 Safari/537.36"
80.123.94.70 - - [06/Apr/2017:15:07:29 +0200] "GET /entry.php?id=10778&form=11494&name=list& HTTP/1.1" 200 4949 "http://ed.activities.at/entry.php?id=11669&" "Mozilla/5.0 (Windows NT 10.0; WOW64) AppleWebKit/537.36 (KHTML, like Gecko) Chrome/57.0.2987.133 Safari/537.36"
80.123.94.70 - - [06/Apr/2017:15:07:29 +0200] "GET /entry.php?id=10776&form=11494&name=list& HTTP/1.1" 200 1989 "http://ed.activities.at/entry.php?id=11669&" "Mozilla/5.0 (Windows NT 10.0; WOW64) AppleWebKit/537.36 (KHTML, like Gecko) Chrome/57.0.2987.133 Safari/537.36"
80.123.94.70 - - [06/Apr/2017:15:07:47 +0200] "POST /entry.php?id=11668 HTTP/1.1" 200 3472 "http://ed.activities.at/entry.php?id=11668&" "Mozilla/5.0 (Windows NT 10.0; WOW64) AppleWebKit/537.36 (KHTML, like Gecko) Chrome/57.0.2987.133 Safari/537.36"
80.123.94.70 - - [06/Apr/2017:15:07:48 +0200] "GET /gui/javascript/form_form.js?1491484067 HTTP/1.1" 200 16206 "http://ed.activities.at/entry.php?id=11668" "Mozilla/5.0 (Windows NT 10.0; WOW64) AppleWebKit/537.36 (KHTML, like Gecko) Chrome/57.0.2987.133 Safari/537.36"
95.143.230.128 - - [06/Apr/2017:15:07:47 +0200] "GET /entry.php?id=10271&&ser=484007 HTTP/1.1" 200 986 "http://ed.activities.at/entry.php?id=10271&&ser=483947" "Mozilla/5.0 (Windows NT 6.1; WOW64; rv:52.0) Gecko/20100101 Firefox/52.0"
95.143.230.128 - - [06/Apr/2017:15:07:48 +0200] "GET /gui/javascript/form_form.js?1491484068 HTTP/1.1" 200 16206 "http://ed.activities.at/entry.php?id=10271&&ser=484007" "Mozilla/5.0 (Windows NT 6.1; WOW64; rv:52.0) Gecko/20100101 Firefox/52.0"
80.123.94.70 - - [06/Apr/2017:15:07:48 +0200] "GET /entry.php?id=10776&form=11493&name=list& HTTP/1.1" 200 1485 "http://ed.activities.at/entry.php?id=11668" "Mozilla/5.0 (Windows NT 10.0; WOW64) AppleWebKit/537.36 (KHTML, like Gecko) Chrome/57.0.2987.133 Safari/537.36"
80.123.94.70 - - [06/Apr/2017:15:07:48 +0200] "GET /entry.php?id=10778&form=11493&name=list& HTTP/1.1" 200 2943 "http://ed.activities.at/entry.php?id=11668" "Mozilla/5.0 (Windows NT 10.0; WOW64) AppleWebKit/537.36 (KHTML, like Gecko) Chrome/57.0.2987.133 Safari/537.36"
91.141.2.151 - - [06/Apr/2017:15:07:55 +0200] "POST /entry.php?id=11671 HTTP/1.1" 200 4725 "http://ed.activities.at/entry.php?id=11671" "Mozilla/5.0 (Windows NT 6.1; WOW64; Trident/7.0; rv:11.0) like Gecko"
91.141.2.151 - - [06/Apr/2017:15:07:56 +0200] "GET /gui/javascript/form_form.js?1491484076 HTTP/1.1" 200 16206 "http://ed.activities.at/entry.php?id=11671" "Mozilla/5.0 (Windows NT 6.1; WOW64; Trident/7.0; rv:11.0) like Gecko"
91.141.2.151 - - [06/Apr/2017:15:07:56 +0200] "GET /entry.php?id=10776&form=11496&name=list& HTTP/1.1" 200 1519 "http://ed.activities.at/entry.php?id=11671" "Mozilla/5.0 (Windows NT 6.1; WOW64; Trident/7.0; rv:11.0) like Gecko"
91.141.2.151 - - [06/Apr/2017:15:07:56 +0200] "GET /entry.php?id=10778&form=11496&name=list& HTTP/1.1" 200 5775 "http://ed.activities.at/entry.php?id=11671" "Mozilla/5.0 (Windows NT 6.1; WOW64; Trident/7.0; rv:11.0) like Gecko"
80.123.94.70 - - [06/Apr/2017:15:07:58 +0200] "POST /entry.php?id=11668 HTTP/1.1" 200 3602 "http://ed.activities.at/entry.php?id=11668" "Mozilla/5.0 (Windows NT 10.0; WOW64) AppleWebKit/537.36 (KHTML, like Gecko) Chrome/57.0.2987.133 Safari/537.36"
80.123.94.70 - - [06/Apr/2017:15:07:59 +0200] "GET /gui/javascript/form_form.js?1491484079 HTTP/1.1" 200 16206 "http://ed.activities.at/entry.php?id=11668" "Mozilla/5.0 (Windows NT 10.0; WOW64) AppleWebKit/537.36 (KHTML, like Gecko) Chrome/57.0.2987.133 Safari/537.36"
80.123.94.70 - - [06/Apr/2017:15:07:59 +0200] "GET /entry.php?id=10776&form=11493&name=list& HTTP/1.1" 200 1479 "http://ed.activities.at/entry.php?id=11668" "Mozilla/5.0 (Windows NT 10.0; WOW64) AppleWebKit/537.36 (KHTML, like Gecko) Chrome/57.0.2987.133 Safari/537.36"
80.123.94.70 - - [06/Apr/2017:15:07:59 +0200] "GET /entry.php?id=10778&form=11493&name=list& HTTP/1.1" 200 2939 "http://ed.activities.at/entry.php?id=11668" "Mozilla/5.0 (Windows NT 10.0; WOW64) AppleWebKit/537.36 (KHTML, like Gecko) Chrome/57.0.2987.133 Safari/537.36"
91.141.2.151 - - [06/Apr/2017:15:08:01 +0200] "POST /entry.php?id=11671 HTTP/1.1" 200 4911 "http://ed.activities.at/entry.php?id=11671" "Mozilla/5.0 (Windows NT 6.1; WOW64; Trident/7.0; rv:11.0) like Gecko"
91.141.2.151 - - [06/Apr/2017:15:08:02 +0200] "GET /gui/javascript/form_form.js?1491484082 HTTP/1.1" 200 16206 "http://ed.activities.at/entry.php?id=11671" "Mozilla/5.0 (Windows NT 6.1; WOW64; Trident/7.0; rv:11.0) like Gecko"
91.141.2.151 - - [06/Apr/2017:15:08:02 +0200] "GET /entry.php?id=10778&form=11496&name=list& HTTP/1.1" 200 5775 "http://ed.activities.at/entry.php?id=11671" "Mozilla/5.0 (Windows NT 6.1; WOW64; Trident/7.0; rv:11.0) like Gecko"
91.141.2.151 - - [06/Apr/2017:15:08:02 +0200] "GET /entry.php?id=10776&form=11496&name=list& HTTP/1.1" 200 1519 "http://ed.activities.at/entry.php?id=11671" "Mozilla/5.0 (Windows NT 6.1; WOW64; Trident/7.0; rv:11.0) like Gecko"
91.141.2.151 - - [06/Apr/2017:15:08:04 +0200] "GET /entry.php?id=10271&&ser=484023 HTTP/1.1" 200 986 "http://ed.activities.at/entry.php?id=10271&&ser=483962" "Mozilla/5.0 (Windows NT 6.1; WOW64; Trident/7.0; rv:11.0) like Gecko"
80.123.94.70 - - [06/Apr/2017:15:08:03 +0200] "POST /entry.php?id=11668 HTTP/1.1" 200 3491 "http://ed.activities.at/entry.php?id=11668" "Mozilla/5.0 (Windows NT 10.0; WOW64) AppleWebKit/537.36 (KHTML, like Gecko) Chrome/57.0.2987.133 Safari/537.36"
91.141.2.151 - - [06/Apr/2017:15:08:04 +0200] "GET /gui/javascript/form_form.js?1491484084 HTTP/1.1" 200 16206 "http://ed.activities.at/entry.php?id=10271&&ser=484023" "Mozilla/5.0 (Windows NT 6.1; WOW64; Trident/7.0; rv:11.0) like Gecko"
80.123.94.70 - - [06/Apr/2017:15:08:04 +0200] "GET /gui/javascript/form_form.js?1491484084 HTTP/1.1" 200 16206 "http://ed.activities.at/entry.php?id=11668" "Mozilla/5.0 (Windows NT 10.0; WOW64) AppleWebKit/537.36 (KHTML, like Gecko) Chrome/57.0.2987.133 Safari/537.36"
80.123.94.70 - - [06/Apr/2017:15:08:04 +0200] "GET /entry.php?id=10776&form=11493&name=list& HTTP/1.1" 200 1485 "http://ed.activities.at/entry.php?id=11668" "Mozilla/5.0 (Windows NT 10.0; WOW64) AppleWebKit/537.36 (KHTML, like Gecko) Chrome/57.0.2987.133 Safari/537.36"
80.123.94.70 - - [06/Apr/2017:15:08:04 +0200] "GET /entry.php?id=10778&form=11493&name=list& HTTP/1.1" 200 2943 "http://ed.activities.at/entry.php?id=11668" "Mozilla/5.0 (Windows NT 10.0; WOW64) AppleWebKit/537.36 (KHTML, like Gecko) Chrome/57.0.2987.133 Safari/537.36"
91.141.2.151 - - [06/Apr/2017:15:08:06 +0200] "POST /entry.php?id=11671 HTTP/1.1" 200 4729 "http://ed.activities.at/entry.php?id=11671" "Mozilla/5.0 (Windows NT 6.1; WOW64; Trident/7.0; rv:11.0) like Gecko"
91.141.2.151 - - [06/Apr/2017:15:08:07 +0200] "GET /gui/javascript/form_form.js?1491484087 HTTP/1.1" 200 16206 "http://ed.activities.at/entry.php?id=11671" "Mozilla/5.0 (Windows NT 6.1; WOW64; Trident/7.0; rv:11.0) like Gecko"
91.141.2.151 - - [06/Apr/2017:15:08:07 +0200] "GET /entry.php?id=10776&form=11496&name=list& HTTP/1.1" 200 1519 "http://ed.activities.at/entry.php?id=11671" "Mozilla/5.0 (Windows NT 6.1; WOW64; Trident/7.0; rv:11.0) like Gecko"
91.141.2.151 - - [06/Apr/2017:15:08:07 +0200] "GET /entry.php?id=10778&form=11496&name=list& HTTP/1.1" 200 5775 "http://ed.activities.at/entry.php?id=11671" "Mozilla/5.0 (Windows NT 6.1; WOW64; Trident/7.0; rv:11.0) like Gecko"
80.123.94.70 - - [06/Apr/2017:15:08:07 +0200] "POST /entry.php?id=11668 HTTP/1.1" 200 3623 "http://ed.activities.at/entry.php?id=11668" "Mozilla/5.0 (Windows NT 10.0; WOW64) AppleWebKit/537.36 (KHTML, like Gecko) Chrome/57.0.2987.133 Safari/537.36"
80.123.94.70 - - [06/Apr/2017:15:08:08 +0200] "GET /gui/javascript/form_form.js?1491484088 HTTP/1.1" 200 16206 "http://ed.activities.at/entry.php?id=11668" "Mozilla/5.0 (Windows NT 10.0; WOW64) AppleWebKit/537.36 (KHTML, like Gecko) Chrome/57.0.2987.133 Safari/537.36"
80.123.94.70 - - [06/Apr/2017:15:08:08 +0200] "GET /entry.php?id=10776&form=11493&name=list& HTTP/1.1" 200 1479 "http://ed.activities.at/entry.php?id=11668" "Mozilla/5.0 (Windows NT 10.0; WOW64) AppleWebKit/537.36 (KHTML, like Gecko) Chrome/57.0.2987.133 Safari/537.36"
80.123.94.70 - - [06/Apr/2017:15:08:08 +0200] "GET /entry.php?id=10778&form=11493&name=list& HTTP/1.1" 200 2939 "http://ed.activities.at/entry.php?id=11668" "Mozilla/5.0 (Windows NT 10.0; WOW64) AppleWebKit/537.36 (KHTML, like Gecko) Chrome/57.0.2987.133 Safari/537.36"
80.123.94.70 - - [06/Apr/2017:15:08:08 +0200] "POST /entry.php?id=11668 HTTP/1.1" 200 3503 "http://ed.activities.at/entry.php?id=11668" "Mozilla/5.0 (Windows NT 10.0; WOW64) AppleWebKit/537.36 (KHTML, like Gecko) Chrome/57.0.2987.133 Safari/537.36"
80.123.94.70 - - [06/Apr/2017:15:08:09 +0200] "GET /gui/javascript/form_form.js?1491484089 HTTP/1.1" 200 16206 "http://ed.activities.at/entry.php?id=11668" "Mozilla/5.0 (Windows NT 10.0; WOW64) AppleWebKit/537.36 (KHTML, like Gecko) Chrome/57.0.2987.133 Safari/537.36"
80.123.94.70 - - [06/Apr/2017:15:08:09 +0200] "GET /entry.php?id=10776&form=11493&name=list& HTTP/1.1" 200 1485 "http://ed.activities.at/entry.php?id=11668" "Mozilla/5.0 (Windows NT 10.0; WOW64) AppleWebKit/537.36 (KHTML, like Gecko) Chrome/57.0.2987.133 Safari/537.36"
80.123.94.70 - - [06/Apr/2017:15:08:09 +0200] "GET /entry.php?id=10778&form=11493&name=list& HTTP/1.1" 200 2943 "http://ed.activities.at/entry.php?id=11668" "Mozilla/5.0 (Windows NT 10.0; WOW64) AppleWebKit/537.36 (KHTML, like Gecko) Chrome/57.0.2987.133 Safari/537.36"
80.123.94.70 - - [06/Apr/2017:15:08:13 +0200] "POST /entry.php?id=11668 HTTP/1.1" 200 3632 "http://ed.activities.at/entry.php?id=11668" "Mozilla/5.0 (Windows NT 10.0; WOW64) AppleWebKit/537.36 (KHTML, like Gecko) Chrome/57.0.2987.133 Safari/537.36"
80.123.94.70 - - [06/Apr/2017:15:08:14 +0200] "GET /gui/javascript/form_form.js?1491484094 HTTP/1.1" 200 16206 "http://ed.activities.at/entry.php?id=11668" "Mozilla/5.0 (Windows NT 10.0; WOW64) AppleWebKit/537.36 (KHTML, like Gecko) Chrome/57.0.2987.133 Safari/537.36"
80.123.94.70 - - [06/Apr/2017:15:08:14 +0200] "GET /entry.php?id=10776&form=11493&name=list& HTTP/1.1" 200 1479 "http://ed.activities.at/entry.php?id=11668" "Mozilla/5.0 (Windows NT 10.0; WOW64) AppleWebKit/537.36 (KHTML, like Gecko) Chrome/57.0.2987.133 Safari/537.36"
80.123.94.70 - - [06/Apr/2017:15:08:14 +0200] "GET /entry.php?id=10778&form=11493&name=list& HTTP/1.1" 200 2939 "http://ed.activities.at/entry.php?id=11668" "Mozilla/5.0 (Windows NT 10.0; WOW64) AppleWebKit/537.36 (KHTML, like Gecko) Chrome/57.0.2987.133 Safari/537.36"
91.141.2.151 - - [06/Apr/2017:15:08:14 +0200] "POST /entry.php?id=11671 HTTP/1.1" 200 4914 "http://ed.activities.at/entry.php?id=11671" "Mozilla/5.0 (Windows NT 6.1; WOW64; Trident/7.0; rv:11.0) like Gecko"
91.141.2.151 - - [06/Apr/2017:15:08:15 +0200] "GET /gui/javascript/form_form.js?1491484095 HTTP/1.1" 200 16206 "http://ed.activities.at/entry.php?id=11671" "Mozilla/5.0 (Windows NT 6.1; WOW64; Trident/7.0; rv:11.0) like Gecko"
91.141.2.151 - - [06/Apr/2017:15:08:15 +0200] "GET /entry.php?id=10776&form=11496&name=list& HTTP/1.1" 200 1519 "http://ed.activities.at/entry.php?id=11671" "Mozilla/5.0 (Windows NT 6.1; WOW64; Trident/7.0; rv:11.0) like Gecko"
91.141.2.151 - - [06/Apr/2017:15:08:15 +0200] "GET /entry.php?id=10778&form=11496&name=list& HTTP/1.1" 200 5775 "http://ed.activities.at/entry.php?id=11671" "Mozilla/5.0 (Windows NT 6.1; WOW64; Trident/7.0; rv:11.0) like Gecko"
212.108.43.59 - - [06/Apr/2017:15:08:18 +0200] "GET /entry.php?id=10271&&ser=484038 HTTP/1.1" 200 986 "http://ed.activities.at/entry.php?id=10271&&ser=483978" "Mozilla/5.0 (Windows NT 10.0; Win64; x64) AppleWebKit/537.36 (KHTML, like Gecko) Chrome/56.0.2924.87 Safari/537.36"
212.108.43.59 - - [06/Apr/2017:15:08:18 +0200] "GET /gui/javascript/form_form.js?1491484098 HTTP/1.1" 200 16206 "http://ed.activities.at/entry.php?id=10271&&ser=484038" "Mozilla/5.0 (Windows NT 10.0; Win64; x64) AppleWebKit/537.36 (KHTML, like Gecko) Chrome/56.0.2924.87 Safari/537.36"
91.141.2.151 - - [06/Apr/2017:15:08:22 +0200] "POST /entry.php?id=11671 HTTP/1.1" 200 4729 "http://ed.activities.at/entry.php?id=11671" "Mozilla/5.0 (Windows NT 6.1; WOW64; Trident/7.0; rv:11.0) like Gecko"
91.141.2.151 - - [06/Apr/2017:15:08:23 +0200] "GET /gui/javascript/form_form.js?1491484103 HTTP/1.1" 200 16206 "http://ed.activities.at/entry.php?id=11671" "Mozilla/5.0 (Windows NT 6.1; WOW64; Trident/7.0; rv:11.0) like Gecko"
91.141.2.151 - - [06/Apr/2017:15:08:23 +0200] "GET /entry.php?id=10776&form=11496&name=list& HTTP/1.1" 200 1519 "http://ed.activities.at/entry.php?id=11671" "Mozilla/5.0 (Windows NT 6.1; WOW64; Trident/7.0; rv:11.0) like Gecko"
91.141.2.151 - - [06/Apr/2017:15:08:23 +0200] "GET /entry.php?id=10778&form=11496&name=list& HTTP/1.1" 200 5733 "http://ed.activities.at/entry.php?id=11671" "Mozilla/5.0 (Windows NT 6.1; WOW64; Trident/7.0; rv:11.0) like Gecko"
80.123.94.70 - - [06/Apr/2017:15:08:27 +0200] "GET /entry.php?id=10271&&ser=484047 HTTP/1.1" 200 986 "http://ed.activities.at/entry.php?id=10271&&ser=483929" "Mozilla/5.0 (Windows NT 10.0; WOW64) AppleWebKit/537.36 (KHTML, like Gecko) Chrome/57.0.2987.133 Safari/537.36"
80.123.94.70 - - [06/Apr/2017:15:08:28 +0200] "GET /gui/javascript/form_form.js?1491484108 HTTP/1.1" 200 16206 "http://ed.activities.at/entry.php?id=10271&&ser=484047" "Mozilla/5.0 (Windows NT 10.0; WOW64) AppleWebKit/537.36 (KHTML, like Gecko) Chrome/57.0.2987.133 Safari/537.36"
95.143.230.128 - - [06/Apr/2017:15:08:48 +0200] "GET /entry.php?id=10271&&ser=484068 HTTP/1.1" 200 987 "http://ed.activities.at/entry.php?id=10271&&ser=484007" "Mozilla/5.0 (Windows NT 6.1; WOW64; rv:52.0) Gecko/20100101 Firefox/52.0"
95.143.230.128 - - [06/Apr/2017:15:08:48 +0200] "GET /gui/javascript/form_form.js?1491484128 HTTP/1.1" 200 16206 "http://ed.activities.at/entry.php?id=10271&&ser=484068" "Mozilla/5.0 (Windows NT 6.1; WOW64; rv:52.0) Gecko/20100101 Firefox/52.0"
91.141.2.151 - - [06/Apr/2017:15:09:01 +0200] "POST /entry.php?id=11671 HTTP/1.1" 200 4900 "http://ed.activities.at/entry.php?id=11671" "Mozilla/5.0 (Windows NT 6.1; WOW64; Trident/7.0; rv:11.0) like Gecko"
91.141.2.151 - - [06/Apr/2017:15:09:02 +0200] "GET /gui/javascript/form_form.js?1491484142 HTTP/1.1" 200 16206 "http://ed.activities.at/entry.php?id=11671" "Mozilla/5.0 (Windows NT 6.1; WOW64; Trident/7.0; rv:11.0) like Gecko"
91.141.2.151 - - [06/Apr/2017:15:09:02 +0200] "GET /entry.php?id=10778&form=11496&name=list& HTTP/1.1" 200 5733 "http://ed.activities.at/entry.php?id=11671" "Mozilla/5.0 (Windows NT 6.1; WOW64; Trident/7.0; rv:11.0) like Gecko"
91.141.2.151 - - [06/Apr/2017:15:09:02 +0200] "GET /entry.php?id=10776&form=11496&name=list& HTTP/1.1" 200 1519 "http://ed.activities.at/entry.php?id=11671" "Mozilla/5.0 (Windows NT 6.1; WOW64; Trident/7.0; rv:11.0) like Gecko"
91.141.2.151 - - [06/Apr/2017:15:09:04 +0200] "GET /entry.php?id=10271&&ser=484084 HTTP/1.1" 200 987 "http://ed.activities.at/entry.php?id=10271&&ser=484023" "Mozilla/5.0 (Windows NT 6.1; WOW64; Trident/7.0; rv:11.0) like Gecko"
91.141.2.151 - - [06/Apr/2017:15:09:05 +0200] "GET /gui/javascript/form_form.js?1491484144 HTTP/1.1" 200 16206 "http://ed.activities.at/entry.php?id=10271&&ser=484084" "Mozilla/5.0 (Windows NT 6.1; WOW64; Trident/7.0; rv:11.0) like Gecko"
91.141.2.151 - - [06/Apr/2017:15:09:13 +0200] "POST /entry.php?id=11671 HTTP/1.1" 200 4733 "http://ed.activities.at/entry.php?id=11671" "Mozilla/5.0 (Windows NT 6.1; WOW64; Trident/7.0; rv:11.0) like Gecko"
91.141.2.151 - - [06/Apr/2017:15:09:14 +0200] "GET /gui/javascript/form_form.js?1491484154 HTTP/1.1" 200 16206 "http://ed.activities.at/entry.php?id=11671" "Mozilla/5.0 (Windows NT 6.1; WOW64; Trident/7.0; rv:11.0) like Gecko"
91.141.2.151 - - [06/Apr/2017:15:09:14 +0200] "GET /entry.php?id=10776&form=11496&name=list& HTTP/1.1" 200 1519 "http://ed.activities.at/entry.php?id=11671" "Mozilla/5.0 (Windows NT 6.1; WOW64; Trident/7.0; rv:11.0) like Gecko"
91.141.2.151 - - [06/Apr/2017:15:09:14 +0200] "GET /entry.php?id=10778&form=11496&name=list& HTTP/1.1" 200 5775 "http://ed.activities.at/entry.php?id=11671" "Mozilla/5.0 (Windows NT 6.1; WOW64; Trident/7.0; rv:11.0) like Gecko"
212.108.43.59 - - [06/Apr/2017:15:09:18 +0200] "GET /entry.php?id=10271&&ser=484098 HTTP/1.1" 200 986 "http://ed.activities.at/entry.php?id=10271&&ser=484038" "Mozilla/5.0 (Windows NT 10.0; Win64; x64) AppleWebKit/537.36 (KHTML, like Gecko) Chrome/56.0.2924.87 Safari/537.36"
212.108.43.59 - - [06/Apr/2017:15:09:19 +0200] "GET /gui/javascript/form_form.js?1491484159 HTTP/1.1" 200 16206 "http://ed.activities.at/entry.php?id=10271&&ser=484098" "Mozilla/5.0 (Windows NT 10.0; Win64; x64) AppleWebKit/537.36 (KHTML, like Gecko) Chrome/56.0.2924.87 Safari/537.36"
91.141.2.151 - - [06/Apr/2017:15:09:20 +0200] "POST /entry.php?id=11671 HTTP/1.1" 200 4921 "http://ed.activities.at/entry.php?id=11671" "Mozilla/5.0 (Windows NT 6.1; WOW64; Trident/7.0; rv:11.0) like Gecko"
91.141.2.151 - - [06/Apr/2017:15:09:21 +0200] "GET /gui/javascript/form_form.js?1491484161 HTTP/1.1" 200 16206 "http://ed.activities.at/entry.php?id=11671" "Mozilla/5.0 (Windows NT 6.1; WOW64; Trident/7.0; rv:11.0) like Gecko"
91.141.2.151 - - [06/Apr/2017:15:09:21 +0200] "GET /entry.php?id=10778&form=11496&name=list& HTTP/1.1" 200 5775 "http://ed.activities.at/entry.php?id=11671" "Mozilla/5.0 (Windows NT 6.1; WOW64; Trident/7.0; rv:11.0) like Gecko"
91.141.2.151 - - [06/Apr/2017:15:09:21 +0200] "GET /entry.php?id=10776&form=11496&name=list& HTTP/1.1" 200 1519 "http://ed.activities.at/entry.php?id=11671" "Mozilla/5.0 (Windows NT 6.1; WOW64; Trident/7.0; rv:11.0) like Gecko"
91.141.2.151 - - [06/Apr/2017:15:09:27 +0200] "POST /entry.php?id=11671 HTTP/1.1" 200 4730 "http://ed.activities.at/entry.php?id=11671" "Mozilla/5.0 (Windows NT 6.1; WOW64; Trident/7.0; rv:11.0) like Gecko"
80.123.94.70 - - [06/Apr/2017:15:09:28 +0200] "GET /entry.php?id=10271&&ser=484108 HTTP/1.1" 200 986 "http://ed.activities.at/entry.php?id=10271&&ser=484047" "Mozilla/5.0 (Windows NT 10.0; WOW64) AppleWebKit/537.36 (KHTML, like Gecko) Chrome/57.0.2987.133 Safari/537.36"
91.141.2.151 - - [06/Apr/2017:15:09:28 +0200] "GET /gui/javascript/form_form.js?1491484168 HTTP/1.1" 200 16206 "http://ed.activities.at/entry.php?id=11671" "Mozilla/5.0 (Windows NT 6.1; WOW64; Trident/7.0; rv:11.0) like Gecko"
80.123.94.70 - - [06/Apr/2017:15:09:28 +0200] "GET /gui/javascript/form_form.js?1491484168 HTTP/1.1" 200 16206 "http://ed.activities.at/entry.php?id=10271&&ser=484108" "Mozilla/5.0 (Windows NT 10.0; WOW64) AppleWebKit/537.36 (KHTML, like Gecko) Chrome/57.0.2987.133 Safari/537.36"
91.141.2.151 - - [06/Apr/2017:15:09:28 +0200] "GET /entry.php?id=10776&form=11496&name=list& HTTP/1.1" 200 1519 "http://ed.activities.at/entry.php?id=11671" "Mozilla/5.0 (Windows NT 6.1; WOW64; Trident/7.0; rv:11.0) like Gecko"
91.141.2.151 - - [06/Apr/2017:15:09:28 +0200] "GET /entry.php?id=10778&form=11496&name=list& HTTP/1.1" 200 5775 "http://ed.activities.at/entry.php?id=11671" "Mozilla/5.0 (Windows NT 6.1; WOW64; Trident/7.0; rv:11.0) like Gecko"
91.141.2.151 - - [06/Apr/2017:15:09:34 +0200] "POST /entry.php?id=11671 HTTP/1.1" 200 4923 "http://ed.activities.at/entry.php?id=11671" "Mozilla/5.0 (Windows NT 6.1; WOW64; Trident/7.0; rv:11.0) like Gecko"
91.141.2.151 - - [06/Apr/2017:15:09:34 +0200] "GET /gui/javascript/form_form.js?1491484174 HTTP/1.1" 200 16206 "http://ed.activities.at/entry.php?id=11671" "Mozilla/5.0 (Windows NT 6.1; WOW64; Trident/7.0; rv:11.0) like Gecko"
91.141.2.151 - - [06/Apr/2017:15:09:34 +0200] "GET /entry.php?id=10776&form=11496&name=list& HTTP/1.1" 200 1519 "http://ed.activities.at/entry.php?id=11671" "Mozilla/5.0 (Windows NT 6.1; WOW64; Trident/7.0; rv:11.0) like Gecko"
91.141.2.151 - - [06/Apr/2017:15:09:34 +0200] "GET /entry.php?id=10778&form=11496&name=list& HTTP/1.1" 200 5775 "http://ed.activities.at/entry.php?id=11671" "Mozilla/5.0 (Windows NT 6.1; WOW64; Trident/7.0; rv:11.0) like Gecko"
95.143.230.128 - - [06/Apr/2017:15:09:48 +0200] "GET /entry.php?id=10271&&ser=484128 HTTP/1.1" 200 986 "http://ed.activities.at/entry.php?id=10271&&ser=484068" "Mozilla/5.0 (Windows NT 6.1; WOW64; rv:52.0) Gecko/20100101 Firefox/52.0"
