80.123.94.70 - - [12/Apr/2017:11:47:56 +0200] "GET /gui/images/icons/lupe.gif HTTP/1.1" 304 - "http://ed.activities.at/entry.php?id=10776&form=11500&name=list&" "Mozilla/5.0 (Windows NT 10.0; WOW64) AppleWebKit/537.36 (KHTML, like Gecko) Chrome/57.0.2987.133 Safari/537.36"
80.123.94.70 - - [12/Apr/2017:11:47:57 +0200] "POST /entry.php?id=11676 HTTP/1.1" 200 4641 "http://ed.activities.at/entry.php?id=11676&" "Mozilla/5.0 (Windows NT 10.0; WOW64) AppleWebKit/537.36 (KHTML, like Gecko) Chrome/57.0.2987.133 Safari/537.36"
80.123.94.70 - - [12/Apr/2017:11:47:58 +0200] "GET /cache/emu/images/easy-drivers-ybbs10256700/widgetmotorradjpg_189_150_0.jpg HTTP/1.1" 304 - "http://ed.activities.at/entry.php?id=11676" "Mozilla/5.0 (Windows NT 10.0; WOW64) AppleWebKit/537.36 (KHTML, like Gecko) Chrome/57.0.2987.133 Safari/537.36"
80.123.94.70 - - [12/Apr/2017:11:47:58 +0200] "GET /gui/javascript/form_form.js?1491990478 HTTP/1.1" 200 16206 "http://ed.activities.at/entry.php?id=11676" "Mozilla/5.0 (Windows NT 10.0; WOW64) AppleWebKit/537.36 (KHTML, like Gecko) Chrome/57.0.2987.133 Safari/537.36"
212.108.43.59 - - [12/Apr/2017:11:48:00 +0200] "GET /entry.php?id=10271&&ser=990420 HTTP/1.1" 200 986 "http://ed.activities.at/entry.php?id=10271&&ser=990359" "Mozilla/5.0 (Windows NT 10.0; Win64; x64) AppleWebKit/537.36 (KHTML, like Gecko) Chrome/57.0.2987.133 Safari/537.36"
212.108.43.59 - - [12/Apr/2017:11:48:01 +0200] "GET /gui/javascript/form_form.js?1491990481 HTTP/1.1" 200 16206 "http://ed.activities.at/entry.php?id=10271&&ser=990420" "Mozilla/5.0 (Windows NT 10.0; Win64; x64) AppleWebKit/537.36 (KHTML, like Gecko) Chrome/57.0.2987.133 Safari/537.36"
80.123.94.70 - - [12/Apr/2017:11:48:08 +0200] "POST /entry.php?id=11676 HTTP/1.1" 200 4965 "http://ed.activities.at/entry.php?id=11676" "Mozilla/5.0 (Windows NT 10.0; WOW64) AppleWebKit/537.36 (KHTML, like Gecko) Chrome/57.0.2987.133 Safari/537.36"
80.123.94.70 - - [12/Apr/2017:11:48:09 +0200] "GET /gui/javascript/form_form.js?1491990489 HTTP/1.1" 200 16206 "http://ed.activities.at/entry.php?id=11676" "Mozilla/5.0 (Windows NT 10.0; WOW64) AppleWebKit/537.36 (KHTML, like Gecko) Chrome/57.0.2987.133 Safari/537.36"
80.123.94.70 - - [12/Apr/2017:11:48:16 +0200] "POST /entry.php?id=11676 HTTP/1.1" 200 4968 "http://ed.activities.at/entry.php?id=11676" "Mozilla/5.0 (Windows NT 10.0; WOW64) AppleWebKit/537.36 (KHTML, like Gecko) Chrome/57.0.2987.133 Safari/537.36"
80.123.94.70 - - [12/Apr/2017:11:48:17 +0200] "GET /gui/javascript/form_form.js?1491990497 HTTP/1.1" 200 16206 "http://ed.activities.at/entry.php?id=11676" "Mozilla/5.0 (Windows NT 10.0; WOW64) AppleWebKit/537.36 (KHTML, like Gecko) Chrome/57.0.2987.133 Safari/537.36"
81.28.143.41 - - [12/Apr/2017:11:48:17 +0200] "GET / HTTP/1.1" 200 382 "-" "Mozilla/5.0 (Macintosh; Intel Mac OS X 10_11_5) AppleWebKit/537.36 (KHTML, like Gecko) Chrome/52.0.2743.75 Safari/537.36"
80.123.94.70 - - [12/Apr/2017:11:48:17 +0200] "POST /entry.php?id=11676 HTTP/1.1" 200 3187 "http://ed.activities.at/entry.php?id=11676" "Mozilla/5.0 (Windows NT 10.0; WOW64) AppleWebKit/537.36 (KHTML, like Gecko) Chrome/57.0.2987.133 Safari/537.36"
80.123.94.70 - - [12/Apr/2017:11:48:18 +0200] "GET /gui/javascript/form_form.js?1491990498 HTTP/1.1" 200 16206 "http://ed.activities.at/entry.php?id=11676" "Mozilla/5.0 (Windows NT 10.0; WOW64) AppleWebKit/537.36 (KHTML, like Gecko) Chrome/57.0.2987.133 Safari/537.36"
80.123.94.70 - - [12/Apr/2017:11:48:18 +0200] "GET /framework/webfx/javascript/tinymce/skins/lightgray/content.min.css HTTP/1.1" 404 327 "http://ed.activities.at/entry.php?id=11676" "Mozilla/5.0 (Windows NT 10.0; WOW64) AppleWebKit/537.36 (KHTML, like Gecko) Chrome/57.0.2987.133 Safari/537.36"
81.28.143.41 - - [12/Apr/2017:11:48:18 +0200] "GET /activities.ico HTTP/1.1" 200 780 "-" "Mozilla/5.0 (Macintosh; Intel Mac OS X 10_11_5) AppleWebKit/537.36 (KHTML, like Gecko) Chrome/52.0.2743.75 Safari/537.36"
81.28.143.41 - - [12/Apr/2017:11:48:19 +0200] "GET /layout.php HTTP/1.1" 200 909 "-" "Mozilla/5.0 (Macintosh; Intel Mac OS X 10_11_5) AppleWebKit/537.36 (KHTML, like Gecko) Chrome/52.0.2743.75 Safari/537.36"
81.28.143.41 - - [12/Apr/2017:11:48:19 +0200] "GET /gui/javascript/form_form.js HTTP/1.1" 200 16206 "-" "Mozilla/5.0 (Macintosh; Intel Mac OS X 10_11_5) AppleWebKit/537.36 (KHTML, like Gecko) Chrome/52.0.2743.75 Safari/537.36"
81.28.143.41 - - [12/Apr/2017:11:48:20 +0200] "GET /entry.php?id=10270 HTTP/1.1" 200 908 "-" "Mozilla/5.0 (Macintosh; Intel Mac OS X 10_11_5) AppleWebKit/537.36 (KHTML, like Gecko) Chrome/52.0.2743.75 Safari/537.36"
81.28.143.41 - - [12/Apr/2017:11:48:20 +0200] "GET /entry.php?id=10272 HTTP/1.1" 200 1188 "-" "Mozilla/5.0 (Macintosh; Intel Mac OS X 10_11_5) AppleWebKit/537.36 (KHTML, like Gecko) Chrome/52.0.2743.75 Safari/537.36"
81.28.143.41 - - [12/Apr/2017:11:48:20 +0200] "GET /entry.php?id=10273 HTTP/1.1" 200 1932 "-" "Mozilla/5.0 (Macintosh; Intel Mac OS X 10_11_5) AppleWebKit/537.36 (KHTML, like Gecko) Chrome/52.0.2743.75 Safari/537.36"
81.28.143.41 - - [12/Apr/2017:11:48:20 +0200] "GET /entry.php?id=11412 HTTP/1.1" 200 1759 "-" "Mozilla/5.0 (Macintosh; Intel Mac OS X 10_11_5) AppleWebKit/537.36 (KHTML, like Gecko) Chrome/52.0.2743.75 Safari/537.36"
81.28.143.41 - - [12/Apr/2017:11:48:21 +0200] "GET /gui/javascript/jquery/css/gui-themes/custom.min.css HTTP/1.1" 200 5618 "-" "Mozilla/5.0 (Macintosh; Intel Mac OS X 10_11_5) AppleWebKit/537.36 (KHTML, like Gecko) Chrome/52.0.2743.75 Safari/537.36"
81.28.143.41 - - [12/Apr/2017:11:48:21 +0200] "GET /gui/javascript/jquery/css/gui-themes/jquery.tooltip.css HTTP/1.1" 200 246 "-" "Mozilla/5.0 (Macintosh; Intel Mac OS X 10_11_5) AppleWebKit/537.36 (KHTML, like Gecko) Chrome/52.0.2743.75 Safari/537.36"
81.28.143.41 - - [12/Apr/2017:11:48:21 +0200] "GET /gui/javascript/jquery/css/gui-themes/ui.spinner.css HTTP/1.1" 200 350 "-" "Mozilla/5.0 (Macintosh; Intel Mac OS X 10_11_5) AppleWebKit/537.36 (KHTML, like Gecko) Chrome/52.0.2743.75 Safari/537.36"
81.28.143.41 - - [12/Apr/2017:11:48:21 +0200] "GET /gui/javascript/form_form.js?1491990500 HTTP/1.1" 200 16206 "-" "Mozilla/5.0 (Macintosh; Intel Mac OS X 10_11_5) AppleWebKit/537.36 (KHTML, like Gecko) Chrome/52.0.2743.75 Safari/537.36"
81.28.143.41 - - [12/Apr/2017:11:48:21 +0200] "GET /gui/javascript/jquery/jquery-tooltip/jquery.tooltip.min.js HTTP/1.1" 200 1982 "-" "Mozilla/5.0 (Macintosh; Intel Mac OS X 10_11_5) AppleWebKit/537.36 (KHTML, like Gecko) Chrome/52.0.2743.75 Safari/537.36"
81.28.143.41 - - [12/Apr/2017:11:48:21 +0200] "GET /gui/javascript/jquery/js/jquery-ui-1.9.0.custom.min.js HTTP/1.1" 200 51286 "-" "Mozilla/5.0 (Macintosh; Intel Mac OS X 10_11_5) AppleWebKit/537.36 (KHTML, like Gecko) Chrome/52.0.2743.75 Safari/537.36"
81.28.143.41 - - [12/Apr/2017:11:48:21 +0200] "GET /gui/styles/tmplDefault.css HTTP/1.1" 200 2135 "-" "Mozilla/5.0 (Macintosh; Intel Mac OS X 10_11_5) AppleWebKit/537.36 (KHTML, like Gecko) Chrome/52.0.2743.75 Safari/537.36"
81.28.143.41 - - [12/Apr/2017:11:48:21 +0200] "GET /framework/webfx/style/toolbar/cb2.css HTTP/1.1" 200 793 "-" "Mozilla/5.0 (Macintosh; Intel Mac OS X 10_11_5) AppleWebKit/537.36 (KHTML, like Gecko) Chrome/52.0.2743.75 Safari/537.36"
81.28.143.41 - - [12/Apr/2017:11:48:21 +0200] "GET /framework/webfx/javascript/toolbar/ieemu.js HTTP/1.1" 200 2366 "-" "Mozilla/5.0 (Macintosh; Intel Mac OS X 10_11_5) AppleWebKit/537.36 (KHTML, like Gecko) Chrome/52.0.2743.75 Safari/537.36"
81.28.143.41 - - [12/Apr/2017:11:48:21 +0200] "GET /framework/webfx/javascript/statusbar/statusBar.js HTTP/1.1" 200 649 "-" "Mozilla/5.0 (Macintosh; Intel Mac OS X 10_11_5) AppleWebKit/537.36 (KHTML, like Gecko) Chrome/52.0.2743.75 Safari/537.36"
81.28.143.41 - - [12/Apr/2017:11:48:21 +0200] "GET /gui/javascript/jquery/js/jquery-1.8.2.js HTTP/1.1" 200 35391 "-" "Mozilla/5.0 (Macintosh; Intel Mac OS X 10_11_5) AppleWebKit/537.36 (KHTML, like Gecko) Chrome/52.0.2743.75 Safari/537.36"
81.28.143.41 - - [12/Apr/2017:11:48:21 +0200] "GET /gui/images/icons/cancel.gif HTTP/1.1" 200 125 "-" "Mozilla/5.0 (Macintosh; Intel Mac OS X 10_11_5) AppleWebKit/537.36 (KHTML, like Gecko) Chrome/52.0.2743.75 Safari/537.36"
81.28.143.41 - - [12/Apr/2017:11:48:21 +0200] "GET /framework/webfx/javascript/toolbar/cb2.js HTTP/1.1" 200 1686 "-" "Mozilla/5.0 (Macintosh; Intel Mac OS X 10_11_5) AppleWebKit/537.36 (KHTML, like Gecko) Chrome/52.0.2743.75 Safari/537.36"
81.28.143.41 - - [12/Apr/2017:11:48:21 +0200] "GET /gui/images/icons/Logo_activites_RGB.gif HTTP/1.1" 200 1336 "-" "Mozilla/5.0 (Macintosh; Intel Mac OS X 10_11_5) AppleWebKit/537.36 (KHTML, like Gecko) Chrome/52.0.2743.75 Safari/537.36"
81.28.143.41 - - [12/Apr/2017:11:48:22 +0200] "GET /gui/images/emptybar.gif HTTP/1.1" 200 89 "-" "Mozilla/5.0 (Macintosh; Intel Mac OS X 10_11_5) AppleWebKit/537.36 (KHTML, like Gecko) Chrome/52.0.2743.75 Safari/537.36"
81.28.143.41 - - [12/Apr/2017:11:48:22 +0200] "GET /entry.php?id=10271&UIN=f3dec74368f87c071508a770094a9382 HTTP/1.1" 200 934 "-" "Mozilla/5.0 (Macintosh; Intel Mac OS X 10_11_5) AppleWebKit/537.36 (KHTML, like Gecko) Chrome/52.0.2743.75 Safari/537.36"
81.28.143.41 - - [12/Apr/2017:11:48:22 +0200] "GET /entry.php?id=10287 HTTP/1.1" 200 2388 "-" "Mozilla/5.0 (Macintosh; Intel Mac OS X 10_11_5) AppleWebKit/537.36 (KHTML, like Gecko) Chrome/52.0.2743.75 Safari/537.36"
81.28.143.41 - - [12/Apr/2017:11:48:23 +0200] "GET /gui/javascript/form_form.js?1491990502 HTTP/1.1" 200 16206 "-" "Mozilla/5.0 (Macintosh; Intel Mac OS X 10_11_5) AppleWebKit/537.36 (KHTML, like Gecko) Chrome/52.0.2743.75 Safari/537.36"
81.28.143.41 - - [12/Apr/2017:11:48:24 +0200] "GET /entry.php?id=10270& HTTP/1.1" 200 908 "-" "Mozilla/5.0 (Macintosh; Intel Mac OS X 10_11_5) AppleWebKit/537.36 (KHTML, like Gecko) Chrome/52.0.2743.75 Safari/537.36"
81.28.143.41 - - [12/Apr/2017:11:48:24 +0200] "GET /entry.php?id=10273& HTTP/1.1" 200 1902 "-" "Mozilla/5.0 (Macintosh; Intel Mac OS X 10_11_5) AppleWebKit/537.36 (KHTML, like Gecko) Chrome/52.0.2743.75 Safari/537.36"
81.28.143.41 - - [12/Apr/2017:11:48:25 +0200] "GET /gui/javascript/form_form.js?1491990504 HTTP/1.1" 200 16206 "-" "Mozilla/5.0 (Macintosh; Intel Mac OS X 10_11_5) AppleWebKit/537.36 (KHTML, like Gecko) Chrome/52.0.2743.75 Safari/537.36"
81.28.143.41 - - [12/Apr/2017:11:48:30 +0200] "GET /gui/images/progressbar.gif HTTP/1.1" 200 2157 "-" "Mozilla/5.0 (Macintosh; Intel Mac OS X 10_11_5) AppleWebKit/537.36 (KHTML, like Gecko) Chrome/52.0.2743.75 Safari/537.36"
81.28.143.41 - - [12/Apr/2017:11:48:30 +0200] "POST /entry.php?id=10287& HTTP/1.1" 200 2318 "-" "Mozilla/5.0 (Macintosh; Intel Mac OS X 10_11_5) AppleWebKit/537.36 (KHTML, like Gecko) Chrome/52.0.2743.75 Safari/537.36"
81.28.143.41 - - [12/Apr/2017:11:48:31 +0200] "GET /gui/javascript/form_form.js?1491990510 HTTP/1.1" 200 16206 "-" "Mozilla/5.0 (Macintosh; Intel Mac OS X 10_11_5) AppleWebKit/537.36 (KHTML, like Gecko) Chrome/52.0.2743.75 Safari/537.36"
81.28.143.41 - - [12/Apr/2017:11:48:31 +0200] "GET /entry.php?id=10271&UIN=f3dec74368f87c071508a770094a9382 HTTP/1.1" 200 988 "-" "Mozilla/5.0 (Macintosh; Intel Mac OS X 10_11_5) AppleWebKit/537.36 (KHTML, like Gecko) Chrome/52.0.2743.75 Safari/537.36"
81.28.143.41 - - [12/Apr/2017:11:48:31 +0200] "GET /entry.php?id=10273& HTTP/1.1" 200 2031 "-" "Mozilla/5.0 (Macintosh; Intel Mac OS X 10_11_5) AppleWebKit/537.36 (KHTML, like Gecko) Chrome/52.0.2743.75 Safari/537.36"
80.123.94.70 - - [12/Apr/2017:11:48:31 +0200] "POST /entry.php?id=11676 HTTP/1.1" 200 3567 "http://ed.activities.at/entry.php?id=11676" "Mozilla/5.0 (Windows NT 10.0; WOW64) AppleWebKit/537.36 (KHTML, like Gecko) Chrome/57.0.2987.133 Safari/537.36"
80.123.94.70 - - [12/Apr/2017:11:48:32 +0200] "GET /gui/javascript/form_form.js?1491990512 HTTP/1.1" 200 16206 "http://ed.activities.at/entry.php?id=11676" "Mozilla/5.0 (Windows NT 10.0; WOW64) AppleWebKit/537.36 (KHTML, like Gecko) Chrome/57.0.2987.133 Safari/537.36"
80.123.94.70 - - [12/Apr/2017:11:48:32 +0200] "GET /framework/webfx/javascript/tinymce/skins/lightgray/content.min.css HTTP/1.1" 404 327 "http://ed.activities.at/entry.php?id=11676" "Mozilla/5.0 (Windows NT 10.0; WOW64) AppleWebKit/537.36 (KHTML, like Gecko) Chrome/57.0.2987.133 Safari/537.36"
81.28.143.41 - - [12/Apr/2017:11:48:32 +0200] "GET /gui/javascript/jquery/css/gui-themes/custom.min.css HTTP/1.1" 200 5618 "-" "Mozilla/5.0 (Macintosh; Intel Mac OS X 10_11_5) AppleWebKit/537.36 (KHTML, like Gecko) Chrome/52.0.2743.75 Safari/537.36"
81.28.143.41 - - [12/Apr/2017:11:48:32 +0200] "GET /gui/javascript/jquery/css/gui-themes/ui.spinner.css HTTP/1.1" 200 350 "-" "Mozilla/5.0 (Macintosh; Intel Mac OS X 10_11_5) AppleWebKit/537.36 (KHTML, like Gecko) Chrome/52.0.2743.75 Safari/537.36"
81.28.143.41 - - [12/Apr/2017:11:48:33 +0200] "GET /gui/javascript/jquery/css/gui-themes/jquery.tooltip.css HTTP/1.1" 200 246 "-" "Mozilla/5.0 (Macintosh; Intel Mac OS X 10_11_5) AppleWebKit/537.36 (KHTML, like Gecko) Chrome/52.0.2743.75 Safari/537.36"
81.28.143.41 - - [12/Apr/2017:11:48:33 +0200] "GET /gui/styles/tmplDefault.css HTTP/1.1" 200 2135 "-" "Mozilla/5.0 (Macintosh; Intel Mac OS X 10_11_5) AppleWebKit/537.36 (KHTML, like Gecko) Chrome/52.0.2743.75 Safari/537.36"
81.28.143.41 - - [12/Apr/2017:11:48:33 +0200] "GET /gui/javascript/form_form.js?1491990512 HTTP/1.1" 200 16206 "-" "Mozilla/5.0 (Macintosh; Intel Mac OS X 10_11_5) AppleWebKit/537.36 (KHTML, like Gecko) Chrome/52.0.2743.75 Safari/537.36"
81.28.143.41 - - [12/Apr/2017:11:48:33 +0200] "GET /gui/javascript/jquery/jquery-tooltip/jquery.tooltip.min.js HTTP/1.1" 200 1982 "-" "Mozilla/5.0 (Macintosh; Intel Mac OS X 10_11_5) AppleWebKit/537.36 (KHTML, like Gecko) Chrome/52.0.2743.75 Safari/537.36"
81.28.143.41 - - [12/Apr/2017:11:48:33 +0200] "GET /gui/javascript/jquery/js/jquery-ui-1.9.0.custom.min.js HTTP/1.1" 200 51286 "-" "Mozilla/5.0 (Macintosh; Intel Mac OS X 10_11_5) AppleWebKit/537.36 (KHTML, like Gecko) Chrome/52.0.2743.75 Safari/537.36"
81.28.143.41 - - [12/Apr/2017:11:48:33 +0200] "GET /gui/javascript/jquery/js/jquery-1.8.2.js HTTP/1.1" 200 35391 "-" "Mozilla/5.0 (Macintosh; Intel Mac OS X 10_11_5) AppleWebKit/537.36 (KHTML, like Gecko) Chrome/52.0.2743.75 Safari/537.36"
81.28.143.41 - - [12/Apr/2017:11:48:33 +0200] "GET /framework/webfx/style/toolbar/images/cbback.gif HTTP/1.1" 404 314 "-" "Mozilla/5.0 (Macintosh; Intel Mac OS X 10_11_5) AppleWebKit/537.36 (KHTML, like Gecko) Chrome/52.0.2743.75 Safari/537.36"
81.28.143.41 - - [12/Apr/2017:11:48:33 +0200] "GET /entry.php?id=10270&__app__=10006038 HTTP/1.1" 200 1650 "-" "Mozilla/5.0 (Macintosh; Intel Mac OS X 10_11_5) AppleWebKit/537.36 (KHTML, like Gecko) Chrome/52.0.2743.75 Safari/537.36"
80.123.94.70 - - [12/Apr/2017:11:48:32 +0200] "POST /entry.php?id=11676 HTTP/1.1" 200 4668 "http://ed.activities.at/entry.php?id=11676" "Mozilla/5.0 (Windows NT 10.0; WOW64) AppleWebKit/537.36 (KHTML, like Gecko) Chrome/57.0.2987.133 Safari/537.36"
80.123.94.70 - - [12/Apr/2017:11:48:33 +0200] "GET /gui/javascript/form_form.js?1491990513 HTTP/1.1" 200 16206 "http://ed.activities.at/entry.php?id=11676" "Mozilla/5.0 (Windows NT 10.0; WOW64) AppleWebKit/537.36 (KHTML, like Gecko) Chrome/57.0.2987.133 Safari/537.36"
81.28.143.41 - - [12/Apr/2017:11:48:34 +0200] "GET /framework/webfx/javascript/navigation/crossbrowser.js HTTP/1.1" 200 1842 "-" "Mozilla/5.0 (Macintosh; Intel Mac OS X 10_11_5) AppleWebKit/537.36 (KHTML, like Gecko) Chrome/52.0.2743.75 Safari/537.36"
81.28.143.41 - - [12/Apr/2017:11:48:34 +0200] "GET /framework/webfx/javascript/navigation/outlook.js HTTP/1.1" 200 6351 "-" "Mozilla/5.0 (Macintosh; Intel Mac OS X 10_11_5) AppleWebKit/537.36 (KHTML, like Gecko) Chrome/52.0.2743.75 Safari/537.36"
81.28.143.41 - - [12/Apr/2017:11:48:34 +0200] "GET /gui/javascript/form_form.js?1491990513 HTTP/1.1" 200 16206 "-" "Mozilla/5.0 (Macintosh; Intel Mac OS X 10_11_5) AppleWebKit/537.36 (KHTML, like Gecko) Chrome/52.0.2743.75 Safari/537.36"
81.28.143.41 - - [12/Apr/2017:11:48:34 +0200] "GET /gui/images/icons/pers_einstellungen.gif HTTP/1.1" 200 1461 "-" "Mozilla/5.0 (Macintosh; Intel Mac OS X 10_11_5) AppleWebKit/537.36 (KHTML, like Gecko) Chrome/52.0.2743.75 Safari/537.36"
81.28.143.41 - - [12/Apr/2017:11:48:34 +0200] "GET /framework/icons/navigation/arrowup.gif HTTP/1.1" 200 407 "-" "Mozilla/5.0 (Macintosh; Intel Mac OS X 10_11_5) AppleWebKit/537.36 (KHTML, like Gecko) Chrome/52.0.2743.75 Safari/537.36"
81.28.143.41 - - [12/Apr/2017:11:48:34 +0200] "GET /framework/icons/navigation/arrowdown.gif HTTP/1.1" 200 424 "-" "Mozilla/5.0 (Macintosh; Intel Mac OS X 10_11_5) AppleWebKit/537.36 (KHTML, like Gecko) Chrome/52.0.2743.75 Safari/537.36"
81.28.143.41 - - [12/Apr/2017:11:48:34 +0200] "GET /gui/images/icons/i_firmen.gif HTTP/1.1" 200 1463 "-" "Mozilla/5.0 (Macintosh; Intel Mac OS X 10_11_5) AppleWebKit/537.36 (KHTML, like Gecko) Chrome/52.0.2743.75 Safari/537.36"
81.28.143.41 - - [12/Apr/2017:11:48:34 +0200] "GET /gui/images/icons/i_haendler_sollverteiler.gif HTTP/1.1" 200 1330 "-" "Mozilla/5.0 (Macintosh; Intel Mac OS X 10_11_5) AppleWebKit/537.36 (KHTML, like Gecko) Chrome/52.0.2743.75 Safari/537.36"
81.28.143.41 - - [12/Apr/2017:11:48:34 +0200] "GET /gui/images/icons/i_artikel.gif HTTP/1.1" 200 1765 "-" "Mozilla/5.0 (Macintosh; Intel Mac OS X 10_11_5) AppleWebKit/537.36 (KHTML, like Gecko) Chrome/52.0.2743.75 Safari/537.36"
81.28.143.41 - - [12/Apr/2017:11:48:35 +0200] "GET /gui/images/icons/menumanagement.gif HTTP/1.1" 200 204 "-" "Mozilla/5.0 (Macintosh; Intel Mac OS X 10_11_5) AppleWebKit/537.36 (KHTML, like Gecko) Chrome/52.0.2743.75 Safari/537.36"
81.28.143.41 - - [12/Apr/2017:11:48:35 +0200] "GET /gui/images/icons/i_aktionsreminder.gif HTTP/1.1" 200 2181 "-" "Mozilla/5.0 (Macintosh; Intel Mac OS X 10_11_5) AppleWebKit/537.36 (KHTML, like Gecko) Chrome/52.0.2743.75 Safari/537.36"
81.28.143.41 - - [12/Apr/2017:11:48:35 +0200] "GET /gui/images/icons/i_aktionen.gif HTTP/1.1" 200 1920 "-" "Mozilla/5.0 (Macintosh; Intel Mac OS X 10_11_5) AppleWebKit/537.36 (KHTML, like Gecko) Chrome/52.0.2743.75 Safari/537.36"
81.28.143.41 - - [12/Apr/2017:11:48:35 +0200] "GET /undefined HTTP/1.1" 404 285 "-" "Mozilla/5.0 (Macintosh; Intel Mac OS X 10_11_5) AppleWebKit/537.36 (KHTML, like Gecko) Chrome/52.0.2743.75 Safari/537.36"
81.28.143.41 - - [12/Apr/2017:11:48:35 +0200] "GET /gui/images/icons/artikelbearbeitung_verfassung.gif HTTP/1.1" 200 1719 "-" "Mozilla/5.0 (Macintosh; Intel Mac OS X 10_11_5) AppleWebKit/537.36 (KHTML, like Gecko) Chrome/52.0.2743.75 Safari/537.36"
80.123.94.70 - - [12/Apr/2017:11:48:34 +0200] "POST /entry.php?id=11676 HTTP/1.1" 200 4942 "http://ed.activities.at/entry.php?id=11676" "Mozilla/5.0 (Windows NT 10.0; WOW64) AppleWebKit/537.36 (KHTML, like Gecko) Chrome/57.0.2987.133 Safari/537.36"
80.123.94.70 - - [12/Apr/2017:11:48:36 +0200] "GET /gui/javascript/form_form.js?1491990516 HTTP/1.1" 200 16206 "http://ed.activities.at/entry.php?id=11676" "Mozilla/5.0 (Windows NT 10.0; WOW64) AppleWebKit/537.36 (KHTML, like Gecko) Chrome/57.0.2987.133 Safari/537.36"
212.108.43.59 - - [12/Apr/2017:11:48:43 +0200] "GET /entry.php?id=10271&&ser=990462 HTTP/1.1" 200 987 "http://ed.activities.at/entry.php?id=10271&&ser=990402" "Mozilla/5.0 (Windows NT 10.0; Win64; x64) AppleWebKit/537.36 (KHTML, like Gecko) Chrome/57.0.2987.133 Safari/537.36"
212.108.43.59 - - [12/Apr/2017:11:48:43 +0200] "GET /gui/javascript/form_form.js?1491990523 HTTP/1.1" 200 16206 "http://ed.activities.at/entry.php?id=10271&&ser=990462" "Mozilla/5.0 (Windows NT 10.0; Win64; x64) AppleWebKit/537.36 (KHTML, like Gecko) Chrome/57.0.2987.133 Safari/537.36"
81.28.143.41 - - [12/Apr/2017:11:48:47 +0200] "GET /entry.php?id=11679 HTTP/1.1" 200 312 "-" "Mozilla/5.0 (Macintosh; Intel Mac OS X 10_11_5) AppleWebKit/537.36 (KHTML, like Gecko) Chrome/52.0.2743.75 Safari/537.36"
81.28.143.41 - - [12/Apr/2017:11:48:48 +0200] "GET /entry.php?id=10676&title=Portal& HTTP/1.1" 200 1385 "-" "Mozilla/5.0 (Macintosh; Intel Mac OS X 10_11_5) AppleWebKit/537.36 (KHTML, like Gecko) Chrome/52.0.2743.75 Safari/537.36"
81.28.143.41 - - [12/Apr/2017:11:48:48 +0200] "GET /entry.php?id=11678& HTTP/1.1" 200 3439 "-" "Mozilla/5.0 (Macintosh; Intel Mac OS X 10_11_5) AppleWebKit/537.36 (KHTML, like Gecko) Chrome/52.0.2743.75 Safari/537.36"
81.28.143.41 - - [12/Apr/2017:11:48:49 +0200] "GET /gui/javascript/form_form.js?1491990528 HTTP/1.1" 200 16206 "-" "Mozilla/5.0 (Macintosh; Intel Mac OS X 10_11_5) AppleWebKit/537.36 (KHTML, like Gecko) Chrome/52.0.2743.75 Safari/537.36"
81.28.143.41 - - [12/Apr/2017:11:48:48 +0200] "GET /entry.php?id=11677& HTTP/1.1" 200 4374 "-" "Mozilla/5.0 (Macintosh; Intel Mac OS X 10_11_5) AppleWebKit/537.36 (KHTML, like Gecko) Chrome/52.0.2743.75 Safari/537.36"
81.28.143.41 - - [12/Apr/2017:11:48:49 +0200] "GET /gui/javascript/jquery/js/jquery.friendurl.js HTTP/1.1" 200 2321 "-" "Mozilla/5.0 (Macintosh; Intel Mac OS X 10_11_5) AppleWebKit/537.36 (KHTML, like Gecko) Chrome/52.0.2743.75 Safari/537.36"
81.28.143.41 - - [12/Apr/2017:11:48:49 +0200] "GET /activities/framework/KoolControls/KoolAjax/koolajax.php?8436e354c842500aba3cbaf0584c0c24 HTTP/1.1" 200 4079 "-" "Mozilla/5.0 (Macintosh; Intel Mac OS X 10_11_5) AppleWebKit/537.36 (KHTML, like Gecko) Chrome/52.0.2743.75 Safari/537.36"
81.28.143.41 - - [12/Apr/2017:11:48:49 +0200] "GET /gui/javascript/form_cm_menu_item.js?id=2 HTTP/1.1" 200 6317 "-" "Mozilla/5.0 (Macintosh; Intel Mac OS X 10_11_5) AppleWebKit/537.36 (KHTML, like Gecko) Chrome/52.0.2743.75 Safari/537.36"
81.28.143.41 - - [12/Apr/2017:11:48:49 +0200] "GET /activities/framework/KoolControls/KoolTreeView/icons/website.gif HTTP/1.1" 200 1049 "-" "Mozilla/5.0 (Macintosh; Intel Mac OS X 10_11_5) AppleWebKit/537.36 (KHTML, like Gecko) Chrome/52.0.2743.75 Safari/537.36"
81.28.143.41 - - [12/Apr/2017:11:48:49 +0200] "GET /activities/framework/KoolControls/KoolTreeView/icons/square_greyS.gif HTTP/1.1" 200 342 "-" "Mozilla/5.0 (Macintosh; Intel Mac OS X 10_11_5) AppleWebKit/537.36 (KHTML, like Gecko) Chrome/52.0.2743.75 Safari/537.36"
81.28.143.41 - - [12/Apr/2017:11:48:49 +0200] "GET /activities/framework/KoolControls/KoolTreeView/icons/square_greenS.gif HTTP/1.1" 200 541 "-" "Mozilla/5.0 (Macintosh; Intel Mac OS X 10_11_5) AppleWebKit/537.36 (KHTML, like Gecko) Chrome/52.0.2743.75 Safari/537.36"
81.28.143.41 - - [12/Apr/2017:11:48:49 +0200] "GET /gui/images/icons/square_yellowS.gif HTTP/1.1" 200 541 "-" "Mozilla/5.0 (Macintosh; Intel Mac OS X 10_11_5) AppleWebKit/537.36 (KHTML, like Gecko) Chrome/52.0.2743.75 Safari/537.36"
81.28.143.41 - - [12/Apr/2017:11:48:49 +0200] "GET /gui/images/icons/square_greenS.gif HTTP/1.1" 200 541 "-" "Mozilla/5.0 (Macintosh; Intel Mac OS X 10_11_5) AppleWebKit/537.36 (KHTML, like Gecko) Chrome/52.0.2743.75 Safari/537.36"
81.28.143.41 - - [12/Apr/2017:11:48:49 +0200] "GET /gui/images/icons/website_modified.gif HTTP/1.1" 200 1060 "-" "Mozilla/5.0 (Macintosh; Intel Mac OS X 10_11_5) AppleWebKit/537.36 (KHTML, like Gecko) Chrome/52.0.2743.75 Safari/537.36"
81.28.143.41 - - [12/Apr/2017:11:48:49 +0200] "GET /gui/images/icons/square_greyS.gif HTTP/1.1" 200 342 "-" "Mozilla/5.0 (Macintosh; Intel Mac OS X 10_11_5) AppleWebKit/537.36 (KHTML, like Gecko) Chrome/52.0.2743.75 Safari/537.36"
81.28.143.41 - - [12/Apr/2017:11:48:50 +0200] "GET /gui/javascript/jquery/js/i18n/jquery-ui-timepicker-de.js HTTP/1.1" 200 333 "-" "Mozilla/5.0 (Macintosh; Intel Mac OS X 10_11_5) AppleWebKit/537.36 (KHTML, like Gecko) Chrome/52.0.2743.75 Safari/537.36"
81.28.143.41 - - [12/Apr/2017:11:48:50 +0200] "GET /gui/javascript/jquery/js/i18n/jquery.ui.datepicker-de.js HTTP/1.1" 200 479 "-" "Mozilla/5.0 (Macintosh; Intel Mac OS X 10_11_5) AppleWebKit/537.36 (KHTML, like Gecko) Chrome/52.0.2743.75 Safari/537.36"
81.28.143.41 - - [12/Apr/2017:11:48:50 +0200] "GET /gui/javascript/form_form.js?1491990529 HTTP/1.1" 200 16206 "-" "Mozilla/5.0 (Macintosh; Intel Mac OS X 10_11_5) AppleWebKit/537.36 (KHTML, like Gecko) Chrome/52.0.2743.75 Safari/537.36"
81.28.143.41 - - [12/Apr/2017:11:48:50 +0200] "GET /activities/framework/KoolControls/KoolTreeView/styles/default/default.css HTTP/1.1" 200 1099 "-" "Mozilla/5.0 (Macintosh; Intel Mac OS X 10_11_5) AppleWebKit/537.36 (KHTML, like Gecko) Chrome/52.0.2743.75 Safari/537.36"
81.28.143.41 - - [12/Apr/2017:11:48:50 +0200] "GET /activities/framework/KoolControls/KoolTreeView/kooltreeview.php?c7cd9180e88ffef8e70f13526bb4f5f7 HTTP/1.1" 200 5055 "-" "Mozilla/5.0 (Macintosh; Intel Mac OS X 10_11_5) AppleWebKit/537.36 (KHTML, like Gecko) Chrome/52.0.2743.75 Safari/537.36"
81.28.143.41 - - [12/Apr/2017:11:48:50 +0200] "GET /gui/javascript/jquery/js/ui-timepicker-addon.js HTTP/1.1" 200 17574 "-" "Mozilla/5.0 (Macintosh; Intel Mac OS X 10_11_5) AppleWebKit/537.36 (KHTML, like Gecko) Chrome/52.0.2743.75 Safari/537.36"
81.28.143.41 - - [12/Apr/2017:11:48:50 +0200] "GET /gui/images/icons/disabled_lupe.gif HTTP/1.1" 200 322 "-" "Mozilla/5.0 (Macintosh; Intel Mac OS X 10_11_5) AppleWebKit/537.36 (KHTML, like Gecko) Chrome/52.0.2743.75 Safari/537.36"
81.28.143.41 - - [12/Apr/2017:11:48:50 +0200] "GET /activities/framework/fwx_trans.gif HTTP/1.1" 200 43 "-" "Mozilla/5.0 (Macintosh; Intel Mac OS X 10_11_5) AppleWebKit/537.36 (KHTML, like Gecko) Chrome/52.0.2743.75 Safari/537.36"
81.28.143.41 - - [12/Apr/2017:11:48:50 +0200] "GET /gui/images/icons/disabled_wizard.png HTTP/1.1" 200 658 "-" "Mozilla/5.0 (Macintosh; Intel Mac OS X 10_11_5) AppleWebKit/537.36 (KHTML, like Gecko) Chrome/52.0.2743.75 Safari/537.36"
81.28.143.41 - - [12/Apr/2017:11:48:50 +0200] "GET /gui/images/icons/edit.gif HTTP/1.1" 200 384 "-" "Mozilla/5.0 (Macintosh; Intel Mac OS X 10_11_5) AppleWebKit/537.36 (KHTML, like Gecko) Chrome/52.0.2743.75 Safari/537.36"
81.28.143.41 - - [12/Apr/2017:11:48:51 +0200] "GET /gui/images/icons/disabled_calendar.png HTTP/1.1" 200 640 "-" "Mozilla/5.0 (Macintosh; Intel Mac OS X 10_11_5) AppleWebKit/537.36 (KHTML, like Gecko) Chrome/52.0.2743.75 Safari/537.36"
81.28.143.41 - - [12/Apr/2017:11:48:51 +0200] "GET /activities/framework/KoolControls/KoolTreeView/styles/default/L.gif HTTP/1.1" 200 67 "-" "Mozilla/5.0 (Macintosh; Intel Mac OS X 10_11_5) AppleWebKit/537.36 (KHTML, like Gecko) Chrome/52.0.2743.75 Safari/537.36"
81.28.143.41 - - [12/Apr/2017:11:48:51 +0200] "GET /activities/framework/KoolControls/KoolTreeView/styles/default/pm.gif HTTP/1.1" 200 214 "-" "Mozilla/5.0 (Macintosh; Intel Mac OS X 10_11_5) AppleWebKit/537.36 (KHTML, like Gecko) Chrome/52.0.2743.75 Safari/537.36"
81.28.143.41 - - [12/Apr/2017:11:48:51 +0200] "GET /entry.php?id=11618&&object=&item=&emu_class= HTTP/1.1" 200 1697 "-" "Mozilla/5.0 (Macintosh; Intel Mac OS X 10_11_5) AppleWebKit/537.36 (KHTML, like Gecko) Chrome/52.0.2743.75 Safari/537.36"
81.28.143.41 - - [12/Apr/2017:11:48:51 +0200] "GET /activities/framework/KoolControls/KoolTreeView/styles/default/v.gif HTTP/1.1" 200 1940 "-" "Mozilla/5.0 (Macintosh; Intel Mac OS X 10_11_5) AppleWebKit/537.36 (KHTML, like Gecko) Chrome/52.0.2743.75 Safari/537.36"
81.28.143.41 - - [12/Apr/2017:11:48:51 +0200] "GET /activities/framework/KoolControls/KoolTreeView/styles/default/horizon.gif HTTP/1.1" 200 844 "-" "Mozilla/5.0 (Macintosh; Intel Mac OS X 10_11_5) AppleWebKit/537.36 (KHTML, like Gecko) Chrome/52.0.2743.75 Safari/537.36"
81.28.143.41 - - [12/Apr/2017:11:48:51 +0200] "GET /activities/framework/KoolControls/KoolTreeView/styles/default/mid.gif HTTP/1.1" 200 71 "-" "Mozilla/5.0 (Macintosh; Intel Mac OS X 10_11_5) AppleWebKit/537.36 (KHTML, like Gecko) Chrome/52.0.2743.75 Safari/537.36"
80.123.94.70 - - [12/Apr/2017:11:48:51 +0200] "GET /entry.php?id=10271&&ser=990471 HTTP/1.1" 200 987 "http://ed.activities.at/entry.php?id=10271&UIN=c38bc77212202140b4df67b67cc2a18f" "Mozilla/5.0 (Windows NT 10.0; WOW64) AppleWebKit/537.36 (KHTML, like Gecko) Chrome/57.0.2987.133 Safari/537.36"
80.123.94.70 - - [12/Apr/2017:11:48:52 +0200] "GET /gui/javascript/form_form.js?1491990532 HTTP/1.1" 200 16206 "http://ed.activities.at/entry.php?id=10271&&ser=990471" "Mozilla/5.0 (Windows NT 10.0; WOW64) AppleWebKit/537.36 (KHTML, like Gecko) Chrome/57.0.2987.133 Safari/537.36"
81.28.143.41 - - [12/Apr/2017:11:48:51 +0200] "POST /entry.php?id=11677 HTTP/1.1" 200 4426 "-" "Mozilla/5.0 (Macintosh; Intel Mac OS X 10_11_5) AppleWebKit/537.36 (KHTML, like Gecko) Chrome/52.0.2743.75 Safari/537.36"
81.28.143.41 - - [12/Apr/2017:11:48:53 +0200] "GET /gui/javascript/form_form.js?1491990532 HTTP/1.1" 200 16206 "-" "Mozilla/5.0 (Macintosh; Intel Mac OS X 10_11_5) AppleWebKit/537.36 (KHTML, like Gecko) Chrome/52.0.2743.75 Safari/537.36"
81.28.143.41 - - [12/Apr/2017:11:48:53 +0200] "GET /gui/images/icons/wizard.png HTTP/1.1" 200 724 "-" "Mozilla/5.0 (Macintosh; Intel Mac OS X 10_11_5) AppleWebKit/537.36 (KHTML, like Gecko) Chrome/52.0.2743.75 Safari/537.36"
212.108.43.59 - - [12/Apr/2017:11:49:01 +0200] "GET /entry.php?id=10271&&ser=990481 HTTP/1.1" 200 987 "http://ed.activities.at/entry.php?id=10271&&ser=990420" "Mozilla/5.0 (Windows NT 10.0; Win64; x64) AppleWebKit/537.36 (KHTML, like Gecko) Chrome/57.0.2987.133 Safari/537.36"
212.108.43.59 - - [12/Apr/2017:11:49:02 +0200] "GET /gui/javascript/form_form.js?1491990542 HTTP/1.1" 200 16206 "http://ed.activities.at/entry.php?id=10271&&ser=990481" "Mozilla/5.0 (Windows NT 10.0; Win64; x64) AppleWebKit/537.36 (KHTML, like Gecko) Chrome/57.0.2987.133 Safari/537.36"
81.28.143.41 - - [12/Apr/2017:11:49:33 +0200] "GET /entry.php?id=10271&&ser=990511 HTTP/1.1" 200 987 "-" "Mozilla/5.0 (Macintosh; Intel Mac OS X 10_11_5) AppleWebKit/537.36 (KHTML, like Gecko) Chrome/52.0.2743.75 Safari/537.36"
81.28.143.41 - - [12/Apr/2017:11:49:34 +0200] "GET /gui/javascript/form_form.js?1491990573 HTTP/1.1" 200 16206 "-" "Mozilla/5.0 (Macintosh; Intel Mac OS X 10_11_5) AppleWebKit/537.36 (KHTML, like Gecko) Chrome/52.0.2743.75 Safari/537.36"
81.28.143.41 - - [12/Apr/2017:11:49:39 +0200] "POST /entry.php?id=11677 HTTP/1.1" 200 5094 "-" "Mozilla/5.0 (Macintosh; Intel Mac OS X 10_11_5) AppleWebKit/537.36 (KHTML, like Gecko) Chrome/52.0.2743.75 Safari/537.36"
81.28.143.41 - - [12/Apr/2017:11:49:41 +0200] "GET /gui/javascript/form_form.js?1491990580 HTTP/1.1" 200 16206 "-" "Mozilla/5.0 (Macintosh; Intel Mac OS X 10_11_5) AppleWebKit/537.36 (KHTML, like Gecko) Chrome/52.0.2743.75 Safari/537.36"
81.28.143.41 - - [12/Apr/2017:11:49:41 +0200] "GET /gui/images/icons/lupe.gif HTTP/1.1" 200 324 "-" "Mozilla/5.0 (Macintosh; Intel Mac OS X 10_11_5) AppleWebKit/537.36 (KHTML, like Gecko) Chrome/52.0.2743.75 Safari/537.36"
81.28.143.41 - - [12/Apr/2017:11:49:41 +0200] "GET /gui/images/icons/calendar.png HTTP/1.1" 200 675 "-" "Mozilla/5.0 (Macintosh; Intel Mac OS X 10_11_5) AppleWebKit/537.36 (KHTML, like Gecko) Chrome/52.0.2743.75 Safari/537.36"
212.108.43.59 - - [12/Apr/2017:11:49:43 +0200] "GET /entry.php?id=10271&&ser=990523 HTTP/1.1" 200 987 "http://ed.activities.at/entry.php?id=10271&&ser=990462" "Mozilla/5.0 (Windows NT 10.0; Win64; x64) AppleWebKit/537.36 (KHTML, like Gecko) Chrome/57.0.2987.133 Safari/537.36"
212.108.43.59 - - [12/Apr/2017:11:49:43 +0200] "GET /gui/javascript/form_form.js?1491990583 HTTP/1.1" 200 16206 "http://ed.activities.at/entry.php?id=10271&&ser=990523" "Mozilla/5.0 (Windows NT 10.0; Win64; x64) AppleWebKit/537.36 (KHTML, like Gecko) Chrome/57.0.2987.133 Safari/537.36"
81.28.143.41 - - [12/Apr/2017:11:49:51 +0200] "GET /gui/javascript/jquery/css/gui-themes/images/ui-bg_flat_100_808080_40x100.png HTTP/1.1" 200 209 "-" "Mozilla/5.0 (Macintosh; Intel Mac OS X 10_11_5) AppleWebKit/537.36 (KHTML, like Gecko) Chrome/52.0.2743.75 Safari/537.36"
81.28.143.41 - - [12/Apr/2017:11:49:52 +0200] "GET /gui/javascript/jquery/css/gui-themes/images/ui-bg_flat_90_eeeeee_40x100.png HTTP/1.1" 200 180 "-" "Mozilla/5.0 (Macintosh; Intel Mac OS X 10_11_5) AppleWebKit/537.36 (KHTML, like Gecko) Chrome/52.0.2743.75 Safari/537.36"
81.28.143.41 - - [12/Apr/2017:11:49:52 +0200] "GET /gui/javascript/jquery/css/gui-themes/images/ui-icons_ffffff_256x240_ev.png HTTP/1.1" 200 6912 "-" "Mozilla/5.0 (Macintosh; Intel Mac OS X 10_11_5) AppleWebKit/537.36 (KHTML, like Gecko) Chrome/52.0.2743.75 Safari/537.36"
81.28.143.41 - - [12/Apr/2017:11:49:51 +0200] "GET /gui/javascript/jquery/css/gui-themes/images/ui-icons_72a7cf_256x240_ev.png HTTP/1.1" 200 6036 "-" "Mozilla/5.0 (Macintosh; Intel Mac OS X 10_11_5) AppleWebKit/537.36 (KHTML, like Gecko) Chrome/52.0.2743.75 Safari/537.36"
81.28.143.41 - - [12/Apr/2017:11:49:51 +0200] "GET /entry.php?id=11681&chooserview=addnewmenueitem&hidetitle=true HTTP/1.1" 200 340 "-" "Mozilla/5.0 (Macintosh; Intel Mac OS X 10_11_5) AppleWebKit/537.36 (KHTML, like Gecko) Chrome/52.0.2743.75 Safari/537.36"
80.123.94.70 - - [12/Apr/2017:11:49:52 +0200] "GET /entry.php?id=10271&&ser=990532 HTTP/1.1" 200 987 "http://ed.activities.at/entry.php?id=10271&&ser=990471" "Mozilla/5.0 (Windows NT 10.0; WOW64) AppleWebKit/537.36 (KHTML, like Gecko) Chrome/57.0.2987.133 Safari/537.36"
80.123.94.70 - - [12/Apr/2017:11:49:52 +0200] "GET /gui/javascript/form_form.js?1491990592 HTTP/1.1" 200 16206 "http://ed.activities.at/entry.php?id=10271&&ser=990532" "Mozilla/5.0 (Windows NT 10.0; WOW64) AppleWebKit/537.36 (KHTML, like Gecko) Chrome/57.0.2987.133 Safari/537.36"
81.28.143.41 - - [12/Apr/2017:11:49:52 +0200] "GET /entry.php?id=11683&chooserview=addnewmenueitem&object=& HTTP/1.1" 200 2952 "-" "Mozilla/5.0 (Macintosh; Intel Mac OS X 10_11_5) AppleWebKit/537.36 (KHTML, like Gecko) Chrome/52.0.2743.75 Safari/537.36"
81.28.143.41 - - [12/Apr/2017:11:49:52 +0200] "GET /entry.php?id=11684&chooserview=addnewmenueitem&object=& HTTP/1.1" 200 3831 "-" "Mozilla/5.0 (Macintosh; Intel Mac OS X 10_11_5) AppleWebKit/537.36 (KHTML, like Gecko) Chrome/52.0.2743.75 Safari/537.36"
81.28.143.41 - - [12/Apr/2017:11:49:53 +0200] "GET /gui/javascript/form_ed_training_course.js HTTP/1.1" 200 1951 "-" "Mozilla/5.0 (Macintosh; Intel Mac OS X 10_11_5) AppleWebKit/537.36 (KHTML, like Gecko) Chrome/52.0.2743.75 Safari/537.36"
81.28.143.41 - - [12/Apr/2017:11:49:53 +0200] "GET /gui/javascript/form_form.js?1491990593 HTTP/1.1" 200 16206 "-" "Mozilla/5.0 (Macintosh; Intel Mac OS X 10_11_5) AppleWebKit/537.36 (KHTML, like Gecko) Chrome/52.0.2743.75 Safari/537.36"
81.28.143.41 - - [12/Apr/2017:11:49:53 +0200] "GET /framework/webfx/javascript/scrolltable/scrolltableIframe.js HTTP/1.1" 200 9641 "-" "Mozilla/5.0 (Macintosh; Intel Mac OS X 10_11_5) AppleWebKit/537.36 (KHTML, like Gecko) Chrome/52.0.2743.75 Safari/537.36"
81.28.143.41 - - [12/Apr/2017:11:49:53 +0200] "GET /gui/images/icons/ajax_loading.gif HTTP/1.1" 200 1542 "-" "Mozilla/5.0 (Macintosh; Intel Mac OS X 10_11_5) AppleWebKit/537.36 (KHTML, like Gecko) Chrome/52.0.2743.75 Safari/537.36"
81.28.143.41 - - [12/Apr/2017:11:49:54 +0200] "GET /gui/images/icons/disabled_delete.gif HTTP/1.1" 200 86 "-" "Mozilla/5.0 (Macintosh; Intel Mac OS X 10_11_5) AppleWebKit/537.36 (KHTML, like Gecko) Chrome/52.0.2743.75 Safari/537.36"
81.28.143.41 - - [12/Apr/2017:11:49:54 +0200] "GET /gui/images/icons/information.gif HTTP/1.1" 200 1025 "-" "Mozilla/5.0 (Macintosh; Intel Mac OS X 10_11_5) AppleWebKit/537.36 (KHTML, like Gecko) Chrome/52.0.2743.75 Safari/537.36"
81.28.143.41 - - [12/Apr/2017:11:49:54 +0200] "GET /entry.php?id=10778&form=11508&name=list& HTTP/1.1" 200 3266 "-" "Mozilla/5.0 (Macintosh; Intel Mac OS X 10_11_5) AppleWebKit/537.36 (KHTML, like Gecko) Chrome/52.0.2743.75 Safari/537.36"
81.28.143.41 - - [12/Apr/2017:11:49:54 +0200] "GET /entry.php?id=10776&form=11508&name=list& HTTP/1.1" 200 1808 "-" "Mozilla/5.0 (Macintosh; Intel Mac OS X 10_11_5) AppleWebKit/537.36 (KHTML, like Gecko) Chrome/52.0.2743.75 Safari/537.36"
81.28.143.41 - - [12/Apr/2017:11:49:55 +0200] "GET /framework/icons/fwx_trans.gif HTTP/1.1" 200 43 "-" "Mozilla/5.0 (Macintosh; Intel Mac OS X 10_11_5) AppleWebKit/537.36 (KHTML, like Gecko) Chrome/52.0.2743.75 Safari/537.36"
81.28.143.41 - - [12/Apr/2017:11:49:55 +0200] "GET /framework/icons/sortUp.gif HTTP/1.1" 200 53 "-" "Mozilla/5.0 (Macintosh; Intel Mac OS X 10_11_5) AppleWebKit/537.36 (KHTML, like Gecko) Chrome/52.0.2743.75 Safari/537.36"
81.28.143.41 - - [12/Apr/2017:11:49:55 +0200] "GET /gui/images/icons/filter_on.gif HTTP/1.1" 200 316 "-" "Mozilla/5.0 (Macintosh; Intel Mac OS X 10_11_5) AppleWebKit/537.36 (KHTML, like Gecko) Chrome/52.0.2743.75 Safari/537.36"
80.123.94.70 - - [12/Apr/2017:11:49:55 +0200] "POST /entry.php?id=11676 HTTP/1.1" 200 4655 "http://ed.activities.at/entry.php?id=11676" "Mozilla/5.0 (Windows NT 10.0; WOW64) AppleWebKit/537.36 (KHTML, like Gecko) Chrome/57.0.2987.133 Safari/537.36"
80.123.94.70 - - [12/Apr/2017:11:49:56 +0200] "GET /cache/emu/images/easy-drivers-ybbs10244068/jetztanmeldenjpg_266_150_0.jpg HTTP/1.1" 304 - "http://ed.activities.at/entry.php?id=11676" "Mozilla/5.0 (Windows NT 10.0; WOW64) AppleWebKit/537.36 (KHTML, like Gecko) Chrome/57.0.2987.133 Safari/537.36"
80.123.94.70 - - [12/Apr/2017:11:49:56 +0200] "GET /gui/javascript/form_form.js?1491990596 HTTP/1.1" 200 16206 "http://ed.activities.at/entry.php?id=11676" "Mozilla/5.0 (Windows NT 10.0; WOW64) AppleWebKit/537.36 (KHTML, like Gecko) Chrome/57.0.2987.133 Safari/537.36"
81.28.143.41 - - [12/Apr/2017:11:50:02 +0200] "GET /framework/icons/rowselect.gif HTTP/1.1" 200 67 "-" "Mozilla/5.0 (Macintosh; Intel Mac OS X 10_11_5) AppleWebKit/537.36 (KHTML, like Gecko) Chrome/52.0.2743.75 Safari/537.36"
212.108.43.59 - - [12/Apr/2017:11:50:02 +0200] "GET /entry.php?id=10271&&ser=990542 HTTP/1.1" 200 987 "http://ed.activities.at/entry.php?id=10271&&ser=990481" "Mozilla/5.0 (Windows NT 10.0; Win64; x64) AppleWebKit/537.36 (KHTML, like Gecko) Chrome/57.0.2987.133 Safari/537.36"
212.108.43.59 - - [12/Apr/2017:11:50:03 +0200] "GET /gui/javascript/form_form.js?1491990603 HTTP/1.1" 200 16206 "http://ed.activities.at/entry.php?id=10271&&ser=990542" "Mozilla/5.0 (Windows NT 10.0; Win64; x64) AppleWebKit/537.36 (KHTML, like Gecko) Chrome/57.0.2987.133 Safari/537.36"
81.28.143.41 - - [12/Apr/2017:11:50:07 +0200] "GET /entry.php?id=11681 HTTP/1.1" 200 328 "-" "Mozilla/5.0 (Macintosh; Intel Mac OS X 10_11_5) AppleWebKit/537.36 (KHTML, like Gecko) Chrome/52.0.2743.75 Safari/537.36"
81.28.143.41 - - [12/Apr/2017:11:50:08 +0200] "GET /entry.php?id=10676&&title=Contentverwaltung HTTP/1.1" 200 1391 "-" "Mozilla/5.0 (Macintosh; Intel Mac OS X 10_11_5) AppleWebKit/537.36 (KHTML, like Gecko) Chrome/52.0.2743.75 Safari/537.36"
81.28.143.41 - - [12/Apr/2017:11:50:08 +0200] "GET /entry.php?id=11683& HTTP/1.1" 200 2681 "-" "Mozilla/5.0 (Macintosh; Intel Mac OS X 10_11_5) AppleWebKit/537.36 (KHTML, like Gecko) Chrome/52.0.2743.75 Safari/537.36"
81.28.143.41 - - [12/Apr/2017:11:50:08 +0200] "GET /entry.php?id=11684& HTTP/1.1" 200 3806 "-" "Mozilla/5.0 (Macintosh; Intel Mac OS X 10_11_5) AppleWebKit/537.36 (KHTML, like Gecko) Chrome/52.0.2743.75 Safari/537.36"
81.28.143.41 - - [12/Apr/2017:11:50:09 +0200] "GET /gui/javascript/form_form.js?1491990608 HTTP/1.1" 200 16206 "-" "Mozilla/5.0 (Macintosh; Intel Mac OS X 10_11_5) AppleWebKit/537.36 (KHTML, like Gecko) Chrome/52.0.2743.75 Safari/537.36"
81.28.143.41 - - [12/Apr/2017:11:50:10 +0200] "GET /gui/javascript/form_form.js?1491990609 HTTP/1.1" 200 16206 "-" "Mozilla/5.0 (Macintosh; Intel Mac OS X 10_11_5) AppleWebKit/537.36 (KHTML, like Gecko) Chrome/52.0.2743.75 Safari/537.36"
81.28.143.41 - - [12/Apr/2017:11:50:10 +0200] "GET /gui/images/icons/disabled_information.gif HTTP/1.1" 200 624 "-" "Mozilla/5.0 (Macintosh; Intel Mac OS X 10_11_5) AppleWebKit/537.36 (KHTML, like Gecko) Chrome/52.0.2743.75 Safari/537.36"
81.28.143.41 - - [12/Apr/2017:11:50:10 +0200] "GET /entry.php?id=10776&form=11508&name=list& HTTP/1.1" 200 1894 "-" "Mozilla/5.0 (Macintosh; Intel Mac OS X 10_11_5) AppleWebKit/537.36 (KHTML, like Gecko) Chrome/52.0.2743.75 Safari/537.36"
81.28.143.41 - - [12/Apr/2017:11:50:10 +0200] "GET /entry.php?id=10778&form=11508&name=list& HTTP/1.1" 200 3355 "-" "Mozilla/5.0 (Macintosh; Intel Mac OS X 10_11_5) AppleWebKit/537.36 (KHTML, like Gecko) Chrome/52.0.2743.75 Safari/537.36"
81.28.143.41 - - [12/Apr/2017:11:50:12 +0200] "GET /gui/images/icons/disable_light.gif HTTP/1.1" 200 616 "-" "Mozilla/5.0 (Macintosh; Intel Mac OS X 10_11_5) AppleWebKit/537.36 (KHTML, like Gecko) Chrome/52.0.2743.75 Safari/537.36"
81.28.143.41 - - [12/Apr/2017:11:50:12 +0200] "GET /gui/images/icons/note_msg_icon.gif HTTP/1.1" 200 1022 "-" "Mozilla/5.0 (Macintosh; Intel Mac OS X 10_11_5) AppleWebKit/537.36 (KHTML, like Gecko) Chrome/52.0.2743.75 Safari/537.36"
81.28.143.41 - - [12/Apr/2017:11:50:15 +0200] "POST /entry.php?id=11684 HTTP/1.1" 200 3956 "-" "Mozilla/5.0 (Macintosh; Intel Mac OS X 10_11_5) AppleWebKit/537.36 (KHTML, like Gecko) Chrome/52.0.2743.75 Safari/537.36"
81.28.143.41 - - [12/Apr/2017:11:50:16 +0200] "GET /gui/javascript/form_form.js?1491990615 HTTP/1.1" 200 16206 "-" "Mozilla/5.0 (Macintosh; Intel Mac OS X 10_11_5) AppleWebKit/537.36 (KHTML, like Gecko) Chrome/52.0.2743.75 Safari/537.36"
81.28.143.41 - - [12/Apr/2017:11:50:30 +0200] "POST /entry.php?id=11684 HTTP/1.1" 200 3784 "-" "Mozilla/5.0 (Macintosh; Intel Mac OS X 10_11_5) AppleWebKit/537.36 (KHTML, like Gecko) Chrome/52.0.2743.75 Safari/537.36"
81.28.143.41 - - [12/Apr/2017:11:50:31 +0200] "GET /gui/javascript/form_form.js?1491990630 HTTP/1.1" 200 16206 "-" "Mozilla/5.0 (Macintosh; Intel Mac OS X 10_11_5) AppleWebKit/537.36 (KHTML, like Gecko) Chrome/52.0.2743.75 Safari/537.36"
81.28.143.41 - - [12/Apr/2017:11:50:34 +0200] "POST /entry.php?id=11684 HTTP/1.1" 200 3804 "-" "Mozilla/5.0 (Macintosh; Intel Mac OS X 10_11_5) AppleWebKit/537.36 (KHTML, like Gecko) Chrome/52.0.2743.75 Safari/537.36"
81.28.143.41 - - [12/Apr/2017:11:50:34 +0200] "GET /entry.php?id=10271&&ser=990573 HTTP/1.1" 200 987 "-" "Mozilla/5.0 (Macintosh; Intel Mac OS X 10_11_5) AppleWebKit/537.36 (KHTML, like Gecko) Chrome/52.0.2743.75 Safari/537.36"
81.28.143.41 - - [12/Apr/2017:11:50:35 +0200] "GET /gui/javascript/form_form.js?1491990634 HTTP/1.1" 200 16206 "-" "Mozilla/5.0 (Macintosh; Intel Mac OS X 10_11_5) AppleWebKit/537.36 (KHTML, like Gecko) Chrome/52.0.2743.75 Safari/537.36"
81.28.143.41 - - [12/Apr/2017:11:50:37 +0200] "POST /entry.php?id=11684 HTTP/1.1" 200 3956 "-" "Mozilla/5.0 (Macintosh; Intel Mac OS X 10_11_5) AppleWebKit/537.36 (KHTML, like Gecko) Chrome/52.0.2743.75 Safari/537.36"
81.28.143.41 - - [12/Apr/2017:11:50:39 +0200] "GET /gui/javascript/form_form.js?1491990638 HTTP/1.1" 200 16206 "-" "Mozilla/5.0 (Macintosh; Intel Mac OS X 10_11_5) AppleWebKit/537.36 (KHTML, like Gecko) Chrome/52.0.2743.75 Safari/537.36"
212.108.43.59 - - [12/Apr/2017:11:50:43 +0200] "GET /entry.php?id=10271&&ser=990583 HTTP/1.1" 200 987 "http://ed.activities.at/entry.php?id=10271&&ser=990523" "Mozilla/5.0 (Windows NT 10.0; Win64; x64) AppleWebKit/537.36 (KHTML, like Gecko) Chrome/57.0.2987.133 Safari/537.36"
212.108.43.59 - - [12/Apr/2017:11:50:43 +0200] "GET /gui/javascript/form_form.js?1491990643 HTTP/1.1" 200 16206 "http://ed.activities.at/entry.php?id=10271&&ser=990583" "Mozilla/5.0 (Windows NT 10.0; Win64; x64) AppleWebKit/537.36 (KHTML, like Gecko) Chrome/57.0.2987.133 Safari/537.36"
81.28.143.41 - - [12/Apr/2017:11:50:44 +0200] "POST /entry.php?id=11684 HTTP/1.1" 200 3055 "-" "Mozilla/5.0 (Macintosh; Intel Mac OS X 10_11_5) AppleWebKit/537.36 (KHTML, like Gecko) Chrome/52.0.2743.75 Safari/537.36"
81.28.143.41 - - [12/Apr/2017:11:50:45 +0200] "GET /framework/webfx/javascript/tinymce/tinyEdit.js HTTP/1.1" 200 1251 "-" "Mozilla/5.0 (Macintosh; Intel Mac OS X 10_11_5) AppleWebKit/537.36 (KHTML, like Gecko) Chrome/52.0.2743.75 Safari/537.36"
81.28.143.41 - - [12/Apr/2017:11:50:45 +0200] "GET /gui/javascript/form_form.js?1491990644 HTTP/1.1" 200 16206 "-" "Mozilla/5.0 (Macintosh; Intel Mac OS X 10_11_5) AppleWebKit/537.36 (KHTML, like Gecko) Chrome/52.0.2743.75 Safari/537.36"
81.28.143.41 - - [12/Apr/2017:11:50:45 +0200] "GET /framework/webfx/javascript/tinymce/tinymce.min.js HTTP/1.1" 200 101898 "-" "Mozilla/5.0 (Macintosh; Intel Mac OS X 10_11_5) AppleWebKit/537.36 (KHTML, like Gecko) Chrome/52.0.2743.75 Safari/537.36"
81.28.143.41 - - [12/Apr/2017:11:50:47 +0200] "GET /framework/webfx/javascript/tinymce/langs/de.js HTTP/1.1" 200 3001 "-" "Mozilla/5.0 (Macintosh; Intel Mac OS X 10_11_5) AppleWebKit/537.36 (KHTML, like Gecko) Chrome/52.0.2743.75 Safari/537.36"
81.28.143.41 - - [12/Apr/2017:11:50:47 +0200] "GET /framework/webfx/javascript/tinymce/themes/modern/theme.min.js HTTP/1.1" 200 2636 "-" "Mozilla/5.0 (Macintosh; Intel Mac OS X 10_11_5) AppleWebKit/537.36 (KHTML, like Gecko) Chrome/52.0.2743.75 Safari/537.36"
81.28.143.41 - - [12/Apr/2017:11:50:47 +0200] "GET /framework/webfx/javascript/tinymce/plugins/lists/plugin.min.js HTTP/1.1" 200 2642 "-" "Mozilla/5.0 (Macintosh; Intel Mac OS X 10_11_5) AppleWebKit/537.36 (KHTML, like Gecko) Chrome/52.0.2743.75 Safari/537.36"
81.28.143.41 - - [12/Apr/2017:11:50:47 +0200] "GET /framework/webfx/javascript/tinymce/plugins/advlist/plugin.min.js HTTP/1.1" 200 613 "-" "Mozilla/5.0 (Macintosh; Intel Mac OS X 10_11_5) AppleWebKit/537.36 (KHTML, like Gecko) Chrome/52.0.2743.75 Safari/537.36"
81.28.143.41 - - [12/Apr/2017:11:50:47 +0200] "GET /framework/webfx/javascript/tinymce/plugins/preview/plugin.min.js HTTP/1.1" 200 734 "-" "Mozilla/5.0 (Macintosh; Intel Mac OS X 10_11_5) AppleWebKit/537.36 (KHTML, like Gecko) Chrome/52.0.2743.75 Safari/537.36"
81.28.143.41 - - [12/Apr/2017:11:50:47 +0200] "GET /framework/webfx/javascript/tinymce/plugins/hr/plugin.min.js HTTP/1.1" 200 191 "-" "Mozilla/5.0 (Macintosh; Intel Mac OS X 10_11_5) AppleWebKit/537.36 (KHTML, like Gecko) Chrome/52.0.2743.75 Safari/537.36"
81.28.143.41 - - [12/Apr/2017:11:50:47 +0200] "GET /framework/webfx/javascript/tinymce/plugins/anchor/plugin.min.js HTTP/1.1" 200 338 "-" "Mozilla/5.0 (Macintosh; Intel Mac OS X 10_11_5) AppleWebKit/537.36 (KHTML, like Gecko) Chrome/52.0.2743.75 Safari/537.36"
81.28.143.41 - - [12/Apr/2017:11:50:47 +0200] "GET /framework/webfx/javascript/tinymce/plugins/pagebreak/plugin.min.js HTTP/1.1" 200 636 "-" "Mozilla/5.0 (Macintosh; Intel Mac OS X 10_11_5) AppleWebKit/537.36 (KHTML, like Gecko) Chrome/52.0.2743.75 Safari/537.36"
81.28.143.41 - - [12/Apr/2017:11:50:47 +0200] "GET /framework/webfx/javascript/tinymce/plugins/searchreplace/plugin.min.js HTTP/1.1" 200 2568 "-" "Mozilla/5.0 (Macintosh; Intel Mac OS X 10_11_5) AppleWebKit/537.36 (KHTML, like Gecko) Chrome/52.0.2743.75 Safari/537.36"
81.28.143.41 - - [12/Apr/2017:11:50:47 +0200] "GET /framework/webfx/javascript/tinymce/plugins/wordcount/plugin.min.js HTTP/1.1" 200 524 "-" "Mozilla/5.0 (Macintosh; Intel Mac OS X 10_11_5) AppleWebKit/537.36 (KHTML, like Gecko) Chrome/52.0.2743.75 Safari/537.36"
81.28.143.41 - - [12/Apr/2017:11:50:47 +0200] "GET /framework/webfx/javascript/tinymce/plugins/visualblocks/plugin.min.js HTTP/1.1" 200 523 "-" "Mozilla/5.0 (Macintosh; Intel Mac OS X 10_11_5) AppleWebKit/537.36 (KHTML, like Gecko) Chrome/52.0.2743.75 Safari/537.36"
81.28.143.41 - - [12/Apr/2017:11:50:47 +0200] "GET /framework/webfx/javascript/tinymce/plugins/visualchars/plugin.min.js HTTP/1.1" 200 602 "-" "Mozilla/5.0 (Macintosh; Intel Mac OS X 10_11_5) AppleWebKit/537.36 (KHTML, like Gecko) Chrome/52.0.2743.75 Safari/537.36"
81.28.143.41 - - [12/Apr/2017:11:50:47 +0200] "GET /framework/webfx/javascript/tinymce/plugins/nonbreaking/plugin.min.js HTTP/1.1" 200 371 "-" "Mozilla/5.0 (Macintosh; Intel Mac OS X 10_11_5) AppleWebKit/537.36 (KHTML, like Gecko) Chrome/52.0.2743.75 Safari/537.36"
81.28.143.41 - - [12/Apr/2017:11:50:47 +0200] "GET /framework/webfx/javascript/tinymce/plugins/contextmenu/plugin.min.js HTTP/1.1" 200 542 "-" "Mozilla/5.0 (Macintosh; Intel Mac OS X 10_11_5) AppleWebKit/537.36 (KHTML, like Gecko) Chrome/52.0.2743.75 Safari/537.36"
81.28.143.41 - - [12/Apr/2017:11:50:47 +0200] "GET /framework/webfx/javascript/tinymce/plugins/template/plugin.min.js HTTP/1.1" 200 1703 "-" "Mozilla/5.0 (Macintosh; Intel Mac OS X 10_11_5) AppleWebKit/537.36 (KHTML, like Gecko) Chrome/52.0.2743.75 Safari/537.36"
81.28.143.41 - - [12/Apr/2017:11:50:47 +0200] "GET /framework/webfx/javascript/tinymce/plugins/textcolor/plugin.min.js HTTP/1.1" 200 1636 "-" "Mozilla/5.0 (Macintosh; Intel Mac OS X 10_11_5) AppleWebKit/537.36 (KHTML, like Gecko) Chrome/52.0.2743.75 Safari/537.36"
81.28.143.41 - - [12/Apr/2017:11:50:47 +0200] "GET /framework/webfx/javascript/tinymce/plugins/paste/plugin.min.js HTTP/1.1" 200 6164 "-" "Mozilla/5.0 (Macintosh; Intel Mac OS X 10_11_5) AppleWebKit/537.36 (KHTML, like Gecko) Chrome/52.0.2743.75 Safari/537.36"
81.28.143.41 - - [12/Apr/2017:11:50:47 +0200] "GET /framework/webfx/javascript/tinymce/plugins/colorpicker/plugin.min.js HTTP/1.1" 200 613 "-" "Mozilla/5.0 (Macintosh; Intel Mac OS X 10_11_5) AppleWebKit/537.36 (KHTML, like Gecko) Chrome/52.0.2743.75 Safari/537.36"
81.28.143.41 - - [12/Apr/2017:11:50:47 +0200] "GET /framework/webfx/javascript/tinymce/plugins/image/plugin.min.js HTTP/1.1" 200 2240 "-" "Mozilla/5.0 (Macintosh; Intel Mac OS X 10_11_5) AppleWebKit/537.36 (KHTML, like Gecko) Chrome/52.0.2743.75 Safari/537.36"
81.28.143.41 - - [12/Apr/2017:11:50:47 +0200] "GET /framework/webfx/javascript/tinymce/plugins/link/plugin.min.js HTTP/1.1" 200 1939 "-" "Mozilla/5.0 (Macintosh; Intel Mac OS X 10_11_5) AppleWebKit/537.36 (KHTML, like Gecko) Chrome/52.0.2743.75 Safari/537.36"
81.28.143.41 - - [12/Apr/2017:11:50:47 +0200] "GET /framework/webfx/javascript/tinymce/skins/lightgray/content.min.css HTTP/1.1" 404 327 "-" "Mozilla/5.0 (Macintosh; Intel Mac OS X 10_11_5) AppleWebKit/537.36 (KHTML, like Gecko) Chrome/52.0.2743.75 Safari/537.36"
81.28.143.41 - - [12/Apr/2017:11:50:47 +0200] "GET /framework/webfx/javascript/tinymce/skins/lightgray/skin.min.css HTTP/1.1" 200 6110 "-" "Mozilla/5.0 (Macintosh; Intel Mac OS X 10_11_5) AppleWebKit/537.36 (KHTML, like Gecko) Chrome/52.0.2743.75 Safari/537.36"
81.28.143.41 - - [12/Apr/2017:11:50:48 +0200] "GET /framework/webfx/javascript/tinymce/skins/lightgray/fonts/tinymce-small.woff HTTP/1.1" 200 7848 "-" "Mozilla/5.0 (Macintosh; Intel Mac OS X 10_11_5) AppleWebKit/537.36 (KHTML, like Gecko) Chrome/52.0.2743.75 Safari/537.36"
