80.123.94.70 - - [12/Apr/2017:12:37:34 +0200] "POST /entry.php?id=10919 HTTP/1.1" 200 3434 "http://ed.activities.at/entry.php?id=10919&&view=chooser&but=&object=&class=&tag=&value=&chooserview=addnewboxoffer&function=&setlist=" "Mozilla/5.0 (Windows NT 10.0; WOW64) AppleWebKit/537.36 (KHTML, like Gecko) Chrome/57.0.2987.133 Safari/537.36"
80.123.94.70 - - [12/Apr/2017:12:37:36 +0200] "GET /gui/javascript/form_form.js?1491993456 HTTP/1.1" 200 16206 "http://ed.activities.at/entry.php?id=10919" "Mozilla/5.0 (Windows NT 10.0; WOW64) AppleWebKit/537.36 (KHTML, like Gecko) Chrome/57.0.2987.133 Safari/537.36"
80.123.94.70 - - [12/Apr/2017:12:37:38 +0200] "GET /entry.php?id=10921&chooserview=addnewboxoffer&hidetitle=true HTTP/1.1" 200 350 "http://ed.activities.at/entry.php?id=11412" "Mozilla/5.0 (Windows NT 10.0; WOW64) AppleWebKit/537.36 (KHTML, like Gecko) Chrome/57.0.2987.133 Safari/537.36"
80.123.94.70 - - [12/Apr/2017:12:37:38 +0200] "GET /entry.php?id=10918&&view=chooser&but=&object=&class=&tag=&value=&chooserview=addnewboxoffer&function=&setlist= HTTP/1.1" 200 2412 "http://ed.activities.at/entry.php?id=10921&chooserview=addnewboxoffer&hidetitle=true" "Mozilla/5.0 (Windows NT 10.0; WOW64) AppleWebKit/537.36 (KHTML, like Gecko) Chrome/57.0.2987.133 Safari/537.36"
80.123.94.70 - - [12/Apr/2017:12:37:38 +0200] "GET /gui/javascript/form_form.js?1491993458 HTTP/1.1" 200 16206 "http://ed.activities.at/entry.php?id=10918&&view=chooser&but=&object=&class=&tag=&value=&chooserview=addnewboxoffer&function=&setlist=" "Mozilla/5.0 (Windows NT 10.0; WOW64) AppleWebKit/537.36 (KHTML, like Gecko) Chrome/57.0.2987.133 Safari/537.36"
80.123.94.70 - - [12/Apr/2017:12:37:38 +0200] "GET /entry.php?id=10919&&view=chooser&but=&object=&class=&tag=&value=&chooserview=addnewboxoffer&function=&setlist= HTTP/1.1" 200 3282 "http://ed.activities.at/entry.php?id=10921&chooserview=addnewboxoffer&hidetitle=true" "Mozilla/5.0 (Windows NT 10.0; WOW64) AppleWebKit/537.36 (KHTML, like Gecko) Chrome/57.0.2987.133 Safari/537.36"
80.123.94.70 - - [12/Apr/2017:12:37:38 +0200] "GET /entry.php?id=10776&form=10756&name=list& HTTP/1.1" 200 1461 "http://ed.activities.at/entry.php?id=10918&&view=chooser&but=&object=&class=&tag=&value=&chooserview=addnewboxoffer&function=&setlist=" "Mozilla/5.0 (Windows NT 10.0; WOW64) AppleWebKit/537.36 (KHTML, like Gecko) Chrome/57.0.2987.133 Safari/537.36"
80.123.94.70 - - [12/Apr/2017:12:37:38 +0200] "GET /entry.php?id=10778&form=10756&name=list& HTTP/1.1" 200 3828 "http://ed.activities.at/entry.php?id=10918&&view=chooser&but=&object=&class=&tag=&value=&chooserview=addnewboxoffer&function=&setlist=" "Mozilla/5.0 (Windows NT 10.0; WOW64) AppleWebKit/537.36 (KHTML, like Gecko) Chrome/57.0.2987.133 Safari/537.36"
80.123.94.70 - - [12/Apr/2017:12:37:39 +0200] "GET /entry.php?id=10271&&ser=993399 HTTP/1.1" 200 987 "http://ed.activities.at/entry.php?id=10271&&ser=993338" "Mozilla/5.0 (Windows NT 10.0; WOW64) AppleWebKit/537.36 (KHTML, like Gecko) Chrome/57.0.2987.133 Safari/537.36"
80.123.94.70 - - [12/Apr/2017:12:37:39 +0200] "GET /gui/javascript/form_form.js?1491993459 HTTP/1.1" 200 16206 "http://ed.activities.at/entry.php?id=10271&&ser=993399" "Mozilla/5.0 (Windows NT 10.0; WOW64) AppleWebKit/537.36 (KHTML, like Gecko) Chrome/57.0.2987.133 Safari/537.36"
80.123.94.70 - - [12/Apr/2017:12:37:47 +0200] "GET /entry.php?id=10711&chooserview=image_single&view=boxofferimage HTTP/1.1" 200 1727 "http://ed.activities.at/entry.php?id=11685&object=10230454&site=10201431&item=10221998" "Mozilla/5.0 (Windows NT 10.0; WOW64) AppleWebKit/537.36 (KHTML, like Gecko) Chrome/57.0.2987.133 Safari/537.36"
80.123.94.70 - - [12/Apr/2017:12:37:48 +0200] "GET /gui/javascript/form_form.js?1491993468 HTTP/1.1" 200 16206 "http://ed.activities.at/entry.php?id=10711&chooserview=image_single&view=boxofferimage" "Mozilla/5.0 (Windows NT 10.0; WOW64) AppleWebKit/537.36 (KHTML, like Gecko) Chrome/57.0.2987.133 Safari/537.36"
80.123.94.70 - - [12/Apr/2017:12:37:48 +0200] "GET /entry.php?id=10676&title=Ressourcenverwaltung HTTP/1.1" 200 1397 "http://ed.activities.at/entry.php?id=10711&chooserview=image_single&view=boxofferimage" "Mozilla/5.0 (Windows NT 10.0; WOW64) AppleWebKit/537.36 (KHTML, like Gecko) Chrome/57.0.2987.133 Safari/537.36"
80.123.94.70 - - [12/Apr/2017:12:37:48 +0200] "GET /entry.php?id=10703&&but=&object=&class=&tag=&value=&chooserview=image_single&function=&setlist=&t_width=&t_height=&view=boxofferimage HTTP/1.1" 200 2542 "http://ed.activities.at/entry.php?id=10711&chooserview=image_single&view=boxofferimage" "Mozilla/5.0 (Windows NT 10.0; WOW64) AppleWebKit/537.36 (KHTML, like Gecko) Chrome/57.0.2987.133 Safari/537.36"
80.123.94.70 - - [12/Apr/2017:12:37:48 +0200] "GET /entry.php?id=10778&form=10547&name=list& HTTP/1.1" 200 3006 "http://ed.activities.at/entry.php?id=10703&&but=&object=&class=&tag=&value=&chooserview=image_single&function=&setlist=&t_width=&t_height=&view=boxofferimage" "Mozilla/5.0 (Windows NT 10.0; WOW64) AppleWebKit/537.36 (KHTML, like Gecko) Chrome/57.0.2987.133 Safari/537.36"
80.123.94.70 - - [12/Apr/2017:12:37:48 +0200] "GET /entry.php?id=10704&&but=&object=&class=&tag=&value=&chooserview=image_single&function=&setlist=&t_width=&t_height=&view=boxofferimage HTTP/1.1" 200 2982 "http://ed.activities.at/entry.php?id=10711&chooserview=image_single&view=boxofferimage" "Mozilla/5.0 (Windows NT 10.0; WOW64) AppleWebKit/537.36 (KHTML, like Gecko) Chrome/57.0.2987.133 Safari/537.36"
80.123.94.70 - - [12/Apr/2017:12:37:48 +0200] "GET /entry.php?id=10776&form=10547&name=list& HTTP/1.1" 200 1290 "http://ed.activities.at/entry.php?id=10703&&but=&object=&class=&tag=&value=&chooserview=image_single&function=&setlist=&t_width=&t_height=&view=boxofferimage" "Mozilla/5.0 (Windows NT 10.0; WOW64) AppleWebKit/537.36 (KHTML, like Gecko) Chrome/57.0.2987.133 Safari/537.36"
80.123.94.70 - - [12/Apr/2017:12:37:48 +0200] "GET /entry.php?id=10776&form=10549&name=list& HTTP/1.1" 200 1608 "http://ed.activities.at/entry.php?id=10704&&but=&object=&class=&tag=&value=&chooserview=image_single&function=&setlist=&t_width=&t_height=&view=boxofferimage" "Mozilla/5.0 (Windows NT 10.0; WOW64) AppleWebKit/537.36 (KHTML, like Gecko) Chrome/57.0.2987.133 Safari/537.36"
212.108.43.59 - - [12/Apr/2017:12:37:49 +0200] "GET /entry.php?id=10271&&ser=993409 HTTP/1.1" 200 987 "http://ed.activities.at/entry.php?id=10271&&ser=993348" "Mozilla/5.0 (Windows NT 10.0; Win64; x64) AppleWebKit/537.36 (KHTML, like Gecko) Chrome/57.0.2987.133 Safari/537.36"
212.108.43.59 - - [12/Apr/2017:12:37:50 +0200] "GET /gui/javascript/form_form.js?1491993470 HTTP/1.1" 200 16206 "http://ed.activities.at/entry.php?id=10271&&ser=993409" "Mozilla/5.0 (Windows NT 10.0; Win64; x64) AppleWebKit/537.36 (KHTML, like Gecko) Chrome/57.0.2987.133 Safari/537.36"
80.123.94.70 - - [12/Apr/2017:12:37:48 +0200] "GET /entry.php?id=10778&form=10549&name=list& HTTP/1.1" 200 7860 "http://ed.activities.at/entry.php?id=10704&&but=&object=&class=&tag=&value=&chooserview=image_single&function=&setlist=&t_width=&t_height=&view=boxofferimage" "Mozilla/5.0 (Windows NT 10.0; WOW64) AppleWebKit/537.36 (KHTML, like Gecko) Chrome/57.0.2987.133 Safari/537.36"
80.123.94.70 - - [12/Apr/2017:12:37:48 +0200] "GET /entry.php?id=10777&form=10549&name=list& HTTP/1.1" 200 1340 "http://ed.activities.at/entry.php?id=10704&&but=&object=&class=&tag=&value=&chooserview=image_single&function=&setlist=&t_width=&t_height=&view=boxofferimage" "Mozilla/5.0 (Windows NT 10.0; WOW64) AppleWebKit/537.36 (KHTML, like Gecko) Chrome/57.0.2987.133 Safari/537.36"
80.123.94.70 - - [12/Apr/2017:12:37:50 +0200] "GET /cache/emu/images/easy-drivers-p10244077/aktionjpg_16_9_0.jpg HTTP/1.1" 200 786 "http://ed.activities.at/entry.php?id=10778&form=10549&name=list&" "Mozilla/5.0 (Windows NT 10.0; WOW64) AppleWebKit/537.36 (KHTML, like Gecko) Chrome/57.0.2987.133 Safari/537.36"
80.123.94.70 - - [12/Apr/2017:12:37:50 +0200] "GET /cache/emu/images/easy-drivers-p10244141/appstorelogomobilejpg_16_5_1.jpg HTTP/1.1" 200 740 "http://ed.activities.at/entry.php?id=10778&form=10549&name=list&" "Mozilla/5.0 (Windows NT 10.0; WOW64) AppleWebKit/537.36 (KHTML, like Gecko) Chrome/57.0.2987.133 Safari/537.36"
80.123.94.70 - - [12/Apr/2017:12:37:50 +0200] "GET /cache/emu/images/easy-drivers-p10287969/auvalogosponsorlogojpg_16_8_0.jpg HTTP/1.1" 200 769 "http://ed.activities.at/entry.php?id=10778&form=10549&name=list&" "Mozilla/5.0 (Windows NT 10.0; WOW64) AppleWebKit/537.36 (KHTML, like Gecko) Chrome/57.0.2987.133 Safari/537.36"
80.123.94.70 - - [12/Apr/2017:12:37:50 +0200] "GET /cache/emu/images/easy-drivers-p10252973/biancajpg_16_16_0.jpg HTTP/1.1" 200 772 "http://ed.activities.at/entry.php?id=10778&form=10549&name=list&" "Mozilla/5.0 (Windows NT 10.0; WOW64) AppleWebKit/537.36 (KHTML, like Gecko) Chrome/57.0.2987.133 Safari/537.36"
80.123.94.70 - - [12/Apr/2017:12:37:50 +0200] "GET /cache/emu/images/easy-drivers-p10244090/ed-autodetailjpg_16_11_0.jpg HTTP/1.1" 200 789 "http://ed.activities.at/entry.php?id=10778&form=10549&name=list&" "Mozilla/5.0 (Windows NT 10.0; WOW64) AppleWebKit/537.36 (KHTML, like Gecko) Chrome/57.0.2987.133 Safari/537.36"
80.123.94.70 - - [12/Apr/2017:12:37:50 +0200] "GET /cache/emu/images/easy-drivers-p10266565/eva-christian-retz-b_16_16_0.jpg HTTP/1.1" 200 797 "http://ed.activities.at/entry.php?id=10778&form=10549&name=list&" "Mozilla/5.0 (Windows NT 10.0; WOW64) AppleWebKit/537.36 (KHTML, like Gecko) Chrome/57.0.2987.133 Safari/537.36"
80.123.94.70 - - [12/Apr/2017:12:37:50 +0200] "GET /cache/emu/images/easy-drivers-p10287971/dare2b-logo-blackjpg_16_5_0.jpg HTTP/1.1" 200 738 "http://ed.activities.at/entry.php?id=10778&form=10549&name=list&" "Mozilla/5.0 (Windows NT 10.0; WOW64) AppleWebKit/537.36 (KHTML, like Gecko) Chrome/57.0.2987.133 Safari/537.36"
80.123.94.70 - - [12/Apr/2017:12:37:50 +0200] "GET /cache/emu/images/easy-drivers-p10244086/ed-audicabriojpg_16_11_0.jpg HTTP/1.1" 200 790 "http://ed.activities.at/entry.php?id=10778&form=10549&name=list&" "Mozilla/5.0 (Windows NT 10.0; WOW64) AppleWebKit/537.36 (KHTML, like Gecko) Chrome/57.0.2987.133 Safari/537.36"
80.123.94.70 - - [12/Apr/2017:12:37:50 +0200] "GET /cache/emu/images/easy-drivers-p10244088/ed-autoaudijpg_16_11_0.jpg HTTP/1.1" 200 795 "http://ed.activities.at/entry.php?id=10778&form=10549&name=list&" "Mozilla/5.0 (Windows NT 10.0; WOW64) AppleWebKit/537.36 (KHTML, like Gecko) Chrome/57.0.2987.133 Safari/537.36"
80.123.94.70 - - [12/Apr/2017:12:37:50 +0200] "GET /cache/emu/images/easy-drivers-p10244087/ed-auto-vwjpg_16_11_0.jpg HTTP/1.1" 200 796 "http://ed.activities.at/entry.php?id=10778&form=10549&name=list&" "Mozilla/5.0 (Windows NT 10.0; WOW64) AppleWebKit/537.36 (KHTML, like Gecko) Chrome/57.0.2987.133 Safari/537.36"
80.123.94.70 - - [12/Apr/2017:12:37:50 +0200] "GET /cache/emu/images/easy-drivers-p10244089/ed-autocabriodetailjpg_16_12_0.jpg HTTP/1.1" 200 790 "http://ed.activities.at/entry.php?id=10778&form=10549&name=list&" "Mozilla/5.0 (Windows NT 10.0; WOW64) AppleWebKit/537.36 (KHTML, like Gecko) Chrome/57.0.2987.133 Safari/537.36"
80.123.94.70 - - [12/Apr/2017:12:37:50 +0200] "GET /cache/emu/images/easy-drivers-p10244093/ed-flottejpg_16_9_0.jpg HTTP/1.1" 200 754 "http://ed.activities.at/entry.php?id=10778&form=10549&name=list&" "Mozilla/5.0 (Windows NT 10.0; WOW64) AppleWebKit/537.36 (KHTML, like Gecko) Chrome/57.0.2987.133 Safari/537.36"
80.123.94.70 - - [12/Apr/2017:12:37:50 +0200] "GET /cache/emu/images/easy-drivers-p10244079/fuehrerscheinajpg_16_9_0.jpg HTTP/1.1" 200 778 "http://ed.activities.at/entry.php?id=10778&form=10549&name=list&" "Mozilla/5.0 (Windows NT 10.0; WOW64) AppleWebKit/537.36 (KHTML, like Gecko) Chrome/57.0.2987.133 Safari/537.36"
80.123.94.70 - - [12/Apr/2017:12:37:50 +0200] "GET /cache/emu/images/easy-drivers-p10244092/ed-automercedesjpg_16_11_0.jpg HTTP/1.1" 200 791 "http://ed.activities.at/entry.php?id=10778&form=10549&name=list&" "Mozilla/5.0 (Windows NT 10.0; WOW64) AppleWebKit/537.36 (KHTML, like Gecko) Chrome/57.0.2987.133 Safari/537.36"
80.123.94.70 - - [12/Apr/2017:12:37:50 +0200] "GET /cache/emu/images/easy-drivers-p10244094/ed-logodetailjpg_16_11_0.jpg HTTP/1.1" 200 796 "http://ed.activities.at/entry.php?id=10778&form=10549&name=list&" "Mozilla/5.0 (Windows NT 10.0; WOW64) AppleWebKit/537.36 (KHTML, like Gecko) Chrome/57.0.2987.133 Safari/537.36"
80.123.94.70 - - [12/Apr/2017:12:37:50 +0200] "GET /cache/emu/images/easy-drivers-p10244091/ed-autojeepjpg_16_11_0.jpg HTTP/1.1" 200 795 "http://ed.activities.at/entry.php?id=10778&form=10549&name=list&" "Mozilla/5.0 (Windows NT 10.0; WOW64) AppleWebKit/537.36 (KHTML, like Gecko) Chrome/57.0.2987.133 Safari/537.36"
80.123.94.70 - - [12/Apr/2017:12:37:50 +0200] "GET /cache/emu/images/easy-drivers-p10244078/edlogoljpg_16_9_0.jpg HTTP/1.1" 200 776 "http://ed.activities.at/entry.php?id=10778&form=10549&name=list&" "Mozilla/5.0 (Windows NT 10.0; WOW64) AppleWebKit/537.36 (KHTML, like Gecko) Chrome/57.0.2987.133 Safari/537.36"
80.123.94.70 - - [12/Apr/2017:12:37:50 +0200] "GET /cache/emu/images/easy-drivers-p10244080/fuehrerscheinbjpg_16_9_0.jpg HTTP/1.1" 200 789 "http://ed.activities.at/entry.php?id=10778&form=10549&name=list&" "Mozilla/5.0 (Windows NT 10.0; WOW64) AppleWebKit/537.36 (KHTML, like Gecko) Chrome/57.0.2987.133 Safari/537.36"
80.123.94.70 - - [12/Apr/2017:12:37:50 +0200] "GET /cache/emu/images/easy-drivers-p10252977/gabijpg_16_16_0.jpg HTTP/1.1" 200 797 "http://ed.activities.at/entry.php?id=10778&form=10549&name=list&" "Mozilla/5.0 (Windows NT 10.0; WOW64) AppleWebKit/537.36 (KHTML, like Gecko) Chrome/57.0.2987.133 Safari/537.36"
80.123.94.70 - - [12/Apr/2017:12:37:50 +0200] "GET /cache/emu/images/easy-drivers-p10287335/bianca-roth-bearbeitetjpg_16_16_0.jpg HTTP/1.1" 200 813 "http://ed.activities.at/entry.php?id=10778&form=10549&name=list&" "Mozilla/5.0 (Windows NT 10.0; WOW64) AppleWebKit/537.36 (KHTML, like Gecko) Chrome/57.0.2987.133 Safari/537.36"
80.123.94.70 - - [12/Apr/2017:12:37:50 +0200] "GET /cache/emu/images/easy-drivers-p10287970/bildungintegrjpg_16_8_0.jpg HTTP/1.1" 200 739 "http://ed.activities.at/entry.php?id=10778&form=10549&name=list&" "Mozilla/5.0 (Windows NT 10.0; WOW64) AppleWebKit/537.36 (KHTML, like Gecko) Chrome/57.0.2987.133 Safari/537.36"
80.123.94.70 - - [12/Apr/2017:12:37:50 +0200] "GET /cache/emu/images/easy-drivers-p10253210/gm-nicole-noseckjpg_16_16_0.jpg HTTP/1.1" 200 788 "http://ed.activities.at/entry.php?id=10778&form=10549&name=list&" "Mozilla/5.0 (Windows NT 10.0; WOW64) AppleWebKit/537.36 (KHTML, like Gecko) Chrome/57.0.2987.133 Safari/537.36"
80.123.94.70 - - [12/Apr/2017:12:37:50 +0200] "GET /cache/emu/images/easy-drivers-p10253211/gm-ulrike-maringerjpg_16_16_0.jpg HTTP/1.1" 200 789 "http://ed.activities.at/entry.php?id=10778&form=10549&name=list&" "Mozilla/5.0 (Windows NT 10.0; WOW64) AppleWebKit/537.36 (KHTML, like Gecko) Chrome/57.0.2987.133 Safari/537.36"
80.123.94.70 - - [12/Apr/2017:12:37:50 +0200] "GET /cache/emu/images/easy-drivers-p10244142/googleplaylogomobilejpg_16_5_1.jpg HTTP/1.1" 200 739 "http://ed.activities.at/entry.php?id=10778&form=10549&name=list&" "Mozilla/5.0 (Windows NT 10.0; WOW64) AppleWebKit/537.36 (KHTML, like Gecko) Chrome/57.0.2987.133 Safari/537.36"
80.123.94.70 - - [12/Apr/2017:12:37:50 +0200] "GET /cache/emu/images/easy-drivers-p10287973/grosseschuetzenkleinejpg_16_8_0.jpg HTTP/1.1" 200 776 "http://ed.activities.at/entry.php?id=10778&form=10549&name=list&" "Mozilla/5.0 (Windows NT 10.0; WOW64) AppleWebKit/537.36 (KHTML, like Gecko) Chrome/57.0.2987.133 Safari/537.36"
80.123.94.70 - - [12/Apr/2017:12:37:50 +0200] "GET /cache/emu/images/easy-drivers-p10244081/herbstkursejpg_16_9_0.jpg HTTP/1.1" 200 765 "http://ed.activities.at/entry.php?id=10778&form=10549&name=list&" "Mozilla/5.0 (Windows NT 10.0; WOW64) AppleWebKit/537.36 (KHTML, like Gecko) Chrome/57.0.2987.133 Safari/537.36"
80.123.94.70 - - [12/Apr/2017:12:37:50 +0200] "GET /cache/emu/images/easy-drivers-p10253221/horn-petra-bergerjpg_16_16_0.jpg HTTP/1.1" 200 787 "http://ed.activities.at/entry.php?id=10778&form=10549&name=list&" "Mozilla/5.0 (Windows NT 10.0; WOW64) AppleWebKit/537.36 (KHTML, like Gecko) Chrome/57.0.2987.133 Safari/537.36"
80.123.94.70 - - [12/Apr/2017:12:37:50 +0200] "GET /cache/emu/images/easy-drivers-p10244068/jetztanmeldenjpg_16_9_0.jpg HTTP/1.1" 200 772 "http://ed.activities.at/entry.php?id=10778&form=10549&name=list&" "Mozilla/5.0 (Windows NT 10.0; WOW64) AppleWebKit/537.36 (KHTML, like Gecko) Chrome/57.0.2987.133 Safari/537.36"
80.123.94.70 - - [12/Apr/2017:12:37:50 +0200] "GET /cache/emu/images/easy-drivers-p10287966/klimaaktivlogopartnerjpg_16_7_0.jpg HTTP/1.1" 200 741 "http://ed.activities.at/entry.php?id=10778&form=10549&name=list&" "Mozilla/5.0 (Windows NT 10.0; WOW64) AppleWebKit/537.36 (KHTML, like Gecko) Chrome/57.0.2987.133 Safari/537.36"
80.123.94.70 - - [12/Apr/2017:12:37:50 +0200] "GET /cache/emu/images/easy-drivers-p10287706/logo-bigjpg_16_6_0.jpg HTTP/1.1" 200 737 "http://ed.activities.at/entry.php?id=10778&form=10549&name=list&" "Mozilla/5.0 (Windows NT 10.0; WOW64) AppleWebKit/537.36 (KHTML, like Gecko) Chrome/57.0.2987.133 Safari/537.36"
80.123.94.70 - - [12/Apr/2017:12:37:50 +0200] "GET /cache/emu/images/easy-drivers-p10287959/madlencnikjpg_11_16_0.jpg HTTP/1.1" 200 790 "http://ed.activities.at/entry.php?id=10778&form=10549&name=list&" "Mozilla/5.0 (Windows NT 10.0; WOW64) AppleWebKit/537.36 (KHTML, like Gecko) Chrome/57.0.2987.133 Safari/537.36"
80.123.94.70 - - [12/Apr/2017:12:37:50 +0200] "GET /cache/emu/images/easy-drivers-p10253228/marianne-wedornjpg_16_16_0.jpg HTTP/1.1" 200 784 "http://ed.activities.at/entry.php?id=10778&form=10549&name=list&" "Mozilla/5.0 (Windows NT 10.0; WOW64) AppleWebKit/537.36 (KHTML, like Gecko) Chrome/57.0.2987.133 Safari/537.36"
80.123.94.70 - - [12/Apr/2017:12:37:50 +0200] "GET /cache/emu/images/easy-drivers-p10244082/osterkursejpg_16_9_0.jpg HTTP/1.1" 200 766 "http://ed.activities.at/entry.php?id=10778&form=10549&name=list&" "Mozilla/5.0 (Windows NT 10.0; WOW64) AppleWebKit/537.36 (KHTML, like Gecko) Chrome/57.0.2987.133 Safari/537.36"
80.123.94.70 - - [12/Apr/2017:12:37:50 +0200] "GET /cache/emu/images/easy-drivers-p10252955/p_16_16_0.jpg HTTP/1.1" 200 775 "http://ed.activities.at/entry.php?id=10778&form=10549&name=list&" "Mozilla/5.0 (Windows NT 10.0; WOW64) AppleWebKit/537.36 (KHTML, like Gecko) Chrome/57.0.2987.133 Safari/537.36"
80.123.94.70 - - [12/Apr/2017:12:37:50 +0200] "GET /cache/emu/images/easy-drivers-p10284572/retzedwebheader830x3007jpg_16_6_0.jpg HTTP/1.1" 200 759 "http://ed.activities.at/entry.php?id=10778&form=10549&name=list&" "Mozilla/5.0 (Windows NT 10.0; WOW64) AppleWebKit/537.36 (KHTML, like Gecko) Chrome/57.0.2987.133 Safari/537.36"
80.123.94.70 - - [12/Apr/2017:12:37:50 +0200] "GET /cache/emu/images/easy-drivers-p10253229/retz-sabine-kappelmeier-3jpg_16_16_0.jpg HTTP/1.1" 200 794 "http://ed.activities.at/entry.php?id=10778&form=10549&name=list&" "Mozilla/5.0 (Windows NT 10.0; WOW64) AppleWebKit/537.36 (KHTML, like Gecko) Chrome/57.0.2987.133 Safari/537.36"
80.123.94.70 - - [12/Apr/2017:12:37:50 +0200] "GET /cache/emu/images/easy-drivers-p10287960/sabinemadlencnikjpg_12_16_0.jpg HTTP/1.1" 200 797 "http://ed.activities.at/entry.php?id=10778&form=10549&name=list&" "Mozilla/5.0 (Windows NT 10.0; WOW64) AppleWebKit/537.36 (KHTML, like Gecko) Chrome/57.0.2987.133 Safari/537.36"
80.123.94.70 - - [12/Apr/2017:12:37:50 +0200] "GET /cache/emu/images/easy-drivers-p10244083/schnellkursjpg_16_9_0.jpg HTTP/1.1" 200 790 "http://ed.activities.at/entry.php?id=10778&form=10549&name=list&" "Mozilla/5.0 (Windows NT 10.0; WOW64) AppleWebKit/537.36 (KHTML, like Gecko) Chrome/57.0.2987.133 Safari/537.36"
80.123.94.70 - - [12/Apr/2017:12:37:50 +0200] "GET /cache/emu/images/easy-drivers-p10241568/schnellkursjpg_16_9_0.jpg HTTP/1.1" 200 786 "http://ed.activities.at/entry.php?id=10778&form=10549&name=list&" "Mozilla/5.0 (Windows NT 10.0; WOW64) AppleWebKit/537.36 (KHTML, like Gecko) Chrome/57.0.2987.133 Safari/537.36"
80.123.94.70 - - [12/Apr/2017:12:37:50 +0200] "GET /cache/emu/images/easy-drivers-p10244084/sommerkursejpg_16_9_0.jpg HTTP/1.1" 200 763 "http://ed.activities.at/entry.php?id=10778&form=10549&name=list&" "Mozilla/5.0 (Windows NT 10.0; WOW64) AppleWebKit/537.36 (KHTML, like Gecko) Chrome/57.0.2987.133 Safari/537.36"
80.123.94.70 - - [12/Apr/2017:12:37:50 +0200] "GET /cache/emu/images/easy-drivers-p10278338/silberbauer-yvonne-b_13_16_0.jpg HTTP/1.1" 200 809 "http://ed.activities.at/entry.php?id=10778&form=10549&name=list&" "Mozilla/5.0 (Windows NT 10.0; WOW64) AppleWebKit/537.36 (KHTML, like Gecko) Chrome/57.0.2987.133 Safari/537.36"
80.123.94.70 - - [12/Apr/2017:12:37:50 +0200] "GET /cache/emu/images/easy-drivers-p10267744/skarpil-liane-bearbeitetjpg_16_16_0.jpg HTTP/1.1" 200 793 "http://ed.activities.at/entry.php?id=10778&form=10549&name=list&" "Mozilla/5.0 (Windows NT 10.0; WOW64) AppleWebKit/537.36 (KHTML, like Gecko) Chrome/57.0.2987.133 Safari/537.36"
80.123.94.70 - - [12/Apr/2017:12:37:50 +0200] "GET /cache/emu/images/easy-drivers-p10284571/stpoeltenedwebheader830x3001jpg_16_6_0.jpg HTTP/1.1" 200 758 "http://ed.activities.at/entry.php?id=10778&form=10549&name=list&" "Mozilla/5.0 (Windows NT 10.0; WOW64) AppleWebKit/537.36 (KHTML, like Gecko) Chrome/57.0.2987.133 Safari/537.36"
80.123.94.70 - - [12/Apr/2017:12:37:50 +0200] "GET /cache/emu/images/easy-drivers-p10253243/stp_16_16_0.jpg HTTP/1.1" 200 780 "http://ed.activities.at/entry.php?id=10778&form=10549&name=list&" "Mozilla/5.0 (Windows NT 10.0; WOW64) AppleWebKit/537.36 (KHTML, like Gecko) Chrome/57.0.2987.133 Safari/537.36"
80.123.94.70 - - [12/Apr/2017:12:37:50 +0200] "GET /cache/emu/images/easy-drivers-p10287967/umweltundverkehrwebjpg_16_8_0.jpg HTTP/1.1" 200 743 "http://ed.activities.at/entry.php?id=10778&form=10549&name=list&" "Mozilla/5.0 (Windows NT 10.0; WOW64) AppleWebKit/537.36 (KHTML, like Gecko) Chrome/57.0.2987.133 Safari/537.36"
80.123.94.70 - - [12/Apr/2017:12:37:50 +0200] "GET /cache/emu/images/easy-drivers-p10287968/uniqajpg_16_13_0.jpg HTTP/1.1" 200 767 "http://ed.activities.at/entry.php?id=10778&form=10549&name=list&" "Mozilla/5.0 (Windows NT 10.0; WOW64) AppleWebKit/537.36 (KHTML, like Gecko) Chrome/57.0.2987.133 Safari/537.36"
80.123.94.70 - - [12/Apr/2017:12:37:50 +0200] "GET /cache/emu/images/easy-drivers-p10264045/weihnachtsbaumjpg_16_16_0.jpg HTTP/1.1" 200 813 "http://ed.activities.at/entry.php?id=10778&form=10549&name=list&" "Mozilla/5.0 (Windows NT 10.0; WOW64) AppleWebKit/537.36 (KHTML, like Gecko) Chrome/57.0.2987.133 Safari/537.36"
80.123.94.70 - - [12/Apr/2017:12:37:50 +0200] "GET /cache/emu/images/easy-drivers-p10264046/weihnachtsbaumjpg_16_16_0.jpg HTTP/1.1" 200 813 "http://ed.activities.at/entry.php?id=10778&form=10549&name=list&" "Mozilla/5.0 (Windows NT 10.0; WOW64) AppleWebKit/537.36 (KHTML, like Gecko) Chrome/57.0.2987.133 Safari/537.36"
80.123.94.70 - - [12/Apr/2017:12:37:51 +0200] "GET /cache/emu/images/easy-drivers-p10287961/wernerebenbauerjpg_12_16_0.jpg HTTP/1.1" 200 810 "http://ed.activities.at/entry.php?id=10778&form=10549&name=list&" "Mozilla/5.0 (Windows NT 10.0; WOW64) AppleWebKit/537.36 (KHTML, like Gecko) Chrome/57.0.2987.133 Safari/537.36"
80.123.94.70 - - [12/Apr/2017:12:37:51 +0200] "GET /cache/emu/images/easy-drivers-p10253238/wh-ulli-k_16_16_0.jpg HTTP/1.1" 200 793 "http://ed.activities.at/entry.php?id=10778&form=10549&name=list&" "Mozilla/5.0 (Windows NT 10.0; WOW64) AppleWebKit/537.36 (KHTML, like Gecko) Chrome/57.0.2987.133 Safari/537.36"
80.123.94.70 - - [12/Apr/2017:12:37:53 +0200] "POST /entry.php?id=10704 HTTP/1.1" 200 3073 "http://ed.activities.at/entry.php?id=10704&&but=&object=&class=&tag=&value=&chooserview=image_single&function=&setlist=&t_width=&t_height=&view=boxofferimage" "Mozilla/5.0 (Windows NT 10.0; WOW64) AppleWebKit/537.36 (KHTML, like Gecko) Chrome/57.0.2987.133 Safari/537.36"
80.123.94.70 - - [12/Apr/2017:12:37:53 +0200] "GET /gui/javascript/form_form.js?1491993473 HTTP/1.1" 200 16206 "http://ed.activities.at/entry.php?id=10704" "Mozilla/5.0 (Windows NT 10.0; WOW64) AppleWebKit/537.36 (KHTML, like Gecko) Chrome/57.0.2987.133 Safari/537.36"
80.123.94.70 - - [12/Apr/2017:12:37:53 +0200] "GET /cache/emu/images/easy-drivers-p10244079/fuehrerscheinajpg_160_90_0.jpg HTTP/1.1" 200 3719 "http://ed.activities.at/entry.php?id=11685&object=10230454&site=10201431&item=10221998" "Mozilla/5.0 (Windows NT 10.0; WOW64) AppleWebKit/537.36 (KHTML, like Gecko) Chrome/57.0.2987.133 Safari/537.36"
80.123.94.70 - - [12/Apr/2017:12:37:54 +0200] "POST /entry.php?id=11685 HTTP/1.1" 200 3660 "http://ed.activities.at/entry.php?id=11685&object=10230454&site=10201431&item=10221998" "Mozilla/5.0 (Windows NT 10.0; WOW64) AppleWebKit/537.36 (KHTML, like Gecko) Chrome/57.0.2987.133 Safari/537.36"
80.123.94.70 - - [12/Apr/2017:12:37:54 +0200] "GET /gui/javascript/form_form.js?1491993474 HTTP/1.1" 200 16206 "http://ed.activities.at/entry.php?id=11685" "Mozilla/5.0 (Windows NT 10.0; WOW64) AppleWebKit/537.36 (KHTML, like Gecko) Chrome/57.0.2987.133 Safari/537.36"
80.123.94.70 - - [12/Apr/2017:12:37:57 +0200] "GET /entry.php?id=11685&object=10230453&site=10201431&item=10221998 HTTP/1.1" 200 3609 "http://ed.activities.at/entry.php?id=11412" "Mozilla/5.0 (Windows NT 10.0; WOW64) AppleWebKit/537.36 (KHTML, like Gecko) Chrome/57.0.2987.133 Safari/537.36"
80.123.94.70 - - [12/Apr/2017:12:37:57 +0200] "GET /cache/emu/images/easy-drivers-p10244077/aktionjpg_160_90_0.jpg HTTP/1.1" 200 3346 "http://ed.activities.at/entry.php?id=11685&object=10230453&site=10201431&item=10221998" "Mozilla/5.0 (Windows NT 10.0; WOW64) AppleWebKit/537.36 (KHTML, like Gecko) Chrome/57.0.2987.133 Safari/537.36"
80.123.94.70 - - [12/Apr/2017:12:37:57 +0200] "GET /gui/javascript/form_form.js?1491993477 HTTP/1.1" 200 16206 "http://ed.activities.at/entry.php?id=11685&object=10230453&site=10201431&item=10221998" "Mozilla/5.0 (Windows NT 10.0; WOW64) AppleWebKit/537.36 (KHTML, like Gecko) Chrome/57.0.2987.133 Safari/537.36"
212.108.43.59 - - [12/Apr/2017:12:38:00 +0200] "GET /entry.php?id=10271&&ser=993419 HTTP/1.1" 200 987 "http://ed.activities.at/entry.php?id=10271&&ser=993359" "Mozilla/5.0 (Windows NT 10.0; Win64; x64) AppleWebKit/537.36 (KHTML, like Gecko) Chrome/57.0.2987.133 Safari/537.36"
212.108.43.59 - - [12/Apr/2017:12:38:00 +0200] "GET /gui/javascript/form_form.js?1491993480 HTTP/1.1" 200 16206 "http://ed.activities.at/entry.php?id=10271&&ser=993419" "Mozilla/5.0 (Windows NT 10.0; Win64; x64) AppleWebKit/537.36 (KHTML, like Gecko) Chrome/57.0.2987.133 Safari/537.36"
80.123.94.70 - - [12/Apr/2017:12:38:00 +0200] "GET /entry.php?id=11685&object=10230454&site=10201431&item=10221998 HTTP/1.1" 200 3556 "http://ed.activities.at/entry.php?id=11412" "Mozilla/5.0 (Windows NT 10.0; WOW64) AppleWebKit/537.36 (KHTML, like Gecko) Chrome/57.0.2987.133 Safari/537.36"
80.123.94.70 - - [12/Apr/2017:12:38:01 +0200] "GET /gui/javascript/form_form.js?1491993481 HTTP/1.1" 200 16206 "http://ed.activities.at/entry.php?id=11685&object=10230454&site=10201431&item=10221998" "Mozilla/5.0 (Windows NT 10.0; WOW64) AppleWebKit/537.36 (KHTML, like Gecko) Chrome/57.0.2987.133 Safari/537.36"
80.123.94.70 - - [12/Apr/2017:12:38:06 +0200] "POST /entry.php?id=11685 HTTP/1.1" 200 3707 "http://ed.activities.at/entry.php?id=11685&object=10230454&site=10201431&item=10221998" "Mozilla/5.0 (Windows NT 10.0; WOW64) AppleWebKit/537.36 (KHTML, like Gecko) Chrome/57.0.2987.133 Safari/537.36"
80.123.94.70 - - [12/Apr/2017:12:38:06 +0200] "GET /gui/javascript/form_form.js?1491993486 HTTP/1.1" 200 16206 "http://ed.activities.at/entry.php?id=11685" "Mozilla/5.0 (Windows NT 10.0; WOW64) AppleWebKit/537.36 (KHTML, like Gecko) Chrome/57.0.2987.133 Safari/537.36"
212.108.43.59 - - [12/Apr/2017:12:38:08 +0200] "GET /entry.php?id=10271&&ser=993428 HTTP/1.1" 200 988 "http://ed.activities.at/entry.php?id=10271&&ser=993368" "Mozilla/5.0 (Windows NT 10.0; Win64; x64) AppleWebKit/537.36 (KHTML, like Gecko) Chrome/57.0.2987.133 Safari/537.36"
212.108.43.59 - - [12/Apr/2017:12:38:09 +0200] "GET /gui/javascript/form_form.js?1491993489 HTTP/1.1" 200 16206 "http://ed.activities.at/entry.php?id=10271&&ser=993428" "Mozilla/5.0 (Windows NT 10.0; Win64; x64) AppleWebKit/537.36 (KHTML, like Gecko) Chrome/57.0.2987.133 Safari/537.36"
80.123.94.70 - - [12/Apr/2017:12:38:09 +0200] "POST /entry.php?id=11677 HTTP/1.1" 200 3325 "http://ed.activities.at/entry.php?id=10778&form=11502&name=list&" "Mozilla/5.0 (Windows NT 10.0; WOW64) AppleWebKit/537.36 (KHTML, like Gecko) Chrome/57.0.2987.133 Safari/537.36"
80.123.94.70 - - [12/Apr/2017:12:38:09 +0200] "GET /gui/javascript/form_form.js?1491993489 HTTP/1.1" 200 16206 "http://ed.activities.at/entry.php?id=11677" "Mozilla/5.0 (Windows NT 10.0; WOW64) AppleWebKit/537.36 (KHTML, like Gecko) Chrome/57.0.2987.133 Safari/537.36"
80.123.94.70 - - [12/Apr/2017:12:38:09 +0200] "GET /entry.php?id=10776&form=11502&name=list& HTTP/1.1" 200 1475 "http://ed.activities.at/entry.php?id=11677" "Mozilla/5.0 (Windows NT 10.0; WOW64) AppleWebKit/537.36 (KHTML, like Gecko) Chrome/57.0.2987.133 Safari/537.36"
80.123.94.70 - - [12/Apr/2017:12:38:09 +0200] "GET /entry.php?id=10778&form=11502&name=list& HTTP/1.1" 200 3814 "http://ed.activities.at/entry.php?id=11677" "Mozilla/5.0 (Windows NT 10.0; WOW64) AppleWebKit/537.36 (KHTML, like Gecko) Chrome/57.0.2987.133 Safari/537.36"
80.123.94.70 - - [12/Apr/2017:12:38:10 +0200] "POST /entry.php?id=11677 HTTP/1.1" 200 4442 "http://ed.activities.at/entry.php?id=11677" "Mozilla/5.0 (Windows NT 10.0; WOW64) AppleWebKit/537.36 (KHTML, like Gecko) Chrome/57.0.2987.133 Safari/537.36"
80.123.94.70 - - [12/Apr/2017:12:38:11 +0200] "GET /gui/javascript/form_form.js?1491993491 HTTP/1.1" 200 16206 "http://ed.activities.at/entry.php?id=11677" "Mozilla/5.0 (Windows NT 10.0; WOW64) AppleWebKit/537.36 (KHTML, like Gecko) Chrome/57.0.2987.133 Safari/537.36"
80.123.94.70 - - [12/Apr/2017:12:38:14 +0200] "POST /entry.php?id=11678 HTTP/1.1" 200 3481 "http://ed.activities.at/entry.php?id=11678&" "Mozilla/5.0 (Windows NT 10.0; WOW64) AppleWebKit/537.36 (KHTML, like Gecko) Chrome/57.0.2987.133 Safari/537.36"
80.123.94.70 - - [12/Apr/2017:12:38:15 +0200] "GET /activities/framework/KoolControls/KoolAjax/koolajax.php?8436e354c842500aba3cbaf0584c0c24 HTTP/1.1" 200 4079 "http://ed.activities.at/entry.php?id=11678" "Mozilla/5.0 (Windows NT 10.0; WOW64) AppleWebKit/537.36 (KHTML, like Gecko) Chrome/57.0.2987.133 Safari/537.36"
80.123.94.70 - - [12/Apr/2017:12:38:15 +0200] "GET /gui/javascript/form_form.js?1491993495 HTTP/1.1" 200 16206 "http://ed.activities.at/entry.php?id=11678" "Mozilla/5.0 (Windows NT 10.0; WOW64) AppleWebKit/537.36 (KHTML, like Gecko) Chrome/57.0.2987.133 Safari/537.36"
80.123.94.70 - - [12/Apr/2017:12:38:15 +0200] "GET /activities/framework/KoolControls/KoolTreeView/kooltreeview.php?c7cd9180e88ffef8e70f13526bb4f5f7 HTTP/1.1" 200 5055 "http://ed.activities.at/entry.php?id=11678" "Mozilla/5.0 (Windows NT 10.0; WOW64) AppleWebKit/537.36 (KHTML, like Gecko) Chrome/57.0.2987.133 Safari/537.36"
80.123.94.70 - - [12/Apr/2017:12:38:16 +0200] "POST /entry.php?id=11677 HTTP/1.1" 200 4438 "http://ed.activities.at/entry.php?id=11677" "Mozilla/5.0 (Windows NT 10.0; WOW64) AppleWebKit/537.36 (KHTML, like Gecko) Chrome/57.0.2987.133 Safari/537.36"
80.123.94.70 - - [12/Apr/2017:12:38:17 +0200] "GET /gui/javascript/form_form.js?1491993496 HTTP/1.1" 200 16206 "http://ed.activities.at/entry.php?id=11677" "Mozilla/5.0 (Windows NT 10.0; WOW64) AppleWebKit/537.36 (KHTML, like Gecko) Chrome/57.0.2987.133 Safari/537.36"
80.123.94.70 - - [12/Apr/2017:12:38:39 +0200] "GET /entry.php?id=10271&&ser=993459 HTTP/1.1" 200 987 "http://ed.activities.at/entry.php?id=10271&&ser=993399" "Mozilla/5.0 (Windows NT 10.0; WOW64) AppleWebKit/537.36 (KHTML, like Gecko) Chrome/57.0.2987.133 Safari/537.36"
80.123.94.70 - - [12/Apr/2017:12:38:40 +0200] "GET /gui/javascript/form_form.js?1491993520 HTTP/1.1" 200 16206 "http://ed.activities.at/entry.php?id=10271&&ser=993459" "Mozilla/5.0 (Windows NT 10.0; WOW64) AppleWebKit/537.36 (KHTML, like Gecko) Chrome/57.0.2987.133 Safari/537.36"
212.108.43.59 - - [12/Apr/2017:12:38:50 +0200] "GET /entry.php?id=10271&&ser=993470 HTTP/1.1" 200 987 "http://ed.activities.at/entry.php?id=10271&&ser=993409" "Mozilla/5.0 (Windows NT 10.0; Win64; x64) AppleWebKit/537.36 (KHTML, like Gecko) Chrome/57.0.2987.133 Safari/537.36"
212.108.43.59 - - [12/Apr/2017:12:38:51 +0200] "GET /gui/javascript/form_form.js?1491993531 HTTP/1.1" 200 16206 "http://ed.activities.at/entry.php?id=10271&&ser=993470" "Mozilla/5.0 (Windows NT 10.0; Win64; x64) AppleWebKit/537.36 (KHTML, like Gecko) Chrome/57.0.2987.133 Safari/537.36"
212.108.43.59 - - [12/Apr/2017:12:39:00 +0200] "GET /entry.php?id=10271&&ser=993480 HTTP/1.1" 200 987 "http://ed.activities.at/entry.php?id=10271&&ser=993419" "Mozilla/5.0 (Windows NT 10.0; Win64; x64) AppleWebKit/537.36 (KHTML, like Gecko) Chrome/57.0.2987.133 Safari/537.36"
212.108.43.59 - - [12/Apr/2017:12:39:00 +0200] "GET /gui/javascript/form_form.js?1491993540 HTTP/1.1" 200 16206 "http://ed.activities.at/entry.php?id=10271&&ser=993480" "Mozilla/5.0 (Windows NT 10.0; Win64; x64) AppleWebKit/537.36 (KHTML, like Gecko) Chrome/57.0.2987.133 Safari/537.36"
212.108.43.59 - - [12/Apr/2017:12:39:09 +0200] "GET /entry.php?id=10271&&ser=993488 HTTP/1.1" 200 987 "http://ed.activities.at/entry.php?id=10271&&ser=993428" "Mozilla/5.0 (Windows NT 10.0; Win64; x64) AppleWebKit/537.36 (KHTML, like Gecko) Chrome/57.0.2987.133 Safari/537.36"
212.108.43.59 - - [12/Apr/2017:12:39:09 +0200] "GET /gui/javascript/form_form.js?1491993549 HTTP/1.1" 200 16206 "http://ed.activities.at/entry.php?id=10271&&ser=993488" "Mozilla/5.0 (Windows NT 10.0; Win64; x64) AppleWebKit/537.36 (KHTML, like Gecko) Chrome/57.0.2987.133 Safari/537.36"
80.123.94.70 - - [12/Apr/2017:12:39:40 +0200] "GET /entry.php?id=10271&&ser=993520 HTTP/1.1" 200 987 "http://ed.activities.at/entry.php?id=10271&&ser=993459" "Mozilla/5.0 (Windows NT 10.0; WOW64) AppleWebKit/537.36 (KHTML, like Gecko) Chrome/57.0.2987.133 Safari/537.36"
80.123.94.70 - - [12/Apr/2017:12:39:40 +0200] "GET /gui/javascript/form_form.js?1491993580 HTTP/1.1" 200 16206 "http://ed.activities.at/entry.php?id=10271&&ser=993520" "Mozilla/5.0 (Windows NT 10.0; WOW64) AppleWebKit/537.36 (KHTML, like Gecko) Chrome/57.0.2987.133 Safari/537.36"
212.108.43.59 - - [12/Apr/2017:12:39:51 +0200] "GET /entry.php?id=10271&&ser=993531 HTTP/1.1" 200 987 "http://ed.activities.at/entry.php?id=10271&&ser=993470" "Mozilla/5.0 (Windows NT 10.0; Win64; x64) AppleWebKit/537.36 (KHTML, like Gecko) Chrome/57.0.2987.133 Safari/537.36"
212.108.43.59 - - [12/Apr/2017:12:39:52 +0200] "GET /gui/javascript/form_form.js?1491993592 HTTP/1.1" 200 16206 "http://ed.activities.at/entry.php?id=10271&&ser=993531" "Mozilla/5.0 (Windows NT 10.0; Win64; x64) AppleWebKit/537.36 (KHTML, like Gecko) Chrome/57.0.2987.133 Safari/537.36"
212.108.43.59 - - [12/Apr/2017:12:40:00 +0200] "GET /entry.php?id=10271&&ser=993540 HTTP/1.1" 200 987 "http://ed.activities.at/entry.php?id=10271&&ser=993480" "Mozilla/5.0 (Windows NT 10.0; Win64; x64) AppleWebKit/537.36 (KHTML, like Gecko) Chrome/57.0.2987.133 Safari/537.36"
212.108.43.59 - - [12/Apr/2017:12:40:00 +0200] "GET /gui/javascript/form_form.js?1491993600 HTTP/1.1" 200 16206 "http://ed.activities.at/entry.php?id=10271&&ser=993540" "Mozilla/5.0 (Windows NT 10.0; Win64; x64) AppleWebKit/537.36 (KHTML, like Gecko) Chrome/57.0.2987.133 Safari/537.36"
212.108.43.59 - - [12/Apr/2017:12:40:09 +0200] "GET /entry.php?id=10271&&ser=993549 HTTP/1.1" 200 987 "http://ed.activities.at/entry.php?id=10271&&ser=993488" "Mozilla/5.0 (Windows NT 10.0; Win64; x64) AppleWebKit/537.36 (KHTML, like Gecko) Chrome/57.0.2987.133 Safari/537.36"
212.108.43.59 - - [12/Apr/2017:12:40:09 +0200] "GET /gui/javascript/form_form.js?1491993609 HTTP/1.1" 200 16206 "http://ed.activities.at/entry.php?id=10271&&ser=993549" "Mozilla/5.0 (Windows NT 10.0; Win64; x64) AppleWebKit/537.36 (KHTML, like Gecko) Chrome/57.0.2987.133 Safari/537.36"
80.123.94.70 - - [12/Apr/2017:12:40:40 +0200] "GET /entry.php?id=10271&&ser=993580 HTTP/1.1" 200 987 "http://ed.activities.at/entry.php?id=10271&&ser=993520" "Mozilla/5.0 (Windows NT 10.0; WOW64) AppleWebKit/537.36 (KHTML, like Gecko) Chrome/57.0.2987.133 Safari/537.36"
80.123.94.70 - - [12/Apr/2017:12:40:41 +0200] "GET /gui/javascript/form_form.js?1491993640 HTTP/1.1" 200 16206 "http://ed.activities.at/entry.php?id=10271&&ser=993580" "Mozilla/5.0 (Windows NT 10.0; WOW64) AppleWebKit/537.36 (KHTML, like Gecko) Chrome/57.0.2987.133 Safari/537.36"
212.108.43.59 - - [12/Apr/2017:12:40:52 +0200] "GET /entry.php?id=10271&&ser=993592 HTTP/1.1" 200 987 "http://ed.activities.at/entry.php?id=10271&&ser=993531" "Mozilla/5.0 (Windows NT 10.0; Win64; x64) AppleWebKit/537.36 (KHTML, like Gecko) Chrome/57.0.2987.133 Safari/537.36"
212.108.43.59 - - [12/Apr/2017:12:40:53 +0200] "GET /gui/javascript/form_form.js?1491993653 HTTP/1.1" 200 16206 "http://ed.activities.at/entry.php?id=10271&&ser=993592" "Mozilla/5.0 (Windows NT 10.0; Win64; x64) AppleWebKit/537.36 (KHTML, like Gecko) Chrome/57.0.2987.133 Safari/537.36"
212.108.43.59 - - [12/Apr/2017:12:41:01 +0200] "GET /entry.php?id=10271&&ser=993600 HTTP/1.1" 200 987 "http://ed.activities.at/entry.php?id=10271&&ser=993540" "Mozilla/5.0 (Windows NT 10.0; Win64; x64) AppleWebKit/537.36 (KHTML, like Gecko) Chrome/57.0.2987.133 Safari/537.36"
212.108.43.59 - - [12/Apr/2017:12:41:01 +0200] "GET /gui/javascript/form_form.js?1491993661 HTTP/1.1" 200 16206 "http://ed.activities.at/entry.php?id=10271&&ser=993600" "Mozilla/5.0 (Windows NT 10.0; Win64; x64) AppleWebKit/537.36 (KHTML, like Gecko) Chrome/57.0.2987.133 Safari/537.36"
212.108.43.59 - - [12/Apr/2017:12:41:10 +0200] "GET /entry.php?id=10271&&ser=993609 HTTP/1.1" 200 987 "http://ed.activities.at/entry.php?id=10271&&ser=993549" "Mozilla/5.0 (Windows NT 10.0; Win64; x64) AppleWebKit/537.36 (KHTML, like Gecko) Chrome/57.0.2987.133 Safari/537.36"
212.108.43.59 - - [12/Apr/2017:12:41:10 +0200] "GET /gui/javascript/form_form.js?1491993670 HTTP/1.1" 200 16206 "http://ed.activities.at/entry.php?id=10271&&ser=993609" "Mozilla/5.0 (Windows NT 10.0; Win64; x64) AppleWebKit/537.36 (KHTML, like Gecko) Chrome/57.0.2987.133 Safari/537.36"
80.123.94.70 - - [12/Apr/2017:12:41:41 +0200] "GET /entry.php?id=10271&&ser=993640 HTTP/1.1" 200 986 "http://ed.activities.at/entry.php?id=10271&&ser=993580" "Mozilla/5.0 (Windows NT 10.0; WOW64) AppleWebKit/537.36 (KHTML, like Gecko) Chrome/57.0.2987.133 Safari/537.36"
80.123.94.70 - - [12/Apr/2017:12:41:41 +0200] "GET /gui/javascript/form_form.js?1491993701 HTTP/1.1" 200 16206 "http://ed.activities.at/entry.php?id=10271&&ser=993640" "Mozilla/5.0 (Windows NT 10.0; WOW64) AppleWebKit/537.36 (KHTML, like Gecko) Chrome/57.0.2987.133 Safari/537.36"
212.108.43.59 - - [12/Apr/2017:12:41:53 +0200] "GET /entry.php?id=10271&&ser=993653 HTTP/1.1" 200 987 "http://ed.activities.at/entry.php?id=10271&&ser=993592" "Mozilla/5.0 (Windows NT 10.0; Win64; x64) AppleWebKit/537.36 (KHTML, like Gecko) Chrome/57.0.2987.133 Safari/537.36"
212.108.43.59 - - [12/Apr/2017:12:41:54 +0200] "GET /gui/javascript/form_form.js?1491993714 HTTP/1.1" 200 16206 "http://ed.activities.at/entry.php?id=10271&&ser=993653" "Mozilla/5.0 (Windows NT 10.0; Win64; x64) AppleWebKit/537.36 (KHTML, like Gecko) Chrome/57.0.2987.133 Safari/537.36"
212.108.43.59 - - [12/Apr/2017:12:42:01 +0200] "GET /entry.php?id=10271&&ser=993661 HTTP/1.1" 200 987 "http://ed.activities.at/entry.php?id=10271&&ser=993600" "Mozilla/5.0 (Windows NT 10.0; Win64; x64) AppleWebKit/537.36 (KHTML, like Gecko) Chrome/57.0.2987.133 Safari/537.36"
212.108.43.59 - - [12/Apr/2017:12:42:01 +0200] "GET /gui/javascript/form_form.js?1491993721 HTTP/1.1" 200 16206 "http://ed.activities.at/entry.php?id=10271&&ser=993661" "Mozilla/5.0 (Windows NT 10.0; Win64; x64) AppleWebKit/537.36 (KHTML, like Gecko) Chrome/57.0.2987.133 Safari/537.36"
212.108.43.59 - - [12/Apr/2017:12:42:10 +0200] "GET /entry.php?id=10271&&ser=993670 HTTP/1.1" 200 987 "http://ed.activities.at/entry.php?id=10271&&ser=993609" "Mozilla/5.0 (Windows NT 10.0; Win64; x64) AppleWebKit/537.36 (KHTML, like Gecko) Chrome/57.0.2987.133 Safari/537.36"
212.108.43.59 - - [12/Apr/2017:12:42:10 +0200] "GET /gui/javascript/form_form.js?1491993730 HTTP/1.1" 200 16206 "http://ed.activities.at/entry.php?id=10271&&ser=993670" "Mozilla/5.0 (Windows NT 10.0; Win64; x64) AppleWebKit/537.36 (KHTML, like Gecko) Chrome/57.0.2987.133 Safari/537.36"
80.123.94.70 - - [12/Apr/2017:12:42:41 +0200] "GET /entry.php?id=10271&&ser=993701 HTTP/1.1" 200 987 "http://ed.activities.at/entry.php?id=10271&&ser=993640" "Mozilla/5.0 (Windows NT 10.0; WOW64) AppleWebKit/537.36 (KHTML, like Gecko) Chrome/57.0.2987.133 Safari/537.36"
80.123.94.70 - - [12/Apr/2017:12:42:41 +0200] "GET /gui/javascript/form_form.js?1491993761 HTTP/1.1" 200 16206 "http://ed.activities.at/entry.php?id=10271&&ser=993701" "Mozilla/5.0 (Windows NT 10.0; WOW64) AppleWebKit/537.36 (KHTML, like Gecko) Chrome/57.0.2987.133 Safari/537.36"
212.108.43.59 - - [12/Apr/2017:12:42:54 +0200] "GET /entry.php?id=10271&&ser=993714 HTTP/1.1" 200 987 "http://ed.activities.at/entry.php?id=10271&&ser=993653" "Mozilla/5.0 (Windows NT 10.0; Win64; x64) AppleWebKit/537.36 (KHTML, like Gecko) Chrome/57.0.2987.133 Safari/537.36"
212.108.43.59 - - [12/Apr/2017:12:42:55 +0200] "GET /gui/javascript/form_form.js?1491993775 HTTP/1.1" 200 16206 "http://ed.activities.at/entry.php?id=10271&&ser=993714" "Mozilla/5.0 (Windows NT 10.0; Win64; x64) AppleWebKit/537.36 (KHTML, like Gecko) Chrome/57.0.2987.133 Safari/537.36"
212.108.43.59 - - [12/Apr/2017:12:43:01 +0200] "GET /entry.php?id=10271&&ser=993721 HTTP/1.1" 200 986 "http://ed.activities.at/entry.php?id=10271&&ser=993661" "Mozilla/5.0 (Windows NT 10.0; Win64; x64) AppleWebKit/537.36 (KHTML, like Gecko) Chrome/57.0.2987.133 Safari/537.36"
212.108.43.59 - - [12/Apr/2017:12:43:01 +0200] "GET /gui/javascript/form_form.js?1491993781 HTTP/1.1" 200 16206 "http://ed.activities.at/entry.php?id=10271&&ser=993721" "Mozilla/5.0 (Windows NT 10.0; Win64; x64) AppleWebKit/537.36 (KHTML, like Gecko) Chrome/57.0.2987.133 Safari/537.36"
212.108.43.59 - - [12/Apr/2017:12:43:10 +0200] "GET /entry.php?id=10271&&ser=993730 HTTP/1.1" 200 987 "http://ed.activities.at/entry.php?id=10271&&ser=993670" "Mozilla/5.0 (Windows NT 10.0; Win64; x64) AppleWebKit/537.36 (KHTML, like Gecko) Chrome/57.0.2987.133 Safari/537.36"
212.108.43.59 - - [12/Apr/2017:12:43:10 +0200] "GET /gui/javascript/form_form.js?1491993790 HTTP/1.1" 200 16206 "http://ed.activities.at/entry.php?id=10271&&ser=993730" "Mozilla/5.0 (Windows NT 10.0; Win64; x64) AppleWebKit/537.36 (KHTML, like Gecko) Chrome/57.0.2987.133 Safari/537.36"
80.123.94.70 - - [12/Apr/2017:12:43:41 +0200] "GET /entry.php?id=10271&&ser=993761 HTTP/1.1" 200 987 "http://ed.activities.at/entry.php?id=10271&&ser=993701" "Mozilla/5.0 (Windows NT 10.0; WOW64) AppleWebKit/537.36 (KHTML, like Gecko) Chrome/57.0.2987.133 Safari/537.36"
80.123.94.70 - - [12/Apr/2017:12:43:42 +0200] "GET /gui/javascript/form_form.js?1491993822 HTTP/1.1" 200 16206 "http://ed.activities.at/entry.php?id=10271&&ser=993761" "Mozilla/5.0 (Windows NT 10.0; WOW64) AppleWebKit/537.36 (KHTML, like Gecko) Chrome/57.0.2987.133 Safari/537.36"
212.108.43.59 - - [12/Apr/2017:12:43:55 +0200] "GET /entry.php?id=10271&&ser=993775 HTTP/1.1" 200 987 "http://ed.activities.at/entry.php?id=10271&&ser=993714" "Mozilla/5.0 (Windows NT 10.0; Win64; x64) AppleWebKit/537.36 (KHTML, like Gecko) Chrome/57.0.2987.133 Safari/537.36"
212.108.43.59 - - [12/Apr/2017:12:43:56 +0200] "GET /gui/javascript/form_form.js?1491993836 HTTP/1.1" 200 16206 "http://ed.activities.at/entry.php?id=10271&&ser=993775" "Mozilla/5.0 (Windows NT 10.0; Win64; x64) AppleWebKit/537.36 (KHTML, like Gecko) Chrome/57.0.2987.133 Safari/537.36"
212.108.43.59 - - [12/Apr/2017:12:44:02 +0200] "GET /entry.php?id=10271&&ser=993781 HTTP/1.1" 200 987 "http://ed.activities.at/entry.php?id=10271&&ser=993721" "Mozilla/5.0 (Windows NT 10.0; Win64; x64) AppleWebKit/537.36 (KHTML, like Gecko) Chrome/57.0.2987.133 Safari/537.36"
212.108.43.59 - - [12/Apr/2017:12:44:02 +0200] "GET /gui/javascript/form_form.js?1491993842 HTTP/1.1" 200 16206 "http://ed.activities.at/entry.php?id=10271&&ser=993781" "Mozilla/5.0 (Windows NT 10.0; Win64; x64) AppleWebKit/537.36 (KHTML, like Gecko) Chrome/57.0.2987.133 Safari/537.36"
212.108.43.59 - - [12/Apr/2017:12:44:11 +0200] "GET /entry.php?id=10271&&ser=993790 HTTP/1.1" 200 986 "http://ed.activities.at/entry.php?id=10271&&ser=993730" "Mozilla/5.0 (Windows NT 10.0; Win64; x64) AppleWebKit/537.36 (KHTML, like Gecko) Chrome/57.0.2987.133 Safari/537.36"
212.108.43.59 - - [12/Apr/2017:12:44:11 +0200] "GET /gui/javascript/form_form.js?1491993851 HTTP/1.1" 200 16206 "http://ed.activities.at/entry.php?id=10271&&ser=993790" "Mozilla/5.0 (Windows NT 10.0; Win64; x64) AppleWebKit/537.36 (KHTML, like Gecko) Chrome/57.0.2987.133 Safari/537.36"
80.123.94.70 - - [12/Apr/2017:12:44:42 +0200] "GET /entry.php?id=10271&&ser=993822 HTTP/1.1" 200 987 "http://ed.activities.at/entry.php?id=10271&&ser=993761" "Mozilla/5.0 (Windows NT 10.0; WOW64) AppleWebKit/537.36 (KHTML, like Gecko) Chrome/57.0.2987.133 Safari/537.36"
80.123.94.70 - - [12/Apr/2017:12:44:43 +0200] "GET /gui/javascript/form_form.js?1491993883 HTTP/1.1" 200 16206 "http://ed.activities.at/entry.php?id=10271&&ser=993822" "Mozilla/5.0 (Windows NT 10.0; WOW64) AppleWebKit/537.36 (KHTML, like Gecko) Chrome/57.0.2987.133 Safari/537.36"
212.108.43.59 - - [12/Apr/2017:12:44:56 +0200] "GET /entry.php?id=10271&&ser=993836 HTTP/1.1" 200 987 "http://ed.activities.at/entry.php?id=10271&&ser=993775" "Mozilla/5.0 (Windows NT 10.0; Win64; x64) AppleWebKit/537.36 (KHTML, like Gecko) Chrome/57.0.2987.133 Safari/537.36"
212.108.43.59 - - [12/Apr/2017:12:44:57 +0200] "GET /gui/javascript/form_form.js?1491993897 HTTP/1.1" 200 16206 "http://ed.activities.at/entry.php?id=10271&&ser=993836" "Mozilla/5.0 (Windows NT 10.0; Win64; x64) AppleWebKit/537.36 (KHTML, like Gecko) Chrome/57.0.2987.133 Safari/537.36"
212.108.43.59 - - [12/Apr/2017:12:45:02 +0200] "GET /entry.php?id=10271&&ser=993842 HTTP/1.1" 200 987 "http://ed.activities.at/entry.php?id=10271&&ser=993781" "Mozilla/5.0 (Windows NT 10.0; Win64; x64) AppleWebKit/537.36 (KHTML, like Gecko) Chrome/57.0.2987.133 Safari/537.36"
212.108.43.59 - - [12/Apr/2017:12:45:02 +0200] "GET /gui/javascript/form_form.js?1491993902 HTTP/1.1" 200 16206 "http://ed.activities.at/entry.php?id=10271&&ser=993842" "Mozilla/5.0 (Windows NT 10.0; Win64; x64) AppleWebKit/537.36 (KHTML, like Gecko) Chrome/57.0.2987.133 Safari/537.36"
212.108.43.59 - - [12/Apr/2017:12:45:11 +0200] "GET /entry.php?id=10271&&ser=993851 HTTP/1.1" 200 987 "http://ed.activities.at/entry.php?id=10271&&ser=993790" "Mozilla/5.0 (Windows NT 10.0; Win64; x64) AppleWebKit/537.36 (KHTML, like Gecko) Chrome/57.0.2987.133 Safari/537.36"
212.108.43.59 - - [12/Apr/2017:12:45:11 +0200] "GET /gui/javascript/form_form.js?1491993911 HTTP/1.1" 200 16206 "http://ed.activities.at/entry.php?id=10271&&ser=993851" "Mozilla/5.0 (Windows NT 10.0; Win64; x64) AppleWebKit/537.36 (KHTML, like Gecko) Chrome/57.0.2987.133 Safari/537.36"
80.123.94.70 - - [12/Apr/2017:12:45:43 +0200] "GET /entry.php?id=10271&&ser=993883 HTTP/1.1" 200 987 "http://ed.activities.at/entry.php?id=10271&&ser=993822" "Mozilla/5.0 (Windows NT 10.0; WOW64) AppleWebKit/537.36 (KHTML, like Gecko) Chrome/57.0.2987.133 Safari/537.36"
80.123.94.70 - - [12/Apr/2017:12:45:44 +0200] "GET /gui/javascript/form_form.js?1491993944 HTTP/1.1" 200 16206 "http://ed.activities.at/entry.php?id=10271&&ser=993883" "Mozilla/5.0 (Windows NT 10.0; WOW64) AppleWebKit/537.36 (KHTML, like Gecko) Chrome/57.0.2987.133 Safari/537.36"
212.108.43.59 - - [12/Apr/2017:12:45:57 +0200] "GET /entry.php?id=10271&&ser=993897 HTTP/1.1" 200 987 "http://ed.activities.at/entry.php?id=10271&&ser=993836" "Mozilla/5.0 (Windows NT 10.0; Win64; x64) AppleWebKit/537.36 (KHTML, like Gecko) Chrome/57.0.2987.133 Safari/537.36"
212.108.43.59 - - [12/Apr/2017:12:45:58 +0200] "GET /gui/javascript/form_form.js?1491993958 HTTP/1.1" 200 16206 "http://ed.activities.at/entry.php?id=10271&&ser=993897" "Mozilla/5.0 (Windows NT 10.0; Win64; x64) AppleWebKit/537.36 (KHTML, like Gecko) Chrome/57.0.2987.133 Safari/537.36"
212.108.43.59 - - [12/Apr/2017:12:46:02 +0200] "GET /entry.php?id=10271&&ser=993902 HTTP/1.1" 200 987 "http://ed.activities.at/entry.php?id=10271&&ser=993842" "Mozilla/5.0 (Windows NT 10.0; Win64; x64) AppleWebKit/537.36 (KHTML, like Gecko) Chrome/57.0.2987.133 Safari/537.36"
212.108.43.59 - - [12/Apr/2017:12:46:02 +0200] "GET /gui/javascript/form_form.js?1491993962 HTTP/1.1" 200 16206 "http://ed.activities.at/entry.php?id=10271&&ser=993902" "Mozilla/5.0 (Windows NT 10.0; Win64; x64) AppleWebKit/537.36 (KHTML, like Gecko) Chrome/57.0.2987.133 Safari/537.36"
212.108.43.59 - - [12/Apr/2017:12:46:11 +0200] "GET /entry.php?id=10271&&ser=993911 HTTP/1.1" 200 987 "http://ed.activities.at/entry.php?id=10271&&ser=993851" "Mozilla/5.0 (Windows NT 10.0; Win64; x64) AppleWebKit/537.36 (KHTML, like Gecko) Chrome/57.0.2987.133 Safari/537.36"
212.108.43.59 - - [12/Apr/2017:12:46:12 +0200] "GET /gui/javascript/form_form.js?1491993971 HTTP/1.1" 200 16206 "http://ed.activities.at/entry.php?id=10271&&ser=993911" "Mozilla/5.0 (Windows NT 10.0; Win64; x64) AppleWebKit/537.36 (KHTML, like Gecko) Chrome/57.0.2987.133 Safari/537.36"
80.123.94.70 - - [12/Apr/2017:12:46:44 +0200] "GET /entry.php?id=10271&&ser=993944 HTTP/1.1" 200 986 "http://ed.activities.at/entry.php?id=10271&&ser=993883" "Mozilla/5.0 (Windows NT 10.0; WOW64) AppleWebKit/537.36 (KHTML, like Gecko) Chrome/57.0.2987.133 Safari/537.36"
