212.108.43.59 - - [12/Apr/2017:12:13:01 +0200] "GET /gui/javascript/form_form.js?1491991980 HTTP/1.1" 200 16206 "http://ed.activities.at/entry.php?id=10271&&ser=991920" "Mozilla/5.0 (Windows NT 10.0; Win64; x64) AppleWebKit/537.36 (KHTML, like Gecko) Chrome/57.0.2987.133 Safari/537.36"
212.108.43.59 - - [12/Apr/2017:12:13:25 +0200] "GET /entry.php?id=10271&&ser=991945 HTTP/1.1" 200 987 "http://ed.activities.at/entry.php?id=10271&&ser=991884" "Mozilla/5.0 (Windows NT 10.0; Win64; x64) AppleWebKit/537.36 (KHTML, like Gecko) Chrome/57.0.2987.133 Safari/537.36"
212.108.43.59 - - [12/Apr/2017:12:13:26 +0200] "GET /gui/javascript/form_form.js?1491992006 HTTP/1.1" 200 16206 "http://ed.activities.at/entry.php?id=10271&&ser=991945" "Mozilla/5.0 (Windows NT 10.0; Win64; x64) AppleWebKit/537.36 (KHTML, like Gecko) Chrome/57.0.2987.133 Safari/537.36"
212.108.43.59 - - [12/Apr/2017:12:13:52 +0200] "GET /entry.php?id=10271&&ser=991972 HTTP/1.1" 200 987 "http://ed.activities.at/entry.php?id=10271&&ser=991911" "Mozilla/5.0 (Windows NT 10.0; Win64; x64) AppleWebKit/537.36 (KHTML, like Gecko) Chrome/57.0.2987.133 Safari/537.36"
212.108.43.59 - - [12/Apr/2017:12:13:52 +0200] "GET /gui/javascript/form_form.js?1491992032 HTTP/1.1" 200 16206 "http://ed.activities.at/entry.php?id=10271&&ser=991972" "Mozilla/5.0 (Windows NT 10.0; Win64; x64) AppleWebKit/537.36 (KHTML, like Gecko) Chrome/57.0.2987.133 Safari/537.36"
212.108.43.59 - - [12/Apr/2017:12:14:01 +0200] "GET /entry.php?id=10271&&ser=991980 HTTP/1.1" 200 986 "http://ed.activities.at/entry.php?id=10271&&ser=991920" "Mozilla/5.0 (Windows NT 10.0; Win64; x64) AppleWebKit/537.36 (KHTML, like Gecko) Chrome/57.0.2987.133 Safari/537.36"
80.123.94.70 - - [12/Apr/2017:12:14:01 +0200] "GET /entry.php?id=10271&&ser=991980 HTTP/1.1" 200 986 "http://ed.activities.at/entry.php?id=10271&&ser=991920" "Mozilla/5.0 (Windows NT 10.0; WOW64) AppleWebKit/537.36 (KHTML, like Gecko) Chrome/57.0.2987.133 Safari/537.36"
212.108.43.59 - - [12/Apr/2017:12:14:01 +0200] "GET /gui/javascript/form_form.js?1491992041 HTTP/1.1" 200 16206 "http://ed.activities.at/entry.php?id=10271&&ser=991980" "Mozilla/5.0 (Windows NT 10.0; Win64; x64) AppleWebKit/537.36 (KHTML, like Gecko) Chrome/57.0.2987.133 Safari/537.36"
80.123.94.70 - - [12/Apr/2017:12:14:01 +0200] "GET /gui/javascript/form_form.js?1491992041 HTTP/1.1" 200 16206 "http://ed.activities.at/entry.php?id=10271&&ser=991980" "Mozilla/5.0 (Windows NT 10.0; WOW64) AppleWebKit/537.36 (KHTML, like Gecko) Chrome/57.0.2987.133 Safari/537.36"
212.108.43.59 - - [12/Apr/2017:12:14:26 +0200] "GET /entry.php?id=10271&&ser=992006 HTTP/1.1" 200 986 "http://ed.activities.at/entry.php?id=10271&&ser=991945" "Mozilla/5.0 (Windows NT 10.0; Win64; x64) AppleWebKit/537.36 (KHTML, like Gecko) Chrome/57.0.2987.133 Safari/537.36"
212.108.43.59 - - [12/Apr/2017:12:14:27 +0200] "GET /gui/javascript/form_form.js?1491992067 HTTP/1.1" 200 16206 "http://ed.activities.at/entry.php?id=10271&&ser=992006" "Mozilla/5.0 (Windows NT 10.0; Win64; x64) AppleWebKit/537.36 (KHTML, like Gecko) Chrome/57.0.2987.133 Safari/537.36"
212.108.43.59 - - [12/Apr/2017:12:14:52 +0200] "GET /entry.php?id=10271&&ser=992032 HTTP/1.1" 200 987 "http://ed.activities.at/entry.php?id=10271&&ser=991972" "Mozilla/5.0 (Windows NT 10.0; Win64; x64) AppleWebKit/537.36 (KHTML, like Gecko) Chrome/57.0.2987.133 Safari/537.36"
212.108.43.59 - - [12/Apr/2017:12:14:53 +0200] "GET /gui/javascript/form_form.js?1491992092 HTTP/1.1" 200 16206 "http://ed.activities.at/entry.php?id=10271&&ser=992032" "Mozilla/5.0 (Windows NT 10.0; Win64; x64) AppleWebKit/537.36 (KHTML, like Gecko) Chrome/57.0.2987.133 Safari/537.36"
212.108.43.59 - - [12/Apr/2017:12:15:01 +0200] "GET /entry.php?id=10271&&ser=992041 HTTP/1.1" 200 986 "http://ed.activities.at/entry.php?id=10271&&ser=991980" "Mozilla/5.0 (Windows NT 10.0; Win64; x64) AppleWebKit/537.36 (KHTML, like Gecko) Chrome/57.0.2987.133 Safari/537.36"
80.123.94.70 - - [12/Apr/2017:12:15:01 +0200] "GET /entry.php?id=10271&&ser=992041 HTTP/1.1" 200 986 "http://ed.activities.at/entry.php?id=10271&&ser=991980" "Mozilla/5.0 (Windows NT 10.0; WOW64) AppleWebKit/537.36 (KHTML, like Gecko) Chrome/57.0.2987.133 Safari/537.36"
212.108.43.59 - - [12/Apr/2017:12:15:01 +0200] "GET /gui/javascript/form_form.js?1491992101 HTTP/1.1" 200 16206 "http://ed.activities.at/entry.php?id=10271&&ser=992041" "Mozilla/5.0 (Windows NT 10.0; Win64; x64) AppleWebKit/537.36 (KHTML, like Gecko) Chrome/57.0.2987.133 Safari/537.36"
80.123.94.70 - - [12/Apr/2017:12:15:01 +0200] "GET /gui/javascript/form_form.js?1491992101 HTTP/1.1" 200 16206 "http://ed.activities.at/entry.php?id=10271&&ser=992041" "Mozilla/5.0 (Windows NT 10.0; WOW64) AppleWebKit/537.36 (KHTML, like Gecko) Chrome/57.0.2987.133 Safari/537.36"
212.108.43.59 - - [12/Apr/2017:12:15:27 +0200] "GET /entry.php?id=10271&&ser=992067 HTTP/1.1" 200 988 "http://ed.activities.at/entry.php?id=10271&&ser=992006" "Mozilla/5.0 (Windows NT 10.0; Win64; x64) AppleWebKit/537.36 (KHTML, like Gecko) Chrome/57.0.2987.133 Safari/537.36"
212.108.43.59 - - [12/Apr/2017:12:15:28 +0200] "GET /gui/javascript/form_form.js?1491992128 HTTP/1.1" 200 16206 "http://ed.activities.at/entry.php?id=10271&&ser=992067" "Mozilla/5.0 (Windows NT 10.0; Win64; x64) AppleWebKit/537.36 (KHTML, like Gecko) Chrome/57.0.2987.133 Safari/537.36"
212.108.43.59 - - [12/Apr/2017:12:15:53 +0200] "GET /entry.php?id=10271&&ser=992092 HTTP/1.1" 200 987 "http://ed.activities.at/entry.php?id=10271&&ser=992032" "Mozilla/5.0 (Windows NT 10.0; Win64; x64) AppleWebKit/537.36 (KHTML, like Gecko) Chrome/57.0.2987.133 Safari/537.36"
212.108.43.59 - - [12/Apr/2017:12:15:53 +0200] "GET /gui/javascript/form_form.js?1491992153 HTTP/1.1" 200 16206 "http://ed.activities.at/entry.php?id=10271&&ser=992092" "Mozilla/5.0 (Windows NT 10.0; Win64; x64) AppleWebKit/537.36 (KHTML, like Gecko) Chrome/57.0.2987.133 Safari/537.36"
212.108.43.59 - - [12/Apr/2017:12:16:01 +0200] "GET /entry.php?id=10271&&ser=992101 HTTP/1.1" 200 987 "http://ed.activities.at/entry.php?id=10271&&ser=992041" "Mozilla/5.0 (Windows NT 10.0; Win64; x64) AppleWebKit/537.36 (KHTML, like Gecko) Chrome/57.0.2987.133 Safari/537.36"
212.108.43.59 - - [12/Apr/2017:12:16:01 +0200] "GET /gui/javascript/form_form.js?1491992161 HTTP/1.1" 200 16206 "http://ed.activities.at/entry.php?id=10271&&ser=992101" "Mozilla/5.0 (Windows NT 10.0; Win64; x64) AppleWebKit/537.36 (KHTML, like Gecko) Chrome/57.0.2987.133 Safari/537.36"
80.123.94.70 - - [12/Apr/2017:12:16:01 +0200] "GET /entry.php?id=10271&&ser=992101 HTTP/1.1" 200 988 "http://ed.activities.at/entry.php?id=10271&&ser=992041" "Mozilla/5.0 (Windows NT 10.0; WOW64) AppleWebKit/537.36 (KHTML, like Gecko) Chrome/57.0.2987.133 Safari/537.36"
80.123.94.70 - - [12/Apr/2017:12:16:02 +0200] "GET /gui/javascript/form_form.js?1491992162 HTTP/1.1" 200 16206 "http://ed.activities.at/entry.php?id=10271&&ser=992101" "Mozilla/5.0 (Windows NT 10.0; WOW64) AppleWebKit/537.36 (KHTML, like Gecko) Chrome/57.0.2987.133 Safari/537.36"
212.108.43.59 - - [12/Apr/2017:12:16:28 +0200] "GET /entry.php?id=10271&&ser=992128 HTTP/1.1" 200 987 "http://ed.activities.at/entry.php?id=10271&&ser=992067" "Mozilla/5.0 (Windows NT 10.0; Win64; x64) AppleWebKit/537.36 (KHTML, like Gecko) Chrome/57.0.2987.133 Safari/537.36"
212.108.43.59 - - [12/Apr/2017:12:16:29 +0200] "GET /gui/javascript/form_form.js?1491992189 HTTP/1.1" 200 16206 "http://ed.activities.at/entry.php?id=10271&&ser=992128" "Mozilla/5.0 (Windows NT 10.0; Win64; x64) AppleWebKit/537.36 (KHTML, like Gecko) Chrome/57.0.2987.133 Safari/537.36"
212.108.43.59 - - [12/Apr/2017:12:16:53 +0200] "GET /entry.php?id=10271&&ser=992153 HTTP/1.1" 200 988 "http://ed.activities.at/entry.php?id=10271&&ser=992092" "Mozilla/5.0 (Windows NT 10.0; Win64; x64) AppleWebKit/537.36 (KHTML, like Gecko) Chrome/57.0.2987.133 Safari/537.36"
212.108.43.59 - - [12/Apr/2017:12:16:53 +0200] "GET /gui/javascript/form_form.js?1491992213 HTTP/1.1" 200 16206 "http://ed.activities.at/entry.php?id=10271&&ser=992153" "Mozilla/5.0 (Windows NT 10.0; Win64; x64) AppleWebKit/537.36 (KHTML, like Gecko) Chrome/57.0.2987.133 Safari/537.36"
212.108.43.59 - - [12/Apr/2017:12:17:02 +0200] "GET /entry.php?id=10271&&ser=992161 HTTP/1.1" 200 986 "http://ed.activities.at/entry.php?id=10271&&ser=992101" "Mozilla/5.0 (Windows NT 10.0; Win64; x64) AppleWebKit/537.36 (KHTML, like Gecko) Chrome/57.0.2987.133 Safari/537.36"
212.108.43.59 - - [12/Apr/2017:12:17:02 +0200] "GET /gui/javascript/form_form.js?1491992222 HTTP/1.1" 200 16206 "http://ed.activities.at/entry.php?id=10271&&ser=992161" "Mozilla/5.0 (Windows NT 10.0; Win64; x64) AppleWebKit/537.36 (KHTML, like Gecko) Chrome/57.0.2987.133 Safari/537.36"
80.123.94.70 - - [12/Apr/2017:12:17:02 +0200] "GET /entry.php?id=10271&&ser=992162 HTTP/1.1" 200 986 "http://ed.activities.at/entry.php?id=10271&&ser=992101" "Mozilla/5.0 (Windows NT 10.0; WOW64) AppleWebKit/537.36 (KHTML, like Gecko) Chrome/57.0.2987.133 Safari/537.36"
80.123.94.70 - - [12/Apr/2017:12:17:02 +0200] "GET /gui/javascript/form_form.js?1491992222 HTTP/1.1" 200 16206 "http://ed.activities.at/entry.php?id=10271&&ser=992162" "Mozilla/5.0 (Windows NT 10.0; WOW64) AppleWebKit/537.36 (KHTML, like Gecko) Chrome/57.0.2987.133 Safari/537.36"
212.108.43.59 - - [12/Apr/2017:12:17:29 +0200] "GET /entry.php?id=10271&&ser=992189 HTTP/1.1" 200 986 "http://ed.activities.at/entry.php?id=10271&&ser=992128" "Mozilla/5.0 (Windows NT 10.0; Win64; x64) AppleWebKit/537.36 (KHTML, like Gecko) Chrome/57.0.2987.133 Safari/537.36"
212.108.43.59 - - [12/Apr/2017:12:17:30 +0200] "GET /gui/javascript/form_form.js?1491992250 HTTP/1.1" 200 16206 "http://ed.activities.at/entry.php?id=10271&&ser=992189" "Mozilla/5.0 (Windows NT 10.0; Win64; x64) AppleWebKit/537.36 (KHTML, like Gecko) Chrome/57.0.2987.133 Safari/537.36"
212.108.43.59 - - [12/Apr/2017:12:17:53 +0200] "GET /entry.php?id=10271&&ser=992213 HTTP/1.1" 200 987 "http://ed.activities.at/entry.php?id=10271&&ser=992153" "Mozilla/5.0 (Windows NT 10.0; Win64; x64) AppleWebKit/537.36 (KHTML, like Gecko) Chrome/57.0.2987.133 Safari/537.36"
212.108.43.59 - - [12/Apr/2017:12:17:54 +0200] "GET /gui/javascript/form_form.js?1491992273 HTTP/1.1" 200 16206 "http://ed.activities.at/entry.php?id=10271&&ser=992213" "Mozilla/5.0 (Windows NT 10.0; Win64; x64) AppleWebKit/537.36 (KHTML, like Gecko) Chrome/57.0.2987.133 Safari/537.36"
212.108.43.59 - - [12/Apr/2017:12:18:02 +0200] "GET /entry.php?id=10271&&ser=992222 HTTP/1.1" 200 987 "http://ed.activities.at/entry.php?id=10271&&ser=992161" "Mozilla/5.0 (Windows NT 10.0; Win64; x64) AppleWebKit/537.36 (KHTML, like Gecko) Chrome/57.0.2987.133 Safari/537.36"
212.108.43.59 - - [12/Apr/2017:12:18:02 +0200] "GET /gui/javascript/form_form.js?1491992282 HTTP/1.1" 200 16206 "http://ed.activities.at/entry.php?id=10271&&ser=992222" "Mozilla/5.0 (Windows NT 10.0; Win64; x64) AppleWebKit/537.36 (KHTML, like Gecko) Chrome/57.0.2987.133 Safari/537.36"
80.123.94.70 - - [12/Apr/2017:12:18:02 +0200] "GET /entry.php?id=10271&&ser=992222 HTTP/1.1" 200 987 "http://ed.activities.at/entry.php?id=10271&&ser=992162" "Mozilla/5.0 (Windows NT 10.0; WOW64) AppleWebKit/537.36 (KHTML, like Gecko) Chrome/57.0.2987.133 Safari/537.36"
80.123.94.70 - - [12/Apr/2017:12:18:02 +0200] "GET /gui/javascript/form_form.js?1491992282 HTTP/1.1" 200 16206 "http://ed.activities.at/entry.php?id=10271&&ser=992222" "Mozilla/5.0 (Windows NT 10.0; WOW64) AppleWebKit/537.36 (KHTML, like Gecko) Chrome/57.0.2987.133 Safari/537.36"
212.108.43.59 - - [12/Apr/2017:12:18:30 +0200] "GET /entry.php?id=10271&&ser=992250 HTTP/1.1" 200 987 "http://ed.activities.at/entry.php?id=10271&&ser=992189" "Mozilla/5.0 (Windows NT 10.0; Win64; x64) AppleWebKit/537.36 (KHTML, like Gecko) Chrome/57.0.2987.133 Safari/537.36"
212.108.43.59 - - [12/Apr/2017:12:18:31 +0200] "GET /gui/javascript/form_form.js?1491992311 HTTP/1.1" 200 16206 "http://ed.activities.at/entry.php?id=10271&&ser=992250" "Mozilla/5.0 (Windows NT 10.0; Win64; x64) AppleWebKit/537.36 (KHTML, like Gecko) Chrome/57.0.2987.133 Safari/537.36"
212.108.43.59 - - [12/Apr/2017:12:18:54 +0200] "GET /entry.php?id=10271&&ser=992273 HTTP/1.1" 200 987 "http://ed.activities.at/entry.php?id=10271&&ser=992213" "Mozilla/5.0 (Windows NT 10.0; Win64; x64) AppleWebKit/537.36 (KHTML, like Gecko) Chrome/57.0.2987.133 Safari/537.36"
212.108.43.59 - - [12/Apr/2017:12:18:54 +0200] "GET /gui/javascript/form_form.js?1491992334 HTTP/1.1" 200 16206 "http://ed.activities.at/entry.php?id=10271&&ser=992273" "Mozilla/5.0 (Windows NT 10.0; Win64; x64) AppleWebKit/537.36 (KHTML, like Gecko) Chrome/57.0.2987.133 Safari/537.36"
212.108.43.59 - - [12/Apr/2017:12:19:02 +0200] "GET /entry.php?id=10271&&ser=992282 HTTP/1.1" 200 987 "http://ed.activities.at/entry.php?id=10271&&ser=992222" "Mozilla/5.0 (Windows NT 10.0; Win64; x64) AppleWebKit/537.36 (KHTML, like Gecko) Chrome/57.0.2987.133 Safari/537.36"
212.108.43.59 - - [12/Apr/2017:12:19:02 +0200] "GET /gui/javascript/form_form.js?1491992342 HTTP/1.1" 200 16206 "http://ed.activities.at/entry.php?id=10271&&ser=992282" "Mozilla/5.0 (Windows NT 10.0; Win64; x64) AppleWebKit/537.36 (KHTML, like Gecko) Chrome/57.0.2987.133 Safari/537.36"
80.123.94.70 - - [12/Apr/2017:12:19:02 +0200] "GET /entry.php?id=10271&&ser=992282 HTTP/1.1" 200 987 "http://ed.activities.at/entry.php?id=10271&&ser=992222" "Mozilla/5.0 (Windows NT 10.0; WOW64) AppleWebKit/537.36 (KHTML, like Gecko) Chrome/57.0.2987.133 Safari/537.36"
80.123.94.70 - - [12/Apr/2017:12:19:03 +0200] "GET /gui/javascript/form_form.js?1491992343 HTTP/1.1" 200 16206 "http://ed.activities.at/entry.php?id=10271&&ser=992282" "Mozilla/5.0 (Windows NT 10.0; WOW64) AppleWebKit/537.36 (KHTML, like Gecko) Chrome/57.0.2987.133 Safari/537.36"
212.108.43.59 - - [12/Apr/2017:12:19:31 +0200] "GET /entry.php?id=10271&&ser=992311 HTTP/1.1" 200 987 "http://ed.activities.at/entry.php?id=10271&&ser=992250" "Mozilla/5.0 (Windows NT 10.0; Win64; x64) AppleWebKit/537.36 (KHTML, like Gecko) Chrome/57.0.2987.133 Safari/537.36"
212.108.43.59 - - [12/Apr/2017:12:19:32 +0200] "GET /gui/javascript/form_form.js?1491992372 HTTP/1.1" 200 16206 "http://ed.activities.at/entry.php?id=10271&&ser=992311" "Mozilla/5.0 (Windows NT 10.0; Win64; x64) AppleWebKit/537.36 (KHTML, like Gecko) Chrome/57.0.2987.133 Safari/537.36"
212.108.43.59 - - [12/Apr/2017:12:19:54 +0200] "GET /entry.php?id=10271&&ser=992334 HTTP/1.1" 200 987 "http://ed.activities.at/entry.php?id=10271&&ser=992273" "Mozilla/5.0 (Windows NT 10.0; Win64; x64) AppleWebKit/537.36 (KHTML, like Gecko) Chrome/57.0.2987.133 Safari/537.36"
212.108.43.59 - - [12/Apr/2017:12:19:54 +0200] "GET /gui/javascript/form_form.js?1491992394 HTTP/1.1" 200 16206 "http://ed.activities.at/entry.php?id=10271&&ser=992334" "Mozilla/5.0 (Windows NT 10.0; Win64; x64) AppleWebKit/537.36 (KHTML, like Gecko) Chrome/57.0.2987.133 Safari/537.36"
212.108.43.59 - - [12/Apr/2017:12:20:03 +0200] "GET /entry.php?id=10271&&ser=992342 HTTP/1.1" 200 986 "http://ed.activities.at/entry.php?id=10271&&ser=992282" "Mozilla/5.0 (Windows NT 10.0; Win64; x64) AppleWebKit/537.36 (KHTML, like Gecko) Chrome/57.0.2987.133 Safari/537.36"
212.108.43.59 - - [12/Apr/2017:12:20:03 +0200] "GET /gui/javascript/form_form.js?1491992403 HTTP/1.1" 200 16206 "http://ed.activities.at/entry.php?id=10271&&ser=992342" "Mozilla/5.0 (Windows NT 10.0; Win64; x64) AppleWebKit/537.36 (KHTML, like Gecko) Chrome/57.0.2987.133 Safari/537.36"
80.123.94.70 - - [12/Apr/2017:12:20:03 +0200] "GET /entry.php?id=10271&&ser=992343 HTTP/1.1" 200 986 "http://ed.activities.at/entry.php?id=10271&&ser=992282" "Mozilla/5.0 (Windows NT 10.0; WOW64) AppleWebKit/537.36 (KHTML, like Gecko) Chrome/57.0.2987.133 Safari/537.36"
80.123.94.70 - - [12/Apr/2017:12:20:03 +0200] "GET /gui/javascript/form_form.js?1491992403 HTTP/1.1" 200 16206 "http://ed.activities.at/entry.php?id=10271&&ser=992343" "Mozilla/5.0 (Windows NT 10.0; WOW64) AppleWebKit/537.36 (KHTML, like Gecko) Chrome/57.0.2987.133 Safari/537.36"
212.108.43.59 - - [12/Apr/2017:12:20:32 +0200] "GET /entry.php?id=10271&&ser=992372 HTTP/1.1" 200 987 "http://ed.activities.at/entry.php?id=10271&&ser=992311" "Mozilla/5.0 (Windows NT 10.0; Win64; x64) AppleWebKit/537.36 (KHTML, like Gecko) Chrome/57.0.2987.133 Safari/537.36"
212.108.43.59 - - [12/Apr/2017:12:20:33 +0200] "GET /gui/javascript/form_form.js?1491992433 HTTP/1.1" 200 16206 "http://ed.activities.at/entry.php?id=10271&&ser=992372" "Mozilla/5.0 (Windows NT 10.0; Win64; x64) AppleWebKit/537.36 (KHTML, like Gecko) Chrome/57.0.2987.133 Safari/537.36"
212.108.43.59 - - [12/Apr/2017:12:20:54 +0200] "GET /entry.php?id=10271&&ser=992394 HTTP/1.1" 200 987 "http://ed.activities.at/entry.php?id=10271&&ser=992334" "Mozilla/5.0 (Windows NT 10.0; Win64; x64) AppleWebKit/537.36 (KHTML, like Gecko) Chrome/57.0.2987.133 Safari/537.36"
212.108.43.59 - - [12/Apr/2017:12:20:54 +0200] "GET /gui/javascript/form_form.js?1491992454 HTTP/1.1" 200 16206 "http://ed.activities.at/entry.php?id=10271&&ser=992394" "Mozilla/5.0 (Windows NT 10.0; Win64; x64) AppleWebKit/537.36 (KHTML, like Gecko) Chrome/57.0.2987.133 Safari/537.36"
212.108.43.59 - - [12/Apr/2017:12:21:03 +0200] "GET /entry.php?id=10271&&ser=992403 HTTP/1.1" 200 987 "http://ed.activities.at/entry.php?id=10271&&ser=992342" "Mozilla/5.0 (Windows NT 10.0; Win64; x64) AppleWebKit/537.36 (KHTML, like Gecko) Chrome/57.0.2987.133 Safari/537.36"
212.108.43.59 - - [12/Apr/2017:12:21:03 +0200] "GET /gui/javascript/form_form.js?1491992463 HTTP/1.1" 200 16206 "http://ed.activities.at/entry.php?id=10271&&ser=992403" "Mozilla/5.0 (Windows NT 10.0; Win64; x64) AppleWebKit/537.36 (KHTML, like Gecko) Chrome/57.0.2987.133 Safari/537.36"
80.123.94.70 - - [12/Apr/2017:12:21:03 +0200] "GET /entry.php?id=10271&&ser=992403 HTTP/1.1" 200 987 "http://ed.activities.at/entry.php?id=10271&&ser=992343" "Mozilla/5.0 (Windows NT 10.0; WOW64) AppleWebKit/537.36 (KHTML, like Gecko) Chrome/57.0.2987.133 Safari/537.36"
80.123.94.70 - - [12/Apr/2017:12:21:03 +0200] "GET /gui/javascript/form_form.js?1491992463 HTTP/1.1" 200 16206 "http://ed.activities.at/entry.php?id=10271&&ser=992403" "Mozilla/5.0 (Windows NT 10.0; WOW64) AppleWebKit/537.36 (KHTML, like Gecko) Chrome/57.0.2987.133 Safari/537.36"
212.108.43.59 - - [12/Apr/2017:12:21:33 +0200] "GET /entry.php?id=10271&&ser=992433 HTTP/1.1" 200 987 "http://ed.activities.at/entry.php?id=10271&&ser=992372" "Mozilla/5.0 (Windows NT 10.0; Win64; x64) AppleWebKit/537.36 (KHTML, like Gecko) Chrome/57.0.2987.133 Safari/537.36"
212.108.43.59 - - [12/Apr/2017:12:21:34 +0200] "GET /gui/javascript/form_form.js?1491992494 HTTP/1.1" 200 16206 "http://ed.activities.at/entry.php?id=10271&&ser=992433" "Mozilla/5.0 (Windows NT 10.0; Win64; x64) AppleWebKit/537.36 (KHTML, like Gecko) Chrome/57.0.2987.133 Safari/537.36"
212.108.43.59 - - [12/Apr/2017:12:21:55 +0200] "GET /entry.php?id=10271&&ser=992454 HTTP/1.1" 200 987 "http://ed.activities.at/entry.php?id=10271&&ser=992394" "Mozilla/5.0 (Windows NT 10.0; Win64; x64) AppleWebKit/537.36 (KHTML, like Gecko) Chrome/57.0.2987.133 Safari/537.36"
212.108.43.59 - - [12/Apr/2017:12:21:55 +0200] "GET /gui/javascript/form_form.js?1491992515 HTTP/1.1" 200 16206 "http://ed.activities.at/entry.php?id=10271&&ser=992454" "Mozilla/5.0 (Windows NT 10.0; Win64; x64) AppleWebKit/537.36 (KHTML, like Gecko) Chrome/57.0.2987.133 Safari/537.36"
212.108.43.59 - - [12/Apr/2017:12:22:03 +0200] "GET /entry.php?id=10271&&ser=992463 HTTP/1.1" 200 987 "http://ed.activities.at/entry.php?id=10271&&ser=992403" "Mozilla/5.0 (Windows NT 10.0; Win64; x64) AppleWebKit/537.36 (KHTML, like Gecko) Chrome/57.0.2987.133 Safari/537.36"
212.108.43.59 - - [12/Apr/2017:12:22:04 +0200] "GET /gui/javascript/form_form.js?1491992523 HTTP/1.1" 200 16206 "http://ed.activities.at/entry.php?id=10271&&ser=992463" "Mozilla/5.0 (Windows NT 10.0; Win64; x64) AppleWebKit/537.36 (KHTML, like Gecko) Chrome/57.0.2987.133 Safari/537.36"
80.123.94.70 - - [12/Apr/2017:12:22:04 +0200] "GET /entry.php?id=10271&&ser=992463 HTTP/1.1" 200 987 "http://ed.activities.at/entry.php?id=10271&&ser=992403" "Mozilla/5.0 (Windows NT 10.0; WOW64) AppleWebKit/537.36 (KHTML, like Gecko) Chrome/57.0.2987.133 Safari/537.36"
80.123.94.70 - - [12/Apr/2017:12:22:04 +0200] "GET /gui/javascript/form_form.js?1491992524 HTTP/1.1" 200 16206 "http://ed.activities.at/entry.php?id=10271&&ser=992463" "Mozilla/5.0 (Windows NT 10.0; WOW64) AppleWebKit/537.36 (KHTML, like Gecko) Chrome/57.0.2987.133 Safari/537.36"
212.108.43.59 - - [12/Apr/2017:12:22:34 +0200] "GET /entry.php?id=10271&&ser=992494 HTTP/1.1" 200 988 "http://ed.activities.at/entry.php?id=10271&&ser=992433" "Mozilla/5.0 (Windows NT 10.0; Win64; x64) AppleWebKit/537.36 (KHTML, like Gecko) Chrome/57.0.2987.133 Safari/537.36"
212.108.43.59 - - [12/Apr/2017:12:22:35 +0200] "GET /gui/javascript/form_form.js?1491992555 HTTP/1.1" 200 16206 "http://ed.activities.at/entry.php?id=10271&&ser=992494" "Mozilla/5.0 (Windows NT 10.0; Win64; x64) AppleWebKit/537.36 (KHTML, like Gecko) Chrome/57.0.2987.133 Safari/537.36"
212.108.43.59 - - [12/Apr/2017:12:22:55 +0200] "GET /entry.php?id=10271&&ser=992515 HTTP/1.1" 200 987 "http://ed.activities.at/entry.php?id=10271&&ser=992454" "Mozilla/5.0 (Windows NT 10.0; Win64; x64) AppleWebKit/537.36 (KHTML, like Gecko) Chrome/57.0.2987.133 Safari/537.36"
212.108.43.59 - - [12/Apr/2017:12:22:55 +0200] "GET /gui/javascript/form_form.js?1491992575 HTTP/1.1" 200 16206 "http://ed.activities.at/entry.php?id=10271&&ser=992515" "Mozilla/5.0 (Windows NT 10.0; Win64; x64) AppleWebKit/537.36 (KHTML, like Gecko) Chrome/57.0.2987.133 Safari/537.36"
212.108.43.59 - - [12/Apr/2017:12:23:04 +0200] "GET /entry.php?id=10271&&ser=992523 HTTP/1.1" 200 987 "http://ed.activities.at/entry.php?id=10271&&ser=992463" "Mozilla/5.0 (Windows NT 10.0; Win64; x64) AppleWebKit/537.36 (KHTML, like Gecko) Chrome/57.0.2987.133 Safari/537.36"
212.108.43.59 - - [12/Apr/2017:12:23:04 +0200] "GET /gui/javascript/form_form.js?1491992584 HTTP/1.1" 200 16206 "http://ed.activities.at/entry.php?id=10271&&ser=992523" "Mozilla/5.0 (Windows NT 10.0; Win64; x64) AppleWebKit/537.36 (KHTML, like Gecko) Chrome/57.0.2987.133 Safari/537.36"
80.123.94.70 - - [12/Apr/2017:12:23:04 +0200] "GET /entry.php?id=10271&&ser=992524 HTTP/1.1" 200 987 "http://ed.activities.at/entry.php?id=10271&&ser=992463" "Mozilla/5.0 (Windows NT 10.0; WOW64) AppleWebKit/537.36 (KHTML, like Gecko) Chrome/57.0.2987.133 Safari/537.36"
80.123.94.70 - - [12/Apr/2017:12:23:04 +0200] "GET /gui/javascript/form_form.js?1491992584 HTTP/1.1" 200 16206 "http://ed.activities.at/entry.php?id=10271&&ser=992524" "Mozilla/5.0 (Windows NT 10.0; WOW64) AppleWebKit/537.36 (KHTML, like Gecko) Chrome/57.0.2987.133 Safari/537.36"
212.108.43.59 - - [12/Apr/2017:12:23:35 +0200] "GET /entry.php?id=10271&&ser=992555 HTTP/1.1" 200 987 "http://ed.activities.at/entry.php?id=10271&&ser=992494" "Mozilla/5.0 (Windows NT 10.0; Win64; x64) AppleWebKit/537.36 (KHTML, like Gecko) Chrome/57.0.2987.133 Safari/537.36"
212.108.43.59 - - [12/Apr/2017:12:23:36 +0200] "GET /gui/javascript/form_form.js?1491992616 HTTP/1.1" 200 16206 "http://ed.activities.at/entry.php?id=10271&&ser=992555" "Mozilla/5.0 (Windows NT 10.0; Win64; x64) AppleWebKit/537.36 (KHTML, like Gecko) Chrome/57.0.2987.133 Safari/537.36"
212.108.43.59 - - [12/Apr/2017:12:23:55 +0200] "GET /entry.php?id=10271&&ser=992575 HTTP/1.1" 200 987 "http://ed.activities.at/entry.php?id=10271&&ser=992515" "Mozilla/5.0 (Windows NT 10.0; Win64; x64) AppleWebKit/537.36 (KHTML, like Gecko) Chrome/57.0.2987.133 Safari/537.36"
212.108.43.59 - - [12/Apr/2017:12:23:55 +0200] "GET /gui/javascript/form_form.js?1491992635 HTTP/1.1" 200 16206 "http://ed.activities.at/entry.php?id=10271&&ser=992575" "Mozilla/5.0 (Windows NT 10.0; Win64; x64) AppleWebKit/537.36 (KHTML, like Gecko) Chrome/57.0.2987.133 Safari/537.36"
212.108.43.59 - - [12/Apr/2017:12:24:04 +0200] "GET /entry.php?id=10271&&ser=992584 HTTP/1.1" 200 987 "http://ed.activities.at/entry.php?id=10271&&ser=992523" "Mozilla/5.0 (Windows NT 10.0; Win64; x64) AppleWebKit/537.36 (KHTML, like Gecko) Chrome/57.0.2987.133 Safari/537.36"
212.108.43.59 - - [12/Apr/2017:12:24:04 +0200] "GET /gui/javascript/form_form.js?1491992644 HTTP/1.1" 200 16206 "http://ed.activities.at/entry.php?id=10271&&ser=992584" "Mozilla/5.0 (Windows NT 10.0; Win64; x64) AppleWebKit/537.36 (KHTML, like Gecko) Chrome/57.0.2987.133 Safari/537.36"
80.123.94.70 - - [12/Apr/2017:12:24:04 +0200] "GET /entry.php?id=10271&&ser=992584 HTTP/1.1" 200 987 "http://ed.activities.at/entry.php?id=10271&&ser=992524" "Mozilla/5.0 (Windows NT 10.0; WOW64) AppleWebKit/537.36 (KHTML, like Gecko) Chrome/57.0.2987.133 Safari/537.36"
80.123.94.70 - - [12/Apr/2017:12:24:05 +0200] "GET /gui/javascript/form_form.js?1491992645 HTTP/1.1" 200 16206 "http://ed.activities.at/entry.php?id=10271&&ser=992584" "Mozilla/5.0 (Windows NT 10.0; WOW64) AppleWebKit/537.36 (KHTML, like Gecko) Chrome/57.0.2987.133 Safari/537.36"
212.108.43.59 - - [12/Apr/2017:12:24:36 +0200] "GET /entry.php?id=10271&&ser=992616 HTTP/1.1" 200 987 "http://ed.activities.at/entry.php?id=10271&&ser=992555" "Mozilla/5.0 (Windows NT 10.0; Win64; x64) AppleWebKit/537.36 (KHTML, like Gecko) Chrome/57.0.2987.133 Safari/537.36"
212.108.43.59 - - [12/Apr/2017:12:24:37 +0200] "GET /gui/javascript/form_form.js?1491992677 HTTP/1.1" 200 16206 "http://ed.activities.at/entry.php?id=10271&&ser=992616" "Mozilla/5.0 (Windows NT 10.0; Win64; x64) AppleWebKit/537.36 (KHTML, like Gecko) Chrome/57.0.2987.133 Safari/537.36"
212.108.43.59 - - [12/Apr/2017:12:24:56 +0200] "GET /entry.php?id=10271&&ser=992635 HTTP/1.1" 200 987 "http://ed.activities.at/entry.php?id=10271&&ser=992575" "Mozilla/5.0 (Windows NT 10.0; Win64; x64) AppleWebKit/537.36 (KHTML, like Gecko) Chrome/57.0.2987.133 Safari/537.36"
212.108.43.59 - - [12/Apr/2017:12:24:56 +0200] "GET /gui/javascript/form_form.js?1491992696 HTTP/1.1" 200 16206 "http://ed.activities.at/entry.php?id=10271&&ser=992635" "Mozilla/5.0 (Windows NT 10.0; Win64; x64) AppleWebKit/537.36 (KHTML, like Gecko) Chrome/57.0.2987.133 Safari/537.36"
212.108.43.59 - - [12/Apr/2017:12:25:04 +0200] "GET /entry.php?id=10271&&ser=992644 HTTP/1.1" 200 987 "http://ed.activities.at/entry.php?id=10271&&ser=992584" "Mozilla/5.0 (Windows NT 10.0; Win64; x64) AppleWebKit/537.36 (KHTML, like Gecko) Chrome/57.0.2987.133 Safari/537.36"
212.108.43.59 - - [12/Apr/2017:12:25:05 +0200] "GET /gui/javascript/form_form.js?1491992705 HTTP/1.1" 200 16206 "http://ed.activities.at/entry.php?id=10271&&ser=992644" "Mozilla/5.0 (Windows NT 10.0; Win64; x64) AppleWebKit/537.36 (KHTML, like Gecko) Chrome/57.0.2987.133 Safari/537.36"
80.123.94.70 - - [12/Apr/2017:12:25:05 +0200] "GET /entry.php?id=10271&&ser=992645 HTTP/1.1" 200 987 "http://ed.activities.at/entry.php?id=10271&&ser=992584" "Mozilla/5.0 (Windows NT 10.0; WOW64) AppleWebKit/537.36 (KHTML, like Gecko) Chrome/57.0.2987.133 Safari/537.36"
80.123.94.70 - - [12/Apr/2017:12:25:05 +0200] "GET /gui/javascript/form_form.js?1491992705 HTTP/1.1" 200 16206 "http://ed.activities.at/entry.php?id=10271&&ser=992645" "Mozilla/5.0 (Windows NT 10.0; WOW64) AppleWebKit/537.36 (KHTML, like Gecko) Chrome/57.0.2987.133 Safari/537.36"
212.108.43.59 - - [12/Apr/2017:12:25:37 +0200] "GET /entry.php?id=10271&&ser=992677 HTTP/1.1" 200 987 "http://ed.activities.at/entry.php?id=10271&&ser=992616" "Mozilla/5.0 (Windows NT 10.0; Win64; x64) AppleWebKit/537.36 (KHTML, like Gecko) Chrome/57.0.2987.133 Safari/537.36"
212.108.43.59 - - [12/Apr/2017:12:25:38 +0200] "GET /gui/javascript/form_form.js?1491992738 HTTP/1.1" 200 16206 "http://ed.activities.at/entry.php?id=10271&&ser=992677" "Mozilla/5.0 (Windows NT 10.0; Win64; x64) AppleWebKit/537.36 (KHTML, like Gecko) Chrome/57.0.2987.133 Safari/537.36"
212.108.43.59 - - [12/Apr/2017:12:25:56 +0200] "GET /entry.php?id=10271&&ser=992696 HTTP/1.1" 200 987 "http://ed.activities.at/entry.php?id=10271&&ser=992635" "Mozilla/5.0 (Windows NT 10.0; Win64; x64) AppleWebKit/537.36 (KHTML, like Gecko) Chrome/57.0.2987.133 Safari/537.36"
212.108.43.59 - - [12/Apr/2017:12:25:56 +0200] "GET /gui/javascript/form_form.js?1491992756 HTTP/1.1" 200 16206 "http://ed.activities.at/entry.php?id=10271&&ser=992696" "Mozilla/5.0 (Windows NT 10.0; Win64; x64) AppleWebKit/537.36 (KHTML, like Gecko) Chrome/57.0.2987.133 Safari/537.36"
212.108.43.59 - - [12/Apr/2017:12:26:05 +0200] "GET /entry.php?id=10271&&ser=992705 HTTP/1.1" 200 987 "http://ed.activities.at/entry.php?id=10271&&ser=992644" "Mozilla/5.0 (Windows NT 10.0; Win64; x64) AppleWebKit/537.36 (KHTML, like Gecko) Chrome/57.0.2987.133 Safari/537.36"
212.108.43.59 - - [12/Apr/2017:12:26:05 +0200] "GET /gui/javascript/form_form.js?1491992765 HTTP/1.1" 200 16206 "http://ed.activities.at/entry.php?id=10271&&ser=992705" "Mozilla/5.0 (Windows NT 10.0; Win64; x64) AppleWebKit/537.36 (KHTML, like Gecko) Chrome/57.0.2987.133 Safari/537.36"
80.123.94.70 - - [12/Apr/2017:12:26:05 +0200] "GET /entry.php?id=10271&&ser=992705 HTTP/1.1" 200 987 "http://ed.activities.at/entry.php?id=10271&&ser=992645" "Mozilla/5.0 (Windows NT 10.0; WOW64) AppleWebKit/537.36 (KHTML, like Gecko) Chrome/57.0.2987.133 Safari/537.36"
80.123.94.70 - - [12/Apr/2017:12:26:05 +0200] "GET /gui/javascript/form_form.js?1491992765 HTTP/1.1" 200 16206 "http://ed.activities.at/entry.php?id=10271&&ser=992705" "Mozilla/5.0 (Windows NT 10.0; WOW64) AppleWebKit/537.36 (KHTML, like Gecko) Chrome/57.0.2987.133 Safari/537.36"
212.108.43.59 - - [12/Apr/2017:12:26:38 +0200] "GET /entry.php?id=10271&&ser=992738 HTTP/1.1" 200 987 "http://ed.activities.at/entry.php?id=10271&&ser=992677" "Mozilla/5.0 (Windows NT 10.0; Win64; x64) AppleWebKit/537.36 (KHTML, like Gecko) Chrome/57.0.2987.133 Safari/537.36"
212.108.43.59 - - [12/Apr/2017:12:26:39 +0200] "GET /gui/javascript/form_form.js?1491992799 HTTP/1.1" 200 16206 "http://ed.activities.at/entry.php?id=10271&&ser=992738" "Mozilla/5.0 (Windows NT 10.0; Win64; x64) AppleWebKit/537.36 (KHTML, like Gecko) Chrome/57.0.2987.133 Safari/537.36"
212.108.43.59 - - [12/Apr/2017:12:26:56 +0200] "GET /entry.php?id=10271&&ser=992756 HTTP/1.1" 200 987 "http://ed.activities.at/entry.php?id=10271&&ser=992696" "Mozilla/5.0 (Windows NT 10.0; Win64; x64) AppleWebKit/537.36 (KHTML, like Gecko) Chrome/57.0.2987.133 Safari/537.36"
212.108.43.59 - - [12/Apr/2017:12:26:56 +0200] "GET /gui/javascript/form_form.js?1491992816 HTTP/1.1" 200 16206 "http://ed.activities.at/entry.php?id=10271&&ser=992756" "Mozilla/5.0 (Windows NT 10.0; Win64; x64) AppleWebKit/537.36 (KHTML, like Gecko) Chrome/57.0.2987.133 Safari/537.36"
212.108.43.59 - - [12/Apr/2017:12:27:05 +0200] "GET /entry.php?id=10271&&ser=992765 HTTP/1.1" 200 987 "http://ed.activities.at/entry.php?id=10271&&ser=992705" "Mozilla/5.0 (Windows NT 10.0; Win64; x64) AppleWebKit/537.36 (KHTML, like Gecko) Chrome/57.0.2987.133 Safari/537.36"
212.108.43.59 - - [12/Apr/2017:12:27:05 +0200] "GET /gui/javascript/form_form.js?1491992825 HTTP/1.1" 200 16206 "http://ed.activities.at/entry.php?id=10271&&ser=992765" "Mozilla/5.0 (Windows NT 10.0; Win64; x64) AppleWebKit/537.36 (KHTML, like Gecko) Chrome/57.0.2987.133 Safari/537.36"
80.123.94.70 - - [12/Apr/2017:12:27:05 +0200] "GET /entry.php?id=10271&&ser=992765 HTTP/1.1" 200 987 "http://ed.activities.at/entry.php?id=10271&&ser=992705" "Mozilla/5.0 (Windows NT 10.0; WOW64) AppleWebKit/537.36 (KHTML, like Gecko) Chrome/57.0.2987.133 Safari/537.36"
80.123.94.70 - - [12/Apr/2017:12:27:06 +0200] "GET /gui/javascript/form_form.js?1491992826 HTTP/1.1" 200 16206 "http://ed.activities.at/entry.php?id=10271&&ser=992765" "Mozilla/5.0 (Windows NT 10.0; WOW64) AppleWebKit/537.36 (KHTML, like Gecko) Chrome/57.0.2987.133 Safari/537.36"
212.108.43.59 - - [12/Apr/2017:12:27:39 +0200] "GET /entry.php?id=10271&&ser=992799 HTTP/1.1" 200 987 "http://ed.activities.at/entry.php?id=10271&&ser=992738" "Mozilla/5.0 (Windows NT 10.0; Win64; x64) AppleWebKit/537.36 (KHTML, like Gecko) Chrome/57.0.2987.133 Safari/537.36"
212.108.43.59 - - [12/Apr/2017:12:27:40 +0200] "GET /gui/javascript/form_form.js?1491992860 HTTP/1.1" 200 16206 "http://ed.activities.at/entry.php?id=10271&&ser=992799" "Mozilla/5.0 (Windows NT 10.0; Win64; x64) AppleWebKit/537.36 (KHTML, like Gecko) Chrome/57.0.2987.133 Safari/537.36"
212.108.43.59 - - [12/Apr/2017:12:27:57 +0200] "GET /entry.php?id=10271&&ser=992816 HTTP/1.1" 200 987 "http://ed.activities.at/entry.php?id=10271&&ser=992756" "Mozilla/5.0 (Windows NT 10.0; Win64; x64) AppleWebKit/537.36 (KHTML, like Gecko) Chrome/57.0.2987.133 Safari/537.36"
212.108.43.59 - - [12/Apr/2017:12:27:57 +0200] "GET /gui/javascript/form_form.js?1491992877 HTTP/1.1" 200 16206 "http://ed.activities.at/entry.php?id=10271&&ser=992816" "Mozilla/5.0 (Windows NT 10.0; Win64; x64) AppleWebKit/537.36 (KHTML, like Gecko) Chrome/57.0.2987.133 Safari/537.36"
212.108.43.59 - - [12/Apr/2017:12:28:05 +0200] "GET /entry.php?id=10271&&ser=992825 HTTP/1.1" 200 987 "http://ed.activities.at/entry.php?id=10271&&ser=992765" "Mozilla/5.0 (Windows NT 10.0; Win64; x64) AppleWebKit/537.36 (KHTML, like Gecko) Chrome/57.0.2987.133 Safari/537.36"
212.108.43.59 - - [12/Apr/2017:12:28:06 +0200] "GET /gui/javascript/form_form.js?1491992886 HTTP/1.1" 200 16206 "http://ed.activities.at/entry.php?id=10271&&ser=992825" "Mozilla/5.0 (Windows NT 10.0; Win64; x64) AppleWebKit/537.36 (KHTML, like Gecko) Chrome/57.0.2987.133 Safari/537.36"
80.123.94.70 - - [12/Apr/2017:12:28:06 +0200] "GET /entry.php?id=10271&&ser=992826 HTTP/1.1" 200 987 "http://ed.activities.at/entry.php?id=10271&&ser=992765" "Mozilla/5.0 (Windows NT 10.0; WOW64) AppleWebKit/537.36 (KHTML, like Gecko) Chrome/57.0.2987.133 Safari/537.36"
80.123.94.70 - - [12/Apr/2017:12:28:06 +0200] "GET /gui/javascript/form_form.js?1491992886 HTTP/1.1" 200 16206 "http://ed.activities.at/entry.php?id=10271&&ser=992826" "Mozilla/5.0 (Windows NT 10.0; WOW64) AppleWebKit/537.36 (KHTML, like Gecko) Chrome/57.0.2987.133 Safari/537.36"
212.108.43.59 - - [12/Apr/2017:12:28:40 +0200] "GET /entry.php?id=10271&&ser=992860 HTTP/1.1" 200 987 "http://ed.activities.at/entry.php?id=10271&&ser=992799" "Mozilla/5.0 (Windows NT 10.0; Win64; x64) AppleWebKit/537.36 (KHTML, like Gecko) Chrome/57.0.2987.133 Safari/537.36"
212.108.43.59 - - [12/Apr/2017:12:28:41 +0200] "GET /gui/javascript/form_form.js?1491992921 HTTP/1.1" 200 16206 "http://ed.activities.at/entry.php?id=10271&&ser=992860" "Mozilla/5.0 (Windows NT 10.0; Win64; x64) AppleWebKit/537.36 (KHTML, like Gecko) Chrome/57.0.2987.133 Safari/537.36"
212.108.43.59 - - [12/Apr/2017:12:28:57 +0200] "GET /entry.php?id=10271&&ser=992877 HTTP/1.1" 200 987 "http://ed.activities.at/entry.php?id=10271&&ser=992816" "Mozilla/5.0 (Windows NT 10.0; Win64; x64) AppleWebKit/537.36 (KHTML, like Gecko) Chrome/57.0.2987.133 Safari/537.36"
212.108.43.59 - - [12/Apr/2017:12:28:57 +0200] "GET /gui/javascript/form_form.js?1491992937 HTTP/1.1" 200 16206 "http://ed.activities.at/entry.php?id=10271&&ser=992877" "Mozilla/5.0 (Windows NT 10.0; Win64; x64) AppleWebKit/537.36 (KHTML, like Gecko) Chrome/57.0.2987.133 Safari/537.36"
212.108.43.59 - - [12/Apr/2017:12:29:06 +0200] "GET /entry.php?id=10271&&ser=992886 HTTP/1.1" 200 987 "http://ed.activities.at/entry.php?id=10271&&ser=992825" "Mozilla/5.0 (Windows NT 10.0; Win64; x64) AppleWebKit/537.36 (KHTML, like Gecko) Chrome/57.0.2987.133 Safari/537.36"
212.108.43.59 - - [12/Apr/2017:12:29:06 +0200] "GET /gui/javascript/form_form.js?1491992946 HTTP/1.1" 200 16206 "http://ed.activities.at/entry.php?id=10271&&ser=992886" "Mozilla/5.0 (Windows NT 10.0; Win64; x64) AppleWebKit/537.36 (KHTML, like Gecko) Chrome/57.0.2987.133 Safari/537.36"
80.123.94.70 - - [12/Apr/2017:12:29:06 +0200] "GET /entry.php?id=10271&&ser=992886 HTTP/1.1" 200 987 "http://ed.activities.at/entry.php?id=10271&&ser=992826" "Mozilla/5.0 (Windows NT 10.0; WOW64) AppleWebKit/537.36 (KHTML, like Gecko) Chrome/57.0.2987.133 Safari/537.36"
80.123.94.70 - - [12/Apr/2017:12:29:06 +0200] "GET /gui/javascript/form_form.js?1491992946 HTTP/1.1" 200 16206 "http://ed.activities.at/entry.php?id=10271&&ser=992886" "Mozilla/5.0 (Windows NT 10.0; WOW64) AppleWebKit/537.36 (KHTML, like Gecko) Chrome/57.0.2987.133 Safari/537.36"
212.108.43.59 - - [12/Apr/2017:12:29:41 +0200] "GET /entry.php?id=10271&&ser=992921 HTTP/1.1" 200 987 "http://ed.activities.at/entry.php?id=10271&&ser=992860" "Mozilla/5.0 (Windows NT 10.0; Win64; x64) AppleWebKit/537.36 (KHTML, like Gecko) Chrome/57.0.2987.133 Safari/537.36"
212.108.43.59 - - [12/Apr/2017:12:29:42 +0200] "GET /gui/javascript/form_form.js?1491992982 HTTP/1.1" 200 16206 "http://ed.activities.at/entry.php?id=10271&&ser=992921" "Mozilla/5.0 (Windows NT 10.0; Win64; x64) AppleWebKit/537.36 (KHTML, like Gecko) Chrome/57.0.2987.133 Safari/537.36"
212.108.43.59 - - [12/Apr/2017:12:29:57 +0200] "GET /entry.php?id=10271&&ser=992937 HTTP/1.1" 200 987 "http://ed.activities.at/entry.php?id=10271&&ser=992877" "Mozilla/5.0 (Windows NT 10.0; Win64; x64) AppleWebKit/537.36 (KHTML, like Gecko) Chrome/57.0.2987.133 Safari/537.36"
212.108.43.59 - - [12/Apr/2017:12:29:57 +0200] "GET /gui/javascript/form_form.js?1491992997 HTTP/1.1" 200 16206 "http://ed.activities.at/entry.php?id=10271&&ser=992937" "Mozilla/5.0 (Windows NT 10.0; Win64; x64) AppleWebKit/537.36 (KHTML, like Gecko) Chrome/57.0.2987.133 Safari/537.36"
212.108.43.59 - - [12/Apr/2017:12:30:06 +0200] "GET /entry.php?id=10271&&ser=992946 HTTP/1.1" 200 987 "http://ed.activities.at/entry.php?id=10271&&ser=992886" "Mozilla/5.0 (Windows NT 10.0; Win64; x64) AppleWebKit/537.36 (KHTML, like Gecko) Chrome/57.0.2987.133 Safari/537.36"
212.108.43.59 - - [12/Apr/2017:12:30:06 +0200] "GET /gui/javascript/form_form.js?1491993006 HTTP/1.1" 200 16206 "http://ed.activities.at/entry.php?id=10271&&ser=992946" "Mozilla/5.0 (Windows NT 10.0; Win64; x64) AppleWebKit/537.36 (KHTML, like Gecko) Chrome/57.0.2987.133 Safari/537.36"
80.123.94.70 - - [12/Apr/2017:12:30:07 +0200] "GET /entry.php?id=10271&&ser=992946 HTTP/1.1" 200 987 "http://ed.activities.at/entry.php?id=10271&&ser=992886" "Mozilla/5.0 (Windows NT 10.0; WOW64) AppleWebKit/537.36 (KHTML, like Gecko) Chrome/57.0.2987.133 Safari/537.36"
80.123.94.70 - - [12/Apr/2017:12:30:07 +0200] "GET /gui/javascript/form_form.js?1491993007 HTTP/1.1" 200 16206 "http://ed.activities.at/entry.php?id=10271&&ser=992946" "Mozilla/5.0 (Windows NT 10.0; WOW64) AppleWebKit/537.36 (KHTML, like Gecko) Chrome/57.0.2987.133 Safari/537.36"
212.108.43.59 - - [12/Apr/2017:12:30:42 +0200] "GET /entry.php?id=10271&&ser=992982 HTTP/1.1" 200 987 "http://ed.activities.at/entry.php?id=10271&&ser=992921" "Mozilla/5.0 (Windows NT 10.0; Win64; x64) AppleWebKit/537.36 (KHTML, like Gecko) Chrome/57.0.2987.133 Safari/537.36"
212.108.43.59 - - [12/Apr/2017:12:30:43 +0200] "GET /gui/javascript/form_form.js?1491993043 HTTP/1.1" 200 16206 "http://ed.activities.at/entry.php?id=10271&&ser=992982" "Mozilla/5.0 (Windows NT 10.0; Win64; x64) AppleWebKit/537.36 (KHTML, like Gecko) Chrome/57.0.2987.133 Safari/537.36"
80.123.94.70 - - [12/Apr/2017:12:30:45 +0200] "GET /entry.php?id=10287&login=1 HTTP/1.1" 200 2291 "http://ed.activities.at/entry.php?id=10273&" "Mozilla/5.0 (Windows NT 10.0; WOW64) AppleWebKit/537.36 (KHTML, like Gecko) Chrome/57.0.2987.133 Safari/537.36"
80.123.94.70 - - [12/Apr/2017:12:30:45 +0200] "GET /gui/javascript/form_form.js?1491993045 HTTP/1.1" 200 16206 "http://ed.activities.at/entry.php?id=10287&login=1" "Mozilla/5.0 (Windows NT 10.0; WOW64) AppleWebKit/537.36 (KHTML, like Gecko) Chrome/57.0.2987.133 Safari/537.36"
80.123.94.70 - - [12/Apr/2017:12:30:48 +0200] "POST /entry.php?id=10287& HTTP/1.1" 200 2367 "http://ed.activities.at/entry.php?id=10287&login=1" "Mozilla/5.0 (Windows NT 10.0; WOW64) AppleWebKit/537.36 (KHTML, like Gecko) Chrome/57.0.2987.133 Safari/537.36"
80.123.94.70 - - [12/Apr/2017:12:30:49 +0200] "GET /gui/javascript/form_form.js?1491993049 HTTP/1.1" 200 16206 "http://ed.activities.at/entry.php?id=10287&" "Mozilla/5.0 (Windows NT 10.0; WOW64) AppleWebKit/537.36 (KHTML, like Gecko) Chrome/57.0.2987.133 Safari/537.36"
80.123.94.70 - - [12/Apr/2017:12:30:49 +0200] "GET /entry.php?id=10271&&ser=992946 HTTP/1.1" 200 987 "http://ed.activities.at/entry.php?id=10271&&ser=992946" "Mozilla/5.0 (Windows NT 10.0; WOW64) AppleWebKit/537.36 (KHTML, like Gecko) Chrome/57.0.2987.133 Safari/537.36"
80.123.94.70 - - [12/Apr/2017:12:30:51 +0200] "GET /entry.php?id=11674 HTTP/1.1" 200 321 "http://ed.activities.at/entry.php?id=10270&__app__=10006038" "Mozilla/5.0 (Windows NT 10.0; WOW64) AppleWebKit/537.36 (KHTML, like Gecko) Chrome/57.0.2987.133 Safari/537.36"
80.123.94.70 - - [12/Apr/2017:12:30:51 +0200] "GET /entry.php?id=11675& HTTP/1.1" 200 2691 "http://ed.activities.at/entry.php?id=11674" "Mozilla/5.0 (Windows NT 10.0; WOW64) AppleWebKit/537.36 (KHTML, like Gecko) Chrome/57.0.2987.133 Safari/537.36"
80.123.94.70 - - [12/Apr/2017:12:30:51 +0200] "GET /gui/javascript/form_form.js?1491993051 HTTP/1.1" 200 16206 "http://ed.activities.at/entry.php?id=11675&" "Mozilla/5.0 (Windows NT 10.0; WOW64) AppleWebKit/537.36 (KHTML, like Gecko) Chrome/57.0.2987.133 Safari/537.36"
80.123.94.70 - - [12/Apr/2017:12:30:51 +0200] "GET /entry.php?id=10676&&title=Aktionen HTTP/1.1" 200 1388 "http://ed.activities.at/entry.php?id=11674" "Mozilla/5.0 (Windows NT 10.0; WOW64) AppleWebKit/537.36 (KHTML, like Gecko) Chrome/57.0.2987.133 Safari/537.36"
80.123.94.70 - - [12/Apr/2017:12:30:51 +0200] "GET /entry.php?id=11676& HTTP/1.1" 200 4382 "http://ed.activities.at/entry.php?id=11674" "Mozilla/5.0 (Windows NT 10.0; WOW64) AppleWebKit/537.36 (KHTML, like Gecko) Chrome/57.0.2987.133 Safari/537.36"
80.123.94.70 - - [12/Apr/2017:12:30:52 +0200] "GET /gui/javascript/form_form.js?1491993052 HTTP/1.1" 200 16206 "http://ed.activities.at/entry.php?id=11676&" "Mozilla/5.0 (Windows NT 10.0; WOW64) AppleWebKit/537.36 (KHTML, like Gecko) Chrome/57.0.2987.133 Safari/537.36"
80.123.94.70 - - [12/Apr/2017:12:30:51 +0200] "GET /entry.php?id=10776&form=11500&name=list& HTTP/1.1" 200 2450 "http://ed.activities.at/entry.php?id=11675&" "Mozilla/5.0 (Windows NT 10.0; WOW64) AppleWebKit/537.36 (KHTML, like Gecko) Chrome/57.0.2987.133 Safari/537.36"
80.123.94.70 - - [12/Apr/2017:12:30:51 +0200] "GET /entry.php?id=10778&form=11500&name=list& HTTP/1.1" 200 3349 "http://ed.activities.at/entry.php?id=11675&" "Mozilla/5.0 (Windows NT 10.0; WOW64) AppleWebKit/537.36 (KHTML, like Gecko) Chrome/57.0.2987.133 Safari/537.36"
80.123.94.70 - - [12/Apr/2017:12:30:56 +0200] "POST /entry.php?id=11676 HTTP/1.1" 200 4680 "http://ed.activities.at/entry.php?id=11676&" "Mozilla/5.0 (Windows NT 10.0; WOW64) AppleWebKit/537.36 (KHTML, like Gecko) Chrome/57.0.2987.133 Safari/537.36"
80.123.94.70 - - [12/Apr/2017:12:30:57 +0200] "GET /cache/emu/images/easy-drivers-wieselburg---info-point-von-ybbs10244068/jetztanmeldenjpg_266_150_0.jpg HTTP/1.1" 200 7381 "http://ed.activities.at/entry.php?id=11676" "Mozilla/5.0 (Windows NT 10.0; WOW64) AppleWebKit/537.36 (KHTML, like Gecko) Chrome/57.0.2987.133 Safari/537.36"
80.123.94.70 - - [12/Apr/2017:12:30:57 +0200] "GET /gui/javascript/form_form.js?1491993057 HTTP/1.1" 200 16206 "http://ed.activities.at/entry.php?id=11676" "Mozilla/5.0 (Windows NT 10.0; WOW64) AppleWebKit/537.36 (KHTML, like Gecko) Chrome/57.0.2987.133 Safari/537.36"
212.108.43.59 - - [12/Apr/2017:12:30:57 +0200] "GET /entry.php?id=10271&&ser=992997 HTTP/1.1" 200 987 "http://ed.activities.at/entry.php?id=10271&&ser=992937" "Mozilla/5.0 (Windows NT 10.0; Win64; x64) AppleWebKit/537.36 (KHTML, like Gecko) Chrome/57.0.2987.133 Safari/537.36"
212.108.43.59 - - [12/Apr/2017:12:30:58 +0200] "GET /gui/javascript/form_form.js?1491993058 HTTP/1.1" 200 16206 "http://ed.activities.at/entry.php?id=10271&&ser=992997" "Mozilla/5.0 (Windows NT 10.0; Win64; x64) AppleWebKit/537.36 (KHTML, like Gecko) Chrome/57.0.2987.133 Safari/537.36"
212.108.43.59 - - [12/Apr/2017:12:31:06 +0200] "GET /entry.php?id=10271&&ser=993006 HTTP/1.1" 200 987 "http://ed.activities.at/entry.php?id=10271&&ser=992946" "Mozilla/5.0 (Windows NT 10.0; Win64; x64) AppleWebKit/537.36 (KHTML, like Gecko) Chrome/57.0.2987.133 Safari/537.36"
212.108.43.59 - - [12/Apr/2017:12:31:06 +0200] "GET /gui/javascript/form_form.js?1491993066 HTTP/1.1" 200 16206 "http://ed.activities.at/entry.php?id=10271&&ser=993006" "Mozilla/5.0 (Windows NT 10.0; Win64; x64) AppleWebKit/537.36 (KHTML, like Gecko) Chrome/57.0.2987.133 Safari/537.36"
80.123.94.70 - - [12/Apr/2017:12:31:31 +0200] "POST /entry.php?id=11676 HTTP/1.1" 200 5005 "http://ed.activities.at/entry.php?id=11676" "Mozilla/5.0 (Windows NT 10.0; WOW64) AppleWebKit/537.36 (KHTML, like Gecko) Chrome/57.0.2987.133 Safari/537.36"
80.123.94.70 - - [12/Apr/2017:12:31:32 +0200] "GET /cache/emu/images/easy-drivers-wieselburg---info-point-von-ybbs10244068/jetztanmeldenjpg_266_150_0.jpg HTTP/1.1" 304 - "http://ed.activities.at/entry.php?id=11676" "Mozilla/5.0 (Windows NT 10.0; WOW64) AppleWebKit/537.36 (KHTML, like Gecko) Chrome/57.0.2987.133 Safari/537.36"
80.123.94.70 - - [12/Apr/2017:12:31:32 +0200] "GET /gui/javascript/form_form.js?1491993092 HTTP/1.1" 200 16206 "http://ed.activities.at/entry.php?id=11676" "Mozilla/5.0 (Windows NT 10.0; WOW64) AppleWebKit/537.36 (KHTML, like Gecko) Chrome/57.0.2987.133 Safari/537.36"
80.123.94.70 - - [12/Apr/2017:12:31:33 +0200] "POST /entry.php?id=11676 HTTP/1.1" 200 3221 "http://ed.activities.at/entry.php?id=11676" "Mozilla/5.0 (Windows NT 10.0; WOW64) AppleWebKit/537.36 (KHTML, like Gecko) Chrome/57.0.2987.133 Safari/537.36"
80.123.94.70 - - [12/Apr/2017:12:31:34 +0200] "GET /gui/javascript/form_form.js?1491993094 HTTP/1.1" 200 16206 "http://ed.activities.at/entry.php?id=11676" "Mozilla/5.0 (Windows NT 10.0; WOW64) AppleWebKit/537.36 (KHTML, like Gecko) Chrome/57.0.2987.133 Safari/537.36"
80.123.94.70 - - [12/Apr/2017:12:31:34 +0200] "GET /framework/webfx/javascript/tinymce/skins/lightgray/content.min.css HTTP/1.1" 404 327 "http://ed.activities.at/entry.php?id=11676" "Mozilla/5.0 (Windows NT 10.0; WOW64) AppleWebKit/537.36 (KHTML, like Gecko) Chrome/57.0.2987.133 Safari/537.36"
212.108.43.59 - - [12/Apr/2017:12:31:43 +0200] "GET /entry.php?id=10271&&ser=993043 HTTP/1.1" 200 987 "http://ed.activities.at/entry.php?id=10271&&ser=992982" "Mozilla/5.0 (Windows NT 10.0; Win64; x64) AppleWebKit/537.36 (KHTML, like Gecko) Chrome/57.0.2987.133 Safari/537.36"
212.108.43.59 - - [12/Apr/2017:12:31:44 +0200] "GET /gui/javascript/form_form.js?1491993104 HTTP/1.1" 200 16206 "http://ed.activities.at/entry.php?id=10271&&ser=993043" "Mozilla/5.0 (Windows NT 10.0; Win64; x64) AppleWebKit/537.36 (KHTML, like Gecko) Chrome/57.0.2987.133 Safari/537.36"
80.123.94.70 - - [12/Apr/2017:12:31:43 +0200] "POST /entry.php?id=11676 HTTP/1.1" 200 3606 "http://ed.activities.at/entry.php?id=11676" "Mozilla/5.0 (Windows NT 10.0; WOW64) AppleWebKit/537.36 (KHTML, like Gecko) Chrome/57.0.2987.133 Safari/537.36"
80.123.94.70 - - [12/Apr/2017:12:31:44 +0200] "GET /gui/javascript/form_form.js?1491993104 HTTP/1.1" 200 16206 "http://ed.activities.at/entry.php?id=11676" "Mozilla/5.0 (Windows NT 10.0; WOW64) AppleWebKit/537.36 (KHTML, like Gecko) Chrome/57.0.2987.133 Safari/537.36"
80.123.94.70 - - [12/Apr/2017:12:31:44 +0200] "GET /framework/webfx/javascript/tinymce/skins/lightgray/content.min.css HTTP/1.1" 404 327 "http://ed.activities.at/entry.php?id=11676" "Mozilla/5.0 (Windows NT 10.0; WOW64) AppleWebKit/537.36 (KHTML, like Gecko) Chrome/57.0.2987.133 Safari/537.36"
80.123.94.70 - - [12/Apr/2017:12:31:45 +0200] "POST /entry.php?id=11676 HTTP/1.1" 200 4702 "http://ed.activities.at/entry.php?id=11676" "Mozilla/5.0 (Windows NT 10.0; WOW64) AppleWebKit/537.36 (KHTML, like Gecko) Chrome/57.0.2987.133 Safari/537.36"
80.123.94.70 - - [12/Apr/2017:12:31:46 +0200] "GET /cache/emu/images/easy-drivers-wieselburg---info-point-von-ybbs10244068/jetztanmeldenjpg_266_150_0.jpg HTTP/1.1" 304 - "http://ed.activities.at/entry.php?id=11676" "Mozilla/5.0 (Windows NT 10.0; WOW64) AppleWebKit/537.36 (KHTML, like Gecko) Chrome/57.0.2987.133 Safari/537.36"
80.123.94.70 - - [12/Apr/2017:12:31:46 +0200] "GET /gui/javascript/form_form.js?1491993106 HTTP/1.1" 200 16206 "http://ed.activities.at/entry.php?id=11676" "Mozilla/5.0 (Windows NT 10.0; WOW64) AppleWebKit/537.36 (KHTML, like Gecko) Chrome/57.0.2987.133 Safari/537.36"
80.123.94.70 - - [12/Apr/2017:12:31:47 +0200] "POST /entry.php?id=11676 HTTP/1.1" 200 4975 "http://ed.activities.at/entry.php?id=11676" "Mozilla/5.0 (Windows NT 10.0; WOW64) AppleWebKit/537.36 (KHTML, like Gecko) Chrome/57.0.2987.133 Safari/537.36"
80.123.94.70 - - [12/Apr/2017:12:31:48 +0200] "GET /gui/javascript/form_form.js?1491993108 HTTP/1.1" 200 16206 "http://ed.activities.at/entry.php?id=11676" "Mozilla/5.0 (Windows NT 10.0; WOW64) AppleWebKit/537.36 (KHTML, like Gecko) Chrome/57.0.2987.133 Safari/537.36"
80.123.94.70 - - [12/Apr/2017:12:31:48 +0200] "POST /entry.php?id=11676 HTTP/1.1" 200 4669 "http://ed.activities.at/entry.php?id=11676" "Mozilla/5.0 (Windows NT 10.0; WOW64) AppleWebKit/537.36 (KHTML, like Gecko) Chrome/57.0.2987.133 Safari/537.36"
80.123.94.70 - - [12/Apr/2017:12:31:49 +0200] "GET /cache/emu/images/easy-drivers-wieselburg---info-point-von-ybbs10244079/fuehrerscheinajpg_266_150_0.jpg HTTP/1.1" 200 6836 "http://ed.activities.at/entry.php?id=11676" "Mozilla/5.0 (Windows NT 10.0; WOW64) AppleWebKit/537.36 (KHTML, like Gecko) Chrome/57.0.2987.133 Safari/537.36"
80.123.94.70 - - [12/Apr/2017:12:31:49 +0200] "GET /gui/javascript/form_form.js?1491993109 HTTP/1.1" 200 16206 "http://ed.activities.at/entry.php?id=11676" "Mozilla/5.0 (Windows NT 10.0; WOW64) AppleWebKit/537.36 (KHTML, like Gecko) Chrome/57.0.2987.133 Safari/537.36"
80.123.94.70 - - [12/Apr/2017:12:31:49 +0200] "GET /entry.php?id=10271&&ser=993049 HTTP/1.1" 200 987 "http://ed.activities.at/entry.php?id=10271&&ser=992946" "Mozilla/5.0 (Windows NT 10.0; WOW64) AppleWebKit/537.36 (KHTML, like Gecko) Chrome/57.0.2987.133 Safari/537.36"
