90.152.128.107 - - [12/Apr/2017:16:27:30 +0200] "GET /entry.php?id=11684& HTTP/1.1" 200 3830 "http://ed.activities.at/entry.php?id=11681" "Mozilla/5.0 (Windows NT 10.0; WOW64; rv:52.0) Gecko/20100101 Firefox/52.0"
90.152.128.107 - - [12/Apr/2017:16:27:30 +0200] "GET /gui/javascript/jquery/js/jquery.friendurl.js HTTP/1.1" 304 - "http://ed.activities.at/entry.php?id=11683&" "Mozilla/5.0 (Windows NT 10.0; WOW64; rv:52.0) Gecko/20100101 Firefox/52.0"
90.152.128.107 - - [12/Apr/2017:16:27:30 +0200] "GET /gui/javascript/form_ed_training_course.js HTTP/1.1" 304 - "http://ed.activities.at/entry.php?id=11683&" "Mozilla/5.0 (Windows NT 10.0; WOW64; rv:52.0) Gecko/20100101 Firefox/52.0"
90.152.128.107 - - [12/Apr/2017:16:27:30 +0200] "GET /framework/webfx/javascript/scrolltable/scrolltableIframe.js HTTP/1.1" 304 - "http://ed.activities.at/entry.php?id=11683&" "Mozilla/5.0 (Windows NT 10.0; WOW64; rv:52.0) Gecko/20100101 Firefox/52.0"
90.152.128.107 - - [12/Apr/2017:16:27:31 +0200] "GET /gui/images/icons/ajax_loading.gif HTTP/1.1" 304 - "http://ed.activities.at/entry.php?id=11683&" "Mozilla/5.0 (Windows NT 10.0; WOW64; rv:52.0) Gecko/20100101 Firefox/52.0"
90.152.128.107 - - [12/Apr/2017:16:27:31 +0200] "GET /activities/framework/fwx_trans.gif HTTP/1.1" 304 - "http://ed.activities.at/entry.php?id=11684&" "Mozilla/5.0 (Windows NT 10.0; WOW64; rv:52.0) Gecko/20100101 Firefox/52.0"
90.152.128.107 - - [12/Apr/2017:16:27:31 +0200] "GET /gui/images/icons/disabled_information.gif HTTP/1.1" 304 - "http://ed.activities.at/entry.php?id=11684&" "Mozilla/5.0 (Windows NT 10.0; WOW64; rv:52.0) Gecko/20100101 Firefox/52.0"
90.152.128.107 - - [12/Apr/2017:16:27:31 +0200] "GET /gui/images/icons/disabled_delete.gif HTTP/1.1" 304 - "http://ed.activities.at/entry.php?id=11684&" "Mozilla/5.0 (Windows NT 10.0; WOW64; rv:52.0) Gecko/20100101 Firefox/52.0"
90.152.128.107 - - [12/Apr/2017:16:27:31 +0200] "GET /gui/images/icons/disabled_lupe.gif HTTP/1.1" 304 - "http://ed.activities.at/entry.php?id=11684&" "Mozilla/5.0 (Windows NT 10.0; WOW64; rv:52.0) Gecko/20100101 Firefox/52.0"
90.152.128.107 - - [12/Apr/2017:16:27:31 +0200] "GET /entry.php?id=10776&form=11508&name=list& HTTP/1.1" 200 1965 "http://ed.activities.at/entry.php?id=11683&" "Mozilla/5.0 (Windows NT 10.0; WOW64; rv:52.0) Gecko/20100101 Firefox/52.0"
90.152.128.107 - - [12/Apr/2017:16:27:31 +0200] "GET /entry.php?id=10778&form=11508&name=list& HTTP/1.1" 200 4601 "http://ed.activities.at/entry.php?id=11683&" "Mozilla/5.0 (Windows NT 10.0; WOW64; rv:52.0) Gecko/20100101 Firefox/52.0"
90.152.128.107 - - [12/Apr/2017:16:27:32 +0200] "GET /framework/icons/fwx_trans.gif HTTP/1.1" 304 - "http://ed.activities.at/entry.php?id=10778&form=11508&name=list&" "Mozilla/5.0 (Windows NT 10.0; WOW64; rv:52.0) Gecko/20100101 Firefox/52.0"
90.152.128.107 - - [12/Apr/2017:16:27:32 +0200] "GET /gui/images/icons/disable_light.gif HTTP/1.1" 304 - "http://ed.activities.at/entry.php?id=10778&form=11508&name=list&" "Mozilla/5.0 (Windows NT 10.0; WOW64; rv:52.0) Gecko/20100101 Firefox/52.0"
90.152.128.107 - - [12/Apr/2017:16:27:32 +0200] "GET /gui/images/icons/information.gif HTTP/1.1" 304 - "http://ed.activities.at/entry.php?id=10778&form=11508&name=list&" "Mozilla/5.0 (Windows NT 10.0; WOW64; rv:52.0) Gecko/20100101 Firefox/52.0"
90.152.128.107 - - [12/Apr/2017:16:27:32 +0200] "GET /gui/images/icons/note_msg_icon.gif HTTP/1.1" 304 - "http://ed.activities.at/entry.php?id=10778&form=11508&name=list&" "Mozilla/5.0 (Windows NT 10.0; WOW64; rv:52.0) Gecko/20100101 Firefox/52.0"
90.152.128.107 - - [12/Apr/2017:16:27:32 +0200] "GET /gui/images/icons/filter_on.gif HTTP/1.1" 304 - "http://ed.activities.at/entry.php?id=10776&form=11508&name=list&" "Mozilla/5.0 (Windows NT 10.0; WOW64; rv:52.0) Gecko/20100101 Firefox/52.0"
90.152.128.107 - - [12/Apr/2017:16:27:32 +0200] "GET /gui/images/icons/lupe.gif HTTP/1.1" 304 - "http://ed.activities.at/entry.php?id=10776&form=11508&name=list&" "Mozilla/5.0 (Windows NT 10.0; WOW64; rv:52.0) Gecko/20100101 Firefox/52.0"
90.152.128.107 - - [12/Apr/2017:16:27:34 +0200] "GET /framework/icons/rowselect.gif HTTP/1.1" 304 - "http://ed.activities.at/entry.php?id=10778&form=11508&name=list&" "Mozilla/5.0 (Windows NT 10.0; WOW64; rv:52.0) Gecko/20100101 Firefox/52.0"
90.152.128.107 - - [12/Apr/2017:16:27:34 +0200] "POST /entry.php?id=11684 HTTP/1.1" 200 4016 "http://ed.activities.at/entry.php?id=11684&" "Mozilla/5.0 (Windows NT 10.0; WOW64; rv:52.0) Gecko/20100101 Firefox/52.0"
90.152.128.107 - - [12/Apr/2017:16:27:35 +0200] "GET /gui/javascript/form_form.js?1492007254 HTTP/1.1" 200 16206 "http://ed.activities.at/entry.php?id=11684" "Mozilla/5.0 (Windows NT 10.0; WOW64; rv:52.0) Gecko/20100101 Firefox/52.0"
90.152.128.107 - - [12/Apr/2017:16:27:34 +0200] "GET /entry.php?id=11375&object=10288828&chooser=true HTTP/1.1" 200 3211 "http://ed.activities.at/entry.php?id=10778&form=11508&name=list&" "Mozilla/5.0 (Windows NT 10.0; WOW64; rv:52.0) Gecko/20100101 Firefox/52.0"
90.152.128.107 - - [12/Apr/2017:16:27:35 +0200] "GET /gui/javascript/form_form.js?1492007255 HTTP/1.1" 200 16206 "http://ed.activities.at/entry.php?id=11375&object=10288828&chooser=true" "Mozilla/5.0 (Windows NT 10.0; WOW64; rv:52.0) Gecko/20100101 Firefox/52.0"
90.152.128.107 - - [12/Apr/2017:16:27:35 +0200] "GET /gui/javascript/form_emu_object_dump.js HTTP/1.1" 304 - "http://ed.activities.at/entry.php?id=11375&object=10288828&chooser=true" "Mozilla/5.0 (Windows NT 10.0; WOW64; rv:52.0) Gecko/20100101 Firefox/52.0"
212.108.43.59 - - [12/Apr/2017:16:27:46 +0200] "POST /entry.php?id=11684 HTTP/1.1" 200 4595 "http://ed.activities.at/entry.php?id=11684" "Mozilla/5.0 (Windows NT 10.0; Win64; x64) AppleWebKit/537.36 (KHTML, like Gecko) Chrome/57.0.2987.133 Safari/537.36"
212.108.43.59 - - [12/Apr/2017:16:27:47 +0200] "GET /gui/javascript/form_form.js?1492007266 HTTP/1.1" 200 16206 "http://ed.activities.at/entry.php?id=11684" "Mozilla/5.0 (Windows NT 10.0; Win64; x64) AppleWebKit/537.36 (KHTML, like Gecko) Chrome/57.0.2987.133 Safari/537.36"
212.108.43.59 - - [12/Apr/2017:16:27:47 +0200] "GET /framework/webfx/javascript/tinymce/skins/lightgray/content.min.css HTTP/1.1" 404 327 "http://ed.activities.at/entry.php?id=11684" "Mozilla/5.0 (Windows NT 10.0; Win64; x64) AppleWebKit/537.36 (KHTML, like Gecko) Chrome/57.0.2987.133 Safari/537.36"
212.108.43.59 - - [12/Apr/2017:16:27:49 +0200] "POST /entry.php?id=11684 HTTP/1.1" 200 3980 "http://ed.activities.at/entry.php?id=11684" "Mozilla/5.0 (Windows NT 10.0; Win64; x64) AppleWebKit/537.36 (KHTML, like Gecko) Chrome/57.0.2987.133 Safari/537.36"
212.108.43.59 - - [12/Apr/2017:16:27:49 +0200] "GET /gui/javascript/form_form.js?1492007269 HTTP/1.1" 200 16206 "http://ed.activities.at/entry.php?id=11684" "Mozilla/5.0 (Windows NT 10.0; Win64; x64) AppleWebKit/537.36 (KHTML, like Gecko) Chrome/57.0.2987.133 Safari/537.36"
90.152.128.107 - - [12/Apr/2017:16:27:50 +0200] "POST /entry.php?id=11684 HTTP/1.1" 200 4305 "http://ed.activities.at/entry.php?id=11684" "Mozilla/5.0 (Windows NT 10.0; WOW64; rv:52.0) Gecko/20100101 Firefox/52.0"
90.152.128.107 - - [12/Apr/2017:16:27:51 +0200] "GET /gui/javascript/form_form.js?1492007271 HTTP/1.1" 200 16206 "http://ed.activities.at/entry.php?id=11684" "Mozilla/5.0 (Windows NT 10.0; WOW64; rv:52.0) Gecko/20100101 Firefox/52.0"
212.108.43.59 - - [12/Apr/2017:16:27:55 +0200] "GET /entry.php?id=11681 HTTP/1.1" 200 328 "http://ed.activities.at/entry.php?id=10270&__app__=10006038" "Mozilla/5.0 (Windows NT 10.0; Win64; x64) AppleWebKit/537.36 (KHTML, like Gecko) Chrome/57.0.2987.133 Safari/537.36"
212.108.43.59 - - [12/Apr/2017:16:27:56 +0200] "GET /entry.php?id=10676&&title=Contentverwaltung HTTP/1.1" 200 1391 "http://ed.activities.at/entry.php?id=11681" "Mozilla/5.0 (Windows NT 10.0; Win64; x64) AppleWebKit/537.36 (KHTML, like Gecko) Chrome/57.0.2987.133 Safari/537.36"
212.108.43.59 - - [12/Apr/2017:16:27:56 +0200] "GET /gui/javascript/form_form.js?1492007276 HTTP/1.1" 200 16206 "http://ed.activities.at/entry.php?id=10676&&title=Contentverwaltung" "Mozilla/5.0 (Windows NT 10.0; Win64; x64) AppleWebKit/537.36 (KHTML, like Gecko) Chrome/57.0.2987.133 Safari/537.36"
212.108.43.59 - - [12/Apr/2017:16:27:56 +0200] "GET /entry.php?id=11683& HTTP/1.1" 200 2681 "http://ed.activities.at/entry.php?id=11681" "Mozilla/5.0 (Windows NT 10.0; Win64; x64) AppleWebKit/537.36 (KHTML, like Gecko) Chrome/57.0.2987.133 Safari/537.36"
212.108.43.59 - - [12/Apr/2017:16:27:56 +0200] "GET /entry.php?id=11684& HTTP/1.1" 200 3804 "http://ed.activities.at/entry.php?id=11681" "Mozilla/5.0 (Windows NT 10.0; Win64; x64) AppleWebKit/537.36 (KHTML, like Gecko) Chrome/57.0.2987.133 Safari/537.36"
212.108.43.59 - - [12/Apr/2017:16:27:56 +0200] "GET /entry.php?id=10778&form=11508&name=list& HTTP/1.1" 200 4481 "http://ed.activities.at/entry.php?id=11683&" "Mozilla/5.0 (Windows NT 10.0; Win64; x64) AppleWebKit/537.36 (KHTML, like Gecko) Chrome/57.0.2987.133 Safari/537.36"
212.108.43.59 - - [12/Apr/2017:16:27:56 +0200] "GET /entry.php?id=10776&form=11508&name=list& HTTP/1.1" 200 1895 "http://ed.activities.at/entry.php?id=11683&" "Mozilla/5.0 (Windows NT 10.0; Win64; x64) AppleWebKit/537.36 (KHTML, like Gecko) Chrome/57.0.2987.133 Safari/537.36"
90.152.128.107 - - [12/Apr/2017:16:27:56 +0200] "POST /entry.php?id=11684 HTTP/1.1" 200 4279 "http://ed.activities.at/entry.php?id=11684" "Mozilla/5.0 (Windows NT 10.0; WOW64; rv:52.0) Gecko/20100101 Firefox/52.0"
90.152.128.107 - - [12/Apr/2017:16:27:57 +0200] "GET /gui/javascript/form_form.js?1492007277 HTTP/1.1" 200 16206 "http://ed.activities.at/entry.php?id=11684" "Mozilla/5.0 (Windows NT 10.0; WOW64; rv:52.0) Gecko/20100101 Firefox/52.0"
212.108.43.59 - - [12/Apr/2017:16:28:01 +0200] "GET /entry.php?id=11674 HTTP/1.1" 200 321 "http://ed.activities.at/entry.php?id=10270&__app__=10006038" "Mozilla/5.0 (Windows NT 10.0; Win64; x64) AppleWebKit/537.36 (KHTML, like Gecko) Chrome/57.0.2987.133 Safari/537.36"
212.108.43.59 - - [12/Apr/2017:16:28:02 +0200] "GET /entry.php?id=10676&&title=Aktionen HTTP/1.1" 200 1387 "http://ed.activities.at/entry.php?id=11674" "Mozilla/5.0 (Windows NT 10.0; Win64; x64) AppleWebKit/537.36 (KHTML, like Gecko) Chrome/57.0.2987.133 Safari/537.36"
212.108.43.59 - - [12/Apr/2017:16:28:02 +0200] "GET /gui/javascript/form_form.js?1492007282 HTTP/1.1" 200 16206 "http://ed.activities.at/entry.php?id=10676&&title=Aktionen" "Mozilla/5.0 (Windows NT 10.0; Win64; x64) AppleWebKit/537.36 (KHTML, like Gecko) Chrome/57.0.2987.133 Safari/537.36"
212.108.43.59 - - [12/Apr/2017:16:28:02 +0200] "GET /entry.php?id=11676& HTTP/1.1" 200 4384 "http://ed.activities.at/entry.php?id=11674" "Mozilla/5.0 (Windows NT 10.0; Win64; x64) AppleWebKit/537.36 (KHTML, like Gecko) Chrome/57.0.2987.133 Safari/537.36"
212.108.43.59 - - [12/Apr/2017:16:28:03 +0200] "GET /gui/javascript/form_form.js?1492007283 HTTP/1.1" 200 16206 "http://ed.activities.at/entry.php?id=11676&" "Mozilla/5.0 (Windows NT 10.0; Win64; x64) AppleWebKit/537.36 (KHTML, like Gecko) Chrome/57.0.2987.133 Safari/537.36"
212.108.43.59 - - [12/Apr/2017:16:28:03 +0200] "GET /gui/images/icons/disabled_calendar.png HTTP/1.1" 200 640 "http://ed.activities.at/entry.php?id=11676&" "Mozilla/5.0 (Windows NT 10.0; Win64; x64) AppleWebKit/537.36 (KHTML, like Gecko) Chrome/57.0.2987.133 Safari/537.36"
212.108.43.59 - - [12/Apr/2017:16:28:02 +0200] "GET /entry.php?id=11675& HTTP/1.1" 200 2632 "http://ed.activities.at/entry.php?id=11674" "Mozilla/5.0 (Windows NT 10.0; Win64; x64) AppleWebKit/537.36 (KHTML, like Gecko) Chrome/57.0.2987.133 Safari/537.36"
212.108.43.59 - - [12/Apr/2017:16:28:03 +0200] "GET /entry.php?id=11681 HTTP/1.1" 200 328 "http://ed.activities.at/entry.php?id=10270&__app__=10006038" "Mozilla/5.0 (Windows NT 10.0; Win64; x64) AppleWebKit/537.36 (KHTML, like Gecko) Chrome/57.0.2987.133 Safari/537.36"
212.108.43.59 - - [12/Apr/2017:16:28:03 +0200] "GET /entry.php?id=10776&form=11500&name=list& HTTP/1.1" 200 2402 "http://ed.activities.at/entry.php?id=11675&" "Mozilla/5.0 (Windows NT 10.0; Win64; x64) AppleWebKit/537.36 (KHTML, like Gecko) Chrome/57.0.2987.133 Safari/537.36"
212.108.43.59 - - [12/Apr/2017:16:28:03 +0200] "GET /entry.php?id=10676&&title=Contentverwaltung HTTP/1.1" 200 1391 "http://ed.activities.at/entry.php?id=11681" "Mozilla/5.0 (Windows NT 10.0; Win64; x64) AppleWebKit/537.36 (KHTML, like Gecko) Chrome/57.0.2987.133 Safari/537.36"
212.108.43.59 - - [12/Apr/2017:16:28:03 +0200] "GET /entry.php?id=11684& HTTP/1.1" 200 3804 "http://ed.activities.at/entry.php?id=11681" "Mozilla/5.0 (Windows NT 10.0; Win64; x64) AppleWebKit/537.36 (KHTML, like Gecko) Chrome/57.0.2987.133 Safari/537.36"
212.108.43.59 - - [12/Apr/2017:16:28:03 +0200] "GET /entry.php?id=10778&form=11500&name=list& HTTP/1.1" 200 2636 "http://ed.activities.at/entry.php?id=11675&" "Mozilla/5.0 (Windows NT 10.0; Win64; x64) AppleWebKit/537.36 (KHTML, like Gecko) Chrome/57.0.2987.133 Safari/537.36"
212.108.43.59 - - [12/Apr/2017:16:28:04 +0200] "GET /gui/javascript/form_form.js?1492007284 HTTP/1.1" 200 16206 "http://ed.activities.at/entry.php?id=11684&" "Mozilla/5.0 (Windows NT 10.0; Win64; x64) AppleWebKit/537.36 (KHTML, like Gecko) Chrome/57.0.2987.133 Safari/537.36"
212.108.43.59 - - [12/Apr/2017:16:28:03 +0200] "GET /entry.php?id=11683& HTTP/1.1" 200 2681 "http://ed.activities.at/entry.php?id=11681" "Mozilla/5.0 (Windows NT 10.0; Win64; x64) AppleWebKit/537.36 (KHTML, like Gecko) Chrome/57.0.2987.133 Safari/537.36"
212.108.43.59 - - [12/Apr/2017:16:28:04 +0200] "GET /entry.php?id=10776&form=11508&name=list& HTTP/1.1" 200 1895 "http://ed.activities.at/entry.php?id=11683&" "Mozilla/5.0 (Windows NT 10.0; Win64; x64) AppleWebKit/537.36 (KHTML, like Gecko) Chrome/57.0.2987.133 Safari/537.36"
212.108.43.59 - - [12/Apr/2017:16:28:04 +0200] "GET /entry.php?id=10778&form=11508&name=list& HTTP/1.1" 200 4476 "http://ed.activities.at/entry.php?id=11683&" "Mozilla/5.0 (Windows NT 10.0; Win64; x64) AppleWebKit/537.36 (KHTML, like Gecko) Chrome/57.0.2987.133 Safari/537.36"
212.108.43.59 - - [12/Apr/2017:16:28:05 +0200] "GET /entry.php?id=10271&&ser=7225 HTTP/1.1" 200 987 "http://ed.activities.at/entry.php?id=10271&&ser=7164" "Mozilla/5.0 (Windows NT 10.0; Win64; x64) AppleWebKit/537.36 (KHTML, like Gecko) Chrome/57.0.2987.133 Safari/537.36"
212.108.43.59 - - [12/Apr/2017:16:28:05 +0200] "GET /gui/javascript/form_form.js?1492007285 HTTP/1.1" 200 16206 "http://ed.activities.at/entry.php?id=10271&&ser=7225" "Mozilla/5.0 (Windows NT 10.0; Win64; x64) AppleWebKit/537.36 (KHTML, like Gecko) Chrome/57.0.2987.133 Safari/537.36"
90.152.128.107 - - [12/Apr/2017:16:28:06 +0200] "GET /framework/icons/note_msg_icon.gif HTTP/1.1" 304 - "http://ed.activities.at/gui/styles/tmplDefault.css" "Mozilla/5.0 (Windows NT 10.0; WOW64; rv:52.0) Gecko/20100101 Firefox/52.0"
90.152.128.107 - - [12/Apr/2017:16:28:06 +0200] "GET /gui/javascript/jquery/css/gui-themes/images/ui-bg_flat_90_eeeeee_40x100.png HTTP/1.1" 304 - "http://ed.activities.at/gui/javascript/jquery/css/gui-themes/custom.min.css" "Mozilla/5.0 (Windows NT 10.0; WOW64; rv:52.0) Gecko/20100101 Firefox/52.0"
90.152.128.107 - - [12/Apr/2017:16:28:06 +0200] "GET /gui/javascript/jquery/css/gui-themes/images/ui-bg_flat_100_808080_40x100.png HTTP/1.1" 304 - "http://ed.activities.at/gui/javascript/jquery/css/gui-themes/custom.min.css" "Mozilla/5.0 (Windows NT 10.0; WOW64; rv:52.0) Gecko/20100101 Firefox/52.0"
90.152.128.107 - - [12/Apr/2017:16:28:06 +0200] "GET /gui/javascript/jquery/css/gui-themes/images/ui-icons_ffffff_256x240_ev.png HTTP/1.1" 304 - "http://ed.activities.at/gui/javascript/jquery/css/gui-themes/custom.min.css" "Mozilla/5.0 (Windows NT 10.0; WOW64; rv:52.0) Gecko/20100101 Firefox/52.0"
90.152.128.107 - - [12/Apr/2017:16:28:06 +0200] "GET /gui/javascript/jquery/css/gui-themes/images/ui-bg_flat_80_ece9d8_40x100.png HTTP/1.1" 304 - "http://ed.activities.at/gui/javascript/jquery/css/gui-themes/custom.min.css" "Mozilla/5.0 (Windows NT 10.0; WOW64; rv:52.0) Gecko/20100101 Firefox/52.0"
90.152.128.107 - - [12/Apr/2017:16:28:08 +0200] "GET /gui/javascript/jquery/css/gui-themes/images/ui-bg_flat_100_ffffff_40x100.png HTTP/1.1" 304 - "http://ed.activities.at/gui/javascript/jquery/css/gui-themes/custom.min.css" "Mozilla/5.0 (Windows NT 10.0; WOW64; rv:52.0) Gecko/20100101 Firefox/52.0"
90.152.128.107 - - [12/Apr/2017:16:28:08 +0200] "POST /entry.php?id=11684 HTTP/1.1" 200 4627 "http://ed.activities.at/entry.php?id=11684" "Mozilla/5.0 (Windows NT 10.0; WOW64; rv:52.0) Gecko/20100101 Firefox/52.0"
90.152.128.107 - - [12/Apr/2017:16:28:08 +0200] "GET /gui/javascript/form_form.js?1492007288 HTTP/1.1" 200 16206 "http://ed.activities.at/entry.php?id=11684" "Mozilla/5.0 (Windows NT 10.0; WOW64; rv:52.0) Gecko/20100101 Firefox/52.0"
90.152.128.107 - - [12/Apr/2017:16:28:08 +0200] "GET /framework/webfx/javascript/tinymce/tinymce.min.js HTTP/1.1" 304 - "http://ed.activities.at/entry.php?id=11684" "Mozilla/5.0 (Windows NT 10.0; WOW64; rv:52.0) Gecko/20100101 Firefox/52.0"
90.152.128.107 - - [12/Apr/2017:16:28:08 +0200] "GET /framework/webfx/javascript/tinymce/tinyEdit.js HTTP/1.1" 304 - "http://ed.activities.at/entry.php?id=11684" "Mozilla/5.0 (Windows NT 10.0; WOW64; rv:52.0) Gecko/20100101 Firefox/52.0"
212.108.43.59 - - [12/Apr/2017:16:28:08 +0200] "POST /entry.php?id=11684 HTTP/1.1" 200 3974 "http://ed.activities.at/entry.php?id=11684&" "Mozilla/5.0 (Windows NT 10.0; Win64; x64) AppleWebKit/537.36 (KHTML, like Gecko) Chrome/57.0.2987.133 Safari/537.36"
212.108.43.59 - - [12/Apr/2017:16:28:08 +0200] "GET /gui/javascript/form_form.js?1492007288 HTTP/1.1" 200 16206 "http://ed.activities.at/entry.php?id=11684" "Mozilla/5.0 (Windows NT 10.0; Win64; x64) AppleWebKit/537.36 (KHTML, like Gecko) Chrome/57.0.2987.133 Safari/537.36"
90.152.128.107 - - [12/Apr/2017:16:28:09 +0200] "GET /framework/webfx/javascript/tinymce/langs/de.js HTTP/1.1" 304 - "http://ed.activities.at/entry.php?id=11684" "Mozilla/5.0 (Windows NT 10.0; WOW64; rv:52.0) Gecko/20100101 Firefox/52.0"
90.152.128.107 - - [12/Apr/2017:16:28:09 +0200] "GET /framework/webfx/javascript/tinymce/themes/modern/theme.min.js HTTP/1.1" 304 - "http://ed.activities.at/entry.php?id=11684" "Mozilla/5.0 (Windows NT 10.0; WOW64; rv:52.0) Gecko/20100101 Firefox/52.0"
90.152.128.107 - - [12/Apr/2017:16:28:09 +0200] "GET /framework/webfx/javascript/tinymce/plugins/advlist/plugin.min.js HTTP/1.1" 304 - "http://ed.activities.at/entry.php?id=11684" "Mozilla/5.0 (Windows NT 10.0; WOW64; rv:52.0) Gecko/20100101 Firefox/52.0"
90.152.128.107 - - [12/Apr/2017:16:28:09 +0200] "GET /framework/webfx/javascript/tinymce/plugins/lists/plugin.min.js HTTP/1.1" 304 - "http://ed.activities.at/entry.php?id=11684" "Mozilla/5.0 (Windows NT 10.0; WOW64; rv:52.0) Gecko/20100101 Firefox/52.0"
90.152.128.107 - - [12/Apr/2017:16:28:09 +0200] "GET /framework/webfx/javascript/tinymce/plugins/preview/plugin.min.js HTTP/1.1" 304 - "http://ed.activities.at/entry.php?id=11684" "Mozilla/5.0 (Windows NT 10.0; WOW64; rv:52.0) Gecko/20100101 Firefox/52.0"
90.152.128.107 - - [12/Apr/2017:16:28:09 +0200] "GET /framework/webfx/javascript/tinymce/plugins/hr/plugin.min.js HTTP/1.1" 304 - "http://ed.activities.at/entry.php?id=11684" "Mozilla/5.0 (Windows NT 10.0; WOW64; rv:52.0) Gecko/20100101 Firefox/52.0"
90.152.128.107 - - [12/Apr/2017:16:28:09 +0200] "GET /framework/webfx/javascript/tinymce/plugins/anchor/plugin.min.js HTTP/1.1" 304 - "http://ed.activities.at/entry.php?id=11684" "Mozilla/5.0 (Windows NT 10.0; WOW64; rv:52.0) Gecko/20100101 Firefox/52.0"
90.152.128.107 - - [12/Apr/2017:16:28:09 +0200] "GET /framework/webfx/javascript/tinymce/plugins/pagebreak/plugin.min.js HTTP/1.1" 304 - "http://ed.activities.at/entry.php?id=11684" "Mozilla/5.0 (Windows NT 10.0; WOW64; rv:52.0) Gecko/20100101 Firefox/52.0"
90.152.128.107 - - [12/Apr/2017:16:28:09 +0200] "GET /framework/webfx/javascript/tinymce/plugins/searchreplace/plugin.min.js HTTP/1.1" 304 - "http://ed.activities.at/entry.php?id=11684" "Mozilla/5.0 (Windows NT 10.0; WOW64; rv:52.0) Gecko/20100101 Firefox/52.0"
90.152.128.107 - - [12/Apr/2017:16:28:09 +0200] "GET /framework/webfx/javascript/tinymce/plugins/wordcount/plugin.min.js HTTP/1.1" 304 - "http://ed.activities.at/entry.php?id=11684" "Mozilla/5.0 (Windows NT 10.0; WOW64; rv:52.0) Gecko/20100101 Firefox/52.0"
90.152.128.107 - - [12/Apr/2017:16:28:09 +0200] "GET /framework/webfx/javascript/tinymce/plugins/visualchars/plugin.min.js HTTP/1.1" 304 - "http://ed.activities.at/entry.php?id=11684" "Mozilla/5.0 (Windows NT 10.0; WOW64; rv:52.0) Gecko/20100101 Firefox/52.0"
90.152.128.107 - - [12/Apr/2017:16:28:09 +0200] "GET /framework/webfx/javascript/tinymce/plugins/visualblocks/plugin.min.js HTTP/1.1" 304 - "http://ed.activities.at/entry.php?id=11684" "Mozilla/5.0 (Windows NT 10.0; WOW64; rv:52.0) Gecko/20100101 Firefox/52.0"
90.152.128.107 - - [12/Apr/2017:16:28:09 +0200] "GET /framework/webfx/javascript/tinymce/plugins/code/plugin.min.js HTTP/1.1" 304 - "http://ed.activities.at/entry.php?id=11684" "Mozilla/5.0 (Windows NT 10.0; WOW64; rv:52.0) Gecko/20100101 Firefox/52.0"
90.152.128.107 - - [12/Apr/2017:16:28:09 +0200] "GET /framework/webfx/javascript/tinymce/plugins/nonbreaking/plugin.min.js HTTP/1.1" 304 - "http://ed.activities.at/entry.php?id=11684" "Mozilla/5.0 (Windows NT 10.0; WOW64; rv:52.0) Gecko/20100101 Firefox/52.0"
90.152.128.107 - - [12/Apr/2017:16:28:09 +0200] "GET /framework/webfx/javascript/tinymce/plugins/contextmenu/plugin.min.js HTTP/1.1" 304 - "http://ed.activities.at/entry.php?id=11684" "Mozilla/5.0 (Windows NT 10.0; WOW64; rv:52.0) Gecko/20100101 Firefox/52.0"
90.152.128.107 - - [12/Apr/2017:16:28:09 +0200] "GET /framework/webfx/javascript/tinymce/plugins/template/plugin.min.js HTTP/1.1" 304 - "http://ed.activities.at/entry.php?id=11684" "Mozilla/5.0 (Windows NT 10.0; WOW64; rv:52.0) Gecko/20100101 Firefox/52.0"
90.152.128.107 - - [12/Apr/2017:16:28:09 +0200] "GET /framework/webfx/javascript/tinymce/plugins/textcolor/plugin.min.js HTTP/1.1" 304 - "http://ed.activities.at/entry.php?id=11684" "Mozilla/5.0 (Windows NT 10.0; WOW64; rv:52.0) Gecko/20100101 Firefox/52.0"
90.152.128.107 - - [12/Apr/2017:16:28:09 +0200] "GET /framework/webfx/javascript/tinymce/plugins/paste/plugin.min.js HTTP/1.1" 304 - "http://ed.activities.at/entry.php?id=11684" "Mozilla/5.0 (Windows NT 10.0; WOW64; rv:52.0) Gecko/20100101 Firefox/52.0"
90.152.128.107 - - [12/Apr/2017:16:28:09 +0200] "GET /framework/webfx/javascript/tinymce/plugins/colorpicker/plugin.min.js HTTP/1.1" 304 - "http://ed.activities.at/entry.php?id=11684" "Mozilla/5.0 (Windows NT 10.0; WOW64; rv:52.0) Gecko/20100101 Firefox/52.0"
90.152.128.107 - - [12/Apr/2017:16:28:10 +0200] "GET /framework/webfx/javascript/tinymce/plugins/image/plugin.min.js HTTP/1.1" 304 - "http://ed.activities.at/entry.php?id=11684" "Mozilla/5.0 (Windows NT 10.0; WOW64; rv:52.0) Gecko/20100101 Firefox/52.0"
90.152.128.107 - - [12/Apr/2017:16:28:10 +0200] "GET /framework/webfx/javascript/tinymce/plugins/link/plugin.min.js HTTP/1.1" 304 - "http://ed.activities.at/entry.php?id=11684" "Mozilla/5.0 (Windows NT 10.0; WOW64; rv:52.0) Gecko/20100101 Firefox/52.0"
90.152.128.107 - - [12/Apr/2017:16:28:10 +0200] "GET /framework/webfx/javascript/tinymce/skins/lightgray/skin.min.css HTTP/1.1" 304 - "http://ed.activities.at/entry.php?id=11684" "Mozilla/5.0 (Windows NT 10.0; WOW64; rv:52.0) Gecko/20100101 Firefox/52.0"
90.152.128.107 - - [12/Apr/2017:16:28:10 +0200] "GET /framework/webfx/javascript/tinymce/skins/lightgray/content.min.css HTTP/1.1" 404 327 "http://ed.activities.at/entry.php?id=11684" "Mozilla/5.0 (Windows NT 10.0; WOW64; rv:52.0) Gecko/20100101 Firefox/52.0"
90.152.128.107 - - [12/Apr/2017:16:28:10 +0200] "GET /framework/webfx/javascript/tinymce/skins/lightgray/fonts/tinymce-small.woff HTTP/1.1" 304 - "http://ed.activities.at/framework/webfx/javascript/tinymce/skins/lightgray/skin.min.css" "Mozilla/5.0 (Windows NT 10.0; WOW64; rv:52.0) Gecko/20100101 Firefox/52.0"
90.152.128.107 - - [12/Apr/2017:16:28:17 +0200] "GET /entry.php?id=10271&&ser=7236 HTTP/1.1" 200 989 "http://ed.activities.at/entry.php?id=10271&UIN=84e887dd5f562c07121cefd9cba996a9" "Mozilla/5.0 (Windows NT 10.0; WOW64; rv:52.0) Gecko/20100101 Firefox/52.0"
90.152.128.107 - - [12/Apr/2017:16:28:17 +0200] "GET /gui/javascript/form_form.js?1492007297 HTTP/1.1" 200 16206 "http://ed.activities.at/entry.php?id=10271&&ser=7236" "Mozilla/5.0 (Windows NT 10.0; WOW64; rv:52.0) Gecko/20100101 Firefox/52.0"
212.108.43.59 - - [12/Apr/2017:16:29:03 +0200] "GET /framework/icons/note_msg_icon.gif HTTP/1.1" 200 1022 "http://ed.activities.at/gui/styles/tmplDefault.css" "Mozilla/5.0 (Windows NT 10.0; Win64; x64) AppleWebKit/537.36 (KHTML, like Gecko) Chrome/57.0.2987.133 Safari/537.36"
212.108.43.59 - - [12/Apr/2017:16:29:03 +0200] "GET /gui/javascript/jquery/css/gui-themes/images/ui-bg_flat_90_eeeeee_40x100.png HTTP/1.1" 200 180 "http://ed.activities.at/gui/javascript/jquery/css/gui-themes/custom.min.css" "Mozilla/5.0 (Windows NT 10.0; Win64; x64) AppleWebKit/537.36 (KHTML, like Gecko) Chrome/57.0.2987.133 Safari/537.36"
212.108.43.59 - - [12/Apr/2017:16:29:03 +0200] "GET /gui/javascript/jquery/css/gui-themes/images/ui-bg_flat_100_808080_40x100.png HTTP/1.1" 200 209 "http://ed.activities.at/gui/javascript/jquery/css/gui-themes/custom.min.css" "Mozilla/5.0 (Windows NT 10.0; Win64; x64) AppleWebKit/537.36 (KHTML, like Gecko) Chrome/57.0.2987.133 Safari/537.36"
212.108.43.59 - - [12/Apr/2017:16:29:03 +0200] "GET /gui/javascript/jquery/css/gui-themes/images/ui-icons_ffffff_256x240_ev.png HTTP/1.1" 200 6912 "http://ed.activities.at/gui/javascript/jquery/css/gui-themes/custom.min.css" "Mozilla/5.0 (Windows NT 10.0; Win64; x64) AppleWebKit/537.36 (KHTML, like Gecko) Chrome/57.0.2987.133 Safari/537.36"
212.108.43.59 - - [12/Apr/2017:16:29:03 +0200] "GET /gui/javascript/jquery/css/gui-themes/images/ui-bg_flat_80_ece9d8_40x100.png HTTP/1.1" 200 183 "http://ed.activities.at/gui/javascript/jquery/css/gui-themes/custom.min.css" "Mozilla/5.0 (Windows NT 10.0; Win64; x64) AppleWebKit/537.36 (KHTML, like Gecko) Chrome/57.0.2987.133 Safari/537.36"
212.108.43.59 - - [12/Apr/2017:16:29:05 +0200] "GET /gui/javascript/jquery/css/gui-themes/images/ui-bg_flat_100_ffffff_40x100.png HTTP/1.1" 200 178 "http://ed.activities.at/gui/javascript/jquery/css/gui-themes/custom.min.css" "Mozilla/5.0 (Windows NT 10.0; Win64; x64) AppleWebKit/537.36 (KHTML, like Gecko) Chrome/57.0.2987.133 Safari/537.36"
212.108.43.59 - - [12/Apr/2017:16:29:05 +0200] "POST /entry.php?id=11684 HTTP/1.1" 200 3969 "http://ed.activities.at/entry.php?id=11684" "Mozilla/5.0 (Windows NT 10.0; Win64; x64) AppleWebKit/537.36 (KHTML, like Gecko) Chrome/57.0.2987.133 Safari/537.36"
212.108.43.59 - - [12/Apr/2017:16:29:05 +0200] "GET /gui/javascript/form_form.js?1492007345 HTTP/1.1" 200 16206 "http://ed.activities.at/entry.php?id=11684" "Mozilla/5.0 (Windows NT 10.0; Win64; x64) AppleWebKit/537.36 (KHTML, like Gecko) Chrome/57.0.2987.133 Safari/537.36"
212.108.43.59 - - [12/Apr/2017:16:29:05 +0200] "GET /entry.php?id=10271&&ser=7285 HTTP/1.1" 200 987 "http://ed.activities.at/entry.php?id=10271&&ser=7225" "Mozilla/5.0 (Windows NT 10.0; Win64; x64) AppleWebKit/537.36 (KHTML, like Gecko) Chrome/57.0.2987.133 Safari/537.36"
212.108.43.59 - - [12/Apr/2017:16:29:06 +0200] "POST /entry.php?id=11684 HTTP/1.1" 200 3202 "http://ed.activities.at/entry.php?id=11684" "Mozilla/5.0 (Windows NT 10.0; Win64; x64) AppleWebKit/537.36 (KHTML, like Gecko) Chrome/57.0.2987.133 Safari/537.36"
212.108.43.59 - - [12/Apr/2017:16:29:07 +0200] "GET /gui/javascript/form_form.js?1492007347 HTTP/1.1" 200 16206 "http://ed.activities.at/entry.php?id=11684" "Mozilla/5.0 (Windows NT 10.0; Win64; x64) AppleWebKit/537.36 (KHTML, like Gecko) Chrome/57.0.2987.133 Safari/537.36"
212.108.43.59 - - [12/Apr/2017:16:29:07 +0200] "GET /framework/webfx/javascript/tinymce/skins/lightgray/content.min.css HTTP/1.1" 404 327 "http://ed.activities.at/entry.php?id=11684" "Mozilla/5.0 (Windows NT 10.0; Win64; x64) AppleWebKit/537.36 (KHTML, like Gecko) Chrome/57.0.2987.133 Safari/537.36"
90.152.128.107 - - [12/Apr/2017:16:29:17 +0200] "GET /entry.php?id=10271&&ser=7297 HTTP/1.1" 200 989 "http://ed.activities.at/entry.php?id=10271&&ser=7236" "Mozilla/5.0 (Windows NT 10.0; WOW64; rv:52.0) Gecko/20100101 Firefox/52.0"
90.152.128.107 - - [12/Apr/2017:16:29:17 +0200] "GET /gui/javascript/form_form.js?1492007357 HTTP/1.1" 200 16206 "http://ed.activities.at/entry.php?id=10271&&ser=7297" "Mozilla/5.0 (Windows NT 10.0; WOW64; rv:52.0) Gecko/20100101 Firefox/52.0"
212.108.43.59 - - [12/Apr/2017:16:29:19 +0200] "GET /entry.php?id=10921&chooserview=PinEditimages&view=PinEditimages HTTP/1.1" 200 447 "http://ed.activities.at/entry.php?id=11684" "Mozilla/5.0 (Windows NT 10.0; Win64; x64) AppleWebKit/537.36 (KHTML, like Gecko) Chrome/57.0.2987.133 Safari/537.36"
212.108.43.59 - - [12/Apr/2017:16:29:19 +0200] "GET /entry.php?id=10917&&but=&object=&class=&tag=&value=&chooserview=PinEditimages&function=&setlist= HTTP/1.1" 200 2106 "http://ed.activities.at/entry.php?id=10921&chooserview=PinEditimages&view=PinEditimages" "Mozilla/5.0 (Windows NT 10.0; Win64; x64) AppleWebKit/537.36 (KHTML, like Gecko) Chrome/57.0.2987.133 Safari/537.36"
212.108.43.59 - - [12/Apr/2017:16:29:19 +0200] "GET /gui/javascript/form_extlink.js HTTP/1.1" 200 945 "http://ed.activities.at/entry.php?id=10917&&but=&object=&class=&tag=&value=&chooserview=PinEditimages&function=&setlist=" "Mozilla/5.0 (Windows NT 10.0; Win64; x64) AppleWebKit/537.36 (KHTML, like Gecko) Chrome/57.0.2987.133 Safari/537.36"
212.108.43.59 - - [12/Apr/2017:16:29:19 +0200] "GET /gui/javascript/form_form.js?1492007359 HTTP/1.1" 200 16206 "http://ed.activities.at/entry.php?id=10917&&but=&object=&class=&tag=&value=&chooserview=PinEditimages&function=&setlist=" "Mozilla/5.0 (Windows NT 10.0; Win64; x64) AppleWebKit/537.36 (KHTML, like Gecko) Chrome/57.0.2987.133 Safari/537.36"
212.108.43.59 - - [12/Apr/2017:16:29:19 +0200] "GET /entry.php?id=10676&&title=Link%20Verwaltung HTTP/1.1" 200 1392 "http://ed.activities.at/entry.php?id=10921&chooserview=PinEditimages&view=PinEditimages" "Mozilla/5.0 (Windows NT 10.0; Win64; x64) AppleWebKit/537.36 (KHTML, like Gecko) Chrome/57.0.2987.133 Safari/537.36"
212.108.43.59 - - [12/Apr/2017:16:29:19 +0200] "GET /entry.php?id=10918&&view=chooser&but=&object=&class=&tag=&value=&chooserview=PinEditimages&function=&setlist= HTTP/1.1" 200 2400 "http://ed.activities.at/entry.php?id=10921&chooserview=PinEditimages&view=PinEditimages" "Mozilla/5.0 (Windows NT 10.0; Win64; x64) AppleWebKit/537.36 (KHTML, like Gecko) Chrome/57.0.2987.133 Safari/537.36"
212.108.43.59 - - [12/Apr/2017:16:29:20 +0200] "GET /gui/javascript/form_form.js?1492007360 HTTP/1.1" 200 16206 "http://ed.activities.at/entry.php?id=10918&&view=chooser&but=&object=&class=&tag=&value=&chooserview=PinEditimages&function=&setlist=" "Mozilla/5.0 (Windows NT 10.0; Win64; x64) AppleWebKit/537.36 (KHTML, like Gecko) Chrome/57.0.2987.133 Safari/537.36"
212.108.43.59 - - [12/Apr/2017:16:29:20 +0200] "GET /entry.php?id=10776&form=10756&name=list& HTTP/1.1" 200 1461 "http://ed.activities.at/entry.php?id=10918&&view=chooser&but=&object=&class=&tag=&value=&chooserview=PinEditimages&function=&setlist=" "Mozilla/5.0 (Windows NT 10.0; Win64; x64) AppleWebKit/537.36 (KHTML, like Gecko) Chrome/57.0.2987.133 Safari/537.36"
212.108.43.59 - - [12/Apr/2017:16:29:20 +0200] "GET /entry.php?id=10778&form=10756&name=list& HTTP/1.1" 200 3953 "http://ed.activities.at/entry.php?id=10918&&view=chooser&but=&object=&class=&tag=&value=&chooserview=PinEditimages&function=&setlist=" "Mozilla/5.0 (Windows NT 10.0; Win64; x64) AppleWebKit/537.36 (KHTML, like Gecko) Chrome/57.0.2987.133 Safari/537.36"
212.108.43.59 - - [12/Apr/2017:16:29:20 +0200] "GET /framework/icons/sortUp.gif HTTP/1.1" 200 53 "http://ed.activities.at/entry.php?id=10776&form=10756&name=list&" "Mozilla/5.0 (Windows NT 10.0; Win64; x64) AppleWebKit/537.36 (KHTML, like Gecko) Chrome/57.0.2987.133 Safari/537.36"
90.152.128.107 - - [12/Apr/2017:16:29:40 +0200] "POST /entry.php?id=11684 HTTP/1.1" 200 3244 "http://ed.activities.at/entry.php?id=11684" "Mozilla/5.0 (Windows NT 10.0; WOW64; rv:52.0) Gecko/20100101 Firefox/52.0"
90.152.128.107 - - [12/Apr/2017:16:29:40 +0200] "GET /gui/javascript/form_form.js?1492007380 HTTP/1.1" 200 16206 "http://ed.activities.at/entry.php?id=11684" "Mozilla/5.0 (Windows NT 10.0; WOW64; rv:52.0) Gecko/20100101 Firefox/52.0"
90.152.128.107 - - [12/Apr/2017:16:29:41 +0200] "GET /framework/webfx/javascript/tinymce/skins/lightgray/content.min.css HTTP/1.1" 404 327 "http://ed.activities.at/entry.php?id=11684" "Mozilla/5.0 (Windows NT 10.0; WOW64; rv:52.0) Gecko/20100101 Firefox/52.0"
212.108.43.59 - - [12/Apr/2017:16:29:51 +0200] "POST /entry.php?id=11684 HTTP/1.1" 200 3965 "http://ed.activities.at/entry.php?id=11684" "Mozilla/5.0 (Windows NT 10.0; Win64; x64) AppleWebKit/537.36 (KHTML, like Gecko) Chrome/57.0.2987.133 Safari/537.36"
212.108.43.59 - - [12/Apr/2017:16:29:51 +0200] "GET /gui/javascript/form_form.js?1492007391 HTTP/1.1" 200 16206 "http://ed.activities.at/entry.php?id=11684" "Mozilla/5.0 (Windows NT 10.0; Win64; x64) AppleWebKit/537.36 (KHTML, like Gecko) Chrome/57.0.2987.133 Safari/537.36"
212.108.43.59 - - [12/Apr/2017:16:29:59 +0200] "POST /entry.php?id=11684 HTTP/1.1" 200 4271 "http://ed.activities.at/entry.php?id=11684" "Mozilla/5.0 (Windows NT 10.0; Win64; x64) AppleWebKit/537.36 (KHTML, like Gecko) Chrome/57.0.2987.133 Safari/537.36"
212.108.43.59 - - [12/Apr/2017:16:30:00 +0200] "GET /gui/javascript/form_form.js?1492007400 HTTP/1.1" 200 16206 "http://ed.activities.at/entry.php?id=11684" "Mozilla/5.0 (Windows NT 10.0; Win64; x64) AppleWebKit/537.36 (KHTML, like Gecko) Chrome/57.0.2987.133 Safari/537.36"
90.152.128.107 - - [12/Apr/2017:16:30:00 +0200] "GET /entry.php?id=10921&chooserview=PinEditimages&view=PinEditimages HTTP/1.1" 200 447 "http://ed.activities.at/entry.php?id=11684" "Mozilla/5.0 (Windows NT 10.0; WOW64; rv:52.0) Gecko/20100101 Firefox/52.0"
90.152.128.107 - - [12/Apr/2017:16:30:01 +0200] "GET /entry.php?id=10676&&title=Link%20Verwaltung HTTP/1.1" 200 1393 "http://ed.activities.at/entry.php?id=10921&chooserview=PinEditimages&view=PinEditimages" "Mozilla/5.0 (Windows NT 10.0; WOW64; rv:52.0) Gecko/20100101 Firefox/52.0"
90.152.128.107 - - [12/Apr/2017:16:30:01 +0200] "GET /gui/javascript/form_form.js?1492007401 HTTP/1.1" 200 16206 "http://ed.activities.at/entry.php?id=10676&&title=Link%20Verwaltung" "Mozilla/5.0 (Windows NT 10.0; WOW64; rv:52.0) Gecko/20100101 Firefox/52.0"
90.152.128.107 - - [12/Apr/2017:16:30:01 +0200] "GET /entry.php?id=10918&&view=chooser&but=&object=&class=&tag=&value=&chooserview=PinEditimages&function=&setlist= HTTP/1.1" 200 2401 "http://ed.activities.at/entry.php?id=10921&chooserview=PinEditimages&view=PinEditimages" "Mozilla/5.0 (Windows NT 10.0; WOW64; rv:52.0) Gecko/20100101 Firefox/52.0"
90.152.128.107 - - [12/Apr/2017:16:30:01 +0200] "GET /entry.php?id=10917&&but=&object=&class=&tag=&value=&chooserview=PinEditimages&function=&setlist= HTTP/1.1" 200 2107 "http://ed.activities.at/entry.php?id=10921&chooserview=PinEditimages&view=PinEditimages" "Mozilla/5.0 (Windows NT 10.0; WOW64; rv:52.0) Gecko/20100101 Firefox/52.0"
90.152.128.107 - - [12/Apr/2017:16:30:01 +0200] "GET /gui/javascript/form_extlink.js HTTP/1.1" 304 - "http://ed.activities.at/entry.php?id=10918&&view=chooser&but=&object=&class=&tag=&value=&chooserview=PinEditimages&function=&setlist=" "Mozilla/5.0 (Windows NT 10.0; WOW64; rv:52.0) Gecko/20100101 Firefox/52.0"
212.108.43.59 - - [12/Apr/2017:16:30:01 +0200] "POST /entry.php?id=11684 HTTP/1.1" 200 3201 "http://ed.activities.at/entry.php?id=11684" "Mozilla/5.0 (Windows NT 10.0; Win64; x64) AppleWebKit/537.36 (KHTML, like Gecko) Chrome/57.0.2987.133 Safari/537.36"
212.108.43.59 - - [12/Apr/2017:16:30:01 +0200] "GET /gui/javascript/form_form.js?1492007401 HTTP/1.1" 200 16206 "http://ed.activities.at/entry.php?id=11684" "Mozilla/5.0 (Windows NT 10.0; Win64; x64) AppleWebKit/537.36 (KHTML, like Gecko) Chrome/57.0.2987.133 Safari/537.36"
212.108.43.59 - - [12/Apr/2017:16:30:02 +0200] "GET /framework/webfx/javascript/tinymce/skins/lightgray/content.min.css HTTP/1.1" 404 327 "http://ed.activities.at/entry.php?id=11684" "Mozilla/5.0 (Windows NT 10.0; Win64; x64) AppleWebKit/537.36 (KHTML, like Gecko) Chrome/57.0.2987.133 Safari/537.36"
90.152.128.107 - - [12/Apr/2017:16:30:02 +0200] "GET /entry.php?id=10776&form=10756&name=list& HTTP/1.1" 200 1539 "http://ed.activities.at/entry.php?id=10918&&view=chooser&but=&object=&class=&tag=&value=&chooserview=PinEditimages&function=&setlist=" "Mozilla/5.0 (Windows NT 10.0; WOW64; rv:52.0) Gecko/20100101 Firefox/52.0"
90.152.128.107 - - [12/Apr/2017:16:30:02 +0200] "GET /entry.php?id=10778&form=10756&name=list& HTTP/1.1" 200 4032 "http://ed.activities.at/entry.php?id=10918&&view=chooser&but=&object=&class=&tag=&value=&chooserview=PinEditimages&function=&setlist=" "Mozilla/5.0 (Windows NT 10.0; WOW64; rv:52.0) Gecko/20100101 Firefox/52.0"
90.152.128.107 - - [12/Apr/2017:16:30:02 +0200] "GET /framework/icons/sortUp.gif HTTP/1.1" 304 - "http://ed.activities.at/entry.php?id=10776&form=10756&name=list&" "Mozilla/5.0 (Windows NT 10.0; WOW64; rv:52.0) Gecko/20100101 Firefox/52.0"
212.108.43.59 - - [12/Apr/2017:16:30:05 +0200] "GET /entry.php?id=10271&&ser=7345 HTTP/1.1" 200 987 "http://ed.activities.at/entry.php?id=10271&&ser=7285" "Mozilla/5.0 (Windows NT 10.0; Win64; x64) AppleWebKit/537.36 (KHTML, like Gecko) Chrome/57.0.2987.133 Safari/537.36"
212.108.43.59 - - [12/Apr/2017:16:30:06 +0200] "GET /gui/javascript/form_form.js?1492007406 HTTP/1.1" 200 16206 "http://ed.activities.at/entry.php?id=10271&&ser=7345" "Mozilla/5.0 (Windows NT 10.0; Win64; x64) AppleWebKit/537.36 (KHTML, like Gecko) Chrome/57.0.2987.133 Safari/537.36"
90.152.128.107 - - [12/Apr/2017:16:30:18 +0200] "GET /entry.php?id=10271&&ser=7357 HTTP/1.1" 200 989 "http://ed.activities.at/entry.php?id=10271&&ser=7297" "Mozilla/5.0 (Windows NT 10.0; WOW64; rv:52.0) Gecko/20100101 Firefox/52.0"
90.152.128.107 - - [12/Apr/2017:16:30:18 +0200] "GET /gui/javascript/form_form.js?1492007418 HTTP/1.1" 200 16206 "http://ed.activities.at/entry.php?id=10271&&ser=7357" "Mozilla/5.0 (Windows NT 10.0; WOW64; rv:52.0) Gecko/20100101 Firefox/52.0"
90.152.128.107 - - [12/Apr/2017:16:30:42 +0200] "POST /entry.php?id=11684 HTTP/1.1" 200 4027 "http://ed.activities.at/entry.php?id=11684" "Mozilla/5.0 (Windows NT 10.0; WOW64; rv:52.0) Gecko/20100101 Firefox/52.0"
90.152.128.107 - - [12/Apr/2017:16:30:42 +0200] "GET /gui/javascript/form_form.js?1492007442 HTTP/1.1" 200 16206 "http://ed.activities.at/entry.php?id=11684" "Mozilla/5.0 (Windows NT 10.0; WOW64; rv:52.0) Gecko/20100101 Firefox/52.0"
90.152.128.107 - - [12/Apr/2017:16:30:45 +0200] "POST /entry.php?id=11684 HTTP/1.1" 200 3240 "http://ed.activities.at/entry.php?id=11684" "Mozilla/5.0 (Windows NT 10.0; WOW64; rv:52.0) Gecko/20100101 Firefox/52.0"
90.152.128.107 - - [12/Apr/2017:16:30:45 +0200] "GET /gui/javascript/form_form.js?1492007445 HTTP/1.1" 200 16206 "http://ed.activities.at/entry.php?id=11684" "Mozilla/5.0 (Windows NT 10.0; WOW64; rv:52.0) Gecko/20100101 Firefox/52.0"
90.152.128.107 - - [12/Apr/2017:16:30:46 +0200] "GET /framework/webfx/javascript/tinymce/skins/lightgray/content.min.css HTTP/1.1" 404 327 "http://ed.activities.at/entry.php?id=11684" "Mozilla/5.0 (Windows NT 10.0; WOW64; rv:52.0) Gecko/20100101 Firefox/52.0"
212.108.43.59 - - [12/Apr/2017:16:31:06 +0200] "GET /entry.php?id=10271&&ser=7406 HTTP/1.1" 200 987 "http://ed.activities.at/entry.php?id=10271&&ser=7345" "Mozilla/5.0 (Windows NT 10.0; Win64; x64) AppleWebKit/537.36 (KHTML, like Gecko) Chrome/57.0.2987.133 Safari/537.36"
212.108.43.59 - - [12/Apr/2017:16:31:06 +0200] "GET /gui/javascript/form_form.js?1492007466 HTTP/1.1" 200 16206 "http://ed.activities.at/entry.php?id=10271&&ser=7406" "Mozilla/5.0 (Windows NT 10.0; Win64; x64) AppleWebKit/537.36 (KHTML, like Gecko) Chrome/57.0.2987.133 Safari/537.36"
90.152.128.107 - - [12/Apr/2017:16:31:18 +0200] "GET /entry.php?id=10271&&ser=7418 HTTP/1.1" 200 989 "http://ed.activities.at/entry.php?id=10271&&ser=7357" "Mozilla/5.0 (Windows NT 10.0; WOW64; rv:52.0) Gecko/20100101 Firefox/52.0"
90.152.128.107 - - [12/Apr/2017:16:31:19 +0200] "GET /gui/javascript/form_form.js?1492007479 HTTP/1.1" 200 16206 "http://ed.activities.at/entry.php?id=10271&&ser=7418" "Mozilla/5.0 (Windows NT 10.0; WOW64; rv:52.0) Gecko/20100101 Firefox/52.0"
212.108.43.59 - - [12/Apr/2017:16:32:06 +0200] "GET /entry.php?id=10271&&ser=7466 HTTP/1.1" 200 987 "http://ed.activities.at/entry.php?id=10271&&ser=7406" "Mozilla/5.0 (Windows NT 10.0; Win64; x64) AppleWebKit/537.36 (KHTML, like Gecko) Chrome/57.0.2987.133 Safari/537.36"
212.108.43.59 - - [12/Apr/2017:16:32:07 +0200] "GET /gui/javascript/form_form.js?1492007527 HTTP/1.1" 200 16206 "http://ed.activities.at/entry.php?id=10271&&ser=7466" "Mozilla/5.0 (Windows NT 10.0; Win64; x64) AppleWebKit/537.36 (KHTML, like Gecko) Chrome/57.0.2987.133 Safari/537.36"
90.152.128.107 - - [12/Apr/2017:16:32:19 +0200] "GET /entry.php?id=10271&&ser=7479 HTTP/1.1" 200 989 "http://ed.activities.at/entry.php?id=10271&&ser=7418" "Mozilla/5.0 (Windows NT 10.0; WOW64; rv:52.0) Gecko/20100101 Firefox/52.0"
90.152.128.107 - - [12/Apr/2017:16:32:19 +0200] "GET /gui/javascript/form_form.js?1492007539 HTTP/1.1" 200 16206 "http://ed.activities.at/entry.php?id=10271&&ser=7479" "Mozilla/5.0 (Windows NT 10.0; WOW64; rv:52.0) Gecko/20100101 Firefox/52.0"
212.108.43.59 - - [12/Apr/2017:16:33:07 +0200] "GET /entry.php?id=10271&&ser=7527 HTTP/1.1" 200 987 "http://ed.activities.at/entry.php?id=10271&&ser=7466" "Mozilla/5.0 (Windows NT 10.0; Win64; x64) AppleWebKit/537.36 (KHTML, like Gecko) Chrome/57.0.2987.133 Safari/537.36"
212.108.43.59 - - [12/Apr/2017:16:33:07 +0200] "GET /gui/javascript/form_form.js?1492007587 HTTP/1.1" 200 16206 "http://ed.activities.at/entry.php?id=10271&&ser=7527" "Mozilla/5.0 (Windows NT 10.0; Win64; x64) AppleWebKit/537.36 (KHTML, like Gecko) Chrome/57.0.2987.133 Safari/537.36"
90.152.128.107 - - [12/Apr/2017:16:33:20 +0200] "GET /entry.php?id=10271&&ser=7539 HTTP/1.1" 200 989 "http://ed.activities.at/entry.php?id=10271&&ser=7479" "Mozilla/5.0 (Windows NT 10.0; WOW64; rv:52.0) Gecko/20100101 Firefox/52.0"
90.152.128.107 - - [12/Apr/2017:16:33:20 +0200] "GET /gui/javascript/form_form.js?1492007600 HTTP/1.1" 200 16206 "http://ed.activities.at/entry.php?id=10271&&ser=7539" "Mozilla/5.0 (Windows NT 10.0; WOW64; rv:52.0) Gecko/20100101 Firefox/52.0"
212.108.43.59 - - [12/Apr/2017:16:34:07 +0200] "GET /entry.php?id=10271&&ser=7587 HTTP/1.1" 200 987 "http://ed.activities.at/entry.php?id=10271&&ser=7527" "Mozilla/5.0 (Windows NT 10.0; Win64; x64) AppleWebKit/537.36 (KHTML, like Gecko) Chrome/57.0.2987.133 Safari/537.36"
212.108.43.59 - - [12/Apr/2017:16:34:07 +0200] "GET /gui/javascript/form_form.js?1492007647 HTTP/1.1" 200 16206 "http://ed.activities.at/entry.php?id=10271&&ser=7587" "Mozilla/5.0 (Windows NT 10.0; Win64; x64) AppleWebKit/537.36 (KHTML, like Gecko) Chrome/57.0.2987.133 Safari/537.36"
90.152.128.107 - - [12/Apr/2017:16:34:20 +0200] "GET /entry.php?id=10271&&ser=7600 HTTP/1.1" 200 989 "http://ed.activities.at/entry.php?id=10271&&ser=7539" "Mozilla/5.0 (Windows NT 10.0; WOW64; rv:52.0) Gecko/20100101 Firefox/52.0"
90.152.128.107 - - [12/Apr/2017:16:34:21 +0200] "GET /gui/javascript/form_form.js?1492007660 HTTP/1.1" 200 16206 "http://ed.activities.at/entry.php?id=10271&&ser=7600" "Mozilla/5.0 (Windows NT 10.0; WOW64; rv:52.0) Gecko/20100101 Firefox/52.0"
212.108.43.59 - - [12/Apr/2017:16:35:07 +0200] "GET /entry.php?id=10271&&ser=7647 HTTP/1.1" 200 988 "http://ed.activities.at/entry.php?id=10271&&ser=7587" "Mozilla/5.0 (Windows NT 10.0; Win64; x64) AppleWebKit/537.36 (KHTML, like Gecko) Chrome/57.0.2987.133 Safari/537.36"
212.108.43.59 - - [12/Apr/2017:16:35:08 +0200] "GET /gui/javascript/form_form.js?1492007708 HTTP/1.1" 200 16206 "http://ed.activities.at/entry.php?id=10271&&ser=7647" "Mozilla/5.0 (Windows NT 10.0; Win64; x64) AppleWebKit/537.36 (KHTML, like Gecko) Chrome/57.0.2987.133 Safari/537.36"
90.152.128.107 - - [12/Apr/2017:16:35:21 +0200] "GET /entry.php?id=10271&&ser=7660 HTTP/1.1" 200 989 "http://ed.activities.at/entry.php?id=10271&&ser=7600" "Mozilla/5.0 (Windows NT 10.0; WOW64; rv:52.0) Gecko/20100101 Firefox/52.0"
90.152.128.107 - - [12/Apr/2017:16:35:21 +0200] "GET /gui/javascript/form_form.js?1492007721 HTTP/1.1" 200 16206 "http://ed.activities.at/entry.php?id=10271&&ser=7660" "Mozilla/5.0 (Windows NT 10.0; WOW64; rv:52.0) Gecko/20100101 Firefox/52.0"
212.108.43.59 - - [12/Apr/2017:16:36:08 +0200] "GET /entry.php?id=10271&&ser=7707 HTTP/1.1" 200 987 "http://ed.activities.at/entry.php?id=10271&&ser=7647" "Mozilla/5.0 (Windows NT 10.0; Win64; x64) AppleWebKit/537.36 (KHTML, like Gecko) Chrome/57.0.2987.133 Safari/537.36"
212.108.43.59 - - [12/Apr/2017:16:36:08 +0200] "GET /gui/javascript/form_form.js?1492007768 HTTP/1.1" 200 16206 "http://ed.activities.at/entry.php?id=10271&&ser=7707" "Mozilla/5.0 (Windows NT 10.0; Win64; x64) AppleWebKit/537.36 (KHTML, like Gecko) Chrome/57.0.2987.133 Safari/537.36"
90.152.128.107 - - [12/Apr/2017:16:36:21 +0200] "GET /entry.php?id=10271&&ser=7721 HTTP/1.1" 200 989 "http://ed.activities.at/entry.php?id=10271&&ser=7660" "Mozilla/5.0 (Windows NT 10.0; WOW64; rv:52.0) Gecko/20100101 Firefox/52.0"
90.152.128.107 - - [12/Apr/2017:16:36:22 +0200] "GET /gui/javascript/form_form.js?1492007782 HTTP/1.1" 200 16206 "http://ed.activities.at/entry.php?id=10271&&ser=7721" "Mozilla/5.0 (Windows NT 10.0; WOW64; rv:52.0) Gecko/20100101 Firefox/52.0"
212.108.43.59 - - [12/Apr/2017:16:37:08 +0200] "GET /entry.php?id=10271&&ser=7768 HTTP/1.1" 200 987 "http://ed.activities.at/entry.php?id=10271&&ser=7707" "Mozilla/5.0 (Windows NT 10.0; Win64; x64) AppleWebKit/537.36 (KHTML, like Gecko) Chrome/57.0.2987.133 Safari/537.36"
212.108.43.59 - - [12/Apr/2017:16:37:08 +0200] "GET /gui/javascript/form_form.js?1492007828 HTTP/1.1" 200 16206 "http://ed.activities.at/entry.php?id=10271&&ser=7768" "Mozilla/5.0 (Windows NT 10.0; Win64; x64) AppleWebKit/537.36 (KHTML, like Gecko) Chrome/57.0.2987.133 Safari/537.36"
90.152.128.107 - - [12/Apr/2017:16:37:22 +0200] "GET /entry.php?id=10271&&ser=7782 HTTP/1.1" 200 989 "http://ed.activities.at/entry.php?id=10271&&ser=7721" "Mozilla/5.0 (Windows NT 10.0; WOW64; rv:52.0) Gecko/20100101 Firefox/52.0"
90.152.128.107 - - [12/Apr/2017:16:37:22 +0200] "GET /gui/javascript/form_form.js?1492007842 HTTP/1.1" 200 16206 "http://ed.activities.at/entry.php?id=10271&&ser=7782" "Mozilla/5.0 (Windows NT 10.0; WOW64; rv:52.0) Gecko/20100101 Firefox/52.0"
212.108.43.59 - - [12/Apr/2017:16:37:46 +0200] "POST /entry.php?id=11684 HTTP/1.1" 200 3604 "http://ed.activities.at/entry.php?id=11684" "Mozilla/5.0 (Windows NT 10.0; Win64; x64) AppleWebKit/537.36 (KHTML, like Gecko) Chrome/57.0.2987.133 Safari/537.36"
212.108.43.59 - - [12/Apr/2017:16:37:47 +0200] "GET /gui/javascript/form_form.js?1492007866 HTTP/1.1" 200 16206 "http://ed.activities.at/entry.php?id=11684" "Mozilla/5.0 (Windows NT 10.0; Win64; x64) AppleWebKit/537.36 (KHTML, like Gecko) Chrome/57.0.2987.133 Safari/537.36"
212.108.43.59 - - [12/Apr/2017:16:37:47 +0200] "GET /framework/webfx/javascript/tinymce/skins/lightgray/content.min.css HTTP/1.1" 404 327 "http://ed.activities.at/entry.php?id=11684" "Mozilla/5.0 (Windows NT 10.0; Win64; x64) AppleWebKit/537.36 (KHTML, like Gecko) Chrome/57.0.2987.133 Safari/537.36"
212.108.43.59 - - [12/Apr/2017:16:37:48 +0200] "POST /entry.php?id=11684 HTTP/1.1" 200 3993 "http://ed.activities.at/entry.php?id=11684" "Mozilla/5.0 (Windows NT 10.0; Win64; x64) AppleWebKit/537.36 (KHTML, like Gecko) Chrome/57.0.2987.133 Safari/537.36"
212.108.43.59 - - [12/Apr/2017:16:37:49 +0200] "GET /gui/javascript/form_form.js?1492007869 HTTP/1.1" 200 16206 "http://ed.activities.at/entry.php?id=11684" "Mozilla/5.0 (Windows NT 10.0; Win64; x64) AppleWebKit/537.36 (KHTML, like Gecko) Chrome/57.0.2987.133 Safari/537.36"
212.108.43.59 - - [12/Apr/2017:16:38:08 +0200] "GET /entry.php?id=10271&&ser=7828 HTTP/1.1" 200 986 "http://ed.activities.at/entry.php?id=10271&&ser=7768" "Mozilla/5.0 (Windows NT 10.0; Win64; x64) AppleWebKit/537.36 (KHTML, like Gecko) Chrome/57.0.2987.133 Safari/537.36"
212.108.43.59 - - [12/Apr/2017:16:38:09 +0200] "GET /gui/javascript/form_form.js?1492007888 HTTP/1.1" 200 16206 "http://ed.activities.at/entry.php?id=10271&&ser=7828" "Mozilla/5.0 (Windows NT 10.0; Win64; x64) AppleWebKit/537.36 (KHTML, like Gecko) Chrome/57.0.2987.133 Safari/537.36"
90.152.128.107 - - [12/Apr/2017:16:38:23 +0200] "GET /entry.php?id=10271&&ser=7842 HTTP/1.1" 200 989 "http://ed.activities.at/entry.php?id=10271&&ser=7782" "Mozilla/5.0 (Windows NT 10.0; WOW64; rv:52.0) Gecko/20100101 Firefox/52.0"
90.152.128.107 - - [12/Apr/2017:16:38:23 +0200] "GET /gui/javascript/form_form.js?1492007903 HTTP/1.1" 200 16206 "http://ed.activities.at/entry.php?id=10271&&ser=7842" "Mozilla/5.0 (Windows NT 10.0; WOW64; rv:52.0) Gecko/20100101 Firefox/52.0"
212.108.43.59 - - [12/Apr/2017:16:39:09 +0200] "GET /entry.php?id=10271&&ser=7888 HTTP/1.1" 200 987 "http://ed.activities.at/entry.php?id=10271&&ser=7828" "Mozilla/5.0 (Windows NT 10.0; Win64; x64) AppleWebKit/537.36 (KHTML, like Gecko) Chrome/57.0.2987.133 Safari/537.36"
212.108.43.59 - - [12/Apr/2017:16:39:09 +0200] "GET /gui/javascript/form_form.js?1492007949 HTTP/1.1" 200 16206 "http://ed.activities.at/entry.php?id=10271&&ser=7888" "Mozilla/5.0 (Windows NT 10.0; Win64; x64) AppleWebKit/537.36 (KHTML, like Gecko) Chrome/57.0.2987.133 Safari/537.36"
90.152.128.107 - - [12/Apr/2017:16:39:23 +0200] "GET /entry.php?id=10271&&ser=7903 HTTP/1.1" 200 989 "http://ed.activities.at/entry.php?id=10271&&ser=7842" "Mozilla/5.0 (Windows NT 10.0; WOW64; rv:52.0) Gecko/20100101 Firefox/52.0"
