212.108.43.59 - - [12/Apr/2017:13:31:28 +0200] "GET /entry.php?id=10271&&ser=996628 HTTP/1.1" 200 987 "http://ed.activities.at/entry.php?id=10271&&ser=996567" "Mozilla/5.0 (Windows NT 10.0; Win64; x64) AppleWebKit/537.36 (KHTML, like Gecko) Chrome/57.0.2987.133 Safari/537.36"
212.108.43.59 - - [12/Apr/2017:13:31:28 +0200] "GET /gui/javascript/form_form.js?1491996688 HTTP/1.1" 200 16206 "http://ed.activities.at/entry.php?id=10271&&ser=996628" "Mozilla/5.0 (Windows NT 10.0; Win64; x64) AppleWebKit/537.36 (KHTML, like Gecko) Chrome/57.0.2987.133 Safari/537.36"
212.108.43.59 - - [12/Apr/2017:13:31:42 +0200] "GET /entry.php?id=10271&&ser=996642 HTTP/1.1" 200 987 "http://ed.activities.at/entry.php?id=10271&&ser=996581" "Mozilla/5.0 (Windows NT 10.0; Win64; x64) AppleWebKit/537.36 (KHTML, like Gecko) Chrome/57.0.2987.133 Safari/537.36"
212.108.43.59 - - [12/Apr/2017:13:31:43 +0200] "GET /gui/javascript/form_form.js?1491996703 HTTP/1.1" 200 16206 "http://ed.activities.at/entry.php?id=10271&&ser=996642" "Mozilla/5.0 (Windows NT 10.0; Win64; x64) AppleWebKit/537.36 (KHTML, like Gecko) Chrome/57.0.2987.133 Safari/537.36"
80.123.94.70 - - [12/Apr/2017:13:31:57 +0200] "GET /entry.php?id=10271&&ser=996657 HTTP/1.1" 200 987 "http://ed.activities.at/entry.php?id=10271&&ser=996596" "Mozilla/5.0 (Windows NT 10.0; WOW64) AppleWebKit/537.36 (KHTML, like Gecko) Chrome/57.0.2987.133 Safari/537.36"
80.123.94.70 - - [12/Apr/2017:13:31:57 +0200] "GET /gui/javascript/form_form.js?1491996717 HTTP/1.1" 200 16206 "http://ed.activities.at/entry.php?id=10271&&ser=996657" "Mozilla/5.0 (Windows NT 10.0; WOW64) AppleWebKit/537.36 (KHTML, like Gecko) Chrome/57.0.2987.133 Safari/537.36"
212.108.43.59 - - [12/Apr/2017:13:32:20 +0200] "GET /entry.php?id=10271&&ser=996680 HTTP/1.1" 200 987 "http://ed.activities.at/entry.php?id=10271&&ser=996619" "Mozilla/5.0 (Windows NT 10.0; Win64; x64) AppleWebKit/537.36 (KHTML, like Gecko) Chrome/57.0.2987.133 Safari/537.36"
212.108.43.59 - - [12/Apr/2017:13:32:20 +0200] "GET /gui/javascript/form_form.js?1491996740 HTTP/1.1" 200 16206 "http://ed.activities.at/entry.php?id=10271&&ser=996680" "Mozilla/5.0 (Windows NT 10.0; Win64; x64) AppleWebKit/537.36 (KHTML, like Gecko) Chrome/57.0.2987.133 Safari/537.36"
212.108.43.59 - - [12/Apr/2017:13:32:28 +0200] "GET /entry.php?id=10271&&ser=996688 HTTP/1.1" 200 987 "http://ed.activities.at/entry.php?id=10271&&ser=996628" "Mozilla/5.0 (Windows NT 10.0; Win64; x64) AppleWebKit/537.36 (KHTML, like Gecko) Chrome/57.0.2987.133 Safari/537.36"
212.108.43.59 - - [12/Apr/2017:13:32:29 +0200] "GET /gui/javascript/form_form.js?1491996749 HTTP/1.1" 200 16206 "http://ed.activities.at/entry.php?id=10271&&ser=996688" "Mozilla/5.0 (Windows NT 10.0; Win64; x64) AppleWebKit/537.36 (KHTML, like Gecko) Chrome/57.0.2987.133 Safari/537.36"
212.108.43.59 - - [12/Apr/2017:13:32:43 +0200] "GET /entry.php?id=10271&&ser=996703 HTTP/1.1" 200 987 "http://ed.activities.at/entry.php?id=10271&&ser=996642" "Mozilla/5.0 (Windows NT 10.0; Win64; x64) AppleWebKit/537.36 (KHTML, like Gecko) Chrome/57.0.2987.133 Safari/537.36"
212.108.43.59 - - [12/Apr/2017:13:32:44 +0200] "GET /gui/javascript/form_form.js?1491996764 HTTP/1.1" 200 16206 "http://ed.activities.at/entry.php?id=10271&&ser=996703" "Mozilla/5.0 (Windows NT 10.0; Win64; x64) AppleWebKit/537.36 (KHTML, like Gecko) Chrome/57.0.2987.133 Safari/537.36"
80.123.94.70 - - [12/Apr/2017:13:32:57 +0200] "GET /entry.php?id=10271&&ser=996717 HTTP/1.1" 200 988 "http://ed.activities.at/entry.php?id=10271&&ser=996657" "Mozilla/5.0 (Windows NT 10.0; WOW64) AppleWebKit/537.36 (KHTML, like Gecko) Chrome/57.0.2987.133 Safari/537.36"
80.123.94.70 - - [12/Apr/2017:13:32:57 +0200] "GET /gui/javascript/form_form.js?1491996777 HTTP/1.1" 200 16206 "http://ed.activities.at/entry.php?id=10271&&ser=996717" "Mozilla/5.0 (Windows NT 10.0; WOW64) AppleWebKit/537.36 (KHTML, like Gecko) Chrome/57.0.2987.133 Safari/537.36"
212.108.43.59 - - [12/Apr/2017:13:33:20 +0200] "GET /entry.php?id=10271&&ser=996740 HTTP/1.1" 200 987 "http://ed.activities.at/entry.php?id=10271&&ser=996680" "Mozilla/5.0 (Windows NT 10.0; Win64; x64) AppleWebKit/537.36 (KHTML, like Gecko) Chrome/57.0.2987.133 Safari/537.36"
212.108.43.59 - - [12/Apr/2017:13:33:21 +0200] "GET /gui/javascript/form_form.js?1491996800 HTTP/1.1" 200 16206 "http://ed.activities.at/entry.php?id=10271&&ser=996740" "Mozilla/5.0 (Windows NT 10.0; Win64; x64) AppleWebKit/537.36 (KHTML, like Gecko) Chrome/57.0.2987.133 Safari/537.36"
212.108.43.59 - - [12/Apr/2017:13:33:29 +0200] "GET /entry.php?id=10271&&ser=996749 HTTP/1.1" 200 987 "http://ed.activities.at/entry.php?id=10271&&ser=996688" "Mozilla/5.0 (Windows NT 10.0; Win64; x64) AppleWebKit/537.36 (KHTML, like Gecko) Chrome/57.0.2987.133 Safari/537.36"
212.108.43.59 - - [12/Apr/2017:13:33:29 +0200] "GET /gui/javascript/form_form.js?1491996809 HTTP/1.1" 200 16206 "http://ed.activities.at/entry.php?id=10271&&ser=996749" "Mozilla/5.0 (Windows NT 10.0; Win64; x64) AppleWebKit/537.36 (KHTML, like Gecko) Chrome/57.0.2987.133 Safari/537.36"
212.108.43.59 - - [12/Apr/2017:13:33:44 +0200] "GET /entry.php?id=10271&&ser=996764 HTTP/1.1" 200 987 "http://ed.activities.at/entry.php?id=10271&&ser=996703" "Mozilla/5.0 (Windows NT 10.0; Win64; x64) AppleWebKit/537.36 (KHTML, like Gecko) Chrome/57.0.2987.133 Safari/537.36"
212.108.43.59 - - [12/Apr/2017:13:33:45 +0200] "GET /gui/javascript/form_form.js?1491996825 HTTP/1.1" 200 16206 "http://ed.activities.at/entry.php?id=10271&&ser=996764" "Mozilla/5.0 (Windows NT 10.0; Win64; x64) AppleWebKit/537.36 (KHTML, like Gecko) Chrome/57.0.2987.133 Safari/537.36"
80.123.94.70 - - [12/Apr/2017:13:33:58 +0200] "GET /entry.php?id=10271&&ser=996777 HTTP/1.1" 200 987 "http://ed.activities.at/entry.php?id=10271&&ser=996717" "Mozilla/5.0 (Windows NT 10.0; WOW64) AppleWebKit/537.36 (KHTML, like Gecko) Chrome/57.0.2987.133 Safari/537.36"
80.123.94.70 - - [12/Apr/2017:13:33:58 +0200] "GET /gui/javascript/form_form.js?1491996838 HTTP/1.1" 200 16206 "http://ed.activities.at/entry.php?id=10271&&ser=996777" "Mozilla/5.0 (Windows NT 10.0; WOW64) AppleWebKit/537.36 (KHTML, like Gecko) Chrome/57.0.2987.133 Safari/537.36"
212.108.43.59 - - [12/Apr/2017:13:34:21 +0200] "GET /entry.php?id=10271&&ser=996800 HTTP/1.1" 200 986 "http://ed.activities.at/entry.php?id=10271&&ser=996740" "Mozilla/5.0 (Windows NT 10.0; Win64; x64) AppleWebKit/537.36 (KHTML, like Gecko) Chrome/57.0.2987.133 Safari/537.36"
212.108.43.59 - - [12/Apr/2017:13:34:21 +0200] "GET /gui/javascript/form_form.js?1491996861 HTTP/1.1" 200 16206 "http://ed.activities.at/entry.php?id=10271&&ser=996800" "Mozilla/5.0 (Windows NT 10.0; Win64; x64) AppleWebKit/537.36 (KHTML, like Gecko) Chrome/57.0.2987.133 Safari/537.36"
212.108.43.59 - - [12/Apr/2017:13:34:29 +0200] "GET /entry.php?id=10271&&ser=996809 HTTP/1.1" 200 987 "http://ed.activities.at/entry.php?id=10271&&ser=996749" "Mozilla/5.0 (Windows NT 10.0; Win64; x64) AppleWebKit/537.36 (KHTML, like Gecko) Chrome/57.0.2987.133 Safari/537.36"
212.108.43.59 - - [12/Apr/2017:13:34:29 +0200] "GET /gui/javascript/form_form.js?1491996869 HTTP/1.1" 200 16206 "http://ed.activities.at/entry.php?id=10271&&ser=996809" "Mozilla/5.0 (Windows NT 10.0; Win64; x64) AppleWebKit/537.36 (KHTML, like Gecko) Chrome/57.0.2987.133 Safari/537.36"
212.108.43.59 - - [12/Apr/2017:13:34:45 +0200] "GET /entry.php?id=10271&&ser=996825 HTTP/1.1" 200 987 "http://ed.activities.at/entry.php?id=10271&&ser=996764" "Mozilla/5.0 (Windows NT 10.0; Win64; x64) AppleWebKit/537.36 (KHTML, like Gecko) Chrome/57.0.2987.133 Safari/537.36"
212.108.43.59 - - [12/Apr/2017:13:34:46 +0200] "GET /gui/javascript/form_form.js?1491996886 HTTP/1.1" 200 16206 "http://ed.activities.at/entry.php?id=10271&&ser=996825" "Mozilla/5.0 (Windows NT 10.0; Win64; x64) AppleWebKit/537.36 (KHTML, like Gecko) Chrome/57.0.2987.133 Safari/537.36"
80.123.94.70 - - [12/Apr/2017:13:34:58 +0200] "GET /entry.php?id=10271&&ser=996838 HTTP/1.1" 200 987 "http://ed.activities.at/entry.php?id=10271&&ser=996777" "Mozilla/5.0 (Windows NT 10.0; WOW64) AppleWebKit/537.36 (KHTML, like Gecko) Chrome/57.0.2987.133 Safari/537.36"
80.123.94.70 - - [12/Apr/2017:13:34:58 +0200] "GET /gui/javascript/form_form.js?1491996898 HTTP/1.1" 200 16206 "http://ed.activities.at/entry.php?id=10271&&ser=996838" "Mozilla/5.0 (Windows NT 10.0; WOW64) AppleWebKit/537.36 (KHTML, like Gecko) Chrome/57.0.2987.133 Safari/537.36"
212.108.43.59 - - [12/Apr/2017:13:35:21 +0200] "GET /entry.php?id=10271&&ser=996861 HTTP/1.1" 200 986 "http://ed.activities.at/entry.php?id=10271&&ser=996800" "Mozilla/5.0 (Windows NT 10.0; Win64; x64) AppleWebKit/537.36 (KHTML, like Gecko) Chrome/57.0.2987.133 Safari/537.36"
212.108.43.59 - - [12/Apr/2017:13:35:21 +0200] "GET /gui/javascript/form_form.js?1491996921 HTTP/1.1" 200 16206 "http://ed.activities.at/entry.php?id=10271&&ser=996861" "Mozilla/5.0 (Windows NT 10.0; Win64; x64) AppleWebKit/537.36 (KHTML, like Gecko) Chrome/57.0.2987.133 Safari/537.36"
212.108.43.59 - - [12/Apr/2017:13:35:29 +0200] "GET /entry.php?id=10271&&ser=996869 HTTP/1.1" 200 987 "http://ed.activities.at/entry.php?id=10271&&ser=996809" "Mozilla/5.0 (Windows NT 10.0; Win64; x64) AppleWebKit/537.36 (KHTML, like Gecko) Chrome/57.0.2987.133 Safari/537.36"
212.108.43.59 - - [12/Apr/2017:13:35:30 +0200] "GET /gui/javascript/form_form.js?1491996930 HTTP/1.1" 200 16206 "http://ed.activities.at/entry.php?id=10271&&ser=996869" "Mozilla/5.0 (Windows NT 10.0; Win64; x64) AppleWebKit/537.36 (KHTML, like Gecko) Chrome/57.0.2987.133 Safari/537.36"
212.108.43.59 - - [12/Apr/2017:13:35:46 +0200] "GET /entry.php?id=10271&&ser=996886 HTTP/1.1" 200 989 "http://ed.activities.at/entry.php?id=10271&&ser=996825" "Mozilla/5.0 (Windows NT 10.0; Win64; x64) AppleWebKit/537.36 (KHTML, like Gecko) Chrome/57.0.2987.133 Safari/537.36"
212.108.43.59 - - [12/Apr/2017:13:35:47 +0200] "GET /gui/javascript/form_form.js?1491996947 HTTP/1.1" 200 16206 "http://ed.activities.at/entry.php?id=10271&&ser=996886" "Mozilla/5.0 (Windows NT 10.0; Win64; x64) AppleWebKit/537.36 (KHTML, like Gecko) Chrome/57.0.2987.133 Safari/537.36"
80.123.94.70 - - [12/Apr/2017:13:35:58 +0200] "GET /entry.php?id=10271&&ser=996898 HTTP/1.1" 200 987 "http://ed.activities.at/entry.php?id=10271&&ser=996838" "Mozilla/5.0 (Windows NT 10.0; WOW64) AppleWebKit/537.36 (KHTML, like Gecko) Chrome/57.0.2987.133 Safari/537.36"
80.123.94.70 - - [12/Apr/2017:13:35:59 +0200] "GET /gui/javascript/form_form.js?1491996959 HTTP/1.1" 200 16206 "http://ed.activities.at/entry.php?id=10271&&ser=996898" "Mozilla/5.0 (Windows NT 10.0; WOW64) AppleWebKit/537.36 (KHTML, like Gecko) Chrome/57.0.2987.133 Safari/537.36"
212.108.43.59 - - [12/Apr/2017:13:36:21 +0200] "GET /entry.php?id=10271&&ser=996921 HTTP/1.1" 200 986 "http://ed.activities.at/entry.php?id=10271&&ser=996861" "Mozilla/5.0 (Windows NT 10.0; Win64; x64) AppleWebKit/537.36 (KHTML, like Gecko) Chrome/57.0.2987.133 Safari/537.36"
212.108.43.59 - - [12/Apr/2017:13:36:22 +0200] "GET /gui/javascript/form_form.js?1491996981 HTTP/1.1" 200 16206 "http://ed.activities.at/entry.php?id=10271&&ser=996921" "Mozilla/5.0 (Windows NT 10.0; Win64; x64) AppleWebKit/537.36 (KHTML, like Gecko) Chrome/57.0.2987.133 Safari/537.36"
212.108.43.59 - - [12/Apr/2017:13:36:30 +0200] "GET /entry.php?id=10271&&ser=996930 HTTP/1.1" 200 987 "http://ed.activities.at/entry.php?id=10271&&ser=996869" "Mozilla/5.0 (Windows NT 10.0; Win64; x64) AppleWebKit/537.36 (KHTML, like Gecko) Chrome/57.0.2987.133 Safari/537.36"
212.108.43.59 - - [12/Apr/2017:13:36:30 +0200] "GET /gui/javascript/form_form.js?1491996990 HTTP/1.1" 200 16206 "http://ed.activities.at/entry.php?id=10271&&ser=996930" "Mozilla/5.0 (Windows NT 10.0; Win64; x64) AppleWebKit/537.36 (KHTML, like Gecko) Chrome/57.0.2987.133 Safari/537.36"
212.108.43.59 - - [12/Apr/2017:13:36:47 +0200] "GET /entry.php?id=10271&&ser=996946 HTTP/1.1" 200 988 "http://ed.activities.at/entry.php?id=10271&&ser=996886" "Mozilla/5.0 (Windows NT 10.0; Win64; x64) AppleWebKit/537.36 (KHTML, like Gecko) Chrome/57.0.2987.133 Safari/537.36"
212.108.43.59 - - [12/Apr/2017:13:36:48 +0200] "GET /gui/javascript/form_form.js?1491997008 HTTP/1.1" 200 16206 "http://ed.activities.at/entry.php?id=10271&&ser=996946" "Mozilla/5.0 (Windows NT 10.0; Win64; x64) AppleWebKit/537.36 (KHTML, like Gecko) Chrome/57.0.2987.133 Safari/537.36"
80.123.94.70 - - [12/Apr/2017:13:36:54 +0200] "POST /entry.php?id=11671 HTTP/1.1" 200 4770 "http://ed.activities.at/entry.php?id=11671&" "Mozilla/5.0 (Windows NT 10.0; WOW64) AppleWebKit/537.36 (KHTML, like Gecko) Chrome/57.0.2987.133 Safari/537.36"
80.123.94.70 - - [12/Apr/2017:13:36:55 +0200] "GET /gui/javascript/form_form.js?1491997015 HTTP/1.1" 200 16206 "http://ed.activities.at/entry.php?id=11671" "Mozilla/5.0 (Windows NT 10.0; WOW64) AppleWebKit/537.36 (KHTML, like Gecko) Chrome/57.0.2987.133 Safari/537.36"
80.123.94.70 - - [12/Apr/2017:13:36:55 +0200] "GET /entry.php?id=10778&form=11496&name=list& HTTP/1.1" 200 4803 "http://ed.activities.at/entry.php?id=11671" "Mozilla/5.0 (Windows NT 10.0; WOW64) AppleWebKit/537.36 (KHTML, like Gecko) Chrome/57.0.2987.133 Safari/537.36"
80.123.94.70 - - [12/Apr/2017:13:36:55 +0200] "GET /entry.php?id=10776&form=11496&name=list& HTTP/1.1" 200 1519 "http://ed.activities.at/entry.php?id=11671" "Mozilla/5.0 (Windows NT 10.0; WOW64) AppleWebKit/537.36 (KHTML, like Gecko) Chrome/57.0.2987.133 Safari/537.36"
80.123.94.70 - - [12/Apr/2017:13:36:59 +0200] "GET /entry.php?id=10271&&ser=996959 HTTP/1.1" 200 987 "http://ed.activities.at/entry.php?id=10271&&ser=996898" "Mozilla/5.0 (Windows NT 10.0; WOW64) AppleWebKit/537.36 (KHTML, like Gecko) Chrome/57.0.2987.133 Safari/537.36"
80.123.94.70 - - [12/Apr/2017:13:36:59 +0200] "GET /gui/javascript/form_form.js?1491997019 HTTP/1.1" 200 16206 "http://ed.activities.at/entry.php?id=10271&&ser=996959" "Mozilla/5.0 (Windows NT 10.0; WOW64) AppleWebKit/537.36 (KHTML, like Gecko) Chrome/57.0.2987.133 Safari/537.36"
212.108.43.59 - - [12/Apr/2017:13:37:22 +0200] "GET /entry.php?id=10271&&ser=996981 HTTP/1.1" 200 987 "http://ed.activities.at/entry.php?id=10271&&ser=996921" "Mozilla/5.0 (Windows NT 10.0; Win64; x64) AppleWebKit/537.36 (KHTML, like Gecko) Chrome/57.0.2987.133 Safari/537.36"
212.108.43.59 - - [12/Apr/2017:13:37:22 +0200] "GET /gui/javascript/form_form.js?1491997042 HTTP/1.1" 200 16206 "http://ed.activities.at/entry.php?id=10271&&ser=996981" "Mozilla/5.0 (Windows NT 10.0; Win64; x64) AppleWebKit/537.36 (KHTML, like Gecko) Chrome/57.0.2987.133 Safari/537.36"
80.123.94.70 - - [12/Apr/2017:13:37:25 +0200] "POST /entry.php?id=11671 HTTP/1.1" 200 3195 "http://ed.activities.at/entry.php?id=11671" "Mozilla/5.0 (Windows NT 10.0; WOW64) AppleWebKit/537.36 (KHTML, like Gecko) Chrome/57.0.2987.133 Safari/537.36"
80.123.94.70 - - [12/Apr/2017:13:37:26 +0200] "GET /gui/javascript/form_form.js?1491997046 HTTP/1.1" 200 16206 "http://ed.activities.at/entry.php?id=11671" "Mozilla/5.0 (Windows NT 10.0; WOW64) AppleWebKit/537.36 (KHTML, like Gecko) Chrome/57.0.2987.133 Safari/537.36"
80.123.94.70 - - [12/Apr/2017:13:37:26 +0200] "GET /framework/webfx/javascript/tinymce/skins/lightgray/content.min.css HTTP/1.1" 404 327 "http://ed.activities.at/entry.php?id=11671" "Mozilla/5.0 (Windows NT 10.0; WOW64) AppleWebKit/537.36 (KHTML, like Gecko) Chrome/57.0.2987.133 Safari/537.36"
212.108.43.59 - - [12/Apr/2017:13:37:30 +0200] "GET /entry.php?id=10271&&ser=996990 HTTP/1.1" 200 987 "http://ed.activities.at/entry.php?id=10271&&ser=996930" "Mozilla/5.0 (Windows NT 10.0; Win64; x64) AppleWebKit/537.36 (KHTML, like Gecko) Chrome/57.0.2987.133 Safari/537.36"
212.108.43.59 - - [12/Apr/2017:13:37:30 +0200] "GET /gui/javascript/form_form.js?1491997050 HTTP/1.1" 200 16206 "http://ed.activities.at/entry.php?id=10271&&ser=996990" "Mozilla/5.0 (Windows NT 10.0; Win64; x64) AppleWebKit/537.36 (KHTML, like Gecko) Chrome/57.0.2987.133 Safari/537.36"
80.123.94.70 - - [12/Apr/2017:13:37:41 +0200] "POST /entry.php?id=11671 HTTP/1.1" 200 3485 "http://ed.activities.at/entry.php?id=11671" "Mozilla/5.0 (Windows NT 10.0; WOW64) AppleWebKit/537.36 (KHTML, like Gecko) Chrome/57.0.2987.133 Safari/537.36"
80.123.94.70 - - [12/Apr/2017:13:37:41 +0200] "GET /gui/javascript/form_form.js?1491997061 HTTP/1.1" 200 16206 "http://ed.activities.at/entry.php?id=11671" "Mozilla/5.0 (Windows NT 10.0; WOW64) AppleWebKit/537.36 (KHTML, like Gecko) Chrome/57.0.2987.133 Safari/537.36"
80.123.94.70 - - [12/Apr/2017:13:37:42 +0200] "GET /framework/webfx/javascript/tinymce/skins/lightgray/content.min.css HTTP/1.1" 404 327 "http://ed.activities.at/entry.php?id=11671" "Mozilla/5.0 (Windows NT 10.0; WOW64) AppleWebKit/537.36 (KHTML, like Gecko) Chrome/57.0.2987.133 Safari/537.36"
80.123.94.70 - - [12/Apr/2017:13:37:42 +0200] "POST /entry.php?id=11671 HTTP/1.1" 200 4865 "http://ed.activities.at/entry.php?id=11671" "Mozilla/5.0 (Windows NT 10.0; WOW64) AppleWebKit/537.36 (KHTML, like Gecko) Chrome/57.0.2987.133 Safari/537.36"
80.123.94.70 - - [12/Apr/2017:13:37:43 +0200] "GET /gui/javascript/form_form.js?1491997063 HTTP/1.1" 200 16206 "http://ed.activities.at/entry.php?id=11671" "Mozilla/5.0 (Windows NT 10.0; WOW64) AppleWebKit/537.36 (KHTML, like Gecko) Chrome/57.0.2987.133 Safari/537.36"
80.123.94.70 - - [12/Apr/2017:13:37:43 +0200] "GET /entry.php?id=10776&form=11496&name=list& HTTP/1.1" 200 1519 "http://ed.activities.at/entry.php?id=11671" "Mozilla/5.0 (Windows NT 10.0; WOW64) AppleWebKit/537.36 (KHTML, like Gecko) Chrome/57.0.2987.133 Safari/537.36"
80.123.94.70 - - [12/Apr/2017:13:37:43 +0200] "GET /entry.php?id=10778&form=11496&name=list& HTTP/1.1" 200 4803 "http://ed.activities.at/entry.php?id=11671" "Mozilla/5.0 (Windows NT 10.0; WOW64) AppleWebKit/537.36 (KHTML, like Gecko) Chrome/57.0.2987.133 Safari/537.36"
80.123.94.70 - - [12/Apr/2017:13:37:44 +0200] "POST /entry.php?id=11671 HTTP/1.1" 200 5018 "http://ed.activities.at/entry.php?id=11671" "Mozilla/5.0 (Windows NT 10.0; WOW64) AppleWebKit/537.36 (KHTML, like Gecko) Chrome/57.0.2987.133 Safari/537.36"
80.123.94.70 - - [12/Apr/2017:13:37:45 +0200] "GET /gui/javascript/form_form.js?1491997065 HTTP/1.1" 200 16206 "http://ed.activities.at/entry.php?id=11671" "Mozilla/5.0 (Windows NT 10.0; WOW64) AppleWebKit/537.36 (KHTML, like Gecko) Chrome/57.0.2987.133 Safari/537.36"
80.123.94.70 - - [12/Apr/2017:13:37:45 +0200] "GET /entry.php?id=10776&form=11496&name=list& HTTP/1.1" 200 1519 "http://ed.activities.at/entry.php?id=11671" "Mozilla/5.0 (Windows NT 10.0; WOW64) AppleWebKit/537.36 (KHTML, like Gecko) Chrome/57.0.2987.133 Safari/537.36"
80.123.94.70 - - [12/Apr/2017:13:37:45 +0200] "GET /entry.php?id=10778&form=11496&name=list& HTTP/1.1" 200 4803 "http://ed.activities.at/entry.php?id=11671" "Mozilla/5.0 (Windows NT 10.0; WOW64) AppleWebKit/537.36 (KHTML, like Gecko) Chrome/57.0.2987.133 Safari/537.36"
212.108.43.59 - - [12/Apr/2017:13:37:48 +0200] "GET /entry.php?id=10271&&ser=997007 HTTP/1.1" 200 988 "http://ed.activities.at/entry.php?id=10271&&ser=996946" "Mozilla/5.0 (Windows NT 10.0; Win64; x64) AppleWebKit/537.36 (KHTML, like Gecko) Chrome/57.0.2987.133 Safari/537.36"
212.108.43.59 - - [12/Apr/2017:13:37:49 +0200] "GET /gui/javascript/form_form.js?1491997069 HTTP/1.1" 200 16206 "http://ed.activities.at/entry.php?id=10271&&ser=997007" "Mozilla/5.0 (Windows NT 10.0; Win64; x64) AppleWebKit/537.36 (KHTML, like Gecko) Chrome/57.0.2987.133 Safari/537.36"
80.123.94.70 - - [12/Apr/2017:13:37:59 +0200] "GET /entry.php?id=10271&&ser=997019 HTTP/1.1" 200 987 "http://ed.activities.at/entry.php?id=10271&&ser=996959" "Mozilla/5.0 (Windows NT 10.0; WOW64) AppleWebKit/537.36 (KHTML, like Gecko) Chrome/57.0.2987.133 Safari/537.36"
80.123.94.70 - - [12/Apr/2017:13:37:59 +0200] "GET /gui/javascript/form_form.js?1491997079 HTTP/1.1" 200 16206 "http://ed.activities.at/entry.php?id=10271&&ser=997019" "Mozilla/5.0 (Windows NT 10.0; WOW64) AppleWebKit/537.36 (KHTML, like Gecko) Chrome/57.0.2987.133 Safari/537.36"
80.123.94.70 - - [12/Apr/2017:13:38:05 +0200] "GET /entry.php?id=11673 HTTP/1.1" 200 358 "http://ed.activities.at/entry.php?id=10270&__app__=10006038" "Mozilla/5.0 (Windows NT 10.0; WOW64) AppleWebKit/537.36 (KHTML, like Gecko) Chrome/57.0.2987.133 Safari/537.36"
80.123.94.70 - - [12/Apr/2017:13:38:06 +0200] "GET /entry.php?id=10676&&title=F%FChrerscheinkurse HTTP/1.1" 200 1396 "http://ed.activities.at/entry.php?id=11673" "Mozilla/5.0 (Windows NT 10.0; WOW64) AppleWebKit/537.36 (KHTML, like Gecko) Chrome/57.0.2987.133 Safari/537.36"
80.123.94.70 - - [12/Apr/2017:13:38:06 +0200] "GET /gui/javascript/form_form.js?1491997086 HTTP/1.1" 200 16206 "http://ed.activities.at/entry.php?id=10676&&title=F%FChrerscheinkurse" "Mozilla/5.0 (Windows NT 10.0; WOW64) AppleWebKit/537.36 (KHTML, like Gecko) Chrome/57.0.2987.133 Safari/537.36"
80.123.94.70 - - [12/Apr/2017:13:38:06 +0200] "GET /entry.php?id=11694& HTTP/1.1" 200 3544 "http://ed.activities.at/entry.php?id=11673" "Mozilla/5.0 (Windows NT 10.0; WOW64) AppleWebKit/537.36 (KHTML, like Gecko) Chrome/57.0.2987.133 Safari/537.36"
80.123.94.70 - - [12/Apr/2017:13:38:07 +0200] "GET /activities/framework/KoolControls/KoolAjax/koolajax.php?8436e354c842500aba3cbaf0584c0c24 HTTP/1.1" 200 4079 "http://ed.activities.at/entry.php?id=11694&" "Mozilla/5.0 (Windows NT 10.0; WOW64) AppleWebKit/537.36 (KHTML, like Gecko) Chrome/57.0.2987.133 Safari/537.36"
80.123.94.70 - - [12/Apr/2017:13:38:07 +0200] "GET /gui/javascript/form_form.js?1491997087 HTTP/1.1" 200 16206 "http://ed.activities.at/entry.php?id=11694&" "Mozilla/5.0 (Windows NT 10.0; WOW64) AppleWebKit/537.36 (KHTML, like Gecko) Chrome/57.0.2987.133 Safari/537.36"
80.123.94.70 - - [12/Apr/2017:13:38:07 +0200] "GET /activities/framework/KoolControls/KoolTreeView/kooltreeview.php?c7cd9180e88ffef8e70f13526bb4f5f7 HTTP/1.1" 200 5055 "http://ed.activities.at/entry.php?id=11694&" "Mozilla/5.0 (Windows NT 10.0; WOW64) AppleWebKit/537.36 (KHTML, like Gecko) Chrome/57.0.2987.133 Safari/537.36"
80.123.94.70 - - [12/Apr/2017:13:38:06 +0200] "GET /entry.php?id=11671& HTTP/1.1" 200 4537 "http://ed.activities.at/entry.php?id=11673" "Mozilla/5.0 (Windows NT 10.0; WOW64) AppleWebKit/537.36 (KHTML, like Gecko) Chrome/57.0.2987.133 Safari/537.36"
80.123.94.70 - - [12/Apr/2017:13:38:08 +0200] "GET /gui/javascript/form_form.js?1491997088 HTTP/1.1" 200 16206 "http://ed.activities.at/entry.php?id=11671&" "Mozilla/5.0 (Windows NT 10.0; WOW64) AppleWebKit/537.36 (KHTML, like Gecko) Chrome/57.0.2987.133 Safari/537.36"
80.123.94.70 - - [12/Apr/2017:13:38:06 +0200] "GET /entry.php?id=11672& HTTP/1.1" 200 2694 "http://ed.activities.at/entry.php?id=11673" "Mozilla/5.0 (Windows NT 10.0; WOW64) AppleWebKit/537.36 (KHTML, like Gecko) Chrome/57.0.2987.133 Safari/537.36"
80.123.94.70 - - [12/Apr/2017:13:38:08 +0200] "GET /entry.php?id=10778&form=11496&name=list& HTTP/1.1" 200 2493 "http://ed.activities.at/entry.php?id=11671&" "Mozilla/5.0 (Windows NT 10.0; WOW64) AppleWebKit/537.36 (KHTML, like Gecko) Chrome/57.0.2987.133 Safari/537.36"
80.123.94.70 - - [12/Apr/2017:13:38:08 +0200] "GET /entry.php?id=10776&form=11496&name=list& HTTP/1.1" 200 1526 "http://ed.activities.at/entry.php?id=11671&" "Mozilla/5.0 (Windows NT 10.0; WOW64) AppleWebKit/537.36 (KHTML, like Gecko) Chrome/57.0.2987.133 Safari/537.36"
80.123.94.70 - - [12/Apr/2017:13:38:08 +0200] "GET /entry.php?id=10776&form=11497&name=list& HTTP/1.1" 200 1945 "http://ed.activities.at/entry.php?id=11672&" "Mozilla/5.0 (Windows NT 10.0; WOW64) AppleWebKit/537.36 (KHTML, like Gecko) Chrome/57.0.2987.133 Safari/537.36"
80.123.94.70 - - [12/Apr/2017:13:38:08 +0200] "GET /entry.php?id=10778&form=11497&name=list& HTTP/1.1" 200 14387 "http://ed.activities.at/entry.php?id=11672&" "Mozilla/5.0 (Windows NT 10.0; WOW64) AppleWebKit/537.36 (KHTML, like Gecko) Chrome/57.0.2987.133 Safari/537.36"
212.108.43.59 - - [12/Apr/2017:13:38:22 +0200] "GET /entry.php?id=10271&&ser=997042 HTTP/1.1" 200 986 "http://ed.activities.at/entry.php?id=10271&&ser=996981" "Mozilla/5.0 (Windows NT 10.0; Win64; x64) AppleWebKit/537.36 (KHTML, like Gecko) Chrome/57.0.2987.133 Safari/537.36"
212.108.43.59 - - [12/Apr/2017:13:38:22 +0200] "GET /gui/javascript/form_form.js?1491997102 HTTP/1.1" 200 16206 "http://ed.activities.at/entry.php?id=10271&&ser=997042" "Mozilla/5.0 (Windows NT 10.0; Win64; x64) AppleWebKit/537.36 (KHTML, like Gecko) Chrome/57.0.2987.133 Safari/537.36"
212.108.43.59 - - [12/Apr/2017:13:38:30 +0200] "GET /entry.php?id=10271&&ser=997050 HTTP/1.1" 200 986 "http://ed.activities.at/entry.php?id=10271&&ser=996990" "Mozilla/5.0 (Windows NT 10.0; Win64; x64) AppleWebKit/537.36 (KHTML, like Gecko) Chrome/57.0.2987.133 Safari/537.36"
212.108.43.59 - - [12/Apr/2017:13:38:31 +0200] "GET /gui/javascript/form_form.js?1491997111 HTTP/1.1" 200 16206 "http://ed.activities.at/entry.php?id=10271&&ser=997050" "Mozilla/5.0 (Windows NT 10.0; Win64; x64) AppleWebKit/537.36 (KHTML, like Gecko) Chrome/57.0.2987.133 Safari/537.36"
212.108.43.59 - - [12/Apr/2017:13:38:49 +0200] "GET /entry.php?id=10271&&ser=997068 HTTP/1.1" 200 987 "http://ed.activities.at/entry.php?id=10271&&ser=997007" "Mozilla/5.0 (Windows NT 10.0; Win64; x64) AppleWebKit/537.36 (KHTML, like Gecko) Chrome/57.0.2987.133 Safari/537.36"
212.108.43.59 - - [12/Apr/2017:13:38:50 +0200] "GET /gui/javascript/form_form.js?1491997130 HTTP/1.1" 200 16206 "http://ed.activities.at/entry.php?id=10271&&ser=997068" "Mozilla/5.0 (Windows NT 10.0; Win64; x64) AppleWebKit/537.36 (KHTML, like Gecko) Chrome/57.0.2987.133 Safari/537.36"
80.123.94.70 - - [12/Apr/2017:13:39:00 +0200] "GET /entry.php?id=10271&&ser=997079 HTTP/1.1" 200 987 "http://ed.activities.at/entry.php?id=10271&&ser=997019" "Mozilla/5.0 (Windows NT 10.0; WOW64) AppleWebKit/537.36 (KHTML, like Gecko) Chrome/57.0.2987.133 Safari/537.36"
80.123.94.70 - - [12/Apr/2017:13:39:00 +0200] "GET /gui/javascript/form_form.js?1491997140 HTTP/1.1" 200 16206 "http://ed.activities.at/entry.php?id=10271&&ser=997079" "Mozilla/5.0 (Windows NT 10.0; WOW64) AppleWebKit/537.36 (KHTML, like Gecko) Chrome/57.0.2987.133 Safari/537.36"
212.108.43.59 - - [12/Apr/2017:13:39:22 +0200] "GET /entry.php?id=10271&&ser=997102 HTTP/1.1" 200 989 "http://ed.activities.at/entry.php?id=10271&&ser=997042" "Mozilla/5.0 (Windows NT 10.0; Win64; x64) AppleWebKit/537.36 (KHTML, like Gecko) Chrome/57.0.2987.133 Safari/537.36"
212.108.43.59 - - [12/Apr/2017:13:39:23 +0200] "GET /gui/javascript/form_form.js?1491997163 HTTP/1.1" 200 16206 "http://ed.activities.at/entry.php?id=10271&&ser=997102" "Mozilla/5.0 (Windows NT 10.0; Win64; x64) AppleWebKit/537.36 (KHTML, like Gecko) Chrome/57.0.2987.133 Safari/537.36"
212.108.43.59 - - [12/Apr/2017:13:39:31 +0200] "GET /entry.php?id=10271&&ser=997111 HTTP/1.1" 200 987 "http://ed.activities.at/entry.php?id=10271&&ser=997050" "Mozilla/5.0 (Windows NT 10.0; Win64; x64) AppleWebKit/537.36 (KHTML, like Gecko) Chrome/57.0.2987.133 Safari/537.36"
212.108.43.59 - - [12/Apr/2017:13:39:31 +0200] "GET /gui/javascript/form_form.js?1491997171 HTTP/1.1" 200 16206 "http://ed.activities.at/entry.php?id=10271&&ser=997111" "Mozilla/5.0 (Windows NT 10.0; Win64; x64) AppleWebKit/537.36 (KHTML, like Gecko) Chrome/57.0.2987.133 Safari/537.36"
212.108.43.59 - - [12/Apr/2017:13:39:50 +0200] "GET /entry.php?id=10271&&ser=997130 HTTP/1.1" 200 988 "http://ed.activities.at/entry.php?id=10271&&ser=997068" "Mozilla/5.0 (Windows NT 10.0; Win64; x64) AppleWebKit/537.36 (KHTML, like Gecko) Chrome/57.0.2987.133 Safari/537.36"
212.108.43.59 - - [12/Apr/2017:13:39:51 +0200] "GET /gui/javascript/form_form.js?1491997191 HTTP/1.1" 200 16206 "http://ed.activities.at/entry.php?id=10271&&ser=997130" "Mozilla/5.0 (Windows NT 10.0; Win64; x64) AppleWebKit/537.36 (KHTML, like Gecko) Chrome/57.0.2987.133 Safari/537.36"
80.123.94.70 - - [12/Apr/2017:13:40:00 +0200] "GET /entry.php?id=10271&&ser=997140 HTTP/1.1" 200 987 "http://ed.activities.at/entry.php?id=10271&&ser=997079" "Mozilla/5.0 (Windows NT 10.0; WOW64) AppleWebKit/537.36 (KHTML, like Gecko) Chrome/57.0.2987.133 Safari/537.36"
80.123.94.70 - - [12/Apr/2017:13:40:00 +0200] "GET /gui/javascript/form_form.js?1491997200 HTTP/1.1" 200 16206 "http://ed.activities.at/entry.php?id=10271&&ser=997140" "Mozilla/5.0 (Windows NT 10.0; WOW64) AppleWebKit/537.36 (KHTML, like Gecko) Chrome/57.0.2987.133 Safari/537.36"
80.123.94.70 - - [12/Apr/2017:13:40:15 +0200] "GET /entry.php?id=11673 HTTP/1.1" 200 358 "http://ed.activities.at/entry.php?id=10270&__app__=10006038" "Mozilla/5.0 (Windows NT 10.0; WOW64) AppleWebKit/537.36 (KHTML, like Gecko) Chrome/57.0.2987.133 Safari/537.36"
80.123.94.70 - - [12/Apr/2017:13:40:15 +0200] "GET /entry.php?id=10676&&title=F%FChrerscheinkurse HTTP/1.1" 200 1397 "http://ed.activities.at/entry.php?id=11673" "Mozilla/5.0 (Windows NT 10.0; WOW64) AppleWebKit/537.36 (KHTML, like Gecko) Chrome/57.0.2987.133 Safari/537.36"
80.123.94.70 - - [12/Apr/2017:13:40:16 +0200] "GET /gui/javascript/form_form.js?1491997215 HTTP/1.1" 200 16206 "http://ed.activities.at/entry.php?id=10676&&title=F%FChrerscheinkurse" "Mozilla/5.0 (Windows NT 10.0; WOW64) AppleWebKit/537.36 (KHTML, like Gecko) Chrome/57.0.2987.133 Safari/537.36"
80.123.94.70 - - [12/Apr/2017:13:40:15 +0200] "GET /entry.php?id=11672& HTTP/1.1" 200 2694 "http://ed.activities.at/entry.php?id=11673" "Mozilla/5.0 (Windows NT 10.0; WOW64) AppleWebKit/537.36 (KHTML, like Gecko) Chrome/57.0.2987.133 Safari/537.36"
80.123.94.70 - - [12/Apr/2017:13:40:16 +0200] "GET /gui/javascript/form_form.js?1491997216 HTTP/1.1" 200 16206 "http://ed.activities.at/entry.php?id=11672&" "Mozilla/5.0 (Windows NT 10.0; WOW64) AppleWebKit/537.36 (KHTML, like Gecko) Chrome/57.0.2987.133 Safari/537.36"
80.123.94.70 - - [12/Apr/2017:13:40:15 +0200] "GET /entry.php?id=11671& HTTP/1.1" 200 4536 "http://ed.activities.at/entry.php?id=11673" "Mozilla/5.0 (Windows NT 10.0; WOW64) AppleWebKit/537.36 (KHTML, like Gecko) Chrome/57.0.2987.133 Safari/537.36"
80.123.94.70 - - [12/Apr/2017:13:40:17 +0200] "GET /gui/javascript/form_form.js?1491997217 HTTP/1.1" 200 16206 "http://ed.activities.at/entry.php?id=11671&" "Mozilla/5.0 (Windows NT 10.0; WOW64) AppleWebKit/537.36 (KHTML, like Gecko) Chrome/57.0.2987.133 Safari/537.36"
80.123.94.70 - - [12/Apr/2017:13:40:15 +0200] "GET /entry.php?id=11694& HTTP/1.1" 200 3545 "http://ed.activities.at/entry.php?id=11673" "Mozilla/5.0 (Windows NT 10.0; WOW64) AppleWebKit/537.36 (KHTML, like Gecko) Chrome/57.0.2987.133 Safari/537.36"
80.123.94.70 - - [12/Apr/2017:13:40:18 +0200] "GET /activities/framework/KoolControls/KoolAjax/koolajax.php?8436e354c842500aba3cbaf0584c0c24 HTTP/1.1" 200 4079 "http://ed.activities.at/entry.php?id=11694&" "Mozilla/5.0 (Windows NT 10.0; WOW64) AppleWebKit/537.36 (KHTML, like Gecko) Chrome/57.0.2987.133 Safari/537.36"
80.123.94.70 - - [12/Apr/2017:13:40:18 +0200] "GET /gui/javascript/form_form.js?1491997218 HTTP/1.1" 200 16206 "http://ed.activities.at/entry.php?id=11694&" "Mozilla/5.0 (Windows NT 10.0; WOW64) AppleWebKit/537.36 (KHTML, like Gecko) Chrome/57.0.2987.133 Safari/537.36"
80.123.94.70 - - [12/Apr/2017:13:40:18 +0200] "GET /activities/framework/KoolControls/KoolTreeView/kooltreeview.php?c7cd9180e88ffef8e70f13526bb4f5f7 HTTP/1.1" 200 5055 "http://ed.activities.at/entry.php?id=11694&" "Mozilla/5.0 (Windows NT 10.0; WOW64) AppleWebKit/537.36 (KHTML, like Gecko) Chrome/57.0.2987.133 Safari/537.36"
80.123.94.70 - - [12/Apr/2017:13:40:17 +0200] "GET /entry.php?id=10776&form=11497&name=list& HTTP/1.1" 200 1945 "http://ed.activities.at/entry.php?id=11672&" "Mozilla/5.0 (Windows NT 10.0; WOW64) AppleWebKit/537.36 (KHTML, like Gecko) Chrome/57.0.2987.133 Safari/537.36"
80.123.94.70 - - [12/Apr/2017:13:40:17 +0200] "GET /entry.php?id=10778&form=11496&name=list& HTTP/1.1" 200 2493 "http://ed.activities.at/entry.php?id=11671&" "Mozilla/5.0 (Windows NT 10.0; WOW64) AppleWebKit/537.36 (KHTML, like Gecko) Chrome/57.0.2987.133 Safari/537.36"
80.123.94.70 - - [12/Apr/2017:13:40:17 +0200] "GET /entry.php?id=10778&form=11497&name=list& HTTP/1.1" 200 14387 "http://ed.activities.at/entry.php?id=11672&" "Mozilla/5.0 (Windows NT 10.0; WOW64) AppleWebKit/537.36 (KHTML, like Gecko) Chrome/57.0.2987.133 Safari/537.36"
80.123.94.70 - - [12/Apr/2017:13:40:17 +0200] "GET /entry.php?id=10776&form=11496&name=list& HTTP/1.1" 200 1526 "http://ed.activities.at/entry.php?id=11671&" "Mozilla/5.0 (Windows NT 10.0; WOW64) AppleWebKit/537.36 (KHTML, like Gecko) Chrome/57.0.2987.133 Safari/537.36"
80.123.94.70 - - [12/Apr/2017:13:40:20 +0200] "GET /entry.php?id=11674 HTTP/1.1" 200 321 "http://ed.activities.at/entry.php?id=10270&__app__=10006038" "Mozilla/5.0 (Windows NT 10.0; WOW64) AppleWebKit/537.36 (KHTML, like Gecko) Chrome/57.0.2987.133 Safari/537.36"
80.123.94.70 - - [12/Apr/2017:13:40:21 +0200] "GET /entry.php?id=10676&&title=Aktionen HTTP/1.1" 200 1389 "http://ed.activities.at/entry.php?id=11674" "Mozilla/5.0 (Windows NT 10.0; WOW64) AppleWebKit/537.36 (KHTML, like Gecko) Chrome/57.0.2987.133 Safari/537.36"
80.123.94.70 - - [12/Apr/2017:13:40:21 +0200] "GET /gui/javascript/form_form.js?1491997221 HTTP/1.1" 200 16206 "http://ed.activities.at/entry.php?id=10676&&title=Aktionen" "Mozilla/5.0 (Windows NT 10.0; WOW64) AppleWebKit/537.36 (KHTML, like Gecko) Chrome/57.0.2987.133 Safari/537.36"
80.123.94.70 - - [12/Apr/2017:13:40:21 +0200] "GET /entry.php?id=11675& HTTP/1.1" 200 2692 "http://ed.activities.at/entry.php?id=11674" "Mozilla/5.0 (Windows NT 10.0; WOW64) AppleWebKit/537.36 (KHTML, like Gecko) Chrome/57.0.2987.133 Safari/537.36"
80.123.94.70 - - [12/Apr/2017:13:40:21 +0200] "GET /entry.php?id=11676& HTTP/1.1" 200 4382 "http://ed.activities.at/entry.php?id=11674" "Mozilla/5.0 (Windows NT 10.0; WOW64) AppleWebKit/537.36 (KHTML, like Gecko) Chrome/57.0.2987.133 Safari/537.36"
80.123.94.70 - - [12/Apr/2017:13:40:22 +0200] "GET /gui/javascript/form_form.js?1491997222 HTTP/1.1" 200 16206 "http://ed.activities.at/entry.php?id=11676&" "Mozilla/5.0 (Windows NT 10.0; WOW64) AppleWebKit/537.36 (KHTML, like Gecko) Chrome/57.0.2987.133 Safari/537.36"
80.123.94.70 - - [12/Apr/2017:13:40:21 +0200] "GET /entry.php?id=10776&form=11500&name=list& HTTP/1.1" 200 2450 "http://ed.activities.at/entry.php?id=11675&" "Mozilla/5.0 (Windows NT 10.0; WOW64) AppleWebKit/537.36 (KHTML, like Gecko) Chrome/57.0.2987.133 Safari/537.36"
80.123.94.70 - - [12/Apr/2017:13:40:21 +0200] "GET /entry.php?id=10778&form=11500&name=list& HTTP/1.1" 200 3344 "http://ed.activities.at/entry.php?id=11675&" "Mozilla/5.0 (Windows NT 10.0; WOW64) AppleWebKit/537.36 (KHTML, like Gecko) Chrome/57.0.2987.133 Safari/537.36"
212.108.43.59 - - [12/Apr/2017:13:40:23 +0200] "GET /entry.php?id=10271&&ser=997162 HTTP/1.1" 200 987 "http://ed.activities.at/entry.php?id=10271&&ser=997102" "Mozilla/5.0 (Windows NT 10.0; Win64; x64) AppleWebKit/537.36 (KHTML, like Gecko) Chrome/57.0.2987.133 Safari/537.36"
212.108.43.59 - - [12/Apr/2017:13:40:23 +0200] "GET /gui/javascript/form_form.js?1491997223 HTTP/1.1" 200 16206 "http://ed.activities.at/entry.php?id=10271&&ser=997162" "Mozilla/5.0 (Windows NT 10.0; Win64; x64) AppleWebKit/537.36 (KHTML, like Gecko) Chrome/57.0.2987.133 Safari/537.36"
80.123.94.70 - - [12/Apr/2017:13:40:24 +0200] "POST /entry.php?id=11676 HTTP/1.1" 200 4653 "http://ed.activities.at/entry.php?id=11676&" "Mozilla/5.0 (Windows NT 10.0; WOW64) AppleWebKit/537.36 (KHTML, like Gecko) Chrome/57.0.2987.133 Safari/537.36"
80.123.94.70 - - [12/Apr/2017:13:40:25 +0200] "GET /gui/javascript/form_form.js?1491997225 HTTP/1.1" 200 16206 "http://ed.activities.at/entry.php?id=11676" "Mozilla/5.0 (Windows NT 10.0; WOW64) AppleWebKit/537.36 (KHTML, like Gecko) Chrome/57.0.2987.133 Safari/537.36"
212.108.43.59 - - [12/Apr/2017:13:40:31 +0200] "GET /entry.php?id=10271&&ser=997171 HTTP/1.1" 200 987 "http://ed.activities.at/entry.php?id=10271&&ser=997111" "Mozilla/5.0 (Windows NT 10.0; Win64; x64) AppleWebKit/537.36 (KHTML, like Gecko) Chrome/57.0.2987.133 Safari/537.36"
212.108.43.59 - - [12/Apr/2017:13:40:31 +0200] "GET /gui/javascript/form_form.js?1491997231 HTTP/1.1" 200 16206 "http://ed.activities.at/entry.php?id=10271&&ser=997171" "Mozilla/5.0 (Windows NT 10.0; Win64; x64) AppleWebKit/537.36 (KHTML, like Gecko) Chrome/57.0.2987.133 Safari/537.36"
212.108.43.59 - - [12/Apr/2017:13:40:51 +0200] "GET /entry.php?id=10271&&ser=997190 HTTP/1.1" 200 987 "http://ed.activities.at/entry.php?id=10271&&ser=997130" "Mozilla/5.0 (Windows NT 10.0; Win64; x64) AppleWebKit/537.36 (KHTML, like Gecko) Chrome/57.0.2987.133 Safari/537.36"
212.108.43.59 - - [12/Apr/2017:13:40:52 +0200] "GET /gui/javascript/form_form.js?1491997251 HTTP/1.1" 200 16206 "http://ed.activities.at/entry.php?id=10271&&ser=997190" "Mozilla/5.0 (Windows NT 10.0; Win64; x64) AppleWebKit/537.36 (KHTML, like Gecko) Chrome/57.0.2987.133 Safari/537.36"
80.123.94.70 - - [12/Apr/2017:13:41:00 +0200] "GET /entry.php?id=10271&&ser=997200 HTTP/1.1" 200 987 "http://ed.activities.at/entry.php?id=10271&&ser=997140" "Mozilla/5.0 (Windows NT 10.0; WOW64) AppleWebKit/537.36 (KHTML, like Gecko) Chrome/57.0.2987.133 Safari/537.36"
80.123.94.70 - - [12/Apr/2017:13:41:00 +0200] "GET /gui/javascript/form_form.js?1491997260 HTTP/1.1" 200 16206 "http://ed.activities.at/entry.php?id=10271&&ser=997200" "Mozilla/5.0 (Windows NT 10.0; WOW64) AppleWebKit/537.36 (KHTML, like Gecko) Chrome/57.0.2987.133 Safari/537.36"
80.123.94.70 - - [12/Apr/2017:13:41:02 +0200] "POST /entry.php?id=11676 HTTP/1.1" 200 4969 "http://ed.activities.at/entry.php?id=11676" "Mozilla/5.0 (Windows NT 10.0; WOW64) AppleWebKit/537.36 (KHTML, like Gecko) Chrome/57.0.2987.133 Safari/537.36"
80.123.94.70 - - [12/Apr/2017:13:41:03 +0200] "GET /gui/javascript/form_form.js?1491997263 HTTP/1.1" 200 16206 "http://ed.activities.at/entry.php?id=11676" "Mozilla/5.0 (Windows NT 10.0; WOW64) AppleWebKit/537.36 (KHTML, like Gecko) Chrome/57.0.2987.133 Safari/537.36"
80.123.94.70 - - [12/Apr/2017:13:41:04 +0200] "POST /entry.php?id=11676 HTTP/1.1" 200 3202 "http://ed.activities.at/entry.php?id=11676" "Mozilla/5.0 (Windows NT 10.0; WOW64) AppleWebKit/537.36 (KHTML, like Gecko) Chrome/57.0.2987.133 Safari/537.36"
80.123.94.70 - - [12/Apr/2017:13:41:04 +0200] "GET /gui/javascript/form_form.js?1491997264 HTTP/1.1" 200 16206 "http://ed.activities.at/entry.php?id=11676" "Mozilla/5.0 (Windows NT 10.0; WOW64) AppleWebKit/537.36 (KHTML, like Gecko) Chrome/57.0.2987.133 Safari/537.36"
80.123.94.70 - - [12/Apr/2017:13:41:05 +0200] "GET /framework/webfx/javascript/tinymce/skins/lightgray/content.min.css HTTP/1.1" 404 327 "http://ed.activities.at/entry.php?id=11676" "Mozilla/5.0 (Windows NT 10.0; WOW64) AppleWebKit/537.36 (KHTML, like Gecko) Chrome/57.0.2987.133 Safari/537.36"
80.123.94.70 - - [12/Apr/2017:13:41:09 +0200] "POST /entry.php?id=11676 HTTP/1.1" 200 4669 "http://ed.activities.at/entry.php?id=11676" "Mozilla/5.0 (Windows NT 10.0; WOW64) AppleWebKit/537.36 (KHTML, like Gecko) Chrome/57.0.2987.133 Safari/537.36"
80.123.94.70 - - [12/Apr/2017:13:41:10 +0200] "GET /gui/javascript/form_form.js?1491997270 HTTP/1.1" 200 16206 "http://ed.activities.at/entry.php?id=11676" "Mozilla/5.0 (Windows NT 10.0; WOW64) AppleWebKit/537.36 (KHTML, like Gecko) Chrome/57.0.2987.133 Safari/537.36"
80.123.94.70 - - [12/Apr/2017:13:41:11 +0200] "POST /entry.php?id=11676 HTTP/1.1" 200 4948 "http://ed.activities.at/entry.php?id=11676" "Mozilla/5.0 (Windows NT 10.0; WOW64) AppleWebKit/537.36 (KHTML, like Gecko) Chrome/57.0.2987.133 Safari/537.36"
80.123.94.70 - - [12/Apr/2017:13:41:12 +0200] "GET /gui/javascript/form_form.js?1491997272 HTTP/1.1" 200 16206 "http://ed.activities.at/entry.php?id=11676" "Mozilla/5.0 (Windows NT 10.0; WOW64) AppleWebKit/537.36 (KHTML, like Gecko) Chrome/57.0.2987.133 Safari/537.36"
80.123.94.70 - - [12/Apr/2017:13:41:12 +0200] "GET /entry.php?id=11679 HTTP/1.1" 200 312 "http://ed.activities.at/entry.php?id=10270&__app__=10006038" "Mozilla/5.0 (Windows NT 10.0; WOW64) AppleWebKit/537.36 (KHTML, like Gecko) Chrome/57.0.2987.133 Safari/537.36"
80.123.94.70 - - [12/Apr/2017:13:41:13 +0200] "GET /entry.php?id=10676&title=Portal& HTTP/1.1" 200 1388 "http://ed.activities.at/entry.php?id=11679" "Mozilla/5.0 (Windows NT 10.0; WOW64) AppleWebKit/537.36 (KHTML, like Gecko) Chrome/57.0.2987.133 Safari/537.36"
80.123.94.70 - - [12/Apr/2017:13:41:13 +0200] "GET /gui/javascript/form_form.js?1491997273 HTTP/1.1" 200 16206 "http://ed.activities.at/entry.php?id=10676&title=Portal&" "Mozilla/5.0 (Windows NT 10.0; WOW64) AppleWebKit/537.36 (KHTML, like Gecko) Chrome/57.0.2987.133 Safari/537.36"
80.123.94.70 - - [12/Apr/2017:13:41:13 +0200] "GET /entry.php?id=11677& HTTP/1.1" 200 4374 "http://ed.activities.at/entry.php?id=11679" "Mozilla/5.0 (Windows NT 10.0; WOW64) AppleWebKit/537.36 (KHTML, like Gecko) Chrome/57.0.2987.133 Safari/537.36"
80.123.94.70 - - [12/Apr/2017:13:41:14 +0200] "GET /gui/javascript/form_form.js?1491997274 HTTP/1.1" 200 16206 "http://ed.activities.at/entry.php?id=11677&" "Mozilla/5.0 (Windows NT 10.0; WOW64) AppleWebKit/537.36 (KHTML, like Gecko) Chrome/57.0.2987.133 Safari/537.36"
80.123.94.70 - - [12/Apr/2017:13:41:13 +0200] "GET /entry.php?id=11678& HTTP/1.1" 200 3404 "http://ed.activities.at/entry.php?id=11679" "Mozilla/5.0 (Windows NT 10.0; WOW64) AppleWebKit/537.36 (KHTML, like Gecko) Chrome/57.0.2987.133 Safari/537.36"
80.123.94.70 - - [12/Apr/2017:13:41:14 +0200] "GET /activities/framework/KoolControls/KoolAjax/koolajax.php?8436e354c842500aba3cbaf0584c0c24 HTTP/1.1" 200 4079 "http://ed.activities.at/entry.php?id=11678&" "Mozilla/5.0 (Windows NT 10.0; WOW64) AppleWebKit/537.36 (KHTML, like Gecko) Chrome/57.0.2987.133 Safari/537.36"
80.123.94.70 - - [12/Apr/2017:13:41:14 +0200] "GET /activities/framework/KoolControls/KoolTreeView/kooltreeview.php?c7cd9180e88ffef8e70f13526bb4f5f7 HTTP/1.1" 200 5055 "http://ed.activities.at/entry.php?id=11678&" "Mozilla/5.0 (Windows NT 10.0; WOW64) AppleWebKit/537.36 (KHTML, like Gecko) Chrome/57.0.2987.133 Safari/537.36"
80.123.94.70 - - [12/Apr/2017:13:41:14 +0200] "GET /entry.php?id=11618&&object=&item=&emu_class= HTTP/1.1" 200 1701 "http://ed.activities.at/entry.php?id=11677&" "Mozilla/5.0 (Windows NT 10.0; WOW64) AppleWebKit/537.36 (KHTML, like Gecko) Chrome/57.0.2987.133 Safari/537.36"
80.123.94.70 - - [12/Apr/2017:13:41:14 +0200] "POST /entry.php?id=11677 HTTP/1.1" 200 4411 "http://ed.activities.at/entry.php?id=11677&" "Mozilla/5.0 (Windows NT 10.0; WOW64) AppleWebKit/537.36 (KHTML, like Gecko) Chrome/57.0.2987.133 Safari/537.36"
80.123.94.70 - - [12/Apr/2017:13:41:15 +0200] "GET /gui/javascript/form_form.js?1491997275 HTTP/1.1" 200 16206 "http://ed.activities.at/entry.php?id=11677" "Mozilla/5.0 (Windows NT 10.0; WOW64) AppleWebKit/537.36 (KHTML, like Gecko) Chrome/57.0.2987.133 Safari/537.36"
80.123.94.70 - - [12/Apr/2017:13:41:15 +0200] "POST /entry.php?id=11677 HTTP/1.1" 200 4412 "http://ed.activities.at/entry.php?id=11677" "Mozilla/5.0 (Windows NT 10.0; WOW64) AppleWebKit/537.36 (KHTML, like Gecko) Chrome/57.0.2987.133 Safari/537.36"
80.123.94.70 - - [12/Apr/2017:13:41:16 +0200] "GET /gui/javascript/form_form.js?1491997276 HTTP/1.1" 200 16206 "http://ed.activities.at/entry.php?id=11677" "Mozilla/5.0 (Windows NT 10.0; WOW64) AppleWebKit/537.36 (KHTML, like Gecko) Chrome/57.0.2987.133 Safari/537.36"
80.123.94.70 - - [12/Apr/2017:13:41:17 +0200] "POST /entry.php?id=11677 HTTP/1.1" 200 3224 "http://ed.activities.at/entry.php?id=11677" "Mozilla/5.0 (Windows NT 10.0; WOW64) AppleWebKit/537.36 (KHTML, like Gecko) Chrome/57.0.2987.133 Safari/537.36"
80.123.94.70 - - [12/Apr/2017:13:41:18 +0200] "GET /gui/javascript/form_form.js?1491997278 HTTP/1.1" 200 16206 "http://ed.activities.at/entry.php?id=11677" "Mozilla/5.0 (Windows NT 10.0; WOW64) AppleWebKit/537.36 (KHTML, like Gecko) Chrome/57.0.2987.133 Safari/537.36"
80.123.94.70 - - [12/Apr/2017:13:41:18 +0200] "GET /entry.php?id=10776&form=11502&name=list& HTTP/1.1" 200 1475 "http://ed.activities.at/entry.php?id=11677" "Mozilla/5.0 (Windows NT 10.0; WOW64) AppleWebKit/537.36 (KHTML, like Gecko) Chrome/57.0.2987.133 Safari/537.36"
80.123.94.70 - - [12/Apr/2017:13:41:18 +0200] "GET /entry.php?id=10778&form=11502&name=list& HTTP/1.1" 200 3801 "http://ed.activities.at/entry.php?id=11677" "Mozilla/5.0 (Windows NT 10.0; WOW64) AppleWebKit/537.36 (KHTML, like Gecko) Chrome/57.0.2987.133 Safari/537.36"
80.123.94.70 - - [12/Apr/2017:13:41:22 +0200] "GET /entry.php?id=11685&object=10230462&site=10201431&item=10221986 HTTP/1.1" 200 3603 "http://ed.activities.at/entry.php?id=11412" "Mozilla/5.0 (Windows NT 10.0; WOW64) AppleWebKit/537.36 (KHTML, like Gecko) Chrome/57.0.2987.133 Safari/537.36"
80.123.94.70 - - [12/Apr/2017:13:41:22 +0200] "GET /cache/emu/images/easy-drivers-horn10244077/aktionjpg_160_90_0.jpg HTTP/1.1" 200 3346 "http://ed.activities.at/entry.php?id=11685&object=10230462&site=10201431&item=10221986" "Mozilla/5.0 (Windows NT 10.0; WOW64) AppleWebKit/537.36 (KHTML, like Gecko) Chrome/57.0.2987.133 Safari/537.36"
80.123.94.70 - - [12/Apr/2017:13:41:22 +0200] "GET /gui/javascript/form_form.js?1491997282 HTTP/1.1" 200 16206 "http://ed.activities.at/entry.php?id=11685&object=10230462&site=10201431&item=10221986" "Mozilla/5.0 (Windows NT 10.0; WOW64) AppleWebKit/537.36 (KHTML, like Gecko) Chrome/57.0.2987.133 Safari/537.36"
212.108.43.59 - - [12/Apr/2017:13:41:23 +0200] "GET /entry.php?id=10271&&ser=997223 HTTP/1.1" 200 987 "http://ed.activities.at/entry.php?id=10271&&ser=997162" "Mozilla/5.0 (Windows NT 10.0; Win64; x64) AppleWebKit/537.36 (KHTML, like Gecko) Chrome/57.0.2987.133 Safari/537.36"
212.108.43.59 - - [12/Apr/2017:13:41:23 +0200] "GET /gui/javascript/form_form.js?1491997283 HTTP/1.1" 200 16206 "http://ed.activities.at/entry.php?id=10271&&ser=997223" "Mozilla/5.0 (Windows NT 10.0; Win64; x64) AppleWebKit/537.36 (KHTML, like Gecko) Chrome/57.0.2987.133 Safari/537.36"
80.123.94.70 - - [12/Apr/2017:13:41:25 +0200] "GET /entry.php?id=10921&chooserview=addnewboxoffer&hidetitle=true HTTP/1.1" 200 350 "http://ed.activities.at/entry.php?id=11412" "Mozilla/5.0 (Windows NT 10.0; WOW64) AppleWebKit/537.36 (KHTML, like Gecko) Chrome/57.0.2987.133 Safari/537.36"
80.123.94.70 - - [12/Apr/2017:13:41:25 +0200] "GET /entry.php?id=10918&&view=chooser&but=&object=&class=&tag=&value=&chooserview=addnewboxoffer&function=&setlist= HTTP/1.1" 200 2413 "http://ed.activities.at/entry.php?id=10921&chooserview=addnewboxoffer&hidetitle=true" "Mozilla/5.0 (Windows NT 10.0; WOW64) AppleWebKit/537.36 (KHTML, like Gecko) Chrome/57.0.2987.133 Safari/537.36"
80.123.94.70 - - [12/Apr/2017:13:41:26 +0200] "GET /gui/javascript/form_form.js?1491997286 HTTP/1.1" 200 16206 "http://ed.activities.at/entry.php?id=10918&&view=chooser&but=&object=&class=&tag=&value=&chooserview=addnewboxoffer&function=&setlist=" "Mozilla/5.0 (Windows NT 10.0; WOW64) AppleWebKit/537.36 (KHTML, like Gecko) Chrome/57.0.2987.133 Safari/537.36"
80.123.94.70 - - [12/Apr/2017:13:41:25 +0200] "GET /entry.php?id=10919&&view=chooser&but=&object=&class=&tag=&value=&chooserview=addnewboxoffer&function=&setlist= HTTP/1.1" 200 3282 "http://ed.activities.at/entry.php?id=10921&chooserview=addnewboxoffer&hidetitle=true" "Mozilla/5.0 (Windows NT 10.0; WOW64) AppleWebKit/537.36 (KHTML, like Gecko) Chrome/57.0.2987.133 Safari/537.36"
80.123.94.70 - - [12/Apr/2017:13:41:26 +0200] "GET /entry.php?id=10776&form=10756&name=list& HTTP/1.1" 200 1461 "http://ed.activities.at/entry.php?id=10918&&view=chooser&but=&object=&class=&tag=&value=&chooserview=addnewboxoffer&function=&setlist=" "Mozilla/5.0 (Windows NT 10.0; WOW64) AppleWebKit/537.36 (KHTML, like Gecko) Chrome/57.0.2987.133 Safari/537.36"
80.123.94.70 - - [12/Apr/2017:13:41:26 +0200] "GET /entry.php?id=10778&form=10756&name=list& HTTP/1.1" 200 3636 "http://ed.activities.at/entry.php?id=10918&&view=chooser&but=&object=&class=&tag=&value=&chooserview=addnewboxoffer&function=&setlist=" "Mozilla/5.0 (Windows NT 10.0; WOW64) AppleWebKit/537.36 (KHTML, like Gecko) Chrome/57.0.2987.133 Safari/537.36"
212.108.43.59 - - [12/Apr/2017:13:41:31 +0200] "GET /entry.php?id=10271&&ser=997231 HTTP/1.1" 200 987 "http://ed.activities.at/entry.php?id=10271&&ser=997171" "Mozilla/5.0 (Windows NT 10.0; Win64; x64) AppleWebKit/537.36 (KHTML, like Gecko) Chrome/57.0.2987.133 Safari/537.36"
212.108.43.59 - - [12/Apr/2017:13:41:32 +0200] "GET /gui/javascript/form_form.js?1491997292 HTTP/1.1" 200 16206 "http://ed.activities.at/entry.php?id=10271&&ser=997231" "Mozilla/5.0 (Windows NT 10.0; Win64; x64) AppleWebKit/537.36 (KHTML, like Gecko) Chrome/57.0.2987.133 Safari/537.36"
80.123.94.70 - - [12/Apr/2017:13:41:36 +0200] "POST /entry.php?id=10919 HTTP/1.1" 200 3440 "http://ed.activities.at/entry.php?id=10919&&view=chooser&but=&object=&class=&tag=&value=&chooserview=addnewboxoffer&function=&setlist=" "Mozilla/5.0 (Windows NT 10.0; WOW64) AppleWebKit/537.36 (KHTML, like Gecko) Chrome/57.0.2987.133 Safari/537.36"
80.123.94.70 - - [12/Apr/2017:13:41:39 +0200] "GET /gui/javascript/form_form.js?1491997299 HTTP/1.1" 200 16206 "http://ed.activities.at/entry.php?id=10919" "Mozilla/5.0 (Windows NT 10.0; WOW64) AppleWebKit/537.36 (KHTML, like Gecko) Chrome/57.0.2987.133 Safari/537.36"
80.123.94.70 - - [12/Apr/2017:13:41:41 +0200] "GET /entry.php?id=10921&chooserview=addnewboxoffer&hidetitle=true HTTP/1.1" 200 350 "http://ed.activities.at/entry.php?id=11412" "Mozilla/5.0 (Windows NT 10.0; WOW64) AppleWebKit/537.36 (KHTML, like Gecko) Chrome/57.0.2987.133 Safari/537.36"
80.123.94.70 - - [12/Apr/2017:13:41:41 +0200] "GET /entry.php?id=10918&&view=chooser&but=&object=&class=&tag=&value=&chooserview=addnewboxoffer&function=&setlist= HTTP/1.1" 200 2411 "http://ed.activities.at/entry.php?id=10921&chooserview=addnewboxoffer&hidetitle=true" "Mozilla/5.0 (Windows NT 10.0; WOW64) AppleWebKit/537.36 (KHTML, like Gecko) Chrome/57.0.2987.133 Safari/537.36"
