80.123.94.70 - - [12/Apr/2017:13:03:48 +0200] "GET /cache/emu/images/easy-drivers-gm10287971/dare2b-logo-blackjpg_16_5_0.jpg HTTP/1.1" 200 738 "http://ed.activities.at/entry.php?id=10778&form=10549&name=list&" "Mozilla/5.0 (Windows NT 10.0; WOW64) AppleWebKit/537.36 (KHTML, like Gecko) Chrome/57.0.2987.133 Safari/537.36"
80.123.94.70 - - [12/Apr/2017:13:03:48 +0200] "GET /cache/emu/images/easy-drivers-gm10244094/ed-logodetailjpg_16_11_0.jpg HTTP/1.1" 200 796 "http://ed.activities.at/entry.php?id=10778&form=10549&name=list&" "Mozilla/5.0 (Windows NT 10.0; WOW64) AppleWebKit/537.36 (KHTML, like Gecko) Chrome/57.0.2987.133 Safari/537.36"
80.123.94.70 - - [12/Apr/2017:13:03:48 +0200] "GET /cache/emu/images/easy-drivers-gm10287970/bildungintegrjpg_16_8_0.jpg HTTP/1.1" 200 739 "http://ed.activities.at/entry.php?id=10778&form=10549&name=list&" "Mozilla/5.0 (Windows NT 10.0; WOW64) AppleWebKit/537.36 (KHTML, like Gecko) Chrome/57.0.2987.133 Safari/537.36"
80.123.94.70 - - [12/Apr/2017:13:03:48 +0200] "GET /cache/emu/images/easy-drivers-gm10253210/gm-nicole-noseckjpg_16_16_0.jpg HTTP/1.1" 200 788 "http://ed.activities.at/entry.php?id=10778&form=10549&name=list&" "Mozilla/5.0 (Windows NT 10.0; WOW64) AppleWebKit/537.36 (KHTML, like Gecko) Chrome/57.0.2987.133 Safari/537.36"
80.123.94.70 - - [12/Apr/2017:13:03:48 +0200] "GET /cache/emu/images/easy-drivers-gm10253211/gm-ulrike-maringerjpg_16_16_0.jpg HTTP/1.1" 200 789 "http://ed.activities.at/entry.php?id=10778&form=10549&name=list&" "Mozilla/5.0 (Windows NT 10.0; WOW64) AppleWebKit/537.36 (KHTML, like Gecko) Chrome/57.0.2987.133 Safari/537.36"
80.123.94.70 - - [12/Apr/2017:13:03:48 +0200] "GET /cache/emu/images/easy-drivers-gm10244142/googleplaylogomobilejpg_16_5_1.jpg HTTP/1.1" 200 739 "http://ed.activities.at/entry.php?id=10778&form=10549&name=list&" "Mozilla/5.0 (Windows NT 10.0; WOW64) AppleWebKit/537.36 (KHTML, like Gecko) Chrome/57.0.2987.133 Safari/537.36"
80.123.94.70 - - [12/Apr/2017:13:03:48 +0200] "GET /cache/emu/images/easy-drivers-gm10287973/grosseschuetzenkleinejpg_16_8_0.jpg HTTP/1.1" 200 776 "http://ed.activities.at/entry.php?id=10778&form=10549&name=list&" "Mozilla/5.0 (Windows NT 10.0; WOW64) AppleWebKit/537.36 (KHTML, like Gecko) Chrome/57.0.2987.133 Safari/537.36"
80.123.94.70 - - [12/Apr/2017:13:03:48 +0200] "GET /cache/emu/images/easy-drivers-gm10244081/herbstkursejpg_16_9_0.jpg HTTP/1.1" 200 765 "http://ed.activities.at/entry.php?id=10778&form=10549&name=list&" "Mozilla/5.0 (Windows NT 10.0; WOW64) AppleWebKit/537.36 (KHTML, like Gecko) Chrome/57.0.2987.133 Safari/537.36"
80.123.94.70 - - [12/Apr/2017:13:03:48 +0200] "GET /cache/emu/images/easy-drivers-gm10253221/horn-petra-bergerjpg_16_16_0.jpg HTTP/1.1" 200 787 "http://ed.activities.at/entry.php?id=10778&form=10549&name=list&" "Mozilla/5.0 (Windows NT 10.0; WOW64) AppleWebKit/537.36 (KHTML, like Gecko) Chrome/57.0.2987.133 Safari/537.36"
80.123.94.70 - - [12/Apr/2017:13:03:48 +0200] "GET /cache/emu/images/easy-drivers-gm10244068/jetztanmeldenjpg_16_9_0.jpg HTTP/1.1" 200 772 "http://ed.activities.at/entry.php?id=10778&form=10549&name=list&" "Mozilla/5.0 (Windows NT 10.0; WOW64) AppleWebKit/537.36 (KHTML, like Gecko) Chrome/57.0.2987.133 Safari/537.36"
80.123.94.70 - - [12/Apr/2017:13:03:48 +0200] "GET /cache/emu/images/easy-drivers-gm10287966/klimaaktivlogopartnerjpg_16_7_0.jpg HTTP/1.1" 200 741 "http://ed.activities.at/entry.php?id=10778&form=10549&name=list&" "Mozilla/5.0 (Windows NT 10.0; WOW64) AppleWebKit/537.36 (KHTML, like Gecko) Chrome/57.0.2987.133 Safari/537.36"
80.123.94.70 - - [12/Apr/2017:13:03:48 +0200] "GET /cache/emu/images/easy-drivers-gm10287706/logo-bigjpg_16_6_0.jpg HTTP/1.1" 200 737 "http://ed.activities.at/entry.php?id=10778&form=10549&name=list&" "Mozilla/5.0 (Windows NT 10.0; WOW64) AppleWebKit/537.36 (KHTML, like Gecko) Chrome/57.0.2987.133 Safari/537.36"
80.123.94.70 - - [12/Apr/2017:13:03:48 +0200] "GET /cache/emu/images/easy-drivers-gm10287959/madlencnikjpg_11_16_0.jpg HTTP/1.1" 200 790 "http://ed.activities.at/entry.php?id=10778&form=10549&name=list&" "Mozilla/5.0 (Windows NT 10.0; WOW64) AppleWebKit/537.36 (KHTML, like Gecko) Chrome/57.0.2987.133 Safari/537.36"
80.123.94.70 - - [12/Apr/2017:13:03:48 +0200] "GET /cache/emu/images/easy-drivers-gm10253228/marianne-wedornjpg_16_16_0.jpg HTTP/1.1" 200 784 "http://ed.activities.at/entry.php?id=10778&form=10549&name=list&" "Mozilla/5.0 (Windows NT 10.0; WOW64) AppleWebKit/537.36 (KHTML, like Gecko) Chrome/57.0.2987.133 Safari/537.36"
80.123.94.70 - - [12/Apr/2017:13:03:48 +0200] "GET /cache/emu/images/easy-drivers-gm10244082/osterkursejpg_16_9_0.jpg HTTP/1.1" 200 766 "http://ed.activities.at/entry.php?id=10778&form=10549&name=list&" "Mozilla/5.0 (Windows NT 10.0; WOW64) AppleWebKit/537.36 (KHTML, like Gecko) Chrome/57.0.2987.133 Safari/537.36"
80.123.94.70 - - [12/Apr/2017:13:03:48 +0200] "GET /cache/emu/images/easy-drivers-gm10252955/p_16_16_0.jpg HTTP/1.1" 200 775 "http://ed.activities.at/entry.php?id=10778&form=10549&name=list&" "Mozilla/5.0 (Windows NT 10.0; WOW64) AppleWebKit/537.36 (KHTML, like Gecko) Chrome/57.0.2987.133 Safari/537.36"
80.123.94.70 - - [12/Apr/2017:13:03:48 +0200] "GET /cache/emu/images/easy-drivers-gm10284572/retzedwebheader830x3007jpg_16_6_0.jpg HTTP/1.1" 200 759 "http://ed.activities.at/entry.php?id=10778&form=10549&name=list&" "Mozilla/5.0 (Windows NT 10.0; WOW64) AppleWebKit/537.36 (KHTML, like Gecko) Chrome/57.0.2987.133 Safari/537.36"
80.123.94.70 - - [12/Apr/2017:13:03:48 +0200] "GET /cache/emu/images/easy-drivers-gm10253229/retz-sabine-kappelmeier-3jpg_16_16_0.jpg HTTP/1.1" 200 794 "http://ed.activities.at/entry.php?id=10778&form=10549&name=list&" "Mozilla/5.0 (Windows NT 10.0; WOW64) AppleWebKit/537.36 (KHTML, like Gecko) Chrome/57.0.2987.133 Safari/537.36"
80.123.94.70 - - [12/Apr/2017:13:03:48 +0200] "GET /cache/emu/images/easy-drivers-gm10287960/sabinemadlencnikjpg_12_16_0.jpg HTTP/1.1" 200 797 "http://ed.activities.at/entry.php?id=10778&form=10549&name=list&" "Mozilla/5.0 (Windows NT 10.0; WOW64) AppleWebKit/537.36 (KHTML, like Gecko) Chrome/57.0.2987.133 Safari/537.36"
80.123.94.70 - - [12/Apr/2017:13:03:48 +0200] "GET /cache/emu/images/easy-drivers-gm10244083/schnellkursjpg_16_9_0.jpg HTTP/1.1" 200 790 "http://ed.activities.at/entry.php?id=10778&form=10549&name=list&" "Mozilla/5.0 (Windows NT 10.0; WOW64) AppleWebKit/537.36 (KHTML, like Gecko) Chrome/57.0.2987.133 Safari/537.36"
80.123.94.70 - - [12/Apr/2017:13:03:48 +0200] "GET /cache/emu/images/easy-drivers-gm10241568/schnellkursjpg_16_9_0.jpg HTTP/1.1" 200 786 "http://ed.activities.at/entry.php?id=10778&form=10549&name=list&" "Mozilla/5.0 (Windows NT 10.0; WOW64) AppleWebKit/537.36 (KHTML, like Gecko) Chrome/57.0.2987.133 Safari/537.36"
80.123.94.70 - - [12/Apr/2017:13:03:48 +0200] "GET /cache/emu/images/easy-drivers-gm10244084/sommerkursejpg_16_9_0.jpg HTTP/1.1" 200 763 "http://ed.activities.at/entry.php?id=10778&form=10549&name=list&" "Mozilla/5.0 (Windows NT 10.0; WOW64) AppleWebKit/537.36 (KHTML, like Gecko) Chrome/57.0.2987.133 Safari/537.36"
80.123.94.70 - - [12/Apr/2017:13:03:48 +0200] "GET /cache/emu/images/easy-drivers-gm10278338/silberbauer-yvonne-b_13_16_0.jpg HTTP/1.1" 200 809 "http://ed.activities.at/entry.php?id=10778&form=10549&name=list&" "Mozilla/5.0 (Windows NT 10.0; WOW64) AppleWebKit/537.36 (KHTML, like Gecko) Chrome/57.0.2987.133 Safari/537.36"
80.123.94.70 - - [12/Apr/2017:13:03:48 +0200] "GET /cache/emu/images/easy-drivers-gm10267744/skarpil-liane-bearbeitetjpg_16_16_0.jpg HTTP/1.1" 200 793 "http://ed.activities.at/entry.php?id=10778&form=10549&name=list&" "Mozilla/5.0 (Windows NT 10.0; WOW64) AppleWebKit/537.36 (KHTML, like Gecko) Chrome/57.0.2987.133 Safari/537.36"
80.123.94.70 - - [12/Apr/2017:13:03:48 +0200] "GET /cache/emu/images/easy-drivers-gm10284571/stpoeltenedwebheader830x3001jpg_16_6_0.jpg HTTP/1.1" 200 758 "http://ed.activities.at/entry.php?id=10778&form=10549&name=list&" "Mozilla/5.0 (Windows NT 10.0; WOW64) AppleWebKit/537.36 (KHTML, like Gecko) Chrome/57.0.2987.133 Safari/537.36"
80.123.94.70 - - [12/Apr/2017:13:03:48 +0200] "GET /cache/emu/images/easy-drivers-gm10253243/stp_16_16_0.jpg HTTP/1.1" 200 780 "http://ed.activities.at/entry.php?id=10778&form=10549&name=list&" "Mozilla/5.0 (Windows NT 10.0; WOW64) AppleWebKit/537.36 (KHTML, like Gecko) Chrome/57.0.2987.133 Safari/537.36"
80.123.94.70 - - [12/Apr/2017:13:03:48 +0200] "GET /cache/emu/images/easy-drivers-gm10287967/umweltundverkehrwebjpg_16_8_0.jpg HTTP/1.1" 200 743 "http://ed.activities.at/entry.php?id=10778&form=10549&name=list&" "Mozilla/5.0 (Windows NT 10.0; WOW64) AppleWebKit/537.36 (KHTML, like Gecko) Chrome/57.0.2987.133 Safari/537.36"
80.123.94.70 - - [12/Apr/2017:13:03:48 +0200] "GET /cache/emu/images/easy-drivers-gm10287968/uniqajpg_16_13_0.jpg HTTP/1.1" 200 767 "http://ed.activities.at/entry.php?id=10778&form=10549&name=list&" "Mozilla/5.0 (Windows NT 10.0; WOW64) AppleWebKit/537.36 (KHTML, like Gecko) Chrome/57.0.2987.133 Safari/537.36"
80.123.94.70 - - [12/Apr/2017:13:03:48 +0200] "GET /cache/emu/images/easy-drivers-gm10264045/weihnachtsbaumjpg_16_16_0.jpg HTTP/1.1" 200 813 "http://ed.activities.at/entry.php?id=10778&form=10549&name=list&" "Mozilla/5.0 (Windows NT 10.0; WOW64) AppleWebKit/537.36 (KHTML, like Gecko) Chrome/57.0.2987.133 Safari/537.36"
80.123.94.70 - - [12/Apr/2017:13:03:48 +0200] "GET /cache/emu/images/easy-drivers-gm10264046/weihnachtsbaumjpg_16_16_0.jpg HTTP/1.1" 200 813 "http://ed.activities.at/entry.php?id=10778&form=10549&name=list&" "Mozilla/5.0 (Windows NT 10.0; WOW64) AppleWebKit/537.36 (KHTML, like Gecko) Chrome/57.0.2987.133 Safari/537.36"
80.123.94.70 - - [12/Apr/2017:13:03:48 +0200] "GET /cache/emu/images/easy-drivers-gm10287961/wernerebenbauerjpg_12_16_0.jpg HTTP/1.1" 200 810 "http://ed.activities.at/entry.php?id=10778&form=10549&name=list&" "Mozilla/5.0 (Windows NT 10.0; WOW64) AppleWebKit/537.36 (KHTML, like Gecko) Chrome/57.0.2987.133 Safari/537.36"
80.123.94.70 - - [12/Apr/2017:13:03:48 +0200] "GET /cache/emu/images/easy-drivers-gm10253238/wh-ulli-k_16_16_0.jpg HTTP/1.1" 200 793 "http://ed.activities.at/entry.php?id=10778&form=10549&name=list&" "Mozilla/5.0 (Windows NT 10.0; WOW64) AppleWebKit/537.36 (KHTML, like Gecko) Chrome/57.0.2987.133 Safari/537.36"
80.123.94.70 - - [12/Apr/2017:13:03:50 +0200] "POST /entry.php?id=10704 HTTP/1.1" 200 3073 "http://ed.activities.at/entry.php?id=10704&&but=&object=&class=&tag=&value=&chooserview=image_single&function=&setlist=&t_width=&t_height=&view=boxofferimage" "Mozilla/5.0 (Windows NT 10.0; WOW64) AppleWebKit/537.36 (KHTML, like Gecko) Chrome/57.0.2987.133 Safari/537.36"
80.123.94.70 - - [12/Apr/2017:13:03:51 +0200] "GET /gui/javascript/form_form.js?1491995031 HTTP/1.1" 200 16206 "http://ed.activities.at/entry.php?id=10704" "Mozilla/5.0 (Windows NT 10.0; WOW64) AppleWebKit/537.36 (KHTML, like Gecko) Chrome/57.0.2987.133 Safari/537.36"
80.123.94.70 - - [12/Apr/2017:13:03:51 +0200] "GET /cache/emu/images/easy-drivers-gm10244079/fuehrerscheinajpg_160_90_0.jpg HTTP/1.1" 200 3719 "http://ed.activities.at/entry.php?id=11685&object=10230475&site=10201431&item=10221981" "Mozilla/5.0 (Windows NT 10.0; WOW64) AppleWebKit/537.36 (KHTML, like Gecko) Chrome/57.0.2987.133 Safari/537.36"
80.123.94.70 - - [12/Apr/2017:13:03:54 +0200] "POST /entry.php?id=11685 HTTP/1.1" 200 3628 "http://ed.activities.at/entry.php?id=11685&object=10230475&site=10201431&item=10221981" "Mozilla/5.0 (Windows NT 10.0; WOW64) AppleWebKit/537.36 (KHTML, like Gecko) Chrome/57.0.2987.133 Safari/537.36"
80.123.94.70 - - [12/Apr/2017:13:03:55 +0200] "GET /gui/javascript/form_form.js?1491995035 HTTP/1.1" 200 16206 "http://ed.activities.at/entry.php?id=11685" "Mozilla/5.0 (Windows NT 10.0; WOW64) AppleWebKit/537.36 (KHTML, like Gecko) Chrome/57.0.2987.133 Safari/537.36"
80.123.94.70 - - [12/Apr/2017:13:03:57 +0200] "GET /entry.php?id=11685&object=10230474&site=10201431&item=10221981 HTTP/1.1" 200 3604 "http://ed.activities.at/entry.php?id=11412" "Mozilla/5.0 (Windows NT 10.0; WOW64) AppleWebKit/537.36 (KHTML, like Gecko) Chrome/57.0.2987.133 Safari/537.36"
80.123.94.70 - - [12/Apr/2017:13:03:57 +0200] "GET /gui/javascript/form_form.js?1491995037 HTTP/1.1" 200 16206 "http://ed.activities.at/entry.php?id=11685&object=10230474&site=10201431&item=10221981" "Mozilla/5.0 (Windows NT 10.0; WOW64) AppleWebKit/537.36 (KHTML, like Gecko) Chrome/57.0.2987.133 Safari/537.36"
80.123.94.70 - - [12/Apr/2017:13:04:00 +0200] "GET /entry.php?id=10271&&ser=994980 HTTP/1.1" 200 987 "http://ed.activities.at/entry.php?id=10271&&ser=994919" "Mozilla/5.0 (Windows NT 10.0; WOW64) AppleWebKit/537.36 (KHTML, like Gecko) Chrome/57.0.2987.133 Safari/537.36"
80.123.94.70 - - [12/Apr/2017:13:04:00 +0200] "GET /gui/javascript/form_form.js?1491995040 HTTP/1.1" 200 16206 "http://ed.activities.at/entry.php?id=10271&&ser=994980" "Mozilla/5.0 (Windows NT 10.0; WOW64) AppleWebKit/537.36 (KHTML, like Gecko) Chrome/57.0.2987.133 Safari/537.36"
80.123.94.70 - - [12/Apr/2017:13:04:01 +0200] "GET /entry.php?id=11685&object=10230475&site=10201431&item=10221981 HTTP/1.1" 200 3534 "http://ed.activities.at/entry.php?id=11412" "Mozilla/5.0 (Windows NT 10.0; WOW64) AppleWebKit/537.36 (KHTML, like Gecko) Chrome/57.0.2987.133 Safari/537.36"
80.123.94.70 - - [12/Apr/2017:13:04:01 +0200] "GET /gui/javascript/form_form.js?1491995041 HTTP/1.1" 200 16206 "http://ed.activities.at/entry.php?id=11685&object=10230475&site=10201431&item=10221981" "Mozilla/5.0 (Windows NT 10.0; WOW64) AppleWebKit/537.36 (KHTML, like Gecko) Chrome/57.0.2987.133 Safari/537.36"
80.123.94.70 - - [12/Apr/2017:13:04:06 +0200] "POST /entry.php?id=11685 HTTP/1.1" 200 3668 "http://ed.activities.at/entry.php?id=11685&object=10230475&site=10201431&item=10221981" "Mozilla/5.0 (Windows NT 10.0; WOW64) AppleWebKit/537.36 (KHTML, like Gecko) Chrome/57.0.2987.133 Safari/537.36"
80.123.94.70 - - [12/Apr/2017:13:04:06 +0200] "GET /gui/javascript/form_form.js?1491995046 HTTP/1.1" 200 16206 "http://ed.activities.at/entry.php?id=11685" "Mozilla/5.0 (Windows NT 10.0; WOW64) AppleWebKit/537.36 (KHTML, like Gecko) Chrome/57.0.2987.133 Safari/537.36"
212.108.43.59 - - [12/Apr/2017:13:04:08 +0200] "GET /entry.php?id=10271&&ser=994988 HTTP/1.1" 200 987 "http://ed.activities.at/entry.php?id=10271&&ser=994928" "Mozilla/5.0 (Windows NT 10.0; Win64; x64) AppleWebKit/537.36 (KHTML, like Gecko) Chrome/57.0.2987.133 Safari/537.36"
212.108.43.59 - - [12/Apr/2017:13:04:09 +0200] "GET /gui/javascript/form_form.js?1491995049 HTTP/1.1" 200 16206 "http://ed.activities.at/entry.php?id=10271&&ser=994988" "Mozilla/5.0 (Windows NT 10.0; Win64; x64) AppleWebKit/537.36 (KHTML, like Gecko) Chrome/57.0.2987.133 Safari/537.36"
80.123.94.70 - - [12/Apr/2017:13:04:09 +0200] "POST /entry.php?id=11677 HTTP/1.1" 200 3313 "http://ed.activities.at/entry.php?id=10778&form=11502&name=list&" "Mozilla/5.0 (Windows NT 10.0; WOW64) AppleWebKit/537.36 (KHTML, like Gecko) Chrome/57.0.2987.133 Safari/537.36"
80.123.94.70 - - [12/Apr/2017:13:04:10 +0200] "GET /gui/javascript/form_form.js?1491995050 HTTP/1.1" 200 16206 "http://ed.activities.at/entry.php?id=11677" "Mozilla/5.0 (Windows NT 10.0; WOW64) AppleWebKit/537.36 (KHTML, like Gecko) Chrome/57.0.2987.133 Safari/537.36"
80.123.94.70 - - [12/Apr/2017:13:04:10 +0200] "GET /entry.php?id=10776&form=11502&name=list& HTTP/1.1" 200 1475 "http://ed.activities.at/entry.php?id=11677" "Mozilla/5.0 (Windows NT 10.0; WOW64) AppleWebKit/537.36 (KHTML, like Gecko) Chrome/57.0.2987.133 Safari/537.36"
80.123.94.70 - - [12/Apr/2017:13:04:10 +0200] "GET /entry.php?id=10778&form=11502&name=list& HTTP/1.1" 200 3812 "http://ed.activities.at/entry.php?id=11677" "Mozilla/5.0 (Windows NT 10.0; WOW64) AppleWebKit/537.36 (KHTML, like Gecko) Chrome/57.0.2987.133 Safari/537.36"
80.123.94.70 - - [12/Apr/2017:13:04:11 +0200] "POST /entry.php?id=11677 HTTP/1.1" 200 4420 "http://ed.activities.at/entry.php?id=11677" "Mozilla/5.0 (Windows NT 10.0; WOW64) AppleWebKit/537.36 (KHTML, like Gecko) Chrome/57.0.2987.133 Safari/537.36"
80.123.94.70 - - [12/Apr/2017:13:04:11 +0200] "GET /gui/javascript/form_form.js?1491995051 HTTP/1.1" 200 16206 "http://ed.activities.at/entry.php?id=11677" "Mozilla/5.0 (Windows NT 10.0; WOW64) AppleWebKit/537.36 (KHTML, like Gecko) Chrome/57.0.2987.133 Safari/537.36"
80.123.94.70 - - [12/Apr/2017:13:04:15 +0200] "POST /entry.php?id=11678 HTTP/1.1" 200 3470 "http://ed.activities.at/entry.php?id=11678&" "Mozilla/5.0 (Windows NT 10.0; WOW64) AppleWebKit/537.36 (KHTML, like Gecko) Chrome/57.0.2987.133 Safari/537.36"
80.123.94.70 - - [12/Apr/2017:13:04:15 +0200] "GET /activities/framework/KoolControls/KoolAjax/koolajax.php?8436e354c842500aba3cbaf0584c0c24 HTTP/1.1" 200 4079 "http://ed.activities.at/entry.php?id=11678" "Mozilla/5.0 (Windows NT 10.0; WOW64) AppleWebKit/537.36 (KHTML, like Gecko) Chrome/57.0.2987.133 Safari/537.36"
80.123.94.70 - - [12/Apr/2017:13:04:15 +0200] "GET /gui/javascript/form_form.js?1491995055 HTTP/1.1" 200 16206 "http://ed.activities.at/entry.php?id=11678" "Mozilla/5.0 (Windows NT 10.0; WOW64) AppleWebKit/537.36 (KHTML, like Gecko) Chrome/57.0.2987.133 Safari/537.36"
80.123.94.70 - - [12/Apr/2017:13:04:15 +0200] "GET /activities/framework/KoolControls/KoolTreeView/kooltreeview.php?c7cd9180e88ffef8e70f13526bb4f5f7 HTTP/1.1" 200 5055 "http://ed.activities.at/entry.php?id=11678" "Mozilla/5.0 (Windows NT 10.0; WOW64) AppleWebKit/537.36 (KHTML, like Gecko) Chrome/57.0.2987.133 Safari/537.36"
212.108.43.59 - - [12/Apr/2017:13:04:15 +0200] "GET /entry.php?id=10271&&ser=994995 HTTP/1.1" 200 987 "http://ed.activities.at/entry.php?id=10271&&ser=994934" "Mozilla/5.0 (Windows NT 10.0; Win64; x64) AppleWebKit/537.36 (KHTML, like Gecko) Chrome/57.0.2987.133 Safari/537.36"
212.108.43.59 - - [12/Apr/2017:13:04:16 +0200] "GET /gui/javascript/form_form.js?1491995056 HTTP/1.1" 200 16206 "http://ed.activities.at/entry.php?id=10271&&ser=994995" "Mozilla/5.0 (Windows NT 10.0; Win64; x64) AppleWebKit/537.36 (KHTML, like Gecko) Chrome/57.0.2987.133 Safari/537.36"
80.123.94.70 - - [12/Apr/2017:13:04:16 +0200] "POST /entry.php?id=11677 HTTP/1.1" 200 4417 "http://ed.activities.at/entry.php?id=11677" "Mozilla/5.0 (Windows NT 10.0; WOW64) AppleWebKit/537.36 (KHTML, like Gecko) Chrome/57.0.2987.133 Safari/537.36"
80.123.94.70 - - [12/Apr/2017:13:04:17 +0200] "GET /gui/javascript/form_form.js?1491995057 HTTP/1.1" 200 16206 "http://ed.activities.at/entry.php?id=11677" "Mozilla/5.0 (Windows NT 10.0; WOW64) AppleWebKit/537.36 (KHTML, like Gecko) Chrome/57.0.2987.133 Safari/537.36"
212.108.43.59 - - [12/Apr/2017:13:04:17 +0200] "GET /entry.php?id=10271&&ser=994997 HTTP/1.1" 200 987 "http://ed.activities.at/entry.php?id=10271&&ser=994937" "Mozilla/5.0 (Windows NT 10.0; Win64; x64) AppleWebKit/537.36 (KHTML, like Gecko) Chrome/57.0.2987.133 Safari/537.36"
212.108.43.59 - - [12/Apr/2017:13:04:18 +0200] "GET /gui/javascript/form_form.js?1491995057 HTTP/1.1" 200 16206 "http://ed.activities.at/entry.php?id=10271&&ser=994997" "Mozilla/5.0 (Windows NT 10.0; Win64; x64) AppleWebKit/537.36 (KHTML, like Gecko) Chrome/57.0.2987.133 Safari/537.36"
80.123.94.70 - - [12/Apr/2017:13:05:00 +0200] "GET /entry.php?id=10271&&ser=995040 HTTP/1.1" 200 986 "http://ed.activities.at/entry.php?id=10271&&ser=994980" "Mozilla/5.0 (Windows NT 10.0; WOW64) AppleWebKit/537.36 (KHTML, like Gecko) Chrome/57.0.2987.133 Safari/537.36"
80.123.94.70 - - [12/Apr/2017:13:05:00 +0200] "GET /gui/javascript/form_form.js?1491995100 HTTP/1.1" 200 16206 "http://ed.activities.at/entry.php?id=10271&&ser=995040" "Mozilla/5.0 (Windows NT 10.0; WOW64) AppleWebKit/537.36 (KHTML, like Gecko) Chrome/57.0.2987.133 Safari/537.36"
212.108.43.59 - - [12/Apr/2017:13:05:09 +0200] "GET /entry.php?id=10271&&ser=995049 HTTP/1.1" 200 987 "http://ed.activities.at/entry.php?id=10271&&ser=994988" "Mozilla/5.0 (Windows NT 10.0; Win64; x64) AppleWebKit/537.36 (KHTML, like Gecko) Chrome/57.0.2987.133 Safari/537.36"
212.108.43.59 - - [12/Apr/2017:13:05:09 +0200] "GET /gui/javascript/form_form.js?1491995109 HTTP/1.1" 200 16206 "http://ed.activities.at/entry.php?id=10271&&ser=995049" "Mozilla/5.0 (Windows NT 10.0; Win64; x64) AppleWebKit/537.36 (KHTML, like Gecko) Chrome/57.0.2987.133 Safari/537.36"
212.108.43.59 - - [12/Apr/2017:13:05:16 +0200] "GET /entry.php?id=10271&&ser=995056 HTTP/1.1" 200 987 "http://ed.activities.at/entry.php?id=10271&&ser=994995" "Mozilla/5.0 (Windows NT 10.0; Win64; x64) AppleWebKit/537.36 (KHTML, like Gecko) Chrome/57.0.2987.133 Safari/537.36"
212.108.43.59 - - [12/Apr/2017:13:05:17 +0200] "GET /gui/javascript/form_form.js?1491995117 HTTP/1.1" 200 16206 "http://ed.activities.at/entry.php?id=10271&&ser=995056" "Mozilla/5.0 (Windows NT 10.0; Win64; x64) AppleWebKit/537.36 (KHTML, like Gecko) Chrome/57.0.2987.133 Safari/537.36"
212.108.43.59 - - [12/Apr/2017:13:05:18 +0200] "GET /entry.php?id=10271&&ser=995057 HTTP/1.1" 200 987 "http://ed.activities.at/entry.php?id=10271&&ser=994997" "Mozilla/5.0 (Windows NT 10.0; Win64; x64) AppleWebKit/537.36 (KHTML, like Gecko) Chrome/57.0.2987.133 Safari/537.36"
212.108.43.59 - - [12/Apr/2017:13:05:18 +0200] "GET /gui/javascript/form_form.js?1491995118 HTTP/1.1" 200 16206 "http://ed.activities.at/entry.php?id=10271&&ser=995057" "Mozilla/5.0 (Windows NT 10.0; Win64; x64) AppleWebKit/537.36 (KHTML, like Gecko) Chrome/57.0.2987.133 Safari/537.36"
80.123.94.70 - - [12/Apr/2017:13:06:01 +0200] "GET /entry.php?id=10271&&ser=995100 HTTP/1.1" 200 987 "http://ed.activities.at/entry.php?id=10271&&ser=995040" "Mozilla/5.0 (Windows NT 10.0; WOW64) AppleWebKit/537.36 (KHTML, like Gecko) Chrome/57.0.2987.133 Safari/537.36"
80.123.94.70 - - [12/Apr/2017:13:06:01 +0200] "GET /gui/javascript/form_form.js?1491995161 HTTP/1.1" 200 16206 "http://ed.activities.at/entry.php?id=10271&&ser=995100" "Mozilla/5.0 (Windows NT 10.0; WOW64) AppleWebKit/537.36 (KHTML, like Gecko) Chrome/57.0.2987.133 Safari/537.36"
212.108.43.59 - - [12/Apr/2017:13:06:09 +0200] "GET /entry.php?id=10271&&ser=995109 HTTP/1.1" 200 987 "http://ed.activities.at/entry.php?id=10271&&ser=995049" "Mozilla/5.0 (Windows NT 10.0; Win64; x64) AppleWebKit/537.36 (KHTML, like Gecko) Chrome/57.0.2987.133 Safari/537.36"
212.108.43.59 - - [12/Apr/2017:13:06:10 +0200] "GET /gui/javascript/form_form.js?1491995170 HTTP/1.1" 200 16206 "http://ed.activities.at/entry.php?id=10271&&ser=995109" "Mozilla/5.0 (Windows NT 10.0; Win64; x64) AppleWebKit/537.36 (KHTML, like Gecko) Chrome/57.0.2987.133 Safari/537.36"
212.108.43.59 - - [12/Apr/2017:13:06:17 +0200] "GET /entry.php?id=10271&&ser=995117 HTTP/1.1" 200 987 "http://ed.activities.at/entry.php?id=10271&&ser=995056" "Mozilla/5.0 (Windows NT 10.0; Win64; x64) AppleWebKit/537.36 (KHTML, like Gecko) Chrome/57.0.2987.133 Safari/537.36"
212.108.43.59 - - [12/Apr/2017:13:06:18 +0200] "GET /gui/javascript/form_form.js?1491995178 HTTP/1.1" 200 16206 "http://ed.activities.at/entry.php?id=10271&&ser=995117" "Mozilla/5.0 (Windows NT 10.0; Win64; x64) AppleWebKit/537.36 (KHTML, like Gecko) Chrome/57.0.2987.133 Safari/537.36"
212.108.43.59 - - [12/Apr/2017:13:06:18 +0200] "GET /entry.php?id=10271&&ser=995118 HTTP/1.1" 200 987 "http://ed.activities.at/entry.php?id=10271&&ser=995057" "Mozilla/5.0 (Windows NT 10.0; Win64; x64) AppleWebKit/537.36 (KHTML, like Gecko) Chrome/57.0.2987.133 Safari/537.36"
80.123.94.70 - - [12/Apr/2017:13:07:01 +0200] "GET /entry.php?id=10271&&ser=995161 HTTP/1.1" 200 987 "http://ed.activities.at/entry.php?id=10271&&ser=995100" "Mozilla/5.0 (Windows NT 10.0; WOW64) AppleWebKit/537.36 (KHTML, like Gecko) Chrome/57.0.2987.133 Safari/537.36"
80.123.94.70 - - [12/Apr/2017:13:07:01 +0200] "GET /gui/javascript/form_form.js?1491995221 HTTP/1.1" 200 16206 "http://ed.activities.at/entry.php?id=10271&&ser=995161" "Mozilla/5.0 (Windows NT 10.0; WOW64) AppleWebKit/537.36 (KHTML, like Gecko) Chrome/57.0.2987.133 Safari/537.36"
212.108.43.59 - - [12/Apr/2017:13:07:10 +0200] "GET /entry.php?id=10271&&ser=995170 HTTP/1.1" 200 987 "http://ed.activities.at/entry.php?id=10271&&ser=995109" "Mozilla/5.0 (Windows NT 10.0; Win64; x64) AppleWebKit/537.36 (KHTML, like Gecko) Chrome/57.0.2987.133 Safari/537.36"
212.108.43.59 - - [12/Apr/2017:13:07:10 +0200] "GET /gui/javascript/form_form.js?1491995230 HTTP/1.1" 200 16206 "http://ed.activities.at/entry.php?id=10271&&ser=995170" "Mozilla/5.0 (Windows NT 10.0; Win64; x64) AppleWebKit/537.36 (KHTML, like Gecko) Chrome/57.0.2987.133 Safari/537.36"
212.108.43.59 - - [12/Apr/2017:13:07:18 +0200] "GET /entry.php?id=10271&&ser=995178 HTTP/1.1" 200 987 "http://ed.activities.at/entry.php?id=10271&&ser=995118" "Mozilla/5.0 (Windows NT 10.0; Win64; x64) AppleWebKit/537.36 (KHTML, like Gecko) Chrome/57.0.2987.133 Safari/537.36"
212.108.43.59 - - [12/Apr/2017:13:07:19 +0200] "GET /gui/javascript/form_form.js?1491995238 HTTP/1.1" 200 16206 "http://ed.activities.at/entry.php?id=10271&&ser=995178" "Mozilla/5.0 (Windows NT 10.0; Win64; x64) AppleWebKit/537.36 (KHTML, like Gecko) Chrome/57.0.2987.133 Safari/537.36"
212.108.43.59 - - [12/Apr/2017:13:07:19 +0200] "GET /entry.php?id=10271&&ser=995178 HTTP/1.1" 200 987 "http://ed.activities.at/entry.php?id=10271&&ser=995117" "Mozilla/5.0 (Windows NT 10.0; Win64; x64) AppleWebKit/537.36 (KHTML, like Gecko) Chrome/57.0.2987.133 Safari/537.36"
212.108.43.59 - - [12/Apr/2017:13:07:19 +0200] "GET /gui/javascript/form_form.js?1491995239 HTTP/1.1" 200 16206 "http://ed.activities.at/entry.php?id=10271&&ser=995178" "Mozilla/5.0 (Windows NT 10.0; Win64; x64) AppleWebKit/537.36 (KHTML, like Gecko) Chrome/57.0.2987.133 Safari/537.36"
80.123.94.70 - - [12/Apr/2017:13:08:01 +0200] "GET /entry.php?id=10271&&ser=995221 HTTP/1.1" 200 986 "http://ed.activities.at/entry.php?id=10271&&ser=995161" "Mozilla/5.0 (Windows NT 10.0; WOW64) AppleWebKit/537.36 (KHTML, like Gecko) Chrome/57.0.2987.133 Safari/537.36"
80.123.94.70 - - [12/Apr/2017:13:08:02 +0200] "GET /gui/javascript/form_form.js?1491995281 HTTP/1.1" 200 16206 "http://ed.activities.at/entry.php?id=10271&&ser=995221" "Mozilla/5.0 (Windows NT 10.0; WOW64) AppleWebKit/537.36 (KHTML, like Gecko) Chrome/57.0.2987.133 Safari/537.36"
212.108.43.59 - - [12/Apr/2017:13:08:10 +0200] "GET /entry.php?id=10271&&ser=995230 HTTP/1.1" 200 987 "http://ed.activities.at/entry.php?id=10271&&ser=995170" "Mozilla/5.0 (Windows NT 10.0; Win64; x64) AppleWebKit/537.36 (KHTML, like Gecko) Chrome/57.0.2987.133 Safari/537.36"
212.108.43.59 - - [12/Apr/2017:13:08:10 +0200] "GET /gui/javascript/form_form.js?1491995290 HTTP/1.1" 200 16206 "http://ed.activities.at/entry.php?id=10271&&ser=995230" "Mozilla/5.0 (Windows NT 10.0; Win64; x64) AppleWebKit/537.36 (KHTML, like Gecko) Chrome/57.0.2987.133 Safari/537.36"
212.108.43.59 - - [12/Apr/2017:13:08:19 +0200] "GET /entry.php?id=10271&&ser=995238 HTTP/1.1" 200 987 "http://ed.activities.at/entry.php?id=10271&&ser=995178" "Mozilla/5.0 (Windows NT 10.0; Win64; x64) AppleWebKit/537.36 (KHTML, like Gecko) Chrome/57.0.2987.133 Safari/537.36"
212.108.43.59 - - [12/Apr/2017:13:08:19 +0200] "GET /gui/javascript/form_form.js?1491995299 HTTP/1.1" 200 16206 "http://ed.activities.at/entry.php?id=10271&&ser=995238" "Mozilla/5.0 (Windows NT 10.0; Win64; x64) AppleWebKit/537.36 (KHTML, like Gecko) Chrome/57.0.2987.133 Safari/537.36"
212.108.43.59 - - [12/Apr/2017:13:08:19 +0200] "GET /entry.php?id=10271&&ser=995239 HTTP/1.1" 200 987 "http://ed.activities.at/entry.php?id=10271&&ser=995178" "Mozilla/5.0 (Windows NT 10.0; Win64; x64) AppleWebKit/537.36 (KHTML, like Gecko) Chrome/57.0.2987.133 Safari/537.36"
212.108.43.59 - - [12/Apr/2017:13:08:20 +0200] "GET /gui/javascript/form_form.js?1491995300 HTTP/1.1" 200 16206 "http://ed.activities.at/entry.php?id=10271&&ser=995239" "Mozilla/5.0 (Windows NT 10.0; Win64; x64) AppleWebKit/537.36 (KHTML, like Gecko) Chrome/57.0.2987.133 Safari/537.36"
80.123.94.70 - - [12/Apr/2017:13:09:02 +0200] "GET /entry.php?id=10271&&ser=995281 HTTP/1.1" 200 987 "http://ed.activities.at/entry.php?id=10271&&ser=995221" "Mozilla/5.0 (Windows NT 10.0; WOW64) AppleWebKit/537.36 (KHTML, like Gecko) Chrome/57.0.2987.133 Safari/537.36"
80.123.94.70 - - [12/Apr/2017:13:09:02 +0200] "GET /gui/javascript/form_form.js?1491995342 HTTP/1.1" 200 16206 "http://ed.activities.at/entry.php?id=10271&&ser=995281" "Mozilla/5.0 (Windows NT 10.0; WOW64) AppleWebKit/537.36 (KHTML, like Gecko) Chrome/57.0.2987.133 Safari/537.36"
212.108.43.59 - - [12/Apr/2017:13:09:11 +0200] "GET /entry.php?id=10271&&ser=995290 HTTP/1.1" 200 987 "http://ed.activities.at/entry.php?id=10271&&ser=995230" "Mozilla/5.0 (Windows NT 10.0; Win64; x64) AppleWebKit/537.36 (KHTML, like Gecko) Chrome/57.0.2987.133 Safari/537.36"
212.108.43.59 - - [12/Apr/2017:13:09:11 +0200] "GET /gui/javascript/form_form.js?1491995351 HTTP/1.1" 200 16206 "http://ed.activities.at/entry.php?id=10271&&ser=995290" "Mozilla/5.0 (Windows NT 10.0; Win64; x64) AppleWebKit/537.36 (KHTML, like Gecko) Chrome/57.0.2987.133 Safari/537.36"
212.108.43.59 - - [12/Apr/2017:13:09:19 +0200] "GET /entry.php?id=10271&&ser=995299 HTTP/1.1" 200 987 "http://ed.activities.at/entry.php?id=10271&&ser=995238" "Mozilla/5.0 (Windows NT 10.0; Win64; x64) AppleWebKit/537.36 (KHTML, like Gecko) Chrome/57.0.2987.133 Safari/537.36"
212.108.43.59 - - [12/Apr/2017:13:09:19 +0200] "GET /gui/javascript/form_form.js?1491995359 HTTP/1.1" 200 16206 "http://ed.activities.at/entry.php?id=10271&&ser=995299" "Mozilla/5.0 (Windows NT 10.0; Win64; x64) AppleWebKit/537.36 (KHTML, like Gecko) Chrome/57.0.2987.133 Safari/537.36"
212.108.43.59 - - [12/Apr/2017:13:09:20 +0200] "GET /entry.php?id=10271&&ser=995300 HTTP/1.1" 200 987 "http://ed.activities.at/entry.php?id=10271&&ser=995239" "Mozilla/5.0 (Windows NT 10.0; Win64; x64) AppleWebKit/537.36 (KHTML, like Gecko) Chrome/57.0.2987.133 Safari/537.36"
212.108.43.59 - - [12/Apr/2017:13:09:21 +0200] "GET /gui/javascript/form_form.js?1491995361 HTTP/1.1" 200 16206 "http://ed.activities.at/entry.php?id=10271&&ser=995300" "Mozilla/5.0 (Windows NT 10.0; Win64; x64) AppleWebKit/537.36 (KHTML, like Gecko) Chrome/57.0.2987.133 Safari/537.36"
80.123.94.70 - - [12/Apr/2017:13:10:02 +0200] "GET /entry.php?id=10271&&ser=995342 HTTP/1.1" 200 987 "http://ed.activities.at/entry.php?id=10271&&ser=995281" "Mozilla/5.0 (Windows NT 10.0; WOW64) AppleWebKit/537.36 (KHTML, like Gecko) Chrome/57.0.2987.133 Safari/537.36"
80.123.94.70 - - [12/Apr/2017:13:10:02 +0200] "GET /gui/javascript/form_form.js?1491995402 HTTP/1.1" 200 16206 "http://ed.activities.at/entry.php?id=10271&&ser=995342" "Mozilla/5.0 (Windows NT 10.0; WOW64) AppleWebKit/537.36 (KHTML, like Gecko) Chrome/57.0.2987.133 Safari/537.36"
212.108.43.59 - - [12/Apr/2017:13:10:11 +0200] "GET /entry.php?id=10271&&ser=995351 HTTP/1.1" 200 987 "http://ed.activities.at/entry.php?id=10271&&ser=995290" "Mozilla/5.0 (Windows NT 10.0; Win64; x64) AppleWebKit/537.36 (KHTML, like Gecko) Chrome/57.0.2987.133 Safari/537.36"
212.108.43.59 - - [12/Apr/2017:13:10:11 +0200] "GET /gui/javascript/form_form.js?1491995411 HTTP/1.1" 200 16206 "http://ed.activities.at/entry.php?id=10271&&ser=995351" "Mozilla/5.0 (Windows NT 10.0; Win64; x64) AppleWebKit/537.36 (KHTML, like Gecko) Chrome/57.0.2987.133 Safari/537.36"
212.108.43.59 - - [12/Apr/2017:13:10:19 +0200] "GET /entry.php?id=10271&&ser=995359 HTTP/1.1" 200 989 "http://ed.activities.at/entry.php?id=10271&&ser=995299" "Mozilla/5.0 (Windows NT 10.0; Win64; x64) AppleWebKit/537.36 (KHTML, like Gecko) Chrome/57.0.2987.133 Safari/537.36"
212.108.43.59 - - [12/Apr/2017:13:10:20 +0200] "GET /gui/javascript/form_form.js?1491995420 HTTP/1.1" 200 16206 "http://ed.activities.at/entry.php?id=10271&&ser=995359" "Mozilla/5.0 (Windows NT 10.0; Win64; x64) AppleWebKit/537.36 (KHTML, like Gecko) Chrome/57.0.2987.133 Safari/537.36"
212.108.43.59 - - [12/Apr/2017:13:10:21 +0200] "GET /entry.php?id=10271&&ser=995361 HTTP/1.1" 200 987 "http://ed.activities.at/entry.php?id=10271&&ser=995300" "Mozilla/5.0 (Windows NT 10.0; Win64; x64) AppleWebKit/537.36 (KHTML, like Gecko) Chrome/57.0.2987.133 Safari/537.36"
212.108.43.59 - - [12/Apr/2017:13:10:22 +0200] "GET /gui/javascript/form_form.js?1491995422 HTTP/1.1" 200 16206 "http://ed.activities.at/entry.php?id=10271&&ser=995361" "Mozilla/5.0 (Windows NT 10.0; Win64; x64) AppleWebKit/537.36 (KHTML, like Gecko) Chrome/57.0.2987.133 Safari/537.36"
80.123.94.70 - - [12/Apr/2017:13:11:02 +0200] "GET /entry.php?id=10271&&ser=995402 HTTP/1.1" 200 987 "http://ed.activities.at/entry.php?id=10271&&ser=995342" "Mozilla/5.0 (Windows NT 10.0; WOW64) AppleWebKit/537.36 (KHTML, like Gecko) Chrome/57.0.2987.133 Safari/537.36"
80.123.94.70 - - [12/Apr/2017:13:11:03 +0200] "GET /gui/javascript/form_form.js?1491995463 HTTP/1.1" 200 16206 "http://ed.activities.at/entry.php?id=10271&&ser=995402" "Mozilla/5.0 (Windows NT 10.0; WOW64) AppleWebKit/537.36 (KHTML, like Gecko) Chrome/57.0.2987.133 Safari/537.36"
212.108.43.59 - - [12/Apr/2017:13:11:12 +0200] "GET /entry.php?id=10271&&ser=995411 HTTP/1.1" 200 987 "http://ed.activities.at/entry.php?id=10271&&ser=995351" "Mozilla/5.0 (Windows NT 10.0; Win64; x64) AppleWebKit/537.36 (KHTML, like Gecko) Chrome/57.0.2987.133 Safari/537.36"
212.108.43.59 - - [12/Apr/2017:13:11:12 +0200] "GET /gui/javascript/form_form.js?1491995472 HTTP/1.1" 200 16206 "http://ed.activities.at/entry.php?id=10271&&ser=995411" "Mozilla/5.0 (Windows NT 10.0; Win64; x64) AppleWebKit/537.36 (KHTML, like Gecko) Chrome/57.0.2987.133 Safari/537.36"
212.108.43.59 - - [12/Apr/2017:13:11:20 +0200] "GET /entry.php?id=10271&&ser=995419 HTTP/1.1" 200 987 "http://ed.activities.at/entry.php?id=10271&&ser=995359" "Mozilla/5.0 (Windows NT 10.0; Win64; x64) AppleWebKit/537.36 (KHTML, like Gecko) Chrome/57.0.2987.133 Safari/537.36"
212.108.43.59 - - [12/Apr/2017:13:11:20 +0200] "GET /gui/javascript/form_form.js?1491995480 HTTP/1.1" 200 16206 "http://ed.activities.at/entry.php?id=10271&&ser=995419" "Mozilla/5.0 (Windows NT 10.0; Win64; x64) AppleWebKit/537.36 (KHTML, like Gecko) Chrome/57.0.2987.133 Safari/537.36"
212.108.43.59 - - [12/Apr/2017:13:11:22 +0200] "GET /entry.php?id=10271&&ser=995422 HTTP/1.1" 200 987 "http://ed.activities.at/entry.php?id=10271&&ser=995361" "Mozilla/5.0 (Windows NT 10.0; Win64; x64) AppleWebKit/537.36 (KHTML, like Gecko) Chrome/57.0.2987.133 Safari/537.36"
212.108.43.59 - - [12/Apr/2017:13:11:23 +0200] "GET /gui/javascript/form_form.js?1491995483 HTTP/1.1" 200 16206 "http://ed.activities.at/entry.php?id=10271&&ser=995422" "Mozilla/5.0 (Windows NT 10.0; Win64; x64) AppleWebKit/537.36 (KHTML, like Gecko) Chrome/57.0.2987.133 Safari/537.36"
80.123.94.70 - - [12/Apr/2017:13:12:03 +0200] "GET /entry.php?id=10271&&ser=995463 HTTP/1.1" 200 987 "http://ed.activities.at/entry.php?id=10271&&ser=995402" "Mozilla/5.0 (Windows NT 10.0; WOW64) AppleWebKit/537.36 (KHTML, like Gecko) Chrome/57.0.2987.133 Safari/537.36"
80.123.94.70 - - [12/Apr/2017:13:12:03 +0200] "GET /gui/javascript/form_form.js?1491995523 HTTP/1.1" 200 16206 "http://ed.activities.at/entry.php?id=10271&&ser=995463" "Mozilla/5.0 (Windows NT 10.0; WOW64) AppleWebKit/537.36 (KHTML, like Gecko) Chrome/57.0.2987.133 Safari/537.36"
212.108.43.59 - - [12/Apr/2017:13:12:12 +0200] "GET /entry.php?id=10271&&ser=995472 HTTP/1.1" 200 987 "http://ed.activities.at/entry.php?id=10271&&ser=995411" "Mozilla/5.0 (Windows NT 10.0; Win64; x64) AppleWebKit/537.36 (KHTML, like Gecko) Chrome/57.0.2987.133 Safari/537.36"
212.108.43.59 - - [12/Apr/2017:13:12:12 +0200] "GET /gui/javascript/form_form.js?1491995532 HTTP/1.1" 200 16206 "http://ed.activities.at/entry.php?id=10271&&ser=995472" "Mozilla/5.0 (Windows NT 10.0; Win64; x64) AppleWebKit/537.36 (KHTML, like Gecko) Chrome/57.0.2987.133 Safari/537.36"
212.108.43.59 - - [12/Apr/2017:13:12:20 +0200] "GET /entry.php?id=10271&&ser=995480 HTTP/1.1" 200 987 "http://ed.activities.at/entry.php?id=10271&&ser=995419" "Mozilla/5.0 (Windows NT 10.0; Win64; x64) AppleWebKit/537.36 (KHTML, like Gecko) Chrome/57.0.2987.133 Safari/537.36"
212.108.43.59 - - [12/Apr/2017:13:12:20 +0200] "GET /gui/javascript/form_form.js?1491995540 HTTP/1.1" 200 16206 "http://ed.activities.at/entry.php?id=10271&&ser=995480" "Mozilla/5.0 (Windows NT 10.0; Win64; x64) AppleWebKit/537.36 (KHTML, like Gecko) Chrome/57.0.2987.133 Safari/537.36"
212.108.43.59 - - [12/Apr/2017:13:12:23 +0200] "GET /entry.php?id=10271&&ser=995483 HTTP/1.1" 200 987 "http://ed.activities.at/entry.php?id=10271&&ser=995422" "Mozilla/5.0 (Windows NT 10.0; Win64; x64) AppleWebKit/537.36 (KHTML, like Gecko) Chrome/57.0.2987.133 Safari/537.36"
212.108.43.59 - - [12/Apr/2017:13:12:24 +0200] "GET /gui/javascript/form_form.js?1491995544 HTTP/1.1" 200 16206 "http://ed.activities.at/entry.php?id=10271&&ser=995483" "Mozilla/5.0 (Windows NT 10.0; Win64; x64) AppleWebKit/537.36 (KHTML, like Gecko) Chrome/57.0.2987.133 Safari/537.36"
80.123.94.70 - - [12/Apr/2017:13:13:03 +0200] "GET /entry.php?id=10271&&ser=995523 HTTP/1.1" 200 987 "http://ed.activities.at/entry.php?id=10271&&ser=995463" "Mozilla/5.0 (Windows NT 10.0; WOW64) AppleWebKit/537.36 (KHTML, like Gecko) Chrome/57.0.2987.133 Safari/537.36"
80.123.94.70 - - [12/Apr/2017:13:13:03 +0200] "GET /gui/javascript/form_form.js?1491995583 HTTP/1.1" 200 16206 "http://ed.activities.at/entry.php?id=10271&&ser=995523" "Mozilla/5.0 (Windows NT 10.0; WOW64) AppleWebKit/537.36 (KHTML, like Gecko) Chrome/57.0.2987.133 Safari/537.36"
212.108.43.59 - - [12/Apr/2017:13:13:12 +0200] "GET /entry.php?id=10271&&ser=995532 HTTP/1.1" 200 987 "http://ed.activities.at/entry.php?id=10271&&ser=995472" "Mozilla/5.0 (Windows NT 10.0; Win64; x64) AppleWebKit/537.36 (KHTML, like Gecko) Chrome/57.0.2987.133 Safari/537.36"
212.108.43.59 - - [12/Apr/2017:13:13:13 +0200] "GET /gui/javascript/form_form.js?1491995592 HTTP/1.1" 200 16206 "http://ed.activities.at/entry.php?id=10271&&ser=995532" "Mozilla/5.0 (Windows NT 10.0; Win64; x64) AppleWebKit/537.36 (KHTML, like Gecko) Chrome/57.0.2987.133 Safari/537.36"
212.108.43.59 - - [12/Apr/2017:13:13:20 +0200] "GET /entry.php?id=10271&&ser=995540 HTTP/1.1" 200 987 "http://ed.activities.at/entry.php?id=10271&&ser=995480" "Mozilla/5.0 (Windows NT 10.0; Win64; x64) AppleWebKit/537.36 (KHTML, like Gecko) Chrome/57.0.2987.133 Safari/537.36"
212.108.43.59 - - [12/Apr/2017:13:13:21 +0200] "GET /gui/javascript/form_form.js?1491995600 HTTP/1.1" 200 16206 "http://ed.activities.at/entry.php?id=10271&&ser=995540" "Mozilla/5.0 (Windows NT 10.0; Win64; x64) AppleWebKit/537.36 (KHTML, like Gecko) Chrome/57.0.2987.133 Safari/537.36"
212.108.43.59 - - [12/Apr/2017:13:13:24 +0200] "GET /entry.php?id=10271&&ser=995544 HTTP/1.1" 200 987 "http://ed.activities.at/entry.php?id=10271&&ser=995483" "Mozilla/5.0 (Windows NT 10.0; Win64; x64) AppleWebKit/537.36 (KHTML, like Gecko) Chrome/57.0.2987.133 Safari/537.36"
212.108.43.59 - - [12/Apr/2017:13:13:25 +0200] "GET /gui/javascript/form_form.js?1491995605 HTTP/1.1" 200 16206 "http://ed.activities.at/entry.php?id=10271&&ser=995544" "Mozilla/5.0 (Windows NT 10.0; Win64; x64) AppleWebKit/537.36 (KHTML, like Gecko) Chrome/57.0.2987.133 Safari/537.36"
80.123.94.70 - - [12/Apr/2017:13:13:47 +0200] "GET /entry.php?id=10287&login=1 HTTP/1.1" 200 2292 "http://ed.activities.at/entry.php?id=10273&" "Mozilla/5.0 (Windows NT 10.0; WOW64) AppleWebKit/537.36 (KHTML, like Gecko) Chrome/57.0.2987.133 Safari/537.36"
80.123.94.70 - - [12/Apr/2017:13:13:47 +0200] "GET /gui/javascript/form_form.js?1491995627 HTTP/1.1" 200 16206 "http://ed.activities.at/entry.php?id=10287&login=1" "Mozilla/5.0 (Windows NT 10.0; WOW64) AppleWebKit/537.36 (KHTML, like Gecko) Chrome/57.0.2987.133 Safari/537.36"
80.123.94.70 - - [12/Apr/2017:13:13:50 +0200] "POST /entry.php?id=10287& HTTP/1.1" 200 2361 "http://ed.activities.at/entry.php?id=10287&login=1" "Mozilla/5.0 (Windows NT 10.0; WOW64) AppleWebKit/537.36 (KHTML, like Gecko) Chrome/57.0.2987.133 Safari/537.36"
80.123.94.70 - - [12/Apr/2017:13:13:50 +0200] "GET /gui/javascript/form_form.js?1491995630 HTTP/1.1" 200 16206 "http://ed.activities.at/entry.php?id=10287&" "Mozilla/5.0 (Windows NT 10.0; WOW64) AppleWebKit/537.36 (KHTML, like Gecko) Chrome/57.0.2987.133 Safari/537.36"
80.123.94.70 - - [12/Apr/2017:13:13:50 +0200] "GET /entry.php?id=10271&&ser=995523 HTTP/1.1" 200 987 "http://ed.activities.at/entry.php?id=10271&&ser=995523" "Mozilla/5.0 (Windows NT 10.0; WOW64) AppleWebKit/537.36 (KHTML, like Gecko) Chrome/57.0.2987.133 Safari/537.36"
80.123.94.70 - - [12/Apr/2017:13:13:50 +0200] "GET /entry.php?id=11674 HTTP/1.1" 200 321 "http://ed.activities.at/entry.php?id=10270&__app__=10006038" "Mozilla/5.0 (Windows NT 10.0; WOW64) AppleWebKit/537.36 (KHTML, like Gecko) Chrome/57.0.2987.133 Safari/537.36"
80.123.94.70 - - [12/Apr/2017:13:13:51 +0200] "GET /entry.php?id=11676& HTTP/1.1" 200 4383 "http://ed.activities.at/entry.php?id=11674" "Mozilla/5.0 (Windows NT 10.0; WOW64) AppleWebKit/537.36 (KHTML, like Gecko) Chrome/57.0.2987.133 Safari/537.36"
80.123.94.70 - - [12/Apr/2017:13:13:52 +0200] "GET /gui/javascript/form_form.js?1491995632 HTTP/1.1" 200 16206 "http://ed.activities.at/entry.php?id=11676&" "Mozilla/5.0 (Windows NT 10.0; WOW64) AppleWebKit/537.36 (KHTML, like Gecko) Chrome/57.0.2987.133 Safari/537.36"
80.123.94.70 - - [12/Apr/2017:13:13:51 +0200] "GET /entry.php?id=10676&&title=Aktionen HTTP/1.1" 200 1389 "http://ed.activities.at/entry.php?id=11674" "Mozilla/5.0 (Windows NT 10.0; WOW64) AppleWebKit/537.36 (KHTML, like Gecko) Chrome/57.0.2987.133 Safari/537.36"
80.123.94.70 - - [12/Apr/2017:13:13:51 +0200] "GET /entry.php?id=11675& HTTP/1.1" 200 2693 "http://ed.activities.at/entry.php?id=11674" "Mozilla/5.0 (Windows NT 10.0; WOW64) AppleWebKit/537.36 (KHTML, like Gecko) Chrome/57.0.2987.133 Safari/537.36"
80.123.94.70 - - [12/Apr/2017:13:13:52 +0200] "GET /entry.php?id=10776&form=11500&name=list& HTTP/1.1" 200 2450 "http://ed.activities.at/entry.php?id=11675&" "Mozilla/5.0 (Windows NT 10.0; WOW64) AppleWebKit/537.36 (KHTML, like Gecko) Chrome/57.0.2987.133 Safari/537.36"
80.123.94.70 - - [12/Apr/2017:13:13:52 +0200] "GET /entry.php?id=10778&form=11500&name=list& HTTP/1.1" 200 3342 "http://ed.activities.at/entry.php?id=11675&" "Mozilla/5.0 (Windows NT 10.0; WOW64) AppleWebKit/537.36 (KHTML, like Gecko) Chrome/57.0.2987.133 Safari/537.36"
80.123.94.70 - - [12/Apr/2017:13:13:54 +0200] "POST /entry.php?id=11676 HTTP/1.1" 200 4654 "http://ed.activities.at/entry.php?id=11676&" "Mozilla/5.0 (Windows NT 10.0; WOW64) AppleWebKit/537.36 (KHTML, like Gecko) Chrome/57.0.2987.133 Safari/537.36"
80.123.94.70 - - [12/Apr/2017:13:13:55 +0200] "GET /gui/javascript/form_form.js?1491995635 HTTP/1.1" 200 16206 "http://ed.activities.at/entry.php?id=11676" "Mozilla/5.0 (Windows NT 10.0; WOW64) AppleWebKit/537.36 (KHTML, like Gecko) Chrome/57.0.2987.133 Safari/537.36"
80.123.94.70 - - [12/Apr/2017:13:13:55 +0200] "GET /cache/emu/images/easy-drivers-horn10244068/jetztanmeldenjpg_266_150_0.jpg HTTP/1.1" 200 7381 "http://ed.activities.at/entry.php?id=11676" "Mozilla/5.0 (Windows NT 10.0; WOW64) AppleWebKit/537.36 (KHTML, like Gecko) Chrome/57.0.2987.133 Safari/537.36"
80.123.94.70 - - [12/Apr/2017:13:14:01 +0200] "POST /entry.php?id=11676 HTTP/1.1" 200 4976 "http://ed.activities.at/entry.php?id=11676" "Mozilla/5.0 (Windows NT 10.0; WOW64) AppleWebKit/537.36 (KHTML, like Gecko) Chrome/57.0.2987.133 Safari/537.36"
80.123.94.70 - - [12/Apr/2017:13:14:02 +0200] "GET /gui/javascript/form_form.js?1491995642 HTTP/1.1" 200 16206 "http://ed.activities.at/entry.php?id=11676" "Mozilla/5.0 (Windows NT 10.0; WOW64) AppleWebKit/537.36 (KHTML, like Gecko) Chrome/57.0.2987.133 Safari/537.36"
80.123.94.70 - - [12/Apr/2017:13:14:03 +0200] "POST /entry.php?id=11676 HTTP/1.1" 200 3205 "http://ed.activities.at/entry.php?id=11676" "Mozilla/5.0 (Windows NT 10.0; WOW64) AppleWebKit/537.36 (KHTML, like Gecko) Chrome/57.0.2987.133 Safari/537.36"
80.123.94.70 - - [12/Apr/2017:13:14:04 +0200] "GET /gui/javascript/form_form.js?1491995644 HTTP/1.1" 200 16206 "http://ed.activities.at/entry.php?id=11676" "Mozilla/5.0 (Windows NT 10.0; WOW64) AppleWebKit/537.36 (KHTML, like Gecko) Chrome/57.0.2987.133 Safari/537.36"
80.123.94.70 - - [12/Apr/2017:13:14:05 +0200] "GET /framework/webfx/javascript/tinymce/skins/lightgray/content.min.css HTTP/1.1" 404 327 "http://ed.activities.at/entry.php?id=11676" "Mozilla/5.0 (Windows NT 10.0; WOW64) AppleWebKit/537.36 (KHTML, like Gecko) Chrome/57.0.2987.133 Safari/537.36"
212.108.43.59 - - [12/Apr/2017:13:14:13 +0200] "GET /entry.php?id=10271&&ser=995592 HTTP/1.1" 200 987 "http://ed.activities.at/entry.php?id=10271&&ser=995532" "Mozilla/5.0 (Windows NT 10.0; Win64; x64) AppleWebKit/537.36 (KHTML, like Gecko) Chrome/57.0.2987.133 Safari/537.36"
212.108.43.59 - - [12/Apr/2017:13:14:13 +0200] "GET /gui/javascript/form_form.js?1491995653 HTTP/1.1" 200 16206 "http://ed.activities.at/entry.php?id=10271&&ser=995592" "Mozilla/5.0 (Windows NT 10.0; Win64; x64) AppleWebKit/537.36 (KHTML, like Gecko) Chrome/57.0.2987.133 Safari/537.36"
212.108.43.59 - - [12/Apr/2017:13:14:21 +0200] "GET /entry.php?id=10271&&ser=995600 HTTP/1.1" 200 987 "http://ed.activities.at/entry.php?id=10271&&ser=995540" "Mozilla/5.0 (Windows NT 10.0; Win64; x64) AppleWebKit/537.36 (KHTML, like Gecko) Chrome/57.0.2987.133 Safari/537.36"
212.108.43.59 - - [12/Apr/2017:13:14:21 +0200] "GET /gui/javascript/form_form.js?1491995661 HTTP/1.1" 200 16206 "http://ed.activities.at/entry.php?id=10271&&ser=995600" "Mozilla/5.0 (Windows NT 10.0; Win64; x64) AppleWebKit/537.36 (KHTML, like Gecko) Chrome/57.0.2987.133 Safari/537.36"
80.123.94.70 - - [12/Apr/2017:13:14:24 +0200] "POST /entry.php?id=11676 HTTP/1.1" 200 3588 "http://ed.activities.at/entry.php?id=11676" "Mozilla/5.0 (Windows NT 10.0; WOW64) AppleWebKit/537.36 (KHTML, like Gecko) Chrome/57.0.2987.133 Safari/537.36"
80.123.94.70 - - [12/Apr/2017:13:14:25 +0200] "GET /gui/javascript/form_form.js?1491995665 HTTP/1.1" 200 16206 "http://ed.activities.at/entry.php?id=11676" "Mozilla/5.0 (Windows NT 10.0; WOW64) AppleWebKit/537.36 (KHTML, like Gecko) Chrome/57.0.2987.133 Safari/537.36"
80.123.94.70 - - [12/Apr/2017:13:14:25 +0200] "GET /framework/webfx/javascript/tinymce/skins/lightgray/content.min.css HTTP/1.1" 404 327 "http://ed.activities.at/entry.php?id=11676" "Mozilla/5.0 (Windows NT 10.0; WOW64) AppleWebKit/537.36 (KHTML, like Gecko) Chrome/57.0.2987.133 Safari/537.36"
212.108.43.59 - - [12/Apr/2017:13:14:25 +0200] "GET /entry.php?id=10271&&ser=995605 HTTP/1.1" 200 987 "http://ed.activities.at/entry.php?id=10271&&ser=995544" "Mozilla/5.0 (Windows NT 10.0; Win64; x64) AppleWebKit/537.36 (KHTML, like Gecko) Chrome/57.0.2987.133 Safari/537.36"
212.108.43.59 - - [12/Apr/2017:13:14:26 +0200] "GET /gui/javascript/form_form.js?1491995666 HTTP/1.1" 200 16206 "http://ed.activities.at/entry.php?id=10271&&ser=995605" "Mozilla/5.0 (Windows NT 10.0; Win64; x64) AppleWebKit/537.36 (KHTML, like Gecko) Chrome/57.0.2987.133 Safari/537.36"
80.123.94.70 - - [12/Apr/2017:13:14:25 +0200] "POST /entry.php?id=11676 HTTP/1.1" 200 4675 "http://ed.activities.at/entry.php?id=11676" "Mozilla/5.0 (Windows NT 10.0; WOW64) AppleWebKit/537.36 (KHTML, like Gecko) Chrome/57.0.2987.133 Safari/537.36"
80.123.94.70 - - [12/Apr/2017:13:14:26 +0200] "GET /gui/javascript/form_form.js?1491995666 HTTP/1.1" 200 16206 "http://ed.activities.at/entry.php?id=11676" "Mozilla/5.0 (Windows NT 10.0; WOW64) AppleWebKit/537.36 (KHTML, like Gecko) Chrome/57.0.2987.133 Safari/537.36"
80.123.94.70 - - [12/Apr/2017:13:14:27 +0200] "POST /entry.php?id=11676 HTTP/1.1" 200 4949 "http://ed.activities.at/entry.php?id=11676" "Mozilla/5.0 (Windows NT 10.0; WOW64) AppleWebKit/537.36 (KHTML, like Gecko) Chrome/57.0.2987.133 Safari/537.36"
80.123.94.70 - - [12/Apr/2017:13:14:28 +0200] "GET /gui/javascript/form_form.js?1491995668 HTTP/1.1" 200 16206 "http://ed.activities.at/entry.php?id=11676" "Mozilla/5.0 (Windows NT 10.0; WOW64) AppleWebKit/537.36 (KHTML, like Gecko) Chrome/57.0.2987.133 Safari/537.36"
80.123.94.70 - - [12/Apr/2017:13:14:30 +0200] "GET /entry.php?id=11673 HTTP/1.1" 200 358 "http://ed.activities.at/entry.php?id=10270&__app__=10006038" "Mozilla/5.0 (Windows NT 10.0; WOW64) AppleWebKit/537.36 (KHTML, like Gecko) Chrome/57.0.2987.133 Safari/537.36"
80.123.94.70 - - [12/Apr/2017:13:14:30 +0200] "GET /entry.php?id=11694& HTTP/1.1" 200 3544 "http://ed.activities.at/entry.php?id=11673" "Mozilla/5.0 (Windows NT 10.0; WOW64) AppleWebKit/537.36 (KHTML, like Gecko) Chrome/57.0.2987.133 Safari/537.36"
80.123.94.70 - - [12/Apr/2017:13:14:31 +0200] "GET /activities/framework/KoolControls/KoolAjax/koolajax.php?8436e354c842500aba3cbaf0584c0c24 HTTP/1.1" 200 4079 "http://ed.activities.at/entry.php?id=11694&" "Mozilla/5.0 (Windows NT 10.0; WOW64) AppleWebKit/537.36 (KHTML, like Gecko) Chrome/57.0.2987.133 Safari/537.36"
80.123.94.70 - - [12/Apr/2017:13:14:31 +0200] "GET /gui/javascript/form_form.js?1491995671 HTTP/1.1" 200 16206 "http://ed.activities.at/entry.php?id=11694&" "Mozilla/5.0 (Windows NT 10.0; WOW64) AppleWebKit/537.36 (KHTML, like Gecko) Chrome/57.0.2987.133 Safari/537.36"
80.123.94.70 - - [12/Apr/2017:13:14:31 +0200] "GET /activities/framework/KoolControls/KoolTreeView/kooltreeview.php?c7cd9180e88ffef8e70f13526bb4f5f7 HTTP/1.1" 200 5055 "http://ed.activities.at/entry.php?id=11694&" "Mozilla/5.0 (Windows NT 10.0; WOW64) AppleWebKit/537.36 (KHTML, like Gecko) Chrome/57.0.2987.133 Safari/537.36"
80.123.94.70 - - [12/Apr/2017:13:14:30 +0200] "GET /entry.php?id=11671& HTTP/1.1" 200 4536 "http://ed.activities.at/entry.php?id=11673" "Mozilla/5.0 (Windows NT 10.0; WOW64) AppleWebKit/537.36 (KHTML, like Gecko) Chrome/57.0.2987.133 Safari/537.36"
80.123.94.70 - - [12/Apr/2017:13:14:32 +0200] "GET /gui/javascript/form_form.js?1491995672 HTTP/1.1" 200 16206 "http://ed.activities.at/entry.php?id=11671&" "Mozilla/5.0 (Windows NT 10.0; WOW64) AppleWebKit/537.36 (KHTML, like Gecko) Chrome/57.0.2987.133 Safari/537.36"
