80.123.94.70 - - [12/Apr/2017:12:46:45 +0200] "GET /gui/javascript/form_form.js?1491994005 HTTP/1.1" 200 16206 "http://ed.activities.at/entry.php?id=10271&&ser=993944" "Mozilla/5.0 (Windows NT 10.0; WOW64) AppleWebKit/537.36 (KHTML, like Gecko) Chrome/57.0.2987.133 Safari/537.36"
212.108.43.59 - - [12/Apr/2017:12:46:58 +0200] "GET /entry.php?id=10271&&ser=993958 HTTP/1.1" 200 987 "http://ed.activities.at/entry.php?id=10271&&ser=993897" "Mozilla/5.0 (Windows NT 10.0; Win64; x64) AppleWebKit/537.36 (KHTML, like Gecko) Chrome/57.0.2987.133 Safari/537.36"
212.108.43.59 - - [12/Apr/2017:12:46:59 +0200] "GET /gui/javascript/form_form.js?1491994019 HTTP/1.1" 200 16206 "http://ed.activities.at/entry.php?id=10271&&ser=993958" "Mozilla/5.0 (Windows NT 10.0; Win64; x64) AppleWebKit/537.36 (KHTML, like Gecko) Chrome/57.0.2987.133 Safari/537.36"
212.108.43.59 - - [12/Apr/2017:12:47:02 +0200] "GET /entry.php?id=10271&&ser=993962 HTTP/1.1" 200 987 "http://ed.activities.at/entry.php?id=10271&&ser=993902" "Mozilla/5.0 (Windows NT 10.0; Win64; x64) AppleWebKit/537.36 (KHTML, like Gecko) Chrome/57.0.2987.133 Safari/537.36"
212.108.43.59 - - [12/Apr/2017:12:47:03 +0200] "GET /gui/javascript/form_form.js?1491994023 HTTP/1.1" 200 16206 "http://ed.activities.at/entry.php?id=10271&&ser=993962" "Mozilla/5.0 (Windows NT 10.0; Win64; x64) AppleWebKit/537.36 (KHTML, like Gecko) Chrome/57.0.2987.133 Safari/537.36"
212.108.43.59 - - [12/Apr/2017:12:47:12 +0200] "GET /entry.php?id=10271&&ser=993971 HTTP/1.1" 200 987 "http://ed.activities.at/entry.php?id=10271&&ser=993911" "Mozilla/5.0 (Windows NT 10.0; Win64; x64) AppleWebKit/537.36 (KHTML, like Gecko) Chrome/57.0.2987.133 Safari/537.36"
212.108.43.59 - - [12/Apr/2017:12:47:12 +0200] "GET /gui/javascript/form_form.js?1491994032 HTTP/1.1" 200 16206 "http://ed.activities.at/entry.php?id=10271&&ser=993971" "Mozilla/5.0 (Windows NT 10.0; Win64; x64) AppleWebKit/537.36 (KHTML, like Gecko) Chrome/57.0.2987.133 Safari/537.36"
80.123.94.70 - - [12/Apr/2017:12:47:46 +0200] "GET /entry.php?id=10271&&ser=994005 HTTP/1.1" 200 987 "http://ed.activities.at/entry.php?id=10271&&ser=993944" "Mozilla/5.0 (Windows NT 10.0; WOW64) AppleWebKit/537.36 (KHTML, like Gecko) Chrome/57.0.2987.133 Safari/537.36"
80.123.94.70 - - [12/Apr/2017:12:47:46 +0200] "GET /gui/javascript/form_form.js?1491994066 HTTP/1.1" 200 16206 "http://ed.activities.at/entry.php?id=10271&&ser=994005" "Mozilla/5.0 (Windows NT 10.0; WOW64) AppleWebKit/537.36 (KHTML, like Gecko) Chrome/57.0.2987.133 Safari/537.36"
212.108.43.59 - - [12/Apr/2017:12:47:59 +0200] "GET /entry.php?id=10271&&ser=994019 HTTP/1.1" 200 987 "http://ed.activities.at/entry.php?id=10271&&ser=993958" "Mozilla/5.0 (Windows NT 10.0; Win64; x64) AppleWebKit/537.36 (KHTML, like Gecko) Chrome/57.0.2987.133 Safari/537.36"
212.108.43.59 - - [12/Apr/2017:12:48:00 +0200] "GET /gui/javascript/form_form.js?1491994080 HTTP/1.1" 200 16206 "http://ed.activities.at/entry.php?id=10271&&ser=994019" "Mozilla/5.0 (Windows NT 10.0; Win64; x64) AppleWebKit/537.36 (KHTML, like Gecko) Chrome/57.0.2987.133 Safari/537.36"
212.108.43.59 - - [12/Apr/2017:12:48:03 +0200] "GET /entry.php?id=10271&&ser=994023 HTTP/1.1" 200 987 "http://ed.activities.at/entry.php?id=10271&&ser=993962" "Mozilla/5.0 (Windows NT 10.0; Win64; x64) AppleWebKit/537.36 (KHTML, like Gecko) Chrome/57.0.2987.133 Safari/537.36"
212.108.43.59 - - [12/Apr/2017:12:48:03 +0200] "GET /gui/javascript/form_form.js?1491994083 HTTP/1.1" 200 16206 "http://ed.activities.at/entry.php?id=10271&&ser=994023" "Mozilla/5.0 (Windows NT 10.0; Win64; x64) AppleWebKit/537.36 (KHTML, like Gecko) Chrome/57.0.2987.133 Safari/537.36"
212.108.43.59 - - [12/Apr/2017:12:48:12 +0200] "GET /entry.php?id=10271&&ser=994032 HTTP/1.1" 200 987 "http://ed.activities.at/entry.php?id=10271&&ser=993971" "Mozilla/5.0 (Windows NT 10.0; Win64; x64) AppleWebKit/537.36 (KHTML, like Gecko) Chrome/57.0.2987.133 Safari/537.36"
212.108.43.59 - - [12/Apr/2017:12:48:12 +0200] "GET /gui/javascript/form_form.js?1491994092 HTTP/1.1" 200 16206 "http://ed.activities.at/entry.php?id=10271&&ser=994032" "Mozilla/5.0 (Windows NT 10.0; Win64; x64) AppleWebKit/537.36 (KHTML, like Gecko) Chrome/57.0.2987.133 Safari/537.36"
80.123.94.70 - - [12/Apr/2017:12:48:46 +0200] "GET /entry.php?id=10271&&ser=994066 HTTP/1.1" 200 987 "http://ed.activities.at/entry.php?id=10271&&ser=994005" "Mozilla/5.0 (Windows NT 10.0; WOW64) AppleWebKit/537.36 (KHTML, like Gecko) Chrome/57.0.2987.133 Safari/537.36"
80.123.94.70 - - [12/Apr/2017:12:48:47 +0200] "GET /gui/javascript/form_form.js?1491994127 HTTP/1.1" 200 16206 "http://ed.activities.at/entry.php?id=10271&&ser=994066" "Mozilla/5.0 (Windows NT 10.0; WOW64) AppleWebKit/537.36 (KHTML, like Gecko) Chrome/57.0.2987.133 Safari/537.36"
212.108.43.59 - - [12/Apr/2017:12:49:00 +0200] "GET /entry.php?id=10271&&ser=994080 HTTP/1.1" 200 987 "http://ed.activities.at/entry.php?id=10271&&ser=994019" "Mozilla/5.0 (Windows NT 10.0; Win64; x64) AppleWebKit/537.36 (KHTML, like Gecko) Chrome/57.0.2987.133 Safari/537.36"
212.108.43.59 - - [12/Apr/2017:12:49:01 +0200] "GET /gui/javascript/form_form.js?1491994141 HTTP/1.1" 200 16206 "http://ed.activities.at/entry.php?id=10271&&ser=994080" "Mozilla/5.0 (Windows NT 10.0; Win64; x64) AppleWebKit/537.36 (KHTML, like Gecko) Chrome/57.0.2987.133 Safari/537.36"
212.108.43.59 - - [12/Apr/2017:12:49:03 +0200] "GET /entry.php?id=10271&&ser=994083 HTTP/1.1" 200 987 "http://ed.activities.at/entry.php?id=10271&&ser=994023" "Mozilla/5.0 (Windows NT 10.0; Win64; x64) AppleWebKit/537.36 (KHTML, like Gecko) Chrome/57.0.2987.133 Safari/537.36"
212.108.43.59 - - [12/Apr/2017:12:49:03 +0200] "GET /gui/javascript/form_form.js?1491994143 HTTP/1.1" 200 16206 "http://ed.activities.at/entry.php?id=10271&&ser=994083" "Mozilla/5.0 (Windows NT 10.0; Win64; x64) AppleWebKit/537.36 (KHTML, like Gecko) Chrome/57.0.2987.133 Safari/537.36"
212.108.43.59 - - [12/Apr/2017:12:49:12 +0200] "GET /entry.php?id=10271&&ser=994092 HTTP/1.1" 200 987 "http://ed.activities.at/entry.php?id=10271&&ser=994032" "Mozilla/5.0 (Windows NT 10.0; Win64; x64) AppleWebKit/537.36 (KHTML, like Gecko) Chrome/57.0.2987.133 Safari/537.36"
212.108.43.59 - - [12/Apr/2017:12:49:13 +0200] "GET /gui/javascript/form_form.js?1491994152 HTTP/1.1" 200 16206 "http://ed.activities.at/entry.php?id=10271&&ser=994092" "Mozilla/5.0 (Windows NT 10.0; Win64; x64) AppleWebKit/537.36 (KHTML, like Gecko) Chrome/57.0.2987.133 Safari/537.36"
80.123.94.70 - - [12/Apr/2017:12:49:47 +0200] "GET /entry.php?id=10271&&ser=994127 HTTP/1.1" 200 987 "http://ed.activities.at/entry.php?id=10271&&ser=994066" "Mozilla/5.0 (Windows NT 10.0; WOW64) AppleWebKit/537.36 (KHTML, like Gecko) Chrome/57.0.2987.133 Safari/537.36"
80.123.94.70 - - [12/Apr/2017:12:49:47 +0200] "GET /gui/javascript/form_form.js?1491994187 HTTP/1.1" 200 16206 "http://ed.activities.at/entry.php?id=10271&&ser=994127" "Mozilla/5.0 (Windows NT 10.0; WOW64) AppleWebKit/537.36 (KHTML, like Gecko) Chrome/57.0.2987.133 Safari/537.36"
80.123.94.70 - - [12/Apr/2017:12:49:59 +0200] "GET /entry.php?id=10287&login=1 HTTP/1.1" 200 2299 "http://ed.activities.at/entry.php?id=10273&" "Mozilla/5.0 (Windows NT 10.0; WOW64) AppleWebKit/537.36 (KHTML, like Gecko) Chrome/57.0.2987.133 Safari/537.36"
80.123.94.70 - - [12/Apr/2017:12:49:59 +0200] "GET /gui/javascript/form_form.js?1491994199 HTTP/1.1" 200 16206 "http://ed.activities.at/entry.php?id=10287&login=1" "Mozilla/5.0 (Windows NT 10.0; WOW64) AppleWebKit/537.36 (KHTML, like Gecko) Chrome/57.0.2987.133 Safari/537.36"
212.108.43.59 - - [12/Apr/2017:12:50:01 +0200] "GET /entry.php?id=10271&&ser=994141 HTTP/1.1" 200 987 "http://ed.activities.at/entry.php?id=10271&&ser=994080" "Mozilla/5.0 (Windows NT 10.0; Win64; x64) AppleWebKit/537.36 (KHTML, like Gecko) Chrome/57.0.2987.133 Safari/537.36"
212.108.43.59 - - [12/Apr/2017:12:50:02 +0200] "GET /gui/javascript/form_form.js?1491994202 HTTP/1.1" 200 16206 "http://ed.activities.at/entry.php?id=10271&&ser=994141" "Mozilla/5.0 (Windows NT 10.0; Win64; x64) AppleWebKit/537.36 (KHTML, like Gecko) Chrome/57.0.2987.133 Safari/537.36"
80.123.94.70 - - [12/Apr/2017:12:50:02 +0200] "POST /entry.php?id=10287& HTTP/1.1" 200 2366 "http://ed.activities.at/entry.php?id=10287&login=1" "Mozilla/5.0 (Windows NT 10.0; WOW64) AppleWebKit/537.36 (KHTML, like Gecko) Chrome/57.0.2987.133 Safari/537.36"
80.123.94.70 - - [12/Apr/2017:12:50:02 +0200] "GET /gui/javascript/form_form.js?1491994202 HTTP/1.1" 200 16206 "http://ed.activities.at/entry.php?id=10287&" "Mozilla/5.0 (Windows NT 10.0; WOW64) AppleWebKit/537.36 (KHTML, like Gecko) Chrome/57.0.2987.133 Safari/537.36"
80.123.94.70 - - [12/Apr/2017:12:50:02 +0200] "GET /entry.php?id=10271&&ser=994127 HTTP/1.1" 200 987 "http://ed.activities.at/entry.php?id=10271&&ser=994127" "Mozilla/5.0 (Windows NT 10.0; WOW64) AppleWebKit/537.36 (KHTML, like Gecko) Chrome/57.0.2987.133 Safari/537.36"
212.108.43.59 - - [12/Apr/2017:12:50:03 +0200] "GET /entry.php?id=10271&&ser=994143 HTTP/1.1" 200 987 "http://ed.activities.at/entry.php?id=10271&&ser=994083" "Mozilla/5.0 (Windows NT 10.0; Win64; x64) AppleWebKit/537.36 (KHTML, like Gecko) Chrome/57.0.2987.133 Safari/537.36"
80.123.94.70 - - [12/Apr/2017:12:50:03 +0200] "GET /entry.php?id=11673 HTTP/1.1" 200 358 "http://ed.activities.at/entry.php?id=10270&__app__=10006038" "Mozilla/5.0 (Windows NT 10.0; WOW64) AppleWebKit/537.36 (KHTML, like Gecko) Chrome/57.0.2987.133 Safari/537.36"
212.108.43.59 - - [12/Apr/2017:12:50:04 +0200] "GET /gui/javascript/form_form.js?1491994204 HTTP/1.1" 200 16206 "http://ed.activities.at/entry.php?id=10271&&ser=994143" "Mozilla/5.0 (Windows NT 10.0; Win64; x64) AppleWebKit/537.36 (KHTML, like Gecko) Chrome/57.0.2987.133 Safari/537.36"
80.123.94.70 - - [12/Apr/2017:12:50:04 +0200] "GET /entry.php?id=10676&&title=F%FChrerscheinkurse HTTP/1.1" 200 1396 "http://ed.activities.at/entry.php?id=11673" "Mozilla/5.0 (Windows NT 10.0; WOW64) AppleWebKit/537.36 (KHTML, like Gecko) Chrome/57.0.2987.133 Safari/537.36"
80.123.94.70 - - [12/Apr/2017:12:50:04 +0200] "GET /gui/javascript/form_form.js?1491994204 HTTP/1.1" 200 16206 "http://ed.activities.at/entry.php?id=10676&&title=F%FChrerscheinkurse" "Mozilla/5.0 (Windows NT 10.0; WOW64) AppleWebKit/537.36 (KHTML, like Gecko) Chrome/57.0.2987.133 Safari/537.36"
80.123.94.70 - - [12/Apr/2017:12:50:04 +0200] "GET /entry.php?id=11694& HTTP/1.1" 200 3489 "http://ed.activities.at/entry.php?id=11673" "Mozilla/5.0 (Windows NT 10.0; WOW64) AppleWebKit/537.36 (KHTML, like Gecko) Chrome/57.0.2987.133 Safari/537.36"
80.123.94.70 - - [12/Apr/2017:12:50:05 +0200] "GET /activities/framework/KoolControls/KoolAjax/koolajax.php?8436e354c842500aba3cbaf0584c0c24 HTTP/1.1" 200 4079 "http://ed.activities.at/entry.php?id=11694&" "Mozilla/5.0 (Windows NT 10.0; WOW64) AppleWebKit/537.36 (KHTML, like Gecko) Chrome/57.0.2987.133 Safari/537.36"
80.123.94.70 - - [12/Apr/2017:12:50:05 +0200] "GET /gui/javascript/form_form.js?1491994205 HTTP/1.1" 200 16206 "http://ed.activities.at/entry.php?id=11694&" "Mozilla/5.0 (Windows NT 10.0; WOW64) AppleWebKit/537.36 (KHTML, like Gecko) Chrome/57.0.2987.133 Safari/537.36"
80.123.94.70 - - [12/Apr/2017:12:50:05 +0200] "GET /activities/framework/KoolControls/KoolTreeView/kooltreeview.php?c7cd9180e88ffef8e70f13526bb4f5f7 HTTP/1.1" 200 5055 "http://ed.activities.at/entry.php?id=11694&" "Mozilla/5.0 (Windows NT 10.0; WOW64) AppleWebKit/537.36 (KHTML, like Gecko) Chrome/57.0.2987.133 Safari/537.36"
80.123.94.70 - - [12/Apr/2017:12:50:04 +0200] "GET /entry.php?id=11671& HTTP/1.1" 200 4538 "http://ed.activities.at/entry.php?id=11673" "Mozilla/5.0 (Windows NT 10.0; WOW64) AppleWebKit/537.36 (KHTML, like Gecko) Chrome/57.0.2987.133 Safari/537.36"
80.123.94.70 - - [12/Apr/2017:12:50:04 +0200] "GET /entry.php?id=11672& HTTP/1.1" 200 2692 "http://ed.activities.at/entry.php?id=11673" "Mozilla/5.0 (Windows NT 10.0; WOW64) AppleWebKit/537.36 (KHTML, like Gecko) Chrome/57.0.2987.133 Safari/537.36"
80.123.94.70 - - [12/Apr/2017:12:50:06 +0200] "GET /gui/javascript/form_form.js?1491994206 HTTP/1.1" 200 16206 "http://ed.activities.at/entry.php?id=11672&" "Mozilla/5.0 (Windows NT 10.0; WOW64) AppleWebKit/537.36 (KHTML, like Gecko) Chrome/57.0.2987.133 Safari/537.36"
80.123.94.70 - - [12/Apr/2017:12:50:05 +0200] "GET /entry.php?id=10776&form=11496&name=list& HTTP/1.1" 200 1526 "http://ed.activities.at/entry.php?id=11671&" "Mozilla/5.0 (Windows NT 10.0; WOW64) AppleWebKit/537.36 (KHTML, like Gecko) Chrome/57.0.2987.133 Safari/537.36"
80.123.94.70 - - [12/Apr/2017:12:50:05 +0200] "GET /entry.php?id=10778&form=11496&name=list& HTTP/1.1" 200 2493 "http://ed.activities.at/entry.php?id=11671&" "Mozilla/5.0 (Windows NT 10.0; WOW64) AppleWebKit/537.36 (KHTML, like Gecko) Chrome/57.0.2987.133 Safari/537.36"
80.123.94.70 - - [12/Apr/2017:12:50:06 +0200] "GET /entry.php?id=10778&form=11497&name=list& HTTP/1.1" 200 12599 "http://ed.activities.at/entry.php?id=11672&" "Mozilla/5.0 (Windows NT 10.0; WOW64) AppleWebKit/537.36 (KHTML, like Gecko) Chrome/57.0.2987.133 Safari/537.36"
80.123.94.70 - - [12/Apr/2017:12:50:06 +0200] "GET /entry.php?id=10776&form=11497&name=list& HTTP/1.1" 200 1946 "http://ed.activities.at/entry.php?id=11672&" "Mozilla/5.0 (Windows NT 10.0; WOW64) AppleWebKit/537.36 (KHTML, like Gecko) Chrome/57.0.2987.133 Safari/537.36"
212.108.43.59 - - [12/Apr/2017:12:50:13 +0200] "GET /entry.php?id=10271&&ser=994152 HTTP/1.1" 200 987 "http://ed.activities.at/entry.php?id=10271&&ser=994092" "Mozilla/5.0 (Windows NT 10.0; Win64; x64) AppleWebKit/537.36 (KHTML, like Gecko) Chrome/57.0.2987.133 Safari/537.36"
212.108.43.59 - - [12/Apr/2017:12:50:13 +0200] "GET /gui/javascript/form_form.js?1491994213 HTTP/1.1" 200 16206 "http://ed.activities.at/entry.php?id=10271&&ser=994152" "Mozilla/5.0 (Windows NT 10.0; Win64; x64) AppleWebKit/537.36 (KHTML, like Gecko) Chrome/57.0.2987.133 Safari/537.36"
80.123.94.70 - - [12/Apr/2017:12:50:21 +0200] "POST /entry.php?id=11671 HTTP/1.1" 200 4765 "http://ed.activities.at/entry.php?id=11671&" "Mozilla/5.0 (Windows NT 10.0; WOW64) AppleWebKit/537.36 (KHTML, like Gecko) Chrome/57.0.2987.133 Safari/537.36"
80.123.94.70 - - [12/Apr/2017:12:50:22 +0200] "GET /gui/javascript/form_form.js?1491994222 HTTP/1.1" 200 16206 "http://ed.activities.at/entry.php?id=11671" "Mozilla/5.0 (Windows NT 10.0; WOW64) AppleWebKit/537.36 (KHTML, like Gecko) Chrome/57.0.2987.133 Safari/537.36"
80.123.94.70 - - [12/Apr/2017:12:50:22 +0200] "GET /entry.php?id=10776&form=11496&name=list& HTTP/1.1" 200 1519 "http://ed.activities.at/entry.php?id=11671" "Mozilla/5.0 (Windows NT 10.0; WOW64) AppleWebKit/537.36 (KHTML, like Gecko) Chrome/57.0.2987.133 Safari/537.36"
80.123.94.70 - - [12/Apr/2017:12:50:22 +0200] "GET /entry.php?id=10778&form=11496&name=list& HTTP/1.1" 200 5311 "http://ed.activities.at/entry.php?id=11671" "Mozilla/5.0 (Windows NT 10.0; WOW64) AppleWebKit/537.36 (KHTML, like Gecko) Chrome/57.0.2987.133 Safari/537.36"
80.123.94.70 - - [12/Apr/2017:12:50:39 +0200] "GET /entry.php?id=11674 HTTP/1.1" 200 321 "http://ed.activities.at/entry.php?id=10270&__app__=10006038" "Mozilla/5.0 (Windows NT 10.0; WOW64) AppleWebKit/537.36 (KHTML, like Gecko) Chrome/57.0.2987.133 Safari/537.36"
80.123.94.70 - - [12/Apr/2017:12:50:40 +0200] "GET /entry.php?id=10676&&title=Aktionen HTTP/1.1" 200 1389 "http://ed.activities.at/entry.php?id=11674" "Mozilla/5.0 (Windows NT 10.0; WOW64) AppleWebKit/537.36 (KHTML, like Gecko) Chrome/57.0.2987.133 Safari/537.36"
80.123.94.70 - - [12/Apr/2017:12:50:40 +0200] "GET /gui/javascript/form_form.js?1491994240 HTTP/1.1" 200 16206 "http://ed.activities.at/entry.php?id=10676&&title=Aktionen" "Mozilla/5.0 (Windows NT 10.0; WOW64) AppleWebKit/537.36 (KHTML, like Gecko) Chrome/57.0.2987.133 Safari/537.36"
80.123.94.70 - - [12/Apr/2017:12:50:40 +0200] "GET /entry.php?id=11675& HTTP/1.1" 200 2692 "http://ed.activities.at/entry.php?id=11674" "Mozilla/5.0 (Windows NT 10.0; WOW64) AppleWebKit/537.36 (KHTML, like Gecko) Chrome/57.0.2987.133 Safari/537.36"
80.123.94.70 - - [12/Apr/2017:12:50:40 +0200] "GET /entry.php?id=11676& HTTP/1.1" 200 4382 "http://ed.activities.at/entry.php?id=11674" "Mozilla/5.0 (Windows NT 10.0; WOW64) AppleWebKit/537.36 (KHTML, like Gecko) Chrome/57.0.2987.133 Safari/537.36"
80.123.94.70 - - [12/Apr/2017:12:50:41 +0200] "GET /gui/javascript/form_form.js?1491994241 HTTP/1.1" 200 16206 "http://ed.activities.at/entry.php?id=11676&" "Mozilla/5.0 (Windows NT 10.0; WOW64) AppleWebKit/537.36 (KHTML, like Gecko) Chrome/57.0.2987.133 Safari/537.36"
80.123.94.70 - - [12/Apr/2017:12:50:40 +0200] "GET /entry.php?id=10776&form=11500&name=list& HTTP/1.1" 200 2450 "http://ed.activities.at/entry.php?id=11675&" "Mozilla/5.0 (Windows NT 10.0; WOW64) AppleWebKit/537.36 (KHTML, like Gecko) Chrome/57.0.2987.133 Safari/537.36"
80.123.94.70 - - [12/Apr/2017:12:50:40 +0200] "GET /entry.php?id=10778&form=11500&name=list& HTTP/1.1" 200 3456 "http://ed.activities.at/entry.php?id=11675&" "Mozilla/5.0 (Windows NT 10.0; WOW64) AppleWebKit/537.36 (KHTML, like Gecko) Chrome/57.0.2987.133 Safari/537.36"
80.123.94.70 - - [12/Apr/2017:12:50:43 +0200] "POST /entry.php?id=11676 HTTP/1.1" 200 4646 "http://ed.activities.at/entry.php?id=11676&" "Mozilla/5.0 (Windows NT 10.0; WOW64) AppleWebKit/537.36 (KHTML, like Gecko) Chrome/57.0.2987.133 Safari/537.36"
80.123.94.70 - - [12/Apr/2017:12:50:44 +0200] "GET /cache/emu/images/easy-drivers-st-p10244079/fuehrerscheinajpg_266_150_0.jpg HTTP/1.1" 304 - "http://ed.activities.at/entry.php?id=11676" "Mozilla/5.0 (Windows NT 10.0; WOW64) AppleWebKit/537.36 (KHTML, like Gecko) Chrome/57.0.2987.133 Safari/537.36"
80.123.94.70 - - [12/Apr/2017:12:50:44 +0200] "GET /gui/javascript/form_form.js?1491994244 HTTP/1.1" 200 16206 "http://ed.activities.at/entry.php?id=11676" "Mozilla/5.0 (Windows NT 10.0; WOW64) AppleWebKit/537.36 (KHTML, like Gecko) Chrome/57.0.2987.133 Safari/537.36"
80.123.94.70 - - [12/Apr/2017:12:50:53 +0200] "POST /entry.php?id=11676 HTTP/1.1" 200 4965 "http://ed.activities.at/entry.php?id=11676" "Mozilla/5.0 (Windows NT 10.0; WOW64) AppleWebKit/537.36 (KHTML, like Gecko) Chrome/57.0.2987.133 Safari/537.36"
80.123.94.70 - - [12/Apr/2017:12:50:54 +0200] "GET /gui/javascript/form_form.js?1491994254 HTTP/1.1" 200 16206 "http://ed.activities.at/entry.php?id=11676" "Mozilla/5.0 (Windows NT 10.0; WOW64) AppleWebKit/537.36 (KHTML, like Gecko) Chrome/57.0.2987.133 Safari/537.36"
80.123.94.70 - - [12/Apr/2017:12:50:54 +0200] "POST /entry.php?id=11676 HTTP/1.1" 200 3188 "http://ed.activities.at/entry.php?id=11676" "Mozilla/5.0 (Windows NT 10.0; WOW64) AppleWebKit/537.36 (KHTML, like Gecko) Chrome/57.0.2987.133 Safari/537.36"
80.123.94.70 - - [12/Apr/2017:12:50:55 +0200] "GET /gui/javascript/form_form.js?1491994255 HTTP/1.1" 200 16206 "http://ed.activities.at/entry.php?id=11676" "Mozilla/5.0 (Windows NT 10.0; WOW64) AppleWebKit/537.36 (KHTML, like Gecko) Chrome/57.0.2987.133 Safari/537.36"
80.123.94.70 - - [12/Apr/2017:12:50:55 +0200] "GET /framework/webfx/javascript/tinymce/skins/lightgray/content.min.css HTTP/1.1" 404 327 "http://ed.activities.at/entry.php?id=11676" "Mozilla/5.0 (Windows NT 10.0; WOW64) AppleWebKit/537.36 (KHTML, like Gecko) Chrome/57.0.2987.133 Safari/537.36"
80.123.94.70 - - [12/Apr/2017:12:51:02 +0200] "GET /entry.php?id=10271&&ser=994202 HTTP/1.1" 200 989 "http://ed.activities.at/entry.php?id=10271&&ser=994127" "Mozilla/5.0 (Windows NT 10.0; WOW64) AppleWebKit/537.36 (KHTML, like Gecko) Chrome/57.0.2987.133 Safari/537.36"
212.108.43.59 - - [12/Apr/2017:12:51:02 +0200] "GET /entry.php?id=10271&&ser=994202 HTTP/1.1" 200 987 "http://ed.activities.at/entry.php?id=10271&&ser=994141" "Mozilla/5.0 (Windows NT 10.0; Win64; x64) AppleWebKit/537.36 (KHTML, like Gecko) Chrome/57.0.2987.133 Safari/537.36"
80.123.94.70 - - [12/Apr/2017:12:51:03 +0200] "GET /gui/javascript/form_form.js?1491994263 HTTP/1.1" 200 16206 "http://ed.activities.at/entry.php?id=10271&&ser=994202" "Mozilla/5.0 (Windows NT 10.0; WOW64) AppleWebKit/537.36 (KHTML, like Gecko) Chrome/57.0.2987.133 Safari/537.36"
212.108.43.59 - - [12/Apr/2017:12:51:03 +0200] "GET /gui/javascript/form_form.js?1491994263 HTTP/1.1" 200 16206 "http://ed.activities.at/entry.php?id=10271&&ser=994202" "Mozilla/5.0 (Windows NT 10.0; Win64; x64) AppleWebKit/537.36 (KHTML, like Gecko) Chrome/57.0.2987.133 Safari/537.36"
212.108.43.59 - - [12/Apr/2017:12:51:04 +0200] "GET /entry.php?id=10271&&ser=994204 HTTP/1.1" 200 987 "http://ed.activities.at/entry.php?id=10271&&ser=994143" "Mozilla/5.0 (Windows NT 10.0; Win64; x64) AppleWebKit/537.36 (KHTML, like Gecko) Chrome/57.0.2987.133 Safari/537.36"
212.108.43.59 - - [12/Apr/2017:12:51:04 +0200] "GET /gui/javascript/form_form.js?1491994264 HTTP/1.1" 200 16206 "http://ed.activities.at/entry.php?id=10271&&ser=994204" "Mozilla/5.0 (Windows NT 10.0; Win64; x64) AppleWebKit/537.36 (KHTML, like Gecko) Chrome/57.0.2987.133 Safari/537.36"
80.123.94.70 - - [12/Apr/2017:12:51:09 +0200] "POST /entry.php?id=11676 HTTP/1.1" 200 3560 "http://ed.activities.at/entry.php?id=11676" "Mozilla/5.0 (Windows NT 10.0; WOW64) AppleWebKit/537.36 (KHTML, like Gecko) Chrome/57.0.2987.133 Safari/537.36"
80.123.94.70 - - [12/Apr/2017:12:51:10 +0200] "GET /gui/javascript/form_form.js?1491994270 HTTP/1.1" 200 16206 "http://ed.activities.at/entry.php?id=11676" "Mozilla/5.0 (Windows NT 10.0; WOW64) AppleWebKit/537.36 (KHTML, like Gecko) Chrome/57.0.2987.133 Safari/537.36"
80.123.94.70 - - [12/Apr/2017:12:51:11 +0200] "GET /framework/webfx/javascript/tinymce/skins/lightgray/content.min.css HTTP/1.1" 404 327 "http://ed.activities.at/entry.php?id=11676" "Mozilla/5.0 (Windows NT 10.0; WOW64) AppleWebKit/537.36 (KHTML, like Gecko) Chrome/57.0.2987.133 Safari/537.36"
212.108.43.59 - - [12/Apr/2017:12:51:13 +0200] "GET /entry.php?id=10271&&ser=994213 HTTP/1.1" 200 987 "http://ed.activities.at/entry.php?id=10271&&ser=994152" "Mozilla/5.0 (Windows NT 10.0; Win64; x64) AppleWebKit/537.36 (KHTML, like Gecko) Chrome/57.0.2987.133 Safari/537.36"
212.108.43.59 - - [12/Apr/2017:12:51:13 +0200] "GET /gui/javascript/form_form.js?1491994273 HTTP/1.1" 200 16206 "http://ed.activities.at/entry.php?id=10271&&ser=994213" "Mozilla/5.0 (Windows NT 10.0; Win64; x64) AppleWebKit/537.36 (KHTML, like Gecko) Chrome/57.0.2987.133 Safari/537.36"
80.123.94.70 - - [12/Apr/2017:12:51:13 +0200] "POST /entry.php?id=11676 HTTP/1.1" 200 4666 "http://ed.activities.at/entry.php?id=11676" "Mozilla/5.0 (Windows NT 10.0; WOW64) AppleWebKit/537.36 (KHTML, like Gecko) Chrome/57.0.2987.133 Safari/537.36"
80.123.94.70 - - [12/Apr/2017:12:51:14 +0200] "GET /gui/javascript/form_form.js?1491994274 HTTP/1.1" 200 16206 "http://ed.activities.at/entry.php?id=11676" "Mozilla/5.0 (Windows NT 10.0; WOW64) AppleWebKit/537.36 (KHTML, like Gecko) Chrome/57.0.2987.133 Safari/537.36"
80.123.94.70 - - [12/Apr/2017:12:51:15 +0200] "POST /entry.php?id=11676 HTTP/1.1" 200 4654 "http://ed.activities.at/entry.php?id=11676" "Mozilla/5.0 (Windows NT 10.0; WOW64) AppleWebKit/537.36 (KHTML, like Gecko) Chrome/57.0.2987.133 Safari/537.36"
80.123.94.70 - - [12/Apr/2017:12:51:16 +0200] "GET /cache/emu/images/easy-drivers-st-p10244068/jetztanmeldenjpg_266_150_0.jpg HTTP/1.1" 304 - "http://ed.activities.at/entry.php?id=11676" "Mozilla/5.0 (Windows NT 10.0; WOW64) AppleWebKit/537.36 (KHTML, like Gecko) Chrome/57.0.2987.133 Safari/537.36"
80.123.94.70 - - [12/Apr/2017:12:51:16 +0200] "GET /gui/javascript/form_form.js?1491994276 HTTP/1.1" 200 16206 "http://ed.activities.at/entry.php?id=11676" "Mozilla/5.0 (Windows NT 10.0; WOW64) AppleWebKit/537.36 (KHTML, like Gecko) Chrome/57.0.2987.133 Safari/537.36"
80.123.94.70 - - [12/Apr/2017:12:51:25 +0200] "POST /entry.php?id=11676 HTTP/1.1" 200 4975 "http://ed.activities.at/entry.php?id=11676" "Mozilla/5.0 (Windows NT 10.0; WOW64) AppleWebKit/537.36 (KHTML, like Gecko) Chrome/57.0.2987.133 Safari/537.36"
80.123.94.70 - - [12/Apr/2017:12:51:26 +0200] "GET /gui/javascript/form_form.js?1491994286 HTTP/1.1" 200 16206 "http://ed.activities.at/entry.php?id=11676" "Mozilla/5.0 (Windows NT 10.0; WOW64) AppleWebKit/537.36 (KHTML, like Gecko) Chrome/57.0.2987.133 Safari/537.36"
80.123.94.70 - - [12/Apr/2017:12:51:27 +0200] "POST /entry.php?id=11676 HTTP/1.1" 200 3205 "http://ed.activities.at/entry.php?id=11676" "Mozilla/5.0 (Windows NT 10.0; WOW64) AppleWebKit/537.36 (KHTML, like Gecko) Chrome/57.0.2987.133 Safari/537.36"
80.123.94.70 - - [12/Apr/2017:12:51:28 +0200] "GET /gui/javascript/form_form.js?1491994288 HTTP/1.1" 200 16206 "http://ed.activities.at/entry.php?id=11676" "Mozilla/5.0 (Windows NT 10.0; WOW64) AppleWebKit/537.36 (KHTML, like Gecko) Chrome/57.0.2987.133 Safari/537.36"
80.123.94.70 - - [12/Apr/2017:12:51:28 +0200] "GET /framework/webfx/javascript/tinymce/skins/lightgray/content.min.css HTTP/1.1" 404 327 "http://ed.activities.at/entry.php?id=11676" "Mozilla/5.0 (Windows NT 10.0; WOW64) AppleWebKit/537.36 (KHTML, like Gecko) Chrome/57.0.2987.133 Safari/537.36"
80.123.94.70 - - [12/Apr/2017:12:51:41 +0200] "POST /entry.php?id=11676 HTTP/1.1" 200 3586 "http://ed.activities.at/entry.php?id=11676" "Mozilla/5.0 (Windows NT 10.0; WOW64) AppleWebKit/537.36 (KHTML, like Gecko) Chrome/57.0.2987.133 Safari/537.36"
80.123.94.70 - - [12/Apr/2017:12:51:41 +0200] "GET /gui/javascript/form_form.js?1491994301 HTTP/1.1" 200 16206 "http://ed.activities.at/entry.php?id=11676" "Mozilla/5.0 (Windows NT 10.0; WOW64) AppleWebKit/537.36 (KHTML, like Gecko) Chrome/57.0.2987.133 Safari/537.36"
80.123.94.70 - - [12/Apr/2017:12:51:42 +0200] "GET /framework/webfx/javascript/tinymce/skins/lightgray/content.min.css HTTP/1.1" 404 327 "http://ed.activities.at/entry.php?id=11676" "Mozilla/5.0 (Windows NT 10.0; WOW64) AppleWebKit/537.36 (KHTML, like Gecko) Chrome/57.0.2987.133 Safari/537.36"
80.123.94.70 - - [12/Apr/2017:12:51:42 +0200] "POST /entry.php?id=11676 HTTP/1.1" 200 4675 "http://ed.activities.at/entry.php?id=11676" "Mozilla/5.0 (Windows NT 10.0; WOW64) AppleWebKit/537.36 (KHTML, like Gecko) Chrome/57.0.2987.133 Safari/537.36"
80.123.94.70 - - [12/Apr/2017:12:51:43 +0200] "GET /gui/javascript/form_form.js?1491994303 HTTP/1.1" 200 16206 "http://ed.activities.at/entry.php?id=11676" "Mozilla/5.0 (Windows NT 10.0; WOW64) AppleWebKit/537.36 (KHTML, like Gecko) Chrome/57.0.2987.133 Safari/537.36"
80.123.94.70 - - [12/Apr/2017:12:51:44 +0200] "POST /entry.php?id=11676 HTTP/1.1" 200 4947 "http://ed.activities.at/entry.php?id=11676" "Mozilla/5.0 (Windows NT 10.0; WOW64) AppleWebKit/537.36 (KHTML, like Gecko) Chrome/57.0.2987.133 Safari/537.36"
80.123.94.70 - - [12/Apr/2017:12:51:46 +0200] "GET /gui/javascript/form_form.js?1491994305 HTTP/1.1" 200 16206 "http://ed.activities.at/entry.php?id=11676" "Mozilla/5.0 (Windows NT 10.0; WOW64) AppleWebKit/537.36 (KHTML, like Gecko) Chrome/57.0.2987.133 Safari/537.36"
80.123.94.70 - - [12/Apr/2017:12:51:47 +0200] "POST /entry.php?id=11676 HTTP/1.1" 200 4664 "http://ed.activities.at/entry.php?id=11676" "Mozilla/5.0 (Windows NT 10.0; WOW64) AppleWebKit/537.36 (KHTML, like Gecko) Chrome/57.0.2987.133 Safari/537.36"
80.123.94.70 - - [12/Apr/2017:12:51:48 +0200] "GET /gui/javascript/form_form.js?1491994308 HTTP/1.1" 200 16206 "http://ed.activities.at/entry.php?id=11676" "Mozilla/5.0 (Windows NT 10.0; WOW64) AppleWebKit/537.36 (KHTML, like Gecko) Chrome/57.0.2987.133 Safari/537.36"
80.123.94.70 - - [12/Apr/2017:12:51:48 +0200] "POST /entry.php?id=11676 HTTP/1.1" 200 4940 "http://ed.activities.at/entry.php?id=11676" "Mozilla/5.0 (Windows NT 10.0; WOW64) AppleWebKit/537.36 (KHTML, like Gecko) Chrome/57.0.2987.133 Safari/537.36"
80.123.94.70 - - [12/Apr/2017:12:51:50 +0200] "GET /gui/javascript/form_form.js?1491994310 HTTP/1.1" 200 16206 "http://ed.activities.at/entry.php?id=11676" "Mozilla/5.0 (Windows NT 10.0; WOW64) AppleWebKit/537.36 (KHTML, like Gecko) Chrome/57.0.2987.133 Safari/537.36"
80.123.94.70 - - [12/Apr/2017:12:52:02 +0200] "POST /entry.php?id=11676 HTTP/1.1" 200 4640 "http://ed.activities.at/entry.php?id=11676" "Mozilla/5.0 (Windows NT 10.0; WOW64) AppleWebKit/537.36 (KHTML, like Gecko) Chrome/57.0.2987.133 Safari/537.36"
80.123.94.70 - - [12/Apr/2017:12:52:03 +0200] "GET /cache/emu/images/easy-drivers-st-p10244077/aktionjpg_266_150_0.jpg HTTP/1.1" 304 - "http://ed.activities.at/entry.php?id=11676" "Mozilla/5.0 (Windows NT 10.0; WOW64) AppleWebKit/537.36 (KHTML, like Gecko) Chrome/57.0.2987.133 Safari/537.36"
80.123.94.70 - - [12/Apr/2017:12:52:03 +0200] "GET /gui/javascript/form_form.js?1491994323 HTTP/1.1" 200 16206 "http://ed.activities.at/entry.php?id=11676" "Mozilla/5.0 (Windows NT 10.0; WOW64) AppleWebKit/537.36 (KHTML, like Gecko) Chrome/57.0.2987.133 Safari/537.36"
80.123.94.70 - - [12/Apr/2017:12:52:03 +0200] "GET /entry.php?id=10271&&ser=994262 HTTP/1.1" 200 987 "http://ed.activities.at/entry.php?id=10271&&ser=994202" "Mozilla/5.0 (Windows NT 10.0; WOW64) AppleWebKit/537.36 (KHTML, like Gecko) Chrome/57.0.2987.133 Safari/537.36"
212.108.43.59 - - [12/Apr/2017:12:52:03 +0200] "GET /entry.php?id=10271&&ser=994263 HTTP/1.1" 200 987 "http://ed.activities.at/entry.php?id=10271&&ser=994202" "Mozilla/5.0 (Windows NT 10.0; Win64; x64) AppleWebKit/537.36 (KHTML, like Gecko) Chrome/57.0.2987.133 Safari/537.36"
212.108.43.59 - - [12/Apr/2017:12:52:04 +0200] "GET /gui/javascript/form_form.js?1491994324 HTTP/1.1" 200 16206 "http://ed.activities.at/entry.php?id=10271&&ser=994263" "Mozilla/5.0 (Windows NT 10.0; Win64; x64) AppleWebKit/537.36 (KHTML, like Gecko) Chrome/57.0.2987.133 Safari/537.36"
212.108.43.59 - - [12/Apr/2017:12:52:04 +0200] "GET /entry.php?id=10271&&ser=994264 HTTP/1.1" 200 987 "http://ed.activities.at/entry.php?id=10271&&ser=994204" "Mozilla/5.0 (Windows NT 10.0; Win64; x64) AppleWebKit/537.36 (KHTML, like Gecko) Chrome/57.0.2987.133 Safari/537.36"
80.123.94.70 - - [12/Apr/2017:12:52:07 +0200] "POST /entry.php?id=11676 HTTP/1.1" 200 4959 "http://ed.activities.at/entry.php?id=11676" "Mozilla/5.0 (Windows NT 10.0; WOW64) AppleWebKit/537.36 (KHTML, like Gecko) Chrome/57.0.2987.133 Safari/537.36"
80.123.94.70 - - [12/Apr/2017:12:52:08 +0200] "GET /gui/javascript/form_form.js?1491994328 HTTP/1.1" 200 16206 "http://ed.activities.at/entry.php?id=11676" "Mozilla/5.0 (Windows NT 10.0; WOW64) AppleWebKit/537.36 (KHTML, like Gecko) Chrome/57.0.2987.133 Safari/537.36"
80.123.94.70 - - [12/Apr/2017:12:52:09 +0200] "POST /entry.php?id=11676 HTTP/1.1" 200 4932 "http://ed.activities.at/entry.php?id=11676" "Mozilla/5.0 (Windows NT 10.0; WOW64) AppleWebKit/537.36 (KHTML, like Gecko) Chrome/57.0.2987.133 Safari/537.36"
80.123.94.70 - - [12/Apr/2017:12:52:10 +0200] "GET /gui/javascript/form_form.js?1491994330 HTTP/1.1" 200 16206 "http://ed.activities.at/entry.php?id=11676" "Mozilla/5.0 (Windows NT 10.0; WOW64) AppleWebKit/537.36 (KHTML, like Gecko) Chrome/57.0.2987.133 Safari/537.36"
212.108.43.59 - - [12/Apr/2017:12:52:13 +0200] "GET /entry.php?id=10271&&ser=994273 HTTP/1.1" 200 988 "http://ed.activities.at/entry.php?id=10271&&ser=994213" "Mozilla/5.0 (Windows NT 10.0; Win64; x64) AppleWebKit/537.36 (KHTML, like Gecko) Chrome/57.0.2987.133 Safari/537.36"
212.108.43.59 - - [12/Apr/2017:12:52:14 +0200] "GET /gui/javascript/form_form.js?1491994333 HTTP/1.1" 200 16206 "http://ed.activities.at/entry.php?id=10271&&ser=994273" "Mozilla/5.0 (Windows NT 10.0; Win64; x64) AppleWebKit/537.36 (KHTML, like Gecko) Chrome/57.0.2987.133 Safari/537.36"
80.123.94.70 - - [12/Apr/2017:12:53:03 +0200] "GET /entry.php?id=10271&&ser=994323 HTTP/1.1" 200 987 "http://ed.activities.at/entry.php?id=10271&&ser=994262" "Mozilla/5.0 (Windows NT 10.0; WOW64) AppleWebKit/537.36 (KHTML, like Gecko) Chrome/57.0.2987.133 Safari/537.36"
80.123.94.70 - - [12/Apr/2017:12:53:03 +0200] "GET /gui/javascript/form_form.js?1491994383 HTTP/1.1" 200 16206 "http://ed.activities.at/entry.php?id=10271&&ser=994323" "Mozilla/5.0 (Windows NT 10.0; WOW64) AppleWebKit/537.36 (KHTML, like Gecko) Chrome/57.0.2987.133 Safari/537.36"
212.108.43.59 - - [12/Apr/2017:12:53:04 +0200] "GET /entry.php?id=10271&&ser=994324 HTTP/1.1" 200 987 "http://ed.activities.at/entry.php?id=10271&&ser=994263" "Mozilla/5.0 (Windows NT 10.0; Win64; x64) AppleWebKit/537.36 (KHTML, like Gecko) Chrome/57.0.2987.133 Safari/537.36"
212.108.43.59 - - [12/Apr/2017:12:53:05 +0200] "GET /gui/javascript/form_form.js?1491994385 HTTP/1.1" 200 16206 "http://ed.activities.at/entry.php?id=10271&&ser=994324" "Mozilla/5.0 (Windows NT 10.0; Win64; x64) AppleWebKit/537.36 (KHTML, like Gecko) Chrome/57.0.2987.133 Safari/537.36"
212.108.43.59 - - [12/Apr/2017:12:53:05 +0200] "GET /entry.php?id=10271&&ser=994324 HTTP/1.1" 200 987 "http://ed.activities.at/entry.php?id=10271&&ser=994264" "Mozilla/5.0 (Windows NT 10.0; Win64; x64) AppleWebKit/537.36 (KHTML, like Gecko) Chrome/57.0.2987.133 Safari/537.36"
212.108.43.59 - - [12/Apr/2017:12:53:14 +0200] "GET /entry.php?id=10271&&ser=994333 HTTP/1.1" 200 987 "http://ed.activities.at/entry.php?id=10271&&ser=994273" "Mozilla/5.0 (Windows NT 10.0; Win64; x64) AppleWebKit/537.36 (KHTML, like Gecko) Chrome/57.0.2987.133 Safari/537.36"
212.108.43.59 - - [12/Apr/2017:12:53:14 +0200] "GET /gui/javascript/form_form.js?1491994394 HTTP/1.1" 200 16206 "http://ed.activities.at/entry.php?id=10271&&ser=994333" "Mozilla/5.0 (Windows NT 10.0; Win64; x64) AppleWebKit/537.36 (KHTML, like Gecko) Chrome/57.0.2987.133 Safari/537.36"
80.123.94.70 - - [12/Apr/2017:12:53:15 +0200] "GET /entry.php?id=10287&login=1 HTTP/1.1" 200 2295 "http://ed.activities.at/entry.php?id=10273&" "Mozilla/5.0 (Windows NT 10.0; WOW64) AppleWebKit/537.36 (KHTML, like Gecko) Chrome/57.0.2987.133 Safari/537.36"
80.123.94.70 - - [12/Apr/2017:12:53:15 +0200] "GET /gui/javascript/form_form.js?1491994395 HTTP/1.1" 200 16206 "http://ed.activities.at/entry.php?id=10287&login=1" "Mozilla/5.0 (Windows NT 10.0; WOW64) AppleWebKit/537.36 (KHTML, like Gecko) Chrome/57.0.2987.133 Safari/537.36"
80.123.94.70 - - [12/Apr/2017:12:53:18 +0200] "POST /entry.php?id=10287& HTTP/1.1" 200 2362 "http://ed.activities.at/entry.php?id=10287&login=1" "Mozilla/5.0 (Windows NT 10.0; WOW64) AppleWebKit/537.36 (KHTML, like Gecko) Chrome/57.0.2987.133 Safari/537.36"
80.123.94.70 - - [12/Apr/2017:12:53:18 +0200] "GET /gui/javascript/form_form.js?1491994398 HTTP/1.1" 200 16206 "http://ed.activities.at/entry.php?id=10287&" "Mozilla/5.0 (Windows NT 10.0; WOW64) AppleWebKit/537.36 (KHTML, like Gecko) Chrome/57.0.2987.133 Safari/537.36"
80.123.94.70 - - [12/Apr/2017:12:53:19 +0200] "GET /entry.php?id=10271&&ser=994323 HTTP/1.1" 200 987 "http://ed.activities.at/entry.php?id=10271&&ser=994323" "Mozilla/5.0 (Windows NT 10.0; WOW64) AppleWebKit/537.36 (KHTML, like Gecko) Chrome/57.0.2987.133 Safari/537.36"
80.123.94.70 - - [12/Apr/2017:12:53:19 +0200] "GET /gui/javascript/form_form.js?1491994399 HTTP/1.1" 200 16206 "http://ed.activities.at/entry.php?id=10271&&ser=994323" "Mozilla/5.0 (Windows NT 10.0; WOW64) AppleWebKit/537.36 (KHTML, like Gecko) Chrome/57.0.2987.133 Safari/537.36"
80.123.94.70 - - [12/Apr/2017:12:53:20 +0200] "GET /entry.php?id=11674 HTTP/1.1" 200 321 "http://ed.activities.at/entry.php?id=10270&__app__=10006038" "Mozilla/5.0 (Windows NT 10.0; WOW64) AppleWebKit/537.36 (KHTML, like Gecko) Chrome/57.0.2987.133 Safari/537.36"
80.123.94.70 - - [12/Apr/2017:12:53:20 +0200] "GET /entry.php?id=11675& HTTP/1.1" 200 2692 "http://ed.activities.at/entry.php?id=11674" "Mozilla/5.0 (Windows NT 10.0; WOW64) AppleWebKit/537.36 (KHTML, like Gecko) Chrome/57.0.2987.133 Safari/537.36"
80.123.94.70 - - [12/Apr/2017:12:53:20 +0200] "GET /gui/javascript/form_form.js?1491994400 HTTP/1.1" 200 16206 "http://ed.activities.at/entry.php?id=11675&" "Mozilla/5.0 (Windows NT 10.0; WOW64) AppleWebKit/537.36 (KHTML, like Gecko) Chrome/57.0.2987.133 Safari/537.36"
80.123.94.70 - - [12/Apr/2017:12:53:20 +0200] "GET /entry.php?id=11676& HTTP/1.1" 200 4382 "http://ed.activities.at/entry.php?id=11674" "Mozilla/5.0 (Windows NT 10.0; WOW64) AppleWebKit/537.36 (KHTML, like Gecko) Chrome/57.0.2987.133 Safari/537.36"
80.123.94.70 - - [12/Apr/2017:12:53:21 +0200] "GET /gui/javascript/form_form.js?1491994401 HTTP/1.1" 200 16206 "http://ed.activities.at/entry.php?id=11676&" "Mozilla/5.0 (Windows NT 10.0; WOW64) AppleWebKit/537.36 (KHTML, like Gecko) Chrome/57.0.2987.133 Safari/537.36"
80.123.94.70 - - [12/Apr/2017:12:53:20 +0200] "GET /entry.php?id=10676&&title=Aktionen HTTP/1.1" 200 1389 "http://ed.activities.at/entry.php?id=11674" "Mozilla/5.0 (Windows NT 10.0; WOW64) AppleWebKit/537.36 (KHTML, like Gecko) Chrome/57.0.2987.133 Safari/537.36"
80.123.94.70 - - [12/Apr/2017:12:53:20 +0200] "GET /entry.php?id=10778&form=11500&name=list& HTTP/1.1" 200 3440 "http://ed.activities.at/entry.php?id=11675&" "Mozilla/5.0 (Windows NT 10.0; WOW64) AppleWebKit/537.36 (KHTML, like Gecko) Chrome/57.0.2987.133 Safari/537.36"
80.123.94.70 - - [12/Apr/2017:12:53:20 +0200] "GET /entry.php?id=10776&form=11500&name=list& HTTP/1.1" 200 2450 "http://ed.activities.at/entry.php?id=11675&" "Mozilla/5.0 (Windows NT 10.0; WOW64) AppleWebKit/537.36 (KHTML, like Gecko) Chrome/57.0.2987.133 Safari/537.36"
80.123.94.70 - - [12/Apr/2017:12:53:23 +0200] "POST /entry.php?id=11676 HTTP/1.1" 200 4653 "http://ed.activities.at/entry.php?id=11676&" "Mozilla/5.0 (Windows NT 10.0; WOW64) AppleWebKit/537.36 (KHTML, like Gecko) Chrome/57.0.2987.133 Safari/537.36"
80.123.94.70 - - [12/Apr/2017:12:53:24 +0200] "GET /cache/emu/images/easy-drivers-zwettl10244068/jetztanmeldenjpg_266_150_0.jpg HTTP/1.1" 304 - "http://ed.activities.at/entry.php?id=11676" "Mozilla/5.0 (Windows NT 10.0; WOW64) AppleWebKit/537.36 (KHTML, like Gecko) Chrome/57.0.2987.133 Safari/537.36"
80.123.94.70 - - [12/Apr/2017:12:53:24 +0200] "GET /gui/javascript/form_form.js?1491994404 HTTP/1.1" 200 16206 "http://ed.activities.at/entry.php?id=11676" "Mozilla/5.0 (Windows NT 10.0; WOW64) AppleWebKit/537.36 (KHTML, like Gecko) Chrome/57.0.2987.133 Safari/537.36"
80.123.94.70 - - [12/Apr/2017:12:53:34 +0200] "POST /entry.php?id=11676 HTTP/1.1" 200 4974 "http://ed.activities.at/entry.php?id=11676" "Mozilla/5.0 (Windows NT 10.0; WOW64) AppleWebKit/537.36 (KHTML, like Gecko) Chrome/57.0.2987.133 Safari/537.36"
80.123.94.70 - - [12/Apr/2017:12:53:35 +0200] "GET /gui/javascript/form_form.js?1491994415 HTTP/1.1" 200 16206 "http://ed.activities.at/entry.php?id=11676" "Mozilla/5.0 (Windows NT 10.0; WOW64) AppleWebKit/537.36 (KHTML, like Gecko) Chrome/57.0.2987.133 Safari/537.36"
80.123.94.70 - - [12/Apr/2017:12:53:36 +0200] "POST /entry.php?id=11676 HTTP/1.1" 200 3202 "http://ed.activities.at/entry.php?id=11676" "Mozilla/5.0 (Windows NT 10.0; WOW64) AppleWebKit/537.36 (KHTML, like Gecko) Chrome/57.0.2987.133 Safari/537.36"
80.123.94.70 - - [12/Apr/2017:12:53:36 +0200] "GET /gui/javascript/form_form.js?1491994416 HTTP/1.1" 200 16206 "http://ed.activities.at/entry.php?id=11676" "Mozilla/5.0 (Windows NT 10.0; WOW64) AppleWebKit/537.36 (KHTML, like Gecko) Chrome/57.0.2987.133 Safari/537.36"
80.123.94.70 - - [12/Apr/2017:12:53:37 +0200] "GET /framework/webfx/javascript/tinymce/skins/lightgray/content.min.css HTTP/1.1" 404 327 "http://ed.activities.at/entry.php?id=11676" "Mozilla/5.0 (Windows NT 10.0; WOW64) AppleWebKit/537.36 (KHTML, like Gecko) Chrome/57.0.2987.133 Safari/537.36"
80.123.94.70 - - [12/Apr/2017:12:53:47 +0200] "POST /entry.php?id=11676 HTTP/1.1" 200 3584 "http://ed.activities.at/entry.php?id=11676" "Mozilla/5.0 (Windows NT 10.0; WOW64) AppleWebKit/537.36 (KHTML, like Gecko) Chrome/57.0.2987.133 Safari/537.36"
80.123.94.70 - - [12/Apr/2017:12:53:48 +0200] "GET /gui/javascript/form_form.js?1491994427 HTTP/1.1" 200 16206 "http://ed.activities.at/entry.php?id=11676" "Mozilla/5.0 (Windows NT 10.0; WOW64) AppleWebKit/537.36 (KHTML, like Gecko) Chrome/57.0.2987.133 Safari/537.36"
80.123.94.70 - - [12/Apr/2017:12:53:48 +0200] "GET /framework/webfx/javascript/tinymce/skins/lightgray/content.min.css HTTP/1.1" 404 327 "http://ed.activities.at/entry.php?id=11676" "Mozilla/5.0 (Windows NT 10.0; WOW64) AppleWebKit/537.36 (KHTML, like Gecko) Chrome/57.0.2987.133 Safari/537.36"
80.123.94.70 - - [12/Apr/2017:12:53:48 +0200] "POST /entry.php?id=11676 HTTP/1.1" 200 4674 "http://ed.activities.at/entry.php?id=11676" "Mozilla/5.0 (Windows NT 10.0; WOW64) AppleWebKit/537.36 (KHTML, like Gecko) Chrome/57.0.2987.133 Safari/537.36"
80.123.94.70 - - [12/Apr/2017:12:53:49 +0200] "GET /gui/javascript/form_form.js?1491994429 HTTP/1.1" 200 16206 "http://ed.activities.at/entry.php?id=11676" "Mozilla/5.0 (Windows NT 10.0; WOW64) AppleWebKit/537.36 (KHTML, like Gecko) Chrome/57.0.2987.133 Safari/537.36"
80.123.94.70 - - [12/Apr/2017:12:53:50 +0200] "POST /entry.php?id=11676 HTTP/1.1" 200 4949 "http://ed.activities.at/entry.php?id=11676" "Mozilla/5.0 (Windows NT 10.0; WOW64) AppleWebKit/537.36 (KHTML, like Gecko) Chrome/57.0.2987.133 Safari/537.36"
80.123.94.70 - - [12/Apr/2017:12:53:51 +0200] "GET /gui/javascript/form_form.js?1491994431 HTTP/1.1" 200 16206 "http://ed.activities.at/entry.php?id=11676" "Mozilla/5.0 (Windows NT 10.0; WOW64) AppleWebKit/537.36 (KHTML, like Gecko) Chrome/57.0.2987.133 Safari/537.36"
80.123.94.70 - - [12/Apr/2017:12:53:52 +0200] "POST /entry.php?id=11676 HTTP/1.1" 200 4641 "http://ed.activities.at/entry.php?id=11676" "Mozilla/5.0 (Windows NT 10.0; WOW64) AppleWebKit/537.36 (KHTML, like Gecko) Chrome/57.0.2987.133 Safari/537.36"
80.123.94.70 - - [12/Apr/2017:12:53:53 +0200] "GET /cache/emu/images/easy-drivers-zwettl10244077/aktionjpg_266_150_0.jpg HTTP/1.1" 304 - "http://ed.activities.at/entry.php?id=11676" "Mozilla/5.0 (Windows NT 10.0; WOW64) AppleWebKit/537.36 (KHTML, like Gecko) Chrome/57.0.2987.133 Safari/537.36"
80.123.94.70 - - [12/Apr/2017:12:53:53 +0200] "GET /gui/javascript/form_form.js?1491994433 HTTP/1.1" 200 16206 "http://ed.activities.at/entry.php?id=11676" "Mozilla/5.0 (Windows NT 10.0; WOW64) AppleWebKit/537.36 (KHTML, like Gecko) Chrome/57.0.2987.133 Safari/537.36"
80.123.94.70 - - [12/Apr/2017:12:53:55 +0200] "POST /entry.php?id=11676 HTTP/1.1" 200 4957 "http://ed.activities.at/entry.php?id=11676" "Mozilla/5.0 (Windows NT 10.0; WOW64) AppleWebKit/537.36 (KHTML, like Gecko) Chrome/57.0.2987.133 Safari/537.36"
80.123.94.70 - - [12/Apr/2017:12:53:56 +0200] "GET /gui/javascript/form_form.js?1491994436 HTTP/1.1" 200 16206 "http://ed.activities.at/entry.php?id=11676" "Mozilla/5.0 (Windows NT 10.0; WOW64) AppleWebKit/537.36 (KHTML, like Gecko) Chrome/57.0.2987.133 Safari/537.36"
80.123.94.70 - - [12/Apr/2017:12:53:57 +0200] "POST /entry.php?id=11676 HTTP/1.1" 200 4930 "http://ed.activities.at/entry.php?id=11676" "Mozilla/5.0 (Windows NT 10.0; WOW64) AppleWebKit/537.36 (KHTML, like Gecko) Chrome/57.0.2987.133 Safari/537.36"
80.123.94.70 - - [12/Apr/2017:12:53:58 +0200] "GET /gui/javascript/form_form.js?1491994438 HTTP/1.1" 200 16206 "http://ed.activities.at/entry.php?id=11676" "Mozilla/5.0 (Windows NT 10.0; WOW64) AppleWebKit/537.36 (KHTML, like Gecko) Chrome/57.0.2987.133 Safari/537.36"
212.108.43.59 - - [12/Apr/2017:12:54:05 +0200] "GET /entry.php?id=10271&&ser=994385 HTTP/1.1" 200 988 "http://ed.activities.at/entry.php?id=10271&&ser=994324" "Mozilla/5.0 (Windows NT 10.0; Win64; x64) AppleWebKit/537.36 (KHTML, like Gecko) Chrome/57.0.2987.133 Safari/537.36"
212.108.43.59 - - [12/Apr/2017:12:54:05 +0200] "GET /gui/javascript/form_form.js?1491994445 HTTP/1.1" 200 16206 "http://ed.activities.at/entry.php?id=10271&&ser=994385" "Mozilla/5.0 (Windows NT 10.0; Win64; x64) AppleWebKit/537.36 (KHTML, like Gecko) Chrome/57.0.2987.133 Safari/537.36"
212.108.43.59 - - [12/Apr/2017:12:54:05 +0200] "GET /entry.php?id=10271&&ser=994385 HTTP/1.1" 200 988 "http://ed.activities.at/entry.php?id=10271&&ser=994324" "Mozilla/5.0 (Windows NT 10.0; Win64; x64) AppleWebKit/537.36 (KHTML, like Gecko) Chrome/57.0.2987.133 Safari/537.36"
212.108.43.59 - - [12/Apr/2017:12:54:06 +0200] "GET /gui/javascript/form_form.js?1491994446 HTTP/1.1" 200 16206 "http://ed.activities.at/entry.php?id=10271&&ser=994385" "Mozilla/5.0 (Windows NT 10.0; Win64; x64) AppleWebKit/537.36 (KHTML, like Gecko) Chrome/57.0.2987.133 Safari/537.36"
212.108.43.59 - - [12/Apr/2017:12:54:14 +0200] "GET /entry.php?id=10271&&ser=994394 HTTP/1.1" 200 988 "http://ed.activities.at/entry.php?id=10271&&ser=994333" "Mozilla/5.0 (Windows NT 10.0; Win64; x64) AppleWebKit/537.36 (KHTML, like Gecko) Chrome/57.0.2987.133 Safari/537.36"
212.108.43.59 - - [12/Apr/2017:12:54:14 +0200] "GET /gui/javascript/form_form.js?1491994454 HTTP/1.1" 200 16206 "http://ed.activities.at/entry.php?id=10271&&ser=994394" "Mozilla/5.0 (Windows NT 10.0; Win64; x64) AppleWebKit/537.36 (KHTML, like Gecko) Chrome/57.0.2987.133 Safari/537.36"
80.123.94.70 - - [12/Apr/2017:12:54:19 +0200] "GET /entry.php?id=10271&&ser=994399 HTTP/1.1" 200 987 "http://ed.activities.at/entry.php?id=10271&&ser=994323" "Mozilla/5.0 (Windows NT 10.0; WOW64) AppleWebKit/537.36 (KHTML, like Gecko) Chrome/57.0.2987.133 Safari/537.36"
80.123.94.70 - - [12/Apr/2017:12:54:19 +0200] "GET /gui/javascript/form_form.js?1491994459 HTTP/1.1" 200 16206 "http://ed.activities.at/entry.php?id=10271&&ser=994399" "Mozilla/5.0 (Windows NT 10.0; WOW64) AppleWebKit/537.36 (KHTML, like Gecko) Chrome/57.0.2987.133 Safari/537.36"
80.123.94.70 - - [12/Apr/2017:12:54:47 +0200] "GET /entry.php?id=10287&login=1 HTTP/1.1" 200 2290 "http://ed.activities.at/entry.php?id=10273&" "Mozilla/5.0 (Windows NT 10.0; WOW64) AppleWebKit/537.36 (KHTML, like Gecko) Chrome/57.0.2987.133 Safari/537.36"
80.123.94.70 - - [12/Apr/2017:12:54:47 +0200] "GET /gui/javascript/form_form.js?1491994487 HTTP/1.1" 200 16206 "http://ed.activities.at/entry.php?id=10287&login=1" "Mozilla/5.0 (Windows NT 10.0; WOW64) AppleWebKit/537.36 (KHTML, like Gecko) Chrome/57.0.2987.133 Safari/537.36"
80.123.94.70 - - [12/Apr/2017:12:54:50 +0200] "POST /entry.php?id=10287& HTTP/1.1" 200 2364 "http://ed.activities.at/entry.php?id=10287&login=1" "Mozilla/5.0 (Windows NT 10.0; WOW64) AppleWebKit/537.36 (KHTML, like Gecko) Chrome/57.0.2987.133 Safari/537.36"
80.123.94.70 - - [12/Apr/2017:12:54:50 +0200] "GET /gui/javascript/form_form.js?1491994490 HTTP/1.1" 200 16206 "http://ed.activities.at/entry.php?id=10287&" "Mozilla/5.0 (Windows NT 10.0; WOW64) AppleWebKit/537.36 (KHTML, like Gecko) Chrome/57.0.2987.133 Safari/537.36"
80.123.94.70 - - [12/Apr/2017:12:54:50 +0200] "GET /entry.php?id=10271&&ser=994399 HTTP/1.1" 200 986 "http://ed.activities.at/entry.php?id=10271&&ser=994399" "Mozilla/5.0 (Windows NT 10.0; WOW64) AppleWebKit/537.36 (KHTML, like Gecko) Chrome/57.0.2987.133 Safari/537.36"
80.123.94.70 - - [12/Apr/2017:12:54:51 +0200] "GET /gui/javascript/form_form.js?1491994491 HTTP/1.1" 200 16206 "http://ed.activities.at/entry.php?id=10271&&ser=994399" "Mozilla/5.0 (Windows NT 10.0; WOW64) AppleWebKit/537.36 (KHTML, like Gecko) Chrome/57.0.2987.133 Safari/537.36"
80.123.94.70 - - [12/Apr/2017:12:54:51 +0200] "GET /entry.php?id=11674 HTTP/1.1" 200 321 "http://ed.activities.at/entry.php?id=10270&__app__=10006038" "Mozilla/5.0 (Windows NT 10.0; WOW64) AppleWebKit/537.36 (KHTML, like Gecko) Chrome/57.0.2987.133 Safari/537.36"
80.123.94.70 - - [12/Apr/2017:12:54:52 +0200] "GET /entry.php?id=11675& HTTP/1.1" 200 2692 "http://ed.activities.at/entry.php?id=11674" "Mozilla/5.0 (Windows NT 10.0; WOW64) AppleWebKit/537.36 (KHTML, like Gecko) Chrome/57.0.2987.133 Safari/537.36"
80.123.94.70 - - [12/Apr/2017:12:54:52 +0200] "GET /gui/javascript/form_form.js?1491994492 HTTP/1.1" 200 16206 "http://ed.activities.at/entry.php?id=11675&" "Mozilla/5.0 (Windows NT 10.0; WOW64) AppleWebKit/537.36 (KHTML, like Gecko) Chrome/57.0.2987.133 Safari/537.36"
80.123.94.70 - - [12/Apr/2017:12:54:52 +0200] "GET /entry.php?id=10676&&title=Aktionen HTTP/1.1" 200 1389 "http://ed.activities.at/entry.php?id=11674" "Mozilla/5.0 (Windows NT 10.0; WOW64) AppleWebKit/537.36 (KHTML, like Gecko) Chrome/57.0.2987.133 Safari/537.36"
80.123.94.70 - - [12/Apr/2017:12:54:52 +0200] "GET /entry.php?id=11676& HTTP/1.1" 200 4382 "http://ed.activities.at/entry.php?id=11674" "Mozilla/5.0 (Windows NT 10.0; WOW64) AppleWebKit/537.36 (KHTML, like Gecko) Chrome/57.0.2987.133 Safari/537.36"
80.123.94.70 - - [12/Apr/2017:12:54:52 +0200] "GET /entry.php?id=10778&form=11500&name=list& HTTP/1.1" 200 3328 "http://ed.activities.at/entry.php?id=11675&" "Mozilla/5.0 (Windows NT 10.0; WOW64) AppleWebKit/537.36 (KHTML, like Gecko) Chrome/57.0.2987.133 Safari/537.36"
80.123.94.70 - - [12/Apr/2017:12:54:53 +0200] "GET /gui/javascript/form_form.js?1491994493 HTTP/1.1" 200 16206 "http://ed.activities.at/entry.php?id=11676&" "Mozilla/5.0 (Windows NT 10.0; WOW64) AppleWebKit/537.36 (KHTML, like Gecko) Chrome/57.0.2987.133 Safari/537.36"
80.123.94.70 - - [12/Apr/2017:12:54:52 +0200] "GET /entry.php?id=10776&form=11500&name=list& HTTP/1.1" 200 2450 "http://ed.activities.at/entry.php?id=11675&" "Mozilla/5.0 (Windows NT 10.0; WOW64) AppleWebKit/537.36 (KHTML, like Gecko) Chrome/57.0.2987.133 Safari/537.36"
80.123.94.70 - - [12/Apr/2017:12:54:54 +0200] "POST /entry.php?id=11676 HTTP/1.1" 200 4662 "http://ed.activities.at/entry.php?id=11676&" "Mozilla/5.0 (Windows NT 10.0; WOW64) AppleWebKit/537.36 (KHTML, like Gecko) Chrome/57.0.2987.133 Safari/537.36"
80.123.94.70 - - [12/Apr/2017:12:54:55 +0200] "GET /cache/emu/images/easy-drivers-waidhofenthaya10244068/jetztanmeldenjpg_266_150_0.jpg HTTP/1.1" 304 - "http://ed.activities.at/entry.php?id=11676" "Mozilla/5.0 (Windows NT 10.0; WOW64) AppleWebKit/537.36 (KHTML, like Gecko) Chrome/57.0.2987.133 Safari/537.36"
80.123.94.70 - - [12/Apr/2017:12:54:55 +0200] "GET /gui/javascript/form_form.js?1491994495 HTTP/1.1" 200 16206 "http://ed.activities.at/entry.php?id=11676" "Mozilla/5.0 (Windows NT 10.0; WOW64) AppleWebKit/537.36 (KHTML, like Gecko) Chrome/57.0.2987.133 Safari/537.36"
212.108.43.59 - - [12/Apr/2017:12:55:05 +0200] "GET /entry.php?id=10271&&ser=994445 HTTP/1.1" 200 987 "http://ed.activities.at/entry.php?id=10271&&ser=994385" "Mozilla/5.0 (Windows NT 10.0; Win64; x64) AppleWebKit/537.36 (KHTML, like Gecko) Chrome/57.0.2987.133 Safari/537.36"
