212.108.43.59 - - [18/Apr/2017:14:46:13 +0200] "GET /entry.php?id=10271&&ser=519513 HTTP/1.1" 200 987 "http://ed.activities.at/entry.php?id=10271&&ser=519452" "Mozilla/5.0 (Windows NT 10.0; Win64; x64) AppleWebKit/537.36 (KHTML, like Gecko) Chrome/57.0.2987.133 Safari/537.36"
212.108.43.59 - - [18/Apr/2017:14:46:13 +0200] "GET /gui/javascript/form_form.js?1492519573 HTTP/1.1" 200 16206 "http://ed.activities.at/entry.php?id=10271&&ser=519513" "Mozilla/5.0 (Windows NT 10.0; Win64; x64) AppleWebKit/537.36 (KHTML, like Gecko) Chrome/57.0.2987.133 Safari/537.36"
212.108.43.59 - - [18/Apr/2017:14:46:28 +0200] "GET /entry.php?id=10271&&ser=519528 HTTP/1.1" 200 987 "http://ed.activities.at/entry.php?id=10271&&ser=519467" "Mozilla/5.0 (Windows NT 10.0; Win64; x64) AppleWebKit/537.36 (KHTML, like Gecko) Chrome/57.0.2987.133 Safari/537.36"
212.108.43.59 - - [18/Apr/2017:14:46:28 +0200] "GET /gui/javascript/form_form.js?1492519588 HTTP/1.1" 200 16206 "http://ed.activities.at/entry.php?id=10271&&ser=519528" "Mozilla/5.0 (Windows NT 10.0; Win64; x64) AppleWebKit/537.36 (KHTML, like Gecko) Chrome/57.0.2987.133 Safari/537.36"
213.47.145.163 - - [18/Apr/2017:14:46:56 +0200] "GET /entry.php?id=10271&&ser=519556 HTTP/1.1" 200 987 "http://easydrivers.activities.at/entry.php?id=10271&&ser=519495" "Mozilla/5.0 (Windows NT 6.1; rv:52.0) Gecko/20100101 Firefox/52.0"
213.47.145.163 - - [18/Apr/2017:14:46:57 +0200] "GET /gui/javascript/form_form.js?1492519617 HTTP/1.1" 200 16206 "http://easydrivers.activities.at/entry.php?id=10271&&ser=519556" "Mozilla/5.0 (Windows NT 6.1; rv:52.0) Gecko/20100101 Firefox/52.0"
212.108.43.59 - - [18/Apr/2017:14:47:13 +0200] "GET /entry.php?id=10271&&ser=519573 HTTP/1.1" 200 987 "http://ed.activities.at/entry.php?id=10271&&ser=519513" "Mozilla/5.0 (Windows NT 10.0; Win64; x64) AppleWebKit/537.36 (KHTML, like Gecko) Chrome/57.0.2987.133 Safari/537.36"
212.108.43.59 - - [18/Apr/2017:14:47:13 +0200] "GET /gui/javascript/form_form.js?1492519633 HTTP/1.1" 200 16206 "http://ed.activities.at/entry.php?id=10271&&ser=519573" "Mozilla/5.0 (Windows NT 10.0; Win64; x64) AppleWebKit/537.36 (KHTML, like Gecko) Chrome/57.0.2987.133 Safari/537.36"
212.108.43.59 - - [18/Apr/2017:14:47:28 +0200] "GET /entry.php?id=10271&&ser=519588 HTTP/1.1" 200 987 "http://ed.activities.at/entry.php?id=10271&&ser=519528" "Mozilla/5.0 (Windows NT 10.0; Win64; x64) AppleWebKit/537.36 (KHTML, like Gecko) Chrome/57.0.2987.133 Safari/537.36"
212.108.43.59 - - [18/Apr/2017:14:47:28 +0200] "GET /gui/javascript/form_form.js?1492519648 HTTP/1.1" 200 16206 "http://ed.activities.at/entry.php?id=10271&&ser=519588" "Mozilla/5.0 (Windows NT 10.0; Win64; x64) AppleWebKit/537.36 (KHTML, like Gecko) Chrome/57.0.2987.133 Safari/537.36"
213.47.145.163 - - [18/Apr/2017:14:47:57 +0200] "GET /entry.php?id=10271&&ser=519617 HTTP/1.1" 200 987 "http://easydrivers.activities.at/entry.php?id=10271&&ser=519556" "Mozilla/5.0 (Windows NT 6.1; rv:52.0) Gecko/20100101 Firefox/52.0"
213.47.145.163 - - [18/Apr/2017:14:47:58 +0200] "GET /gui/javascript/form_form.js?1492519677 HTTP/1.1" 200 16206 "http://easydrivers.activities.at/entry.php?id=10271&&ser=519617" "Mozilla/5.0 (Windows NT 6.1; rv:52.0) Gecko/20100101 Firefox/52.0"
212.108.43.59 - - [18/Apr/2017:14:48:13 +0200] "GET /entry.php?id=10271&&ser=519633 HTTP/1.1" 200 987 "http://ed.activities.at/entry.php?id=10271&&ser=519573" "Mozilla/5.0 (Windows NT 10.0; Win64; x64) AppleWebKit/537.36 (KHTML, like Gecko) Chrome/57.0.2987.133 Safari/537.36"
212.108.43.59 - - [18/Apr/2017:14:48:14 +0200] "GET /gui/javascript/form_form.js?1492519694 HTTP/1.1" 200 16206 "http://ed.activities.at/entry.php?id=10271&&ser=519633" "Mozilla/5.0 (Windows NT 10.0; Win64; x64) AppleWebKit/537.36 (KHTML, like Gecko) Chrome/57.0.2987.133 Safari/537.36"
212.108.43.59 - - [18/Apr/2017:14:48:29 +0200] "GET /entry.php?id=10271&&ser=519648 HTTP/1.1" 200 987 "http://ed.activities.at/entry.php?id=10271&&ser=519588" "Mozilla/5.0 (Windows NT 10.0; Win64; x64) AppleWebKit/537.36 (KHTML, like Gecko) Chrome/57.0.2987.133 Safari/537.36"
212.108.43.59 - - [18/Apr/2017:14:48:29 +0200] "GET /gui/javascript/form_form.js?1492519709 HTTP/1.1" 200 16206 "http://ed.activities.at/entry.php?id=10271&&ser=519648" "Mozilla/5.0 (Windows NT 10.0; Win64; x64) AppleWebKit/537.36 (KHTML, like Gecko) Chrome/57.0.2987.133 Safari/537.36"
213.47.145.163 - - [18/Apr/2017:14:48:58 +0200] "GET /entry.php?id=10271&&ser=519677 HTTP/1.1" 200 987 "http://easydrivers.activities.at/entry.php?id=10271&&ser=519617" "Mozilla/5.0 (Windows NT 6.1; rv:52.0) Gecko/20100101 Firefox/52.0"
213.47.145.163 - - [18/Apr/2017:14:48:58 +0200] "GET /gui/javascript/form_form.js?1492519738 HTTP/1.1" 200 16206 "http://easydrivers.activities.at/entry.php?id=10271&&ser=519677" "Mozilla/5.0 (Windows NT 6.1; rv:52.0) Gecko/20100101 Firefox/52.0"
212.108.43.59 - - [18/Apr/2017:14:49:14 +0200] "GET /entry.php?id=10271&&ser=519694 HTTP/1.1" 200 987 "http://ed.activities.at/entry.php?id=10271&&ser=519633" "Mozilla/5.0 (Windows NT 10.0; Win64; x64) AppleWebKit/537.36 (KHTML, like Gecko) Chrome/57.0.2987.133 Safari/537.36"
212.108.43.59 - - [18/Apr/2017:14:49:14 +0200] "GET /gui/javascript/form_form.js?1492519754 HTTP/1.1" 200 16206 "http://ed.activities.at/entry.php?id=10271&&ser=519694" "Mozilla/5.0 (Windows NT 10.0; Win64; x64) AppleWebKit/537.36 (KHTML, like Gecko) Chrome/57.0.2987.133 Safari/537.36"
212.108.43.59 - - [18/Apr/2017:14:49:29 +0200] "GET /entry.php?id=10271&&ser=519709 HTTP/1.1" 200 987 "http://ed.activities.at/entry.php?id=10271&&ser=519648" "Mozilla/5.0 (Windows NT 10.0; Win64; x64) AppleWebKit/537.36 (KHTML, like Gecko) Chrome/57.0.2987.133 Safari/537.36"
212.108.43.59 - - [18/Apr/2017:14:49:29 +0200] "GET /gui/javascript/form_form.js?1492519769 HTTP/1.1" 200 16206 "http://ed.activities.at/entry.php?id=10271&&ser=519709" "Mozilla/5.0 (Windows NT 10.0; Win64; x64) AppleWebKit/537.36 (KHTML, like Gecko) Chrome/57.0.2987.133 Safari/537.36"
213.47.145.163 - - [18/Apr/2017:14:49:59 +0200] "GET /entry.php?id=10271&&ser=519738 HTTP/1.1" 200 987 "http://easydrivers.activities.at/entry.php?id=10271&&ser=519677" "Mozilla/5.0 (Windows NT 6.1; rv:52.0) Gecko/20100101 Firefox/52.0"
213.47.145.163 - - [18/Apr/2017:14:49:59 +0200] "GET /gui/javascript/form_form.js?1492519799 HTTP/1.1" 200 16206 "http://easydrivers.activities.at/entry.php?id=10271&&ser=519738" "Mozilla/5.0 (Windows NT 6.1; rv:52.0) Gecko/20100101 Firefox/52.0"
212.108.43.59 - - [18/Apr/2017:14:50:14 +0200] "GET /entry.php?id=10271&&ser=519754 HTTP/1.1" 200 987 "http://ed.activities.at/entry.php?id=10271&&ser=519694" "Mozilla/5.0 (Windows NT 10.0; Win64; x64) AppleWebKit/537.36 (KHTML, like Gecko) Chrome/57.0.2987.133 Safari/537.36"
212.108.43.59 - - [18/Apr/2017:14:50:14 +0200] "GET /gui/javascript/form_form.js?1492519814 HTTP/1.1" 200 16206 "http://ed.activities.at/entry.php?id=10271&&ser=519754" "Mozilla/5.0 (Windows NT 10.0; Win64; x64) AppleWebKit/537.36 (KHTML, like Gecko) Chrome/57.0.2987.133 Safari/537.36"
212.108.43.59 - - [18/Apr/2017:14:50:29 +0200] "GET /entry.php?id=10271&&ser=519769 HTTP/1.1" 200 987 "http://ed.activities.at/entry.php?id=10271&&ser=519709" "Mozilla/5.0 (Windows NT 10.0; Win64; x64) AppleWebKit/537.36 (KHTML, like Gecko) Chrome/57.0.2987.133 Safari/537.36"
212.108.43.59 - - [18/Apr/2017:14:50:29 +0200] "GET /gui/javascript/form_form.js?1492519829 HTTP/1.1" 200 16206 "http://ed.activities.at/entry.php?id=10271&&ser=519769" "Mozilla/5.0 (Windows NT 10.0; Win64; x64) AppleWebKit/537.36 (KHTML, like Gecko) Chrome/57.0.2987.133 Safari/537.36"
213.47.145.163 - - [18/Apr/2017:14:50:59 +0200] "GET /entry.php?id=10271&&ser=519799 HTTP/1.1" 200 986 "http://easydrivers.activities.at/entry.php?id=10271&&ser=519738" "Mozilla/5.0 (Windows NT 6.1; rv:52.0) Gecko/20100101 Firefox/52.0"
213.47.145.163 - - [18/Apr/2017:14:50:59 +0200] "GET /gui/javascript/form_form.js?1492519859 HTTP/1.1" 200 16206 "http://easydrivers.activities.at/entry.php?id=10271&&ser=519799" "Mozilla/5.0 (Windows NT 6.1; rv:52.0) Gecko/20100101 Firefox/52.0"
212.108.43.59 - - [18/Apr/2017:14:51:14 +0200] "GET /entry.php?id=10271&&ser=519814 HTTP/1.1" 200 987 "http://ed.activities.at/entry.php?id=10271&&ser=519754" "Mozilla/5.0 (Windows NT 10.0; Win64; x64) AppleWebKit/537.36 (KHTML, like Gecko) Chrome/57.0.2987.133 Safari/537.36"
212.108.43.59 - - [18/Apr/2017:14:51:15 +0200] "GET /gui/javascript/form_form.js?1492519875 HTTP/1.1" 200 16206 "http://ed.activities.at/entry.php?id=10271&&ser=519814" "Mozilla/5.0 (Windows NT 10.0; Win64; x64) AppleWebKit/537.36 (KHTML, like Gecko) Chrome/57.0.2987.133 Safari/537.36"
212.108.43.59 - - [18/Apr/2017:14:51:30 +0200] "GET /entry.php?id=10271&&ser=519829 HTTP/1.1" 200 987 "http://ed.activities.at/entry.php?id=10271&&ser=519769" "Mozilla/5.0 (Windows NT 10.0; Win64; x64) AppleWebKit/537.36 (KHTML, like Gecko) Chrome/57.0.2987.133 Safari/537.36"
212.108.43.59 - - [18/Apr/2017:14:51:30 +0200] "GET /gui/javascript/form_form.js?1492519890 HTTP/1.1" 200 16206 "http://ed.activities.at/entry.php?id=10271&&ser=519829" "Mozilla/5.0 (Windows NT 10.0; Win64; x64) AppleWebKit/537.36 (KHTML, like Gecko) Chrome/57.0.2987.133 Safari/537.36"
213.47.145.163 - - [18/Apr/2017:14:52:00 +0200] "GET /entry.php?id=10271&&ser=519859 HTTP/1.1" 200 987 "http://easydrivers.activities.at/entry.php?id=10271&&ser=519799" "Mozilla/5.0 (Windows NT 6.1; rv:52.0) Gecko/20100101 Firefox/52.0"
213.47.145.163 - - [18/Apr/2017:14:52:00 +0200] "GET /gui/javascript/form_form.js?1492519920 HTTP/1.1" 200 16206 "http://easydrivers.activities.at/entry.php?id=10271&&ser=519859" "Mozilla/5.0 (Windows NT 6.1; rv:52.0) Gecko/20100101 Firefox/52.0"
212.108.43.59 - - [18/Apr/2017:14:52:15 +0200] "GET /entry.php?id=10271&&ser=519875 HTTP/1.1" 200 987 "http://ed.activities.at/entry.php?id=10271&&ser=519814" "Mozilla/5.0 (Windows NT 10.0; Win64; x64) AppleWebKit/537.36 (KHTML, like Gecko) Chrome/57.0.2987.133 Safari/537.36"
212.108.43.59 - - [18/Apr/2017:14:52:15 +0200] "GET /gui/javascript/form_form.js?1492519935 HTTP/1.1" 200 16206 "http://ed.activities.at/entry.php?id=10271&&ser=519875" "Mozilla/5.0 (Windows NT 10.0; Win64; x64) AppleWebKit/537.36 (KHTML, like Gecko) Chrome/57.0.2987.133 Safari/537.36"
212.108.43.59 - - [18/Apr/2017:14:52:30 +0200] "GET /entry.php?id=10271&&ser=519890 HTTP/1.1" 200 987 "http://ed.activities.at/entry.php?id=10271&&ser=519829" "Mozilla/5.0 (Windows NT 10.0; Win64; x64) AppleWebKit/537.36 (KHTML, like Gecko) Chrome/57.0.2987.133 Safari/537.36"
212.108.43.59 - - [18/Apr/2017:14:52:30 +0200] "GET /gui/javascript/form_form.js?1492519950 HTTP/1.1" 200 16206 "http://ed.activities.at/entry.php?id=10271&&ser=519890" "Mozilla/5.0 (Windows NT 10.0; Win64; x64) AppleWebKit/537.36 (KHTML, like Gecko) Chrome/57.0.2987.133 Safari/537.36"
213.47.145.163 - - [18/Apr/2017:14:52:37 +0200] "GET /entry.php?id=10287&login=1 HTTP/1.1" 200 1874 "http://easydrivers.activities.at/entry.php?id=10273&" "Mozilla/5.0 (Windows NT 6.1; rv:52.0) Gecko/20100101 Firefox/52.0"
213.47.145.163 - - [18/Apr/2017:14:52:37 +0200] "GET /gui/javascript/form_form.js?1492519957 HTTP/1.1" 200 16206 "http://easydrivers.activities.at/entry.php?id=10287&login=1" "Mozilla/5.0 (Windows NT 6.1; rv:52.0) Gecko/20100101 Firefox/52.0"
213.47.145.163 - - [18/Apr/2017:14:52:40 +0200] "POST /entry.php?id=10287& HTTP/1.1" 200 2429 "http://easydrivers.activities.at/entry.php?id=10287&login=1" "Mozilla/5.0 (Windows NT 6.1; rv:52.0) Gecko/20100101 Firefox/52.0"
213.47.145.163 - - [18/Apr/2017:14:52:40 +0200] "GET /gui/javascript/form_form.js?1492519960 HTTP/1.1" 200 16206 "http://easydrivers.activities.at/entry.php?id=10287&" "Mozilla/5.0 (Windows NT 6.1; rv:52.0) Gecko/20100101 Firefox/52.0"
213.47.145.163 - - [18/Apr/2017:14:52:40 +0200] "GET /entry.php?id=10270& HTTP/1.1" 200 909 "http://easydrivers.activities.at/entry.php?id=10287&" "Mozilla/5.0 (Windows NT 6.1; rv:52.0) Gecko/20100101 Firefox/52.0"
213.47.145.163 - - [18/Apr/2017:14:52:40 +0200] "GET /entry.php?id=10273&logout=true& HTTP/1.1" 200 1912 "http://easydrivers.activities.at/entry.php?id=10287&" "Mozilla/5.0 (Windows NT 6.1; rv:52.0) Gecko/20100101 Firefox/52.0"
212.108.43.59 - - [18/Apr/2017:14:53:15 +0200] "GET /entry.php?id=10271&&ser=519935 HTTP/1.1" 200 987 "http://ed.activities.at/entry.php?id=10271&&ser=519875" "Mozilla/5.0 (Windows NT 10.0; Win64; x64) AppleWebKit/537.36 (KHTML, like Gecko) Chrome/57.0.2987.133 Safari/537.36"
212.108.43.59 - - [18/Apr/2017:14:53:15 +0200] "GET /gui/javascript/form_form.js?1492519995 HTTP/1.1" 200 16206 "http://ed.activities.at/entry.php?id=10271&&ser=519935" "Mozilla/5.0 (Windows NT 10.0; Win64; x64) AppleWebKit/537.36 (KHTML, like Gecko) Chrome/57.0.2987.133 Safari/537.36"
212.108.43.59 - - [18/Apr/2017:14:53:30 +0200] "GET /entry.php?id=10271&&ser=519950 HTTP/1.1" 200 987 "http://ed.activities.at/entry.php?id=10271&&ser=519890" "Mozilla/5.0 (Windows NT 10.0; Win64; x64) AppleWebKit/537.36 (KHTML, like Gecko) Chrome/57.0.2987.133 Safari/537.36"
212.108.43.59 - - [18/Apr/2017:14:53:30 +0200] "GET /gui/javascript/form_form.js?1492520010 HTTP/1.1" 200 16206 "http://ed.activities.at/entry.php?id=10271&&ser=519950" "Mozilla/5.0 (Windows NT 10.0; Win64; x64) AppleWebKit/537.36 (KHTML, like Gecko) Chrome/57.0.2987.133 Safari/537.36"
212.108.43.59 - - [18/Apr/2017:14:54:15 +0200] "GET /entry.php?id=10271&&ser=519995 HTTP/1.1" 200 987 "http://ed.activities.at/entry.php?id=10271&&ser=519935" "Mozilla/5.0 (Windows NT 10.0; Win64; x64) AppleWebKit/537.36 (KHTML, like Gecko) Chrome/57.0.2987.133 Safari/537.36"
212.108.43.59 - - [18/Apr/2017:14:54:16 +0200] "GET /gui/javascript/form_form.js?1492520056 HTTP/1.1" 200 16206 "http://ed.activities.at/entry.php?id=10271&&ser=519995" "Mozilla/5.0 (Windows NT 10.0; Win64; x64) AppleWebKit/537.36 (KHTML, like Gecko) Chrome/57.0.2987.133 Safari/537.36"
212.108.43.59 - - [18/Apr/2017:14:54:31 +0200] "GET /entry.php?id=10271&&ser=520010 HTTP/1.1" 200 986 "http://ed.activities.at/entry.php?id=10271&&ser=519950" "Mozilla/5.0 (Windows NT 10.0; Win64; x64) AppleWebKit/537.36 (KHTML, like Gecko) Chrome/57.0.2987.133 Safari/537.36"
212.108.43.59 - - [18/Apr/2017:14:54:31 +0200] "GET /gui/javascript/form_form.js?1492520071 HTTP/1.1" 200 16206 "http://ed.activities.at/entry.php?id=10271&&ser=520010" "Mozilla/5.0 (Windows NT 10.0; Win64; x64) AppleWebKit/537.36 (KHTML, like Gecko) Chrome/57.0.2987.133 Safari/537.36"
212.108.43.59 - - [18/Apr/2017:14:55:16 +0200] "GET /entry.php?id=10271&&ser=520056 HTTP/1.1" 200 987 "http://ed.activities.at/entry.php?id=10271&&ser=519995" "Mozilla/5.0 (Windows NT 10.0; Win64; x64) AppleWebKit/537.36 (KHTML, like Gecko) Chrome/57.0.2987.133 Safari/537.36"
212.108.43.59 - - [18/Apr/2017:14:55:16 +0200] "GET /gui/javascript/form_form.js?1492520116 HTTP/1.1" 200 16206 "http://ed.activities.at/entry.php?id=10271&&ser=520056" "Mozilla/5.0 (Windows NT 10.0; Win64; x64) AppleWebKit/537.36 (KHTML, like Gecko) Chrome/57.0.2987.133 Safari/537.36"
212.108.43.59 - - [18/Apr/2017:14:55:31 +0200] "GET /entry.php?id=10271&&ser=520071 HTTP/1.1" 200 986 "http://ed.activities.at/entry.php?id=10271&&ser=520010" "Mozilla/5.0 (Windows NT 10.0; Win64; x64) AppleWebKit/537.36 (KHTML, like Gecko) Chrome/57.0.2987.133 Safari/537.36"
212.108.43.59 - - [18/Apr/2017:14:55:31 +0200] "GET /gui/javascript/form_form.js?1492520131 HTTP/1.1" 200 16206 "http://ed.activities.at/entry.php?id=10271&&ser=520071" "Mozilla/5.0 (Windows NT 10.0; Win64; x64) AppleWebKit/537.36 (KHTML, like Gecko) Chrome/57.0.2987.133 Safari/537.36"
212.108.43.59 - - [18/Apr/2017:14:56:16 +0200] "GET /entry.php?id=10271&&ser=520116 HTTP/1.1" 200 986 "http://ed.activities.at/entry.php?id=10271&&ser=520056" "Mozilla/5.0 (Windows NT 10.0; Win64; x64) AppleWebKit/537.36 (KHTML, like Gecko) Chrome/57.0.2987.133 Safari/537.36"
212.108.43.59 - - [18/Apr/2017:14:56:16 +0200] "GET /gui/javascript/form_form.js?1492520176 HTTP/1.1" 200 16206 "http://ed.activities.at/entry.php?id=10271&&ser=520116" "Mozilla/5.0 (Windows NT 10.0; Win64; x64) AppleWebKit/537.36 (KHTML, like Gecko) Chrome/57.0.2987.133 Safari/537.36"
212.108.43.59 - - [18/Apr/2017:14:56:31 +0200] "GET /entry.php?id=10271&&ser=520131 HTTP/1.1" 200 986 "http://ed.activities.at/entry.php?id=10271&&ser=520071" "Mozilla/5.0 (Windows NT 10.0; Win64; x64) AppleWebKit/537.36 (KHTML, like Gecko) Chrome/57.0.2987.133 Safari/537.36"
212.108.43.59 - - [18/Apr/2017:14:56:31 +0200] "GET /gui/javascript/form_form.js?1492520191 HTTP/1.1" 200 16206 "http://ed.activities.at/entry.php?id=10271&&ser=520131" "Mozilla/5.0 (Windows NT 10.0; Win64; x64) AppleWebKit/537.36 (KHTML, like Gecko) Chrome/57.0.2987.133 Safari/537.36"
212.108.43.59 - - [18/Apr/2017:14:57:16 +0200] "GET /entry.php?id=10271&&ser=520176 HTTP/1.1" 200 987 "http://ed.activities.at/entry.php?id=10271&&ser=520116" "Mozilla/5.0 (Windows NT 10.0; Win64; x64) AppleWebKit/537.36 (KHTML, like Gecko) Chrome/57.0.2987.133 Safari/537.36"
212.108.43.59 - - [18/Apr/2017:14:57:17 +0200] "GET /gui/javascript/form_form.js?1492520237 HTTP/1.1" 200 16206 "http://ed.activities.at/entry.php?id=10271&&ser=520176" "Mozilla/5.0 (Windows NT 10.0; Win64; x64) AppleWebKit/537.36 (KHTML, like Gecko) Chrome/57.0.2987.133 Safari/537.36"
212.108.43.59 - - [18/Apr/2017:14:57:32 +0200] "GET /entry.php?id=10271&&ser=520191 HTTP/1.1" 200 986 "http://ed.activities.at/entry.php?id=10271&&ser=520131" "Mozilla/5.0 (Windows NT 10.0; Win64; x64) AppleWebKit/537.36 (KHTML, like Gecko) Chrome/57.0.2987.133 Safari/537.36"
212.108.43.59 - - [18/Apr/2017:14:57:32 +0200] "GET /gui/javascript/form_form.js?1492520252 HTTP/1.1" 200 16206 "http://ed.activities.at/entry.php?id=10271&&ser=520191" "Mozilla/5.0 (Windows NT 10.0; Win64; x64) AppleWebKit/537.36 (KHTML, like Gecko) Chrome/57.0.2987.133 Safari/537.36"
212.108.43.59 - - [18/Apr/2017:14:58:17 +0200] "GET /entry.php?id=10271&&ser=520237 HTTP/1.1" 200 987 "http://ed.activities.at/entry.php?id=10271&&ser=520176" "Mozilla/5.0 (Windows NT 10.0; Win64; x64) AppleWebKit/537.36 (KHTML, like Gecko) Chrome/57.0.2987.133 Safari/537.36"
212.108.43.59 - - [18/Apr/2017:14:58:17 +0200] "GET /gui/javascript/form_form.js?1492520297 HTTP/1.1" 200 16206 "http://ed.activities.at/entry.php?id=10271&&ser=520237" "Mozilla/5.0 (Windows NT 10.0; Win64; x64) AppleWebKit/537.36 (KHTML, like Gecko) Chrome/57.0.2987.133 Safari/537.36"
212.108.43.59 - - [18/Apr/2017:14:58:32 +0200] "GET /entry.php?id=10271&&ser=520252 HTTP/1.1" 200 987 "http://ed.activities.at/entry.php?id=10271&&ser=520191" "Mozilla/5.0 (Windows NT 10.0; Win64; x64) AppleWebKit/537.36 (KHTML, like Gecko) Chrome/57.0.2987.133 Safari/537.36"
212.108.43.59 - - [18/Apr/2017:14:58:32 +0200] "GET /gui/javascript/form_form.js?1492520312 HTTP/1.1" 200 16206 "http://ed.activities.at/entry.php?id=10271&&ser=520252" "Mozilla/5.0 (Windows NT 10.0; Win64; x64) AppleWebKit/537.36 (KHTML, like Gecko) Chrome/57.0.2987.133 Safari/537.36"
212.108.43.59 - - [18/Apr/2017:14:59:17 +0200] "GET /entry.php?id=10271&&ser=520297 HTTP/1.1" 200 987 "http://ed.activities.at/entry.php?id=10271&&ser=520237" "Mozilla/5.0 (Windows NT 10.0; Win64; x64) AppleWebKit/537.36 (KHTML, like Gecko) Chrome/57.0.2987.133 Safari/537.36"
212.108.43.59 - - [18/Apr/2017:14:59:17 +0200] "GET /gui/javascript/form_form.js?1492520357 HTTP/1.1" 200 16206 "http://ed.activities.at/entry.php?id=10271&&ser=520297" "Mozilla/5.0 (Windows NT 10.0; Win64; x64) AppleWebKit/537.36 (KHTML, like Gecko) Chrome/57.0.2987.133 Safari/537.36"
212.108.43.59 - - [18/Apr/2017:14:59:32 +0200] "GET /entry.php?id=10271&&ser=520312 HTTP/1.1" 200 987 "http://ed.activities.at/entry.php?id=10271&&ser=520252" "Mozilla/5.0 (Windows NT 10.0; Win64; x64) AppleWebKit/537.36 (KHTML, like Gecko) Chrome/57.0.2987.133 Safari/537.36"
212.108.43.59 - - [18/Apr/2017:14:59:32 +0200] "GET /gui/javascript/form_form.js?1492520372 HTTP/1.1" 200 16206 "http://ed.activities.at/entry.php?id=10271&&ser=520312" "Mozilla/5.0 (Windows NT 10.0; Win64; x64) AppleWebKit/537.36 (KHTML, like Gecko) Chrome/57.0.2987.133 Safari/537.36"
212.108.43.59 - - [18/Apr/2017:15:00:17 +0200] "GET /entry.php?id=10271&&ser=520357 HTTP/1.1" 200 987 "http://ed.activities.at/entry.php?id=10271&&ser=520297" "Mozilla/5.0 (Windows NT 10.0; Win64; x64) AppleWebKit/537.36 (KHTML, like Gecko) Chrome/57.0.2987.133 Safari/537.36"
212.108.43.59 - - [18/Apr/2017:15:00:18 +0200] "GET /gui/javascript/form_form.js?1492520418 HTTP/1.1" 200 16206 "http://ed.activities.at/entry.php?id=10271&&ser=520357" "Mozilla/5.0 (Windows NT 10.0; Win64; x64) AppleWebKit/537.36 (KHTML, like Gecko) Chrome/57.0.2987.133 Safari/537.36"
212.108.43.59 - - [18/Apr/2017:15:00:33 +0200] "GET /entry.php?id=10271&&ser=520372 HTTP/1.1" 200 987 "http://ed.activities.at/entry.php?id=10271&&ser=520312" "Mozilla/5.0 (Windows NT 10.0; Win64; x64) AppleWebKit/537.36 (KHTML, like Gecko) Chrome/57.0.2987.133 Safari/537.36"
212.108.43.59 - - [18/Apr/2017:15:00:33 +0200] "GET /gui/javascript/form_form.js?1492520433 HTTP/1.1" 200 16206 "http://ed.activities.at/entry.php?id=10271&&ser=520372" "Mozilla/5.0 (Windows NT 10.0; Win64; x64) AppleWebKit/537.36 (KHTML, like Gecko) Chrome/57.0.2987.133 Safari/537.36"
212.108.43.59 - - [18/Apr/2017:15:01:18 +0200] "GET /entry.php?id=10271&&ser=520418 HTTP/1.1" 200 987 "http://ed.activities.at/entry.php?id=10271&&ser=520357" "Mozilla/5.0 (Windows NT 10.0; Win64; x64) AppleWebKit/537.36 (KHTML, like Gecko) Chrome/57.0.2987.133 Safari/537.36"
212.108.43.59 - - [18/Apr/2017:15:01:18 +0200] "GET /gui/javascript/form_form.js?1492520478 HTTP/1.1" 200 16206 "http://ed.activities.at/entry.php?id=10271&&ser=520418" "Mozilla/5.0 (Windows NT 10.0; Win64; x64) AppleWebKit/537.36 (KHTML, like Gecko) Chrome/57.0.2987.133 Safari/537.36"
212.108.43.59 - - [18/Apr/2017:15:01:33 +0200] "GET /entry.php?id=10271&&ser=520433 HTTP/1.1" 200 987 "http://ed.activities.at/entry.php?id=10271&&ser=520372" "Mozilla/5.0 (Windows NT 10.0; Win64; x64) AppleWebKit/537.36 (KHTML, like Gecko) Chrome/57.0.2987.133 Safari/537.36"
212.108.43.59 - - [18/Apr/2017:15:01:33 +0200] "GET /gui/javascript/form_form.js?1492520493 HTTP/1.1" 200 16206 "http://ed.activities.at/entry.php?id=10271&&ser=520433" "Mozilla/5.0 (Windows NT 10.0; Win64; x64) AppleWebKit/537.36 (KHTML, like Gecko) Chrome/57.0.2987.133 Safari/537.36"
212.108.43.59 - - [18/Apr/2017:15:02:11 +0200] "GET /entry.php?id=10441&UIN=a2f43758d0992dd2006008d9e169552f HTTP/1.1" 200 1172 "http://ed.activities.at/layout.php" "Mozilla/5.0 (Windows NT 10.0; Win64; x64) AppleWebKit/537.36 (KHTML, like Gecko) Chrome/57.0.2987.133 Safari/537.36"
212.108.43.59 - - [18/Apr/2017:15:02:11 +0200] "GET /gui/javascript/form_form.js?1492520531 HTTP/1.1" 200 16206 "http://ed.activities.at/entry.php?id=10441&UIN=a2f43758d0992dd2006008d9e169552f" "Mozilla/5.0 (Windows NT 10.0; Win64; x64) AppleWebKit/537.36 (KHTML, like Gecko) Chrome/57.0.2987.133 Safari/537.36"
212.108.43.59 - - [18/Apr/2017:15:02:16 +0200] "GET / HTTP/1.1" 200 382 "-" "Mozilla/5.0 (Windows NT 10.0; Win64; x64) AppleWebKit/537.36 (KHTML, like Gecko) Chrome/57.0.2987.133 Safari/537.36"
212.108.43.59 - - [18/Apr/2017:15:02:16 +0200] "GET /activities.ico HTTP/1.1" 200 780 "http://ed.activities.at/" "Mozilla/5.0 (Windows NT 10.0; Win64; x64) AppleWebKit/537.36 (KHTML, like Gecko) Chrome/57.0.2987.133 Safari/537.36"
212.108.43.59 - - [18/Apr/2017:15:02:16 +0200] "GET /layout.php HTTP/1.1" 200 908 "http://ed.activities.at/" "Mozilla/5.0 (Windows NT 10.0; Win64; x64) AppleWebKit/537.36 (KHTML, like Gecko) Chrome/57.0.2987.133 Safari/537.36"
212.108.43.59 - - [18/Apr/2017:15:02:16 +0200] "GET /entry.php?id=10273 HTTP/1.1" 200 1902 "http://ed.activities.at/layout.php" "Mozilla/5.0 (Windows NT 10.0; Win64; x64) AppleWebKit/537.36 (KHTML, like Gecko) Chrome/57.0.2987.133 Safari/537.36"
212.108.43.59 - - [18/Apr/2017:15:02:17 +0200] "GET /entry.php?id=10270 HTTP/1.1" 200 909 "http://ed.activities.at/layout.php" "Mozilla/5.0 (Windows NT 10.0; Win64; x64) AppleWebKit/537.36 (KHTML, like Gecko) Chrome/57.0.2987.133 Safari/537.36"
212.108.43.59 - - [18/Apr/2017:15:02:19 +0200] "GET /entry.php?id=11412 HTTP/1.1" 200 1759 "http://ed.activities.at/layout.php" "Mozilla/5.0 (Windows NT 10.0; Win64; x64) AppleWebKit/537.36 (KHTML, like Gecko) Chrome/57.0.2987.133 Safari/537.36"
212.108.43.59 - - [18/Apr/2017:15:02:19 +0200] "GET /entry.php?id=10272 HTTP/1.1" 200 1159 "http://ed.activities.at/layout.php" "Mozilla/5.0 (Windows NT 10.0; Win64; x64) AppleWebKit/537.36 (KHTML, like Gecko) Chrome/57.0.2987.133 Safari/537.36"
212.108.43.59 - - [18/Apr/2017:15:02:19 +0200] "GET /gui/javascript/form_form.js?1492520537 HTTP/1.1" 200 16206 "http://ed.activities.at/entry.php?id=10273" "Mozilla/5.0 (Windows NT 10.0; Win64; x64) AppleWebKit/537.36 (KHTML, like Gecko) Chrome/57.0.2987.133 Safari/537.36"
212.108.43.59 - - [18/Apr/2017:15:02:19 +0200] "GET /gui/javascript/form_form.js?1492520539 HTTP/1.1" 200 16206 "http://ed.activities.at/entry.php?id=11412" "Mozilla/5.0 (Windows NT 10.0; Win64; x64) AppleWebKit/537.36 (KHTML, like Gecko) Chrome/57.0.2987.133 Safari/537.36"
212.108.43.59 - - [18/Apr/2017:15:02:19 +0200] "GET /entry.php?id=10271&&ser=520478 HTTP/1.1" 200 935 "http://ed.activities.at/entry.php?id=10271&&ser=520418" "Mozilla/5.0 (Windows NT 10.0; Win64; x64) AppleWebKit/537.36 (KHTML, like Gecko) Chrome/57.0.2987.133 Safari/537.36"
212.108.43.59 - - [18/Apr/2017:15:02:19 +0200] "GET /entry.php?id=10271& HTTP/1.1" 200 934 "http://ed.activities.at/entry.php?id=10272" "Mozilla/5.0 (Windows NT 10.0; Win64; x64) AppleWebKit/537.36 (KHTML, like Gecko) Chrome/57.0.2987.133 Safari/537.36"
212.108.43.59 - - [18/Apr/2017:15:02:20 +0200] "GET /gui/javascript/form_form.js?1492520540 HTTP/1.1" 200 16206 "http://ed.activities.at/entry.php?id=10271&" "Mozilla/5.0 (Windows NT 10.0; Win64; x64) AppleWebKit/537.36 (KHTML, like Gecko) Chrome/57.0.2987.133 Safari/537.36"
212.108.43.59 - - [18/Apr/2017:15:02:19 +0200] "GET /entry.php?id=10287 HTTP/1.1" 200 2410 "http://ed.activities.at/entry.php?id=11412" "Mozilla/5.0 (Windows NT 10.0; Win64; x64) AppleWebKit/537.36 (KHTML, like Gecko) Chrome/57.0.2987.133 Safari/537.36"
212.108.43.59 - - [18/Apr/2017:15:02:20 +0200] "GET /entry.php?id=10270& HTTP/1.1" 200 909 "http://ed.activities.at/entry.php?id=10287" "Mozilla/5.0 (Windows NT 10.0; Win64; x64) AppleWebKit/537.36 (KHTML, like Gecko) Chrome/57.0.2987.133 Safari/537.36"
212.108.43.59 - - [18/Apr/2017:15:02:20 +0200] "GET /entry.php?id=10273& HTTP/1.1" 200 1902 "http://ed.activities.at/entry.php?id=10287" "Mozilla/5.0 (Windows NT 10.0; Win64; x64) AppleWebKit/537.36 (KHTML, like Gecko) Chrome/57.0.2987.133 Safari/537.36"
212.108.43.59 - - [18/Apr/2017:15:02:41 +0200] "POST /entry.php?id=10287& HTTP/1.1" 200 3074 "http://ed.activities.at/entry.php?id=10287" "Mozilla/5.0 (Windows NT 10.0; Win64; x64) AppleWebKit/537.36 (KHTML, like Gecko) Chrome/57.0.2987.133 Safari/537.36"
212.108.43.59 - - [18/Apr/2017:15:02:42 +0200] "GET /gui/javascript/form_form.js?1492520561 HTTP/1.1" 200 16206 "http://ed.activities.at/entry.php?id=10287&" "Mozilla/5.0 (Windows NT 10.0; Win64; x64) AppleWebKit/537.36 (KHTML, like Gecko) Chrome/57.0.2987.133 Safari/537.36"
212.108.43.59 - - [18/Apr/2017:15:02:42 +0200] "GET /entry.php?id=10271& HTTP/1.1" 200 987 "http://ed.activities.at/entry.php?id=10271&" "Mozilla/5.0 (Windows NT 10.0; Win64; x64) AppleWebKit/537.36 (KHTML, like Gecko) Chrome/57.0.2987.133 Safari/537.36"
212.108.43.59 - - [18/Apr/2017:15:02:42 +0200] "GET /entry.php?id=10273& HTTP/1.1" 200 2030 "http://ed.activities.at/entry.php?id=10287&" "Mozilla/5.0 (Windows NT 10.0; Win64; x64) AppleWebKit/537.36 (KHTML, like Gecko) Chrome/57.0.2987.133 Safari/537.36"
212.108.43.59 - - [18/Apr/2017:15:02:43 +0200] "GET /gui/javascript/form_form.js?1492520562 HTTP/1.1" 200 16206 "http://ed.activities.at/entry.php?id=10271&" "Mozilla/5.0 (Windows NT 10.0; Win64; x64) AppleWebKit/537.36 (KHTML, like Gecko) Chrome/57.0.2987.133 Safari/537.36"
212.108.43.59 - - [18/Apr/2017:15:02:43 +0200] "GET /gui/javascript/form_form.js?1492520563 HTTP/1.1" 200 16206 "http://ed.activities.at/entry.php?id=10273&" "Mozilla/5.0 (Windows NT 10.0; Win64; x64) AppleWebKit/537.36 (KHTML, like Gecko) Chrome/57.0.2987.133 Safari/537.36"
212.108.43.59 - - [18/Apr/2017:15:02:43 +0200] "GET /framework/webfx/style/toolbar/images/cbback.gif HTTP/1.1" 404 314 "http://ed.activities.at/framework/webfx/style/toolbar/cb2.css" "Mozilla/5.0 (Windows NT 10.0; Win64; x64) AppleWebKit/537.36 (KHTML, like Gecko) Chrome/57.0.2987.133 Safari/537.36"
212.108.43.59 - - [18/Apr/2017:15:02:43 +0200] "GET /entry.php?id=10270&__app__=10006038 HTTP/1.1" 200 1697 "http://ed.activities.at/entry.php?id=10273&" "Mozilla/5.0 (Windows NT 10.0; Win64; x64) AppleWebKit/537.36 (KHTML, like Gecko) Chrome/57.0.2987.133 Safari/537.36"
212.108.43.59 - - [18/Apr/2017:15:02:46 +0200] "GET /undefined HTTP/1.1" 404 285 "http://ed.activities.at/entry.php?id=10270&__app__=10006038" "Mozilla/5.0 (Windows NT 10.0; Win64; x64) AppleWebKit/537.36 (KHTML, like Gecko) Chrome/57.0.2987.133 Safari/537.36"
212.108.43.59 - - [18/Apr/2017:15:02:46 +0200] "POST /entry.php?id=10287& HTTP/1.1" 200 3037 "http://ed.activities.at/entry.php?id=10287&" "Mozilla/5.0 (Windows NT 10.0; Win64; x64) AppleWebKit/537.36 (KHTML, like Gecko) Chrome/57.0.2987.133 Safari/537.36"
212.108.43.59 - - [18/Apr/2017:15:02:47 +0200] "GET /gui/javascript/form_form.js?1492520567 HTTP/1.1" 200 16206 "http://ed.activities.at/entry.php?id=10287&" "Mozilla/5.0 (Windows NT 10.0; Win64; x64) AppleWebKit/537.36 (KHTML, like Gecko) Chrome/57.0.2987.133 Safari/537.36"
212.108.43.59 - - [18/Apr/2017:15:02:47 +0200] "GET /entry.php?id=10271& HTTP/1.1" 200 987 "http://ed.activities.at/entry.php?id=10271&" "Mozilla/5.0 (Windows NT 10.0; Win64; x64) AppleWebKit/537.36 (KHTML, like Gecko) Chrome/57.0.2987.133 Safari/537.36"
212.108.43.59 - - [18/Apr/2017:15:02:49 +0200] "GET /entry.php?id=11681 HTTP/1.1" 200 328 "http://ed.activities.at/entry.php?id=10270&__app__=10006038" "Mozilla/5.0 (Windows NT 10.0; Win64; x64) AppleWebKit/537.36 (KHTML, like Gecko) Chrome/57.0.2987.133 Safari/537.36"
212.108.43.59 - - [18/Apr/2017:15:02:49 +0200] "GET /entry.php?id=11683& HTTP/1.1" 200 2680 "http://ed.activities.at/entry.php?id=11681" "Mozilla/5.0 (Windows NT 10.0; Win64; x64) AppleWebKit/537.36 (KHTML, like Gecko) Chrome/57.0.2987.133 Safari/537.36"
212.108.43.59 - - [18/Apr/2017:15:02:50 +0200] "GET /gui/javascript/form_form.js?1492520570 HTTP/1.1" 200 16206 "http://ed.activities.at/entry.php?id=11683&" "Mozilla/5.0 (Windows NT 10.0; Win64; x64) AppleWebKit/537.36 (KHTML, like Gecko) Chrome/57.0.2987.133 Safari/537.36"
212.108.43.59 - - [18/Apr/2017:15:02:49 +0200] "GET /entry.php?id=11684& HTTP/1.1" 200 3804 "http://ed.activities.at/entry.php?id=11681" "Mozilla/5.0 (Windows NT 10.0; Win64; x64) AppleWebKit/537.36 (KHTML, like Gecko) Chrome/57.0.2987.133 Safari/537.36"
212.108.43.59 - - [18/Apr/2017:15:02:49 +0200] "GET /entry.php?id=10676&&title=Contentverwaltung HTTP/1.1" 200 1390 "http://ed.activities.at/entry.php?id=11681" "Mozilla/5.0 (Windows NT 10.0; Win64; x64) AppleWebKit/537.36 (KHTML, like Gecko) Chrome/57.0.2987.133 Safari/537.36"
212.108.43.59 - - [18/Apr/2017:15:02:50 +0200] "GET /entry.php?id=10778&form=11508&name=list& HTTP/1.1" 200 5441 "http://ed.activities.at/entry.php?id=11683&" "Mozilla/5.0 (Windows NT 10.0; Win64; x64) AppleWebKit/537.36 (KHTML, like Gecko) Chrome/57.0.2987.133 Safari/537.36"
212.108.43.59 - - [18/Apr/2017:15:02:50 +0200] "GET /entry.php?id=10776&form=11508&name=list& HTTP/1.1" 200 1895 "http://ed.activities.at/entry.php?id=11683&" "Mozilla/5.0 (Windows NT 10.0; Win64; x64) AppleWebKit/537.36 (KHTML, like Gecko) Chrome/57.0.2987.133 Safari/537.36"
212.108.43.59 - - [18/Apr/2017:15:02:53 +0200] "GET /entry.php?id=11679 HTTP/1.1" 200 312 "http://ed.activities.at/entry.php?id=10270&__app__=10006038" "Mozilla/5.0 (Windows NT 10.0; Win64; x64) AppleWebKit/537.36 (KHTML, like Gecko) Chrome/57.0.2987.133 Safari/537.36"
212.108.43.59 - - [18/Apr/2017:15:02:53 +0200] "GET /entry.php?id=10676&title=Portal& HTTP/1.1" 200 1385 "http://ed.activities.at/entry.php?id=11679" "Mozilla/5.0 (Windows NT 10.0; Win64; x64) AppleWebKit/537.36 (KHTML, like Gecko) Chrome/57.0.2987.133 Safari/537.36"
212.108.43.59 - - [18/Apr/2017:15:02:54 +0200] "GET /gui/javascript/form_form.js?1492520574 HTTP/1.1" 200 16206 "http://ed.activities.at/entry.php?id=10676&title=Portal&" "Mozilla/5.0 (Windows NT 10.0; Win64; x64) AppleWebKit/537.36 (KHTML, like Gecko) Chrome/57.0.2987.133 Safari/537.36"
212.108.43.59 - - [18/Apr/2017:15:02:53 +0200] "GET /entry.php?id=11677& HTTP/1.1" 200 4453 "http://ed.activities.at/entry.php?id=11679" "Mozilla/5.0 (Windows NT 10.0; Win64; x64) AppleWebKit/537.36 (KHTML, like Gecko) Chrome/57.0.2987.133 Safari/537.36"
212.108.43.59 - - [18/Apr/2017:15:02:53 +0200] "GET /entry.php?id=11678& HTTP/1.1" 200 4615 "http://ed.activities.at/entry.php?id=11679" "Mozilla/5.0 (Windows NT 10.0; Win64; x64) AppleWebKit/537.36 (KHTML, like Gecko) Chrome/57.0.2987.133 Safari/537.36"
212.108.43.59 - - [18/Apr/2017:15:02:55 +0200] "GET /gui/javascript/form_form.js?1492520575 HTTP/1.1" 200 16206 "http://ed.activities.at/entry.php?id=11678&" "Mozilla/5.0 (Windows NT 10.0; Win64; x64) AppleWebKit/537.36 (KHTML, like Gecko) Chrome/57.0.2987.133 Safari/537.36"
212.108.43.59 - - [18/Apr/2017:15:02:55 +0200] "GET /activities/framework/KoolControls/KoolAjax/koolajax.php?8436e354c842500aba3cbaf0584c0c24 HTTP/1.1" 200 4079 "http://ed.activities.at/entry.php?id=11678&" "Mozilla/5.0 (Windows NT 10.0; Win64; x64) AppleWebKit/537.36 (KHTML, like Gecko) Chrome/57.0.2987.133 Safari/537.36"
212.108.43.59 - - [18/Apr/2017:15:02:54 +0200] "GET /entry.php?id=11618&&object=&item=&emu_class= HTTP/1.1" 200 1701 "http://ed.activities.at/entry.php?id=11677&" "Mozilla/5.0 (Windows NT 10.0; Win64; x64) AppleWebKit/537.36 (KHTML, like Gecko) Chrome/57.0.2987.133 Safari/537.36"
212.108.43.59 - - [18/Apr/2017:15:02:55 +0200] "GET /activities/framework/KoolControls/KoolTreeView/kooltreeview.php?c7cd9180e88ffef8e70f13526bb4f5f7 HTTP/1.1" 200 5055 "http://ed.activities.at/entry.php?id=11678&" "Mozilla/5.0 (Windows NT 10.0; Win64; x64) AppleWebKit/537.36 (KHTML, like Gecko) Chrome/57.0.2987.133 Safari/537.36"
212.108.43.59 - - [18/Apr/2017:15:02:55 +0200] "POST /entry.php?id=11677 HTTP/1.1" 200 5186 "http://ed.activities.at/entry.php?id=11677&" "Mozilla/5.0 (Windows NT 10.0; Win64; x64) AppleWebKit/537.36 (KHTML, like Gecko) Chrome/57.0.2987.133 Safari/537.36"
212.108.43.59 - - [18/Apr/2017:15:02:56 +0200] "POST /entry.php?id=11677 HTTP/1.1" 200 5186 "http://ed.activities.at/entry.php?id=11677&" "Mozilla/5.0 (Windows NT 10.0; Win64; x64) AppleWebKit/537.36 (KHTML, like Gecko) Chrome/57.0.2987.133 Safari/537.36"
212.108.43.59 - - [18/Apr/2017:15:02:57 +0200] "GET /gui/javascript/form_form.js?1492520577 HTTP/1.1" 200 16206 "http://ed.activities.at/entry.php?id=11677" "Mozilla/5.0 (Windows NT 10.0; Win64; x64) AppleWebKit/537.36 (KHTML, like Gecko) Chrome/57.0.2987.133 Safari/537.36"
212.108.43.59 - - [18/Apr/2017:15:03:47 +0200] "GET /entry.php?id=10271&&ser=520567 HTTP/1.1" 200 987 "http://ed.activities.at/entry.php?id=10271&" "Mozilla/5.0 (Windows NT 10.0; Win64; x64) AppleWebKit/537.36 (KHTML, like Gecko) Chrome/57.0.2987.133 Safari/537.36"
212.108.43.59 - - [18/Apr/2017:15:03:48 +0200] "GET /gui/javascript/form_form.js?1492520628 HTTP/1.1" 200 16206 "http://ed.activities.at/entry.php?id=10271&&ser=520567" "Mozilla/5.0 (Windows NT 10.0; Win64; x64) AppleWebKit/537.36 (KHTML, like Gecko) Chrome/57.0.2987.133 Safari/537.36"
212.108.43.59 - - [18/Apr/2017:15:04:48 +0200] "GET /entry.php?id=10271&&ser=520628 HTTP/1.1" 200 986 "http://ed.activities.at/entry.php?id=10271&&ser=520567" "Mozilla/5.0 (Windows NT 10.0; Win64; x64) AppleWebKit/537.36 (KHTML, like Gecko) Chrome/57.0.2987.133 Safari/537.36"
212.108.43.59 - - [18/Apr/2017:15:04:48 +0200] "GET /gui/javascript/form_form.js?1492520688 HTTP/1.1" 200 16206 "http://ed.activities.at/entry.php?id=10271&&ser=520628" "Mozilla/5.0 (Windows NT 10.0; Win64; x64) AppleWebKit/537.36 (KHTML, like Gecko) Chrome/57.0.2987.133 Safari/537.36"
212.108.43.59 - - [18/Apr/2017:15:05:48 +0200] "GET /entry.php?id=10271&&ser=520688 HTTP/1.1" 200 987 "http://ed.activities.at/entry.php?id=10271&&ser=520628" "Mozilla/5.0 (Windows NT 10.0; Win64; x64) AppleWebKit/537.36 (KHTML, like Gecko) Chrome/57.0.2987.133 Safari/537.36"
212.108.43.59 - - [18/Apr/2017:15:05:49 +0200] "GET /gui/javascript/form_form.js?1492520749 HTTP/1.1" 200 16206 "http://ed.activities.at/entry.php?id=10271&&ser=520688" "Mozilla/5.0 (Windows NT 10.0; Win64; x64) AppleWebKit/537.36 (KHTML, like Gecko) Chrome/57.0.2987.133 Safari/537.36"
90.152.128.107 - - [18/Apr/2017:15:06:08 +0200] "GET / HTTP/1.1" 200 382 "-" "Mozilla/5.0 (Windows NT 10.0; WOW64; rv:52.0) Gecko/20100101 Firefox/52.0"
90.152.128.107 - - [18/Apr/2017:15:06:09 +0200] "GET /layout.php HTTP/1.1" 200 906 "http://ed.activities.at/" "Mozilla/5.0 (Windows NT 10.0; WOW64; rv:52.0) Gecko/20100101 Firefox/52.0"
90.152.128.107 - - [18/Apr/2017:15:06:18 +0200] "GET /entry.php?id=10273 HTTP/1.1" 200 1933 "http://ed.activities.at/layout.php" "Mozilla/5.0 (Windows NT 10.0; WOW64; rv:52.0) Gecko/20100101 Firefox/52.0"
90.152.128.107 - - [18/Apr/2017:15:06:18 +0200] "GET /entry.php?id=10270 HTTP/1.1" 200 908 "http://ed.activities.at/layout.php" "Mozilla/5.0 (Windows NT 10.0; WOW64; rv:52.0) Gecko/20100101 Firefox/52.0"
90.152.128.107 - - [18/Apr/2017:15:06:18 +0200] "GET /entry.php?id=10272 HTTP/1.1" 200 1189 "http://ed.activities.at/layout.php" "Mozilla/5.0 (Windows NT 10.0; WOW64; rv:52.0) Gecko/20100101 Firefox/52.0"
90.152.128.107 - - [18/Apr/2017:15:06:18 +0200] "GET /entry.php?id=11412 HTTP/1.1" 200 1759 "http://ed.activities.at/layout.php" "Mozilla/5.0 (Windows NT 10.0; WOW64; rv:52.0) Gecko/20100101 Firefox/52.0"
90.152.128.107 - - [18/Apr/2017:15:06:18 +0200] "GET /gui/javascript/form_form.js?1492520778 HTTP/1.1" 200 16206 "http://ed.activities.at/entry.php?id=10273" "Mozilla/5.0 (Windows NT 10.0; WOW64; rv:52.0) Gecko/20100101 Firefox/52.0"
90.152.128.107 - - [18/Apr/2017:15:06:20 +0200] "GET /entry.php?id=10271&UIN=269a9a4c7b7c388145077f85be13cc15 HTTP/1.1" 200 934 "http://ed.activities.at/entry.php?id=10272" "Mozilla/5.0 (Windows NT 10.0; WOW64; rv:52.0) Gecko/20100101 Firefox/52.0"
90.152.128.107 - - [18/Apr/2017:15:06:21 +0200] "GET /entry.php?id=10287 HTTP/1.1" 200 2395 "http://ed.activities.at/entry.php?id=11412" "Mozilla/5.0 (Windows NT 10.0; WOW64; rv:52.0) Gecko/20100101 Firefox/52.0"
90.152.128.107 - - [18/Apr/2017:15:06:23 +0200] "GET /framework/webfx/style/toolbar/images/cbback.gif HTTP/1.1" 404 314 "http://ed.activities.at/framework/webfx/style/toolbar/cb2.css" "Mozilla/5.0 (Windows NT 10.0; WOW64; rv:52.0) Gecko/20100101 Firefox/52.0"
90.152.128.107 - - [18/Apr/2017:15:06:24 +0200] "GET /gui/javascript/form_form.js?1492520780 HTTP/1.1" 200 16206 "http://ed.activities.at/entry.php?id=10271&UIN=269a9a4c7b7c388145077f85be13cc15" "Mozilla/5.0 (Windows NT 10.0; WOW64; rv:52.0) Gecko/20100101 Firefox/52.0"
90.152.128.107 - - [18/Apr/2017:15:06:24 +0200] "GET /entry.php?id=10287 HTTP/1.1" 200 2395 "http://ed.activities.at/entry.php?id=10273" "Mozilla/5.0 (Windows NT 10.0; WOW64; rv:52.0) Gecko/20100101 Firefox/52.0"
90.152.128.107 - - [18/Apr/2017:15:06:25 +0200] "GET /gui/javascript/form_form.js?1492520784 HTTP/1.1" 200 16206 "http://ed.activities.at/entry.php?id=10287" "Mozilla/5.0 (Windows NT 10.0; WOW64; rv:52.0) Gecko/20100101 Firefox/52.0"
90.152.128.107 - - [18/Apr/2017:15:06:25 +0200] "GET /entry.php?id=10270& HTTP/1.1" 200 909 "http://ed.activities.at/entry.php?id=10287" "Mozilla/5.0 (Windows NT 10.0; WOW64; rv:52.0) Gecko/20100101 Firefox/52.0"
90.152.128.107 - - [18/Apr/2017:15:06:25 +0200] "GET /entry.php?id=10273& HTTP/1.1" 200 1903 "http://ed.activities.at/entry.php?id=10287" "Mozilla/5.0 (Windows NT 10.0; WOW64; rv:52.0) Gecko/20100101 Firefox/52.0"
90.152.128.107 - - [18/Apr/2017:15:06:26 +0200] "GET /gui/javascript/form_form.js?1492520785 HTTP/1.1" 200 16206 "http://ed.activities.at/entry.php?id=10270&" "Mozilla/5.0 (Windows NT 10.0; WOW64; rv:52.0) Gecko/20100101 Firefox/52.0"
90.152.128.107 - - [18/Apr/2017:15:06:33 +0200] "POST /entry.php?id=10287& HTTP/1.1" 200 3172 "http://ed.activities.at/entry.php?id=10287" "Mozilla/5.0 (Windows NT 10.0; WOW64; rv:52.0) Gecko/20100101 Firefox/52.0"
90.152.128.107 - - [18/Apr/2017:15:06:33 +0200] "GET /gui/javascript/form_form.js?1492520793 HTTP/1.1" 200 16206 "http://ed.activities.at/entry.php?id=10287&" "Mozilla/5.0 (Windows NT 10.0; WOW64; rv:52.0) Gecko/20100101 Firefox/52.0"
90.152.128.107 - - [18/Apr/2017:15:06:34 +0200] "GET /entry.php?id=10271&UIN=269a9a4c7b7c388145077f85be13cc15 HTTP/1.1" 200 990 "http://ed.activities.at/entry.php?id=10272" "Mozilla/5.0 (Windows NT 10.0; WOW64; rv:52.0) Gecko/20100101 Firefox/52.0"
90.152.128.107 - - [18/Apr/2017:15:06:34 +0200] "GET /gui/javascript/jquery/css/gui-themes/custom.min.css HTTP/1.1" 304 - "http://ed.activities.at/entry.php?id=10271&UIN=269a9a4c7b7c388145077f85be13cc15" "Mozilla/5.0 (Windows NT 10.0; WOW64; rv:52.0) Gecko/20100101 Firefox/52.0"
90.152.128.107 - - [18/Apr/2017:15:06:34 +0200] "GET /gui/javascript/jquery/css/gui-themes/ui.spinner.css HTTP/1.1" 304 - "http://ed.activities.at/entry.php?id=10271&UIN=269a9a4c7b7c388145077f85be13cc15" "Mozilla/5.0 (Windows NT 10.0; WOW64; rv:52.0) Gecko/20100101 Firefox/52.0"
90.152.128.107 - - [18/Apr/2017:15:06:34 +0200] "GET /entry.php?id=10273& HTTP/1.1" 200 2178 "http://ed.activities.at/entry.php?id=10287&" "Mozilla/5.0 (Windows NT 10.0; WOW64; rv:52.0) Gecko/20100101 Firefox/52.0"
90.152.128.107 - - [18/Apr/2017:15:06:34 +0200] "GET /gui/javascript/jquery/css/gui-themes/jquery.tooltip.css HTTP/1.1" 304 - "http://ed.activities.at/entry.php?id=10271&UIN=269a9a4c7b7c388145077f85be13cc15" "Mozilla/5.0 (Windows NT 10.0; WOW64; rv:52.0) Gecko/20100101 Firefox/52.0"
90.152.128.107 - - [18/Apr/2017:15:06:34 +0200] "GET /gui/styles/tmplDefault.css HTTP/1.1" 304 - "http://ed.activities.at/entry.php?id=10271&UIN=269a9a4c7b7c388145077f85be13cc15" "Mozilla/5.0 (Windows NT 10.0; WOW64; rv:52.0) Gecko/20100101 Firefox/52.0"
90.152.128.107 - - [18/Apr/2017:15:06:34 +0200] "GET /gui/javascript/jquery/js/jquery-1.8.2.js HTTP/1.1" 304 - "http://ed.activities.at/entry.php?id=10271&UIN=269a9a4c7b7c388145077f85be13cc15" "Mozilla/5.0 (Windows NT 10.0; WOW64; rv:52.0) Gecko/20100101 Firefox/52.0"
90.152.128.107 - - [18/Apr/2017:15:06:34 +0200] "GET /gui/javascript/jquery/js/jquery-ui-1.9.0.custom.min.js HTTP/1.1" 304 - "http://ed.activities.at/entry.php?id=10271&UIN=269a9a4c7b7c388145077f85be13cc15" "Mozilla/5.0 (Windows NT 10.0; WOW64; rv:52.0) Gecko/20100101 Firefox/52.0"
90.152.128.107 - - [18/Apr/2017:15:06:34 +0200] "GET /gui/javascript/jquery/jquery-tooltip/jquery.tooltip.min.js HTTP/1.1" 304 - "http://ed.activities.at/entry.php?id=10271&UIN=269a9a4c7b7c388145077f85be13cc15" "Mozilla/5.0 (Windows NT 10.0; WOW64; rv:52.0) Gecko/20100101 Firefox/52.0"
90.152.128.107 - - [18/Apr/2017:15:06:34 +0200] "GET /gui/javascript/form_form.js?1492520794 HTTP/1.1" 200 16206 "http://ed.activities.at/entry.php?id=10271&UIN=269a9a4c7b7c388145077f85be13cc15" "Mozilla/5.0 (Windows NT 10.0; WOW64; rv:52.0) Gecko/20100101 Firefox/52.0"
90.152.128.107 - - [18/Apr/2017:15:06:35 +0200] "GET /framework/webfx/style/toolbar/images/cbback.gif HTTP/1.1" 404 314 "http://ed.activities.at/framework/webfx/style/toolbar/cb2.css" "Mozilla/5.0 (Windows NT 10.0; WOW64; rv:52.0) Gecko/20100101 Firefox/52.0"
90.152.128.107 - - [18/Apr/2017:15:06:35 +0200] "GET /entry.php?id=10270&__app__=223323 HTTP/1.1" 200 2441 "http://ed.activities.at/entry.php?id=10273&" "Mozilla/5.0 (Windows NT 10.0; WOW64; rv:52.0) Gecko/20100101 Firefox/52.0"
90.152.128.107 - - [18/Apr/2017:15:06:36 +0200] "GET /gui/javascript/form_form.js?1492520796 HTTP/1.1" 200 16206 "http://ed.activities.at/entry.php?id=10270&__app__=223323" "Mozilla/5.0 (Windows NT 10.0; WOW64; rv:52.0) Gecko/20100101 Firefox/52.0"
212.108.43.59 - - [18/Apr/2017:15:06:35 +0200] "POST /entry.php?id=11677 HTTP/1.1" 200 5161 "http://ed.activities.at/entry.php?id=11677" "Mozilla/5.0 (Windows NT 10.0; Win64; x64) AppleWebKit/537.36 (KHTML, like Gecko) Chrome/57.0.2987.133 Safari/537.36"
90.152.128.107 - - [18/Apr/2017:15:06:36 +0200] "GET /entry.php?id=10374 HTTP/1.1" 200 2018 "http://ed.activities.at/entry.php?id=10287&" "Mozilla/5.0 (Windows NT 10.0; WOW64; rv:52.0) Gecko/20100101 Firefox/52.0"
212.108.43.59 - - [18/Apr/2017:15:06:36 +0200] "GET /gui/javascript/form_form.js?1492520796 HTTP/1.1" 200 16206 "http://ed.activities.at/entry.php?id=11677" "Mozilla/5.0 (Windows NT 10.0; Win64; x64) AppleWebKit/537.36 (KHTML, like Gecko) Chrome/57.0.2987.133 Safari/537.36"
212.108.43.59 - - [18/Apr/2017:15:06:36 +0200] "GET /entry.php?id=11618&&object=&item=10288646&emu_class= HTTP/1.1" 200 1709 "http://ed.activities.at/entry.php?id=11677" "Mozilla/5.0 (Windows NT 10.0; Win64; x64) AppleWebKit/537.36 (KHTML, like Gecko) Chrome/57.0.2987.133 Safari/537.36"
212.108.43.59 - - [18/Apr/2017:15:06:37 +0200] "GET /gui/javascript/form_form.js?1492520797 HTTP/1.1" 200 16206 "http://ed.activities.at/entry.php?id=11618&&object=&item=10288646&emu_class=" "Mozilla/5.0 (Windows NT 10.0; Win64; x64) AppleWebKit/537.36 (KHTML, like Gecko) Chrome/57.0.2987.133 Safari/537.36"
90.152.128.107 - - [18/Apr/2017:15:06:37 +0200] "GET /undefined HTTP/1.1" 404 285 "http://ed.activities.at/entry.php?id=10270&__app__=223323" "Mozilla/5.0 (Windows NT 10.0; WOW64; rv:52.0) Gecko/20100101 Firefox/52.0"
212.108.43.59 - - [18/Apr/2017:15:06:38 +0200] "POST /entry.php?id=11677 HTTP/1.1" 200 5187 "http://ed.activities.at/entry.php?id=11677" "Mozilla/5.0 (Windows NT 10.0; Win64; x64) AppleWebKit/537.36 (KHTML, like Gecko) Chrome/57.0.2987.133 Safari/537.36"
212.108.43.59 - - [18/Apr/2017:15:06:39 +0200] "GET /gui/javascript/form_form.js?1492520799 HTTP/1.1" 200 16206 "http://ed.activities.at/entry.php?id=11677" "Mozilla/5.0 (Windows NT 10.0; Win64; x64) AppleWebKit/537.36 (KHTML, like Gecko) Chrome/57.0.2987.133 Safari/537.36"
90.152.128.107 - - [18/Apr/2017:15:06:41 +0200] "GET /entry.php?id=10270&&__app__=10006038 HTTP/1.1" 200 2052 "http://ed.activities.at/entry.php?id=10273&" "Mozilla/5.0 (Windows NT 10.0; WOW64; rv:52.0) Gecko/20100101 Firefox/52.0"
90.152.128.107 - - [18/Apr/2017:15:06:41 +0200] "GET /gui/javascript/form_form.js?1492520801 HTTP/1.1" 200 16206 "http://ed.activities.at/entry.php?id=10270&&__app__=10006038" "Mozilla/5.0 (Windows NT 10.0; WOW64; rv:52.0) Gecko/20100101 Firefox/52.0"
90.152.128.107 - - [18/Apr/2017:15:06:42 +0200] "GET /undefined HTTP/1.1" 404 285 "http://ed.activities.at/entry.php?id=10270&&__app__=10006038" "Mozilla/5.0 (Windows NT 10.0; WOW64; rv:52.0) Gecko/20100101 Firefox/52.0"
90.152.128.107 - - [18/Apr/2017:15:06:47 +0200] "GET /entry.php?id=11679 HTTP/1.1" 200 312 "http://ed.activities.at/entry.php?id=10270&&__app__=10006038" "Mozilla/5.0 (Windows NT 10.0; WOW64; rv:52.0) Gecko/20100101 Firefox/52.0"
90.152.128.107 - - [18/Apr/2017:15:06:48 +0200] "GET /entry.php?id=10676&title=Portal& HTTP/1.1" 200 1388 "http://ed.activities.at/entry.php?id=11679" "Mozilla/5.0 (Windows NT 10.0; WOW64; rv:52.0) Gecko/20100101 Firefox/52.0"
90.152.128.107 - - [18/Apr/2017:15:06:48 +0200] "GET /gui/javascript/form_form.js?1492520808 HTTP/1.1" 200 16206 "http://ed.activities.at/entry.php?id=10676&title=Portal&" "Mozilla/5.0 (Windows NT 10.0; WOW64; rv:52.0) Gecko/20100101 Firefox/52.0"
90.152.128.107 - - [18/Apr/2017:15:06:48 +0200] "GET /entry.php?id=11677& HTTP/1.1" 200 4453 "http://ed.activities.at/entry.php?id=11679" "Mozilla/5.0 (Windows NT 10.0; WOW64; rv:52.0) Gecko/20100101 Firefox/52.0"
90.152.128.107 - - [18/Apr/2017:15:06:49 +0200] "GET /gui/javascript/form_cm_menu_item.js?id=2 HTTP/1.1" 304 - "http://ed.activities.at/entry.php?id=11677&" "Mozilla/5.0 (Windows NT 10.0; WOW64; rv:52.0) Gecko/20100101 Firefox/52.0"
90.152.128.107 - - [18/Apr/2017:15:06:49 +0200] "GET /gui/javascript/jquery/js/ui-timepicker-addon.js HTTP/1.1" 304 - "http://ed.activities.at/entry.php?id=11677&" "Mozilla/5.0 (Windows NT 10.0; WOW64; rv:52.0) Gecko/20100101 Firefox/52.0"
90.152.128.107 - - [18/Apr/2017:15:06:49 +0200] "GET /gui/javascript/jquery/js/i18n/jquery.ui.datepicker-de.js HTTP/1.1" 304 - "http://ed.activities.at/entry.php?id=11677&" "Mozilla/5.0 (Windows NT 10.0; WOW64; rv:52.0) Gecko/20100101 Firefox/52.0"
90.152.128.107 - - [18/Apr/2017:15:06:48 +0200] "GET /entry.php?id=11678& HTTP/1.1" 200 15002 "http://ed.activities.at/entry.php?id=11679" "Mozilla/5.0 (Windows NT 10.0; WOW64; rv:52.0) Gecko/20100101 Firefox/52.0"
90.152.128.107 - - [18/Apr/2017:15:06:49 +0200] "GET /gui/javascript/jquery/js/i18n/jquery-ui-timepicker-de.js HTTP/1.1" 304 - "http://ed.activities.at/entry.php?id=11677&" "Mozilla/5.0 (Windows NT 10.0; WOW64; rv:52.0) Gecko/20100101 Firefox/52.0"
90.152.128.107 - - [18/Apr/2017:15:06:49 +0200] "GET /gui/images/icons/edit.gif HTTP/1.1" 304 - "http://ed.activities.at/entry.php?id=11677&" "Mozilla/5.0 (Windows NT 10.0; WOW64; rv:52.0) Gecko/20100101 Firefox/52.0"
90.152.128.107 - - [18/Apr/2017:15:06:49 +0200] "GET /gui/images/icons/disabled_wizard.png HTTP/1.1" 304 - "http://ed.activities.at/entry.php?id=11677&" "Mozilla/5.0 (Windows NT 10.0; WOW64; rv:52.0) Gecko/20100101 Firefox/52.0"
90.152.128.107 - - [18/Apr/2017:15:06:49 +0200] "GET /gui/javascript/form_form.js?1492520809 HTTP/1.1" 200 16206 "http://ed.activities.at/entry.php?id=11678&" "Mozilla/5.0 (Windows NT 10.0; WOW64; rv:52.0) Gecko/20100101 Firefox/52.0"
