212.108.43.59 - - [19/Apr/2017:14:55:33 +0200] "GET /gui/javascript/form_form.js?1492606533 HTTP/1.1" 200 16206 "http://ed.activities.at/entry.php?id=10271&&ser=606472" "Mozilla/5.0 (Windows NT 10.0; Win64; x64) AppleWebKit/537.36 (KHTML, like Gecko) Chrome/57.0.2987.133 Safari/537.36"
212.108.43.59 - - [19/Apr/2017:14:55:49 +0200] "GET /entry.php?id=10271&&ser=606489 HTTP/1.1" 200 987 "http://ed.activities.at/entry.php?id=10271&&ser=606428" "Mozilla/5.0 (Windows NT 10.0; Win64; x64) AppleWebKit/537.36 (KHTML, like Gecko) Chrome/57.0.2987.133 Safari/537.36"
212.108.43.59 - - [19/Apr/2017:14:55:49 +0200] "GET /gui/javascript/form_form.js?1492606549 HTTP/1.1" 200 16206 "http://ed.activities.at/entry.php?id=10271&&ser=606489" "Mozilla/5.0 (Windows NT 10.0; Win64; x64) AppleWebKit/537.36 (KHTML, like Gecko) Chrome/57.0.2987.133 Safari/537.36"
212.108.43.59 - - [19/Apr/2017:14:55:53 +0200] "GET /entry.php?id=10271&&ser=606493 HTTP/1.1" 200 987 "http://ed.activities.at/entry.php?id=10271&&ser=606432" "Mozilla/5.0 (Windows NT 10.0; Win64; x64) AppleWebKit/537.36 (KHTML, like Gecko) Chrome/57.0.2987.133 Safari/537.36"
212.108.43.59 - - [19/Apr/2017:14:55:53 +0200] "GET /gui/javascript/form_form.js?1492606553 HTTP/1.1" 200 16206 "http://ed.activities.at/entry.php?id=10271&&ser=606493" "Mozilla/5.0 (Windows NT 10.0; Win64; x64) AppleWebKit/537.36 (KHTML, like Gecko) Chrome/57.0.2987.133 Safari/537.36"
195.245.225.251 - - [19/Apr/2017:14:56:31 +0200] "GET /entry.php?id=10271&&ser=606531 HTTP/1.1" 200 986 "http://ed.activities.at/entry.php?id=10271&&ser=606470" "Mozilla/5.0 (Macintosh; Intel Mac OS X 10_12_4) AppleWebKit/537.36 (KHTML, like Gecko) Chrome/57.0.2987.133 Safari/537.36"
195.245.225.251 - - [19/Apr/2017:14:56:31 +0200] "GET /gui/javascript/form_form.js?1492606591 HTTP/1.1" 200 16206 "http://ed.activities.at/entry.php?id=10271&&ser=606531" "Mozilla/5.0 (Macintosh; Intel Mac OS X 10_12_4) AppleWebKit/537.36 (KHTML, like Gecko) Chrome/57.0.2987.133 Safari/537.36"
212.108.43.59 - - [19/Apr/2017:14:56:33 +0200] "GET /entry.php?id=10271&&ser=606533 HTTP/1.1" 200 987 "http://ed.activities.at/entry.php?id=10271&&ser=606472" "Mozilla/5.0 (Windows NT 10.0; Win64; x64) AppleWebKit/537.36 (KHTML, like Gecko) Chrome/57.0.2987.133 Safari/537.36"
212.108.43.59 - - [19/Apr/2017:14:56:33 +0200] "GET /gui/javascript/form_form.js?1492606593 HTTP/1.1" 200 16206 "http://ed.activities.at/entry.php?id=10271&&ser=606533" "Mozilla/5.0 (Windows NT 10.0; Win64; x64) AppleWebKit/537.36 (KHTML, like Gecko) Chrome/57.0.2987.133 Safari/537.36"
212.108.43.59 - - [19/Apr/2017:14:56:49 +0200] "GET /entry.php?id=10271&&ser=606549 HTTP/1.1" 200 987 "http://ed.activities.at/entry.php?id=10271&&ser=606489" "Mozilla/5.0 (Windows NT 10.0; Win64; x64) AppleWebKit/537.36 (KHTML, like Gecko) Chrome/57.0.2987.133 Safari/537.36"
212.108.43.59 - - [19/Apr/2017:14:56:49 +0200] "GET /gui/javascript/form_form.js?1492606609 HTTP/1.1" 200 16206 "http://ed.activities.at/entry.php?id=10271&&ser=606549" "Mozilla/5.0 (Windows NT 10.0; Win64; x64) AppleWebKit/537.36 (KHTML, like Gecko) Chrome/57.0.2987.133 Safari/537.36"
212.108.43.59 - - [19/Apr/2017:14:56:53 +0200] "GET /entry.php?id=10271&&ser=606553 HTTP/1.1" 200 987 "http://ed.activities.at/entry.php?id=10271&&ser=606493" "Mozilla/5.0 (Windows NT 10.0; Win64; x64) AppleWebKit/537.36 (KHTML, like Gecko) Chrome/57.0.2987.133 Safari/537.36"
212.108.43.59 - - [19/Apr/2017:14:56:54 +0200] "GET /gui/javascript/form_form.js?1492606613 HTTP/1.1" 200 16206 "http://ed.activities.at/entry.php?id=10271&&ser=606553" "Mozilla/5.0 (Windows NT 10.0; Win64; x64) AppleWebKit/537.36 (KHTML, like Gecko) Chrome/57.0.2987.133 Safari/537.36"
95.143.230.128 - - [19/Apr/2017:14:57:24 +0200] "GET / HTTP/1.1" 200 382 "-" "Mozilla/5.0 (Windows NT 6.1; WOW64; rv:52.0) Gecko/20100101 Firefox/52.0"
95.143.230.128 - - [19/Apr/2017:14:57:24 +0200] "GET /activities.ico HTTP/1.1" 304 - "-" "Mozilla/5.0 (Windows NT 6.1; WOW64; rv:52.0) Gecko/20100101 Firefox/52.0"
95.143.230.128 - - [19/Apr/2017:14:57:24 +0200] "GET /layout.php HTTP/1.1" 200 908 "http://ed.activities.at/" "Mozilla/5.0 (Windows NT 6.1; WOW64; rv:52.0) Gecko/20100101 Firefox/52.0"
95.143.230.128 - - [19/Apr/2017:14:57:25 +0200] "GET /gui/javascript/form_form.js HTTP/1.1" 304 - "http://ed.activities.at/layout.php" "Mozilla/5.0 (Windows NT 6.1; WOW64; rv:52.0) Gecko/20100101 Firefox/52.0"
95.143.230.128 - - [19/Apr/2017:14:57:25 +0200] "GET /entry.php?id=10270 HTTP/1.1" 200 909 "http://ed.activities.at/layout.php" "Mozilla/5.0 (Windows NT 6.1; WOW64; rv:52.0) Gecko/20100101 Firefox/52.0"
95.143.230.128 - - [19/Apr/2017:14:57:25 +0200] "GET /entry.php?id=10272 HTTP/1.1" 200 1190 "http://ed.activities.at/layout.php" "Mozilla/5.0 (Windows NT 6.1; WOW64; rv:52.0) Gecko/20100101 Firefox/52.0"
95.143.230.128 - - [19/Apr/2017:14:57:25 +0200] "GET /gui/javascript/form_form.js?1492606645 HTTP/1.1" 200 16206 "http://ed.activities.at/entry.php?id=10270" "Mozilla/5.0 (Windows NT 6.1; WOW64; rv:52.0) Gecko/20100101 Firefox/52.0"
95.143.230.128 - - [19/Apr/2017:14:57:25 +0200] "GET /gui/javascript/jquery/css/gui-themes/custom.min.css HTTP/1.1" 304 - "http://ed.activities.at/entry.php?id=10270" "Mozilla/5.0 (Windows NT 6.1; WOW64; rv:52.0) Gecko/20100101 Firefox/52.0"
95.143.230.128 - - [19/Apr/2017:14:57:25 +0200] "GET /entry.php?id=10273 HTTP/1.1" 200 1931 "http://ed.activities.at/layout.php" "Mozilla/5.0 (Windows NT 6.1; WOW64; rv:52.0) Gecko/20100101 Firefox/52.0"
95.143.230.128 - - [19/Apr/2017:14:57:25 +0200] "GET /gui/javascript/jquery/css/gui-themes/ui.spinner.css HTTP/1.1" 304 - "http://ed.activities.at/entry.php?id=10270" "Mozilla/5.0 (Windows NT 6.1; WOW64; rv:52.0) Gecko/20100101 Firefox/52.0"
95.143.230.128 - - [19/Apr/2017:14:57:25 +0200] "GET /gui/javascript/jquery/css/gui-themes/jquery.tooltip.css HTTP/1.1" 304 - "http://ed.activities.at/entry.php?id=10270" "Mozilla/5.0 (Windows NT 6.1; WOW64; rv:52.0) Gecko/20100101 Firefox/52.0"
95.143.230.128 - - [19/Apr/2017:14:57:25 +0200] "GET /gui/javascript/jquery/js/jquery-1.8.2.js HTTP/1.1" 304 - "http://ed.activities.at/entry.php?id=10270" "Mozilla/5.0 (Windows NT 6.1; WOW64; rv:52.0) Gecko/20100101 Firefox/52.0"
95.143.230.128 - - [19/Apr/2017:14:57:25 +0200] "GET /entry.php?id=11412 HTTP/1.1" 200 1759 "http://ed.activities.at/layout.php" "Mozilla/5.0 (Windows NT 6.1; WOW64; rv:52.0) Gecko/20100101 Firefox/52.0"
95.143.230.128 - - [19/Apr/2017:14:57:25 +0200] "GET /framework/webfx/javascript/statusbar/statusBar.js HTTP/1.1" 304 - "http://ed.activities.at/entry.php?id=10272" "Mozilla/5.0 (Windows NT 6.1; WOW64; rv:52.0) Gecko/20100101 Firefox/52.0"
95.143.230.128 - - [19/Apr/2017:14:57:25 +0200] "GET /gui/styles/tmplDefault.css HTTP/1.1" 304 - "http://ed.activities.at/entry.php?id=10272" "Mozilla/5.0 (Windows NT 6.1; WOW64; rv:52.0) Gecko/20100101 Firefox/52.0"
95.143.230.128 - - [19/Apr/2017:14:57:25 +0200] "GET /gui/javascript/jquery/jquery-tooltip/jquery.tooltip.min.js HTTP/1.1" 304 - "http://ed.activities.at/entry.php?id=10270" "Mozilla/5.0 (Windows NT 6.1; WOW64; rv:52.0) Gecko/20100101 Firefox/52.0"
95.143.230.128 - - [19/Apr/2017:14:57:25 +0200] "GET /framework/webfx/style/toolbar/cb2.css HTTP/1.1" 304 - "http://ed.activities.at/entry.php?id=10273" "Mozilla/5.0 (Windows NT 6.1; WOW64; rv:52.0) Gecko/20100101 Firefox/52.0"
95.143.230.128 - - [19/Apr/2017:14:57:25 +0200] "GET /gui/javascript/jquery/js/jquery-ui-1.9.0.custom.min.js HTTP/1.1" 304 - "http://ed.activities.at/entry.php?id=10270" "Mozilla/5.0 (Windows NT 6.1; WOW64; rv:52.0) Gecko/20100101 Firefox/52.0"
95.143.230.128 - - [19/Apr/2017:14:57:25 +0200] "GET /framework/webfx/javascript/toolbar/ieemu.js HTTP/1.1" 304 - "http://ed.activities.at/entry.php?id=10273" "Mozilla/5.0 (Windows NT 6.1; WOW64; rv:52.0) Gecko/20100101 Firefox/52.0"
95.143.230.128 - - [19/Apr/2017:14:57:25 +0200] "GET /framework/webfx/javascript/toolbar/cb2.js HTTP/1.1" 304 - "http://ed.activities.at/entry.php?id=10273" "Mozilla/5.0 (Windows NT 6.1; WOW64; rv:52.0) Gecko/20100101 Firefox/52.0"
95.143.230.128 - - [19/Apr/2017:14:57:25 +0200] "GET /gui/images/icons/cancel.gif HTTP/1.1" 304 - "http://ed.activities.at/entry.php?id=11412" "Mozilla/5.0 (Windows NT 6.1; WOW64; rv:52.0) Gecko/20100101 Firefox/52.0"
95.143.230.128 - - [19/Apr/2017:14:57:25 +0200] "GET /gui/images/icons/Logo_activites_RGB.gif HTTP/1.1" 304 - "http://ed.activities.at/entry.php?id=10273" "Mozilla/5.0 (Windows NT 6.1; WOW64; rv:52.0) Gecko/20100101 Firefox/52.0"
95.143.230.128 - - [19/Apr/2017:14:57:25 +0200] "GET /gui/images/emptybar.gif HTTP/1.1" 304 - "http://ed.activities.at/entry.php?id=10272" "Mozilla/5.0 (Windows NT 6.1; WOW64; rv:52.0) Gecko/20100101 Firefox/52.0"
95.143.230.128 - - [19/Apr/2017:14:57:25 +0200] "GET /entry.php?id=10271&UIN=768f0e6fcf2dfef5ab1d8b9bbc5a3625 HTTP/1.1" 200 934 "http://ed.activities.at/entry.php?id=10272" "Mozilla/5.0 (Windows NT 6.1; WOW64; rv:52.0) Gecko/20100101 Firefox/52.0"
95.143.230.128 - - [19/Apr/2017:14:57:25 +0200] "GET /entry.php?id=10287 HTTP/1.1" 200 2386 "http://ed.activities.at/entry.php?id=11412" "Mozilla/5.0 (Windows NT 6.1; WOW64; rv:52.0) Gecko/20100101 Firefox/52.0"
95.143.230.128 - - [19/Apr/2017:14:57:26 +0200] "GET /entry.php?id=10270& HTTP/1.1" 200 909 "http://ed.activities.at/entry.php?id=10287" "Mozilla/5.0 (Windows NT 6.1; WOW64; rv:52.0) Gecko/20100101 Firefox/52.0"
95.143.230.128 - - [19/Apr/2017:14:57:26 +0200] "GET /entry.php?id=10273& HTTP/1.1" 200 1902 "http://ed.activities.at/entry.php?id=10287" "Mozilla/5.0 (Windows NT 6.1; WOW64; rv:52.0) Gecko/20100101 Firefox/52.0"
95.143.230.128 - - [19/Apr/2017:14:57:26 +0200] "GET /gui/javascript/form_form.js?1492606646 HTTP/1.1" 200 16206 "http://ed.activities.at/entry.php?id=10270&" "Mozilla/5.0 (Windows NT 6.1; WOW64; rv:52.0) Gecko/20100101 Firefox/52.0"
195.245.225.251 - - [19/Apr/2017:14:57:31 +0200] "GET /entry.php?id=10271&&ser=606591 HTTP/1.1" 200 987 "http://ed.activities.at/entry.php?id=10271&&ser=606531" "Mozilla/5.0 (Macintosh; Intel Mac OS X 10_12_4) AppleWebKit/537.36 (KHTML, like Gecko) Chrome/57.0.2987.133 Safari/537.36"
195.245.225.251 - - [19/Apr/2017:14:57:31 +0200] "GET /gui/javascript/form_form.js?1492606651 HTTP/1.1" 200 16206 "http://ed.activities.at/entry.php?id=10271&&ser=606591" "Mozilla/5.0 (Macintosh; Intel Mac OS X 10_12_4) AppleWebKit/537.36 (KHTML, like Gecko) Chrome/57.0.2987.133 Safari/537.36"
212.108.43.59 - - [19/Apr/2017:14:57:33 +0200] "GET /entry.php?id=10271&&ser=606593 HTTP/1.1" 200 987 "http://ed.activities.at/entry.php?id=10271&&ser=606533" "Mozilla/5.0 (Windows NT 10.0; Win64; x64) AppleWebKit/537.36 (KHTML, like Gecko) Chrome/57.0.2987.133 Safari/537.36"
212.108.43.59 - - [19/Apr/2017:14:57:33 +0200] "GET /gui/javascript/form_form.js?1492606653 HTTP/1.1" 200 16206 "http://ed.activities.at/entry.php?id=10271&&ser=606593" "Mozilla/5.0 (Windows NT 10.0; Win64; x64) AppleWebKit/537.36 (KHTML, like Gecko) Chrome/57.0.2987.133 Safari/537.36"
212.108.43.59 - - [19/Apr/2017:14:57:49 +0200] "GET /entry.php?id=10271&&ser=606609 HTTP/1.1" 200 987 "http://ed.activities.at/entry.php?id=10271&&ser=606549" "Mozilla/5.0 (Windows NT 10.0; Win64; x64) AppleWebKit/537.36 (KHTML, like Gecko) Chrome/57.0.2987.133 Safari/537.36"
212.108.43.59 - - [19/Apr/2017:14:57:50 +0200] "GET /gui/javascript/form_form.js?1492606670 HTTP/1.1" 200 16206 "http://ed.activities.at/entry.php?id=10271&&ser=606609" "Mozilla/5.0 (Windows NT 10.0; Win64; x64) AppleWebKit/537.36 (KHTML, like Gecko) Chrome/57.0.2987.133 Safari/537.36"
212.108.43.59 - - [19/Apr/2017:14:57:54 +0200] "GET /entry.php?id=10271&&ser=606613 HTTP/1.1" 200 987 "http://ed.activities.at/entry.php?id=10271&&ser=606553" "Mozilla/5.0 (Windows NT 10.0; Win64; x64) AppleWebKit/537.36 (KHTML, like Gecko) Chrome/57.0.2987.133 Safari/537.36"
212.108.43.59 - - [19/Apr/2017:14:57:54 +0200] "GET /gui/javascript/form_form.js?1492606674 HTTP/1.1" 200 16206 "http://ed.activities.at/entry.php?id=10271&&ser=606613" "Mozilla/5.0 (Windows NT 10.0; Win64; x64) AppleWebKit/537.36 (KHTML, like Gecko) Chrome/57.0.2987.133 Safari/537.36"
95.143.230.128 - - [19/Apr/2017:14:58:08 +0200] "GET /gui/images/progressbar.gif HTTP/1.1" 304 - "http://ed.activities.at/entry.php?id=10272" "Mozilla/5.0 (Windows NT 6.1; WOW64; rv:52.0) Gecko/20100101 Firefox/52.0"
95.143.230.128 - - [19/Apr/2017:14:58:08 +0200] "POST /entry.php?id=10287& HTTP/1.1" 200 1994 "http://ed.activities.at/entry.php?id=10287" "Mozilla/5.0 (Windows NT 6.1; WOW64; rv:52.0) Gecko/20100101 Firefox/52.0"
95.143.230.128 - - [19/Apr/2017:14:58:09 +0200] "GET /gui/javascript/form_form.js?1492606689 HTTP/1.1" 200 16206 "http://ed.activities.at/entry.php?id=10287&" "Mozilla/5.0 (Windows NT 6.1; WOW64; rv:52.0) Gecko/20100101 Firefox/52.0"
95.143.230.128 - - [19/Apr/2017:14:58:09 +0200] "GET /entry.php?id=10271&UIN=768f0e6fcf2dfef5ab1d8b9bbc5a3625 HTTP/1.1" 200 987 "http://ed.activities.at/entry.php?id=10272" "Mozilla/5.0 (Windows NT 6.1; WOW64; rv:52.0) Gecko/20100101 Firefox/52.0"
95.143.230.128 - - [19/Apr/2017:14:58:09 +0200] "GET /gui/javascript/jquery/css/gui-themes/custom.min.css HTTP/1.1" 304 - "http://ed.activities.at/entry.php?id=10271&UIN=768f0e6fcf2dfef5ab1d8b9bbc5a3625" "Mozilla/5.0 (Windows NT 6.1; WOW64; rv:52.0) Gecko/20100101 Firefox/52.0"
95.143.230.128 - - [19/Apr/2017:14:58:09 +0200] "GET /gui/javascript/jquery/css/gui-themes/ui.spinner.css HTTP/1.1" 304 - "http://ed.activities.at/entry.php?id=10271&UIN=768f0e6fcf2dfef5ab1d8b9bbc5a3625" "Mozilla/5.0 (Windows NT 6.1; WOW64; rv:52.0) Gecko/20100101 Firefox/52.0"
95.143.230.128 - - [19/Apr/2017:14:58:09 +0200] "GET /gui/javascript/jquery/css/gui-themes/jquery.tooltip.css HTTP/1.1" 304 - "http://ed.activities.at/entry.php?id=10271&UIN=768f0e6fcf2dfef5ab1d8b9bbc5a3625" "Mozilla/5.0 (Windows NT 6.1; WOW64; rv:52.0) Gecko/20100101 Firefox/52.0"
95.143.230.128 - - [19/Apr/2017:14:58:09 +0200] "GET /gui/javascript/form_form.js?1492606689 HTTP/1.1" 304 - "http://ed.activities.at/entry.php?id=10271&UIN=768f0e6fcf2dfef5ab1d8b9bbc5a3625" "Mozilla/5.0 (Windows NT 6.1; WOW64; rv:52.0) Gecko/20100101 Firefox/52.0"
95.143.230.128 - - [19/Apr/2017:14:58:09 +0200] "GET /gui/javascript/jquery/js/jquery-1.8.2.js HTTP/1.1" 304 - "http://ed.activities.at/entry.php?id=10271&UIN=768f0e6fcf2dfef5ab1d8b9bbc5a3625" "Mozilla/5.0 (Windows NT 6.1; WOW64; rv:52.0) Gecko/20100101 Firefox/52.0"
95.143.230.128 - - [19/Apr/2017:14:58:09 +0200] "GET /gui/styles/tmplDefault.css HTTP/1.1" 304 - "http://ed.activities.at/entry.php?id=10271&UIN=768f0e6fcf2dfef5ab1d8b9bbc5a3625" "Mozilla/5.0 (Windows NT 6.1; WOW64; rv:52.0) Gecko/20100101 Firefox/52.0"
95.143.230.128 - - [19/Apr/2017:14:58:09 +0200] "GET /gui/javascript/jquery/js/jquery-ui-1.9.0.custom.min.js HTTP/1.1" 304 - "http://ed.activities.at/entry.php?id=10271&UIN=768f0e6fcf2dfef5ab1d8b9bbc5a3625" "Mozilla/5.0 (Windows NT 6.1; WOW64; rv:52.0) Gecko/20100101 Firefox/52.0"
95.143.230.128 - - [19/Apr/2017:14:58:09 +0200] "GET /gui/javascript/jquery/jquery-tooltip/jquery.tooltip.min.js HTTP/1.1" 304 - "http://ed.activities.at/entry.php?id=10271&UIN=768f0e6fcf2dfef5ab1d8b9bbc5a3625" "Mozilla/5.0 (Windows NT 6.1; WOW64; rv:52.0) Gecko/20100101 Firefox/52.0"
95.143.230.128 - - [19/Apr/2017:14:58:09 +0200] "GET /entry.php?id=10273& HTTP/1.1" 200 2014 "http://ed.activities.at/entry.php?id=10287&" "Mozilla/5.0 (Windows NT 6.1; WOW64; rv:52.0) Gecko/20100101 Firefox/52.0"
95.143.230.128 - - [19/Apr/2017:14:58:10 +0200] "GET /framework/webfx/style/toolbar/images/cbback.gif HTTP/1.1" 404 314 "http://ed.activities.at/framework/webfx/style/toolbar/cb2.css" "Mozilla/5.0 (Windows NT 6.1; WOW64; rv:52.0) Gecko/20100101 Firefox/52.0"
95.143.230.128 - - [19/Apr/2017:14:58:10 +0200] "GET /entry.php?id=10270&__app__=10006038 HTTP/1.1" 200 1649 "http://ed.activities.at/entry.php?id=10273&" "Mozilla/5.0 (Windows NT 6.1; WOW64; rv:52.0) Gecko/20100101 Firefox/52.0"
95.143.230.128 - - [19/Apr/2017:14:58:10 +0200] "GET /framework/webfx/javascript/navigation/crossbrowser.js HTTP/1.1" 304 - "http://ed.activities.at/entry.php?id=10270&__app__=10006038" "Mozilla/5.0 (Windows NT 6.1; WOW64; rv:52.0) Gecko/20100101 Firefox/52.0"
95.143.230.128 - - [19/Apr/2017:14:58:10 +0200] "GET /framework/webfx/javascript/navigation/outlook.js HTTP/1.1" 304 - "http://ed.activities.at/entry.php?id=10270&__app__=10006038" "Mozilla/5.0 (Windows NT 6.1; WOW64; rv:52.0) Gecko/20100101 Firefox/52.0"
95.143.230.128 - - [19/Apr/2017:14:58:10 +0200] "GET /gui/javascript/form_form.js?1492606690 HTTP/1.1" 200 16206 "http://ed.activities.at/entry.php?id=10270&__app__=10006038" "Mozilla/5.0 (Windows NT 6.1; WOW64; rv:52.0) Gecko/20100101 Firefox/52.0"
95.143.230.128 - - [19/Apr/2017:14:58:10 +0200] "GET /gui/images/icons/pers_einstellungen.gif HTTP/1.1" 304 - "http://ed.activities.at/entry.php?id=10270&__app__=10006038" "Mozilla/5.0 (Windows NT 6.1; WOW64; rv:52.0) Gecko/20100101 Firefox/52.0"
95.143.230.128 - - [19/Apr/2017:14:58:10 +0200] "GET /framework/icons/navigation/arrowdown.gif HTTP/1.1" 304 - "http://ed.activities.at/entry.php?id=10270&__app__=10006038" "Mozilla/5.0 (Windows NT 6.1; WOW64; rv:52.0) Gecko/20100101 Firefox/52.0"
95.143.230.128 - - [19/Apr/2017:14:58:10 +0200] "GET /framework/icons/navigation/arrowup.gif HTTP/1.1" 304 - "http://ed.activities.at/entry.php?id=10270&__app__=10006038" "Mozilla/5.0 (Windows NT 6.1; WOW64; rv:52.0) Gecko/20100101 Firefox/52.0"
95.143.230.128 - - [19/Apr/2017:14:58:10 +0200] "GET /gui/images/icons/i_aktionen.gif HTTP/1.1" 304 - "http://ed.activities.at/entry.php?id=10270&__app__=10006038" "Mozilla/5.0 (Windows NT 6.1; WOW64; rv:52.0) Gecko/20100101 Firefox/52.0"
95.143.230.128 - - [19/Apr/2017:14:58:10 +0200] "GET /gui/images/icons/i_firmen.gif HTTP/1.1" 304 - "http://ed.activities.at/entry.php?id=10270&__app__=10006038" "Mozilla/5.0 (Windows NT 6.1; WOW64; rv:52.0) Gecko/20100101 Firefox/52.0"
95.143.230.128 - - [19/Apr/2017:14:58:10 +0200] "GET /gui/images/icons/i_haendler_sollverteiler.gif HTTP/1.1" 304 - "http://ed.activities.at/entry.php?id=10270&__app__=10006038" "Mozilla/5.0 (Windows NT 6.1; WOW64; rv:52.0) Gecko/20100101 Firefox/52.0"
95.143.230.128 - - [19/Apr/2017:14:58:10 +0200] "GET /gui/images/icons/i_aktionsreminder.gif HTTP/1.1" 304 - "http://ed.activities.at/entry.php?id=10270&__app__=10006038" "Mozilla/5.0 (Windows NT 6.1; WOW64; rv:52.0) Gecko/20100101 Firefox/52.0"
95.143.230.128 - - [19/Apr/2017:14:58:10 +0200] "GET /gui/images/icons/i_artikel.gif HTTP/1.1" 304 - "http://ed.activities.at/entry.php?id=10270&__app__=10006038" "Mozilla/5.0 (Windows NT 6.1; WOW64; rv:52.0) Gecko/20100101 Firefox/52.0"
95.143.230.128 - - [19/Apr/2017:14:58:10 +0200] "GET /gui/images/icons/menumanagement.gif HTTP/1.1" 304 - "http://ed.activities.at/entry.php?id=10270&__app__=10006038" "Mozilla/5.0 (Windows NT 6.1; WOW64; rv:52.0) Gecko/20100101 Firefox/52.0"
95.143.230.128 - - [19/Apr/2017:14:58:10 +0200] "GET /undefined HTTP/1.1" 404 285 "http://ed.activities.at/entry.php?id=10270&__app__=10006038" "Mozilla/5.0 (Windows NT 6.1; WOW64; rv:52.0) Gecko/20100101 Firefox/52.0"
95.143.230.128 - - [19/Apr/2017:14:58:10 +0200] "GET /gui/images/icons/artikelbearbeitung_verfassung.gif HTTP/1.1" 304 - "http://ed.activities.at/entry.php?id=10270&__app__=10006038" "Mozilla/5.0 (Windows NT 6.1; WOW64; rv:52.0) Gecko/20100101 Firefox/52.0"
195.245.225.251 - - [19/Apr/2017:14:58:32 +0200] "GET /entry.php?id=10271&&ser=606651 HTTP/1.1" 200 987 "http://ed.activities.at/entry.php?id=10271&&ser=606591" "Mozilla/5.0 (Macintosh; Intel Mac OS X 10_12_4) AppleWebKit/537.36 (KHTML, like Gecko) Chrome/57.0.2987.133 Safari/537.36"
195.245.225.251 - - [19/Apr/2017:14:58:32 +0200] "GET /gui/javascript/form_form.js?1492606712 HTTP/1.1" 200 16206 "http://ed.activities.at/entry.php?id=10271&&ser=606651" "Mozilla/5.0 (Macintosh; Intel Mac OS X 10_12_4) AppleWebKit/537.36 (KHTML, like Gecko) Chrome/57.0.2987.133 Safari/537.36"
212.108.43.59 - - [19/Apr/2017:14:58:34 +0200] "GET /entry.php?id=10271&&ser=606653 HTTP/1.1" 200 987 "http://ed.activities.at/entry.php?id=10271&&ser=606593" "Mozilla/5.0 (Windows NT 10.0; Win64; x64) AppleWebKit/537.36 (KHTML, like Gecko) Chrome/57.0.2987.133 Safari/537.36"
212.108.43.59 - - [19/Apr/2017:14:58:34 +0200] "GET /gui/javascript/form_form.js?1492606714 HTTP/1.1" 200 16206 "http://ed.activities.at/entry.php?id=10271&&ser=606653" "Mozilla/5.0 (Windows NT 10.0; Win64; x64) AppleWebKit/537.36 (KHTML, like Gecko) Chrome/57.0.2987.133 Safari/537.36"
212.108.43.59 - - [19/Apr/2017:14:58:50 +0200] "GET /entry.php?id=10271&&ser=606670 HTTP/1.1" 200 987 "http://ed.activities.at/entry.php?id=10271&&ser=606609" "Mozilla/5.0 (Windows NT 10.0; Win64; x64) AppleWebKit/537.36 (KHTML, like Gecko) Chrome/57.0.2987.133 Safari/537.36"
212.108.43.59 - - [19/Apr/2017:14:58:50 +0200] "GET /gui/javascript/form_form.js?1492606730 HTTP/1.1" 200 16206 "http://ed.activities.at/entry.php?id=10271&&ser=606670" "Mozilla/5.0 (Windows NT 10.0; Win64; x64) AppleWebKit/537.36 (KHTML, like Gecko) Chrome/57.0.2987.133 Safari/537.36"
212.108.43.59 - - [19/Apr/2017:14:58:54 +0200] "GET /entry.php?id=10271&&ser=606674 HTTP/1.1" 200 987 "http://ed.activities.at/entry.php?id=10271&&ser=606613" "Mozilla/5.0 (Windows NT 10.0; Win64; x64) AppleWebKit/537.36 (KHTML, like Gecko) Chrome/57.0.2987.133 Safari/537.36"
212.108.43.59 - - [19/Apr/2017:14:58:54 +0200] "GET /gui/javascript/form_form.js?1492606734 HTTP/1.1" 200 16206 "http://ed.activities.at/entry.php?id=10271&&ser=606674" "Mozilla/5.0 (Windows NT 10.0; Win64; x64) AppleWebKit/537.36 (KHTML, like Gecko) Chrome/57.0.2987.133 Safari/537.36"
95.143.230.128 - - [19/Apr/2017:14:59:06 +0200] "GET /entry.php?id=10270&__app__=10006038 HTTP/1.1" 200 1650 "http://ed.activities.at/entry.php?id=10273&" "Mozilla/5.0 (Windows NT 6.1; WOW64; rv:52.0) Gecko/20100101 Firefox/52.0"
95.143.230.128 - - [19/Apr/2017:14:59:07 +0200] "GET /entry.php?id=10270&&__app__=10006038 HTTP/1.1" 200 1650 "http://ed.activities.at/entry.php?id=10273&" "Mozilla/5.0 (Windows NT 6.1; WOW64; rv:52.0) Gecko/20100101 Firefox/52.0"
95.143.230.128 - - [19/Apr/2017:14:59:07 +0200] "GET /gui/javascript/form_form.js?1492606747 HTTP/1.1" 200 16206 "http://ed.activities.at/entry.php?id=10270&&__app__=10006038" "Mozilla/5.0 (Windows NT 6.1; WOW64; rv:52.0) Gecko/20100101 Firefox/52.0"
95.143.230.128 - - [19/Apr/2017:14:59:07 +0200] "GET /undefined HTTP/1.1" 404 285 "http://ed.activities.at/entry.php?id=10270&&__app__=10006038" "Mozilla/5.0 (Windows NT 6.1; WOW64; rv:52.0) Gecko/20100101 Firefox/52.0"
95.143.230.128 - - [19/Apr/2017:14:59:09 +0200] "GET /entry.php?id=10271&&ser=606689 HTTP/1.1" 200 987 "http://ed.activities.at/entry.php?id=10271&UIN=768f0e6fcf2dfef5ab1d8b9bbc5a3625" "Mozilla/5.0 (Windows NT 6.1; WOW64; rv:52.0) Gecko/20100101 Firefox/52.0"
95.143.230.128 - - [19/Apr/2017:14:59:10 +0200] "GET /gui/javascript/form_form.js?1492606750 HTTP/1.1" 200 16206 "http://ed.activities.at/entry.php?id=10271&&ser=606689" "Mozilla/5.0 (Windows NT 6.1; WOW64; rv:52.0) Gecko/20100101 Firefox/52.0"
95.143.230.128 - - [19/Apr/2017:14:59:24 +0200] "GET /entry.php?id=11674 HTTP/1.1" 200 321 "http://ed.activities.at/entry.php?id=10270&&__app__=10006038" "Mozilla/5.0 (Windows NT 6.1; WOW64; rv:52.0) Gecko/20100101 Firefox/52.0"
95.143.230.128 - - [19/Apr/2017:14:59:25 +0200] "GET /entry.php?id=10676&&title=Aktionen HTTP/1.1" 200 1387 "http://ed.activities.at/entry.php?id=11674" "Mozilla/5.0 (Windows NT 6.1; WOW64; rv:52.0) Gecko/20100101 Firefox/52.0"
95.143.230.128 - - [19/Apr/2017:14:59:25 +0200] "GET /gui/javascript/form_form.js?1492606765 HTTP/1.1" 200 16206 "http://ed.activities.at/entry.php?id=10676&&title=Aktionen" "Mozilla/5.0 (Windows NT 6.1; WOW64; rv:52.0) Gecko/20100101 Firefox/52.0"
95.143.230.128 - - [19/Apr/2017:14:59:25 +0200] "GET /entry.php?id=11676& HTTP/1.1" 200 4380 "http://ed.activities.at/entry.php?id=11674" "Mozilla/5.0 (Windows NT 6.1; WOW64; rv:52.0) Gecko/20100101 Firefox/52.0"
95.143.230.128 - - [19/Apr/2017:14:59:25 +0200] "GET /gui/javascript/jquery/js/jquery.friendurl.js HTTP/1.1" 304 - "http://ed.activities.at/entry.php?id=11676&" "Mozilla/5.0 (Windows NT 6.1; WOW64; rv:52.0) Gecko/20100101 Firefox/52.0"
95.143.230.128 - - [19/Apr/2017:14:59:25 +0200] "GET /gui/javascript/form_ed_training_course.js HTTP/1.1" 304 - "http://ed.activities.at/entry.php?id=11676&" "Mozilla/5.0 (Windows NT 6.1; WOW64; rv:52.0) Gecko/20100101 Firefox/52.0"
95.143.230.128 - - [19/Apr/2017:14:59:25 +0200] "GET /gui/javascript/jquery/js/ui-timepicker-addon.js HTTP/1.1" 304 - "http://ed.activities.at/entry.php?id=11676&" "Mozilla/5.0 (Windows NT 6.1; WOW64; rv:52.0) Gecko/20100101 Firefox/52.0"
95.143.230.128 - - [19/Apr/2017:14:59:25 +0200] "GET /gui/javascript/jquery/js/i18n/jquery-ui-timepicker-de.js HTTP/1.1" 304 - "http://ed.activities.at/entry.php?id=11676&" "Mozilla/5.0 (Windows NT 6.1; WOW64; rv:52.0) Gecko/20100101 Firefox/52.0"
95.143.230.128 - - [19/Apr/2017:14:59:25 +0200] "GET /gui/javascript/jquery/js/i18n/jquery.ui.datepicker-de.js HTTP/1.1" 304 - "http://ed.activities.at/entry.php?id=11676&" "Mozilla/5.0 (Windows NT 6.1; WOW64; rv:52.0) Gecko/20100101 Firefox/52.0"
95.143.230.128 - - [19/Apr/2017:14:59:25 +0200] "GET /entry.php?id=11675& HTTP/1.1" 200 2691 "http://ed.activities.at/entry.php?id=11674" "Mozilla/5.0 (Windows NT 6.1; WOW64; rv:52.0) Gecko/20100101 Firefox/52.0"
95.143.230.128 - - [19/Apr/2017:14:59:26 +0200] "GET /activities/framework/fwx_trans.gif HTTP/1.1" 304 - "http://ed.activities.at/entry.php?id=11676&" "Mozilla/5.0 (Windows NT 6.1; WOW64; rv:52.0) Gecko/20100101 Firefox/52.0"
95.143.230.128 - - [19/Apr/2017:14:59:26 +0200] "GET /gui/images/icons/disabled_delete.gif HTTP/1.1" 304 - "http://ed.activities.at/entry.php?id=11676&" "Mozilla/5.0 (Windows NT 6.1; WOW64; rv:52.0) Gecko/20100101 Firefox/52.0"
95.143.230.128 - - [19/Apr/2017:14:59:26 +0200] "GET /gui/images/icons/ajax_loading.gif HTTP/1.1" 304 - "http://ed.activities.at/entry.php?id=11676&" "Mozilla/5.0 (Windows NT 6.1; WOW64; rv:52.0) Gecko/20100101 Firefox/52.0"
95.143.230.128 - - [19/Apr/2017:14:59:26 +0200] "GET /gui/images/icons/disabled_lupe.gif HTTP/1.1" 304 - "http://ed.activities.at/entry.php?id=11676&" "Mozilla/5.0 (Windows NT 6.1; WOW64; rv:52.0) Gecko/20100101 Firefox/52.0"
95.143.230.128 - - [19/Apr/2017:14:59:26 +0200] "GET /gui/images/icons/disabled_calendar.png HTTP/1.1" 304 - "http://ed.activities.at/entry.php?id=11676&" "Mozilla/5.0 (Windows NT 6.1; WOW64; rv:52.0) Gecko/20100101 Firefox/52.0"
95.143.230.128 - - [19/Apr/2017:14:59:26 +0200] "GET /framework/webfx/javascript/scrolltable/scrolltableIframe.js HTTP/1.1" 304 - "http://ed.activities.at/entry.php?id=11675&" "Mozilla/5.0 (Windows NT 6.1; WOW64; rv:52.0) Gecko/20100101 Firefox/52.0"
95.143.230.128 - - [19/Apr/2017:14:59:26 +0200] "GET /entry.php?id=10778&form=11500&name=list& HTTP/1.1" 200 3149 "http://ed.activities.at/entry.php?id=11675&" "Mozilla/5.0 (Windows NT 6.1; WOW64; rv:52.0) Gecko/20100101 Firefox/52.0"
95.143.230.128 - - [19/Apr/2017:14:59:26 +0200] "GET /framework/icons/fwx_trans.gif HTTP/1.1" 304 - "http://ed.activities.at/entry.php?id=10778&form=11500&name=list&" "Mozilla/5.0 (Windows NT 6.1; WOW64; rv:52.0) Gecko/20100101 Firefox/52.0"
95.143.230.128 - - [19/Apr/2017:14:59:26 +0200] "GET /gui/images/icons/disable_light.gif HTTP/1.1" 304 - "http://ed.activities.at/entry.php?id=10778&form=11500&name=list&" "Mozilla/5.0 (Windows NT 6.1; WOW64; rv:52.0) Gecko/20100101 Firefox/52.0"
95.143.230.128 - - [19/Apr/2017:14:59:26 +0200] "GET /gui/images/icons/information.gif HTTP/1.1" 304 - "http://ed.activities.at/entry.php?id=10778&form=11500&name=list&" "Mozilla/5.0 (Windows NT 6.1; WOW64; rv:52.0) Gecko/20100101 Firefox/52.0"
95.143.230.128 - - [19/Apr/2017:14:59:26 +0200] "GET /gui/images/icons/note_msg_icon.gif HTTP/1.1" 304 - "http://ed.activities.at/entry.php?id=10778&form=11500&name=list&" "Mozilla/5.0 (Windows NT 6.1; WOW64; rv:52.0) Gecko/20100101 Firefox/52.0"
95.143.230.128 - - [19/Apr/2017:14:59:26 +0200] "GET /entry.php?id=10776&form=11500&name=list& HTTP/1.1" 200 2450 "http://ed.activities.at/entry.php?id=11675&" "Mozilla/5.0 (Windows NT 6.1; WOW64; rv:52.0) Gecko/20100101 Firefox/52.0"
95.143.230.128 - - [19/Apr/2017:14:59:26 +0200] "GET /gui/images/icons/filter_on.gif HTTP/1.1" 304 - "http://ed.activities.at/entry.php?id=10776&form=11500&name=list&" "Mozilla/5.0 (Windows NT 6.1; WOW64; rv:52.0) Gecko/20100101 Firefox/52.0"
95.143.230.128 - - [19/Apr/2017:14:59:26 +0200] "GET /framework/icons/sortUp.gif HTTP/1.1" 304 - "http://ed.activities.at/entry.php?id=10776&form=11500&name=list&" "Mozilla/5.0 (Windows NT 6.1; WOW64; rv:52.0) Gecko/20100101 Firefox/52.0"
95.143.230.128 - - [19/Apr/2017:14:59:26 +0200] "GET /gui/images/icons/lupe.gif HTTP/1.1" 304 - "http://ed.activities.at/entry.php?id=10776&form=11500&name=list&" "Mozilla/5.0 (Windows NT 6.1; WOW64; rv:52.0) Gecko/20100101 Firefox/52.0"
95.143.230.128 - - [19/Apr/2017:14:59:26 +0200] "GET /gui/images/icons/calendar.png HTTP/1.1" 304 - "http://ed.activities.at/entry.php?id=10776&form=11500&name=list&" "Mozilla/5.0 (Windows NT 6.1; WOW64; rv:52.0) Gecko/20100101 Firefox/52.0"
195.245.225.251 - - [19/Apr/2017:14:59:32 +0200] "GET /entry.php?id=10271&&ser=606712 HTTP/1.1" 200 987 "http://ed.activities.at/entry.php?id=10271&&ser=606651" "Mozilla/5.0 (Macintosh; Intel Mac OS X 10_12_4) AppleWebKit/537.36 (KHTML, like Gecko) Chrome/57.0.2987.133 Safari/537.36"
195.245.225.251 - - [19/Apr/2017:14:59:32 +0200] "GET /gui/javascript/form_form.js?1492606772 HTTP/1.1" 200 16206 "http://ed.activities.at/entry.php?id=10271&&ser=606712" "Mozilla/5.0 (Macintosh; Intel Mac OS X 10_12_4) AppleWebKit/537.36 (KHTML, like Gecko) Chrome/57.0.2987.133 Safari/537.36"
212.108.43.59 - - [19/Apr/2017:14:59:34 +0200] "GET /entry.php?id=10271&&ser=606714 HTTP/1.1" 200 987 "http://ed.activities.at/entry.php?id=10271&&ser=606653" "Mozilla/5.0 (Windows NT 10.0; Win64; x64) AppleWebKit/537.36 (KHTML, like Gecko) Chrome/57.0.2987.133 Safari/537.36"
212.108.43.59 - - [19/Apr/2017:14:59:34 +0200] "GET /gui/javascript/form_form.js?1492606774 HTTP/1.1" 200 16206 "http://ed.activities.at/entry.php?id=10271&&ser=606714" "Mozilla/5.0 (Windows NT 10.0; Win64; x64) AppleWebKit/537.36 (KHTML, like Gecko) Chrome/57.0.2987.133 Safari/537.36"
95.143.230.128 - - [19/Apr/2017:14:59:43 +0200] "POST /entry.php?id=11676 HTTP/1.1" 200 4372 "http://ed.activities.at/entry.php?id=11676&" "Mozilla/5.0 (Windows NT 6.1; WOW64; rv:52.0) Gecko/20100101 Firefox/52.0"
95.143.230.128 - - [19/Apr/2017:14:59:44 +0200] "GET /gui/javascript/form_form.js?1492606784 HTTP/1.1" 200 16206 "http://ed.activities.at/entry.php?id=11676" "Mozilla/5.0 (Windows NT 6.1; WOW64; rv:52.0) Gecko/20100101 Firefox/52.0"
212.108.43.59 - - [19/Apr/2017:14:59:50 +0200] "GET /entry.php?id=10271&&ser=606730 HTTP/1.1" 200 987 "http://ed.activities.at/entry.php?id=10271&&ser=606670" "Mozilla/5.0 (Windows NT 10.0; Win64; x64) AppleWebKit/537.36 (KHTML, like Gecko) Chrome/57.0.2987.133 Safari/537.36"
212.108.43.59 - - [19/Apr/2017:14:59:50 +0200] "GET /gui/javascript/form_form.js?1492606790 HTTP/1.1" 200 16206 "http://ed.activities.at/entry.php?id=10271&&ser=606730" "Mozilla/5.0 (Windows NT 10.0; Win64; x64) AppleWebKit/537.36 (KHTML, like Gecko) Chrome/57.0.2987.133 Safari/537.36"
212.108.43.59 - - [19/Apr/2017:14:59:54 +0200] "GET /entry.php?id=10271&&ser=606734 HTTP/1.1" 200 987 "http://ed.activities.at/entry.php?id=10271&&ser=606674" "Mozilla/5.0 (Windows NT 10.0; Win64; x64) AppleWebKit/537.36 (KHTML, like Gecko) Chrome/57.0.2987.133 Safari/537.36"
212.108.43.59 - - [19/Apr/2017:14:59:54 +0200] "GET /gui/javascript/form_form.js?1492606794 HTTP/1.1" 200 16206 "http://ed.activities.at/entry.php?id=10271&&ser=606734" "Mozilla/5.0 (Windows NT 10.0; Win64; x64) AppleWebKit/537.36 (KHTML, like Gecko) Chrome/57.0.2987.133 Safari/537.36"
95.143.230.128 - - [19/Apr/2017:15:00:10 +0200] "GET /entry.php?id=10271&&ser=606750 HTTP/1.1" 200 986 "http://ed.activities.at/entry.php?id=10271&&ser=606689" "Mozilla/5.0 (Windows NT 6.1; WOW64; rv:52.0) Gecko/20100101 Firefox/52.0"
95.143.230.128 - - [19/Apr/2017:15:00:10 +0200] "GET /gui/javascript/form_form.js?1492606810 HTTP/1.1" 200 16206 "http://ed.activities.at/entry.php?id=10271&&ser=606750" "Mozilla/5.0 (Windows NT 6.1; WOW64; rv:52.0) Gecko/20100101 Firefox/52.0"
195.245.225.251 - - [19/Apr/2017:15:00:32 +0200] "GET /entry.php?id=10271&&ser=606772 HTTP/1.1" 200 987 "http://ed.activities.at/entry.php?id=10271&&ser=606712" "Mozilla/5.0 (Macintosh; Intel Mac OS X 10_12_4) AppleWebKit/537.36 (KHTML, like Gecko) Chrome/57.0.2987.133 Safari/537.36"
195.245.225.251 - - [19/Apr/2017:15:00:32 +0200] "GET /gui/javascript/form_form.js?1492606832 HTTP/1.1" 200 16206 "http://ed.activities.at/entry.php?id=10271&&ser=606772" "Mozilla/5.0 (Macintosh; Intel Mac OS X 10_12_4) AppleWebKit/537.36 (KHTML, like Gecko) Chrome/57.0.2987.133 Safari/537.36"
212.108.43.59 - - [19/Apr/2017:15:00:34 +0200] "GET /entry.php?id=10271&&ser=606774 HTTP/1.1" 200 987 "http://ed.activities.at/entry.php?id=10271&&ser=606714" "Mozilla/5.0 (Windows NT 10.0; Win64; x64) AppleWebKit/537.36 (KHTML, like Gecko) Chrome/57.0.2987.133 Safari/537.36"
212.108.43.59 - - [19/Apr/2017:15:00:35 +0200] "GET /gui/javascript/form_form.js?1492606835 HTTP/1.1" 200 16206 "http://ed.activities.at/entry.php?id=10271&&ser=606774" "Mozilla/5.0 (Windows NT 10.0; Win64; x64) AppleWebKit/537.36 (KHTML, like Gecko) Chrome/57.0.2987.133 Safari/537.36"
212.108.43.59 - - [19/Apr/2017:15:00:50 +0200] "GET /entry.php?id=10271&&ser=606790 HTTP/1.1" 200 986 "http://ed.activities.at/entry.php?id=10271&&ser=606730" "Mozilla/5.0 (Windows NT 10.0; Win64; x64) AppleWebKit/537.36 (KHTML, like Gecko) Chrome/57.0.2987.133 Safari/537.36"
212.108.43.59 - - [19/Apr/2017:15:00:51 +0200] "GET /gui/javascript/form_form.js?1492606851 HTTP/1.1" 200 16206 "http://ed.activities.at/entry.php?id=10271&&ser=606790" "Mozilla/5.0 (Windows NT 10.0; Win64; x64) AppleWebKit/537.36 (KHTML, like Gecko) Chrome/57.0.2987.133 Safari/537.36"
212.108.43.59 - - [19/Apr/2017:15:00:55 +0200] "GET /entry.php?id=10271&&ser=606794 HTTP/1.1" 200 987 "http://ed.activities.at/entry.php?id=10271&&ser=606734" "Mozilla/5.0 (Windows NT 10.0; Win64; x64) AppleWebKit/537.36 (KHTML, like Gecko) Chrome/57.0.2987.133 Safari/537.36"
212.108.43.59 - - [19/Apr/2017:15:00:55 +0200] "GET /gui/javascript/form_form.js?1492606855 HTTP/1.1" 200 16206 "http://ed.activities.at/entry.php?id=10271&&ser=606794" "Mozilla/5.0 (Windows NT 10.0; Win64; x64) AppleWebKit/537.36 (KHTML, like Gecko) Chrome/57.0.2987.133 Safari/537.36"
95.143.230.128 - - [19/Apr/2017:15:01:10 +0200] "GET /entry.php?id=10271&&ser=606810 HTTP/1.1" 200 987 "http://ed.activities.at/entry.php?id=10271&&ser=606750" "Mozilla/5.0 (Windows NT 6.1; WOW64; rv:52.0) Gecko/20100101 Firefox/52.0"
95.143.230.128 - - [19/Apr/2017:15:01:11 +0200] "GET /gui/javascript/form_form.js?1492606870 HTTP/1.1" 200 16206 "http://ed.activities.at/entry.php?id=10271&&ser=606810" "Mozilla/5.0 (Windows NT 6.1; WOW64; rv:52.0) Gecko/20100101 Firefox/52.0"
195.245.225.251 - - [19/Apr/2017:15:01:33 +0200] "GET /entry.php?id=10271&&ser=606832 HTTP/1.1" 200 987 "http://ed.activities.at/entry.php?id=10271&&ser=606772" "Mozilla/5.0 (Macintosh; Intel Mac OS X 10_12_4) AppleWebKit/537.36 (KHTML, like Gecko) Chrome/57.0.2987.133 Safari/537.36"
195.245.225.251 - - [19/Apr/2017:15:01:33 +0200] "GET /gui/javascript/form_form.js?1492606893 HTTP/1.1" 200 16206 "http://ed.activities.at/entry.php?id=10271&&ser=606832" "Mozilla/5.0 (Macintosh; Intel Mac OS X 10_12_4) AppleWebKit/537.36 (KHTML, like Gecko) Chrome/57.0.2987.133 Safari/537.36"
212.108.43.59 - - [19/Apr/2017:15:01:35 +0200] "GET /entry.php?id=10271&&ser=606835 HTTP/1.1" 200 987 "http://ed.activities.at/entry.php?id=10271&&ser=606774" "Mozilla/5.0 (Windows NT 10.0; Win64; x64) AppleWebKit/537.36 (KHTML, like Gecko) Chrome/57.0.2987.133 Safari/537.36"
212.108.43.59 - - [19/Apr/2017:15:01:35 +0200] "GET /gui/javascript/form_form.js?1492606895 HTTP/1.1" 200 16206 "http://ed.activities.at/entry.php?id=10271&&ser=606835" "Mozilla/5.0 (Windows NT 10.0; Win64; x64) AppleWebKit/537.36 (KHTML, like Gecko) Chrome/57.0.2987.133 Safari/537.36"
95.143.230.128 - - [19/Apr/2017:15:01:43 +0200] "GET /gui/javascript/jquery/css/gui-themes/images/ui-bg_flat_100_808080_40x100.png HTTP/1.1" 304 - "http://ed.activities.at/gui/javascript/jquery/css/gui-themes/custom.min.css" "Mozilla/5.0 (Windows NT 6.1; WOW64; rv:52.0) Gecko/20100101 Firefox/52.0"
95.143.230.128 - - [19/Apr/2017:15:01:43 +0200] "GET /gui/javascript/jquery/css/gui-themes/images/ui-icons_ffffff_256x240_ev.png HTTP/1.1" 304 - "http://ed.activities.at/gui/javascript/jquery/css/gui-themes/custom.min.css" "Mozilla/5.0 (Windows NT 6.1; WOW64; rv:52.0) Gecko/20100101 Firefox/52.0"
95.143.230.128 - - [19/Apr/2017:15:01:43 +0200] "GET /gui/javascript/jquery/css/gui-themes/images/ui-bg_flat_80_ece9d8_40x100.png HTTP/1.1" 304 - "http://ed.activities.at/gui/javascript/jquery/css/gui-themes/custom.min.css" "Mozilla/5.0 (Windows NT 6.1; WOW64; rv:52.0) Gecko/20100101 Firefox/52.0"
95.143.230.128 - - [19/Apr/2017:15:01:43 +0200] "GET /gui/javascript/jquery/css/gui-themes/images/ui-bg_highlight-soft_25_ffef8f_1x100.png HTTP/1.1" 304 - "http://ed.activities.at/gui/javascript/jquery/css/gui-themes/custom.min.css" "Mozilla/5.0 (Windows NT 6.1; WOW64; rv:52.0) Gecko/20100101 Firefox/52.0"
95.143.230.128 - - [19/Apr/2017:15:01:46 +0200] "GET /gui/javascript/jquery/css/gui-themes/images/ui-bg_flat_100_ffffff_40x100.png HTTP/1.1" 304 - "http://ed.activities.at/gui/javascript/jquery/css/gui-themes/custom.min.css" "Mozilla/5.0 (Windows NT 6.1; WOW64; rv:52.0) Gecko/20100101 Firefox/52.0"
212.108.43.59 - - [19/Apr/2017:15:01:51 +0200] "GET /entry.php?id=10271&&ser=606851 HTTP/1.1" 200 986 "http://ed.activities.at/entry.php?id=10271&&ser=606790" "Mozilla/5.0 (Windows NT 10.0; Win64; x64) AppleWebKit/537.36 (KHTML, like Gecko) Chrome/57.0.2987.133 Safari/537.36"
212.108.43.59 - - [19/Apr/2017:15:01:51 +0200] "GET /gui/javascript/form_form.js?1492606911 HTTP/1.1" 200 16206 "http://ed.activities.at/entry.php?id=10271&&ser=606851" "Mozilla/5.0 (Windows NT 10.0; Win64; x64) AppleWebKit/537.36 (KHTML, like Gecko) Chrome/57.0.2987.133 Safari/537.36"
212.108.43.59 - - [19/Apr/2017:15:01:55 +0200] "GET /entry.php?id=10271&&ser=606855 HTTP/1.1" 200 986 "http://ed.activities.at/entry.php?id=10271&&ser=606794" "Mozilla/5.0 (Windows NT 10.0; Win64; x64) AppleWebKit/537.36 (KHTML, like Gecko) Chrome/57.0.2987.133 Safari/537.36"
212.108.43.59 - - [19/Apr/2017:15:01:55 +0200] "GET /gui/javascript/form_form.js?1492606915 HTTP/1.1" 200 16206 "http://ed.activities.at/entry.php?id=10271&&ser=606855" "Mozilla/5.0 (Windows NT 10.0; Win64; x64) AppleWebKit/537.36 (KHTML, like Gecko) Chrome/57.0.2987.133 Safari/537.36"
95.143.230.128 - - [19/Apr/2017:15:02:11 +0200] "GET /entry.php?id=10271&&ser=606870 HTTP/1.1" 200 986 "http://ed.activities.at/entry.php?id=10271&&ser=606810" "Mozilla/5.0 (Windows NT 6.1; WOW64; rv:52.0) Gecko/20100101 Firefox/52.0"
95.143.230.128 - - [19/Apr/2017:15:02:11 +0200] "GET /gui/javascript/form_form.js?1492606931 HTTP/1.1" 200 16206 "http://ed.activities.at/entry.php?id=10271&&ser=606870" "Mozilla/5.0 (Windows NT 6.1; WOW64; rv:52.0) Gecko/20100101 Firefox/52.0"
195.245.225.251 - - [19/Apr/2017:15:02:33 +0200] "GET /entry.php?id=10271&&ser=606893 HTTP/1.1" 200 986 "http://ed.activities.at/entry.php?id=10271&&ser=606832" "Mozilla/5.0 (Macintosh; Intel Mac OS X 10_12_4) AppleWebKit/537.36 (KHTML, like Gecko) Chrome/57.0.2987.133 Safari/537.36"
195.245.225.251 - - [19/Apr/2017:15:02:33 +0200] "GET /gui/javascript/form_form.js?1492606953 HTTP/1.1" 200 16206 "http://ed.activities.at/entry.php?id=10271&&ser=606893" "Mozilla/5.0 (Macintosh; Intel Mac OS X 10_12_4) AppleWebKit/537.36 (KHTML, like Gecko) Chrome/57.0.2987.133 Safari/537.36"
212.108.43.59 - - [19/Apr/2017:15:02:35 +0200] "GET /entry.php?id=10271&&ser=606895 HTTP/1.1" 200 986 "http://ed.activities.at/entry.php?id=10271&&ser=606835" "Mozilla/5.0 (Windows NT 10.0; Win64; x64) AppleWebKit/537.36 (KHTML, like Gecko) Chrome/57.0.2987.133 Safari/537.36"
212.108.43.59 - - [19/Apr/2017:15:02:35 +0200] "GET /gui/javascript/form_form.js?1492606955 HTTP/1.1" 200 16206 "http://ed.activities.at/entry.php?id=10271&&ser=606895" "Mozilla/5.0 (Windows NT 10.0; Win64; x64) AppleWebKit/537.36 (KHTML, like Gecko) Chrome/57.0.2987.133 Safari/537.36"
212.108.43.59 - - [19/Apr/2017:15:02:51 +0200] "GET /entry.php?id=10271&&ser=606911 HTTP/1.1" 200 986 "http://ed.activities.at/entry.php?id=10271&&ser=606851" "Mozilla/5.0 (Windows NT 10.0; Win64; x64) AppleWebKit/537.36 (KHTML, like Gecko) Chrome/57.0.2987.133 Safari/537.36"
212.108.43.59 - - [19/Apr/2017:15:02:51 +0200] "GET /gui/javascript/form_form.js?1492606971 HTTP/1.1" 200 16206 "http://ed.activities.at/entry.php?id=10271&&ser=606911" "Mozilla/5.0 (Windows NT 10.0; Win64; x64) AppleWebKit/537.36 (KHTML, like Gecko) Chrome/57.0.2987.133 Safari/537.36"
212.108.43.59 - - [19/Apr/2017:15:02:55 +0200] "GET /entry.php?id=10271&&ser=606915 HTTP/1.1" 200 986 "http://ed.activities.at/entry.php?id=10271&&ser=606855" "Mozilla/5.0 (Windows NT 10.0; Win64; x64) AppleWebKit/537.36 (KHTML, like Gecko) Chrome/57.0.2987.133 Safari/537.36"
212.108.43.59 - - [19/Apr/2017:15:02:55 +0200] "GET /gui/javascript/form_form.js?1492606975 HTTP/1.1" 200 16206 "http://ed.activities.at/entry.php?id=10271&&ser=606915" "Mozilla/5.0 (Windows NT 10.0; Win64; x64) AppleWebKit/537.36 (KHTML, like Gecko) Chrome/57.0.2987.133 Safari/537.36"
95.143.230.128 - - [19/Apr/2017:15:03:11 +0200] "GET /entry.php?id=10271&&ser=606931 HTTP/1.1" 200 986 "http://ed.activities.at/entry.php?id=10271&&ser=606870" "Mozilla/5.0 (Windows NT 6.1; WOW64; rv:52.0) Gecko/20100101 Firefox/52.0"
95.143.230.128 - - [19/Apr/2017:15:03:11 +0200] "GET /gui/javascript/form_form.js?1492606991 HTTP/1.1" 200 16206 "http://ed.activities.at/entry.php?id=10271&&ser=606931" "Mozilla/5.0 (Windows NT 6.1; WOW64; rv:52.0) Gecko/20100101 Firefox/52.0"
195.245.225.251 - - [19/Apr/2017:15:03:33 +0200] "GET /entry.php?id=10271&&ser=606953 HTTP/1.1" 200 987 "http://ed.activities.at/entry.php?id=10271&&ser=606893" "Mozilla/5.0 (Macintosh; Intel Mac OS X 10_12_4) AppleWebKit/537.36 (KHTML, like Gecko) Chrome/57.0.2987.133 Safari/537.36"
195.245.225.251 - - [19/Apr/2017:15:03:34 +0200] "GET /gui/javascript/form_form.js?1492607013 HTTP/1.1" 200 16206 "http://ed.activities.at/entry.php?id=10271&&ser=606953" "Mozilla/5.0 (Macintosh; Intel Mac OS X 10_12_4) AppleWebKit/537.36 (KHTML, like Gecko) Chrome/57.0.2987.133 Safari/537.36"
212.108.43.59 - - [19/Apr/2017:15:03:35 +0200] "GET /entry.php?id=10271&&ser=606955 HTTP/1.1" 200 987 "http://ed.activities.at/entry.php?id=10271&&ser=606895" "Mozilla/5.0 (Windows NT 10.0; Win64; x64) AppleWebKit/537.36 (KHTML, like Gecko) Chrome/57.0.2987.133 Safari/537.36"
212.108.43.59 - - [19/Apr/2017:15:03:36 +0200] "GET /gui/javascript/form_form.js?1492607016 HTTP/1.1" 200 16206 "http://ed.activities.at/entry.php?id=10271&&ser=606955" "Mozilla/5.0 (Windows NT 10.0; Win64; x64) AppleWebKit/537.36 (KHTML, like Gecko) Chrome/57.0.2987.133 Safari/537.36"
212.108.43.59 - - [19/Apr/2017:15:03:51 +0200] "GET /entry.php?id=10271&&ser=606971 HTTP/1.1" 200 987 "http://ed.activities.at/entry.php?id=10271&&ser=606911" "Mozilla/5.0 (Windows NT 10.0; Win64; x64) AppleWebKit/537.36 (KHTML, like Gecko) Chrome/57.0.2987.133 Safari/537.36"
212.108.43.59 - - [19/Apr/2017:15:03:52 +0200] "GET /gui/javascript/form_form.js?1492607032 HTTP/1.1" 200 16206 "http://ed.activities.at/entry.php?id=10271&&ser=606971" "Mozilla/5.0 (Windows NT 10.0; Win64; x64) AppleWebKit/537.36 (KHTML, like Gecko) Chrome/57.0.2987.133 Safari/537.36"
95.143.230.128 - - [19/Apr/2017:15:03:55 +0200] "POST /entry.php?id=11676 HTTP/1.1" 200 4885 "http://ed.activities.at/entry.php?id=11676" "Mozilla/5.0 (Windows NT 6.1; WOW64; rv:52.0) Gecko/20100101 Firefox/52.0"
95.143.230.128 - - [19/Apr/2017:15:03:55 +0200] "GET /gui/javascript/form_form.js?1492607035 HTTP/1.1" 200 16206 "http://ed.activities.at/entry.php?id=11676" "Mozilla/5.0 (Windows NT 6.1; WOW64; rv:52.0) Gecko/20100101 Firefox/52.0"
95.143.230.128 - - [19/Apr/2017:15:03:56 +0200] "GET /framework/icons/rowselect.gif HTTP/1.1" 304 - "http://ed.activities.at/entry.php?id=10778&form=11500&name=list&" "Mozilla/5.0 (Windows NT 6.1; WOW64; rv:52.0) Gecko/20100101 Firefox/52.0"
212.108.43.59 - - [19/Apr/2017:15:03:56 +0200] "GET /entry.php?id=10271&&ser=606975 HTTP/1.1" 200 987 "http://ed.activities.at/entry.php?id=10271&&ser=606915" "Mozilla/5.0 (Windows NT 10.0; Win64; x64) AppleWebKit/537.36 (KHTML, like Gecko) Chrome/57.0.2987.133 Safari/537.36"
212.108.43.59 - - [19/Apr/2017:15:03:56 +0200] "GET /gui/javascript/form_form.js?1492607036 HTTP/1.1" 200 16206 "http://ed.activities.at/entry.php?id=10271&&ser=606975" "Mozilla/5.0 (Windows NT 10.0; Win64; x64) AppleWebKit/537.36 (KHTML, like Gecko) Chrome/57.0.2987.133 Safari/537.36"
95.143.230.128 - - [19/Apr/2017:15:03:58 +0200] "POST /entry.php?id=11676 HTTP/1.1" 200 3050 "http://ed.activities.at/entry.php?id=11676" "Mozilla/5.0 (Windows NT 6.1; WOW64; rv:52.0) Gecko/20100101 Firefox/52.0"
95.143.230.128 - - [19/Apr/2017:15:03:59 +0200] "GET /gui/javascript/form_form.js?1492607039 HTTP/1.1" 200 16206 "http://ed.activities.at/entry.php?id=11676" "Mozilla/5.0 (Windows NT 6.1; WOW64; rv:52.0) Gecko/20100101 Firefox/52.0"
95.143.230.128 - - [19/Apr/2017:15:03:59 +0200] "GET /framework/webfx/javascript/tinymce/tinymce.min.js HTTP/1.1" 304 - "http://ed.activities.at/entry.php?id=11676" "Mozilla/5.0 (Windows NT 6.1; WOW64; rv:52.0) Gecko/20100101 Firefox/52.0"
95.143.230.128 - - [19/Apr/2017:15:03:59 +0200] "GET /framework/webfx/javascript/tinymce/tinyEdit.js HTTP/1.1" 304 - "http://ed.activities.at/entry.php?id=11676" "Mozilla/5.0 (Windows NT 6.1; WOW64; rv:52.0) Gecko/20100101 Firefox/52.0"
95.143.230.128 - - [19/Apr/2017:15:03:59 +0200] "GET /framework/webfx/javascript/tinymce/langs/de.js HTTP/1.1" 304 - "http://ed.activities.at/entry.php?id=11676" "Mozilla/5.0 (Windows NT 6.1; WOW64; rv:52.0) Gecko/20100101 Firefox/52.0"
95.143.230.128 - - [19/Apr/2017:15:03:59 +0200] "GET /framework/webfx/javascript/tinymce/themes/modern/theme.min.js HTTP/1.1" 304 - "http://ed.activities.at/entry.php?id=11676" "Mozilla/5.0 (Windows NT 6.1; WOW64; rv:52.0) Gecko/20100101 Firefox/52.0"
95.143.230.128 - - [19/Apr/2017:15:03:59 +0200] "GET /framework/webfx/javascript/tinymce/plugins/advlist/plugin.min.js HTTP/1.1" 304 - "http://ed.activities.at/entry.php?id=11676" "Mozilla/5.0 (Windows NT 6.1; WOW64; rv:52.0) Gecko/20100101 Firefox/52.0"
95.143.230.128 - - [19/Apr/2017:15:03:59 +0200] "GET /framework/webfx/javascript/tinymce/plugins/lists/plugin.min.js HTTP/1.1" 304 - "http://ed.activities.at/entry.php?id=11676" "Mozilla/5.0 (Windows NT 6.1; WOW64; rv:52.0) Gecko/20100101 Firefox/52.0"
95.143.230.128 - - [19/Apr/2017:15:03:59 +0200] "GET /framework/webfx/javascript/tinymce/plugins/preview/plugin.min.js HTTP/1.1" 304 - "http://ed.activities.at/entry.php?id=11676" "Mozilla/5.0 (Windows NT 6.1; WOW64; rv:52.0) Gecko/20100101 Firefox/52.0"
95.143.230.128 - - [19/Apr/2017:15:03:59 +0200] "GET /framework/webfx/javascript/tinymce/plugins/hr/plugin.min.js HTTP/1.1" 304 - "http://ed.activities.at/entry.php?id=11676" "Mozilla/5.0 (Windows NT 6.1; WOW64; rv:52.0) Gecko/20100101 Firefox/52.0"
95.143.230.128 - - [19/Apr/2017:15:03:59 +0200] "GET /framework/webfx/javascript/tinymce/plugins/anchor/plugin.min.js HTTP/1.1" 304 - "http://ed.activities.at/entry.php?id=11676" "Mozilla/5.0 (Windows NT 6.1; WOW64; rv:52.0) Gecko/20100101 Firefox/52.0"
95.143.230.128 - - [19/Apr/2017:15:03:59 +0200] "GET /framework/webfx/javascript/tinymce/plugins/pagebreak/plugin.min.js HTTP/1.1" 304 - "http://ed.activities.at/entry.php?id=11676" "Mozilla/5.0 (Windows NT 6.1; WOW64; rv:52.0) Gecko/20100101 Firefox/52.0"
95.143.230.128 - - [19/Apr/2017:15:03:59 +0200] "GET /framework/webfx/javascript/tinymce/plugins/searchreplace/plugin.min.js HTTP/1.1" 304 - "http://ed.activities.at/entry.php?id=11676" "Mozilla/5.0 (Windows NT 6.1; WOW64; rv:52.0) Gecko/20100101 Firefox/52.0"
95.143.230.128 - - [19/Apr/2017:15:03:59 +0200] "GET /framework/webfx/javascript/tinymce/plugins/wordcount/plugin.min.js HTTP/1.1" 304 - "http://ed.activities.at/entry.php?id=11676" "Mozilla/5.0 (Windows NT 6.1; WOW64; rv:52.0) Gecko/20100101 Firefox/52.0"
95.143.230.128 - - [19/Apr/2017:15:03:59 +0200] "GET /framework/webfx/javascript/tinymce/plugins/visualblocks/plugin.min.js HTTP/1.1" 304 - "http://ed.activities.at/entry.php?id=11676" "Mozilla/5.0 (Windows NT 6.1; WOW64; rv:52.0) Gecko/20100101 Firefox/52.0"
95.143.230.128 - - [19/Apr/2017:15:03:59 +0200] "GET /framework/webfx/javascript/tinymce/plugins/visualchars/plugin.min.js HTTP/1.1" 304 - "http://ed.activities.at/entry.php?id=11676" "Mozilla/5.0 (Windows NT 6.1; WOW64; rv:52.0) Gecko/20100101 Firefox/52.0"
95.143.230.128 - - [19/Apr/2017:15:03:59 +0200] "GET /framework/webfx/javascript/tinymce/plugins/nonbreaking/plugin.min.js HTTP/1.1" 304 - "http://ed.activities.at/entry.php?id=11676" "Mozilla/5.0 (Windows NT 6.1; WOW64; rv:52.0) Gecko/20100101 Firefox/52.0"
95.143.230.128 - - [19/Apr/2017:15:03:59 +0200] "GET /framework/webfx/javascript/tinymce/plugins/template/plugin.min.js HTTP/1.1" 304 - "http://ed.activities.at/entry.php?id=11676" "Mozilla/5.0 (Windows NT 6.1; WOW64; rv:52.0) Gecko/20100101 Firefox/52.0"
95.143.230.128 - - [19/Apr/2017:15:03:59 +0200] "GET /framework/webfx/javascript/tinymce/plugins/textcolor/plugin.min.js HTTP/1.1" 304 - "http://ed.activities.at/entry.php?id=11676" "Mozilla/5.0 (Windows NT 6.1; WOW64; rv:52.0) Gecko/20100101 Firefox/52.0"
