195.245.225.251 - - [19/Apr/2017:13:38:43 +0200] "GET /gui/javascript/form_form.js?1492601923 HTTP/1.1" 200 16206 "http://ed.activities.at/entry.php?id=10271&&ser=601862" "Mozilla/5.0 (Macintosh; Intel Mac OS X 10_12_4) AppleWebKit/537.36 (KHTML, like Gecko) Chrome/57.0.2987.133 Safari/537.36"
80.123.94.70 - - [19/Apr/2017:13:38:48 +0200] "GET /entry.php?id=11693 HTTP/1.1" 200 2506 "http://ed.activities.at/entry.php?id=10270&__app__=10006038" "Mozilla/5.0 (Windows NT 10.0; WOW64) AppleWebKit/537.36 (KHTML, like Gecko) Chrome/57.0.2987.133 Safari/537.36"
80.123.94.70 - - [19/Apr/2017:13:38:48 +0200] "GET /gui/javascript/form_form.js?1492601928 HTTP/1.1" 200 16206 "http://ed.activities.at/entry.php?id=11693" "Mozilla/5.0 (Windows NT 10.0; WOW64) AppleWebKit/537.36 (KHTML, like Gecko) Chrome/57.0.2987.133 Safari/537.36"
80.123.94.70 - - [19/Apr/2017:13:38:48 +0200] "GET /entry.php?id=10776&form=11518&name=list& HTTP/1.1" 200 1675 "http://ed.activities.at/entry.php?id=11693" "Mozilla/5.0 (Windows NT 10.0; WOW64) AppleWebKit/537.36 (KHTML, like Gecko) Chrome/57.0.2987.133 Safari/537.36"
80.123.94.70 - - [19/Apr/2017:13:38:48 +0200] "GET /entry.php?id=10778&form=11518&name=list& HTTP/1.1" 200 6685 "http://ed.activities.at/entry.php?id=11693" "Mozilla/5.0 (Windows NT 10.0; WOW64) AppleWebKit/537.36 (KHTML, like Gecko) Chrome/57.0.2987.133 Safari/537.36"
80.123.94.70 - - [19/Apr/2017:13:38:49 +0200] "GET /entry.php?id=11148&object=10252447&view=thumbnail&width=100&height=100&wrap=false&mime=image/jpeg&image=jpg.gif HTTP/1.1" 200 1593 "http://ed.activities.at/entry.php?id=10778&form=11518&name=list&" "Mozilla/5.0 (Windows NT 10.0; WOW64) AppleWebKit/537.36 (KHTML, like Gecko) Chrome/57.0.2987.133 Safari/537.36"
80.123.94.70 - - [19/Apr/2017:13:38:49 +0200] "GET /cache/emu/images/easy-drivers-horn10252447/_100_100.jpg HTTP/1.1" 304 - "http://ed.activities.at/entry.php?id=11148&object=10252447&view=thumbnail&width=100&height=100&wrap=false&mime=image/jpeg&image=jpg.gif" "Mozilla/5.0 (Windows NT 10.0; WOW64) AppleWebKit/537.36 (KHTML, like Gecko) Chrome/57.0.2987.133 Safari/537.36"
80.123.94.70 - - [19/Apr/2017:13:38:49 +0200] "GET /gui/javascript/form_form.js?1492601929 HTTP/1.1" 200 16206 "http://ed.activities.at/entry.php?id=11148&object=10252447&view=thumbnail&width=100&height=100&wrap=false&mime=image/jpeg&image=jpg.gif" "Mozilla/5.0 (Windows NT 10.0; WOW64) AppleWebKit/537.36 (KHTML, like Gecko) Chrome/57.0.2987.133 Safari/537.36"
80.123.94.70 - - [19/Apr/2017:13:38:49 +0200] "GET /entry.php?id=11148&object=10252448&view=thumbnail&width=100&height=100&wrap=false&mime=image/jpeg&image=jpg.gif HTTP/1.1" 200 1593 "http://ed.activities.at/entry.php?id=10778&form=11518&name=list&" "Mozilla/5.0 (Windows NT 10.0; WOW64) AppleWebKit/537.36 (KHTML, like Gecko) Chrome/57.0.2987.133 Safari/537.36"
80.123.94.70 - - [19/Apr/2017:13:38:49 +0200] "GET /cache/emu/images/easy-drivers-horn10252448/_100_100.jpg HTTP/1.1" 304 - "http://ed.activities.at/entry.php?id=11148&object=10252448&view=thumbnail&width=100&height=100&wrap=false&mime=image/jpeg&image=jpg.gif" "Mozilla/5.0 (Windows NT 10.0; WOW64) AppleWebKit/537.36 (KHTML, like Gecko) Chrome/57.0.2987.133 Safari/537.36"
80.123.94.70 - - [19/Apr/2017:13:38:49 +0200] "GET /entry.php?id=11148&object=10252451&view=thumbnail&width=100&height=100&wrap=false&mime=image/jpeg&image=jpg.gif HTTP/1.1" 200 1593 "http://ed.activities.at/entry.php?id=10778&form=11518&name=list&" "Mozilla/5.0 (Windows NT 10.0; WOW64) AppleWebKit/537.36 (KHTML, like Gecko) Chrome/57.0.2987.133 Safari/537.36"
80.123.94.70 - - [19/Apr/2017:13:38:49 +0200] "GET /cache/emu/images/easy-drivers-horn10252451/_100_100.jpg HTTP/1.1" 304 - "http://ed.activities.at/entry.php?id=11148&object=10252451&view=thumbnail&width=100&height=100&wrap=false&mime=image/jpeg&image=jpg.gif" "Mozilla/5.0 (Windows NT 10.0; WOW64) AppleWebKit/537.36 (KHTML, like Gecko) Chrome/57.0.2987.133 Safari/537.36"
80.123.94.70 - - [19/Apr/2017:13:38:49 +0200] "GET /entry.php?id=11148&object=10267903&view=thumbnail&width=100&height=100&wrap=false&mime=image/jpeg&image=jpg.gif HTTP/1.1" 200 1595 "http://ed.activities.at/entry.php?id=10778&form=11518&name=list&" "Mozilla/5.0 (Windows NT 10.0; WOW64) AppleWebKit/537.36 (KHTML, like Gecko) Chrome/57.0.2987.133 Safari/537.36"
80.123.94.70 - - [19/Apr/2017:13:38:49 +0200] "GET /cache/emu/images/easy-drivers-horn10267903/_66_100.jpg HTTP/1.1" 200 2475 "http://ed.activities.at/entry.php?id=11148&object=10267903&view=thumbnail&width=100&height=100&wrap=false&mime=image/jpeg&image=jpg.gif" "Mozilla/5.0 (Windows NT 10.0; WOW64) AppleWebKit/537.36 (KHTML, like Gecko) Chrome/57.0.2987.133 Safari/537.36"
80.123.94.70 - - [19/Apr/2017:13:38:49 +0200] "GET /entry.php?id=11148&object=10203650&view=thumbnail&width=100&height=100&wrap=false&mime=image/jpeg&image=jpg.gif HTTP/1.1" 200 1606 "http://ed.activities.at/entry.php?id=10778&form=11518&name=list&" "Mozilla/5.0 (Windows NT 10.0; WOW64) AppleWebKit/537.36 (KHTML, like Gecko) Chrome/57.0.2987.133 Safari/537.36"
80.123.94.70 - - [19/Apr/2017:13:38:50 +0200] "GET /cache/emu/images/easy-drivers-horn10203650/nopic-de-bgjpg_100_100_1.jpg HTTP/1.1" 200 2703 "http://ed.activities.at/entry.php?id=11148&object=10203650&view=thumbnail&width=100&height=100&wrap=false&mime=image/jpeg&image=jpg.gif" "Mozilla/5.0 (Windows NT 10.0; WOW64) AppleWebKit/537.36 (KHTML, like Gecko) Chrome/57.0.2987.133 Safari/537.36"
80.123.94.70 - - [19/Apr/2017:13:38:50 +0200] "GET /entry.php?id=11670 HTTP/1.1" 200 320 "http://ed.activities.at/entry.php?id=10270&__app__=10006038" "Mozilla/5.0 (Windows NT 10.0; WOW64) AppleWebKit/537.36 (KHTML, like Gecko) Chrome/57.0.2987.133 Safari/537.36"
80.123.94.70 - - [19/Apr/2017:13:38:50 +0200] "GET /entry.php?id=11669& HTTP/1.1" 200 2281 "http://ed.activities.at/entry.php?id=11670" "Mozilla/5.0 (Windows NT 10.0; WOW64) AppleWebKit/537.36 (KHTML, like Gecko) Chrome/57.0.2987.133 Safari/537.36"
80.123.94.70 - - [19/Apr/2017:13:38:51 +0200] "GET /gui/javascript/form_form.js?1492601931 HTTP/1.1" 200 16206 "http://ed.activities.at/entry.php?id=11669&" "Mozilla/5.0 (Windows NT 10.0; WOW64) AppleWebKit/537.36 (KHTML, like Gecko) Chrome/57.0.2987.133 Safari/537.36"
80.123.94.70 - - [19/Apr/2017:13:38:50 +0200] "GET /entry.php?id=11668& HTTP/1.1" 200 3366 "http://ed.activities.at/entry.php?id=11670" "Mozilla/5.0 (Windows NT 10.0; WOW64) AppleWebKit/537.36 (KHTML, like Gecko) Chrome/57.0.2987.133 Safari/537.36"
80.123.94.70 - - [19/Apr/2017:13:38:50 +0200] "GET /entry.php?id=10676&&title=Produkte HTTP/1.1" 200 1387 "http://ed.activities.at/entry.php?id=11670" "Mozilla/5.0 (Windows NT 10.0; WOW64) AppleWebKit/537.36 (KHTML, like Gecko) Chrome/57.0.2987.133 Safari/537.36"
80.123.94.70 - - [19/Apr/2017:13:38:51 +0200] "GET /entry.php?id=10778&form=11494&name=list& HTTP/1.1" 200 4980 "http://ed.activities.at/entry.php?id=11669&" "Mozilla/5.0 (Windows NT 10.0; WOW64) AppleWebKit/537.36 (KHTML, like Gecko) Chrome/57.0.2987.133 Safari/537.36"
80.123.94.70 - - [19/Apr/2017:13:38:51 +0200] "GET /entry.php?id=10776&form=11494&name=list& HTTP/1.1" 200 1992 "http://ed.activities.at/entry.php?id=11669&" "Mozilla/5.0 (Windows NT 10.0; WOW64) AppleWebKit/537.36 (KHTML, like Gecko) Chrome/57.0.2987.133 Safari/537.36"
80.123.94.70 - - [19/Apr/2017:13:38:51 +0200] "GET /entry.php?id=10776&form=11493&name=list& HTTP/1.1" 200 1487 "http://ed.activities.at/entry.php?id=11668&" "Mozilla/5.0 (Windows NT 10.0; WOW64) AppleWebKit/537.36 (KHTML, like Gecko) Chrome/57.0.2987.133 Safari/537.36"
80.123.94.70 - - [19/Apr/2017:13:38:51 +0200] "GET /entry.php?id=10778&form=11493&name=list& HTTP/1.1" 200 2487 "http://ed.activities.at/entry.php?id=11668&" "Mozilla/5.0 (Windows NT 10.0; WOW64) AppleWebKit/537.36 (KHTML, like Gecko) Chrome/57.0.2987.133 Safari/537.36"
80.123.94.70 - - [19/Apr/2017:13:38:52 +0200] "GET /entry.php?id=11664 HTTP/1.1" 200 343 "http://ed.activities.at/entry.php?id=10270&__app__=10006038" "Mozilla/5.0 (Windows NT 10.0; WOW64) AppleWebKit/537.36 (KHTML, like Gecko) Chrome/57.0.2987.133 Safari/537.36"
80.123.94.70 - - [19/Apr/2017:13:38:53 +0200] "GET /entry.php?id=10676&&title=Standorte HTTP/1.1" 200 1388 "http://ed.activities.at/entry.php?id=11664" "Mozilla/5.0 (Windows NT 10.0; WOW64) AppleWebKit/537.36 (KHTML, like Gecko) Chrome/57.0.2987.133 Safari/537.36"
80.123.94.70 - - [19/Apr/2017:13:38:53 +0200] "GET /gui/javascript/form_form.js?1492601933 HTTP/1.1" 200 16206 "http://ed.activities.at/entry.php?id=10676&&title=Standorte" "Mozilla/5.0 (Windows NT 10.0; WOW64) AppleWebKit/537.36 (KHTML, like Gecko) Chrome/57.0.2987.133 Safari/537.36"
80.123.94.70 - - [19/Apr/2017:13:38:53 +0200] "GET /entry.php?id=11665& HTTP/1.1" 200 2317 "http://ed.activities.at/entry.php?id=11664" "Mozilla/5.0 (Windows NT 10.0; WOW64) AppleWebKit/537.36 (KHTML, like Gecko) Chrome/57.0.2987.133 Safari/537.36"
80.123.94.70 - - [19/Apr/2017:13:38:53 +0200] "GET /entry.php?id=11697& HTTP/1.1" 200 2602 "http://ed.activities.at/entry.php?id=11664" "Mozilla/5.0 (Windows NT 10.0; WOW64) AppleWebKit/537.36 (KHTML, like Gecko) Chrome/57.0.2987.133 Safari/537.36"
80.123.94.70 - - [19/Apr/2017:13:38:53 +0200] "GET /entry.php?id=11666& HTTP/1.1" 200 3704 "http://ed.activities.at/entry.php?id=11664" "Mozilla/5.0 (Windows NT 10.0; WOW64) AppleWebKit/537.36 (KHTML, like Gecko) Chrome/57.0.2987.133 Safari/537.36"
80.123.94.70 - - [19/Apr/2017:13:38:54 +0200] "GET /gui/javascript/form_form.js?1492601934 HTTP/1.1" 200 16206 "http://ed.activities.at/entry.php?id=11666&" "Mozilla/5.0 (Windows NT 10.0; WOW64) AppleWebKit/537.36 (KHTML, like Gecko) Chrome/57.0.2987.133 Safari/537.36"
80.123.94.70 - - [19/Apr/2017:13:38:53 +0200] "GET /entry.php?id=10776&form=11490&name=list& HTTP/1.1" 200 2009 "http://ed.activities.at/entry.php?id=11665&" "Mozilla/5.0 (Windows NT 10.0; WOW64) AppleWebKit/537.36 (KHTML, like Gecko) Chrome/57.0.2987.133 Safari/537.36"
80.123.94.70 - - [19/Apr/2017:13:38:53 +0200] "GET /entry.php?id=10778&form=11490&name=list& HTTP/1.1" 200 3577 "http://ed.activities.at/entry.php?id=11665&" "Mozilla/5.0 (Windows NT 10.0; WOW64) AppleWebKit/537.36 (KHTML, like Gecko) Chrome/57.0.2987.133 Safari/537.36"
80.123.94.70 - - [19/Apr/2017:13:38:54 +0200] "GET /entry.php?id=10776&form=11522&name=list& HTTP/1.1" 200 2253 "http://ed.activities.at/entry.php?id=11697&" "Mozilla/5.0 (Windows NT 10.0; WOW64) AppleWebKit/537.36 (KHTML, like Gecko) Chrome/57.0.2987.133 Safari/537.36"
80.123.94.70 - - [19/Apr/2017:13:38:54 +0200] "GET /entry.php?id=10778&form=11522&name=list& HTTP/1.1" 200 7065 "http://ed.activities.at/entry.php?id=11697&" "Mozilla/5.0 (Windows NT 10.0; WOW64) AppleWebKit/537.36 (KHTML, like Gecko) Chrome/57.0.2987.133 Safari/537.36"
212.108.43.59 - - [19/Apr/2017:13:39:08 +0200] "GET /entry.php?id=10271&&ser=601888 HTTP/1.1" 200 986 "http://ed.activities.at/entry.php?id=10271&&ser=601828" "Mozilla/5.0 (Windows NT 10.0; Win64; x64) AppleWebKit/537.36 (KHTML, like Gecko) Chrome/57.0.2987.133 Safari/537.36"
212.108.43.59 - - [19/Apr/2017:13:39:08 +0200] "GET /gui/javascript/form_form.js?1492601948 HTTP/1.1" 200 16206 "http://ed.activities.at/entry.php?id=10271&&ser=601888" "Mozilla/5.0 (Windows NT 10.0; Win64; x64) AppleWebKit/537.36 (KHTML, like Gecko) Chrome/57.0.2987.133 Safari/537.36"
80.123.94.70 - - [19/Apr/2017:13:39:09 +0200] "GET /entry.php?id=11667&object=10252360&company=10221872 HTTP/1.1" 200 4074 "http://ed.activities.at/entry.php?id=11412" "Mozilla/5.0 (Windows NT 10.0; WOW64) AppleWebKit/537.36 (KHTML, like Gecko) Chrome/57.0.2987.133 Safari/537.36"
80.123.94.70 - - [19/Apr/2017:13:39:10 +0200] "GET /gui/javascript/form_form.js?1492601949 HTTP/1.1" 200 16206 "http://ed.activities.at/entry.php?id=11667&object=10252360&company=10221872" "Mozilla/5.0 (Windows NT 10.0; WOW64) AppleWebKit/537.36 (KHTML, like Gecko) Chrome/57.0.2987.133 Safari/537.36"
80.123.94.70 - - [19/Apr/2017:13:39:10 +0200] "GET /entry.php?id=10776&form=11492&name=mandantlist& HTTP/1.1" 200 1407 "http://ed.activities.at/entry.php?id=11667&object=10252360&company=10221872" "Mozilla/5.0 (Windows NT 10.0; WOW64) AppleWebKit/537.36 (KHTML, like Gecko) Chrome/57.0.2987.133 Safari/537.36"
80.123.94.70 - - [19/Apr/2017:13:39:10 +0200] "GET /entry.php?id=10778&form=11492&name=mandantlist& HTTP/1.1" 200 3655 "http://ed.activities.at/entry.php?id=11667&object=10252360&company=10221872" "Mozilla/5.0 (Windows NT 10.0; WOW64) AppleWebKit/537.36 (KHTML, like Gecko) Chrome/57.0.2987.133 Safari/537.36"
80.123.94.70 - - [19/Apr/2017:13:39:14 +0200] "POST /entry.php?id=11667 HTTP/1.1" 200 3392 "http://ed.activities.at/entry.php?id=11667&object=10252360&company=10221872" "Mozilla/5.0 (Windows NT 10.0; WOW64) AppleWebKit/537.36 (KHTML, like Gecko) Chrome/57.0.2987.133 Safari/537.36"
80.123.94.70 - - [19/Apr/2017:13:39:15 +0200] "GET /gui/images/icons/disabled_email.gif HTTP/1.1" 200 940 "http://ed.activities.at/entry.php?id=11667" "Mozilla/5.0 (Windows NT 10.0; WOW64) AppleWebKit/537.36 (KHTML, like Gecko) Chrome/57.0.2987.133 Safari/537.36"
80.123.94.70 - - [19/Apr/2017:13:39:15 +0200] "GET /gui/images/icons/disabled_url.gif HTTP/1.1" 200 368 "http://ed.activities.at/entry.php?id=11667" "Mozilla/5.0 (Windows NT 10.0; WOW64) AppleWebKit/537.36 (KHTML, like Gecko) Chrome/57.0.2987.133 Safari/537.36"
80.123.94.70 - - [19/Apr/2017:13:39:15 +0200] "GET /gui/javascript/form_form.js?1492601954 HTTP/1.1" 200 16206 "http://ed.activities.at/entry.php?id=11667" "Mozilla/5.0 (Windows NT 10.0; WOW64) AppleWebKit/537.36 (KHTML, like Gecko) Chrome/57.0.2987.133 Safari/537.36"
80.123.94.70 - - [19/Apr/2017:13:39:15 +0200] "POST /entry.php?id=11667 HTTP/1.1" 200 3717 "http://ed.activities.at/entry.php?id=11667" "Mozilla/5.0 (Windows NT 10.0; WOW64) AppleWebKit/537.36 (KHTML, like Gecko) Chrome/57.0.2987.133 Safari/537.36"
80.123.94.70 - - [19/Apr/2017:13:39:16 +0200] "GET /gui/javascript/form_form.js?1492601956 HTTP/1.1" 200 16206 "http://ed.activities.at/entry.php?id=11667" "Mozilla/5.0 (Windows NT 10.0; WOW64) AppleWebKit/537.36 (KHTML, like Gecko) Chrome/57.0.2987.133 Safari/537.36"
80.123.94.70 - - [19/Apr/2017:13:39:16 +0200] "GET /entry.php?id=11148&object=10252447&view=thumbnail&width=150&height=150&wrap=false&mime=image/jpeg&image=jpg.gif HTTP/1.1" 200 1596 "http://ed.activities.at/entry.php?id=11667" "Mozilla/5.0 (Windows NT 10.0; WOW64) AppleWebKit/537.36 (KHTML, like Gecko) Chrome/57.0.2987.133 Safari/537.36"
80.123.94.70 - - [19/Apr/2017:13:39:17 +0200] "GET /framework/webfx/javascript/tinymce/skins/lightgray/content.min.css HTTP/1.1" 404 327 "http://ed.activities.at/entry.php?id=11667" "Mozilla/5.0 (Windows NT 10.0; WOW64) AppleWebKit/537.36 (KHTML, like Gecko) Chrome/57.0.2987.133 Safari/537.36"
80.123.94.70 - - [19/Apr/2017:13:39:17 +0200] "GET /cache/emu/images/easy-drivers-horn10252447/_150_150.jpg HTTP/1.1" 200 5037 "http://ed.activities.at/entry.php?id=11148&object=10252447&view=thumbnail&width=150&height=150&wrap=false&mime=image/jpeg&image=jpg.gif" "Mozilla/5.0 (Windows NT 10.0; WOW64) AppleWebKit/537.36 (KHTML, like Gecko) Chrome/57.0.2987.133 Safari/537.36"
80.123.94.70 - - [19/Apr/2017:13:39:17 +0200] "GET /gui/javascript/form_form.js?1492601957 HTTP/1.1" 200 16206 "http://ed.activities.at/entry.php?id=11148&object=10252447&view=thumbnail&width=150&height=150&wrap=false&mime=image/jpeg&image=jpg.gif" "Mozilla/5.0 (Windows NT 10.0; WOW64) AppleWebKit/537.36 (KHTML, like Gecko) Chrome/57.0.2987.133 Safari/537.36"
80.123.94.70 - - [19/Apr/2017:13:39:21 +0200] "POST /entry.php?id=11667 HTTP/1.1" 200 3272 "http://ed.activities.at/entry.php?id=11667" "Mozilla/5.0 (Windows NT 10.0; WOW64) AppleWebKit/537.36 (KHTML, like Gecko) Chrome/57.0.2987.133 Safari/537.36"
80.123.94.70 - - [19/Apr/2017:13:39:22 +0200] "GET /gui/javascript/form_form.js?1492601962 HTTP/1.1" 200 16206 "http://ed.activities.at/entry.php?id=11667" "Mozilla/5.0 (Windows NT 10.0; WOW64) AppleWebKit/537.36 (KHTML, like Gecko) Chrome/57.0.2987.133 Safari/537.36"
80.123.94.70 - - [19/Apr/2017:13:39:22 +0200] "GET /entry.php?id=10778&form=11492&name=grouplist& HTTP/1.1" 200 2976 "http://ed.activities.at/entry.php?id=11667" "Mozilla/5.0 (Windows NT 10.0; WOW64) AppleWebKit/537.36 (KHTML, like Gecko) Chrome/57.0.2987.133 Safari/537.36"
80.123.94.70 - - [19/Apr/2017:13:39:22 +0200] "GET /entry.php?id=10776&form=11492&name=grouplist& HTTP/1.1" 200 1397 "http://ed.activities.at/entry.php?id=11667" "Mozilla/5.0 (Windows NT 10.0; WOW64) AppleWebKit/537.36 (KHTML, like Gecko) Chrome/57.0.2987.133 Safari/537.36"
212.108.43.59 - - [19/Apr/2017:13:39:25 +0200] "GET /entry.php?id=10271&&ser=601904 HTTP/1.1" 200 987 "http://ed.activities.at/entry.php?id=10271&&ser=601844" "Mozilla/5.0 (Windows NT 10.0; Win64; x64) AppleWebKit/537.36 (KHTML, like Gecko) Chrome/57.0.2987.133 Safari/537.36"
212.108.43.59 - - [19/Apr/2017:13:39:25 +0200] "GET /gui/javascript/form_form.js?1492601965 HTTP/1.1" 200 16206 "http://ed.activities.at/entry.php?id=10271&&ser=601904" "Mozilla/5.0 (Windows NT 10.0; Win64; x64) AppleWebKit/537.36 (KHTML, like Gecko) Chrome/57.0.2987.133 Safari/537.36"
80.123.94.70 - - [19/Apr/2017:13:39:25 +0200] "GET /gui/images/icons/filter_off.gif HTTP/1.1" 200 309 "http://ed.activities.at/entry.php?id=10776&form=11522&name=list&" "Mozilla/5.0 (Windows NT 10.0; WOW64) AppleWebKit/537.36 (KHTML, like Gecko) Chrome/57.0.2987.133 Safari/537.36"
80.123.94.70 - - [19/Apr/2017:13:39:27 +0200] "POST /entry.php?id=11697 HTTP/1.1" 200 2603 "http://ed.activities.at/entry.php?id=11697&" "Mozilla/5.0 (Windows NT 10.0; WOW64) AppleWebKit/537.36 (KHTML, like Gecko) Chrome/57.0.2987.133 Safari/537.36"
80.123.94.70 - - [19/Apr/2017:13:39:27 +0200] "GET /gui/javascript/form_form.js?1492601967 HTTP/1.1" 200 16206 "http://ed.activities.at/entry.php?id=11697" "Mozilla/5.0 (Windows NT 10.0; WOW64) AppleWebKit/537.36 (KHTML, like Gecko) Chrome/57.0.2987.133 Safari/537.36"
80.123.94.70 - - [19/Apr/2017:13:39:27 +0200] "GET /entry.php?id=10778&form=11522&name=list& HTTP/1.1" 200 7069 "http://ed.activities.at/entry.php?id=11697" "Mozilla/5.0 (Windows NT 10.0; WOW64) AppleWebKit/537.36 (KHTML, like Gecko) Chrome/57.0.2987.133 Safari/537.36"
80.123.94.70 - - [19/Apr/2017:13:39:27 +0200] "GET /entry.php?id=10776&form=11522&name=list& HTTP/1.1" 200 2253 "http://ed.activities.at/entry.php?id=11697" "Mozilla/5.0 (Windows NT 10.0; WOW64) AppleWebKit/537.36 (KHTML, like Gecko) Chrome/57.0.2987.133 Safari/537.36"
80.123.94.70 - - [19/Apr/2017:13:39:29 +0200] "GET /entry.php?id=11667&object=&company=10221872 HTTP/1.1" 200 3964 "http://ed.activities.at/entry.php?id=11412" "Mozilla/5.0 (Windows NT 10.0; WOW64) AppleWebKit/537.36 (KHTML, like Gecko) Chrome/57.0.2987.133 Safari/537.36"
212.108.43.59 - - [19/Apr/2017:13:39:29 +0200] "GET /entry.php?id=10271&&ser=601909 HTTP/1.1" 200 987 "http://ed.activities.at/entry.php?id=10271&&ser=601848" "Mozilla/5.0 (Windows NT 10.0; Win64; x64) AppleWebKit/537.36 (KHTML, like Gecko) Chrome/57.0.2987.133 Safari/537.36"
80.123.94.70 - - [19/Apr/2017:13:39:29 +0200] "GET /gui/javascript/form_form.js?1492601969 HTTP/1.1" 200 16206 "http://ed.activities.at/entry.php?id=11667&object=&company=10221872" "Mozilla/5.0 (Windows NT 10.0; WOW64) AppleWebKit/537.36 (KHTML, like Gecko) Chrome/57.0.2987.133 Safari/537.36"
212.108.43.59 - - [19/Apr/2017:13:39:29 +0200] "GET /gui/javascript/form_form.js?1492601969 HTTP/1.1" 200 16206 "http://ed.activities.at/entry.php?id=10271&&ser=601909" "Mozilla/5.0 (Windows NT 10.0; Win64; x64) AppleWebKit/537.36 (KHTML, like Gecko) Chrome/57.0.2987.133 Safari/537.36"
80.123.94.70 - - [19/Apr/2017:13:39:29 +0200] "GET /entry.php?id=10776&form=11492&name=mandantlist& HTTP/1.1" 200 1407 "http://ed.activities.at/entry.php?id=11667&object=&company=10221872" "Mozilla/5.0 (Windows NT 10.0; WOW64) AppleWebKit/537.36 (KHTML, like Gecko) Chrome/57.0.2987.133 Safari/537.36"
80.123.94.70 - - [19/Apr/2017:13:39:29 +0200] "GET /entry.php?id=10778&form=11492&name=mandantlist& HTTP/1.1" 200 3636 "http://ed.activities.at/entry.php?id=11667&object=&company=10221872" "Mozilla/5.0 (Windows NT 10.0; WOW64) AppleWebKit/537.36 (KHTML, like Gecko) Chrome/57.0.2987.133 Safari/537.36"
80.123.94.70 - - [19/Apr/2017:13:39:42 +0200] "GET /entry.php?id=10271&&ser=601922 HTTP/1.1" 200 987 "http://ed.activities.at/entry.php?id=10271&UIN=e15426c11c5794a5c4bf690e9c2a48e4" "Mozilla/5.0 (Windows NT 10.0; WOW64) AppleWebKit/537.36 (KHTML, like Gecko) Chrome/57.0.2987.133 Safari/537.36"
80.123.94.70 - - [19/Apr/2017:13:39:42 +0200] "GET /gui/javascript/form_form.js?1492601982 HTTP/1.1" 200 16206 "http://ed.activities.at/entry.php?id=10271&&ser=601922" "Mozilla/5.0 (Windows NT 10.0; WOW64) AppleWebKit/537.36 (KHTML, like Gecko) Chrome/57.0.2987.133 Safari/537.36"
195.245.225.251 - - [19/Apr/2017:13:39:44 +0200] "GET /entry.php?id=10271&&ser=601923 HTTP/1.1" 200 987 "http://ed.activities.at/entry.php?id=10271&&ser=601862" "Mozilla/5.0 (Macintosh; Intel Mac OS X 10_12_4) AppleWebKit/537.36 (KHTML, like Gecko) Chrome/57.0.2987.133 Safari/537.36"
195.245.225.251 - - [19/Apr/2017:13:39:44 +0200] "GET /gui/javascript/form_form.js?1492601984 HTTP/1.1" 200 16206 "http://ed.activities.at/entry.php?id=10271&&ser=601923" "Mozilla/5.0 (Macintosh; Intel Mac OS X 10_12_4) AppleWebKit/537.36 (KHTML, like Gecko) Chrome/57.0.2987.133 Safari/537.36"
80.123.94.70 - - [19/Apr/2017:13:39:47 +0200] "POST /entry.php?id=11667 HTTP/1.1" 200 4639 "http://ed.activities.at/entry.php?id=11667&object=&company=10221872" "Mozilla/5.0 (Windows NT 10.0; WOW64) AppleWebKit/537.36 (KHTML, like Gecko) Chrome/57.0.2987.133 Safari/537.36"
80.123.94.70 - - [19/Apr/2017:13:39:48 +0200] "GET /gui/javascript/form_form.js?1492601988 HTTP/1.1" 200 16206 "http://ed.activities.at/entry.php?id=11667" "Mozilla/5.0 (Windows NT 10.0; WOW64) AppleWebKit/537.36 (KHTML, like Gecko) Chrome/57.0.2987.133 Safari/537.36"
80.123.94.70 - - [19/Apr/2017:13:39:48 +0200] "GET /entry.php?id=10778&form=11492&name=mandantlist& HTTP/1.1" 200 3634 "http://ed.activities.at/entry.php?id=11667" "Mozilla/5.0 (Windows NT 10.0; WOW64) AppleWebKit/537.36 (KHTML, like Gecko) Chrome/57.0.2987.133 Safari/537.36"
80.123.94.70 - - [19/Apr/2017:13:39:48 +0200] "GET /entry.php?id=10776&form=11492&name=mandantlist& HTTP/1.1" 200 1407 "http://ed.activities.at/entry.php?id=11667" "Mozilla/5.0 (Windows NT 10.0; WOW64) AppleWebKit/537.36 (KHTML, like Gecko) Chrome/57.0.2987.133 Safari/537.36"
80.123.94.70 - - [19/Apr/2017:13:39:48 +0200] "POST /entry.php?id=11667 HTTP/1.1" 200 3615 "http://ed.activities.at/entry.php?id=11667" "Mozilla/5.0 (Windows NT 10.0; WOW64) AppleWebKit/537.36 (KHTML, like Gecko) Chrome/57.0.2987.133 Safari/537.36"
80.123.94.70 - - [19/Apr/2017:13:39:50 +0200] "GET /gui/javascript/form_form.js?1492601990 HTTP/1.1" 200 16206 "http://ed.activities.at/entry.php?id=11667" "Mozilla/5.0 (Windows NT 10.0; WOW64) AppleWebKit/537.36 (KHTML, like Gecko) Chrome/57.0.2987.133 Safari/537.36"
80.123.94.70 - - [19/Apr/2017:13:39:50 +0200] "GET /entry.php?id=11148 HTTP/1.1" 200 1476 "http://ed.activities.at/entry.php?id=11667" "Mozilla/5.0 (Windows NT 10.0; WOW64) AppleWebKit/537.36 (KHTML, like Gecko) Chrome/57.0.2987.133 Safari/537.36"
80.123.94.70 - - [19/Apr/2017:13:39:50 +0200] "GET /framework/webfx/javascript/tinymce/skins/lightgray/content.min.css HTTP/1.1" 404 327 "http://ed.activities.at/entry.php?id=11667" "Mozilla/5.0 (Windows NT 10.0; WOW64) AppleWebKit/537.36 (KHTML, like Gecko) Chrome/57.0.2987.133 Safari/537.36"
80.123.94.70 - - [19/Apr/2017:13:40:02 +0200] "POST /entry.php?id=11667 HTTP/1.1" 200 4236 "http://ed.activities.at/entry.php?id=11667" "Mozilla/5.0 (Windows NT 10.0; WOW64) AppleWebKit/537.36 (KHTML, like Gecko) Chrome/57.0.2987.133 Safari/537.36"
80.123.94.70 - - [19/Apr/2017:13:40:03 +0200] "GET /gui/javascript/form_form.js?1492602003 HTTP/1.1" 200 16206 "http://ed.activities.at/entry.php?id=11667" "Mozilla/5.0 (Windows NT 10.0; WOW64) AppleWebKit/537.36 (KHTML, like Gecko) Chrome/57.0.2987.133 Safari/537.36"
80.123.94.70 - - [19/Apr/2017:13:40:03 +0200] "GET /framework/webfx/javascript/tinymce/skins/lightgray/content.min.css HTTP/1.1" 404 327 "http://ed.activities.at/entry.php?id=11667" "Mozilla/5.0 (Windows NT 10.0; WOW64) AppleWebKit/537.36 (KHTML, like Gecko) Chrome/57.0.2987.133 Safari/537.36"
80.123.94.70 - - [19/Apr/2017:13:40:03 +0200] "GET /entry.php?id=11148 HTTP/1.1" 200 1476 "http://ed.activities.at/entry.php?id=11667" "Mozilla/5.0 (Windows NT 10.0; WOW64) AppleWebKit/537.36 (KHTML, like Gecko) Chrome/57.0.2987.133 Safari/537.36"
80.123.94.70 - - [19/Apr/2017:13:40:04 +0200] "POST /entry.php?id=11667 HTTP/1.1" 200 3265 "http://ed.activities.at/entry.php?id=11667" "Mozilla/5.0 (Windows NT 10.0; WOW64) AppleWebKit/537.36 (KHTML, like Gecko) Chrome/57.0.2987.133 Safari/537.36"
80.123.94.70 - - [19/Apr/2017:13:40:04 +0200] "GET /gui/javascript/form_form.js?1492602004 HTTP/1.1" 200 16206 "http://ed.activities.at/entry.php?id=11667" "Mozilla/5.0 (Windows NT 10.0; WOW64) AppleWebKit/537.36 (KHTML, like Gecko) Chrome/57.0.2987.133 Safari/537.36"
80.123.94.70 - - [19/Apr/2017:13:40:05 +0200] "GET /entry.php?id=10776&form=11492&name=grouplist& HTTP/1.1" 200 1397 "http://ed.activities.at/entry.php?id=11667" "Mozilla/5.0 (Windows NT 10.0; WOW64) AppleWebKit/537.36 (KHTML, like Gecko) Chrome/57.0.2987.133 Safari/537.36"
80.123.94.70 - - [19/Apr/2017:13:40:05 +0200] "GET /entry.php?id=10778&form=11492&name=grouplist& HTTP/1.1" 200 2966 "http://ed.activities.at/entry.php?id=11667" "Mozilla/5.0 (Windows NT 10.0; WOW64) AppleWebKit/537.36 (KHTML, like Gecko) Chrome/57.0.2987.133 Safari/537.36"
80.123.94.70 - - [19/Apr/2017:13:40:07 +0200] "POST /entry.php?id=11667 HTTP/1.1" 200 3865 "http://ed.activities.at/entry.php?id=11667" "Mozilla/5.0 (Windows NT 10.0; WOW64) AppleWebKit/537.36 (KHTML, like Gecko) Chrome/57.0.2987.133 Safari/537.36"
80.123.94.70 - - [19/Apr/2017:13:40:08 +0200] "GET /gui/javascript/form_form.js?1492602008 HTTP/1.1" 200 16206 "http://ed.activities.at/entry.php?id=11667" "Mozilla/5.0 (Windows NT 10.0; WOW64) AppleWebKit/537.36 (KHTML, like Gecko) Chrome/57.0.2987.133 Safari/537.36"
80.123.94.70 - - [19/Apr/2017:13:40:08 +0200] "GET /entry.php?id=10776&form=11492&name=grouplist& HTTP/1.1" 200 1397 "http://ed.activities.at/entry.php?id=11667" "Mozilla/5.0 (Windows NT 10.0; WOW64) AppleWebKit/537.36 (KHTML, like Gecko) Chrome/57.0.2987.133 Safari/537.36"
80.123.94.70 - - [19/Apr/2017:13:40:08 +0200] "GET /entry.php?id=10778&form=11492&name=grouplist& HTTP/1.1" 200 2976 "http://ed.activities.at/entry.php?id=11667" "Mozilla/5.0 (Windows NT 10.0; WOW64) AppleWebKit/537.36 (KHTML, like Gecko) Chrome/57.0.2987.133 Safari/537.36"
212.108.43.59 - - [19/Apr/2017:13:40:09 +0200] "GET /entry.php?id=10271&&ser=601948 HTTP/1.1" 200 986 "http://ed.activities.at/entry.php?id=10271&&ser=601888" "Mozilla/5.0 (Windows NT 10.0; Win64; x64) AppleWebKit/537.36 (KHTML, like Gecko) Chrome/57.0.2987.133 Safari/537.36"
212.108.43.59 - - [19/Apr/2017:13:40:09 +0200] "GET /gui/javascript/form_form.js?1492602009 HTTP/1.1" 200 16206 "http://ed.activities.at/entry.php?id=10271&&ser=601948" "Mozilla/5.0 (Windows NT 10.0; Win64; x64) AppleWebKit/537.36 (KHTML, like Gecko) Chrome/57.0.2987.133 Safari/537.36"
80.123.94.70 - - [19/Apr/2017:13:40:10 +0200] "GET /entry.php?id=11670 HTTP/1.1" 200 320 "http://ed.activities.at/entry.php?id=10270&__app__=10006038" "Mozilla/5.0 (Windows NT 10.0; WOW64) AppleWebKit/537.36 (KHTML, like Gecko) Chrome/57.0.2987.133 Safari/537.36"
80.123.94.70 - - [19/Apr/2017:13:40:11 +0200] "GET /entry.php?id=11669& HTTP/1.1" 200 2280 "http://ed.activities.at/entry.php?id=11670" "Mozilla/5.0 (Windows NT 10.0; WOW64) AppleWebKit/537.36 (KHTML, like Gecko) Chrome/57.0.2987.133 Safari/537.36"
80.123.94.70 - - [19/Apr/2017:13:40:11 +0200] "GET /gui/javascript/form_form.js?1492602011 HTTP/1.1" 200 16206 "http://ed.activities.at/entry.php?id=11669&" "Mozilla/5.0 (Windows NT 10.0; WOW64) AppleWebKit/537.36 (KHTML, like Gecko) Chrome/57.0.2987.133 Safari/537.36"
80.123.94.70 - - [19/Apr/2017:13:40:11 +0200] "GET /entry.php?id=11668& HTTP/1.1" 200 3366 "http://ed.activities.at/entry.php?id=11670" "Mozilla/5.0 (Windows NT 10.0; WOW64) AppleWebKit/537.36 (KHTML, like Gecko) Chrome/57.0.2987.133 Safari/537.36"
80.123.94.70 - - [19/Apr/2017:13:40:12 +0200] "GET /gui/javascript/form_form.js?1492602012 HTTP/1.1" 200 16206 "http://ed.activities.at/entry.php?id=11668&" "Mozilla/5.0 (Windows NT 10.0; WOW64) AppleWebKit/537.36 (KHTML, like Gecko) Chrome/57.0.2987.133 Safari/537.36"
80.123.94.70 - - [19/Apr/2017:13:40:11 +0200] "GET /entry.php?id=10676&&title=Produkte HTTP/1.1" 200 1388 "http://ed.activities.at/entry.php?id=11670" "Mozilla/5.0 (Windows NT 10.0; WOW64) AppleWebKit/537.36 (KHTML, like Gecko) Chrome/57.0.2987.133 Safari/537.36"
80.123.94.70 - - [19/Apr/2017:13:40:11 +0200] "GET /entry.php?id=10776&form=11494&name=list& HTTP/1.1" 200 1992 "http://ed.activities.at/entry.php?id=11669&" "Mozilla/5.0 (Windows NT 10.0; WOW64) AppleWebKit/537.36 (KHTML, like Gecko) Chrome/57.0.2987.133 Safari/537.36"
80.123.94.70 - - [19/Apr/2017:13:40:11 +0200] "GET /entry.php?id=10778&form=11494&name=list& HTTP/1.1" 200 4980 "http://ed.activities.at/entry.php?id=11669&" "Mozilla/5.0 (Windows NT 10.0; WOW64) AppleWebKit/537.36 (KHTML, like Gecko) Chrome/57.0.2987.133 Safari/537.36"
80.123.94.70 - - [19/Apr/2017:13:40:12 +0200] "GET /entry.php?id=10778&form=11493&name=list& HTTP/1.1" 200 2487 "http://ed.activities.at/entry.php?id=11668&" "Mozilla/5.0 (Windows NT 10.0; WOW64) AppleWebKit/537.36 (KHTML, like Gecko) Chrome/57.0.2987.133 Safari/537.36"
80.123.94.70 - - [19/Apr/2017:13:40:12 +0200] "GET /entry.php?id=10776&form=11493&name=list& HTTP/1.1" 200 1487 "http://ed.activities.at/entry.php?id=11668&" "Mozilla/5.0 (Windows NT 10.0; WOW64) AppleWebKit/537.36 (KHTML, like Gecko) Chrome/57.0.2987.133 Safari/537.36"
80.123.94.70 - - [19/Apr/2017:13:40:14 +0200] "GET /entry.php?id=11693 HTTP/1.1" 200 2506 "http://ed.activities.at/entry.php?id=10270&__app__=10006038" "Mozilla/5.0 (Windows NT 10.0; WOW64) AppleWebKit/537.36 (KHTML, like Gecko) Chrome/57.0.2987.133 Safari/537.36"
80.123.94.70 - - [19/Apr/2017:13:40:14 +0200] "GET /gui/javascript/form_form.js?1492602014 HTTP/1.1" 200 16206 "http://ed.activities.at/entry.php?id=11693" "Mozilla/5.0 (Windows NT 10.0; WOW64) AppleWebKit/537.36 (KHTML, like Gecko) Chrome/57.0.2987.133 Safari/537.36"
80.123.94.70 - - [19/Apr/2017:13:40:14 +0200] "GET /entry.php?id=10776&form=11518&name=list& HTTP/1.1" 200 1703 "http://ed.activities.at/entry.php?id=11693" "Mozilla/5.0 (Windows NT 10.0; WOW64) AppleWebKit/537.36 (KHTML, like Gecko) Chrome/57.0.2987.133 Safari/537.36"
80.123.94.70 - - [19/Apr/2017:13:40:14 +0200] "GET /entry.php?id=10778&form=11518&name=list& HTTP/1.1" 200 7074 "http://ed.activities.at/entry.php?id=11693" "Mozilla/5.0 (Windows NT 10.0; WOW64) AppleWebKit/537.36 (KHTML, like Gecko) Chrome/57.0.2987.133 Safari/537.36"
80.123.94.70 - - [19/Apr/2017:13:40:15 +0200] "GET /entry.php?id=11148&object=10252448&view=thumbnail&width=100&height=100&wrap=false&mime=image/jpeg&image=jpg.gif HTTP/1.1" 200 1594 "http://ed.activities.at/entry.php?id=10778&form=11518&name=list&" "Mozilla/5.0 (Windows NT 10.0; WOW64) AppleWebKit/537.36 (KHTML, like Gecko) Chrome/57.0.2987.133 Safari/537.36"
80.123.94.70 - - [19/Apr/2017:13:40:15 +0200] "GET /gui/javascript/form_form.js?1492602015 HTTP/1.1" 200 16206 "http://ed.activities.at/entry.php?id=11148&object=10252448&view=thumbnail&width=100&height=100&wrap=false&mime=image/jpeg&image=jpg.gif" "Mozilla/5.0 (Windows NT 10.0; WOW64) AppleWebKit/537.36 (KHTML, like Gecko) Chrome/57.0.2987.133 Safari/537.36"
80.123.94.70 - - [19/Apr/2017:13:40:15 +0200] "GET /entry.php?id=11148&object=10203650&view=thumbnail&width=100&height=100&wrap=false&mime=image/jpeg&image=jpg.gif HTTP/1.1" 200 1609 "http://ed.activities.at/entry.php?id=10778&form=11518&name=list&" "Mozilla/5.0 (Windows NT 10.0; WOW64) AppleWebKit/537.36 (KHTML, like Gecko) Chrome/57.0.2987.133 Safari/537.36"
80.123.94.70 - - [19/Apr/2017:13:40:15 +0200] "GET /entry.php?id=11148&object=10267903&view=thumbnail&width=100&height=100&wrap=false&mime=image/jpeg&image=jpg.gif HTTP/1.1" 200 1596 "http://ed.activities.at/entry.php?id=10778&form=11518&name=list&" "Mozilla/5.0 (Windows NT 10.0; WOW64) AppleWebKit/537.36 (KHTML, like Gecko) Chrome/57.0.2987.133 Safari/537.36"
80.123.94.70 - - [19/Apr/2017:13:40:15 +0200] "GET /entry.php?id=11148&object=10252451&view=thumbnail&width=100&height=100&wrap=false&mime=image/jpeg&image=jpg.gif HTTP/1.1" 200 1593 "http://ed.activities.at/entry.php?id=10778&form=11518&name=list&" "Mozilla/5.0 (Windows NT 10.0; WOW64) AppleWebKit/537.36 (KHTML, like Gecko) Chrome/57.0.2987.133 Safari/537.36"
80.123.94.70 - - [19/Apr/2017:13:40:15 +0200] "GET /entry.php?id=11148&object=10203650&view=thumbnail&width=100&height=100&wrap=false&mime=image/jpeg&image=jpg.gif HTTP/1.1" 200 1609 "http://ed.activities.at/entry.php?id=10778&form=11518&name=list&" "Mozilla/5.0 (Windows NT 10.0; WOW64) AppleWebKit/537.36 (KHTML, like Gecko) Chrome/57.0.2987.133 Safari/537.36"
80.123.94.70 - - [19/Apr/2017:13:40:15 +0200] "GET /entry.php?id=11148&object=10252447&view=thumbnail&width=100&height=100&wrap=false&mime=image/jpeg&image=jpg.gif HTTP/1.1" 200 1594 "http://ed.activities.at/entry.php?id=10778&form=11518&name=list&" "Mozilla/5.0 (Windows NT 10.0; WOW64) AppleWebKit/537.36 (KHTML, like Gecko) Chrome/57.0.2987.133 Safari/537.36"
80.123.94.70 - - [19/Apr/2017:13:40:16 +0200] "GET /gui/javascript/form_form.js?1492602016 HTTP/1.1" 200 16206 "http://ed.activities.at/entry.php?id=11148&object=10252447&view=thumbnail&width=100&height=100&wrap=false&mime=image/jpeg&image=jpg.gif" "Mozilla/5.0 (Windows NT 10.0; WOW64) AppleWebKit/537.36 (KHTML, like Gecko) Chrome/57.0.2987.133 Safari/537.36"
212.108.43.59 - - [19/Apr/2017:13:40:25 +0200] "GET /entry.php?id=10271&&ser=601965 HTTP/1.1" 200 986 "http://ed.activities.at/entry.php?id=10271&&ser=601904" "Mozilla/5.0 (Windows NT 10.0; Win64; x64) AppleWebKit/537.36 (KHTML, like Gecko) Chrome/57.0.2987.133 Safari/537.36"
212.108.43.59 - - [19/Apr/2017:13:40:25 +0200] "GET /gui/javascript/form_form.js?1492602025 HTTP/1.1" 200 16206 "http://ed.activities.at/entry.php?id=10271&&ser=601965" "Mozilla/5.0 (Windows NT 10.0; Win64; x64) AppleWebKit/537.36 (KHTML, like Gecko) Chrome/57.0.2987.133 Safari/537.36"
212.108.43.59 - - [19/Apr/2017:13:40:29 +0200] "GET /entry.php?id=10271&&ser=601969 HTTP/1.1" 200 986 "http://ed.activities.at/entry.php?id=10271&&ser=601909" "Mozilla/5.0 (Windows NT 10.0; Win64; x64) AppleWebKit/537.36 (KHTML, like Gecko) Chrome/57.0.2987.133 Safari/537.36"
212.108.43.59 - - [19/Apr/2017:13:40:30 +0200] "GET /gui/javascript/form_form.js?1492602029 HTTP/1.1" 200 16206 "http://ed.activities.at/entry.php?id=10271&&ser=601969" "Mozilla/5.0 (Windows NT 10.0; Win64; x64) AppleWebKit/537.36 (KHTML, like Gecko) Chrome/57.0.2987.133 Safari/537.36"
80.123.94.70 - - [19/Apr/2017:13:40:42 +0200] "POST /entry.php?id=11693 HTTP/1.1" 200 2507 "http://ed.activities.at/entry.php?id=10778&form=11518&name=list&" "Mozilla/5.0 (Windows NT 10.0; WOW64) AppleWebKit/537.36 (KHTML, like Gecko) Chrome/57.0.2987.133 Safari/537.36"
80.123.94.70 - - [19/Apr/2017:13:40:43 +0200] "GET /gui/javascript/form_form.js?1492602043 HTTP/1.1" 200 16206 "http://ed.activities.at/entry.php?id=11693" "Mozilla/5.0 (Windows NT 10.0; WOW64) AppleWebKit/537.36 (KHTML, like Gecko) Chrome/57.0.2987.133 Safari/537.36"
80.123.94.70 - - [19/Apr/2017:13:40:43 +0200] "GET /entry.php?id=10271&&ser=601982 HTTP/1.1" 200 986 "http://ed.activities.at/entry.php?id=10271&&ser=601922" "Mozilla/5.0 (Windows NT 10.0; WOW64) AppleWebKit/537.36 (KHTML, like Gecko) Chrome/57.0.2987.133 Safari/537.36"
80.123.94.70 - - [19/Apr/2017:13:40:43 +0200] "GET /entry.php?id=10776&form=11518&name=list& HTTP/1.1" 200 1703 "http://ed.activities.at/entry.php?id=11693" "Mozilla/5.0 (Windows NT 10.0; WOW64) AppleWebKit/537.36 (KHTML, like Gecko) Chrome/57.0.2987.133 Safari/537.36"
80.123.94.70 - - [19/Apr/2017:13:40:43 +0200] "GET /entry.php?id=10778&form=11518&name=list& HTTP/1.1" 200 7086 "http://ed.activities.at/entry.php?id=11693" "Mozilla/5.0 (Windows NT 10.0; WOW64) AppleWebKit/537.36 (KHTML, like Gecko) Chrome/57.0.2987.133 Safari/537.36"
80.123.94.70 - - [19/Apr/2017:13:40:43 +0200] "GET /entry.php?id=11148&object=10252447&view=thumbnail&width=100&height=100&wrap=false&mime=image/jpeg&image=jpg.gif HTTP/1.1" 200 1595 "http://ed.activities.at/entry.php?id=10778&form=11518&name=list&" "Mozilla/5.0 (Windows NT 10.0; WOW64) AppleWebKit/537.36 (KHTML, like Gecko) Chrome/57.0.2987.133 Safari/537.36"
80.123.94.70 - - [19/Apr/2017:13:40:43 +0200] "GET /entry.php?id=11148&object=10203650&view=thumbnail&width=100&height=100&wrap=false&mime=image/jpeg&image=jpg.gif HTTP/1.1" 200 1608 "http://ed.activities.at/entry.php?id=10778&form=11518&name=list&" "Mozilla/5.0 (Windows NT 10.0; WOW64) AppleWebKit/537.36 (KHTML, like Gecko) Chrome/57.0.2987.133 Safari/537.36"
80.123.94.70 - - [19/Apr/2017:13:40:43 +0200] "GET /entry.php?id=11148&object=10252451&view=thumbnail&width=100&height=100&wrap=false&mime=image/jpeg&image=jpg.gif HTTP/1.1" 200 1594 "http://ed.activities.at/entry.php?id=10778&form=11518&name=list&" "Mozilla/5.0 (Windows NT 10.0; WOW64) AppleWebKit/537.36 (KHTML, like Gecko) Chrome/57.0.2987.133 Safari/537.36"
80.123.94.70 - - [19/Apr/2017:13:40:44 +0200] "GET /gui/javascript/form_form.js?1492602044 HTTP/1.1" 200 16206 "http://ed.activities.at/entry.php?id=11148&object=10252451&view=thumbnail&width=100&height=100&wrap=false&mime=image/jpeg&image=jpg.gif" "Mozilla/5.0 (Windows NT 10.0; WOW64) AppleWebKit/537.36 (KHTML, like Gecko) Chrome/57.0.2987.133 Safari/537.36"
80.123.94.70 - - [19/Apr/2017:13:40:43 +0200] "GET /entry.php?id=11148&object=10252448&view=thumbnail&width=100&height=100&wrap=false&mime=image/jpeg&image=jpg.gif HTTP/1.1" 200 1594 "http://ed.activities.at/entry.php?id=10778&form=11518&name=list&" "Mozilla/5.0 (Windows NT 10.0; WOW64) AppleWebKit/537.36 (KHTML, like Gecko) Chrome/57.0.2987.133 Safari/537.36"
80.123.94.70 - - [19/Apr/2017:13:40:43 +0200] "GET /entry.php?id=11148&object=10267903&view=thumbnail&width=100&height=100&wrap=false&mime=image/jpeg&image=jpg.gif HTTP/1.1" 200 1596 "http://ed.activities.at/entry.php?id=10778&form=11518&name=list&" "Mozilla/5.0 (Windows NT 10.0; WOW64) AppleWebKit/537.36 (KHTML, like Gecko) Chrome/57.0.2987.133 Safari/537.36"
80.123.94.70 - - [19/Apr/2017:13:40:44 +0200] "GET /entry.php?id=11148&object=10203650&view=thumbnail&width=100&height=100&wrap=false&mime=image/jpeg&image=jpg.gif HTTP/1.1" 200 1608 "http://ed.activities.at/entry.php?id=10778&form=11518&name=list&" "Mozilla/5.0 (Windows NT 10.0; WOW64) AppleWebKit/537.36 (KHTML, like Gecko) Chrome/57.0.2987.133 Safari/537.36"
195.245.225.251 - - [19/Apr/2017:13:40:45 +0200] "GET /entry.php?id=10271&&ser=601984 HTTP/1.1" 200 986 "http://ed.activities.at/entry.php?id=10271&&ser=601923" "Mozilla/5.0 (Macintosh; Intel Mac OS X 10_12_4) AppleWebKit/537.36 (KHTML, like Gecko) Chrome/57.0.2987.133 Safari/537.36"
195.245.225.251 - - [19/Apr/2017:13:40:45 +0200] "GET /gui/javascript/form_form.js?1492602045 HTTP/1.1" 200 16206 "http://ed.activities.at/entry.php?id=10271&&ser=601984" "Mozilla/5.0 (Macintosh; Intel Mac OS X 10_12_4) AppleWebKit/537.36 (KHTML, like Gecko) Chrome/57.0.2987.133 Safari/537.36"
212.108.43.59 - - [19/Apr/2017:13:41:09 +0200] "GET /entry.php?id=10271&&ser=602009 HTTP/1.1" 200 985 "http://ed.activities.at/entry.php?id=10271&&ser=601948" "Mozilla/5.0 (Windows NT 10.0; Win64; x64) AppleWebKit/537.36 (KHTML, like Gecko) Chrome/57.0.2987.133 Safari/537.36"
212.108.43.59 - - [19/Apr/2017:13:41:09 +0200] "GET /gui/javascript/form_form.js?1492602069 HTTP/1.1" 200 16206 "http://ed.activities.at/entry.php?id=10271&&ser=602009" "Mozilla/5.0 (Windows NT 10.0; Win64; x64) AppleWebKit/537.36 (KHTML, like Gecko) Chrome/57.0.2987.133 Safari/537.36"
80.123.94.70 - - [19/Apr/2017:13:41:13 +0200] "GET /entry.php?id=10287&login=1 HTTP/1.1" 200 2288 "http://ed.activities.at/entry.php?id=10273&" "Mozilla/5.0 (Windows NT 10.0; WOW64) AppleWebKit/537.36 (KHTML, like Gecko) Chrome/57.0.2987.133 Safari/537.36"
80.123.94.70 - - [19/Apr/2017:13:41:14 +0200] "GET /gui/javascript/form_form.js?1492602074 HTTP/1.1" 200 16206 "http://ed.activities.at/entry.php?id=10287&login=1" "Mozilla/5.0 (Windows NT 10.0; WOW64) AppleWebKit/537.36 (KHTML, like Gecko) Chrome/57.0.2987.133 Safari/537.36"
80.123.94.70 - - [19/Apr/2017:13:41:15 +0200] "POST /entry.php?id=10287& HTTP/1.1" 200 2436 "http://ed.activities.at/entry.php?id=10287&login=1" "Mozilla/5.0 (Windows NT 10.0; WOW64) AppleWebKit/537.36 (KHTML, like Gecko) Chrome/57.0.2987.133 Safari/537.36"
80.123.94.70 - - [19/Apr/2017:13:41:15 +0200] "GET /gui/javascript/form_form.js?1492602075 HTTP/1.1" 200 16206 "http://ed.activities.at/entry.php?id=10287&" "Mozilla/5.0 (Windows NT 10.0; WOW64) AppleWebKit/537.36 (KHTML, like Gecko) Chrome/57.0.2987.133 Safari/537.36"
80.123.94.70 - - [19/Apr/2017:13:41:15 +0200] "GET /entry.php?id=10270& HTTP/1.1" 200 908 "http://ed.activities.at/entry.php?id=10287&" "Mozilla/5.0 (Windows NT 10.0; WOW64) AppleWebKit/537.36 (KHTML, like Gecko) Chrome/57.0.2987.133 Safari/537.36"
80.123.94.70 - - [19/Apr/2017:13:41:15 +0200] "GET /entry.php?id=10273&logout=true& HTTP/1.1" 200 1911 "http://ed.activities.at/entry.php?id=10287&" "Mozilla/5.0 (Windows NT 10.0; WOW64) AppleWebKit/537.36 (KHTML, like Gecko) Chrome/57.0.2987.133 Safari/537.36"
212.108.43.59 - - [19/Apr/2017:13:41:25 +0200] "GET /entry.php?id=10271&&ser=602025 HTTP/1.1" 200 986 "http://ed.activities.at/entry.php?id=10271&&ser=601965" "Mozilla/5.0 (Windows NT 10.0; Win64; x64) AppleWebKit/537.36 (KHTML, like Gecko) Chrome/57.0.2987.133 Safari/537.36"
212.108.43.59 - - [19/Apr/2017:13:41:25 +0200] "GET /gui/javascript/form_form.js?1492602085 HTTP/1.1" 200 16206 "http://ed.activities.at/entry.php?id=10271&&ser=602025" "Mozilla/5.0 (Windows NT 10.0; Win64; x64) AppleWebKit/537.36 (KHTML, like Gecko) Chrome/57.0.2987.133 Safari/537.36"
212.108.43.59 - - [19/Apr/2017:13:41:30 +0200] "GET /entry.php?id=10271&&ser=602029 HTTP/1.1" 200 986 "http://ed.activities.at/entry.php?id=10271&&ser=601969" "Mozilla/5.0 (Windows NT 10.0; Win64; x64) AppleWebKit/537.36 (KHTML, like Gecko) Chrome/57.0.2987.133 Safari/537.36"
212.108.43.59 - - [19/Apr/2017:13:41:30 +0200] "GET /gui/javascript/form_form.js?1492602090 HTTP/1.1" 200 16206 "http://ed.activities.at/entry.php?id=10271&&ser=602029" "Mozilla/5.0 (Windows NT 10.0; Win64; x64) AppleWebKit/537.36 (KHTML, like Gecko) Chrome/57.0.2987.133 Safari/537.36"
195.245.225.251 - - [19/Apr/2017:13:41:46 +0200] "GET /entry.php?id=10271&&ser=602045 HTTP/1.1" 200 987 "http://ed.activities.at/entry.php?id=10271&&ser=601984" "Mozilla/5.0 (Macintosh; Intel Mac OS X 10_12_4) AppleWebKit/537.36 (KHTML, like Gecko) Chrome/57.0.2987.133 Safari/537.36"
195.245.225.251 - - [19/Apr/2017:13:41:46 +0200] "GET /gui/javascript/form_form.js?1492602106 HTTP/1.1" 200 16206 "http://ed.activities.at/entry.php?id=10271&&ser=602045" "Mozilla/5.0 (Macintosh; Intel Mac OS X 10_12_4) AppleWebKit/537.36 (KHTML, like Gecko) Chrome/57.0.2987.133 Safari/537.36"
212.108.43.59 - - [19/Apr/2017:13:42:09 +0200] "GET /entry.php?id=10271&&ser=602069 HTTP/1.1" 200 987 "http://ed.activities.at/entry.php?id=10271&&ser=602009" "Mozilla/5.0 (Windows NT 10.0; Win64; x64) AppleWebKit/537.36 (KHTML, like Gecko) Chrome/57.0.2987.133 Safari/537.36"
212.108.43.59 - - [19/Apr/2017:13:42:09 +0200] "GET /gui/javascript/form_form.js?1492602129 HTTP/1.1" 200 16206 "http://ed.activities.at/entry.php?id=10271&&ser=602069" "Mozilla/5.0 (Windows NT 10.0; Win64; x64) AppleWebKit/537.36 (KHTML, like Gecko) Chrome/57.0.2987.133 Safari/537.36"
212.108.43.59 - - [19/Apr/2017:13:42:26 +0200] "GET /entry.php?id=10271&&ser=602085 HTTP/1.1" 200 987 "http://ed.activities.at/entry.php?id=10271&&ser=602025" "Mozilla/5.0 (Windows NT 10.0; Win64; x64) AppleWebKit/537.36 (KHTML, like Gecko) Chrome/57.0.2987.133 Safari/537.36"
212.108.43.59 - - [19/Apr/2017:13:42:26 +0200] "GET /gui/javascript/form_form.js?1492602146 HTTP/1.1" 200 16206 "http://ed.activities.at/entry.php?id=10271&&ser=602085" "Mozilla/5.0 (Windows NT 10.0; Win64; x64) AppleWebKit/537.36 (KHTML, like Gecko) Chrome/57.0.2987.133 Safari/537.36"
212.108.43.59 - - [19/Apr/2017:13:42:30 +0200] "GET /entry.php?id=10271&&ser=602090 HTTP/1.1" 200 987 "http://ed.activities.at/entry.php?id=10271&&ser=602029" "Mozilla/5.0 (Windows NT 10.0; Win64; x64) AppleWebKit/537.36 (KHTML, like Gecko) Chrome/57.0.2987.133 Safari/537.36"
212.108.43.59 - - [19/Apr/2017:13:42:30 +0200] "GET /gui/javascript/form_form.js?1492602150 HTTP/1.1" 200 16206 "http://ed.activities.at/entry.php?id=10271&&ser=602090" "Mozilla/5.0 (Windows NT 10.0; Win64; x64) AppleWebKit/537.36 (KHTML, like Gecko) Chrome/57.0.2987.133 Safari/537.36"
195.245.225.251 - - [19/Apr/2017:13:42:47 +0200] "GET /entry.php?id=10271&&ser=602106 HTTP/1.1" 200 987 "http://ed.activities.at/entry.php?id=10271&&ser=602045" "Mozilla/5.0 (Macintosh; Intel Mac OS X 10_12_4) AppleWebKit/537.36 (KHTML, like Gecko) Chrome/57.0.2987.133 Safari/537.36"
195.245.225.251 - - [19/Apr/2017:13:42:47 +0200] "GET /gui/javascript/form_form.js?1492602167 HTTP/1.1" 200 16206 "http://ed.activities.at/entry.php?id=10271&&ser=602106" "Mozilla/5.0 (Macintosh; Intel Mac OS X 10_12_4) AppleWebKit/537.36 (KHTML, like Gecko) Chrome/57.0.2987.133 Safari/537.36"
212.108.43.59 - - [19/Apr/2017:13:43:09 +0200] "GET /entry.php?id=10271&&ser=602129 HTTP/1.1" 200 987 "http://ed.activities.at/entry.php?id=10271&&ser=602069" "Mozilla/5.0 (Windows NT 10.0; Win64; x64) AppleWebKit/537.36 (KHTML, like Gecko) Chrome/57.0.2987.133 Safari/537.36"
212.108.43.59 - - [19/Apr/2017:13:43:10 +0200] "GET /gui/javascript/form_form.js?1492602190 HTTP/1.1" 200 16206 "http://ed.activities.at/entry.php?id=10271&&ser=602129" "Mozilla/5.0 (Windows NT 10.0; Win64; x64) AppleWebKit/537.36 (KHTML, like Gecko) Chrome/57.0.2987.133 Safari/537.36"
212.108.43.59 - - [19/Apr/2017:13:43:26 +0200] "GET /entry.php?id=10271&&ser=602146 HTTP/1.1" 200 986 "http://ed.activities.at/entry.php?id=10271&&ser=602085" "Mozilla/5.0 (Windows NT 10.0; Win64; x64) AppleWebKit/537.36 (KHTML, like Gecko) Chrome/57.0.2987.133 Safari/537.36"
212.108.43.59 - - [19/Apr/2017:13:43:26 +0200] "GET /gui/javascript/form_form.js?1492602206 HTTP/1.1" 200 16206 "http://ed.activities.at/entry.php?id=10271&&ser=602146" "Mozilla/5.0 (Windows NT 10.0; Win64; x64) AppleWebKit/537.36 (KHTML, like Gecko) Chrome/57.0.2987.133 Safari/537.36"
212.108.43.59 - - [19/Apr/2017:13:43:30 +0200] "GET /entry.php?id=10271&&ser=602150 HTTP/1.1" 200 987 "http://ed.activities.at/entry.php?id=10271&&ser=602090" "Mozilla/5.0 (Windows NT 10.0; Win64; x64) AppleWebKit/537.36 (KHTML, like Gecko) Chrome/57.0.2987.133 Safari/537.36"
212.108.43.59 - - [19/Apr/2017:13:43:30 +0200] "GET /gui/javascript/form_form.js?1492602210 HTTP/1.1" 200 16206 "http://ed.activities.at/entry.php?id=10271&&ser=602150" "Mozilla/5.0 (Windows NT 10.0; Win64; x64) AppleWebKit/537.36 (KHTML, like Gecko) Chrome/57.0.2987.133 Safari/537.36"
195.245.225.251 - - [19/Apr/2017:13:43:48 +0200] "GET /entry.php?id=10271&&ser=602167 HTTP/1.1" 200 987 "http://ed.activities.at/entry.php?id=10271&&ser=602106" "Mozilla/5.0 (Macintosh; Intel Mac OS X 10_12_4) AppleWebKit/537.36 (KHTML, like Gecko) Chrome/57.0.2987.133 Safari/537.36"
195.245.225.251 - - [19/Apr/2017:13:43:48 +0200] "GET /gui/javascript/form_form.js?1492602228 HTTP/1.1" 200 16206 "http://ed.activities.at/entry.php?id=10271&&ser=602167" "Mozilla/5.0 (Macintosh; Intel Mac OS X 10_12_4) AppleWebKit/537.36 (KHTML, like Gecko) Chrome/57.0.2987.133 Safari/537.36"
212.108.43.59 - - [19/Apr/2017:13:44:10 +0200] "GET /entry.php?id=10271&&ser=602190 HTTP/1.1" 200 986 "http://ed.activities.at/entry.php?id=10271&&ser=602129" "Mozilla/5.0 (Windows NT 10.0; Win64; x64) AppleWebKit/537.36 (KHTML, like Gecko) Chrome/57.0.2987.133 Safari/537.36"
212.108.43.59 - - [19/Apr/2017:13:44:10 +0200] "GET /gui/javascript/form_form.js?1492602250 HTTP/1.1" 200 16206 "http://ed.activities.at/entry.php?id=10271&&ser=602190" "Mozilla/5.0 (Windows NT 10.0; Win64; x64) AppleWebKit/537.36 (KHTML, like Gecko) Chrome/57.0.2987.133 Safari/537.36"
212.108.43.59 - - [19/Apr/2017:13:44:26 +0200] "GET /entry.php?id=10271&&ser=602206 HTTP/1.1" 200 987 "http://ed.activities.at/entry.php?id=10271&&ser=602146" "Mozilla/5.0 (Windows NT 10.0; Win64; x64) AppleWebKit/537.36 (KHTML, like Gecko) Chrome/57.0.2987.133 Safari/537.36"
212.108.43.59 - - [19/Apr/2017:13:44:26 +0200] "GET /gui/javascript/form_form.js?1492602266 HTTP/1.1" 200 16206 "http://ed.activities.at/entry.php?id=10271&&ser=602206" "Mozilla/5.0 (Windows NT 10.0; Win64; x64) AppleWebKit/537.36 (KHTML, like Gecko) Chrome/57.0.2987.133 Safari/537.36"
212.108.43.59 - - [19/Apr/2017:13:44:30 +0200] "GET /entry.php?id=10271&&ser=602210 HTTP/1.1" 200 986 "http://ed.activities.at/entry.php?id=10271&&ser=602150" "Mozilla/5.0 (Windows NT 10.0; Win64; x64) AppleWebKit/537.36 (KHTML, like Gecko) Chrome/57.0.2987.133 Safari/537.36"
212.108.43.59 - - [19/Apr/2017:13:44:31 +0200] "GET /gui/javascript/form_form.js?1492602271 HTTP/1.1" 200 16206 "http://ed.activities.at/entry.php?id=10271&&ser=602210" "Mozilla/5.0 (Windows NT 10.0; Win64; x64) AppleWebKit/537.36 (KHTML, like Gecko) Chrome/57.0.2987.133 Safari/537.36"
195.245.225.251 - - [19/Apr/2017:13:44:49 +0200] "GET /entry.php?id=10271&&ser=602228 HTTP/1.1" 200 987 "http://ed.activities.at/entry.php?id=10271&&ser=602167" "Mozilla/5.0 (Macintosh; Intel Mac OS X 10_12_4) AppleWebKit/537.36 (KHTML, like Gecko) Chrome/57.0.2987.133 Safari/537.36"
