212.108.43.59 - - [19/Apr/2017:17:00:14 +0200] "GET /gui/javascript/form_form.js?1492614014 HTTP/1.1" 200 16206 "http://ed.activities.at/entry.php?id=10271&&ser=613954" "Mozilla/5.0 (Windows NT 10.0; Win64; x64) AppleWebKit/537.36 (KHTML, like Gecko) Chrome/57.0.2987.133 Safari/537.36"
212.108.43.59 - - [19/Apr/2017:17:00:30 +0200] "GET /entry.php?id=10271&&ser=613970 HTTP/1.1" 200 987 "http://ed.activities.at/entry.php?id=10271&&ser=613909" "Mozilla/5.0 (Windows NT 10.0; Win64; x64) AppleWebKit/537.36 (KHTML, like Gecko) Chrome/57.0.2987.133 Safari/537.36"
212.108.43.59 - - [19/Apr/2017:17:00:30 +0200] "GET /gui/javascript/form_form.js?1492614030 HTTP/1.1" 200 16206 "http://ed.activities.at/entry.php?id=10271&&ser=613970" "Mozilla/5.0 (Windows NT 10.0; Win64; x64) AppleWebKit/537.36 (KHTML, like Gecko) Chrome/57.0.2987.133 Safari/537.36"
212.108.43.59 - - [19/Apr/2017:17:00:38 +0200] "GET /entry.php?id=10271&&ser=613978 HTTP/1.1" 200 987 "http://ed.activities.at/entry.php?id=10271&&ser=613917" "Mozilla/5.0 (Windows NT 10.0; Win64; x64) AppleWebKit/537.36 (KHTML, like Gecko) Chrome/57.0.2987.133 Safari/537.36"
212.108.43.59 - - [19/Apr/2017:17:00:38 +0200] "GET /gui/javascript/form_form.js?1492614038 HTTP/1.1" 200 16206 "http://ed.activities.at/entry.php?id=10271&&ser=613978" "Mozilla/5.0 (Windows NT 10.0; Win64; x64) AppleWebKit/537.36 (KHTML, like Gecko) Chrome/57.0.2987.133 Safari/537.36"
195.245.225.251 - - [19/Apr/2017:17:00:58 +0200] "GET /entry.php?id=10271&&ser=613998 HTTP/1.1" 200 987 "http://ed.activities.at/entry.php?id=10271&&ser=613938" "Mozilla/5.0 (Macintosh; Intel Mac OS X 10_12_4) AppleWebKit/537.36 (KHTML, like Gecko) Chrome/57.0.2987.133 Safari/537.36"
195.245.225.251 - - [19/Apr/2017:17:00:59 +0200] "GET /gui/javascript/form_form.js?1492614059 HTTP/1.1" 200 16206 "http://ed.activities.at/entry.php?id=10271&&ser=613998" "Mozilla/5.0 (Macintosh; Intel Mac OS X 10_12_4) AppleWebKit/537.36 (KHTML, like Gecko) Chrome/57.0.2987.133 Safari/537.36"
212.108.43.59 - - [19/Apr/2017:17:01:14 +0200] "GET /entry.php?id=10271&&ser=614014 HTTP/1.1" 200 987 "http://ed.activities.at/entry.php?id=10271&&ser=613954" "Mozilla/5.0 (Windows NT 10.0; Win64; x64) AppleWebKit/537.36 (KHTML, like Gecko) Chrome/57.0.2987.133 Safari/537.36"
212.108.43.59 - - [19/Apr/2017:17:01:14 +0200] "GET /gui/javascript/form_form.js?1492614074 HTTP/1.1" 200 16206 "http://ed.activities.at/entry.php?id=10271&&ser=614014" "Mozilla/5.0 (Windows NT 10.0; Win64; x64) AppleWebKit/537.36 (KHTML, like Gecko) Chrome/57.0.2987.133 Safari/537.36"
212.108.43.59 - - [19/Apr/2017:17:01:30 +0200] "GET /entry.php?id=10271&&ser=614030 HTTP/1.1" 200 987 "http://ed.activities.at/entry.php?id=10271&&ser=613970" "Mozilla/5.0 (Windows NT 10.0; Win64; x64) AppleWebKit/537.36 (KHTML, like Gecko) Chrome/57.0.2987.133 Safari/537.36"
212.108.43.59 - - [19/Apr/2017:17:01:30 +0200] "GET /gui/javascript/form_form.js?1492614090 HTTP/1.1" 200 16206 "http://ed.activities.at/entry.php?id=10271&&ser=614030" "Mozilla/5.0 (Windows NT 10.0; Win64; x64) AppleWebKit/537.36 (KHTML, like Gecko) Chrome/57.0.2987.133 Safari/537.36"
212.108.43.59 - - [19/Apr/2017:17:01:38 +0200] "GET /entry.php?id=10271&&ser=614038 HTTP/1.1" 200 987 "http://ed.activities.at/entry.php?id=10271&&ser=613978" "Mozilla/5.0 (Windows NT 10.0; Win64; x64) AppleWebKit/537.36 (KHTML, like Gecko) Chrome/57.0.2987.133 Safari/537.36"
212.108.43.59 - - [19/Apr/2017:17:01:38 +0200] "GET /gui/javascript/form_form.js?1492614098 HTTP/1.1" 200 16206 "http://ed.activities.at/entry.php?id=10271&&ser=614038" "Mozilla/5.0 (Windows NT 10.0; Win64; x64) AppleWebKit/537.36 (KHTML, like Gecko) Chrome/57.0.2987.133 Safari/537.36"
195.245.225.251 - - [19/Apr/2017:17:01:59 +0200] "GET /entry.php?id=10271&&ser=614059 HTTP/1.1" 200 987 "http://ed.activities.at/entry.php?id=10271&&ser=613998" "Mozilla/5.0 (Macintosh; Intel Mac OS X 10_12_4) AppleWebKit/537.36 (KHTML, like Gecko) Chrome/57.0.2987.133 Safari/537.36"
195.245.225.251 - - [19/Apr/2017:17:01:59 +0200] "GET /gui/javascript/form_form.js?1492614119 HTTP/1.1" 200 16206 "http://ed.activities.at/entry.php?id=10271&&ser=614059" "Mozilla/5.0 (Macintosh; Intel Mac OS X 10_12_4) AppleWebKit/537.36 (KHTML, like Gecko) Chrome/57.0.2987.133 Safari/537.36"
212.108.43.59 - - [19/Apr/2017:17:02:15 +0200] "GET /entry.php?id=10271&&ser=614074 HTTP/1.1" 200 987 "http://ed.activities.at/entry.php?id=10271&&ser=614014" "Mozilla/5.0 (Windows NT 10.0; Win64; x64) AppleWebKit/537.36 (KHTML, like Gecko) Chrome/57.0.2987.133 Safari/537.36"
212.108.43.59 - - [19/Apr/2017:17:02:15 +0200] "GET /gui/javascript/form_form.js?1492614135 HTTP/1.1" 200 16206 "http://ed.activities.at/entry.php?id=10271&&ser=614074" "Mozilla/5.0 (Windows NT 10.0; Win64; x64) AppleWebKit/537.36 (KHTML, like Gecko) Chrome/57.0.2987.133 Safari/537.36"
212.108.43.59 - - [19/Apr/2017:17:02:30 +0200] "GET /entry.php?id=10271&&ser=614090 HTTP/1.1" 200 986 "http://ed.activities.at/entry.php?id=10271&&ser=614030" "Mozilla/5.0 (Windows NT 10.0; Win64; x64) AppleWebKit/537.36 (KHTML, like Gecko) Chrome/57.0.2987.133 Safari/537.36"
212.108.43.59 - - [19/Apr/2017:17:02:31 +0200] "GET /gui/javascript/form_form.js?1492614151 HTTP/1.1" 200 16206 "http://ed.activities.at/entry.php?id=10271&&ser=614090" "Mozilla/5.0 (Windows NT 10.0; Win64; x64) AppleWebKit/537.36 (KHTML, like Gecko) Chrome/57.0.2987.133 Safari/537.36"
212.108.43.59 - - [19/Apr/2017:17:02:38 +0200] "GET /entry.php?id=10271&&ser=614098 HTTP/1.1" 200 987 "http://ed.activities.at/entry.php?id=10271&&ser=614038" "Mozilla/5.0 (Windows NT 10.0; Win64; x64) AppleWebKit/537.36 (KHTML, like Gecko) Chrome/57.0.2987.133 Safari/537.36"
212.108.43.59 - - [19/Apr/2017:17:02:39 +0200] "GET /gui/javascript/form_form.js?1492614159 HTTP/1.1" 200 16206 "http://ed.activities.at/entry.php?id=10271&&ser=614098" "Mozilla/5.0 (Windows NT 10.0; Win64; x64) AppleWebKit/537.36 (KHTML, like Gecko) Chrome/57.0.2987.133 Safari/537.36"
195.245.225.251 - - [19/Apr/2017:17:02:59 +0200] "GET /entry.php?id=10271&&ser=614119 HTTP/1.1" 200 987 "http://ed.activities.at/entry.php?id=10271&&ser=614059" "Mozilla/5.0 (Macintosh; Intel Mac OS X 10_12_4) AppleWebKit/537.36 (KHTML, like Gecko) Chrome/57.0.2987.133 Safari/537.36"
195.245.225.251 - - [19/Apr/2017:17:02:59 +0200] "GET /gui/javascript/form_form.js?1492614179 HTTP/1.1" 200 16206 "http://ed.activities.at/entry.php?id=10271&&ser=614119" "Mozilla/5.0 (Macintosh; Intel Mac OS X 10_12_4) AppleWebKit/537.36 (KHTML, like Gecko) Chrome/57.0.2987.133 Safari/537.36"
212.108.43.59 - - [19/Apr/2017:17:03:15 +0200] "GET /entry.php?id=10271&&ser=614135 HTTP/1.1" 200 987 "http://ed.activities.at/entry.php?id=10271&&ser=614074" "Mozilla/5.0 (Windows NT 10.0; Win64; x64) AppleWebKit/537.36 (KHTML, like Gecko) Chrome/57.0.2987.133 Safari/537.36"
212.108.43.59 - - [19/Apr/2017:17:03:15 +0200] "GET /gui/javascript/form_form.js?1492614195 HTTP/1.1" 200 16206 "http://ed.activities.at/entry.php?id=10271&&ser=614135" "Mozilla/5.0 (Windows NT 10.0; Win64; x64) AppleWebKit/537.36 (KHTML, like Gecko) Chrome/57.0.2987.133 Safari/537.36"
212.108.43.59 - - [19/Apr/2017:17:03:31 +0200] "GET /entry.php?id=10271&&ser=614151 HTTP/1.1" 200 987 "http://ed.activities.at/entry.php?id=10271&&ser=614090" "Mozilla/5.0 (Windows NT 10.0; Win64; x64) AppleWebKit/537.36 (KHTML, like Gecko) Chrome/57.0.2987.133 Safari/537.36"
212.108.43.59 - - [19/Apr/2017:17:03:31 +0200] "GET /gui/javascript/form_form.js?1492614211 HTTP/1.1" 200 16206 "http://ed.activities.at/entry.php?id=10271&&ser=614151" "Mozilla/5.0 (Windows NT 10.0; Win64; x64) AppleWebKit/537.36 (KHTML, like Gecko) Chrome/57.0.2987.133 Safari/537.36"
212.108.43.59 - - [19/Apr/2017:17:03:39 +0200] "GET /entry.php?id=10271&&ser=614159 HTTP/1.1" 200 987 "http://ed.activities.at/entry.php?id=10271&&ser=614098" "Mozilla/5.0 (Windows NT 10.0; Win64; x64) AppleWebKit/537.36 (KHTML, like Gecko) Chrome/57.0.2987.133 Safari/537.36"
212.108.43.59 - - [19/Apr/2017:17:03:39 +0200] "GET /gui/javascript/form_form.js?1492614219 HTTP/1.1" 200 16206 "http://ed.activities.at/entry.php?id=10271&&ser=614159" "Mozilla/5.0 (Windows NT 10.0; Win64; x64) AppleWebKit/537.36 (KHTML, like Gecko) Chrome/57.0.2987.133 Safari/537.36"
195.245.225.251 - - [19/Apr/2017:17:04:00 +0200] "GET /entry.php?id=10271&&ser=614179 HTTP/1.1" 200 987 "http://ed.activities.at/entry.php?id=10271&&ser=614119" "Mozilla/5.0 (Macintosh; Intel Mac OS X 10_12_4) AppleWebKit/537.36 (KHTML, like Gecko) Chrome/57.0.2987.133 Safari/537.36"
195.245.225.251 - - [19/Apr/2017:17:04:00 +0200] "GET /gui/javascript/form_form.js?1492614240 HTTP/1.1" 200 16206 "http://ed.activities.at/entry.php?id=10271&&ser=614179" "Mozilla/5.0 (Macintosh; Intel Mac OS X 10_12_4) AppleWebKit/537.36 (KHTML, like Gecko) Chrome/57.0.2987.133 Safari/537.36"
212.108.43.59 - - [19/Apr/2017:17:04:15 +0200] "GET /entry.php?id=10271&&ser=614195 HTTP/1.1" 200 987 "http://ed.activities.at/entry.php?id=10271&&ser=614135" "Mozilla/5.0 (Windows NT 10.0; Win64; x64) AppleWebKit/537.36 (KHTML, like Gecko) Chrome/57.0.2987.133 Safari/537.36"
212.108.43.59 - - [19/Apr/2017:17:04:15 +0200] "GET /gui/javascript/form_form.js?1492614255 HTTP/1.1" 200 16206 "http://ed.activities.at/entry.php?id=10271&&ser=614195" "Mozilla/5.0 (Windows NT 10.0; Win64; x64) AppleWebKit/537.36 (KHTML, like Gecko) Chrome/57.0.2987.133 Safari/537.36"
212.108.43.59 - - [19/Apr/2017:17:04:31 +0200] "GET /entry.php?id=10271&&ser=614211 HTTP/1.1" 200 987 "http://ed.activities.at/entry.php?id=10271&&ser=614151" "Mozilla/5.0 (Windows NT 10.0; Win64; x64) AppleWebKit/537.36 (KHTML, like Gecko) Chrome/57.0.2987.133 Safari/537.36"
212.108.43.59 - - [19/Apr/2017:17:04:31 +0200] "GET /gui/javascript/form_form.js?1492614271 HTTP/1.1" 200 16206 "http://ed.activities.at/entry.php?id=10271&&ser=614211" "Mozilla/5.0 (Windows NT 10.0; Win64; x64) AppleWebKit/537.36 (KHTML, like Gecko) Chrome/57.0.2987.133 Safari/537.36"
212.108.43.59 - - [19/Apr/2017:17:04:39 +0200] "GET /entry.php?id=10271&&ser=614219 HTTP/1.1" 200 987 "http://ed.activities.at/entry.php?id=10271&&ser=614159" "Mozilla/5.0 (Windows NT 10.0; Win64; x64) AppleWebKit/537.36 (KHTML, like Gecko) Chrome/57.0.2987.133 Safari/537.36"
212.108.43.59 - - [19/Apr/2017:17:04:39 +0200] "GET /gui/javascript/form_form.js?1492614279 HTTP/1.1" 200 16206 "http://ed.activities.at/entry.php?id=10271&&ser=614219" "Mozilla/5.0 (Windows NT 10.0; Win64; x64) AppleWebKit/537.36 (KHTML, like Gecko) Chrome/57.0.2987.133 Safari/537.36"
195.245.225.251 - - [19/Apr/2017:17:05:00 +0200] "GET /entry.php?id=10271&&ser=614240 HTTP/1.1" 200 987 "http://ed.activities.at/entry.php?id=10271&&ser=614179" "Mozilla/5.0 (Macintosh; Intel Mac OS X 10_12_4) AppleWebKit/537.36 (KHTML, like Gecko) Chrome/57.0.2987.133 Safari/537.36"
195.245.225.251 - - [19/Apr/2017:17:05:00 +0200] "GET /gui/javascript/form_form.js?1492614300 HTTP/1.1" 200 16206 "http://ed.activities.at/entry.php?id=10271&&ser=614240" "Mozilla/5.0 (Macintosh; Intel Mac OS X 10_12_4) AppleWebKit/537.36 (KHTML, like Gecko) Chrome/57.0.2987.133 Safari/537.36"
212.108.43.59 - - [19/Apr/2017:17:05:15 +0200] "GET /entry.php?id=10271&&ser=614255 HTTP/1.1" 200 987 "http://ed.activities.at/entry.php?id=10271&&ser=614195" "Mozilla/5.0 (Windows NT 10.0; Win64; x64) AppleWebKit/537.36 (KHTML, like Gecko) Chrome/57.0.2987.133 Safari/537.36"
212.108.43.59 - - [19/Apr/2017:17:05:16 +0200] "GET /gui/javascript/form_form.js?1492614316 HTTP/1.1" 200 16206 "http://ed.activities.at/entry.php?id=10271&&ser=614255" "Mozilla/5.0 (Windows NT 10.0; Win64; x64) AppleWebKit/537.36 (KHTML, like Gecko) Chrome/57.0.2987.133 Safari/537.36"
212.108.43.59 - - [19/Apr/2017:17:05:31 +0200] "GET /entry.php?id=10271&&ser=614271 HTTP/1.1" 200 987 "http://ed.activities.at/entry.php?id=10271&&ser=614211" "Mozilla/5.0 (Windows NT 10.0; Win64; x64) AppleWebKit/537.36 (KHTML, like Gecko) Chrome/57.0.2987.133 Safari/537.36"
212.108.43.59 - - [19/Apr/2017:17:05:32 +0200] "GET /gui/javascript/form_form.js?1492614332 HTTP/1.1" 200 16206 "http://ed.activities.at/entry.php?id=10271&&ser=614271" "Mozilla/5.0 (Windows NT 10.0; Win64; x64) AppleWebKit/537.36 (KHTML, like Gecko) Chrome/57.0.2987.133 Safari/537.36"
212.108.43.59 - - [19/Apr/2017:17:05:39 +0200] "GET /entry.php?id=10271&&ser=614279 HTTP/1.1" 200 987 "http://ed.activities.at/entry.php?id=10271&&ser=614219" "Mozilla/5.0 (Windows NT 10.0; Win64; x64) AppleWebKit/537.36 (KHTML, like Gecko) Chrome/57.0.2987.133 Safari/537.36"
212.108.43.59 - - [19/Apr/2017:17:05:40 +0200] "GET /gui/javascript/form_form.js?1492614339 HTTP/1.1" 200 16206 "http://ed.activities.at/entry.php?id=10271&&ser=614279" "Mozilla/5.0 (Windows NT 10.0; Win64; x64) AppleWebKit/537.36 (KHTML, like Gecko) Chrome/57.0.2987.133 Safari/537.36"
195.245.225.251 - - [19/Apr/2017:17:06:00 +0200] "GET /entry.php?id=10271&&ser=614300 HTTP/1.1" 200 987 "http://ed.activities.at/entry.php?id=10271&&ser=614240" "Mozilla/5.0 (Macintosh; Intel Mac OS X 10_12_4) AppleWebKit/537.36 (KHTML, like Gecko) Chrome/57.0.2987.133 Safari/537.36"
195.245.225.251 - - [19/Apr/2017:17:06:01 +0200] "GET /gui/javascript/form_form.js?1492614360 HTTP/1.1" 200 16206 "http://ed.activities.at/entry.php?id=10271&&ser=614300" "Mozilla/5.0 (Macintosh; Intel Mac OS X 10_12_4) AppleWebKit/537.36 (KHTML, like Gecko) Chrome/57.0.2987.133 Safari/537.36"
212.108.43.59 - - [19/Apr/2017:17:06:16 +0200] "GET /entry.php?id=10271&&ser=614316 HTTP/1.1" 200 987 "http://ed.activities.at/entry.php?id=10271&&ser=614255" "Mozilla/5.0 (Windows NT 10.0; Win64; x64) AppleWebKit/537.36 (KHTML, like Gecko) Chrome/57.0.2987.133 Safari/537.36"
212.108.43.59 - - [19/Apr/2017:17:06:16 +0200] "GET /gui/javascript/form_form.js?1492614376 HTTP/1.1" 200 16206 "http://ed.activities.at/entry.php?id=10271&&ser=614316" "Mozilla/5.0 (Windows NT 10.0; Win64; x64) AppleWebKit/537.36 (KHTML, like Gecko) Chrome/57.0.2987.133 Safari/537.36"
212.108.43.59 - - [19/Apr/2017:17:06:32 +0200] "GET /entry.php?id=10271&&ser=614332 HTTP/1.1" 200 987 "http://ed.activities.at/entry.php?id=10271&&ser=614271" "Mozilla/5.0 (Windows NT 10.0; Win64; x64) AppleWebKit/537.36 (KHTML, like Gecko) Chrome/57.0.2987.133 Safari/537.36"
212.108.43.59 - - [19/Apr/2017:17:06:32 +0200] "GET /gui/javascript/form_form.js?1492614392 HTTP/1.1" 200 16206 "http://ed.activities.at/entry.php?id=10271&&ser=614332" "Mozilla/5.0 (Windows NT 10.0; Win64; x64) AppleWebKit/537.36 (KHTML, like Gecko) Chrome/57.0.2987.133 Safari/537.36"
212.108.43.59 - - [19/Apr/2017:17:06:40 +0200] "GET /entry.php?id=10271&&ser=614339 HTTP/1.1" 200 987 "http://ed.activities.at/entry.php?id=10271&&ser=614279" "Mozilla/5.0 (Windows NT 10.0; Win64; x64) AppleWebKit/537.36 (KHTML, like Gecko) Chrome/57.0.2987.133 Safari/537.36"
212.108.43.59 - - [19/Apr/2017:17:06:40 +0200] "GET /gui/javascript/form_form.js?1492614400 HTTP/1.1" 200 16206 "http://ed.activities.at/entry.php?id=10271&&ser=614339" "Mozilla/5.0 (Windows NT 10.0; Win64; x64) AppleWebKit/537.36 (KHTML, like Gecko) Chrome/57.0.2987.133 Safari/537.36"
212.108.43.59 - - [19/Apr/2017:17:06:52 +0200] "GET / HTTP/1.1" 200 382 "-" "Mozilla/5.0 (Windows NT 10.0; Win64; x64) AppleWebKit/537.36 (KHTML, like Gecko) Chrome/57.0.2987.133 Safari/537.36"
212.108.43.59 - - [19/Apr/2017:17:06:53 +0200] "GET / HTTP/1.1" 200 382 "-" "Mozilla/5.0 (Windows NT 10.0; Win64; x64) AppleWebKit/537.36 (KHTML, like Gecko) Chrome/57.0.2987.133 Safari/537.36"
212.108.43.59 - - [19/Apr/2017:17:06:53 +0200] "GET /layout.php HTTP/1.1" 200 909 "http://ed.activities.at/" "Mozilla/5.0 (Windows NT 10.0; Win64; x64) AppleWebKit/537.36 (KHTML, like Gecko) Chrome/57.0.2987.133 Safari/537.36"
212.108.43.59 - - [19/Apr/2017:17:06:53 +0200] "GET /entry.php?id=10270 HTTP/1.1" 200 908 "http://ed.activities.at/layout.php" "Mozilla/5.0 (Windows NT 10.0; Win64; x64) AppleWebKit/537.36 (KHTML, like Gecko) Chrome/57.0.2987.133 Safari/537.36"
212.108.43.59 - - [19/Apr/2017:17:06:53 +0200] "GET /entry.php?id=10272 HTTP/1.1" 200 1159 "http://ed.activities.at/layout.php" "Mozilla/5.0 (Windows NT 10.0; Win64; x64) AppleWebKit/537.36 (KHTML, like Gecko) Chrome/57.0.2987.133 Safari/537.36"
212.108.43.59 - - [19/Apr/2017:17:06:53 +0200] "GET /gui/javascript/form_form.js?1492614413 HTTP/1.1" 200 16206 "http://ed.activities.at/entry.php?id=10270" "Mozilla/5.0 (Windows NT 10.0; Win64; x64) AppleWebKit/537.36 (KHTML, like Gecko) Chrome/57.0.2987.133 Safari/537.36"
212.108.43.59 - - [19/Apr/2017:17:06:53 +0200] "GET /entry.php?id=11412 HTTP/1.1" 200 1765 "http://ed.activities.at/layout.php" "Mozilla/5.0 (Windows NT 10.0; Win64; x64) AppleWebKit/537.36 (KHTML, like Gecko) Chrome/57.0.2987.133 Safari/537.36"
212.108.43.59 - - [19/Apr/2017:17:06:53 +0200] "GET /entry.php?id=10273 HTTP/1.1" 200 2030 "http://ed.activities.at/layout.php" "Mozilla/5.0 (Windows NT 10.0; Win64; x64) AppleWebKit/537.36 (KHTML, like Gecko) Chrome/57.0.2987.133 Safari/537.36"
212.108.43.59 - - [19/Apr/2017:17:06:53 +0200] "GET /framework/webfx/style/toolbar/images/cbback.gif HTTP/1.1" 404 314 "http://ed.activities.at/framework/webfx/style/toolbar/cb2.css" "Mozilla/5.0 (Windows NT 10.0; Win64; x64) AppleWebKit/537.36 (KHTML, like Gecko) Chrome/57.0.2987.133 Safari/537.36"
212.108.43.59 - - [19/Apr/2017:17:06:53 +0200] "GET /entry.php?id=10271& HTTP/1.1" 200 987 "http://ed.activities.at/entry.php?id=10272" "Mozilla/5.0 (Windows NT 10.0; Win64; x64) AppleWebKit/537.36 (KHTML, like Gecko) Chrome/57.0.2987.133 Safari/537.36"
212.108.43.59 - - [19/Apr/2017:17:06:53 +0200] "GET /entry.php?id=10270&__app__=10006038 HTTP/1.1" 200 1696 "http://ed.activities.at/entry.php?id=10273" "Mozilla/5.0 (Windows NT 10.0; Win64; x64) AppleWebKit/537.36 (KHTML, like Gecko) Chrome/57.0.2987.133 Safari/537.36"
212.108.43.59 - - [19/Apr/2017:17:06:53 +0200] "GET /entry.php?id=10287 HTTP/1.1" 200 2968 "http://ed.activities.at/entry.php?id=11412" "Mozilla/5.0 (Windows NT 10.0; Win64; x64) AppleWebKit/537.36 (KHTML, like Gecko) Chrome/57.0.2987.133 Safari/537.36"
212.108.43.59 - - [19/Apr/2017:17:06:54 +0200] "GET /gui/javascript/form_form.js?1492614414 HTTP/1.1" 200 16206 "http://ed.activities.at/entry.php?id=10270&__app__=10006038" "Mozilla/5.0 (Windows NT 10.0; Win64; x64) AppleWebKit/537.36 (KHTML, like Gecko) Chrome/57.0.2987.133 Safari/537.36"
212.108.43.59 - - [19/Apr/2017:17:06:54 +0200] "GET /undefined HTTP/1.1" 404 285 "http://ed.activities.at/entry.php?id=10270&__app__=10006038" "Mozilla/5.0 (Windows NT 10.0; Win64; x64) AppleWebKit/537.36 (KHTML, like Gecko) Chrome/57.0.2987.133 Safari/537.36"
212.108.43.59 - - [19/Apr/2017:17:06:56 +0200] "GET /entry.php?id=11681 HTTP/1.1" 200 328 "http://ed.activities.at/entry.php?id=10270&__app__=10006038" "Mozilla/5.0 (Windows NT 10.0; Win64; x64) AppleWebKit/537.36 (KHTML, like Gecko) Chrome/57.0.2987.133 Safari/537.36"
212.108.43.59 - - [19/Apr/2017:17:06:56 +0200] "GET /entry.php?id=10676&&title=Contentverwaltung HTTP/1.1" 200 1392 "http://ed.activities.at/entry.php?id=11681" "Mozilla/5.0 (Windows NT 10.0; Win64; x64) AppleWebKit/537.36 (KHTML, like Gecko) Chrome/57.0.2987.133 Safari/537.36"
212.108.43.59 - - [19/Apr/2017:17:06:56 +0200] "GET /gui/javascript/form_form.js?1492614416 HTTP/1.1" 200 16206 "http://ed.activities.at/entry.php?id=10676&&title=Contentverwaltung" "Mozilla/5.0 (Windows NT 10.0; Win64; x64) AppleWebKit/537.36 (KHTML, like Gecko) Chrome/57.0.2987.133 Safari/537.36"
212.108.43.59 - - [19/Apr/2017:17:06:56 +0200] "GET /entry.php?id=11683& HTTP/1.1" 200 2682 "http://ed.activities.at/entry.php?id=11681" "Mozilla/5.0 (Windows NT 10.0; Win64; x64) AppleWebKit/537.36 (KHTML, like Gecko) Chrome/57.0.2987.133 Safari/537.36"
212.108.43.59 - - [19/Apr/2017:17:06:56 +0200] "GET /entry.php?id=11684& HTTP/1.1" 200 3806 "http://ed.activities.at/entry.php?id=11681" "Mozilla/5.0 (Windows NT 10.0; Win64; x64) AppleWebKit/537.36 (KHTML, like Gecko) Chrome/57.0.2987.133 Safari/537.36"
212.108.43.59 - - [19/Apr/2017:17:06:56 +0200] "GET /entry.php?id=10778&form=11508&name=list& HTTP/1.1" 200 4471 "http://ed.activities.at/entry.php?id=11683&" "Mozilla/5.0 (Windows NT 10.0; Win64; x64) AppleWebKit/537.36 (KHTML, like Gecko) Chrome/57.0.2987.133 Safari/537.36"
212.108.43.59 - - [19/Apr/2017:17:06:57 +0200] "GET /gui/javascript/form_form.js?1492614417 HTTP/1.1" 200 16206 "http://ed.activities.at/entry.php?id=11684&" "Mozilla/5.0 (Windows NT 10.0; Win64; x64) AppleWebKit/537.36 (KHTML, like Gecko) Chrome/57.0.2987.133 Safari/537.36"
212.108.43.59 - - [19/Apr/2017:17:06:56 +0200] "GET /entry.php?id=10776&form=11508&name=list& HTTP/1.1" 200 1895 "http://ed.activities.at/entry.php?id=11683&" "Mozilla/5.0 (Windows NT 10.0; Win64; x64) AppleWebKit/537.36 (KHTML, like Gecko) Chrome/57.0.2987.133 Safari/537.36"
195.245.225.251 - - [19/Apr/2017:17:07:01 +0200] "GET /entry.php?id=10271&&ser=614360 HTTP/1.1" 200 987 "http://ed.activities.at/entry.php?id=10271&&ser=614300" "Mozilla/5.0 (Macintosh; Intel Mac OS X 10_12_4) AppleWebKit/537.36 (KHTML, like Gecko) Chrome/57.0.2987.133 Safari/537.36"
195.245.225.251 - - [19/Apr/2017:17:07:01 +0200] "GET /gui/javascript/form_form.js?1492614421 HTTP/1.1" 200 16206 "http://ed.activities.at/entry.php?id=10271&&ser=614360" "Mozilla/5.0 (Macintosh; Intel Mac OS X 10_12_4) AppleWebKit/537.36 (KHTML, like Gecko) Chrome/57.0.2987.133 Safari/537.36"
212.108.43.59 - - [19/Apr/2017:17:07:16 +0200] "GET /entry.php?id=10271&&ser=614376 HTTP/1.1" 200 987 "http://ed.activities.at/entry.php?id=10271&&ser=614316" "Mozilla/5.0 (Windows NT 10.0; Win64; x64) AppleWebKit/537.36 (KHTML, like Gecko) Chrome/57.0.2987.133 Safari/537.36"
212.108.43.59 - - [19/Apr/2017:17:07:16 +0200] "GET /gui/javascript/form_form.js?1492614436 HTTP/1.1" 200 16206 "http://ed.activities.at/entry.php?id=10271&&ser=614376" "Mozilla/5.0 (Windows NT 10.0; Win64; x64) AppleWebKit/537.36 (KHTML, like Gecko) Chrome/57.0.2987.133 Safari/537.36"
212.108.43.59 - - [19/Apr/2017:17:07:23 +0200] "GET /entry.php?id=11679 HTTP/1.1" 200 312 "http://ed.activities.at/entry.php?id=10270&__app__=10006038" "Mozilla/5.0 (Windows NT 10.0; Win64; x64) AppleWebKit/537.36 (KHTML, like Gecko) Chrome/57.0.2987.133 Safari/537.36"
212.108.43.59 - - [19/Apr/2017:17:07:24 +0200] "GET /entry.php?id=10676&title=Portal& HTTP/1.1" 200 1385 "http://ed.activities.at/entry.php?id=11679" "Mozilla/5.0 (Windows NT 10.0; Win64; x64) AppleWebKit/537.36 (KHTML, like Gecko) Chrome/57.0.2987.133 Safari/537.36"
212.108.43.59 - - [19/Apr/2017:17:07:24 +0200] "GET /entry.php?id=11678& HTTP/1.1" 200 13683 "http://ed.activities.at/entry.php?id=11679" "Mozilla/5.0 (Windows NT 10.0; Win64; x64) AppleWebKit/537.36 (KHTML, like Gecko) Chrome/57.0.2987.133 Safari/537.36"
212.108.43.59 - - [19/Apr/2017:17:07:24 +0200] "GET /gui/javascript/form_form.js?1492614444 HTTP/1.1" 200 16206 "http://ed.activities.at/entry.php?id=10676&title=Portal&" "Mozilla/5.0 (Windows NT 10.0; Win64; x64) AppleWebKit/537.36 (KHTML, like Gecko) Chrome/57.0.2987.133 Safari/537.36"
212.108.43.59 - - [19/Apr/2017:17:07:24 +0200] "GET /activities/framework/KoolControls/KoolAjax/koolajax.php?8436e354c842500aba3cbaf0584c0c24 HTTP/1.1" 200 4079 "http://ed.activities.at/entry.php?id=11678&" "Mozilla/5.0 (Windows NT 10.0; Win64; x64) AppleWebKit/537.36 (KHTML, like Gecko) Chrome/57.0.2987.133 Safari/537.36"
212.108.43.59 - - [19/Apr/2017:17:07:24 +0200] "GET /activities/framework/KoolControls/KoolTreeView/icons/website_modified.gif HTTP/1.1" 200 1060 "http://ed.activities.at/entry.php?id=11678&" "Mozilla/5.0 (Windows NT 10.0; Win64; x64) AppleWebKit/537.36 (KHTML, like Gecko) Chrome/57.0.2987.133 Safari/537.36"
212.108.43.59 - - [19/Apr/2017:17:07:24 +0200] "GET /activities/framework/KoolControls/KoolTreeView/icons/square_greenS.gif HTTP/1.1" 200 541 "http://ed.activities.at/entry.php?id=11678&" "Mozilla/5.0 (Windows NT 10.0; Win64; x64) AppleWebKit/537.36 (KHTML, like Gecko) Chrome/57.0.2987.133 Safari/537.36"
212.108.43.59 - - [19/Apr/2017:17:07:24 +0200] "GET /activities/framework/KoolControls/KoolTreeView/icons/square_greyS.gif HTTP/1.1" 200 342 "http://ed.activities.at/entry.php?id=11678&" "Mozilla/5.0 (Windows NT 10.0; Win64; x64) AppleWebKit/537.36 (KHTML, like Gecko) Chrome/57.0.2987.133 Safari/537.36"
212.108.43.59 - - [19/Apr/2017:17:07:25 +0200] "GET /activities/framework/KoolControls/KoolTreeView/icons/square_yellowS.gif HTTP/1.1" 200 541 "http://ed.activities.at/entry.php?id=11678&" "Mozilla/5.0 (Windows NT 10.0; Win64; x64) AppleWebKit/537.36 (KHTML, like Gecko) Chrome/57.0.2987.133 Safari/537.36"
212.108.43.59 - - [19/Apr/2017:17:07:25 +0200] "GET /gui/images/icons/website_modified.gif HTTP/1.1" 200 1060 "http://ed.activities.at/entry.php?id=11678&" "Mozilla/5.0 (Windows NT 10.0; Win64; x64) AppleWebKit/537.36 (KHTML, like Gecko) Chrome/57.0.2987.133 Safari/537.36"
212.108.43.59 - - [19/Apr/2017:17:07:25 +0200] "GET /gui/images/icons/square_yellowS.gif HTTP/1.1" 200 541 "http://ed.activities.at/entry.php?id=11678&" "Mozilla/5.0 (Windows NT 10.0; Win64; x64) AppleWebKit/537.36 (KHTML, like Gecko) Chrome/57.0.2987.133 Safari/537.36"
212.108.43.59 - - [19/Apr/2017:17:07:25 +0200] "GET /gui/images/icons/square_greenS.gif HTTP/1.1" 200 541 "http://ed.activities.at/entry.php?id=11678&" "Mozilla/5.0 (Windows NT 10.0; Win64; x64) AppleWebKit/537.36 (KHTML, like Gecko) Chrome/57.0.2987.133 Safari/537.36"
212.108.43.59 - - [19/Apr/2017:17:07:25 +0200] "GET /activities/framework/KoolControls/KoolTreeView/kooltreeview.php?c7cd9180e88ffef8e70f13526bb4f5f7 HTTP/1.1" 200 5055 "http://ed.activities.at/entry.php?id=11678&" "Mozilla/5.0 (Windows NT 10.0; Win64; x64) AppleWebKit/537.36 (KHTML, like Gecko) Chrome/57.0.2987.133 Safari/537.36"
212.108.43.59 - - [19/Apr/2017:17:07:25 +0200] "GET /activities/framework/KoolControls/KoolTreeView/styles/default/mid.gif HTTP/1.1" 200 71 "http://ed.activities.at/activities/framework/KoolControls/KoolTreeView/styles/default/default.css" "Mozilla/5.0 (Windows NT 10.0; Win64; x64) AppleWebKit/537.36 (KHTML, like Gecko) Chrome/57.0.2987.133 Safari/537.36"
212.108.43.59 - - [19/Apr/2017:17:07:24 +0200] "GET /entry.php?id=11677& HTTP/1.1" 200 4454 "http://ed.activities.at/entry.php?id=11679" "Mozilla/5.0 (Windows NT 10.0; Win64; x64) AppleWebKit/537.36 (KHTML, like Gecko) Chrome/57.0.2987.133 Safari/537.36"
212.108.43.59 - - [19/Apr/2017:17:07:25 +0200] "GET /activities/framework/KoolControls/KoolTreeView/styles/default/v.gif HTTP/1.1" 200 1940 "http://ed.activities.at/activities/framework/KoolControls/KoolTreeView/styles/default/default.css" "Mozilla/5.0 (Windows NT 10.0; Win64; x64) AppleWebKit/537.36 (KHTML, like Gecko) Chrome/57.0.2987.133 Safari/537.36"
212.108.43.59 - - [19/Apr/2017:17:07:25 +0200] "GET /activities/framework/KoolControls/KoolTreeView/styles/default/horizon.gif HTTP/1.1" 200 844 "http://ed.activities.at/activities/framework/KoolControls/KoolTreeView/styles/default/default.css" "Mozilla/5.0 (Windows NT 10.0; Win64; x64) AppleWebKit/537.36 (KHTML, like Gecko) Chrome/57.0.2987.133 Safari/537.36"
212.108.43.59 - - [19/Apr/2017:17:07:25 +0200] "GET /activities/framework/KoolControls/KoolTreeView/styles/default/pm.gif HTTP/1.1" 200 214 "http://ed.activities.at/activities/framework/KoolControls/KoolTreeView/styles/default/default.css" "Mozilla/5.0 (Windows NT 10.0; Win64; x64) AppleWebKit/537.36 (KHTML, like Gecko) Chrome/57.0.2987.133 Safari/537.36"
212.108.43.59 - - [19/Apr/2017:17:07:25 +0200] "GET /activities/framework/KoolControls/KoolTreeView/styles/default/L.gif HTTP/1.1" 200 67 "http://ed.activities.at/activities/framework/KoolControls/KoolTreeView/styles/default/default.css" "Mozilla/5.0 (Windows NT 10.0; Win64; x64) AppleWebKit/537.36 (KHTML, like Gecko) Chrome/57.0.2987.133 Safari/537.36"
212.108.43.59 - - [19/Apr/2017:17:07:25 +0200] "GET /gui/images/icons/square_greyS.gif HTTP/1.1" 200 342 "http://ed.activities.at/entry.php?id=11678&" "Mozilla/5.0 (Windows NT 10.0; Win64; x64) AppleWebKit/537.36 (KHTML, like Gecko) Chrome/57.0.2987.133 Safari/537.36"
212.108.43.59 - - [19/Apr/2017:17:07:25 +0200] "GET /gui/images/icons/edit.gif HTTP/1.1" 200 384 "http://ed.activities.at/entry.php?id=11677&" "Mozilla/5.0 (Windows NT 10.0; Win64; x64) AppleWebKit/537.36 (KHTML, like Gecko) Chrome/57.0.2987.133 Safari/537.36"
212.108.43.59 - - [19/Apr/2017:17:07:25 +0200] "GET /gui/images/icons/disabled_wizard.png HTTP/1.1" 200 658 "http://ed.activities.at/entry.php?id=11677&" "Mozilla/5.0 (Windows NT 10.0; Win64; x64) AppleWebKit/537.36 (KHTML, like Gecko) Chrome/57.0.2987.133 Safari/537.36"
212.108.43.59 - - [19/Apr/2017:17:07:25 +0200] "GET /gui/javascript/form_form.js?1492614445 HTTP/1.1" 200 16206 "http://ed.activities.at/entry.php?id=11677&" "Mozilla/5.0 (Windows NT 10.0; Win64; x64) AppleWebKit/537.36 (KHTML, like Gecko) Chrome/57.0.2987.133 Safari/537.36"
212.108.43.59 - - [19/Apr/2017:17:07:25 +0200] "GET /gui/images/icons/disabled_calendar.png HTTP/1.1" 200 640 "http://ed.activities.at/entry.php?id=11677&" "Mozilla/5.0 (Windows NT 10.0; Win64; x64) AppleWebKit/537.36 (KHTML, like Gecko) Chrome/57.0.2987.133 Safari/537.36"
212.108.43.59 - - [19/Apr/2017:17:07:25 +0200] "GET /entry.php?id=11618&&object=&item=&emu_class= HTTP/1.1" 200 1699 "http://ed.activities.at/entry.php?id=11677&" "Mozilla/5.0 (Windows NT 10.0; Win64; x64) AppleWebKit/537.36 (KHTML, like Gecko) Chrome/57.0.2987.133 Safari/537.36"
212.108.43.59 - - [19/Apr/2017:17:07:26 +0200] "GET /gui/javascript/form_form.js?1492614446 HTTP/1.1" 200 16206 "http://ed.activities.at/entry.php?id=11618&&object=&item=&emu_class=" "Mozilla/5.0 (Windows NT 10.0; Win64; x64) AppleWebKit/537.36 (KHTML, like Gecko) Chrome/57.0.2987.133 Safari/537.36"
212.108.43.59 - - [19/Apr/2017:17:07:32 +0200] "GET /entry.php?id=10271&&ser=614392 HTTP/1.1" 200 987 "http://ed.activities.at/entry.php?id=10271&&ser=614332" "Mozilla/5.0 (Windows NT 10.0; Win64; x64) AppleWebKit/537.36 (KHTML, like Gecko) Chrome/57.0.2987.133 Safari/537.36"
212.108.43.59 - - [19/Apr/2017:17:07:32 +0200] "GET /gui/javascript/form_form.js?1492614452 HTTP/1.1" 200 16206 "http://ed.activities.at/entry.php?id=10271&&ser=614392" "Mozilla/5.0 (Windows NT 10.0; Win64; x64) AppleWebKit/537.36 (KHTML, like Gecko) Chrome/57.0.2987.133 Safari/537.36"
212.108.43.59 - - [19/Apr/2017:17:07:40 +0200] "GET /entry.php?id=10271&&ser=614400 HTTP/1.1" 200 987 "http://ed.activities.at/entry.php?id=10271&&ser=614339" "Mozilla/5.0 (Windows NT 10.0; Win64; x64) AppleWebKit/537.36 (KHTML, like Gecko) Chrome/57.0.2987.133 Safari/537.36"
212.108.43.59 - - [19/Apr/2017:17:07:40 +0200] "GET /gui/javascript/form_form.js?1492614460 HTTP/1.1" 200 16206 "http://ed.activities.at/entry.php?id=10271&&ser=614400" "Mozilla/5.0 (Windows NT 10.0; Win64; x64) AppleWebKit/537.36 (KHTML, like Gecko) Chrome/57.0.2987.133 Safari/537.36"
212.108.43.59 - - [19/Apr/2017:17:07:53 +0200] "GET /entry.php?id=10271&&ser=614413 HTTP/1.1" 200 986 "http://ed.activities.at/entry.php?id=10271&" "Mozilla/5.0 (Windows NT 10.0; Win64; x64) AppleWebKit/537.36 (KHTML, like Gecko) Chrome/57.0.2987.133 Safari/537.36"
212.108.43.59 - - [19/Apr/2017:17:07:54 +0200] "GET /gui/javascript/form_form.js?1492614474 HTTP/1.1" 200 16206 "http://ed.activities.at/entry.php?id=10271&&ser=614413" "Mozilla/5.0 (Windows NT 10.0; Win64; x64) AppleWebKit/537.36 (KHTML, like Gecko) Chrome/57.0.2987.133 Safari/537.36"
195.245.225.251 - - [19/Apr/2017:17:08:01 +0200] "GET /entry.php?id=10271&&ser=614421 HTTP/1.1" 200 986 "http://ed.activities.at/entry.php?id=10271&&ser=614360" "Mozilla/5.0 (Macintosh; Intel Mac OS X 10_12_4) AppleWebKit/537.36 (KHTML, like Gecko) Chrome/57.0.2987.133 Safari/537.36"
195.245.225.251 - - [19/Apr/2017:17:08:01 +0200] "GET /gui/javascript/form_form.js?1492614481 HTTP/1.1" 200 16206 "http://ed.activities.at/entry.php?id=10271&&ser=614421" "Mozilla/5.0 (Macintosh; Intel Mac OS X 10_12_4) AppleWebKit/537.36 (KHTML, like Gecko) Chrome/57.0.2987.133 Safari/537.36"
212.108.43.59 - - [19/Apr/2017:17:08:16 +0200] "GET /entry.php?id=10271&&ser=614436 HTTP/1.1" 200 987 "http://ed.activities.at/entry.php?id=10271&&ser=614376" "Mozilla/5.0 (Windows NT 10.0; Win64; x64) AppleWebKit/537.36 (KHTML, like Gecko) Chrome/57.0.2987.133 Safari/537.36"
212.108.43.59 - - [19/Apr/2017:17:08:17 +0200] "GET /gui/javascript/form_form.js?1492614497 HTTP/1.1" 200 16206 "http://ed.activities.at/entry.php?id=10271&&ser=614436" "Mozilla/5.0 (Windows NT 10.0; Win64; x64) AppleWebKit/537.36 (KHTML, like Gecko) Chrome/57.0.2987.133 Safari/537.36"
212.108.43.59 - - [19/Apr/2017:17:08:32 +0200] "GET /entry.php?id=10271&&ser=614452 HTTP/1.1" 200 988 "http://ed.activities.at/entry.php?id=10271&&ser=614392" "Mozilla/5.0 (Windows NT 10.0; Win64; x64) AppleWebKit/537.36 (KHTML, like Gecko) Chrome/57.0.2987.133 Safari/537.36"
212.108.43.59 - - [19/Apr/2017:17:08:32 +0200] "GET /gui/javascript/form_form.js?1492614512 HTTP/1.1" 200 16206 "http://ed.activities.at/entry.php?id=10271&&ser=614452" "Mozilla/5.0 (Windows NT 10.0; Win64; x64) AppleWebKit/537.36 (KHTML, like Gecko) Chrome/57.0.2987.133 Safari/537.36"
212.108.43.59 - - [19/Apr/2017:17:08:40 +0200] "GET /entry.php?id=10271&&ser=614460 HTTP/1.1" 200 987 "http://ed.activities.at/entry.php?id=10271&&ser=614400" "Mozilla/5.0 (Windows NT 10.0; Win64; x64) AppleWebKit/537.36 (KHTML, like Gecko) Chrome/57.0.2987.133 Safari/537.36"
212.108.43.59 - - [19/Apr/2017:17:08:40 +0200] "GET /gui/javascript/form_form.js?1492614520 HTTP/1.1" 200 16206 "http://ed.activities.at/entry.php?id=10271&&ser=614460" "Mozilla/5.0 (Windows NT 10.0; Win64; x64) AppleWebKit/537.36 (KHTML, like Gecko) Chrome/57.0.2987.133 Safari/537.36"
212.108.43.59 - - [19/Apr/2017:17:08:54 +0200] "GET /entry.php?id=10271&&ser=614474 HTTP/1.1" 200 987 "http://ed.activities.at/entry.php?id=10271&&ser=614413" "Mozilla/5.0 (Windows NT 10.0; Win64; x64) AppleWebKit/537.36 (KHTML, like Gecko) Chrome/57.0.2987.133 Safari/537.36"
212.108.43.59 - - [19/Apr/2017:17:08:54 +0200] "GET /gui/javascript/form_form.js?1492614534 HTTP/1.1" 200 16206 "http://ed.activities.at/entry.php?id=10271&&ser=614474" "Mozilla/5.0 (Windows NT 10.0; Win64; x64) AppleWebKit/537.36 (KHTML, like Gecko) Chrome/57.0.2987.133 Safari/537.36"
195.245.225.251 - - [19/Apr/2017:17:09:02 +0200] "GET /entry.php?id=10271&&ser=614481 HTTP/1.1" 200 987 "http://ed.activities.at/entry.php?id=10271&&ser=614421" "Mozilla/5.0 (Macintosh; Intel Mac OS X 10_12_4) AppleWebKit/537.36 (KHTML, like Gecko) Chrome/57.0.2987.133 Safari/537.36"
195.245.225.251 - - [19/Apr/2017:17:09:02 +0200] "GET /gui/javascript/form_form.js?1492614542 HTTP/1.1" 200 16206 "http://ed.activities.at/entry.php?id=10271&&ser=614481" "Mozilla/5.0 (Macintosh; Intel Mac OS X 10_12_4) AppleWebKit/537.36 (KHTML, like Gecko) Chrome/57.0.2987.133 Safari/537.36"
212.108.43.59 - - [19/Apr/2017:17:09:17 +0200] "GET /entry.php?id=10271&&ser=614497 HTTP/1.1" 200 987 "http://ed.activities.at/entry.php?id=10271&&ser=614436" "Mozilla/5.0 (Windows NT 10.0; Win64; x64) AppleWebKit/537.36 (KHTML, like Gecko) Chrome/57.0.2987.133 Safari/537.36"
212.108.43.59 - - [19/Apr/2017:17:09:17 +0200] "GET /gui/javascript/form_form.js?1492614557 HTTP/1.1" 200 16206 "http://ed.activities.at/entry.php?id=10271&&ser=614497" "Mozilla/5.0 (Windows NT 10.0; Win64; x64) AppleWebKit/537.36 (KHTML, like Gecko) Chrome/57.0.2987.133 Safari/537.36"
212.108.43.59 - - [19/Apr/2017:17:09:25 +0200] "GET /entry.php?id=11674 HTTP/1.1" 200 321 "http://ed.activities.at/entry.php?id=10270&__app__=10006038" "Mozilla/5.0 (Windows NT 10.0; Win64; x64) AppleWebKit/537.36 (KHTML, like Gecko) Chrome/57.0.2987.133 Safari/537.36"
212.108.43.59 - - [19/Apr/2017:17:09:26 +0200] "GET /entry.php?id=10676&&title=Aktionen HTTP/1.1" 200 1388 "http://ed.activities.at/entry.php?id=11674" "Mozilla/5.0 (Windows NT 10.0; Win64; x64) AppleWebKit/537.36 (KHTML, like Gecko) Chrome/57.0.2987.133 Safari/537.36"
212.108.43.59 - - [19/Apr/2017:17:09:26 +0200] "GET /gui/javascript/form_form.js?1492614566 HTTP/1.1" 200 16206 "http://ed.activities.at/entry.php?id=10676&&title=Aktionen" "Mozilla/5.0 (Windows NT 10.0; Win64; x64) AppleWebKit/537.36 (KHTML, like Gecko) Chrome/57.0.2987.133 Safari/537.36"
212.108.43.59 - - [19/Apr/2017:17:09:26 +0200] "GET /entry.php?id=11675& HTTP/1.1" 200 2633 "http://ed.activities.at/entry.php?id=11674" "Mozilla/5.0 (Windows NT 10.0; Win64; x64) AppleWebKit/537.36 (KHTML, like Gecko) Chrome/57.0.2987.133 Safari/537.36"
212.108.43.59 - - [19/Apr/2017:17:09:26 +0200] "GET /entry.php?id=11676& HTTP/1.1" 200 4382 "http://ed.activities.at/entry.php?id=11674" "Mozilla/5.0 (Windows NT 10.0; Win64; x64) AppleWebKit/537.36 (KHTML, like Gecko) Chrome/57.0.2987.133 Safari/537.36"
212.108.43.59 - - [19/Apr/2017:17:09:27 +0200] "GET /gui/javascript/form_form.js?1492614567 HTTP/1.1" 200 16206 "http://ed.activities.at/entry.php?id=11676&" "Mozilla/5.0 (Windows NT 10.0; Win64; x64) AppleWebKit/537.36 (KHTML, like Gecko) Chrome/57.0.2987.133 Safari/537.36"
212.108.43.59 - - [19/Apr/2017:17:09:26 +0200] "GET /entry.php?id=10776&form=11500&name=list& HTTP/1.1" 200 2402 "http://ed.activities.at/entry.php?id=11675&" "Mozilla/5.0 (Windows NT 10.0; Win64; x64) AppleWebKit/537.36 (KHTML, like Gecko) Chrome/57.0.2987.133 Safari/537.36"
212.108.43.59 - - [19/Apr/2017:17:09:26 +0200] "GET /entry.php?id=10778&form=11500&name=list& HTTP/1.1" 200 2636 "http://ed.activities.at/entry.php?id=11675&" "Mozilla/5.0 (Windows NT 10.0; Win64; x64) AppleWebKit/537.36 (KHTML, like Gecko) Chrome/57.0.2987.133 Safari/537.36"
212.108.43.59 - - [19/Apr/2017:17:09:27 +0200] "GET /gui/images/icons/calendar.png HTTP/1.1" 200 675 "http://ed.activities.at/entry.php?id=10776&form=11500&name=list&" "Mozilla/5.0 (Windows NT 10.0; Win64; x64) AppleWebKit/537.36 (KHTML, like Gecko) Chrome/57.0.2987.133 Safari/537.36"
212.108.43.59 - - [19/Apr/2017:17:09:28 +0200] "GET /entry.php?id=11681 HTTP/1.1" 200 328 "http://ed.activities.at/entry.php?id=10270&__app__=10006038" "Mozilla/5.0 (Windows NT 10.0; Win64; x64) AppleWebKit/537.36 (KHTML, like Gecko) Chrome/57.0.2987.133 Safari/537.36"
212.108.43.59 - - [19/Apr/2017:17:09:28 +0200] "GET /entry.php?id=10676&&title=Contentverwaltung HTTP/1.1" 200 1392 "http://ed.activities.at/entry.php?id=11681" "Mozilla/5.0 (Windows NT 10.0; Win64; x64) AppleWebKit/537.36 (KHTML, like Gecko) Chrome/57.0.2987.133 Safari/537.36"
212.108.43.59 - - [19/Apr/2017:17:09:28 +0200] "GET /gui/javascript/form_form.js?1492614568 HTTP/1.1" 200 16206 "http://ed.activities.at/entry.php?id=10676&&title=Contentverwaltung" "Mozilla/5.0 (Windows NT 10.0; Win64; x64) AppleWebKit/537.36 (KHTML, like Gecko) Chrome/57.0.2987.133 Safari/537.36"
212.108.43.59 - - [19/Apr/2017:17:09:28 +0200] "GET /entry.php?id=11683& HTTP/1.1" 200 2682 "http://ed.activities.at/entry.php?id=11681" "Mozilla/5.0 (Windows NT 10.0; Win64; x64) AppleWebKit/537.36 (KHTML, like Gecko) Chrome/57.0.2987.133 Safari/537.36"
212.108.43.59 - - [19/Apr/2017:17:09:29 +0200] "GET /gui/javascript/form_form.js?1492614569 HTTP/1.1" 200 16206 "http://ed.activities.at/entry.php?id=11683&" "Mozilla/5.0 (Windows NT 10.0; Win64; x64) AppleWebKit/537.36 (KHTML, like Gecko) Chrome/57.0.2987.133 Safari/537.36"
212.108.43.59 - - [19/Apr/2017:17:09:28 +0200] "GET /entry.php?id=11684& HTTP/1.1" 200 3803 "http://ed.activities.at/entry.php?id=11681" "Mozilla/5.0 (Windows NT 10.0; Win64; x64) AppleWebKit/537.36 (KHTML, like Gecko) Chrome/57.0.2987.133 Safari/537.36"
212.108.43.59 - - [19/Apr/2017:17:09:29 +0200] "GET /entry.php?id=10776&form=11508&name=list& HTTP/1.1" 200 1895 "http://ed.activities.at/entry.php?id=11683&" "Mozilla/5.0 (Windows NT 10.0; Win64; x64) AppleWebKit/537.36 (KHTML, like Gecko) Chrome/57.0.2987.133 Safari/537.36"
212.108.43.59 - - [19/Apr/2017:17:09:29 +0200] "GET /entry.php?id=10778&form=11508&name=list& HTTP/1.1" 200 4471 "http://ed.activities.at/entry.php?id=11683&" "Mozilla/5.0 (Windows NT 10.0; Win64; x64) AppleWebKit/537.36 (KHTML, like Gecko) Chrome/57.0.2987.133 Safari/537.36"
212.108.43.59 - - [19/Apr/2017:17:09:33 +0200] "GET /entry.php?id=10271&&ser=614512 HTTP/1.1" 200 987 "http://ed.activities.at/entry.php?id=10271&&ser=614452" "Mozilla/5.0 (Windows NT 10.0; Win64; x64) AppleWebKit/537.36 (KHTML, like Gecko) Chrome/57.0.2987.133 Safari/537.36"
212.108.43.59 - - [19/Apr/2017:17:09:33 +0200] "GET /gui/javascript/form_form.js?1492614573 HTTP/1.1" 200 16206 "http://ed.activities.at/entry.php?id=10271&&ser=614512" "Mozilla/5.0 (Windows NT 10.0; Win64; x64) AppleWebKit/537.36 (KHTML, like Gecko) Chrome/57.0.2987.133 Safari/537.36"
212.108.43.59 - - [19/Apr/2017:17:09:41 +0200] "GET /entry.php?id=10271&&ser=614520 HTTP/1.1" 200 986 "http://ed.activities.at/entry.php?id=10271&&ser=614460" "Mozilla/5.0 (Windows NT 10.0; Win64; x64) AppleWebKit/537.36 (KHTML, like Gecko) Chrome/57.0.2987.133 Safari/537.36"
212.108.43.59 - - [19/Apr/2017:17:09:41 +0200] "GET /gui/javascript/form_form.js?1492614581 HTTP/1.1" 200 16206 "http://ed.activities.at/entry.php?id=10271&&ser=614520" "Mozilla/5.0 (Windows NT 10.0; Win64; x64) AppleWebKit/537.36 (KHTML, like Gecko) Chrome/57.0.2987.133 Safari/537.36"
212.108.43.59 - - [19/Apr/2017:17:09:54 +0200] "GET /entry.php?id=10271&&ser=614534 HTTP/1.1" 200 987 "http://ed.activities.at/entry.php?id=10271&&ser=614474" "Mozilla/5.0 (Windows NT 10.0; Win64; x64) AppleWebKit/537.36 (KHTML, like Gecko) Chrome/57.0.2987.133 Safari/537.36"
212.108.43.59 - - [19/Apr/2017:17:09:54 +0200] "GET /gui/javascript/form_form.js?1492614594 HTTP/1.1" 200 16206 "http://ed.activities.at/entry.php?id=10271&&ser=614534" "Mozilla/5.0 (Windows NT 10.0; Win64; x64) AppleWebKit/537.36 (KHTML, like Gecko) Chrome/57.0.2987.133 Safari/537.36"
195.245.225.251 - - [19/Apr/2017:17:10:02 +0200] "GET /entry.php?id=10271&&ser=614542 HTTP/1.1" 200 987 "http://ed.activities.at/entry.php?id=10271&&ser=614481" "Mozilla/5.0 (Macintosh; Intel Mac OS X 10_12_4) AppleWebKit/537.36 (KHTML, like Gecko) Chrome/57.0.2987.133 Safari/537.36"
195.245.225.251 - - [19/Apr/2017:17:10:02 +0200] "GET /gui/javascript/form_form.js?1492614602 HTTP/1.1" 200 16206 "http://ed.activities.at/entry.php?id=10271&&ser=614542" "Mozilla/5.0 (Macintosh; Intel Mac OS X 10_12_4) AppleWebKit/537.36 (KHTML, like Gecko) Chrome/57.0.2987.133 Safari/537.36"
212.108.43.59 - - [19/Apr/2017:17:10:17 +0200] "GET /entry.php?id=10271&&ser=614557 HTTP/1.1" 200 987 "http://ed.activities.at/entry.php?id=10271&&ser=614497" "Mozilla/5.0 (Windows NT 10.0; Win64; x64) AppleWebKit/537.36 (KHTML, like Gecko) Chrome/57.0.2987.133 Safari/537.36"
212.108.43.59 - - [19/Apr/2017:17:10:17 +0200] "GET /gui/javascript/form_form.js?1492614617 HTTP/1.1" 200 16206 "http://ed.activities.at/entry.php?id=10271&&ser=614557" "Mozilla/5.0 (Windows NT 10.0; Win64; x64) AppleWebKit/537.36 (KHTML, like Gecko) Chrome/57.0.2987.133 Safari/537.36"
212.108.43.59 - - [19/Apr/2017:17:10:33 +0200] "GET /entry.php?id=10271&&ser=614573 HTTP/1.1" 200 987 "http://ed.activities.at/entry.php?id=10271&&ser=614512" "Mozilla/5.0 (Windows NT 10.0; Win64; x64) AppleWebKit/537.36 (KHTML, like Gecko) Chrome/57.0.2987.133 Safari/537.36"
212.108.43.59 - - [19/Apr/2017:17:10:33 +0200] "GET /gui/javascript/form_form.js?1492614633 HTTP/1.1" 200 16206 "http://ed.activities.at/entry.php?id=10271&&ser=614573" "Mozilla/5.0 (Windows NT 10.0; Win64; x64) AppleWebKit/537.36 (KHTML, like Gecko) Chrome/57.0.2987.133 Safari/537.36"
212.108.43.59 - - [19/Apr/2017:17:10:41 +0200] "GET /entry.php?id=10271&&ser=614581 HTTP/1.1" 200 987 "http://ed.activities.at/entry.php?id=10271&&ser=614520" "Mozilla/5.0 (Windows NT 10.0; Win64; x64) AppleWebKit/537.36 (KHTML, like Gecko) Chrome/57.0.2987.133 Safari/537.36"
212.108.43.59 - - [19/Apr/2017:17:10:41 +0200] "GET /gui/javascript/form_form.js?1492614641 HTTP/1.1" 200 16206 "http://ed.activities.at/entry.php?id=10271&&ser=614581" "Mozilla/5.0 (Windows NT 10.0; Win64; x64) AppleWebKit/537.36 (KHTML, like Gecko) Chrome/57.0.2987.133 Safari/537.36"
212.108.43.59 - - [19/Apr/2017:17:10:55 +0200] "GET /entry.php?id=10271&&ser=614594 HTTP/1.1" 200 987 "http://ed.activities.at/entry.php?id=10271&&ser=614534" "Mozilla/5.0 (Windows NT 10.0; Win64; x64) AppleWebKit/537.36 (KHTML, like Gecko) Chrome/57.0.2987.133 Safari/537.36"
212.108.43.59 - - [19/Apr/2017:17:10:55 +0200] "GET /gui/javascript/form_form.js?1492614655 HTTP/1.1" 200 16206 "http://ed.activities.at/entry.php?id=10271&&ser=614594" "Mozilla/5.0 (Windows NT 10.0; Win64; x64) AppleWebKit/537.36 (KHTML, like Gecko) Chrome/57.0.2987.133 Safari/537.36"
195.245.225.251 - - [19/Apr/2017:17:11:02 +0200] "GET /entry.php?id=10271&&ser=614602 HTTP/1.1" 200 987 "http://ed.activities.at/entry.php?id=10271&&ser=614542" "Mozilla/5.0 (Macintosh; Intel Mac OS X 10_12_4) AppleWebKit/537.36 (KHTML, like Gecko) Chrome/57.0.2987.133 Safari/537.36"
195.245.225.251 - - [19/Apr/2017:17:11:02 +0200] "GET /gui/javascript/form_form.js?1492614662 HTTP/1.1" 200 16206 "http://ed.activities.at/entry.php?id=10271&&ser=614602" "Mozilla/5.0 (Macintosh; Intel Mac OS X 10_12_4) AppleWebKit/537.36 (KHTML, like Gecko) Chrome/57.0.2987.133 Safari/537.36"
212.108.43.59 - - [19/Apr/2017:17:11:17 +0200] "GET /entry.php?id=10271&&ser=614617 HTTP/1.1" 200 987 "http://ed.activities.at/entry.php?id=10271&&ser=614557" "Mozilla/5.0 (Windows NT 10.0; Win64; x64) AppleWebKit/537.36 (KHTML, like Gecko) Chrome/57.0.2987.133 Safari/537.36"
212.108.43.59 - - [19/Apr/2017:17:11:18 +0200] "GET /gui/javascript/form_form.js?1492614678 HTTP/1.1" 200 16206 "http://ed.activities.at/entry.php?id=10271&&ser=614617" "Mozilla/5.0 (Windows NT 10.0; Win64; x64) AppleWebKit/537.36 (KHTML, like Gecko) Chrome/57.0.2987.133 Safari/537.36"
212.108.43.59 - - [19/Apr/2017:17:11:33 +0200] "GET /entry.php?id=10271&&ser=614633 HTTP/1.1" 200 988 "http://ed.activities.at/entry.php?id=10271&&ser=614573" "Mozilla/5.0 (Windows NT 10.0; Win64; x64) AppleWebKit/537.36 (KHTML, like Gecko) Chrome/57.0.2987.133 Safari/537.36"
212.108.43.59 - - [19/Apr/2017:17:11:33 +0200] "GET /gui/javascript/form_form.js?1492614693 HTTP/1.1" 200 16206 "http://ed.activities.at/entry.php?id=10271&&ser=614633" "Mozilla/5.0 (Windows NT 10.0; Win64; x64) AppleWebKit/537.36 (KHTML, like Gecko) Chrome/57.0.2987.133 Safari/537.36"
212.108.43.59 - - [19/Apr/2017:17:11:41 +0200] "GET /entry.php?id=10271&&ser=614641 HTTP/1.1" 200 986 "http://ed.activities.at/entry.php?id=10271&&ser=614581" "Mozilla/5.0 (Windows NT 10.0; Win64; x64) AppleWebKit/537.36 (KHTML, like Gecko) Chrome/57.0.2987.133 Safari/537.36"
212.108.43.59 - - [19/Apr/2017:17:11:41 +0200] "GET /gui/javascript/form_form.js?1492614701 HTTP/1.1" 200 16206 "http://ed.activities.at/entry.php?id=10271&&ser=614641" "Mozilla/5.0 (Windows NT 10.0; Win64; x64) AppleWebKit/537.36 (KHTML, like Gecko) Chrome/57.0.2987.133 Safari/537.36"
212.108.43.59 - - [19/Apr/2017:17:11:55 +0200] "GET /entry.php?id=10271&&ser=614655 HTTP/1.1" 200 987 "http://ed.activities.at/entry.php?id=10271&&ser=614594" "Mozilla/5.0 (Windows NT 10.0; Win64; x64) AppleWebKit/537.36 (KHTML, like Gecko) Chrome/57.0.2987.133 Safari/537.36"
212.108.43.59 - - [19/Apr/2017:17:11:55 +0200] "GET /gui/javascript/form_form.js?1492614715 HTTP/1.1" 200 16206 "http://ed.activities.at/entry.php?id=10271&&ser=614655" "Mozilla/5.0 (Windows NT 10.0; Win64; x64) AppleWebKit/537.36 (KHTML, like Gecko) Chrome/57.0.2987.133 Safari/537.36"
195.245.225.251 - - [19/Apr/2017:17:12:03 +0200] "GET /entry.php?id=10271&&ser=614662 HTTP/1.1" 200 987 "http://ed.activities.at/entry.php?id=10271&&ser=614602" "Mozilla/5.0 (Macintosh; Intel Mac OS X 10_12_4) AppleWebKit/537.36 (KHTML, like Gecko) Chrome/57.0.2987.133 Safari/537.36"
195.245.225.251 - - [19/Apr/2017:17:12:03 +0200] "GET /gui/javascript/form_form.js?1492614723 HTTP/1.1" 200 16206 "http://ed.activities.at/entry.php?id=10271&&ser=614662" "Mozilla/5.0 (Macintosh; Intel Mac OS X 10_12_4) AppleWebKit/537.36 (KHTML, like Gecko) Chrome/57.0.2987.133 Safari/537.36"
212.108.43.59 - - [19/Apr/2017:17:12:18 +0200] "GET /entry.php?id=10271&&ser=614678 HTTP/1.1" 200 986 "http://ed.activities.at/entry.php?id=10271&&ser=614617" "Mozilla/5.0 (Windows NT 10.0; Win64; x64) AppleWebKit/537.36 (KHTML, like Gecko) Chrome/57.0.2987.133 Safari/537.36"
212.108.43.59 - - [19/Apr/2017:17:12:18 +0200] "GET /gui/javascript/form_form.js?1492614738 HTTP/1.1" 200 16206 "http://ed.activities.at/entry.php?id=10271&&ser=614678" "Mozilla/5.0 (Windows NT 10.0; Win64; x64) AppleWebKit/537.36 (KHTML, like Gecko) Chrome/57.0.2987.133 Safari/537.36"
212.108.43.59 - - [19/Apr/2017:17:12:34 +0200] "GET /entry.php?id=10271&&ser=614693 HTTP/1.1" 200 987 "http://ed.activities.at/entry.php?id=10271&&ser=614633" "Mozilla/5.0 (Windows NT 10.0; Win64; x64) AppleWebKit/537.36 (KHTML, like Gecko) Chrome/57.0.2987.133 Safari/537.36"
212.108.43.59 - - [19/Apr/2017:17:12:34 +0200] "GET /gui/javascript/form_form.js?1492614754 HTTP/1.1" 200 16206 "http://ed.activities.at/entry.php?id=10271&&ser=614693" "Mozilla/5.0 (Windows NT 10.0; Win64; x64) AppleWebKit/537.36 (KHTML, like Gecko) Chrome/57.0.2987.133 Safari/537.36"
212.108.43.59 - - [19/Apr/2017:17:12:41 +0200] "GET /entry.php?id=10271&&ser=614701 HTTP/1.1" 200 987 "http://ed.activities.at/entry.php?id=10271&&ser=614641" "Mozilla/5.0 (Windows NT 10.0; Win64; x64) AppleWebKit/537.36 (KHTML, like Gecko) Chrome/57.0.2987.133 Safari/537.36"
212.108.43.59 - - [19/Apr/2017:17:12:42 +0200] "GET /gui/javascript/form_form.js?1492614762 HTTP/1.1" 200 16206 "http://ed.activities.at/entry.php?id=10271&&ser=614701" "Mozilla/5.0 (Windows NT 10.0; Win64; x64) AppleWebKit/537.36 (KHTML, like Gecko) Chrome/57.0.2987.133 Safari/537.36"
212.108.43.59 - - [19/Apr/2017:17:12:55 +0200] "GET /entry.php?id=10271&&ser=614715 HTTP/1.1" 200 987 "http://ed.activities.at/entry.php?id=10271&&ser=614655" "Mozilla/5.0 (Windows NT 10.0; Win64; x64) AppleWebKit/537.36 (KHTML, like Gecko) Chrome/57.0.2987.133 Safari/537.36"
