212.108.43.59 - - [19/Apr/2017:13:19:22 +0200] "GET /gui/javascript/form_form.js?1492600762 HTTP/1.1" 200 16206 "http://ed.activities.at/entry.php?id=10271&&ser=600702" "Mozilla/5.0 (Windows NT 10.0; Win64; x64) AppleWebKit/537.36 (KHTML, like Gecko) Chrome/57.0.2987.133 Safari/537.36"
195.245.225.251 - - [19/Apr/2017:13:19:24 +0200] "GET /entry.php?id=10271&&ser=600703 HTTP/1.1" 200 987 "http://ed.activities.at/entry.php?id=10271&&ser=600642" "Mozilla/5.0 (Macintosh; Intel Mac OS X 10_12_4) AppleWebKit/537.36 (KHTML, like Gecko) Chrome/57.0.2987.133 Safari/537.36"
195.245.225.251 - - [19/Apr/2017:13:19:24 +0200] "GET /gui/javascript/form_form.js?1492600764 HTTP/1.1" 200 16206 "http://ed.activities.at/entry.php?id=10271&&ser=600703" "Mozilla/5.0 (Macintosh; Intel Mac OS X 10_12_4) AppleWebKit/537.36 (KHTML, like Gecko) Chrome/57.0.2987.133 Safari/537.36"
212.108.43.59 - - [19/Apr/2017:13:20:02 +0200] "GET /entry.php?id=10271&&ser=600742 HTTP/1.1" 200 987 "http://ed.activities.at/entry.php?id=10271&&ser=600681" "Mozilla/5.0 (Windows NT 10.0; Win64; x64) AppleWebKit/537.36 (KHTML, like Gecko) Chrome/57.0.2987.133 Safari/537.36"
212.108.43.59 - - [19/Apr/2017:13:20:02 +0200] "GET /gui/javascript/form_form.js?1492600802 HTTP/1.1" 200 16206 "http://ed.activities.at/entry.php?id=10271&&ser=600742" "Mozilla/5.0 (Windows NT 10.0; Win64; x64) AppleWebKit/537.36 (KHTML, like Gecko) Chrome/57.0.2987.133 Safari/537.36"
212.108.43.59 - - [19/Apr/2017:13:20:18 +0200] "GET /entry.php?id=10271&&ser=600758 HTTP/1.1" 200 987 "http://ed.activities.at/entry.php?id=10271&&ser=600698" "Mozilla/5.0 (Windows NT 10.0; Win64; x64) AppleWebKit/537.36 (KHTML, like Gecko) Chrome/57.0.2987.133 Safari/537.36"
212.108.43.59 - - [19/Apr/2017:13:20:18 +0200] "GET /gui/javascript/form_form.js?1492600818 HTTP/1.1" 200 16206 "http://ed.activities.at/entry.php?id=10271&&ser=600758" "Mozilla/5.0 (Windows NT 10.0; Win64; x64) AppleWebKit/537.36 (KHTML, like Gecko) Chrome/57.0.2987.133 Safari/537.36"
212.108.43.59 - - [19/Apr/2017:13:20:22 +0200] "GET /entry.php?id=10271&&ser=600762 HTTP/1.1" 200 987 "http://ed.activities.at/entry.php?id=10271&&ser=600702" "Mozilla/5.0 (Windows NT 10.0; Win64; x64) AppleWebKit/537.36 (KHTML, like Gecko) Chrome/57.0.2987.133 Safari/537.36"
212.108.43.59 - - [19/Apr/2017:13:20:23 +0200] "GET /gui/javascript/form_form.js?1492600823 HTTP/1.1" 200 16206 "http://ed.activities.at/entry.php?id=10271&&ser=600762" "Mozilla/5.0 (Windows NT 10.0; Win64; x64) AppleWebKit/537.36 (KHTML, like Gecko) Chrome/57.0.2987.133 Safari/537.36"
195.245.225.251 - - [19/Apr/2017:13:20:25 +0200] "GET /entry.php?id=10271&&ser=600764 HTTP/1.1" 200 987 "http://ed.activities.at/entry.php?id=10271&&ser=600703" "Mozilla/5.0 (Macintosh; Intel Mac OS X 10_12_4) AppleWebKit/537.36 (KHTML, like Gecko) Chrome/57.0.2987.133 Safari/537.36"
195.245.225.251 - - [19/Apr/2017:13:20:25 +0200] "GET /gui/javascript/form_form.js?1492600825 HTTP/1.1" 200 16206 "http://ed.activities.at/entry.php?id=10271&&ser=600764" "Mozilla/5.0 (Macintosh; Intel Mac OS X 10_12_4) AppleWebKit/537.36 (KHTML, like Gecko) Chrome/57.0.2987.133 Safari/537.36"
212.108.43.59 - - [19/Apr/2017:13:21:02 +0200] "GET /entry.php?id=10271&&ser=600802 HTTP/1.1" 200 987 "http://ed.activities.at/entry.php?id=10271&&ser=600742" "Mozilla/5.0 (Windows NT 10.0; Win64; x64) AppleWebKit/537.36 (KHTML, like Gecko) Chrome/57.0.2987.133 Safari/537.36"
212.108.43.59 - - [19/Apr/2017:13:21:03 +0200] "GET /gui/javascript/form_form.js?1492600862 HTTP/1.1" 200 16206 "http://ed.activities.at/entry.php?id=10271&&ser=600802" "Mozilla/5.0 (Windows NT 10.0; Win64; x64) AppleWebKit/537.36 (KHTML, like Gecko) Chrome/57.0.2987.133 Safari/537.36"
212.108.43.59 - - [19/Apr/2017:13:21:18 +0200] "GET /entry.php?id=10271&&ser=600818 HTTP/1.1" 200 987 "http://ed.activities.at/entry.php?id=10271&&ser=600758" "Mozilla/5.0 (Windows NT 10.0; Win64; x64) AppleWebKit/537.36 (KHTML, like Gecko) Chrome/57.0.2987.133 Safari/537.36"
212.108.43.59 - - [19/Apr/2017:13:21:19 +0200] "GET /gui/javascript/form_form.js?1492600878 HTTP/1.1" 200 16206 "http://ed.activities.at/entry.php?id=10271&&ser=600818" "Mozilla/5.0 (Windows NT 10.0; Win64; x64) AppleWebKit/537.36 (KHTML, like Gecko) Chrome/57.0.2987.133 Safari/537.36"
212.108.43.59 - - [19/Apr/2017:13:21:23 +0200] "GET /entry.php?id=10271&&ser=600823 HTTP/1.1" 200 987 "http://ed.activities.at/entry.php?id=10271&&ser=600762" "Mozilla/5.0 (Windows NT 10.0; Win64; x64) AppleWebKit/537.36 (KHTML, like Gecko) Chrome/57.0.2987.133 Safari/537.36"
212.108.43.59 - - [19/Apr/2017:13:21:23 +0200] "GET /gui/javascript/form_form.js?1492600883 HTTP/1.1" 200 16206 "http://ed.activities.at/entry.php?id=10271&&ser=600823" "Mozilla/5.0 (Windows NT 10.0; Win64; x64) AppleWebKit/537.36 (KHTML, like Gecko) Chrome/57.0.2987.133 Safari/537.36"
195.245.225.251 - - [19/Apr/2017:13:21:26 +0200] "GET /entry.php?id=10271&&ser=600825 HTTP/1.1" 200 987 "http://ed.activities.at/entry.php?id=10271&&ser=600764" "Mozilla/5.0 (Macintosh; Intel Mac OS X 10_12_4) AppleWebKit/537.36 (KHTML, like Gecko) Chrome/57.0.2987.133 Safari/537.36"
195.245.225.251 - - [19/Apr/2017:13:21:26 +0200] "GET /gui/javascript/form_form.js?1492600886 HTTP/1.1" 200 16206 "http://ed.activities.at/entry.php?id=10271&&ser=600825" "Mozilla/5.0 (Macintosh; Intel Mac OS X 10_12_4) AppleWebKit/537.36 (KHTML, like Gecko) Chrome/57.0.2987.133 Safari/537.36"
212.108.43.59 - - [19/Apr/2017:13:22:03 +0200] "GET /entry.php?id=10271&&ser=600862 HTTP/1.1" 200 987 "http://ed.activities.at/entry.php?id=10271&&ser=600802" "Mozilla/5.0 (Windows NT 10.0; Win64; x64) AppleWebKit/537.36 (KHTML, like Gecko) Chrome/57.0.2987.133 Safari/537.36"
212.108.43.59 - - [19/Apr/2017:13:22:03 +0200] "GET /gui/javascript/form_form.js?1492600923 HTTP/1.1" 200 16206 "http://ed.activities.at/entry.php?id=10271&&ser=600862" "Mozilla/5.0 (Windows NT 10.0; Win64; x64) AppleWebKit/537.36 (KHTML, like Gecko) Chrome/57.0.2987.133 Safari/537.36"
212.108.43.59 - - [19/Apr/2017:13:22:19 +0200] "GET /entry.php?id=10271&&ser=600878 HTTP/1.1" 200 987 "http://ed.activities.at/entry.php?id=10271&&ser=600818" "Mozilla/5.0 (Windows NT 10.0; Win64; x64) AppleWebKit/537.36 (KHTML, like Gecko) Chrome/57.0.2987.133 Safari/537.36"
212.108.43.59 - - [19/Apr/2017:13:22:19 +0200] "GET /gui/javascript/form_form.js?1492600939 HTTP/1.1" 200 16206 "http://ed.activities.at/entry.php?id=10271&&ser=600878" "Mozilla/5.0 (Windows NT 10.0; Win64; x64) AppleWebKit/537.36 (KHTML, like Gecko) Chrome/57.0.2987.133 Safari/537.36"
212.108.43.59 - - [19/Apr/2017:13:22:23 +0200] "GET /entry.php?id=10271&&ser=600883 HTTP/1.1" 200 987 "http://ed.activities.at/entry.php?id=10271&&ser=600823" "Mozilla/5.0 (Windows NT 10.0; Win64; x64) AppleWebKit/537.36 (KHTML, like Gecko) Chrome/57.0.2987.133 Safari/537.36"
212.108.43.59 - - [19/Apr/2017:13:22:23 +0200] "GET /gui/javascript/form_form.js?1492600943 HTTP/1.1" 200 16206 "http://ed.activities.at/entry.php?id=10271&&ser=600883" "Mozilla/5.0 (Windows NT 10.0; Win64; x64) AppleWebKit/537.36 (KHTML, like Gecko) Chrome/57.0.2987.133 Safari/537.36"
195.245.225.251 - - [19/Apr/2017:13:22:27 +0200] "GET /entry.php?id=10271&&ser=600886 HTTP/1.1" 200 987 "http://ed.activities.at/entry.php?id=10271&&ser=600825" "Mozilla/5.0 (Macintosh; Intel Mac OS X 10_12_4) AppleWebKit/537.36 (KHTML, like Gecko) Chrome/57.0.2987.133 Safari/537.36"
195.245.225.251 - - [19/Apr/2017:13:22:27 +0200] "GET /gui/javascript/form_form.js?1492600947 HTTP/1.1" 200 16206 "http://ed.activities.at/entry.php?id=10271&&ser=600886" "Mozilla/5.0 (Macintosh; Intel Mac OS X 10_12_4) AppleWebKit/537.36 (KHTML, like Gecko) Chrome/57.0.2987.133 Safari/537.36"
212.108.43.59 - - [19/Apr/2017:13:23:03 +0200] "GET /entry.php?id=10271&&ser=600923 HTTP/1.1" 200 987 "http://ed.activities.at/entry.php?id=10271&&ser=600862" "Mozilla/5.0 (Windows NT 10.0; Win64; x64) AppleWebKit/537.36 (KHTML, like Gecko) Chrome/57.0.2987.133 Safari/537.36"
212.108.43.59 - - [19/Apr/2017:13:23:03 +0200] "GET /gui/javascript/form_form.js?1492600983 HTTP/1.1" 200 16206 "http://ed.activities.at/entry.php?id=10271&&ser=600923" "Mozilla/5.0 (Windows NT 10.0; Win64; x64) AppleWebKit/537.36 (KHTML, like Gecko) Chrome/57.0.2987.133 Safari/537.36"
212.108.43.59 - - [19/Apr/2017:13:23:19 +0200] "GET /entry.php?id=10271&&ser=600939 HTTP/1.1" 200 987 "http://ed.activities.at/entry.php?id=10271&&ser=600878" "Mozilla/5.0 (Windows NT 10.0; Win64; x64) AppleWebKit/537.36 (KHTML, like Gecko) Chrome/57.0.2987.133 Safari/537.36"
212.108.43.59 - - [19/Apr/2017:13:23:19 +0200] "GET /gui/javascript/form_form.js?1492600999 HTTP/1.1" 200 16206 "http://ed.activities.at/entry.php?id=10271&&ser=600939" "Mozilla/5.0 (Windows NT 10.0; Win64; x64) AppleWebKit/537.36 (KHTML, like Gecko) Chrome/57.0.2987.133 Safari/537.36"
212.108.43.59 - - [19/Apr/2017:13:23:23 +0200] "GET /entry.php?id=10271&&ser=600943 HTTP/1.1" 200 986 "http://ed.activities.at/entry.php?id=10271&&ser=600883" "Mozilla/5.0 (Windows NT 10.0; Win64; x64) AppleWebKit/537.36 (KHTML, like Gecko) Chrome/57.0.2987.133 Safari/537.36"
212.108.43.59 - - [19/Apr/2017:13:23:24 +0200] "GET /gui/javascript/form_form.js?1492601004 HTTP/1.1" 200 16206 "http://ed.activities.at/entry.php?id=10271&&ser=600943" "Mozilla/5.0 (Windows NT 10.0; Win64; x64) AppleWebKit/537.36 (KHTML, like Gecko) Chrome/57.0.2987.133 Safari/537.36"
195.245.225.251 - - [19/Apr/2017:13:23:28 +0200] "GET /entry.php?id=10271&&ser=600947 HTTP/1.1" 200 986 "http://ed.activities.at/entry.php?id=10271&&ser=600886" "Mozilla/5.0 (Macintosh; Intel Mac OS X 10_12_4) AppleWebKit/537.36 (KHTML, like Gecko) Chrome/57.0.2987.133 Safari/537.36"
195.245.225.251 - - [19/Apr/2017:13:23:28 +0200] "GET /gui/javascript/form_form.js?1492601008 HTTP/1.1" 200 16206 "http://ed.activities.at/entry.php?id=10271&&ser=600947" "Mozilla/5.0 (Macintosh; Intel Mac OS X 10_12_4) AppleWebKit/537.36 (KHTML, like Gecko) Chrome/57.0.2987.133 Safari/537.36"
212.108.43.59 - - [19/Apr/2017:13:24:03 +0200] "GET /entry.php?id=10271&&ser=600983 HTTP/1.1" 200 987 "http://ed.activities.at/entry.php?id=10271&&ser=600923" "Mozilla/5.0 (Windows NT 10.0; Win64; x64) AppleWebKit/537.36 (KHTML, like Gecko) Chrome/57.0.2987.133 Safari/537.36"
212.108.43.59 - - [19/Apr/2017:13:24:03 +0200] "GET /gui/javascript/form_form.js?1492601043 HTTP/1.1" 200 16206 "http://ed.activities.at/entry.php?id=10271&&ser=600983" "Mozilla/5.0 (Windows NT 10.0; Win64; x64) AppleWebKit/537.36 (KHTML, like Gecko) Chrome/57.0.2987.133 Safari/537.36"
212.108.43.59 - - [19/Apr/2017:13:24:19 +0200] "GET /entry.php?id=10271&&ser=600999 HTTP/1.1" 200 987 "http://ed.activities.at/entry.php?id=10271&&ser=600939" "Mozilla/5.0 (Windows NT 10.0; Win64; x64) AppleWebKit/537.36 (KHTML, like Gecko) Chrome/57.0.2987.133 Safari/537.36"
212.108.43.59 - - [19/Apr/2017:13:24:19 +0200] "GET /gui/javascript/form_form.js?1492601059 HTTP/1.1" 200 16206 "http://ed.activities.at/entry.php?id=10271&&ser=600999" "Mozilla/5.0 (Windows NT 10.0; Win64; x64) AppleWebKit/537.36 (KHTML, like Gecko) Chrome/57.0.2987.133 Safari/537.36"
212.108.43.59 - - [19/Apr/2017:13:24:24 +0200] "GET /entry.php?id=10271&&ser=601004 HTTP/1.1" 200 987 "http://ed.activities.at/entry.php?id=10271&&ser=600943" "Mozilla/5.0 (Windows NT 10.0; Win64; x64) AppleWebKit/537.36 (KHTML, like Gecko) Chrome/57.0.2987.133 Safari/537.36"
212.108.43.59 - - [19/Apr/2017:13:24:24 +0200] "GET /gui/javascript/form_form.js?1492601064 HTTP/1.1" 200 16206 "http://ed.activities.at/entry.php?id=10271&&ser=601004" "Mozilla/5.0 (Windows NT 10.0; Win64; x64) AppleWebKit/537.36 (KHTML, like Gecko) Chrome/57.0.2987.133 Safari/537.36"
195.245.225.251 - - [19/Apr/2017:13:24:29 +0200] "GET /entry.php?id=10271&&ser=601008 HTTP/1.1" 200 987 "http://ed.activities.at/entry.php?id=10271&&ser=600947" "Mozilla/5.0 (Macintosh; Intel Mac OS X 10_12_4) AppleWebKit/537.36 (KHTML, like Gecko) Chrome/57.0.2987.133 Safari/537.36"
195.245.225.251 - - [19/Apr/2017:13:24:29 +0200] "GET /gui/javascript/form_form.js?1492601069 HTTP/1.1" 200 16206 "http://ed.activities.at/entry.php?id=10271&&ser=601008" "Mozilla/5.0 (Macintosh; Intel Mac OS X 10_12_4) AppleWebKit/537.36 (KHTML, like Gecko) Chrome/57.0.2987.133 Safari/537.36"
212.108.43.59 - - [19/Apr/2017:13:25:04 +0200] "GET /entry.php?id=10271&&ser=601043 HTTP/1.1" 200 987 "http://ed.activities.at/entry.php?id=10271&&ser=600983" "Mozilla/5.0 (Windows NT 10.0; Win64; x64) AppleWebKit/537.36 (KHTML, like Gecko) Chrome/57.0.2987.133 Safari/537.36"
212.108.43.59 - - [19/Apr/2017:13:25:04 +0200] "GET /gui/javascript/form_form.js?1492601104 HTTP/1.1" 200 16206 "http://ed.activities.at/entry.php?id=10271&&ser=601043" "Mozilla/5.0 (Windows NT 10.0; Win64; x64) AppleWebKit/537.36 (KHTML, like Gecko) Chrome/57.0.2987.133 Safari/537.36"
212.108.43.59 - - [19/Apr/2017:13:25:20 +0200] "GET /entry.php?id=10271&&ser=601059 HTTP/1.1" 200 987 "http://ed.activities.at/entry.php?id=10271&&ser=600999" "Mozilla/5.0 (Windows NT 10.0; Win64; x64) AppleWebKit/537.36 (KHTML, like Gecko) Chrome/57.0.2987.133 Safari/537.36"
212.108.43.59 - - [19/Apr/2017:13:25:20 +0200] "GET /gui/javascript/form_form.js?1492601120 HTTP/1.1" 200 16206 "http://ed.activities.at/entry.php?id=10271&&ser=601059" "Mozilla/5.0 (Windows NT 10.0; Win64; x64) AppleWebKit/537.36 (KHTML, like Gecko) Chrome/57.0.2987.133 Safari/537.36"
212.108.43.59 - - [19/Apr/2017:13:25:24 +0200] "GET /entry.php?id=10271&&ser=601064 HTTP/1.1" 200 987 "http://ed.activities.at/entry.php?id=10271&&ser=601004" "Mozilla/5.0 (Windows NT 10.0; Win64; x64) AppleWebKit/537.36 (KHTML, like Gecko) Chrome/57.0.2987.133 Safari/537.36"
212.108.43.59 - - [19/Apr/2017:13:25:24 +0200] "GET /gui/javascript/form_form.js?1492601124 HTTP/1.1" 200 16206 "http://ed.activities.at/entry.php?id=10271&&ser=601064" "Mozilla/5.0 (Windows NT 10.0; Win64; x64) AppleWebKit/537.36 (KHTML, like Gecko) Chrome/57.0.2987.133 Safari/537.36"
195.245.225.251 - - [19/Apr/2017:13:25:30 +0200] "GET /entry.php?id=10271&&ser=601069 HTTP/1.1" 200 986 "http://ed.activities.at/entry.php?id=10271&&ser=601008" "Mozilla/5.0 (Macintosh; Intel Mac OS X 10_12_4) AppleWebKit/537.36 (KHTML, like Gecko) Chrome/57.0.2987.133 Safari/537.36"
195.245.225.251 - - [19/Apr/2017:13:25:30 +0200] "GET /gui/javascript/form_form.js?1492601130 HTTP/1.1" 200 16206 "http://ed.activities.at/entry.php?id=10271&&ser=601069" "Mozilla/5.0 (Macintosh; Intel Mac OS X 10_12_4) AppleWebKit/537.36 (KHTML, like Gecko) Chrome/57.0.2987.133 Safari/537.36"
212.108.43.59 - - [19/Apr/2017:13:26:04 +0200] "GET /entry.php?id=10271&&ser=601104 HTTP/1.1" 200 987 "http://ed.activities.at/entry.php?id=10271&&ser=601043" "Mozilla/5.0 (Windows NT 10.0; Win64; x64) AppleWebKit/537.36 (KHTML, like Gecko) Chrome/57.0.2987.133 Safari/537.36"
212.108.43.59 - - [19/Apr/2017:13:26:04 +0200] "GET /gui/javascript/form_form.js?1492601164 HTTP/1.1" 200 16206 "http://ed.activities.at/entry.php?id=10271&&ser=601104" "Mozilla/5.0 (Windows NT 10.0; Win64; x64) AppleWebKit/537.36 (KHTML, like Gecko) Chrome/57.0.2987.133 Safari/537.36"
212.108.43.59 - - [19/Apr/2017:13:26:20 +0200] "GET /entry.php?id=10271&&ser=601120 HTTP/1.1" 200 987 "http://ed.activities.at/entry.php?id=10271&&ser=601059" "Mozilla/5.0 (Windows NT 10.0; Win64; x64) AppleWebKit/537.36 (KHTML, like Gecko) Chrome/57.0.2987.133 Safari/537.36"
212.108.43.59 - - [19/Apr/2017:13:26:20 +0200] "GET /gui/javascript/form_form.js?1492601180 HTTP/1.1" 200 16206 "http://ed.activities.at/entry.php?id=10271&&ser=601120" "Mozilla/5.0 (Windows NT 10.0; Win64; x64) AppleWebKit/537.36 (KHTML, like Gecko) Chrome/57.0.2987.133 Safari/537.36"
212.108.43.59 - - [19/Apr/2017:13:26:24 +0200] "GET /entry.php?id=10271&&ser=601124 HTTP/1.1" 200 987 "http://ed.activities.at/entry.php?id=10271&&ser=601064" "Mozilla/5.0 (Windows NT 10.0; Win64; x64) AppleWebKit/537.36 (KHTML, like Gecko) Chrome/57.0.2987.133 Safari/537.36"
212.108.43.59 - - [19/Apr/2017:13:26:25 +0200] "GET /gui/javascript/form_form.js?1492601184 HTTP/1.1" 200 16206 "http://ed.activities.at/entry.php?id=10271&&ser=601124" "Mozilla/5.0 (Windows NT 10.0; Win64; x64) AppleWebKit/537.36 (KHTML, like Gecko) Chrome/57.0.2987.133 Safari/537.36"
195.245.225.251 - - [19/Apr/2017:13:26:31 +0200] "GET /entry.php?id=10271&&ser=601130 HTTP/1.1" 200 987 "http://ed.activities.at/entry.php?id=10271&&ser=601069" "Mozilla/5.0 (Macintosh; Intel Mac OS X 10_12_4) AppleWebKit/537.36 (KHTML, like Gecko) Chrome/57.0.2987.133 Safari/537.36"
195.245.225.251 - - [19/Apr/2017:13:26:31 +0200] "GET /gui/javascript/form_form.js?1492601191 HTTP/1.1" 200 16206 "http://ed.activities.at/entry.php?id=10271&&ser=601130" "Mozilla/5.0 (Macintosh; Intel Mac OS X 10_12_4) AppleWebKit/537.36 (KHTML, like Gecko) Chrome/57.0.2987.133 Safari/537.36"
212.108.43.59 - - [19/Apr/2017:13:27:04 +0200] "GET /entry.php?id=10271&&ser=601164 HTTP/1.1" 200 987 "http://ed.activities.at/entry.php?id=10271&&ser=601104" "Mozilla/5.0 (Windows NT 10.0; Win64; x64) AppleWebKit/537.36 (KHTML, like Gecko) Chrome/57.0.2987.133 Safari/537.36"
212.108.43.59 - - [19/Apr/2017:13:27:04 +0200] "GET /gui/javascript/form_form.js?1492601224 HTTP/1.1" 200 16206 "http://ed.activities.at/entry.php?id=10271&&ser=601164" "Mozilla/5.0 (Windows NT 10.0; Win64; x64) AppleWebKit/537.36 (KHTML, like Gecko) Chrome/57.0.2987.133 Safari/537.36"
212.108.43.59 - - [19/Apr/2017:13:27:20 +0200] "GET /entry.php?id=10271&&ser=601180 HTTP/1.1" 200 987 "http://ed.activities.at/entry.php?id=10271&&ser=601120" "Mozilla/5.0 (Windows NT 10.0; Win64; x64) AppleWebKit/537.36 (KHTML, like Gecko) Chrome/57.0.2987.133 Safari/537.36"
212.108.43.59 - - [19/Apr/2017:13:27:20 +0200] "GET /gui/javascript/form_form.js?1492601240 HTTP/1.1" 200 16206 "http://ed.activities.at/entry.php?id=10271&&ser=601180" "Mozilla/5.0 (Windows NT 10.0; Win64; x64) AppleWebKit/537.36 (KHTML, like Gecko) Chrome/57.0.2987.133 Safari/537.36"
212.108.43.59 - - [19/Apr/2017:13:27:25 +0200] "GET /entry.php?id=10271&&ser=601184 HTTP/1.1" 200 987 "http://ed.activities.at/entry.php?id=10271&&ser=601124" "Mozilla/5.0 (Windows NT 10.0; Win64; x64) AppleWebKit/537.36 (KHTML, like Gecko) Chrome/57.0.2987.133 Safari/537.36"
212.108.43.59 - - [19/Apr/2017:13:27:25 +0200] "GET /gui/javascript/form_form.js?1492601245 HTTP/1.1" 200 16206 "http://ed.activities.at/entry.php?id=10271&&ser=601184" "Mozilla/5.0 (Windows NT 10.0; Win64; x64) AppleWebKit/537.36 (KHTML, like Gecko) Chrome/57.0.2987.133 Safari/537.36"
195.245.225.251 - - [19/Apr/2017:13:27:32 +0200] "GET /entry.php?id=10271&&ser=601191 HTTP/1.1" 200 987 "http://ed.activities.at/entry.php?id=10271&&ser=601130" "Mozilla/5.0 (Macintosh; Intel Mac OS X 10_12_4) AppleWebKit/537.36 (KHTML, like Gecko) Chrome/57.0.2987.133 Safari/537.36"
195.245.225.251 - - [19/Apr/2017:13:27:32 +0200] "GET /gui/javascript/form_form.js?1492601252 HTTP/1.1" 200 16206 "http://ed.activities.at/entry.php?id=10271&&ser=601191" "Mozilla/5.0 (Macintosh; Intel Mac OS X 10_12_4) AppleWebKit/537.36 (KHTML, like Gecko) Chrome/57.0.2987.133 Safari/537.36"
212.108.43.59 - - [19/Apr/2017:13:28:05 +0200] "GET /entry.php?id=10271&&ser=601224 HTTP/1.1" 200 987 "http://ed.activities.at/entry.php?id=10271&&ser=601164" "Mozilla/5.0 (Windows NT 10.0; Win64; x64) AppleWebKit/537.36 (KHTML, like Gecko) Chrome/57.0.2987.133 Safari/537.36"
212.108.43.59 - - [19/Apr/2017:13:28:05 +0200] "GET /gui/javascript/form_form.js?1492601285 HTTP/1.1" 200 16206 "http://ed.activities.at/entry.php?id=10271&&ser=601224" "Mozilla/5.0 (Windows NT 10.0; Win64; x64) AppleWebKit/537.36 (KHTML, like Gecko) Chrome/57.0.2987.133 Safari/537.36"
212.108.43.59 - - [19/Apr/2017:13:28:21 +0200] "GET /entry.php?id=10271&&ser=601240 HTTP/1.1" 200 986 "http://ed.activities.at/entry.php?id=10271&&ser=601180" "Mozilla/5.0 (Windows NT 10.0; Win64; x64) AppleWebKit/537.36 (KHTML, like Gecko) Chrome/57.0.2987.133 Safari/537.36"
212.108.43.59 - - [19/Apr/2017:13:28:21 +0200] "GET /gui/javascript/form_form.js?1492601301 HTTP/1.1" 200 16206 "http://ed.activities.at/entry.php?id=10271&&ser=601240" "Mozilla/5.0 (Windows NT 10.0; Win64; x64) AppleWebKit/537.36 (KHTML, like Gecko) Chrome/57.0.2987.133 Safari/537.36"
212.108.43.59 - - [19/Apr/2017:13:28:25 +0200] "GET /entry.php?id=10271&&ser=601245 HTTP/1.1" 200 987 "http://ed.activities.at/entry.php?id=10271&&ser=601184" "Mozilla/5.0 (Windows NT 10.0; Win64; x64) AppleWebKit/537.36 (KHTML, like Gecko) Chrome/57.0.2987.133 Safari/537.36"
212.108.43.59 - - [19/Apr/2017:13:28:25 +0200] "GET /gui/javascript/form_form.js?1492601305 HTTP/1.1" 200 16206 "http://ed.activities.at/entry.php?id=10271&&ser=601245" "Mozilla/5.0 (Windows NT 10.0; Win64; x64) AppleWebKit/537.36 (KHTML, like Gecko) Chrome/57.0.2987.133 Safari/537.36"
195.245.225.251 - - [19/Apr/2017:13:28:33 +0200] "GET /entry.php?id=10271&&ser=601252 HTTP/1.1" 200 987 "http://ed.activities.at/entry.php?id=10271&&ser=601191" "Mozilla/5.0 (Macintosh; Intel Mac OS X 10_12_4) AppleWebKit/537.36 (KHTML, like Gecko) Chrome/57.0.2987.133 Safari/537.36"
195.245.225.251 - - [19/Apr/2017:13:28:33 +0200] "GET /gui/javascript/form_form.js?1492601313 HTTP/1.1" 200 16206 "http://ed.activities.at/entry.php?id=10271&&ser=601252" "Mozilla/5.0 (Macintosh; Intel Mac OS X 10_12_4) AppleWebKit/537.36 (KHTML, like Gecko) Chrome/57.0.2987.133 Safari/537.36"
212.108.43.59 - - [19/Apr/2017:13:29:05 +0200] "GET /entry.php?id=10271&&ser=601285 HTTP/1.1" 200 987 "http://ed.activities.at/entry.php?id=10271&&ser=601224" "Mozilla/5.0 (Windows NT 10.0; Win64; x64) AppleWebKit/537.36 (KHTML, like Gecko) Chrome/57.0.2987.133 Safari/537.36"
212.108.43.59 - - [19/Apr/2017:13:29:05 +0200] "GET /gui/javascript/form_form.js?1492601345 HTTP/1.1" 200 16206 "http://ed.activities.at/entry.php?id=10271&&ser=601285" "Mozilla/5.0 (Windows NT 10.0; Win64; x64) AppleWebKit/537.36 (KHTML, like Gecko) Chrome/57.0.2987.133 Safari/537.36"
212.108.43.59 - - [19/Apr/2017:13:29:21 +0200] "GET /entry.php?id=10271&&ser=601301 HTTP/1.1" 200 986 "http://ed.activities.at/entry.php?id=10271&&ser=601240" "Mozilla/5.0 (Windows NT 10.0; Win64; x64) AppleWebKit/537.36 (KHTML, like Gecko) Chrome/57.0.2987.133 Safari/537.36"
212.108.43.59 - - [19/Apr/2017:13:29:21 +0200] "GET /gui/javascript/form_form.js?1492601361 HTTP/1.1" 200 16206 "http://ed.activities.at/entry.php?id=10271&&ser=601301" "Mozilla/5.0 (Windows NT 10.0; Win64; x64) AppleWebKit/537.36 (KHTML, like Gecko) Chrome/57.0.2987.133 Safari/537.36"
212.108.43.59 - - [19/Apr/2017:13:29:25 +0200] "GET /entry.php?id=10271&&ser=601305 HTTP/1.1" 200 987 "http://ed.activities.at/entry.php?id=10271&&ser=601245" "Mozilla/5.0 (Windows NT 10.0; Win64; x64) AppleWebKit/537.36 (KHTML, like Gecko) Chrome/57.0.2987.133 Safari/537.36"
212.108.43.59 - - [19/Apr/2017:13:29:25 +0200] "GET /gui/javascript/form_form.js?1492601365 HTTP/1.1" 200 16206 "http://ed.activities.at/entry.php?id=10271&&ser=601305" "Mozilla/5.0 (Windows NT 10.0; Win64; x64) AppleWebKit/537.36 (KHTML, like Gecko) Chrome/57.0.2987.133 Safari/537.36"
195.245.225.251 - - [19/Apr/2017:13:29:34 +0200] "GET /entry.php?id=10271&&ser=601313 HTTP/1.1" 200 987 "http://ed.activities.at/entry.php?id=10271&&ser=601252" "Mozilla/5.0 (Macintosh; Intel Mac OS X 10_12_4) AppleWebKit/537.36 (KHTML, like Gecko) Chrome/57.0.2987.133 Safari/537.36"
195.245.225.251 - - [19/Apr/2017:13:29:34 +0200] "GET /gui/javascript/form_form.js?1492601374 HTTP/1.1" 200 16206 "http://ed.activities.at/entry.php?id=10271&&ser=601313" "Mozilla/5.0 (Macintosh; Intel Mac OS X 10_12_4) AppleWebKit/537.36 (KHTML, like Gecko) Chrome/57.0.2987.133 Safari/537.36"
212.108.43.59 - - [19/Apr/2017:13:30:05 +0200] "GET /entry.php?id=10271&&ser=601345 HTTP/1.1" 200 987 "http://ed.activities.at/entry.php?id=10271&&ser=601285" "Mozilla/5.0 (Windows NT 10.0; Win64; x64) AppleWebKit/537.36 (KHTML, like Gecko) Chrome/57.0.2987.133 Safari/537.36"
212.108.43.59 - - [19/Apr/2017:13:30:05 +0200] "GET /gui/javascript/form_form.js?1492601405 HTTP/1.1" 200 16206 "http://ed.activities.at/entry.php?id=10271&&ser=601345" "Mozilla/5.0 (Windows NT 10.0; Win64; x64) AppleWebKit/537.36 (KHTML, like Gecko) Chrome/57.0.2987.133 Safari/537.36"
212.108.43.59 - - [19/Apr/2017:13:30:21 +0200] "GET /entry.php?id=10271&&ser=601361 HTTP/1.1" 200 986 "http://ed.activities.at/entry.php?id=10271&&ser=601301" "Mozilla/5.0 (Windows NT 10.0; Win64; x64) AppleWebKit/537.36 (KHTML, like Gecko) Chrome/57.0.2987.133 Safari/537.36"
212.108.43.59 - - [19/Apr/2017:13:30:21 +0200] "GET /gui/javascript/form_form.js?1492601421 HTTP/1.1" 200 16206 "http://ed.activities.at/entry.php?id=10271&&ser=601361" "Mozilla/5.0 (Windows NT 10.0; Win64; x64) AppleWebKit/537.36 (KHTML, like Gecko) Chrome/57.0.2987.133 Safari/537.36"
212.108.43.59 - - [19/Apr/2017:13:30:26 +0200] "GET /entry.php?id=10271&&ser=601365 HTTP/1.1" 200 987 "http://ed.activities.at/entry.php?id=10271&&ser=601305" "Mozilla/5.0 (Windows NT 10.0; Win64; x64) AppleWebKit/537.36 (KHTML, like Gecko) Chrome/57.0.2987.133 Safari/537.36"
212.108.43.59 - - [19/Apr/2017:13:30:26 +0200] "GET /gui/javascript/form_form.js?1492601426 HTTP/1.1" 200 16206 "http://ed.activities.at/entry.php?id=10271&&ser=601365" "Mozilla/5.0 (Windows NT 10.0; Win64; x64) AppleWebKit/537.36 (KHTML, like Gecko) Chrome/57.0.2987.133 Safari/537.36"
195.245.225.251 - - [19/Apr/2017:13:30:35 +0200] "GET /entry.php?id=10271&&ser=601374 HTTP/1.1" 200 987 "http://ed.activities.at/entry.php?id=10271&&ser=601313" "Mozilla/5.0 (Macintosh; Intel Mac OS X 10_12_4) AppleWebKit/537.36 (KHTML, like Gecko) Chrome/57.0.2987.133 Safari/537.36"
195.245.225.251 - - [19/Apr/2017:13:30:35 +0200] "GET /gui/javascript/form_form.js?1492601435 HTTP/1.1" 200 16206 "http://ed.activities.at/entry.php?id=10271&&ser=601374" "Mozilla/5.0 (Macintosh; Intel Mac OS X 10_12_4) AppleWebKit/537.36 (KHTML, like Gecko) Chrome/57.0.2987.133 Safari/537.36"
212.108.43.59 - - [19/Apr/2017:13:31:06 +0200] "GET /entry.php?id=10271&&ser=601405 HTTP/1.1" 200 987 "http://ed.activities.at/entry.php?id=10271&&ser=601345" "Mozilla/5.0 (Windows NT 10.0; Win64; x64) AppleWebKit/537.36 (KHTML, like Gecko) Chrome/57.0.2987.133 Safari/537.36"
212.108.43.59 - - [19/Apr/2017:13:31:06 +0200] "GET /gui/javascript/form_form.js?1492601466 HTTP/1.1" 200 16206 "http://ed.activities.at/entry.php?id=10271&&ser=601405" "Mozilla/5.0 (Windows NT 10.0; Win64; x64) AppleWebKit/537.36 (KHTML, like Gecko) Chrome/57.0.2987.133 Safari/537.36"
212.108.43.59 - - [19/Apr/2017:13:31:21 +0200] "GET /entry.php?id=10271&&ser=601421 HTTP/1.1" 200 987 "http://ed.activities.at/entry.php?id=10271&&ser=601361" "Mozilla/5.0 (Windows NT 10.0; Win64; x64) AppleWebKit/537.36 (KHTML, like Gecko) Chrome/57.0.2987.133 Safari/537.36"
212.108.43.59 - - [19/Apr/2017:13:31:22 +0200] "GET /gui/javascript/form_form.js?1492601482 HTTP/1.1" 200 16206 "http://ed.activities.at/entry.php?id=10271&&ser=601421" "Mozilla/5.0 (Windows NT 10.0; Win64; x64) AppleWebKit/537.36 (KHTML, like Gecko) Chrome/57.0.2987.133 Safari/537.36"
212.108.43.59 - - [19/Apr/2017:13:31:26 +0200] "GET /entry.php?id=10271&&ser=601426 HTTP/1.1" 200 987 "http://ed.activities.at/entry.php?id=10271&&ser=601365" "Mozilla/5.0 (Windows NT 10.0; Win64; x64) AppleWebKit/537.36 (KHTML, like Gecko) Chrome/57.0.2987.133 Safari/537.36"
212.108.43.59 - - [19/Apr/2017:13:31:26 +0200] "GET /gui/javascript/form_form.js?1492601486 HTTP/1.1" 200 16206 "http://ed.activities.at/entry.php?id=10271&&ser=601426" "Mozilla/5.0 (Windows NT 10.0; Win64; x64) AppleWebKit/537.36 (KHTML, like Gecko) Chrome/57.0.2987.133 Safari/537.36"
195.245.225.251 - - [19/Apr/2017:13:31:36 +0200] "GET /entry.php?id=10271&&ser=601435 HTTP/1.1" 200 986 "http://ed.activities.at/entry.php?id=10271&&ser=601374" "Mozilla/5.0 (Macintosh; Intel Mac OS X 10_12_4) AppleWebKit/537.36 (KHTML, like Gecko) Chrome/57.0.2987.133 Safari/537.36"
195.245.225.251 - - [19/Apr/2017:13:31:36 +0200] "GET /gui/javascript/form_form.js?1492601496 HTTP/1.1" 200 16206 "http://ed.activities.at/entry.php?id=10271&&ser=601435" "Mozilla/5.0 (Macintosh; Intel Mac OS X 10_12_4) AppleWebKit/537.36 (KHTML, like Gecko) Chrome/57.0.2987.133 Safari/537.36"
212.108.43.59 - - [19/Apr/2017:13:32:06 +0200] "GET /entry.php?id=10271&&ser=601466 HTTP/1.1" 200 987 "http://ed.activities.at/entry.php?id=10271&&ser=601405" "Mozilla/5.0 (Windows NT 10.0; Win64; x64) AppleWebKit/537.36 (KHTML, like Gecko) Chrome/57.0.2987.133 Safari/537.36"
212.108.43.59 - - [19/Apr/2017:13:32:06 +0200] "GET /gui/javascript/form_form.js?1492601526 HTTP/1.1" 200 16206 "http://ed.activities.at/entry.php?id=10271&&ser=601466" "Mozilla/5.0 (Windows NT 10.0; Win64; x64) AppleWebKit/537.36 (KHTML, like Gecko) Chrome/57.0.2987.133 Safari/537.36"
212.108.43.59 - - [19/Apr/2017:13:32:22 +0200] "GET /entry.php?id=10271&&ser=601482 HTTP/1.1" 200 987 "http://ed.activities.at/entry.php?id=10271&&ser=601421" "Mozilla/5.0 (Windows NT 10.0; Win64; x64) AppleWebKit/537.36 (KHTML, like Gecko) Chrome/57.0.2987.133 Safari/537.36"
212.108.43.59 - - [19/Apr/2017:13:32:23 +0200] "GET /gui/javascript/form_form.js?1492601543 HTTP/1.1" 200 16206 "http://ed.activities.at/entry.php?id=10271&&ser=601482" "Mozilla/5.0 (Windows NT 10.0; Win64; x64) AppleWebKit/537.36 (KHTML, like Gecko) Chrome/57.0.2987.133 Safari/537.36"
212.108.43.59 - - [19/Apr/2017:13:32:26 +0200] "GET /entry.php?id=10271&&ser=601486 HTTP/1.1" 200 987 "http://ed.activities.at/entry.php?id=10271&&ser=601426" "Mozilla/5.0 (Windows NT 10.0; Win64; x64) AppleWebKit/537.36 (KHTML, like Gecko) Chrome/57.0.2987.133 Safari/537.36"
212.108.43.59 - - [19/Apr/2017:13:32:27 +0200] "GET /gui/javascript/form_form.js?1492601547 HTTP/1.1" 200 16206 "http://ed.activities.at/entry.php?id=10271&&ser=601486" "Mozilla/5.0 (Windows NT 10.0; Win64; x64) AppleWebKit/537.36 (KHTML, like Gecko) Chrome/57.0.2987.133 Safari/537.36"
195.245.225.251 - - [19/Apr/2017:13:32:37 +0200] "GET /entry.php?id=10271&&ser=601496 HTTP/1.1" 200 987 "http://ed.activities.at/entry.php?id=10271&&ser=601435" "Mozilla/5.0 (Macintosh; Intel Mac OS X 10_12_4) AppleWebKit/537.36 (KHTML, like Gecko) Chrome/57.0.2987.133 Safari/537.36"
195.245.225.251 - - [19/Apr/2017:13:32:37 +0200] "GET /gui/javascript/form_form.js?1492601557 HTTP/1.1" 200 16206 "http://ed.activities.at/entry.php?id=10271&&ser=601496" "Mozilla/5.0 (Macintosh; Intel Mac OS X 10_12_4) AppleWebKit/537.36 (KHTML, like Gecko) Chrome/57.0.2987.133 Safari/537.36"
212.108.43.59 - - [19/Apr/2017:13:33:06 +0200] "GET /entry.php?id=10271&&ser=601526 HTTP/1.1" 200 987 "http://ed.activities.at/entry.php?id=10271&&ser=601466" "Mozilla/5.0 (Windows NT 10.0; Win64; x64) AppleWebKit/537.36 (KHTML, like Gecko) Chrome/57.0.2987.133 Safari/537.36"
212.108.43.59 - - [19/Apr/2017:13:33:07 +0200] "GET /gui/javascript/form_form.js?1492601587 HTTP/1.1" 200 16206 "http://ed.activities.at/entry.php?id=10271&&ser=601526" "Mozilla/5.0 (Windows NT 10.0; Win64; x64) AppleWebKit/537.36 (KHTML, like Gecko) Chrome/57.0.2987.133 Safari/537.36"
212.108.43.59 - - [19/Apr/2017:13:33:23 +0200] "GET /entry.php?id=10271&&ser=601543 HTTP/1.1" 200 987 "http://ed.activities.at/entry.php?id=10271&&ser=601482" "Mozilla/5.0 (Windows NT 10.0; Win64; x64) AppleWebKit/537.36 (KHTML, like Gecko) Chrome/57.0.2987.133 Safari/537.36"
212.108.43.59 - - [19/Apr/2017:13:33:23 +0200] "GET /gui/javascript/form_form.js?1492601603 HTTP/1.1" 200 16206 "http://ed.activities.at/entry.php?id=10271&&ser=601543" "Mozilla/5.0 (Windows NT 10.0; Win64; x64) AppleWebKit/537.36 (KHTML, like Gecko) Chrome/57.0.2987.133 Safari/537.36"
212.108.43.59 - - [19/Apr/2017:13:33:27 +0200] "GET /entry.php?id=10271&&ser=601547 HTTP/1.1" 200 987 "http://ed.activities.at/entry.php?id=10271&&ser=601486" "Mozilla/5.0 (Windows NT 10.0; Win64; x64) AppleWebKit/537.36 (KHTML, like Gecko) Chrome/57.0.2987.133 Safari/537.36"
212.108.43.59 - - [19/Apr/2017:13:33:27 +0200] "GET /gui/javascript/form_form.js?1492601607 HTTP/1.1" 200 16206 "http://ed.activities.at/entry.php?id=10271&&ser=601547" "Mozilla/5.0 (Windows NT 10.0; Win64; x64) AppleWebKit/537.36 (KHTML, like Gecko) Chrome/57.0.2987.133 Safari/537.36"
195.245.225.251 - - [19/Apr/2017:13:33:38 +0200] "GET /entry.php?id=10271&&ser=601557 HTTP/1.1" 200 987 "http://ed.activities.at/entry.php?id=10271&&ser=601496" "Mozilla/5.0 (Macintosh; Intel Mac OS X 10_12_4) AppleWebKit/537.36 (KHTML, like Gecko) Chrome/57.0.2987.133 Safari/537.36"
195.245.225.251 - - [19/Apr/2017:13:33:38 +0200] "GET /gui/javascript/form_form.js?1492601618 HTTP/1.1" 200 16206 "http://ed.activities.at/entry.php?id=10271&&ser=601557" "Mozilla/5.0 (Macintosh; Intel Mac OS X 10_12_4) AppleWebKit/537.36 (KHTML, like Gecko) Chrome/57.0.2987.133 Safari/537.36"
212.108.43.59 - - [19/Apr/2017:13:34:07 +0200] "GET /entry.php?id=10271&&ser=601587 HTTP/1.1" 200 987 "http://ed.activities.at/entry.php?id=10271&&ser=601526" "Mozilla/5.0 (Windows NT 10.0; Win64; x64) AppleWebKit/537.36 (KHTML, like Gecko) Chrome/57.0.2987.133 Safari/537.36"
212.108.43.59 - - [19/Apr/2017:13:34:07 +0200] "GET /gui/javascript/form_form.js?1492601647 HTTP/1.1" 200 16206 "http://ed.activities.at/entry.php?id=10271&&ser=601587" "Mozilla/5.0 (Windows NT 10.0; Win64; x64) AppleWebKit/537.36 (KHTML, like Gecko) Chrome/57.0.2987.133 Safari/537.36"
212.108.43.59 - - [19/Apr/2017:13:34:23 +0200] "GET /entry.php?id=10271&&ser=601603 HTTP/1.1" 200 987 "http://ed.activities.at/entry.php?id=10271&&ser=601543" "Mozilla/5.0 (Windows NT 10.0; Win64; x64) AppleWebKit/537.36 (KHTML, like Gecko) Chrome/57.0.2987.133 Safari/537.36"
212.108.43.59 - - [19/Apr/2017:13:34:23 +0200] "GET /gui/javascript/form_form.js?1492601663 HTTP/1.1" 200 16206 "http://ed.activities.at/entry.php?id=10271&&ser=601603" "Mozilla/5.0 (Windows NT 10.0; Win64; x64) AppleWebKit/537.36 (KHTML, like Gecko) Chrome/57.0.2987.133 Safari/537.36"
212.108.43.59 - - [19/Apr/2017:13:34:27 +0200] "GET /entry.php?id=10271&&ser=601607 HTTP/1.1" 200 987 "http://ed.activities.at/entry.php?id=10271&&ser=601547" "Mozilla/5.0 (Windows NT 10.0; Win64; x64) AppleWebKit/537.36 (KHTML, like Gecko) Chrome/57.0.2987.133 Safari/537.36"
212.108.43.59 - - [19/Apr/2017:13:34:27 +0200] "GET /gui/javascript/form_form.js?1492601667 HTTP/1.1" 200 16206 "http://ed.activities.at/entry.php?id=10271&&ser=601607" "Mozilla/5.0 (Windows NT 10.0; Win64; x64) AppleWebKit/537.36 (KHTML, like Gecko) Chrome/57.0.2987.133 Safari/537.36"
195.245.225.251 - - [19/Apr/2017:13:34:39 +0200] "GET /entry.php?id=10271&&ser=601618 HTTP/1.1" 200 987 "http://ed.activities.at/entry.php?id=10271&&ser=601557" "Mozilla/5.0 (Macintosh; Intel Mac OS X 10_12_4) AppleWebKit/537.36 (KHTML, like Gecko) Chrome/57.0.2987.133 Safari/537.36"
195.245.225.251 - - [19/Apr/2017:13:34:39 +0200] "GET /gui/javascript/form_form.js?1492601679 HTTP/1.1" 200 16206 "http://ed.activities.at/entry.php?id=10271&&ser=601618" "Mozilla/5.0 (Macintosh; Intel Mac OS X 10_12_4) AppleWebKit/537.36 (KHTML, like Gecko) Chrome/57.0.2987.133 Safari/537.36"
212.108.43.59 - - [19/Apr/2017:13:35:07 +0200] "GET /entry.php?id=10271&&ser=601647 HTTP/1.1" 200 987 "http://ed.activities.at/entry.php?id=10271&&ser=601587" "Mozilla/5.0 (Windows NT 10.0; Win64; x64) AppleWebKit/537.36 (KHTML, like Gecko) Chrome/57.0.2987.133 Safari/537.36"
212.108.43.59 - - [19/Apr/2017:13:35:07 +0200] "GET /gui/javascript/form_form.js?1492601707 HTTP/1.1" 200 16206 "http://ed.activities.at/entry.php?id=10271&&ser=601647" "Mozilla/5.0 (Windows NT 10.0; Win64; x64) AppleWebKit/537.36 (KHTML, like Gecko) Chrome/57.0.2987.133 Safari/537.36"
212.108.43.59 - - [19/Apr/2017:13:35:23 +0200] "GET /entry.php?id=10271&&ser=601663 HTTP/1.1" 200 987 "http://ed.activities.at/entry.php?id=10271&&ser=601603" "Mozilla/5.0 (Windows NT 10.0; Win64; x64) AppleWebKit/537.36 (KHTML, like Gecko) Chrome/57.0.2987.133 Safari/537.36"
212.108.43.59 - - [19/Apr/2017:13:35:24 +0200] "GET /gui/javascript/form_form.js?1492601724 HTTP/1.1" 200 16206 "http://ed.activities.at/entry.php?id=10271&&ser=601663" "Mozilla/5.0 (Windows NT 10.0; Win64; x64) AppleWebKit/537.36 (KHTML, like Gecko) Chrome/57.0.2987.133 Safari/537.36"
212.108.43.59 - - [19/Apr/2017:13:35:27 +0200] "GET /entry.php?id=10271&&ser=601667 HTTP/1.1" 200 987 "http://ed.activities.at/entry.php?id=10271&&ser=601607" "Mozilla/5.0 (Windows NT 10.0; Win64; x64) AppleWebKit/537.36 (KHTML, like Gecko) Chrome/57.0.2987.133 Safari/537.36"
212.108.43.59 - - [19/Apr/2017:13:35:28 +0200] "GET /gui/javascript/form_form.js?1492601728 HTTP/1.1" 200 16206 "http://ed.activities.at/entry.php?id=10271&&ser=601667" "Mozilla/5.0 (Windows NT 10.0; Win64; x64) AppleWebKit/537.36 (KHTML, like Gecko) Chrome/57.0.2987.133 Safari/537.36"
195.245.225.251 - - [19/Apr/2017:13:35:40 +0200] "GET /entry.php?id=10271&&ser=601679 HTTP/1.1" 200 987 "http://ed.activities.at/entry.php?id=10271&&ser=601618" "Mozilla/5.0 (Macintosh; Intel Mac OS X 10_12_4) AppleWebKit/537.36 (KHTML, like Gecko) Chrome/57.0.2987.133 Safari/537.36"
195.245.225.251 - - [19/Apr/2017:13:35:40 +0200] "GET /gui/javascript/form_form.js?1492601740 HTTP/1.1" 200 16206 "http://ed.activities.at/entry.php?id=10271&&ser=601679" "Mozilla/5.0 (Macintosh; Intel Mac OS X 10_12_4) AppleWebKit/537.36 (KHTML, like Gecko) Chrome/57.0.2987.133 Safari/537.36"
212.108.43.59 - - [19/Apr/2017:13:36:07 +0200] "GET /entry.php?id=10271&&ser=601707 HTTP/1.1" 200 987 "http://ed.activities.at/entry.php?id=10271&&ser=601647" "Mozilla/5.0 (Windows NT 10.0; Win64; x64) AppleWebKit/537.36 (KHTML, like Gecko) Chrome/57.0.2987.133 Safari/537.36"
212.108.43.59 - - [19/Apr/2017:13:36:08 +0200] "GET /gui/javascript/form_form.js?1492601767 HTTP/1.1" 200 16206 "http://ed.activities.at/entry.php?id=10271&&ser=601707" "Mozilla/5.0 (Windows NT 10.0; Win64; x64) AppleWebKit/537.36 (KHTML, like Gecko) Chrome/57.0.2987.133 Safari/537.36"
212.108.43.59 - - [19/Apr/2017:13:36:24 +0200] "GET /entry.php?id=10271&&ser=601724 HTTP/1.1" 200 987 "http://ed.activities.at/entry.php?id=10271&&ser=601663" "Mozilla/5.0 (Windows NT 10.0; Win64; x64) AppleWebKit/537.36 (KHTML, like Gecko) Chrome/57.0.2987.133 Safari/537.36"
212.108.43.59 - - [19/Apr/2017:13:36:24 +0200] "GET /gui/javascript/form_form.js?1492601784 HTTP/1.1" 200 16206 "http://ed.activities.at/entry.php?id=10271&&ser=601724" "Mozilla/5.0 (Windows NT 10.0; Win64; x64) AppleWebKit/537.36 (KHTML, like Gecko) Chrome/57.0.2987.133 Safari/537.36"
212.108.43.59 - - [19/Apr/2017:13:36:28 +0200] "GET /entry.php?id=10271&&ser=601728 HTTP/1.1" 200 987 "http://ed.activities.at/entry.php?id=10271&&ser=601667" "Mozilla/5.0 (Windows NT 10.0; Win64; x64) AppleWebKit/537.36 (KHTML, like Gecko) Chrome/57.0.2987.133 Safari/537.36"
212.108.43.59 - - [19/Apr/2017:13:36:28 +0200] "GET /gui/javascript/form_form.js?1492601788 HTTP/1.1" 200 16206 "http://ed.activities.at/entry.php?id=10271&&ser=601728" "Mozilla/5.0 (Windows NT 10.0; Win64; x64) AppleWebKit/537.36 (KHTML, like Gecko) Chrome/57.0.2987.133 Safari/537.36"
195.245.225.251 - - [19/Apr/2017:13:36:41 +0200] "GET /entry.php?id=10271&&ser=601740 HTTP/1.1" 200 986 "http://ed.activities.at/entry.php?id=10271&&ser=601679" "Mozilla/5.0 (Macintosh; Intel Mac OS X 10_12_4) AppleWebKit/537.36 (KHTML, like Gecko) Chrome/57.0.2987.133 Safari/537.36"
195.245.225.251 - - [19/Apr/2017:13:36:41 +0200] "GET /gui/javascript/form_form.js?1492601801 HTTP/1.1" 200 16206 "http://ed.activities.at/entry.php?id=10271&&ser=601740" "Mozilla/5.0 (Macintosh; Intel Mac OS X 10_12_4) AppleWebKit/537.36 (KHTML, like Gecko) Chrome/57.0.2987.133 Safari/537.36"
212.108.43.59 - - [19/Apr/2017:13:37:08 +0200] "GET /entry.php?id=10271&&ser=601767 HTTP/1.1" 200 987 "http://ed.activities.at/entry.php?id=10271&&ser=601707" "Mozilla/5.0 (Windows NT 10.0; Win64; x64) AppleWebKit/537.36 (KHTML, like Gecko) Chrome/57.0.2987.133 Safari/537.36"
212.108.43.59 - - [19/Apr/2017:13:37:08 +0200] "GET /gui/javascript/form_form.js?1492601828 HTTP/1.1" 200 16206 "http://ed.activities.at/entry.php?id=10271&&ser=601767" "Mozilla/5.0 (Windows NT 10.0; Win64; x64) AppleWebKit/537.36 (KHTML, like Gecko) Chrome/57.0.2987.133 Safari/537.36"
212.108.43.59 - - [19/Apr/2017:13:37:24 +0200] "GET /entry.php?id=10271&&ser=601784 HTTP/1.1" 200 986 "http://ed.activities.at/entry.php?id=10271&&ser=601724" "Mozilla/5.0 (Windows NT 10.0; Win64; x64) AppleWebKit/537.36 (KHTML, like Gecko) Chrome/57.0.2987.133 Safari/537.36"
212.108.43.59 - - [19/Apr/2017:13:37:24 +0200] "GET /gui/javascript/form_form.js?1492601844 HTTP/1.1" 200 16206 "http://ed.activities.at/entry.php?id=10271&&ser=601784" "Mozilla/5.0 (Windows NT 10.0; Win64; x64) AppleWebKit/537.36 (KHTML, like Gecko) Chrome/57.0.2987.133 Safari/537.36"
212.108.43.59 - - [19/Apr/2017:13:37:28 +0200] "GET /entry.php?id=10271&&ser=601788 HTTP/1.1" 200 986 "http://ed.activities.at/entry.php?id=10271&&ser=601728" "Mozilla/5.0 (Windows NT 10.0; Win64; x64) AppleWebKit/537.36 (KHTML, like Gecko) Chrome/57.0.2987.133 Safari/537.36"
212.108.43.59 - - [19/Apr/2017:13:37:28 +0200] "GET /gui/javascript/form_form.js?1492601848 HTTP/1.1" 200 16206 "http://ed.activities.at/entry.php?id=10271&&ser=601788" "Mozilla/5.0 (Windows NT 10.0; Win64; x64) AppleWebKit/537.36 (KHTML, like Gecko) Chrome/57.0.2987.133 Safari/537.36"
195.245.225.251 - - [19/Apr/2017:13:37:42 +0200] "GET /entry.php?id=10271&&ser=601801 HTTP/1.1" 200 986 "http://ed.activities.at/entry.php?id=10271&&ser=601740" "Mozilla/5.0 (Macintosh; Intel Mac OS X 10_12_4) AppleWebKit/537.36 (KHTML, like Gecko) Chrome/57.0.2987.133 Safari/537.36"
195.245.225.251 - - [19/Apr/2017:13:37:42 +0200] "GET /gui/javascript/form_form.js?1492601862 HTTP/1.1" 200 16206 "http://ed.activities.at/entry.php?id=10271&&ser=601801" "Mozilla/5.0 (Macintosh; Intel Mac OS X 10_12_4) AppleWebKit/537.36 (KHTML, like Gecko) Chrome/57.0.2987.133 Safari/537.36"
212.108.43.59 - - [19/Apr/2017:13:38:08 +0200] "GET /entry.php?id=10271&&ser=601828 HTTP/1.1" 200 985 "http://ed.activities.at/entry.php?id=10271&&ser=601767" "Mozilla/5.0 (Windows NT 10.0; Win64; x64) AppleWebKit/537.36 (KHTML, like Gecko) Chrome/57.0.2987.133 Safari/537.36"
212.108.43.59 - - [19/Apr/2017:13:38:08 +0200] "GET /gui/javascript/form_form.js?1492601888 HTTP/1.1" 200 16206 "http://ed.activities.at/entry.php?id=10271&&ser=601828" "Mozilla/5.0 (Windows NT 10.0; Win64; x64) AppleWebKit/537.36 (KHTML, like Gecko) Chrome/57.0.2987.133 Safari/537.36"
212.108.43.59 - - [19/Apr/2017:13:38:24 +0200] "GET /entry.php?id=10271&&ser=601844 HTTP/1.1" 200 987 "http://ed.activities.at/entry.php?id=10271&&ser=601784" "Mozilla/5.0 (Windows NT 10.0; Win64; x64) AppleWebKit/537.36 (KHTML, like Gecko) Chrome/57.0.2987.133 Safari/537.36"
212.108.43.59 - - [19/Apr/2017:13:38:25 +0200] "GET /gui/javascript/form_form.js?1492601904 HTTP/1.1" 200 16206 "http://ed.activities.at/entry.php?id=10271&&ser=601844" "Mozilla/5.0 (Windows NT 10.0; Win64; x64) AppleWebKit/537.36 (KHTML, like Gecko) Chrome/57.0.2987.133 Safari/537.36"
80.123.94.70 - - [19/Apr/2017:13:38:29 +0200] "GET / HTTP/1.1" 200 382 "-" "Mozilla/5.0 (Windows NT 10.0; WOW64) AppleWebKit/537.36 (KHTML, like Gecko) Chrome/57.0.2987.133 Safari/537.36"
212.108.43.59 - - [19/Apr/2017:13:38:29 +0200] "GET /entry.php?id=10271&&ser=601848 HTTP/1.1" 200 987 "http://ed.activities.at/entry.php?id=10271&&ser=601788" "Mozilla/5.0 (Windows NT 10.0; Win64; x64) AppleWebKit/537.36 (KHTML, like Gecko) Chrome/57.0.2987.133 Safari/537.36"
212.108.43.59 - - [19/Apr/2017:13:38:29 +0200] "GET /gui/javascript/form_form.js?1492601909 HTTP/1.1" 200 16206 "http://ed.activities.at/entry.php?id=10271&&ser=601848" "Mozilla/5.0 (Windows NT 10.0; Win64; x64) AppleWebKit/537.36 (KHTML, like Gecko) Chrome/57.0.2987.133 Safari/537.36"
80.123.94.70 - - [19/Apr/2017:13:38:29 +0200] "GET / HTTP/1.1" 200 382 "-" "Mozilla/5.0 (Windows NT 10.0; WOW64) AppleWebKit/537.36 (KHTML, like Gecko) Chrome/57.0.2987.133 Safari/537.36"
80.123.94.70 - - [19/Apr/2017:13:38:29 +0200] "GET /layout.php HTTP/1.1" 200 909 "http://ed.activities.at/" "Mozilla/5.0 (Windows NT 10.0; WOW64) AppleWebKit/537.36 (KHTML, like Gecko) Chrome/57.0.2987.133 Safari/537.36"
80.123.94.70 - - [19/Apr/2017:13:38:29 +0200] "GET /entry.php?id=10270 HTTP/1.1" 200 908 "http://ed.activities.at/layout.php" "Mozilla/5.0 (Windows NT 10.0; WOW64) AppleWebKit/537.36 (KHTML, like Gecko) Chrome/57.0.2987.133 Safari/537.36"
80.123.94.70 - - [19/Apr/2017:13:38:29 +0200] "GET /entry.php?id=10272 HTTP/1.1" 200 1191 "http://ed.activities.at/layout.php" "Mozilla/5.0 (Windows NT 10.0; WOW64) AppleWebKit/537.36 (KHTML, like Gecko) Chrome/57.0.2987.133 Safari/537.36"
80.123.94.70 - - [19/Apr/2017:13:38:29 +0200] "GET /gui/javascript/form_form.js?1492601909 HTTP/1.1" 200 16206 "http://ed.activities.at/entry.php?id=10270" "Mozilla/5.0 (Windows NT 10.0; WOW64) AppleWebKit/537.36 (KHTML, like Gecko) Chrome/57.0.2987.133 Safari/537.36"
80.123.94.70 - - [19/Apr/2017:13:38:29 +0200] "GET /entry.php?id=10273 HTTP/1.1" 200 1931 "http://ed.activities.at/layout.php" "Mozilla/5.0 (Windows NT 10.0; WOW64) AppleWebKit/537.36 (KHTML, like Gecko) Chrome/57.0.2987.133 Safari/537.36"
80.123.94.70 - - [19/Apr/2017:13:38:29 +0200] "GET /entry.php?id=11412 HTTP/1.1" 200 1759 "http://ed.activities.at/layout.php" "Mozilla/5.0 (Windows NT 10.0; WOW64) AppleWebKit/537.36 (KHTML, like Gecko) Chrome/57.0.2987.133 Safari/537.36"
80.123.94.70 - - [19/Apr/2017:13:38:29 +0200] "GET /entry.php?id=10271&UIN=e15426c11c5794a5c4bf690e9c2a48e4 HTTP/1.1" 200 934 "http://ed.activities.at/entry.php?id=10272" "Mozilla/5.0 (Windows NT 10.0; WOW64) AppleWebKit/537.36 (KHTML, like Gecko) Chrome/57.0.2987.133 Safari/537.36"
80.123.94.70 - - [19/Apr/2017:13:38:30 +0200] "GET /gui/javascript/form_form.js?1492601910 HTTP/1.1" 200 16206 "http://ed.activities.at/entry.php?id=10271&UIN=e15426c11c5794a5c4bf690e9c2a48e4" "Mozilla/5.0 (Windows NT 10.0; WOW64) AppleWebKit/537.36 (KHTML, like Gecko) Chrome/57.0.2987.133 Safari/537.36"
80.123.94.70 - - [19/Apr/2017:13:38:30 +0200] "GET /entry.php?id=10287 HTTP/1.1" 200 2387 "http://ed.activities.at/entry.php?id=11412" "Mozilla/5.0 (Windows NT 10.0; WOW64) AppleWebKit/537.36 (KHTML, like Gecko) Chrome/57.0.2987.133 Safari/537.36"
80.123.94.70 - - [19/Apr/2017:13:38:30 +0200] "GET /entry.php?id=10270& HTTP/1.1" 200 908 "http://ed.activities.at/entry.php?id=10287" "Mozilla/5.0 (Windows NT 10.0; WOW64) AppleWebKit/537.36 (KHTML, like Gecko) Chrome/57.0.2987.133 Safari/537.36"
80.123.94.70 - - [19/Apr/2017:13:38:30 +0200] "GET /entry.php?id=10273& HTTP/1.1" 200 1901 "http://ed.activities.at/entry.php?id=10287" "Mozilla/5.0 (Windows NT 10.0; WOW64) AppleWebKit/537.36 (KHTML, like Gecko) Chrome/57.0.2987.133 Safari/537.36"
80.123.94.70 - - [19/Apr/2017:13:38:35 +0200] "POST /entry.php?id=10287& HTTP/1.1" 200 2393 "http://ed.activities.at/entry.php?id=10287" "Mozilla/5.0 (Windows NT 10.0; WOW64) AppleWebKit/537.36 (KHTML, like Gecko) Chrome/57.0.2987.133 Safari/537.36"
80.123.94.70 - - [19/Apr/2017:13:38:35 +0200] "GET /gui/javascript/form_form.js?1492601915 HTTP/1.1" 200 16206 "http://ed.activities.at/entry.php?id=10287&" "Mozilla/5.0 (Windows NT 10.0; WOW64) AppleWebKit/537.36 (KHTML, like Gecko) Chrome/57.0.2987.133 Safari/537.36"
80.123.94.70 - - [19/Apr/2017:13:38:35 +0200] "GET /entry.php?id=10271&UIN=e15426c11c5794a5c4bf690e9c2a48e4 HTTP/1.1" 200 987 "http://ed.activities.at/entry.php?id=10271&UIN=e15426c11c5794a5c4bf690e9c2a48e4" "Mozilla/5.0 (Windows NT 10.0; WOW64) AppleWebKit/537.36 (KHTML, like Gecko) Chrome/57.0.2987.133 Safari/537.36"
80.123.94.70 - - [19/Apr/2017:13:38:36 +0200] "GET /gui/javascript/form_form.js?1492601916 HTTP/1.1" 200 16206 "http://ed.activities.at/entry.php?id=10271&UIN=e15426c11c5794a5c4bf690e9c2a48e4" "Mozilla/5.0 (Windows NT 10.0; WOW64) AppleWebKit/537.36 (KHTML, like Gecko) Chrome/57.0.2987.133 Safari/537.36"
80.123.94.70 - - [19/Apr/2017:13:38:35 +0200] "GET /entry.php?id=10273& HTTP/1.1" 200 2032 "http://ed.activities.at/entry.php?id=10287&" "Mozilla/5.0 (Windows NT 10.0; WOW64) AppleWebKit/537.36 (KHTML, like Gecko) Chrome/57.0.2987.133 Safari/537.36"
80.123.94.70 - - [19/Apr/2017:13:38:36 +0200] "GET /framework/webfx/style/toolbar/images/cbback.gif HTTP/1.1" 404 314 "http://ed.activities.at/framework/webfx/style/toolbar/cb2.css" "Mozilla/5.0 (Windows NT 10.0; WOW64) AppleWebKit/537.36 (KHTML, like Gecko) Chrome/57.0.2987.133 Safari/537.36"
80.123.94.70 - - [19/Apr/2017:13:38:36 +0200] "GET /entry.php?id=10270&__app__=10006038 HTTP/1.1" 200 1649 "http://ed.activities.at/entry.php?id=10273&" "Mozilla/5.0 (Windows NT 10.0; WOW64) AppleWebKit/537.36 (KHTML, like Gecko) Chrome/57.0.2987.133 Safari/537.36"
80.123.94.70 - - [19/Apr/2017:13:38:36 +0200] "GET /undefined HTTP/1.1" 404 285 "http://ed.activities.at/entry.php?id=10270&__app__=10006038" "Mozilla/5.0 (Windows NT 10.0; WOW64) AppleWebKit/537.36 (KHTML, like Gecko) Chrome/57.0.2987.133 Safari/537.36"
80.123.94.70 - - [19/Apr/2017:13:38:41 +0200] "POST /entry.php?id=10287& HTTP/1.1" 200 2358 "http://ed.activities.at/entry.php?id=10287&" "Mozilla/5.0 (Windows NT 10.0; WOW64) AppleWebKit/537.36 (KHTML, like Gecko) Chrome/57.0.2987.133 Safari/537.36"
80.123.94.70 - - [19/Apr/2017:13:38:42 +0200] "GET /gui/javascript/form_form.js?1492601922 HTTP/1.1" 200 16206 "http://ed.activities.at/entry.php?id=10287&" "Mozilla/5.0 (Windows NT 10.0; WOW64) AppleWebKit/537.36 (KHTML, like Gecko) Chrome/57.0.2987.133 Safari/537.36"
80.123.94.70 - - [19/Apr/2017:13:38:42 +0200] "GET /entry.php?id=10271&UIN=e15426c11c5794a5c4bf690e9c2a48e4 HTTP/1.1" 200 987 "http://ed.activities.at/entry.php?id=10271&UIN=e15426c11c5794a5c4bf690e9c2a48e4" "Mozilla/5.0 (Windows NT 10.0; WOW64) AppleWebKit/537.36 (KHTML, like Gecko) Chrome/57.0.2987.133 Safari/537.36"
195.245.225.251 - - [19/Apr/2017:13:38:43 +0200] "GET /entry.php?id=10271&&ser=601862 HTTP/1.1" 200 987 "http://ed.activities.at/entry.php?id=10271&&ser=601801" "Mozilla/5.0 (Macintosh; Intel Mac OS X 10_12_4) AppleWebKit/537.36 (KHTML, like Gecko) Chrome/57.0.2987.133 Safari/537.36"
