213.47.172.74 - - [20/Apr/2017:17:31:58 +0200] "GET /entry.php?id=10676&title=Portal& HTTP/1.1" 200 1387 "http://easydrivers.activities.at/entry.php?id=11679" "Mozilla/5.0 (Windows NT 6.1; Win64; x64) AppleWebKit/537.36 (KHTML, like Gecko) Chrome/57.0.2987.133 Safari/537.36"
213.47.172.74 - - [20/Apr/2017:17:31:58 +0200] "GET /gui/javascript/form_form.js?1492702318 HTTP/1.1" 200 16206 "http://easydrivers.activities.at/entry.php?id=10676&title=Portal&" "Mozilla/5.0 (Windows NT 6.1; Win64; x64) AppleWebKit/537.36 (KHTML, like Gecko) Chrome/57.0.2987.133 Safari/537.36"
213.47.172.74 - - [20/Apr/2017:17:31:58 +0200] "GET /entry.php?id=11677& HTTP/1.1" 200 4375 "http://easydrivers.activities.at/entry.php?id=11679" "Mozilla/5.0 (Windows NT 6.1; Win64; x64) AppleWebKit/537.36 (KHTML, like Gecko) Chrome/57.0.2987.133 Safari/537.36"
213.47.172.74 - - [20/Apr/2017:17:31:59 +0200] "GET /gui/javascript/form_form.js?1492702319 HTTP/1.1" 200 16206 "http://easydrivers.activities.at/entry.php?id=11677&" "Mozilla/5.0 (Windows NT 6.1; Win64; x64) AppleWebKit/537.36 (KHTML, like Gecko) Chrome/57.0.2987.133 Safari/537.36"
213.47.172.74 - - [20/Apr/2017:17:31:58 +0200] "GET /entry.php?id=11678& HTTP/1.1" 200 3215 "http://easydrivers.activities.at/entry.php?id=11679" "Mozilla/5.0 (Windows NT 6.1; Win64; x64) AppleWebKit/537.36 (KHTML, like Gecko) Chrome/57.0.2987.133 Safari/537.36"
213.47.172.74 - - [20/Apr/2017:17:32:00 +0200] "GET /activities/framework/KoolControls/KoolAjax/koolajax.php?8436e354c842500aba3cbaf0584c0c24 HTTP/1.1" 200 4079 "http://easydrivers.activities.at/entry.php?id=11678&" "Mozilla/5.0 (Windows NT 6.1; Win64; x64) AppleWebKit/537.36 (KHTML, like Gecko) Chrome/57.0.2987.133 Safari/537.36"
213.47.172.74 - - [20/Apr/2017:17:32:00 +0200] "GET /activities/framework/KoolControls/KoolTreeView/kooltreeview.php?c7cd9180e88ffef8e70f13526bb4f5f7 HTTP/1.1" 200 5055 "http://easydrivers.activities.at/entry.php?id=11678&" "Mozilla/5.0 (Windows NT 6.1; Win64; x64) AppleWebKit/537.36 (KHTML, like Gecko) Chrome/57.0.2987.133 Safari/537.36"
213.47.172.74 - - [20/Apr/2017:17:32:00 +0200] "GET /entry.php?id=11618&&object=&item=&emu_class= HTTP/1.1" 200 1700 "http://easydrivers.activities.at/entry.php?id=11677&" "Mozilla/5.0 (Windows NT 6.1; Win64; x64) AppleWebKit/537.36 (KHTML, like Gecko) Chrome/57.0.2987.133 Safari/537.36"
213.47.172.74 - - [20/Apr/2017:17:32:00 +0200] "GET /gui/javascript/form_form.js?1492702320 HTTP/1.1" 200 16206 "http://easydrivers.activities.at/entry.php?id=11618&&object=&item=&emu_class=" "Mozilla/5.0 (Windows NT 6.1; Win64; x64) AppleWebKit/537.36 (KHTML, like Gecko) Chrome/57.0.2987.133 Safari/537.36"
213.47.172.74 - - [20/Apr/2017:17:32:00 +0200] "POST /entry.php?id=11677 HTTP/1.1" 200 4423 "http://easydrivers.activities.at/entry.php?id=11677&" "Mozilla/5.0 (Windows NT 6.1; Win64; x64) AppleWebKit/537.36 (KHTML, like Gecko) Chrome/57.0.2987.133 Safari/537.36"
213.47.172.74 - - [20/Apr/2017:17:32:01 +0200] "POST /entry.php?id=11677 HTTP/1.1" 200 4422 "http://easydrivers.activities.at/entry.php?id=11677" "Mozilla/5.0 (Windows NT 6.1; Win64; x64) AppleWebKit/537.36 (KHTML, like Gecko) Chrome/57.0.2987.133 Safari/537.36"
213.47.172.74 - - [20/Apr/2017:17:32:02 +0200] "GET /gui/javascript/form_form.js?1492702321 HTTP/1.1" 200 16206 "http://easydrivers.activities.at/entry.php?id=11677" "Mozilla/5.0 (Windows NT 6.1; Win64; x64) AppleWebKit/537.36 (KHTML, like Gecko) Chrome/57.0.2987.133 Safari/537.36"
213.47.172.74 - - [20/Apr/2017:17:32:03 +0200] "POST /entry.php?id=11677 HTTP/1.1" 200 3218 "http://easydrivers.activities.at/entry.php?id=11677" "Mozilla/5.0 (Windows NT 6.1; Win64; x64) AppleWebKit/537.36 (KHTML, like Gecko) Chrome/57.0.2987.133 Safari/537.36"
213.47.172.74 - - [20/Apr/2017:17:32:04 +0200] "GET /gui/javascript/form_form.js?1492702324 HTTP/1.1" 200 16206 "http://easydrivers.activities.at/entry.php?id=11677" "Mozilla/5.0 (Windows NT 6.1; Win64; x64) AppleWebKit/537.36 (KHTML, like Gecko) Chrome/57.0.2987.133 Safari/537.36"
213.47.172.74 - - [20/Apr/2017:17:32:04 +0200] "GET /entry.php?id=10778&form=11502&name=list& HTTP/1.1" 200 3874 "http://easydrivers.activities.at/entry.php?id=11677" "Mozilla/5.0 (Windows NT 6.1; Win64; x64) AppleWebKit/537.36 (KHTML, like Gecko) Chrome/57.0.2987.133 Safari/537.36"
213.47.172.74 - - [20/Apr/2017:17:32:04 +0200] "GET /entry.php?id=10776&form=11502&name=list& HTTP/1.1" 200 1475 "http://easydrivers.activities.at/entry.php?id=11677" "Mozilla/5.0 (Windows NT 6.1; Win64; x64) AppleWebKit/537.36 (KHTML, like Gecko) Chrome/57.0.2987.133 Safari/537.36"
213.47.172.74 - - [20/Apr/2017:17:32:04 +0200] "GET /gui/images/icons/lupe.png HTTP/1.1" 200 723 "http://easydrivers.activities.at/entry.php?id=10776&form=11502&name=list&" "Mozilla/5.0 (Windows NT 6.1; Win64; x64) AppleWebKit/537.36 (KHTML, like Gecko) Chrome/57.0.2987.133 Safari/537.36"
213.47.172.74 - - [20/Apr/2017:17:32:05 +0200] "GET /gui/images/icons/disabled_edit.gif HTTP/1.1" 200 408 "http://easydrivers.activities.at/entry.php?id=10778&form=11502&name=list&" "Mozilla/5.0 (Windows NT 6.1; Win64; x64) AppleWebKit/537.36 (KHTML, like Gecko) Chrome/57.0.2987.133 Safari/537.36"
212.108.43.59 - - [20/Apr/2017:17:32:10 +0200] "GET /entry.php?id=10271&&ser=702270 HTTP/1.1" 200 987 "http://ed.activities.at/entry.php?id=10271&&ser=702209" "Mozilla/5.0 (Windows NT 10.0; Win64; x64) AppleWebKit/537.36 (KHTML, like Gecko) Chrome/57.0.2987.133 Safari/537.36"
212.108.43.59 - - [20/Apr/2017:17:32:10 +0200] "GET /gui/javascript/form_form.js?1492702330 HTTP/1.1" 200 16206 "http://ed.activities.at/entry.php?id=10271&&ser=702270" "Mozilla/5.0 (Windows NT 10.0; Win64; x64) AppleWebKit/537.36 (KHTML, like Gecko) Chrome/57.0.2987.133 Safari/537.36"
213.47.172.74 - - [20/Apr/2017:17:32:11 +0200] "POST /entry.php?id=11677 HTTP/1.1" 200 3315 "http://easydrivers.activities.at/entry.php?id=10778&form=11502&name=list&" "Mozilla/5.0 (Windows NT 6.1; Win64; x64) AppleWebKit/537.36 (KHTML, like Gecko) Chrome/57.0.2987.133 Safari/537.36"
213.47.172.74 - - [20/Apr/2017:17:32:12 +0200] "GET /gui/javascript/form_form.js?1492702331 HTTP/1.1" 200 16206 "http://easydrivers.activities.at/entry.php?id=11677" "Mozilla/5.0 (Windows NT 6.1; Win64; x64) AppleWebKit/537.36 (KHTML, like Gecko) Chrome/57.0.2987.133 Safari/537.36"
213.47.172.74 - - [20/Apr/2017:17:32:12 +0200] "GET /entry.php?id=10778&form=11502&name=list& HTTP/1.1" 200 3870 "http://easydrivers.activities.at/entry.php?id=11677" "Mozilla/5.0 (Windows NT 6.1; Win64; x64) AppleWebKit/537.36 (KHTML, like Gecko) Chrome/57.0.2987.133 Safari/537.36"
213.47.172.74 - - [20/Apr/2017:17:32:12 +0200] "GET /entry.php?id=10776&form=11502&name=list& HTTP/1.1" 200 1475 "http://easydrivers.activities.at/entry.php?id=11677" "Mozilla/5.0 (Windows NT 6.1; Win64; x64) AppleWebKit/537.36 (KHTML, like Gecko) Chrome/57.0.2987.133 Safari/537.36"
213.47.172.74 - - [20/Apr/2017:17:32:12 +0200] "GET /activities/framework/KoolControls/KoolTreeView/icons/square_yellowS.gif HTTP/1.1" 200 541 "http://easydrivers.activities.at/entry.php?id=11678&" "Mozilla/5.0 (Windows NT 6.1; Win64; x64) AppleWebKit/537.36 (KHTML, like Gecko) Chrome/57.0.2987.133 Safari/537.36"
213.47.172.74 - - [20/Apr/2017:17:32:26 +0200] "POST /entry.php?id=11677 HTTP/1.1" 200 3315 "http://easydrivers.activities.at/entry.php?id=10778&form=11502&name=list&" "Mozilla/5.0 (Windows NT 6.1; Win64; x64) AppleWebKit/537.36 (KHTML, like Gecko) Chrome/57.0.2987.133 Safari/537.36"
213.47.172.74 - - [20/Apr/2017:17:32:27 +0200] "GET /gui/javascript/form_form.js?1492702346 HTTP/1.1" 200 16206 "http://easydrivers.activities.at/entry.php?id=11677" "Mozilla/5.0 (Windows NT 6.1; Win64; x64) AppleWebKit/537.36 (KHTML, like Gecko) Chrome/57.0.2987.133 Safari/537.36"
213.47.172.74 - - [20/Apr/2017:17:32:27 +0200] "GET /entry.php?id=10776&form=11502&name=list& HTTP/1.1" 200 1475 "http://easydrivers.activities.at/entry.php?id=11677" "Mozilla/5.0 (Windows NT 6.1; Win64; x64) AppleWebKit/537.36 (KHTML, like Gecko) Chrome/57.0.2987.133 Safari/537.36"
213.47.172.74 - - [20/Apr/2017:17:32:27 +0200] "GET /entry.php?id=10778&form=11502&name=list& HTTP/1.1" 200 3874 "http://easydrivers.activities.at/entry.php?id=11677" "Mozilla/5.0 (Windows NT 6.1; Win64; x64) AppleWebKit/537.36 (KHTML, like Gecko) Chrome/57.0.2987.133 Safari/537.36"
213.47.172.74 - - [20/Apr/2017:17:32:40 +0200] "POST /entry.php?id=11677 HTTP/1.1" 200 4429 "http://easydrivers.activities.at/entry.php?id=11677" "Mozilla/5.0 (Windows NT 6.1; Win64; x64) AppleWebKit/537.36 (KHTML, like Gecko) Chrome/57.0.2987.133 Safari/537.36"
213.47.172.74 - - [20/Apr/2017:17:32:41 +0200] "GET /gui/javascript/form_form.js?1492702361 HTTP/1.1" 200 16206 "http://easydrivers.activities.at/entry.php?id=11677" "Mozilla/5.0 (Windows NT 6.1; Win64; x64) AppleWebKit/537.36 (KHTML, like Gecko) Chrome/57.0.2987.133 Safari/537.36"
213.47.172.74 - - [20/Apr/2017:17:32:52 +0200] "GET /entry.php?id=10271&&ser=702311 HTTP/1.1" 200 987 "http://easydrivers.activities.at/entry.php?id=10271&&ser=702250" "Mozilla/5.0 (Windows NT 6.1; Win64; x64) AppleWebKit/537.36 (KHTML, like Gecko) Chrome/57.0.2987.133 Safari/537.36"
213.47.172.74 - - [20/Apr/2017:17:32:52 +0200] "GET /gui/javascript/form_form.js?1492702372 HTTP/1.1" 200 16206 "http://easydrivers.activities.at/entry.php?id=10271&&ser=702311" "Mozilla/5.0 (Windows NT 6.1; Win64; x64) AppleWebKit/537.36 (KHTML, like Gecko) Chrome/57.0.2987.133 Safari/537.36"
212.108.43.59 - - [20/Apr/2017:17:33:10 +0200] "GET /entry.php?id=10271&&ser=702330 HTTP/1.1" 200 987 "http://ed.activities.at/entry.php?id=10271&&ser=702270" "Mozilla/5.0 (Windows NT 10.0; Win64; x64) AppleWebKit/537.36 (KHTML, like Gecko) Chrome/57.0.2987.133 Safari/537.36"
212.108.43.59 - - [20/Apr/2017:17:33:10 +0200] "GET /gui/javascript/form_form.js?1492702390 HTTP/1.1" 200 16206 "http://ed.activities.at/entry.php?id=10271&&ser=702330" "Mozilla/5.0 (Windows NT 10.0; Win64; x64) AppleWebKit/537.36 (KHTML, like Gecko) Chrome/57.0.2987.133 Safari/537.36"
213.47.172.74 - - [20/Apr/2017:17:33:52 +0200] "GET /entry.php?id=10271&&ser=702372 HTTP/1.1" 200 987 "http://easydrivers.activities.at/entry.php?id=10271&&ser=702311" "Mozilla/5.0 (Windows NT 6.1; Win64; x64) AppleWebKit/537.36 (KHTML, like Gecko) Chrome/57.0.2987.133 Safari/537.36"
213.47.172.74 - - [20/Apr/2017:17:33:52 +0200] "GET /gui/javascript/form_form.js?1492702432 HTTP/1.1" 200 16206 "http://easydrivers.activities.at/entry.php?id=10271&&ser=702372" "Mozilla/5.0 (Windows NT 6.1; Win64; x64) AppleWebKit/537.36 (KHTML, like Gecko) Chrome/57.0.2987.133 Safari/537.36"
212.108.43.59 - - [20/Apr/2017:17:34:10 +0200] "GET /entry.php?id=10271&&ser=702390 HTTP/1.1" 200 987 "http://ed.activities.at/entry.php?id=10271&&ser=702330" "Mozilla/5.0 (Windows NT 10.0; Win64; x64) AppleWebKit/537.36 (KHTML, like Gecko) Chrome/57.0.2987.133 Safari/537.36"
212.108.43.59 - - [20/Apr/2017:17:34:11 +0200] "GET /gui/javascript/form_form.js?1492702451 HTTP/1.1" 200 16206 "http://ed.activities.at/entry.php?id=10271&&ser=702390" "Mozilla/5.0 (Windows NT 10.0; Win64; x64) AppleWebKit/537.36 (KHTML, like Gecko) Chrome/57.0.2987.133 Safari/537.36"
213.47.172.74 - - [20/Apr/2017:17:34:53 +0200] "GET /entry.php?id=10271&&ser=702432 HTTP/1.1" 200 987 "http://easydrivers.activities.at/entry.php?id=10271&&ser=702372" "Mozilla/5.0 (Windows NT 6.1; Win64; x64) AppleWebKit/537.36 (KHTML, like Gecko) Chrome/57.0.2987.133 Safari/537.36"
213.47.172.74 - - [20/Apr/2017:17:34:53 +0200] "GET /gui/javascript/form_form.js?1492702493 HTTP/1.1" 200 16206 "http://easydrivers.activities.at/entry.php?id=10271&&ser=702432" "Mozilla/5.0 (Windows NT 6.1; Win64; x64) AppleWebKit/537.36 (KHTML, like Gecko) Chrome/57.0.2987.133 Safari/537.36"
212.108.43.59 - - [20/Apr/2017:17:35:11 +0200] "GET /entry.php?id=10271&&ser=702451 HTTP/1.1" 200 986 "http://ed.activities.at/entry.php?id=10271&&ser=702390" "Mozilla/5.0 (Windows NT 10.0; Win64; x64) AppleWebKit/537.36 (KHTML, like Gecko) Chrome/57.0.2987.133 Safari/537.36"
212.108.43.59 - - [20/Apr/2017:17:35:11 +0200] "GET /gui/javascript/form_form.js?1492702511 HTTP/1.1" 200 16206 "http://ed.activities.at/entry.php?id=10271&&ser=702451" "Mozilla/5.0 (Windows NT 10.0; Win64; x64) AppleWebKit/537.36 (KHTML, like Gecko) Chrome/57.0.2987.133 Safari/537.36"
213.47.172.74 - - [20/Apr/2017:17:35:53 +0200] "GET /entry.php?id=10271&&ser=702493 HTTP/1.1" 200 986 "http://easydrivers.activities.at/entry.php?id=10271&&ser=702432" "Mozilla/5.0 (Windows NT 6.1; Win64; x64) AppleWebKit/537.36 (KHTML, like Gecko) Chrome/57.0.2987.133 Safari/537.36"
213.47.172.74 - - [20/Apr/2017:17:35:53 +0200] "GET /gui/javascript/form_form.js?1492702553 HTTP/1.1" 200 16206 "http://easydrivers.activities.at/entry.php?id=10271&&ser=702493" "Mozilla/5.0 (Windows NT 6.1; Win64; x64) AppleWebKit/537.36 (KHTML, like Gecko) Chrome/57.0.2987.133 Safari/537.36"
212.108.43.59 - - [20/Apr/2017:17:36:11 +0200] "GET /entry.php?id=10271&&ser=702511 HTTP/1.1" 200 986 "http://ed.activities.at/entry.php?id=10271&&ser=702451" "Mozilla/5.0 (Windows NT 10.0; Win64; x64) AppleWebKit/537.36 (KHTML, like Gecko) Chrome/57.0.2987.133 Safari/537.36"
212.108.43.59 - - [20/Apr/2017:17:36:11 +0200] "GET /gui/javascript/form_form.js?1492702571 HTTP/1.1" 200 16206 "http://ed.activities.at/entry.php?id=10271&&ser=702511" "Mozilla/5.0 (Windows NT 10.0; Win64; x64) AppleWebKit/537.36 (KHTML, like Gecko) Chrome/57.0.2987.133 Safari/537.36"
213.47.172.74 - - [20/Apr/2017:17:36:53 +0200] "GET /entry.php?id=10271&&ser=702553 HTTP/1.1" 200 987 "http://easydrivers.activities.at/entry.php?id=10271&&ser=702493" "Mozilla/5.0 (Windows NT 6.1; Win64; x64) AppleWebKit/537.36 (KHTML, like Gecko) Chrome/57.0.2987.133 Safari/537.36"
213.47.172.74 - - [20/Apr/2017:17:36:54 +0200] "GET /gui/javascript/form_form.js?1492702614 HTTP/1.1" 200 16206 "http://easydrivers.activities.at/entry.php?id=10271&&ser=702553" "Mozilla/5.0 (Windows NT 6.1; Win64; x64) AppleWebKit/537.36 (KHTML, like Gecko) Chrome/57.0.2987.133 Safari/537.36"
212.108.43.59 - - [20/Apr/2017:17:37:11 +0200] "GET /entry.php?id=10271&&ser=702571 HTTP/1.1" 200 987 "http://ed.activities.at/entry.php?id=10271&&ser=702511" "Mozilla/5.0 (Windows NT 10.0; Win64; x64) AppleWebKit/537.36 (KHTML, like Gecko) Chrome/57.0.2987.133 Safari/537.36"
212.108.43.59 - - [20/Apr/2017:17:37:12 +0200] "GET /gui/javascript/form_form.js?1492702632 HTTP/1.1" 200 16206 "http://ed.activities.at/entry.php?id=10271&&ser=702571" "Mozilla/5.0 (Windows NT 10.0; Win64; x64) AppleWebKit/537.36 (KHTML, like Gecko) Chrome/57.0.2987.133 Safari/537.36"
213.47.172.74 - - [20/Apr/2017:17:37:54 +0200] "GET /entry.php?id=10271&&ser=702614 HTTP/1.1" 200 987 "http://easydrivers.activities.at/entry.php?id=10271&&ser=702553" "Mozilla/5.0 (Windows NT 6.1; Win64; x64) AppleWebKit/537.36 (KHTML, like Gecko) Chrome/57.0.2987.133 Safari/537.36"
213.47.172.74 - - [20/Apr/2017:17:37:54 +0200] "GET /gui/javascript/form_form.js?1492702674 HTTP/1.1" 200 16206 "http://easydrivers.activities.at/entry.php?id=10271&&ser=702614" "Mozilla/5.0 (Windows NT 6.1; Win64; x64) AppleWebKit/537.36 (KHTML, like Gecko) Chrome/57.0.2987.133 Safari/537.36"
212.108.43.59 - - [20/Apr/2017:17:38:12 +0200] "GET /entry.php?id=10271&&ser=702632 HTTP/1.1" 200 987 "http://ed.activities.at/entry.php?id=10271&&ser=702571" "Mozilla/5.0 (Windows NT 10.0; Win64; x64) AppleWebKit/537.36 (KHTML, like Gecko) Chrome/57.0.2987.133 Safari/537.36"
212.108.43.59 - - [20/Apr/2017:17:38:12 +0200] "GET /gui/javascript/form_form.js?1492702692 HTTP/1.1" 200 16206 "http://ed.activities.at/entry.php?id=10271&&ser=702632" "Mozilla/5.0 (Windows NT 10.0; Win64; x64) AppleWebKit/537.36 (KHTML, like Gecko) Chrome/57.0.2987.133 Safari/537.36"
213.47.172.74 - - [20/Apr/2017:17:38:54 +0200] "GET /entry.php?id=10271&&ser=702674 HTTP/1.1" 200 986 "http://easydrivers.activities.at/entry.php?id=10271&&ser=702614" "Mozilla/5.0 (Windows NT 6.1; Win64; x64) AppleWebKit/537.36 (KHTML, like Gecko) Chrome/57.0.2987.133 Safari/537.36"
213.47.172.74 - - [20/Apr/2017:17:38:55 +0200] "GET /gui/javascript/form_form.js?1492702735 HTTP/1.1" 200 16206 "http://easydrivers.activities.at/entry.php?id=10271&&ser=702674" "Mozilla/5.0 (Windows NT 6.1; Win64; x64) AppleWebKit/537.36 (KHTML, like Gecko) Chrome/57.0.2987.133 Safari/537.36"
212.108.43.59 - - [20/Apr/2017:17:39:12 +0200] "GET /entry.php?id=10271&&ser=702692 HTTP/1.1" 200 986 "http://ed.activities.at/entry.php?id=10271&&ser=702632" "Mozilla/5.0 (Windows NT 10.0; Win64; x64) AppleWebKit/537.36 (KHTML, like Gecko) Chrome/57.0.2987.133 Safari/537.36"
212.108.43.59 - - [20/Apr/2017:17:39:12 +0200] "GET /gui/javascript/form_form.js?1492702752 HTTP/1.1" 200 16206 "http://ed.activities.at/entry.php?id=10271&&ser=702692" "Mozilla/5.0 (Windows NT 10.0; Win64; x64) AppleWebKit/537.36 (KHTML, like Gecko) Chrome/57.0.2987.133 Safari/537.36"
213.47.172.74 - - [20/Apr/2017:17:39:55 +0200] "GET /entry.php?id=10271&&ser=702735 HTTP/1.1" 200 986 "http://easydrivers.activities.at/entry.php?id=10271&&ser=702674" "Mozilla/5.0 (Windows NT 6.1; Win64; x64) AppleWebKit/537.36 (KHTML, like Gecko) Chrome/57.0.2987.133 Safari/537.36"
213.47.172.74 - - [20/Apr/2017:17:39:55 +0200] "GET /gui/javascript/form_form.js?1492702795 HTTP/1.1" 200 16206 "http://easydrivers.activities.at/entry.php?id=10271&&ser=702735" "Mozilla/5.0 (Windows NT 6.1; Win64; x64) AppleWebKit/537.36 (KHTML, like Gecko) Chrome/57.0.2987.133 Safari/537.36"
212.108.43.59 - - [20/Apr/2017:17:40:12 +0200] "GET /entry.php?id=10271&&ser=702752 HTTP/1.1" 200 987 "http://ed.activities.at/entry.php?id=10271&&ser=702692" "Mozilla/5.0 (Windows NT 10.0; Win64; x64) AppleWebKit/537.36 (KHTML, like Gecko) Chrome/57.0.2987.133 Safari/537.36"
212.108.43.59 - - [20/Apr/2017:17:40:13 +0200] "GET /gui/javascript/form_form.js?1492702813 HTTP/1.1" 200 16206 "http://ed.activities.at/entry.php?id=10271&&ser=702752" "Mozilla/5.0 (Windows NT 10.0; Win64; x64) AppleWebKit/537.36 (KHTML, like Gecko) Chrome/57.0.2987.133 Safari/537.36"
213.47.172.74 - - [20/Apr/2017:17:40:55 +0200] "GET /entry.php?id=10271&&ser=702795 HTTP/1.1" 200 987 "http://easydrivers.activities.at/entry.php?id=10271&&ser=702735" "Mozilla/5.0 (Windows NT 6.1; Win64; x64) AppleWebKit/537.36 (KHTML, like Gecko) Chrome/57.0.2987.133 Safari/537.36"
213.47.172.74 - - [20/Apr/2017:17:40:56 +0200] "GET /gui/javascript/form_form.js?1492702856 HTTP/1.1" 200 16206 "http://easydrivers.activities.at/entry.php?id=10271&&ser=702795" "Mozilla/5.0 (Windows NT 6.1; Win64; x64) AppleWebKit/537.36 (KHTML, like Gecko) Chrome/57.0.2987.133 Safari/537.36"
212.108.43.59 - - [20/Apr/2017:17:41:13 +0200] "GET /entry.php?id=10271&&ser=702813 HTTP/1.1" 200 987 "http://ed.activities.at/entry.php?id=10271&&ser=702752" "Mozilla/5.0 (Windows NT 10.0; Win64; x64) AppleWebKit/537.36 (KHTML, like Gecko) Chrome/57.0.2987.133 Safari/537.36"
212.108.43.59 - - [20/Apr/2017:17:41:13 +0200] "GET /gui/javascript/form_form.js?1492702873 HTTP/1.1" 200 16206 "http://ed.activities.at/entry.php?id=10271&&ser=702813" "Mozilla/5.0 (Windows NT 10.0; Win64; x64) AppleWebKit/537.36 (KHTML, like Gecko) Chrome/57.0.2987.133 Safari/537.36"
213.47.172.74 - - [20/Apr/2017:17:41:56 +0200] "GET /entry.php?id=10271&&ser=702856 HTTP/1.1" 200 987 "http://easydrivers.activities.at/entry.php?id=10271&&ser=702795" "Mozilla/5.0 (Windows NT 6.1; Win64; x64) AppleWebKit/537.36 (KHTML, like Gecko) Chrome/57.0.2987.133 Safari/537.36"
213.47.172.74 - - [20/Apr/2017:17:41:56 +0200] "GET /gui/javascript/form_form.js?1492702916 HTTP/1.1" 200 16206 "http://easydrivers.activities.at/entry.php?id=10271&&ser=702856" "Mozilla/5.0 (Windows NT 6.1; Win64; x64) AppleWebKit/537.36 (KHTML, like Gecko) Chrome/57.0.2987.133 Safari/537.36"
212.108.43.59 - - [20/Apr/2017:17:42:13 +0200] "GET /entry.php?id=10271&&ser=702873 HTTP/1.1" 200 987 "http://ed.activities.at/entry.php?id=10271&&ser=702813" "Mozilla/5.0 (Windows NT 10.0; Win64; x64) AppleWebKit/537.36 (KHTML, like Gecko) Chrome/57.0.2987.133 Safari/537.36"
212.108.43.59 - - [20/Apr/2017:17:42:13 +0200] "GET /gui/javascript/form_form.js?1492702933 HTTP/1.1" 200 16206 "http://ed.activities.at/entry.php?id=10271&&ser=702873" "Mozilla/5.0 (Windows NT 10.0; Win64; x64) AppleWebKit/537.36 (KHTML, like Gecko) Chrome/57.0.2987.133 Safari/537.36"
213.47.172.74 - - [20/Apr/2017:17:42:56 +0200] "GET /entry.php?id=10271&&ser=702916 HTTP/1.1" 200 988 "http://easydrivers.activities.at/entry.php?id=10271&&ser=702856" "Mozilla/5.0 (Windows NT 6.1; Win64; x64) AppleWebKit/537.36 (KHTML, like Gecko) Chrome/57.0.2987.133 Safari/537.36"
213.47.172.74 - - [20/Apr/2017:17:42:57 +0200] "GET /gui/javascript/form_form.js?1492702977 HTTP/1.1" 200 16206 "http://easydrivers.activities.at/entry.php?id=10271&&ser=702916" "Mozilla/5.0 (Windows NT 6.1; Win64; x64) AppleWebKit/537.36 (KHTML, like Gecko) Chrome/57.0.2987.133 Safari/537.36"
212.108.43.59 - - [20/Apr/2017:17:43:14 +0200] "GET /entry.php?id=10271&&ser=702933 HTTP/1.1" 200 987 "http://ed.activities.at/entry.php?id=10271&&ser=702873" "Mozilla/5.0 (Windows NT 10.0; Win64; x64) AppleWebKit/537.36 (KHTML, like Gecko) Chrome/57.0.2987.133 Safari/537.36"
212.108.43.59 - - [20/Apr/2017:17:43:14 +0200] "GET /gui/javascript/form_form.js?1492702994 HTTP/1.1" 200 16206 "http://ed.activities.at/entry.php?id=10271&&ser=702933" "Mozilla/5.0 (Windows NT 10.0; Win64; x64) AppleWebKit/537.36 (KHTML, like Gecko) Chrome/57.0.2987.133 Safari/537.36"
213.47.172.74 - - [20/Apr/2017:17:43:57 +0200] "GET /entry.php?id=10271&&ser=702977 HTTP/1.1" 200 987 "http://easydrivers.activities.at/entry.php?id=10271&&ser=702916" "Mozilla/5.0 (Windows NT 6.1; Win64; x64) AppleWebKit/537.36 (KHTML, like Gecko) Chrome/57.0.2987.133 Safari/537.36"
213.47.172.74 - - [20/Apr/2017:17:43:57 +0200] "GET /gui/javascript/form_form.js?1492703037 HTTP/1.1" 200 16206 "http://easydrivers.activities.at/entry.php?id=10271&&ser=702977" "Mozilla/5.0 (Windows NT 6.1; Win64; x64) AppleWebKit/537.36 (KHTML, like Gecko) Chrome/57.0.2987.133 Safari/537.36"
212.108.43.59 - - [20/Apr/2017:17:44:14 +0200] "GET /entry.php?id=10271&&ser=702994 HTTP/1.1" 200 987 "http://ed.activities.at/entry.php?id=10271&&ser=702933" "Mozilla/5.0 (Windows NT 10.0; Win64; x64) AppleWebKit/537.36 (KHTML, like Gecko) Chrome/57.0.2987.133 Safari/537.36"
212.108.43.59 - - [20/Apr/2017:17:44:14 +0200] "GET /gui/javascript/form_form.js?1492703054 HTTP/1.1" 200 16206 "http://ed.activities.at/entry.php?id=10271&&ser=702994" "Mozilla/5.0 (Windows NT 10.0; Win64; x64) AppleWebKit/537.36 (KHTML, like Gecko) Chrome/57.0.2987.133 Safari/537.36"
213.47.172.74 - - [20/Apr/2017:17:44:57 +0200] "GET /entry.php?id=10271&&ser=703037 HTTP/1.1" 200 987 "http://easydrivers.activities.at/entry.php?id=10271&&ser=702977" "Mozilla/5.0 (Windows NT 6.1; Win64; x64) AppleWebKit/537.36 (KHTML, like Gecko) Chrome/57.0.2987.133 Safari/537.36"
213.47.172.74 - - [20/Apr/2017:17:44:58 +0200] "GET /gui/javascript/form_form.js?1492703097 HTTP/1.1" 200 16206 "http://easydrivers.activities.at/entry.php?id=10271&&ser=703037" "Mozilla/5.0 (Windows NT 6.1; Win64; x64) AppleWebKit/537.36 (KHTML, like Gecko) Chrome/57.0.2987.133 Safari/537.36"
212.108.43.59 - - [20/Apr/2017:17:45:14 +0200] "GET /entry.php?id=10271&&ser=703054 HTTP/1.1" 200 987 "http://ed.activities.at/entry.php?id=10271&&ser=702994" "Mozilla/5.0 (Windows NT 10.0; Win64; x64) AppleWebKit/537.36 (KHTML, like Gecko) Chrome/57.0.2987.133 Safari/537.36"
212.108.43.59 - - [20/Apr/2017:17:45:14 +0200] "GET /gui/javascript/form_form.js?1492703114 HTTP/1.1" 200 16206 "http://ed.activities.at/entry.php?id=10271&&ser=703054" "Mozilla/5.0 (Windows NT 10.0; Win64; x64) AppleWebKit/537.36 (KHTML, like Gecko) Chrome/57.0.2987.133 Safari/537.36"
213.47.172.74 - - [20/Apr/2017:17:45:58 +0200] "GET /entry.php?id=10271&&ser=703097 HTTP/1.1" 200 987 "http://easydrivers.activities.at/entry.php?id=10271&&ser=703037" "Mozilla/5.0 (Windows NT 6.1; Win64; x64) AppleWebKit/537.36 (KHTML, like Gecko) Chrome/57.0.2987.133 Safari/537.36"
213.47.172.74 - - [20/Apr/2017:17:45:58 +0200] "GET /gui/javascript/form_form.js?1492703158 HTTP/1.1" 200 16206 "http://easydrivers.activities.at/entry.php?id=10271&&ser=703097" "Mozilla/5.0 (Windows NT 6.1; Win64; x64) AppleWebKit/537.36 (KHTML, like Gecko) Chrome/57.0.2987.133 Safari/537.36"
212.108.43.59 - - [20/Apr/2017:17:46:15 +0200] "GET /entry.php?id=10271&&ser=703114 HTTP/1.1" 200 987 "http://ed.activities.at/entry.php?id=10271&&ser=703054" "Mozilla/5.0 (Windows NT 10.0; Win64; x64) AppleWebKit/537.36 (KHTML, like Gecko) Chrome/57.0.2987.133 Safari/537.36"
212.108.43.59 - - [20/Apr/2017:17:46:15 +0200] "GET /gui/javascript/form_form.js?1492703175 HTTP/1.1" 200 16206 "http://ed.activities.at/entry.php?id=10271&&ser=703114" "Mozilla/5.0 (Windows NT 10.0; Win64; x64) AppleWebKit/537.36 (KHTML, like Gecko) Chrome/57.0.2987.133 Safari/537.36"
213.47.172.74 - - [20/Apr/2017:17:46:58 +0200] "GET /entry.php?id=10271&&ser=703158 HTTP/1.1" 200 987 "http://easydrivers.activities.at/entry.php?id=10271&&ser=703097" "Mozilla/5.0 (Windows NT 6.1; Win64; x64) AppleWebKit/537.36 (KHTML, like Gecko) Chrome/57.0.2987.133 Safari/537.36"
213.47.172.74 - - [20/Apr/2017:17:46:59 +0200] "GET /gui/javascript/form_form.js?1492703218 HTTP/1.1" 200 16206 "http://easydrivers.activities.at/entry.php?id=10271&&ser=703158" "Mozilla/5.0 (Windows NT 6.1; Win64; x64) AppleWebKit/537.36 (KHTML, like Gecko) Chrome/57.0.2987.133 Safari/537.36"
212.108.43.59 - - [20/Apr/2017:17:47:15 +0200] "GET /entry.php?id=10271&&ser=703175 HTTP/1.1" 200 987 "http://ed.activities.at/entry.php?id=10271&&ser=703114" "Mozilla/5.0 (Windows NT 10.0; Win64; x64) AppleWebKit/537.36 (KHTML, like Gecko) Chrome/57.0.2987.133 Safari/537.36"
212.108.43.59 - - [20/Apr/2017:17:47:15 +0200] "GET /gui/javascript/form_form.js?1492703235 HTTP/1.1" 200 16206 "http://ed.activities.at/entry.php?id=10271&&ser=703175" "Mozilla/5.0 (Windows NT 10.0; Win64; x64) AppleWebKit/537.36 (KHTML, like Gecko) Chrome/57.0.2987.133 Safari/537.36"
213.47.172.74 - - [20/Apr/2017:17:47:59 +0200] "GET /entry.php?id=10271&&ser=703218 HTTP/1.1" 200 987 "http://easydrivers.activities.at/entry.php?id=10271&&ser=703158" "Mozilla/5.0 (Windows NT 6.1; Win64; x64) AppleWebKit/537.36 (KHTML, like Gecko) Chrome/57.0.2987.133 Safari/537.36"
213.47.172.74 - - [20/Apr/2017:17:47:59 +0200] "GET /gui/javascript/form_form.js?1492703279 HTTP/1.1" 200 16206 "http://easydrivers.activities.at/entry.php?id=10271&&ser=703218" "Mozilla/5.0 (Windows NT 6.1; Win64; x64) AppleWebKit/537.36 (KHTML, like Gecko) Chrome/57.0.2987.133 Safari/537.36"
212.108.43.59 - - [20/Apr/2017:17:48:15 +0200] "GET /entry.php?id=10271&&ser=703235 HTTP/1.1" 200 987 "http://ed.activities.at/entry.php?id=10271&&ser=703175" "Mozilla/5.0 (Windows NT 10.0; Win64; x64) AppleWebKit/537.36 (KHTML, like Gecko) Chrome/57.0.2987.133 Safari/537.36"
212.108.43.59 - - [20/Apr/2017:17:48:15 +0200] "GET /gui/javascript/form_form.js?1492703295 HTTP/1.1" 200 16206 "http://ed.activities.at/entry.php?id=10271&&ser=703235" "Mozilla/5.0 (Windows NT 10.0; Win64; x64) AppleWebKit/537.36 (KHTML, like Gecko) Chrome/57.0.2987.133 Safari/537.36"
213.47.172.74 - - [20/Apr/2017:17:48:59 +0200] "GET /entry.php?id=10271&&ser=703279 HTTP/1.1" 200 988 "http://easydrivers.activities.at/entry.php?id=10271&&ser=703218" "Mozilla/5.0 (Windows NT 6.1; Win64; x64) AppleWebKit/537.36 (KHTML, like Gecko) Chrome/57.0.2987.133 Safari/537.36"
213.47.172.74 - - [20/Apr/2017:17:49:00 +0200] "GET /gui/javascript/form_form.js?1492703339 HTTP/1.1" 200 16206 "http://easydrivers.activities.at/entry.php?id=10271&&ser=703279" "Mozilla/5.0 (Windows NT 6.1; Win64; x64) AppleWebKit/537.36 (KHTML, like Gecko) Chrome/57.0.2987.133 Safari/537.36"
212.108.43.59 - - [20/Apr/2017:17:49:16 +0200] "GET /entry.php?id=10271&&ser=703295 HTTP/1.1" 200 987 "http://ed.activities.at/entry.php?id=10271&&ser=703235" "Mozilla/5.0 (Windows NT 10.0; Win64; x64) AppleWebKit/537.36 (KHTML, like Gecko) Chrome/57.0.2987.133 Safari/537.36"
212.108.43.59 - - [20/Apr/2017:17:49:16 +0200] "GET /gui/javascript/form_form.js?1492703356 HTTP/1.1" 200 16206 "http://ed.activities.at/entry.php?id=10271&&ser=703295" "Mozilla/5.0 (Windows NT 10.0; Win64; x64) AppleWebKit/537.36 (KHTML, like Gecko) Chrome/57.0.2987.133 Safari/537.36"
213.47.172.74 - - [20/Apr/2017:17:50:00 +0200] "GET /entry.php?id=10271&&ser=703339 HTTP/1.1" 200 987 "http://easydrivers.activities.at/entry.php?id=10271&&ser=703279" "Mozilla/5.0 (Windows NT 6.1; Win64; x64) AppleWebKit/537.36 (KHTML, like Gecko) Chrome/57.0.2987.133 Safari/537.36"
213.47.172.74 - - [20/Apr/2017:17:50:00 +0200] "GET /gui/javascript/form_form.js?1492703400 HTTP/1.1" 200 16206 "http://easydrivers.activities.at/entry.php?id=10271&&ser=703339" "Mozilla/5.0 (Windows NT 6.1; Win64; x64) AppleWebKit/537.36 (KHTML, like Gecko) Chrome/57.0.2987.133 Safari/537.36"
212.108.43.59 - - [20/Apr/2017:17:50:16 +0200] "GET /entry.php?id=10271&&ser=703356 HTTP/1.1" 200 987 "http://ed.activities.at/entry.php?id=10271&&ser=703295" "Mozilla/5.0 (Windows NT 10.0; Win64; x64) AppleWebKit/537.36 (KHTML, like Gecko) Chrome/57.0.2987.133 Safari/537.36"
212.108.43.59 - - [20/Apr/2017:17:50:16 +0200] "GET /gui/javascript/form_form.js?1492703416 HTTP/1.1" 200 16206 "http://ed.activities.at/entry.php?id=10271&&ser=703356" "Mozilla/5.0 (Windows NT 10.0; Win64; x64) AppleWebKit/537.36 (KHTML, like Gecko) Chrome/57.0.2987.133 Safari/537.36"
213.47.172.74 - - [20/Apr/2017:17:51:00 +0200] "GET /entry.php?id=10271&&ser=703400 HTTP/1.1" 200 987 "http://easydrivers.activities.at/entry.php?id=10271&&ser=703339" "Mozilla/5.0 (Windows NT 6.1; Win64; x64) AppleWebKit/537.36 (KHTML, like Gecko) Chrome/57.0.2987.133 Safari/537.36"
213.47.172.74 - - [20/Apr/2017:17:51:00 +0200] "GET /gui/javascript/form_form.js?1492703460 HTTP/1.1" 200 16206 "http://easydrivers.activities.at/entry.php?id=10271&&ser=703400" "Mozilla/5.0 (Windows NT 6.1; Win64; x64) AppleWebKit/537.36 (KHTML, like Gecko) Chrome/57.0.2987.133 Safari/537.36"
212.108.43.59 - - [20/Apr/2017:17:51:16 +0200] "GET /entry.php?id=10271&&ser=703416 HTTP/1.1" 200 987 "http://ed.activities.at/entry.php?id=10271&&ser=703356" "Mozilla/5.0 (Windows NT 10.0; Win64; x64) AppleWebKit/537.36 (KHTML, like Gecko) Chrome/57.0.2987.133 Safari/537.36"
212.108.43.59 - - [20/Apr/2017:17:51:16 +0200] "GET /gui/javascript/form_form.js?1492703476 HTTP/1.1" 200 16206 "http://ed.activities.at/entry.php?id=10271&&ser=703416" "Mozilla/5.0 (Windows NT 10.0; Win64; x64) AppleWebKit/537.36 (KHTML, like Gecko) Chrome/57.0.2987.133 Safari/537.36"
213.47.172.74 - - [20/Apr/2017:17:51:19 +0200] "POST /entry.php?id=11677 HTTP/1.1" 200 3219 "http://easydrivers.activities.at/entry.php?id=11677" "Mozilla/5.0 (Windows NT 6.1; Win64; x64) AppleWebKit/537.36 (KHTML, like Gecko) Chrome/57.0.2987.133 Safari/537.36"
213.47.172.74 - - [20/Apr/2017:17:51:19 +0200] "GET /gui/javascript/form_form.js?1492703479 HTTP/1.1" 200 16206 "http://easydrivers.activities.at/entry.php?id=11677" "Mozilla/5.0 (Windows NT 6.1; Win64; x64) AppleWebKit/537.36 (KHTML, like Gecko) Chrome/57.0.2987.133 Safari/537.36"
213.47.172.74 - - [20/Apr/2017:17:51:20 +0200] "GET /entry.php?id=10776&form=11502&name=list& HTTP/1.1" 200 1475 "http://easydrivers.activities.at/entry.php?id=11677" "Mozilla/5.0 (Windows NT 6.1; Win64; x64) AppleWebKit/537.36 (KHTML, like Gecko) Chrome/57.0.2987.133 Safari/537.36"
213.47.172.74 - - [20/Apr/2017:17:51:20 +0200] "GET /entry.php?id=10778&form=11502&name=list& HTTP/1.1" 200 3874 "http://easydrivers.activities.at/entry.php?id=11677" "Mozilla/5.0 (Windows NT 6.1; Win64; x64) AppleWebKit/537.36 (KHTML, like Gecko) Chrome/57.0.2987.133 Safari/537.36"
213.47.172.74 - - [20/Apr/2017:17:51:26 +0200] "POST /entry.php?id=11677 HTTP/1.1" 200 4430 "http://easydrivers.activities.at/entry.php?id=11677" "Mozilla/5.0 (Windows NT 6.1; Win64; x64) AppleWebKit/537.36 (KHTML, like Gecko) Chrome/57.0.2987.133 Safari/537.36"
213.47.172.74 - - [20/Apr/2017:17:51:27 +0200] "GET /gui/javascript/form_form.js?1492703486 HTTP/1.1" 200 16206 "http://easydrivers.activities.at/entry.php?id=11677" "Mozilla/5.0 (Windows NT 6.1; Win64; x64) AppleWebKit/537.36 (KHTML, like Gecko) Chrome/57.0.2987.133 Safari/537.36"
213.47.172.74 - - [20/Apr/2017:17:51:32 +0200] "POST /entry.php?id=11678 HTTP/1.1" 200 3266 "http://easydrivers.activities.at/entry.php?id=11678&" "Mozilla/5.0 (Windows NT 6.1; Win64; x64) AppleWebKit/537.36 (KHTML, like Gecko) Chrome/57.0.2987.133 Safari/537.36"
213.47.172.74 - - [20/Apr/2017:17:51:33 +0200] "GET /activities/framework/KoolControls/KoolAjax/koolajax.php?8436e354c842500aba3cbaf0584c0c24 HTTP/1.1" 200 4079 "http://easydrivers.activities.at/entry.php?id=11678" "Mozilla/5.0 (Windows NT 6.1; Win64; x64) AppleWebKit/537.36 (KHTML, like Gecko) Chrome/57.0.2987.133 Safari/537.36"
213.47.172.74 - - [20/Apr/2017:17:51:33 +0200] "GET /gui/javascript/form_form.js?1492703492 HTTP/1.1" 200 16206 "http://easydrivers.activities.at/entry.php?id=11678" "Mozilla/5.0 (Windows NT 6.1; Win64; x64) AppleWebKit/537.36 (KHTML, like Gecko) Chrome/57.0.2987.133 Safari/537.36"
213.47.172.74 - - [20/Apr/2017:17:51:33 +0200] "GET /activities/framework/KoolControls/KoolTreeView/kooltreeview.php?c7cd9180e88ffef8e70f13526bb4f5f7 HTTP/1.1" 200 5055 "http://easydrivers.activities.at/entry.php?id=11678" "Mozilla/5.0 (Windows NT 6.1; Win64; x64) AppleWebKit/537.36 (KHTML, like Gecko) Chrome/57.0.2987.133 Safari/537.36"
213.47.172.74 - - [20/Apr/2017:17:51:34 +0200] "POST /entry.php?id=11677 HTTP/1.1" 200 4424 "http://easydrivers.activities.at/entry.php?id=11677" "Mozilla/5.0 (Windows NT 6.1; Win64; x64) AppleWebKit/537.36 (KHTML, like Gecko) Chrome/57.0.2987.133 Safari/537.36"
213.47.172.74 - - [20/Apr/2017:17:51:35 +0200] "GET /gui/javascript/form_form.js?1492703494 HTTP/1.1" 200 16206 "http://easydrivers.activities.at/entry.php?id=11677" "Mozilla/5.0 (Windows NT 6.1; Win64; x64) AppleWebKit/537.36 (KHTML, like Gecko) Chrome/57.0.2987.133 Safari/537.36"
213.47.172.74 - - [20/Apr/2017:17:51:49 +0200] "GET /entry.php?id=11673 HTTP/1.1" 200 358 "http://easydrivers.activities.at/entry.php?id=10270&__app__=10006038" "Mozilla/5.0 (Windows NT 6.1; Win64; x64) AppleWebKit/537.36 (KHTML, like Gecko) Chrome/57.0.2987.133 Safari/537.36"
213.47.172.74 - - [20/Apr/2017:17:51:50 +0200] "GET /entry.php?id=10676&&title=F%FChrerscheinkurse HTTP/1.1" 200 1395 "http://easydrivers.activities.at/entry.php?id=11673" "Mozilla/5.0 (Windows NT 6.1; Win64; x64) AppleWebKit/537.36 (KHTML, like Gecko) Chrome/57.0.2987.133 Safari/537.36"
213.47.172.74 - - [20/Apr/2017:17:51:50 +0200] "GET /gui/javascript/form_form.js?1492703510 HTTP/1.1" 200 16206 "http://easydrivers.activities.at/entry.php?id=10676&&title=F%FChrerscheinkurse" "Mozilla/5.0 (Windows NT 6.1; Win64; x64) AppleWebKit/537.36 (KHTML, like Gecko) Chrome/57.0.2987.133 Safari/537.36"
213.47.172.74 - - [20/Apr/2017:17:51:50 +0200] "GET /entry.php?id=11671& HTTP/1.1" 200 4540 "http://easydrivers.activities.at/entry.php?id=11673" "Mozilla/5.0 (Windows NT 6.1; Win64; x64) AppleWebKit/537.36 (KHTML, like Gecko) Chrome/57.0.2987.133 Safari/537.36"
213.47.172.74 - - [20/Apr/2017:17:51:51 +0200] "GET /gui/javascript/form_form.js?1492703511 HTTP/1.1" 200 16206 "http://easydrivers.activities.at/entry.php?id=11671&" "Mozilla/5.0 (Windows NT 6.1; Win64; x64) AppleWebKit/537.36 (KHTML, like Gecko) Chrome/57.0.2987.133 Safari/537.36"
213.47.172.74 - - [20/Apr/2017:17:51:50 +0200] "GET /entry.php?id=11694& HTTP/1.1" 200 3187 "http://easydrivers.activities.at/entry.php?id=11673" "Mozilla/5.0 (Windows NT 6.1; Win64; x64) AppleWebKit/537.36 (KHTML, like Gecko) Chrome/57.0.2987.133 Safari/537.36"
213.47.172.74 - - [20/Apr/2017:17:51:51 +0200] "GET /activities/framework/KoolControls/KoolAjax/koolajax.php?8436e354c842500aba3cbaf0584c0c24 HTTP/1.1" 200 4079 "http://easydrivers.activities.at/entry.php?id=11694&" "Mozilla/5.0 (Windows NT 6.1; Win64; x64) AppleWebKit/537.36 (KHTML, like Gecko) Chrome/57.0.2987.133 Safari/537.36"
213.47.172.74 - - [20/Apr/2017:17:51:51 +0200] "GET /activities/framework/KoolControls/KoolTreeView/icons/Folder.gif HTTP/1.1" 200 267 "http://easydrivers.activities.at/entry.php?id=11694&" "Mozilla/5.0 (Windows NT 6.1; Win64; x64) AppleWebKit/537.36 (KHTML, like Gecko) Chrome/57.0.2987.133 Safari/537.36"
213.47.172.74 - - [20/Apr/2017:17:51:51 +0200] "GET /activities/framework/KoolControls/KoolTreeView/icons/square_blueS.gif HTTP/1.1" 200 540 "http://easydrivers.activities.at/entry.php?id=11694&" "Mozilla/5.0 (Windows NT 6.1; Win64; x64) AppleWebKit/537.36 (KHTML, like Gecko) Chrome/57.0.2987.133 Safari/537.36"
213.47.172.74 - - [20/Apr/2017:17:51:52 +0200] "GET /activities/framework/KoolControls/KoolTreeView/icons/square_greyS.gif HTTP/1.1" 200 342 "http://easydrivers.activities.at/entry.php?id=11694&" "Mozilla/5.0 (Windows NT 6.1; Win64; x64) AppleWebKit/537.36 (KHTML, like Gecko) Chrome/57.0.2987.133 Safari/537.36"
213.47.172.74 - - [20/Apr/2017:17:51:52 +0200] "GET /activities/framework/KoolControls/KoolTreeView/kooltreeview.php?c7cd9180e88ffef8e70f13526bb4f5f7 HTTP/1.1" 200 5055 "http://easydrivers.activities.at/entry.php?id=11694&" "Mozilla/5.0 (Windows NT 6.1; Win64; x64) AppleWebKit/537.36 (KHTML, like Gecko) Chrome/57.0.2987.133 Safari/537.36"
213.47.172.74 - - [20/Apr/2017:17:51:50 +0200] "GET /entry.php?id=11672& HTTP/1.1" 200 2692 "http://easydrivers.activities.at/entry.php?id=11673" "Mozilla/5.0 (Windows NT 6.1; Win64; x64) AppleWebKit/537.36 (KHTML, like Gecko) Chrome/57.0.2987.133 Safari/537.36"
213.47.172.74 - - [20/Apr/2017:17:51:51 +0200] "GET /entry.php?id=10776&form=11496&name=list& HTTP/1.1" 200 1526 "http://easydrivers.activities.at/entry.php?id=11671&" "Mozilla/5.0 (Windows NT 6.1; Win64; x64) AppleWebKit/537.36 (KHTML, like Gecko) Chrome/57.0.2987.133 Safari/537.36"
213.47.172.74 - - [20/Apr/2017:17:51:51 +0200] "GET /entry.php?id=10778&form=11496&name=list& HTTP/1.1" 200 2493 "http://easydrivers.activities.at/entry.php?id=11671&" "Mozilla/5.0 (Windows NT 6.1; Win64; x64) AppleWebKit/537.36 (KHTML, like Gecko) Chrome/57.0.2987.133 Safari/537.36"
213.47.172.74 - - [20/Apr/2017:17:51:52 +0200] "GET /gui/javascript/form_form.js?1492703512 HTTP/1.1" 200 16206 "http://easydrivers.activities.at/entry.php?id=11672&" "Mozilla/5.0 (Windows NT 6.1; Win64; x64) AppleWebKit/537.36 (KHTML, like Gecko) Chrome/57.0.2987.133 Safari/537.36"
213.47.172.74 - - [20/Apr/2017:17:51:52 +0200] "GET /gui/images/icons/website.gif HTTP/1.1" 200 1049 "http://easydrivers.activities.at/entry.php?id=10776&form=11496&name=list&" "Mozilla/5.0 (Windows NT 6.1; Win64; x64) AppleWebKit/537.36 (KHTML, like Gecko) Chrome/57.0.2987.133 Safari/537.36"
213.47.172.74 - - [20/Apr/2017:17:51:52 +0200] "GET /entry.php?id=10776&form=11497&name=list& HTTP/1.1" 200 1942 "http://easydrivers.activities.at/entry.php?id=11672&" "Mozilla/5.0 (Windows NT 6.1; Win64; x64) AppleWebKit/537.36 (KHTML, like Gecko) Chrome/57.0.2987.133 Safari/537.36"
213.47.172.74 - - [20/Apr/2017:17:51:52 +0200] "GET /entry.php?id=10778&form=11497&name=list& HTTP/1.1" 200 5939 "http://easydrivers.activities.at/entry.php?id=11672&" "Mozilla/5.0 (Windows NT 6.1; Win64; x64) AppleWebKit/537.36 (KHTML, like Gecko) Chrome/57.0.2987.133 Safari/537.36"
213.47.172.74 - - [20/Apr/2017:17:51:53 +0200] "GET /framework/icons/sortUp.gif HTTP/1.1" 200 53 "http://easydrivers.activities.at/entry.php?id=10776&form=11497&name=list&" "Mozilla/5.0 (Windows NT 6.1; Win64; x64) AppleWebKit/537.36 (KHTML, like Gecko) Chrome/57.0.2987.133 Safari/537.36"
213.47.172.74 - - [20/Apr/2017:17:51:55 +0200] "POST /entry.php?id=11672 HTTP/1.1" 200 2706 "http://easydrivers.activities.at/entry.php?id=11672&" "Mozilla/5.0 (Windows NT 6.1; Win64; x64) AppleWebKit/537.36 (KHTML, like Gecko) Chrome/57.0.2987.133 Safari/537.36"
213.47.172.74 - - [20/Apr/2017:17:51:55 +0200] "GET /gui/javascript/form_form.js?1492703515 HTTP/1.1" 200 16206 "http://easydrivers.activities.at/entry.php?id=11672" "Mozilla/5.0 (Windows NT 6.1; Win64; x64) AppleWebKit/537.36 (KHTML, like Gecko) Chrome/57.0.2987.133 Safari/537.36"
213.47.172.74 - - [20/Apr/2017:17:51:55 +0200] "GET /entry.php?id=10776&form=11497&name=list& HTTP/1.1" 200 1941 "http://easydrivers.activities.at/entry.php?id=11672" "Mozilla/5.0 (Windows NT 6.1; Win64; x64) AppleWebKit/537.36 (KHTML, like Gecko) Chrome/57.0.2987.133 Safari/537.36"
213.47.172.74 - - [20/Apr/2017:17:51:55 +0200] "GET /entry.php?id=10778&form=11497&name=list& HTTP/1.1" 200 3286 "http://easydrivers.activities.at/entry.php?id=11672" "Mozilla/5.0 (Windows NT 6.1; Win64; x64) AppleWebKit/537.36 (KHTML, like Gecko) Chrome/57.0.2987.133 Safari/537.36"
213.47.172.74 - - [20/Apr/2017:17:51:59 +0200] "GET /framework/icons/rowselect.gif HTTP/1.1" 200 67 "http://easydrivers.activities.at/entry.php?id=10778&form=11497&name=list&" "Mozilla/5.0 (Windows NT 6.1; Win64; x64) AppleWebKit/537.36 (KHTML, like Gecko) Chrome/57.0.2987.133 Safari/537.36"
213.47.172.74 - - [20/Apr/2017:17:51:59 +0200] "POST /entry.php?id=11671 HTTP/1.1" 200 4910 "http://easydrivers.activities.at/entry.php?id=11671&" "Mozilla/5.0 (Windows NT 6.1; Win64; x64) AppleWebKit/537.36 (KHTML, like Gecko) Chrome/57.0.2987.133 Safari/537.36"
213.47.172.74 - - [20/Apr/2017:17:52:00 +0200] "GET /gui/javascript/form_form.js?1492703520 HTTP/1.1" 200 16206 "http://easydrivers.activities.at/entry.php?id=11671" "Mozilla/5.0 (Windows NT 6.1; Win64; x64) AppleWebKit/537.36 (KHTML, like Gecko) Chrome/57.0.2987.133 Safari/537.36"
213.47.172.74 - - [20/Apr/2017:17:52:00 +0200] "GET /entry.php?id=10776&form=11496&name=list& HTTP/1.1" 200 1518 "http://easydrivers.activities.at/entry.php?id=11671" "Mozilla/5.0 (Windows NT 6.1; Win64; x64) AppleWebKit/537.36 (KHTML, like Gecko) Chrome/57.0.2987.133 Safari/537.36"
213.47.172.74 - - [20/Apr/2017:17:52:00 +0200] "GET /entry.php?id=10778&form=11496&name=list& HTTP/1.1" 200 3551 "http://easydrivers.activities.at/entry.php?id=11671" "Mozilla/5.0 (Windows NT 6.1; Win64; x64) AppleWebKit/537.36 (KHTML, like Gecko) Chrome/57.0.2987.133 Safari/537.36"
213.47.172.74 - - [20/Apr/2017:17:52:01 +0200] "GET /entry.php?id=10271&&ser=703460 HTTP/1.1" 200 987 "http://easydrivers.activities.at/entry.php?id=10271&&ser=703400" "Mozilla/5.0 (Windows NT 6.1; Win64; x64) AppleWebKit/537.36 (KHTML, like Gecko) Chrome/57.0.2987.133 Safari/537.36"
213.47.172.74 - - [20/Apr/2017:17:52:01 +0200] "GET /gui/javascript/form_form.js?1492703521 HTTP/1.1" 200 16206 "http://easydrivers.activities.at/entry.php?id=10271&&ser=703460" "Mozilla/5.0 (Windows NT 6.1; Win64; x64) AppleWebKit/537.36 (KHTML, like Gecko) Chrome/57.0.2987.133 Safari/537.36"
213.47.172.74 - - [20/Apr/2017:17:52:04 +0200] "POST /entry.php?id=11671 HTTP/1.1" 200 5088 "http://easydrivers.activities.at/entry.php?id=11671" "Mozilla/5.0 (Windows NT 6.1; Win64; x64) AppleWebKit/537.36 (KHTML, like Gecko) Chrome/57.0.2987.133 Safari/537.36"
213.47.172.74 - - [20/Apr/2017:17:52:05 +0200] "GET /gui/javascript/form_form.js?1492703525 HTTP/1.1" 200 16206 "http://easydrivers.activities.at/entry.php?id=11671" "Mozilla/5.0 (Windows NT 6.1; Win64; x64) AppleWebKit/537.36 (KHTML, like Gecko) Chrome/57.0.2987.133 Safari/537.36"
213.47.172.74 - - [20/Apr/2017:17:52:05 +0200] "GET /entry.php?id=10776&form=11496&name=list& HTTP/1.1" 200 1518 "http://easydrivers.activities.at/entry.php?id=11671" "Mozilla/5.0 (Windows NT 6.1; Win64; x64) AppleWebKit/537.36 (KHTML, like Gecko) Chrome/57.0.2987.133 Safari/537.36"
213.47.172.74 - - [20/Apr/2017:17:52:05 +0200] "GET /entry.php?id=10778&form=11496&name=list& HTTP/1.1" 200 3551 "http://easydrivers.activities.at/entry.php?id=11671" "Mozilla/5.0 (Windows NT 6.1; Win64; x64) AppleWebKit/537.36 (KHTML, like Gecko) Chrome/57.0.2987.133 Safari/537.36"
212.108.43.59 - - [20/Apr/2017:17:52:17 +0200] "GET /entry.php?id=10271&&ser=703476 HTTP/1.1" 200 987 "http://ed.activities.at/entry.php?id=10271&&ser=703416" "Mozilla/5.0 (Windows NT 10.0; Win64; x64) AppleWebKit/537.36 (KHTML, like Gecko) Chrome/57.0.2987.133 Safari/537.36"
212.108.43.59 - - [20/Apr/2017:17:52:17 +0200] "GET /gui/javascript/form_form.js?1492703537 HTTP/1.1" 200 16206 "http://ed.activities.at/entry.php?id=10271&&ser=703476" "Mozilla/5.0 (Windows NT 10.0; Win64; x64) AppleWebKit/537.36 (KHTML, like Gecko) Chrome/57.0.2987.133 Safari/537.36"
213.47.172.74 - - [20/Apr/2017:17:52:27 +0200] "POST /entry.php?id=11671 HTTP/1.1" 200 5072 "http://easydrivers.activities.at/entry.php?id=11671" "Mozilla/5.0 (Windows NT 6.1; Win64; x64) AppleWebKit/537.36 (KHTML, like Gecko) Chrome/57.0.2987.133 Safari/537.36"
213.47.172.74 - - [20/Apr/2017:17:52:28 +0200] "GET /gui/javascript/form_form.js?1492703548 HTTP/1.1" 200 16206 "http://easydrivers.activities.at/entry.php?id=11671" "Mozilla/5.0 (Windows NT 6.1; Win64; x64) AppleWebKit/537.36 (KHTML, like Gecko) Chrome/57.0.2987.133 Safari/537.36"
213.47.172.74 - - [20/Apr/2017:17:52:29 +0200] "GET /entry.php?id=10776&form=11496&name=list& HTTP/1.1" 200 1518 "http://easydrivers.activities.at/entry.php?id=11671" "Mozilla/5.0 (Windows NT 6.1; Win64; x64) AppleWebKit/537.36 (KHTML, like Gecko) Chrome/57.0.2987.133 Safari/537.36"
213.47.172.74 - - [20/Apr/2017:17:52:29 +0200] "GET /entry.php?id=10778&form=11496&name=list& HTTP/1.1" 200 3551 "http://easydrivers.activities.at/entry.php?id=11671" "Mozilla/5.0 (Windows NT 6.1; Win64; x64) AppleWebKit/537.36 (KHTML, like Gecko) Chrome/57.0.2987.133 Safari/537.36"
213.47.172.74 - - [20/Apr/2017:17:52:35 +0200] "POST /entry.php?id=11671 HTTP/1.1" 200 4801 "http://easydrivers.activities.at/entry.php?id=11671" "Mozilla/5.0 (Windows NT 6.1; Win64; x64) AppleWebKit/537.36 (KHTML, like Gecko) Chrome/57.0.2987.133 Safari/537.36"
213.47.172.74 - - [20/Apr/2017:17:52:37 +0200] "POST /entry.php?id=11671 HTTP/1.1" 200 4808 "http://easydrivers.activities.at/entry.php?id=11671" "Mozilla/5.0 (Windows NT 6.1; Win64; x64) AppleWebKit/537.36 (KHTML, like Gecko) Chrome/57.0.2987.133 Safari/537.36"
213.47.172.74 - - [20/Apr/2017:17:52:38 +0200] "GET /gui/javascript/form_form.js?1492703558 HTTP/1.1" 200 16206 "http://easydrivers.activities.at/entry.php?id=11671" "Mozilla/5.0 (Windows NT 6.1; Win64; x64) AppleWebKit/537.36 (KHTML, like Gecko) Chrome/57.0.2987.133 Safari/537.36"
213.47.172.74 - - [20/Apr/2017:17:52:38 +0200] "GET /entry.php?id=10776&form=11496&name=list& HTTP/1.1" 200 1518 "http://easydrivers.activities.at/entry.php?id=11671" "Mozilla/5.0 (Windows NT 6.1; Win64; x64) AppleWebKit/537.36 (KHTML, like Gecko) Chrome/57.0.2987.133 Safari/537.36"
213.47.172.74 - - [20/Apr/2017:17:52:38 +0200] "GET /entry.php?id=10778&form=11496&name=list& HTTP/1.1" 200 3551 "http://easydrivers.activities.at/entry.php?id=11671" "Mozilla/5.0 (Windows NT 6.1; Win64; x64) AppleWebKit/537.36 (KHTML, like Gecko) Chrome/57.0.2987.133 Safari/537.36"
213.47.172.74 - - [20/Apr/2017:17:52:42 +0200] "POST /entry.php?id=11671 HTTP/1.1" 200 4981 "http://easydrivers.activities.at/entry.php?id=11671" "Mozilla/5.0 (Windows NT 6.1; Win64; x64) AppleWebKit/537.36 (KHTML, like Gecko) Chrome/57.0.2987.133 Safari/537.36"
213.47.172.74 - - [20/Apr/2017:17:52:43 +0200] "GET /gui/javascript/form_form.js?1492703563 HTTP/1.1" 200 16206 "http://easydrivers.activities.at/entry.php?id=11671" "Mozilla/5.0 (Windows NT 6.1; Win64; x64) AppleWebKit/537.36 (KHTML, like Gecko) Chrome/57.0.2987.133 Safari/537.36"
213.47.172.74 - - [20/Apr/2017:17:52:43 +0200] "GET /entry.php?id=10776&form=11496&name=list& HTTP/1.1" 200 1518 "http://easydrivers.activities.at/entry.php?id=11671" "Mozilla/5.0 (Windows NT 6.1; Win64; x64) AppleWebKit/537.36 (KHTML, like Gecko) Chrome/57.0.2987.133 Safari/537.36"
213.47.172.74 - - [20/Apr/2017:17:52:43 +0200] "GET /entry.php?id=10778&form=11496&name=list& HTTP/1.1" 200 3551 "http://easydrivers.activities.at/entry.php?id=11671" "Mozilla/5.0 (Windows NT 6.1; Win64; x64) AppleWebKit/537.36 (KHTML, like Gecko) Chrome/57.0.2987.133 Safari/537.36"
213.47.172.74 - - [20/Apr/2017:17:52:44 +0200] "POST /entry.php?id=11671 HTTP/1.1" 200 4966 "http://easydrivers.activities.at/entry.php?id=11671" "Mozilla/5.0 (Windows NT 6.1; Win64; x64) AppleWebKit/537.36 (KHTML, like Gecko) Chrome/57.0.2987.133 Safari/537.36"
213.47.172.74 - - [20/Apr/2017:17:52:45 +0200] "GET /gui/javascript/form_form.js?1492703565 HTTP/1.1" 200 16206 "http://easydrivers.activities.at/entry.php?id=11671" "Mozilla/5.0 (Windows NT 6.1; Win64; x64) AppleWebKit/537.36 (KHTML, like Gecko) Chrome/57.0.2987.133 Safari/537.36"
213.47.172.74 - - [20/Apr/2017:17:52:45 +0200] "GET /entry.php?id=10776&form=11496&name=list& HTTP/1.1" 200 1518 "http://easydrivers.activities.at/entry.php?id=11671" "Mozilla/5.0 (Windows NT 6.1; Win64; x64) AppleWebKit/537.36 (KHTML, like Gecko) Chrome/57.0.2987.133 Safari/537.36"
213.47.172.74 - - [20/Apr/2017:17:52:45 +0200] "GET /entry.php?id=10778&form=11496&name=list& HTTP/1.1" 200 3551 "http://easydrivers.activities.at/entry.php?id=11671" "Mozilla/5.0 (Windows NT 6.1; Win64; x64) AppleWebKit/537.36 (KHTML, like Gecko) Chrome/57.0.2987.133 Safari/537.36"
213.47.172.74 - - [20/Apr/2017:17:52:46 +0200] "POST /entry.php?id=11671 HTTP/1.1" 200 4803 "http://easydrivers.activities.at/entry.php?id=11671" "Mozilla/5.0 (Windows NT 6.1; Win64; x64) AppleWebKit/537.36 (KHTML, like Gecko) Chrome/57.0.2987.133 Safari/537.36"
213.47.172.74 - - [20/Apr/2017:17:52:47 +0200] "GET /gui/javascript/form_form.js?1492703567 HTTP/1.1" 200 16206 "http://easydrivers.activities.at/entry.php?id=11671" "Mozilla/5.0 (Windows NT 6.1; Win64; x64) AppleWebKit/537.36 (KHTML, like Gecko) Chrome/57.0.2987.133 Safari/537.36"
213.47.172.74 - - [20/Apr/2017:17:52:47 +0200] "GET /entry.php?id=10776&form=11496&name=list& HTTP/1.1" 200 1518 "http://easydrivers.activities.at/entry.php?id=11671" "Mozilla/5.0 (Windows NT 6.1; Win64; x64) AppleWebKit/537.36 (KHTML, like Gecko) Chrome/57.0.2987.133 Safari/537.36"
