62.46.182.213 - - [26/Apr/2017:09:57:09 +0200] "GET /gui/javascript/form_form.js?1493193429 HTTP/1.1" 200 16206 "http://ed.activities.at/entry.php?id=10270&__app__=10006038" "Mozilla/5.0 (Windows NT 10.0; WOW64; rv:51.0) Gecko/20100101 Firefox/51.0"
62.46.182.213 - - [26/Apr/2017:09:57:09 +0200] "GET /undefined HTTP/1.1" 404 285 "http://ed.activities.at/entry.php?id=10270&__app__=10006038" "Mozilla/5.0 (Windows NT 10.0; WOW64; rv:51.0) Gecko/20100101 Firefox/51.0"
80.110.83.58 - - [26/Apr/2017:09:57:09 +0200] "POST /entry.php?id=11677 HTTP/1.1" 200 5112 "http://ed.activities.at/entry.php?id=11677" "Mozilla/5.0 (Windows NT 10.0; Win64; x64) AppleWebKit/537.36 (KHTML, like Gecko) Chrome/57.0.2987.133 Safari/537.36"
80.110.83.58 - - [26/Apr/2017:09:57:10 +0200] "GET /gui/javascript/form_form.js?1493193430 HTTP/1.1" 200 16206 "http://ed.activities.at/entry.php?id=11677" "Mozilla/5.0 (Windows NT 10.0; Win64; x64) AppleWebKit/537.36 (KHTML, like Gecko) Chrome/57.0.2987.133 Safari/537.36"
80.110.83.58 - - [26/Apr/2017:09:57:10 +0200] "GET /entry.php?id=11618&&object=&item=10288647&emu_class= HTTP/1.1" 200 1707 "http://ed.activities.at/entry.php?id=11677" "Mozilla/5.0 (Windows NT 10.0; Win64; x64) AppleWebKit/537.36 (KHTML, like Gecko) Chrome/57.0.2987.133 Safari/537.36"
80.110.83.58 - - [26/Apr/2017:09:57:11 +0200] "GET /gui/javascript/form_form.js?1493193431 HTTP/1.1" 200 16206 "http://ed.activities.at/entry.php?id=11618&&object=&item=10288647&emu_class=" "Mozilla/5.0 (Windows NT 10.0; Win64; x64) AppleWebKit/537.36 (KHTML, like Gecko) Chrome/57.0.2987.133 Safari/537.36"
62.46.182.213 - - [26/Apr/2017:09:57:17 +0200] "GET /entry.php?id=11679 HTTP/1.1" 200 312 "http://ed.activities.at/entry.php?id=10270&__app__=10006038" "Mozilla/5.0 (Windows NT 10.0; WOW64; rv:51.0) Gecko/20100101 Firefox/51.0"
62.46.182.213 - - [26/Apr/2017:09:57:18 +0200] "GET /entry.php?id=10676&title=Portal& HTTP/1.1" 200 1386 "http://ed.activities.at/entry.php?id=11679" "Mozilla/5.0 (Windows NT 10.0; WOW64; rv:51.0) Gecko/20100101 Firefox/51.0"
62.46.182.213 - - [26/Apr/2017:09:57:18 +0200] "GET /gui/javascript/form_form.js?1493193438 HTTP/1.1" 200 16206 "http://ed.activities.at/entry.php?id=10676&title=Portal&" "Mozilla/5.0 (Windows NT 10.0; WOW64; rv:51.0) Gecko/20100101 Firefox/51.0"
80.110.83.58 - - [26/Apr/2017:09:57:17 +0200] "POST /entry.php?id=11677 HTTP/1.1" 200 5194 "http://ed.activities.at/entry.php?id=11677" "Mozilla/5.0 (Windows NT 10.0; Win64; x64) AppleWebKit/537.36 (KHTML, like Gecko) Chrome/57.0.2987.133 Safari/537.36"
62.46.182.213 - - [26/Apr/2017:09:57:18 +0200] "GET /entry.php?id=11677& HTTP/1.1" 200 4373 "http://ed.activities.at/entry.php?id=11679" "Mozilla/5.0 (Windows NT 10.0; WOW64; rv:51.0) Gecko/20100101 Firefox/51.0"
62.46.182.213 - - [26/Apr/2017:09:57:18 +0200] "GET /entry.php?id=11678& HTTP/1.1" 200 4430 "http://ed.activities.at/entry.php?id=11679" "Mozilla/5.0 (Windows NT 10.0; WOW64; rv:51.0) Gecko/20100101 Firefox/51.0"
62.46.182.213 - - [26/Apr/2017:09:57:19 +0200] "GET /activities/framework/KoolControls/KoolAjax/koolajax.php?8436e354c842500aba3cbaf0584c0c24 HTTP/1.1" 200 4079 "http://ed.activities.at/entry.php?id=11678&" "Mozilla/5.0 (Windows NT 10.0; WOW64; rv:51.0) Gecko/20100101 Firefox/51.0"
62.46.182.213 - - [26/Apr/2017:09:57:19 +0200] "GET /activities/framework/KoolControls/KoolTreeView/kooltreeview.php?c7cd9180e88ffef8e70f13526bb4f5f7 HTTP/1.1" 200 5055 "http://ed.activities.at/entry.php?id=11678&" "Mozilla/5.0 (Windows NT 10.0; WOW64; rv:51.0) Gecko/20100101 Firefox/51.0"
62.46.182.213 - - [26/Apr/2017:09:57:19 +0200] "GET /entry.php?id=11618&&object=&item=&emu_class= HTTP/1.1" 200 1697 "http://ed.activities.at/entry.php?id=11677&" "Mozilla/5.0 (Windows NT 10.0; WOW64; rv:51.0) Gecko/20100101 Firefox/51.0"
62.46.182.213 - - [26/Apr/2017:09:57:19 +0200] "GET /gui/javascript/form_form.js?1493193439 HTTP/1.1" 200 16206 "http://ed.activities.at/entry.php?id=11618&&object=&item=&emu_class=" "Mozilla/5.0 (Windows NT 10.0; WOW64; rv:51.0) Gecko/20100101 Firefox/51.0"
62.46.182.213 - - [26/Apr/2017:09:57:19 +0200] "POST /entry.php?id=11677 HTTP/1.1" 200 4402 "http://ed.activities.at/entry.php?id=11677&" "Mozilla/5.0 (Windows NT 10.0; WOW64; rv:51.0) Gecko/20100101 Firefox/51.0"
62.46.182.213 - - [26/Apr/2017:09:57:20 +0200] "GET /gui/javascript/form_form.js?1493193440 HTTP/1.1" 200 16206 "http://ed.activities.at/entry.php?id=11677" "Mozilla/5.0 (Windows NT 10.0; WOW64; rv:51.0) Gecko/20100101 Firefox/51.0"
62.46.182.213 - - [26/Apr/2017:09:57:20 +0200] "POST /entry.php?id=11677 HTTP/1.1" 200 4402 "http://ed.activities.at/entry.php?id=11677" "Mozilla/5.0 (Windows NT 10.0; WOW64; rv:51.0) Gecko/20100101 Firefox/51.0"
80.110.83.58 - - [26/Apr/2017:09:57:21 +0200] "GET /gui/images/icons/lupe.gif HTTP/1.1" 200 324 "http://ed.activities.at/entry.php?id=11677" "Mozilla/5.0 (Windows NT 10.0; Win64; x64) AppleWebKit/537.36 (KHTML, like Gecko) Chrome/57.0.2987.133 Safari/537.36"
80.110.83.58 - - [26/Apr/2017:09:57:21 +0200] "GET /gui/javascript/form_form.js?1493193438 HTTP/1.1" 200 16206 "http://ed.activities.at/entry.php?id=11677" "Mozilla/5.0 (Windows NT 10.0; Win64; x64) AppleWebKit/537.36 (KHTML, like Gecko) Chrome/57.0.2987.133 Safari/537.36"
62.46.182.213 - - [26/Apr/2017:09:57:21 +0200] "GET /gui/javascript/form_form.js?1493193441 HTTP/1.1" 200 16206 "http://ed.activities.at/entry.php?id=11677" "Mozilla/5.0 (Windows NT 10.0; WOW64; rv:51.0) Gecko/20100101 Firefox/51.0"
80.110.83.58 - - [26/Apr/2017:09:57:32 +0200] "GET /entry.php?id=10271&&ser=193391 HTTP/1.1" 200 987 "http://ed.activities.at/entry.php?id=10271&UIN=1cec9a83dd45a4269afee4ea418a6d29" "Mozilla/5.0 (Windows NT 10.0; Win64; x64) AppleWebKit/537.36 (KHTML, like Gecko) Chrome/57.0.2987.133 Safari/537.36"
80.110.83.58 - - [26/Apr/2017:09:57:32 +0200] "GET /gui/javascript/form_form.js?1493193452 HTTP/1.1" 200 16206 "http://ed.activities.at/entry.php?id=10271&&ser=193391" "Mozilla/5.0 (Windows NT 10.0; Win64; x64) AppleWebKit/537.36 (KHTML, like Gecko) Chrome/57.0.2987.133 Safari/537.36"
62.46.182.213 - - [26/Apr/2017:09:57:46 +0200] "POST /entry.php?id=11677 HTTP/1.1" 200 5100 "http://ed.activities.at/entry.php?id=11677" "Mozilla/5.0 (Windows NT 10.0; WOW64; rv:51.0) Gecko/20100101 Firefox/51.0"
62.46.182.213 - - [26/Apr/2017:09:57:46 +0200] "GET /gui/javascript/form_form.js?1493193466 HTTP/1.1" 200 16206 "http://ed.activities.at/entry.php?id=11677" "Mozilla/5.0 (Windows NT 10.0; WOW64; rv:51.0) Gecko/20100101 Firefox/51.0"
80.110.83.58 - - [26/Apr/2017:09:57:50 +0200] "GET /gui/javascript/jquery/css/gui-themes/images/ui-bg_flat_90_eeeeee_40x100.png HTTP/1.1" 200 180 "http://ed.activities.at/gui/javascript/jquery/css/gui-themes/custom.min.css" "Mozilla/5.0 (Windows NT 10.0; Win64; x64) AppleWebKit/537.36 (KHTML, like Gecko) Chrome/57.0.2987.133 Safari/537.36"
80.110.83.58 - - [26/Apr/2017:09:57:50 +0200] "GET /gui/javascript/jquery/css/gui-themes/images/ui-bg_flat_100_808080_40x100.png HTTP/1.1" 200 209 "http://ed.activities.at/gui/javascript/jquery/css/gui-themes/custom.min.css" "Mozilla/5.0 (Windows NT 10.0; Win64; x64) AppleWebKit/537.36 (KHTML, like Gecko) Chrome/57.0.2987.133 Safari/537.36"
80.110.83.58 - - [26/Apr/2017:09:57:50 +0200] "GET /gui/javascript/jquery/css/gui-themes/images/ui-icons_72a7cf_256x240_ev.png HTTP/1.1" 200 6036 "http://ed.activities.at/gui/javascript/jquery/css/gui-themes/custom.min.css" "Mozilla/5.0 (Windows NT 10.0; Win64; x64) AppleWebKit/537.36 (KHTML, like Gecko) Chrome/57.0.2987.133 Safari/537.36"
80.110.83.58 - - [26/Apr/2017:09:57:50 +0200] "GET /gui/javascript/jquery/css/gui-themes/images/ui-icons_ffffff_256x240_ev.png HTTP/1.1" 200 6912 "http://ed.activities.at/gui/javascript/jquery/css/gui-themes/custom.min.css" "Mozilla/5.0 (Windows NT 10.0; Win64; x64) AppleWebKit/537.36 (KHTML, like Gecko) Chrome/57.0.2987.133 Safari/537.36"
80.110.83.58 - - [26/Apr/2017:09:57:50 +0200] "GET /entry.php?id=11681&chooserview=editnewmenueitem&hidetitle=true&object=10288619 HTTP/1.1" 200 348 "http://ed.activities.at/entry.php?id=11412" "Mozilla/5.0 (Windows NT 10.0; Win64; x64) AppleWebKit/537.36 (KHTML, like Gecko) Chrome/57.0.2987.133 Safari/537.36"
80.110.83.58 - - [26/Apr/2017:09:57:50 +0200] "GET /entry.php?id=11683&chooserview=editnewmenueitem&object=10288619& HTTP/1.1" 200 2681 "http://ed.activities.at/entry.php?id=11681&chooserview=editnewmenueitem&hidetitle=true&object=10288619" "Mozilla/5.0 (Windows NT 10.0; Win64; x64) AppleWebKit/537.36 (KHTML, like Gecko) Chrome/57.0.2987.133 Safari/537.36"
80.110.83.58 - - [26/Apr/2017:09:57:51 +0200] "GET /gui/javascript/form_ed_training_course.js HTTP/1.1" 200 1951 "http://ed.activities.at/entry.php?id=11683&chooserview=editnewmenueitem&object=10288619&" "Mozilla/5.0 (Windows NT 10.0; Win64; x64) AppleWebKit/537.36 (KHTML, like Gecko) Chrome/57.0.2987.133 Safari/537.36"
80.110.83.58 - - [26/Apr/2017:09:57:51 +0200] "GET /gui/javascript/form_form.js?1493193470 HTTP/1.1" 200 16206 "http://ed.activities.at/entry.php?id=11683&chooserview=editnewmenueitem&object=10288619&" "Mozilla/5.0 (Windows NT 10.0; Win64; x64) AppleWebKit/537.36 (KHTML, like Gecko) Chrome/57.0.2987.133 Safari/537.36"
80.110.83.58 - - [26/Apr/2017:09:57:50 +0200] "GET /entry.php?id=11684&chooserview=editnewmenueitem&object=10288619& HTTP/1.1" 200 3938 "http://ed.activities.at/entry.php?id=11681&chooserview=editnewmenueitem&hidetitle=true&object=10288619" "Mozilla/5.0 (Windows NT 10.0; Win64; x64) AppleWebKit/537.36 (KHTML, like Gecko) Chrome/57.0.2987.133 Safari/537.36"
80.110.83.58 - - [26/Apr/2017:09:57:51 +0200] "GET /gui/images/icons/information.gif HTTP/1.1" 200 1025 "http://ed.activities.at/entry.php?id=11684&chooserview=editnewmenueitem&object=10288619&" "Mozilla/5.0 (Windows NT 10.0; Win64; x64) AppleWebKit/537.36 (KHTML, like Gecko) Chrome/57.0.2987.133 Safari/537.36"
80.110.83.58 - - [26/Apr/2017:09:57:51 +0200] "GET /gui/javascript/form_form.js?1493193471 HTTP/1.1" 200 16206 "http://ed.activities.at/entry.php?id=11684&chooserview=editnewmenueitem&object=10288619&" "Mozilla/5.0 (Windows NT 10.0; Win64; x64) AppleWebKit/537.36 (KHTML, like Gecko) Chrome/57.0.2987.133 Safari/537.36"
80.110.83.58 - - [26/Apr/2017:09:57:51 +0200] "GET /framework/webfx/javascript/scrolltable/scrolltableIframe.js HTTP/1.1" 200 9641 "http://ed.activities.at/entry.php?id=11683&chooserview=editnewmenueitem&object=10288619&" "Mozilla/5.0 (Windows NT 10.0; Win64; x64) AppleWebKit/537.36 (KHTML, like Gecko) Chrome/57.0.2987.133 Safari/537.36"
80.110.83.58 - - [26/Apr/2017:09:57:51 +0200] "GET /entry.php?id=10776&form=11508&name=list& HTTP/1.1" 200 1808 "http://ed.activities.at/entry.php?id=11683&chooserview=editnewmenueitem&object=10288619&" "Mozilla/5.0 (Windows NT 10.0; Win64; x64) AppleWebKit/537.36 (KHTML, like Gecko) Chrome/57.0.2987.133 Safari/537.36"
80.110.83.58 - - [26/Apr/2017:09:57:51 +0200] "GET /entry.php?id=10778&form=11508&name=list& HTTP/1.1" 200 4283 "http://ed.activities.at/entry.php?id=11683&chooserview=editnewmenueitem&object=10288619&" "Mozilla/5.0 (Windows NT 10.0; Win64; x64) AppleWebKit/537.36 (KHTML, like Gecko) Chrome/57.0.2987.133 Safari/537.36"
80.110.83.58 - - [26/Apr/2017:09:57:52 +0200] "GET /gui/images/icons/disabled_delete.gif HTTP/1.1" 200 86 "http://ed.activities.at/entry.php?id=11684&chooserview=editnewmenueitem&object=10288619&" "Mozilla/5.0 (Windows NT 10.0; Win64; x64) AppleWebKit/537.36 (KHTML, like Gecko) Chrome/57.0.2987.133 Safari/537.36"
80.110.83.58 - - [26/Apr/2017:09:57:52 +0200] "GET /framework/icons/fwx_trans.gif HTTP/1.1" 200 43 "http://ed.activities.at/entry.php?id=10776&form=11508&name=list&" "Mozilla/5.0 (Windows NT 10.0; Win64; x64) AppleWebKit/537.36 (KHTML, like Gecko) Chrome/57.0.2987.133 Safari/537.36"
80.110.83.58 - - [26/Apr/2017:09:57:54 +0200] "GET /gui/images/icons/filter_on.gif HTTP/1.1" 200 316 "http://ed.activities.at/entry.php?id=10776&form=11508&name=list&" "Mozilla/5.0 (Windows NT 10.0; Win64; x64) AppleWebKit/537.36 (KHTML, like Gecko) Chrome/57.0.2987.133 Safari/537.36"
80.110.83.58 - - [26/Apr/2017:09:57:53 +0200] "POST /entry.php?id=11684 HTTP/1.1" 200 3418 "http://ed.activities.at/entry.php?id=11684&chooserview=editnewmenueitem&object=10288619&" "Mozilla/5.0 (Windows NT 10.0; Win64; x64) AppleWebKit/537.36 (KHTML, like Gecko) Chrome/57.0.2987.133 Safari/537.36"
80.110.83.58 - - [26/Apr/2017:09:57:54 +0200] "GET /framework/webfx/javascript/tinymce/tinyEdit.js HTTP/1.1" 200 1251 "http://ed.activities.at/entry.php?id=11684" "Mozilla/5.0 (Windows NT 10.0; Win64; x64) AppleWebKit/537.36 (KHTML, like Gecko) Chrome/57.0.2987.133 Safari/537.36"
80.110.83.58 - - [26/Apr/2017:09:57:54 +0200] "GET /gui/javascript/form_form.js?1493193474 HTTP/1.1" 200 16206 "http://ed.activities.at/entry.php?id=11684" "Mozilla/5.0 (Windows NT 10.0; Win64; x64) AppleWebKit/537.36 (KHTML, like Gecko) Chrome/57.0.2987.133 Safari/537.36"
80.110.83.58 - - [26/Apr/2017:09:57:54 +0200] "GET /framework/webfx/javascript/tinymce/tinymce.min.js HTTP/1.1" 200 101898 "http://ed.activities.at/entry.php?id=11684" "Mozilla/5.0 (Windows NT 10.0; Win64; x64) AppleWebKit/537.36 (KHTML, like Gecko) Chrome/57.0.2987.133 Safari/537.36"
80.110.83.58 - - [26/Apr/2017:09:57:54 +0200] "GET /framework/icons/sortUp.gif HTTP/1.1" 200 53 "http://ed.activities.at/entry.php?id=10776&form=11508&name=list&" "Mozilla/5.0 (Windows NT 10.0; Win64; x64) AppleWebKit/537.36 (KHTML, like Gecko) Chrome/57.0.2987.133 Safari/537.36"
80.110.83.58 - - [26/Apr/2017:09:57:54 +0200] "GET /framework/webfx/javascript/tinymce/plugins/advlist/plugin.min.js HTTP/1.1" 200 613 "http://ed.activities.at/entry.php?id=11684" "Mozilla/5.0 (Windows NT 10.0; Win64; x64) AppleWebKit/537.36 (KHTML, like Gecko) Chrome/57.0.2987.133 Safari/537.36"
80.110.83.58 - - [26/Apr/2017:09:57:54 +0200] "GET /framework/webfx/javascript/tinymce/themes/modern/theme.min.js HTTP/1.1" 200 2636 "http://ed.activities.at/entry.php?id=11684" "Mozilla/5.0 (Windows NT 10.0; Win64; x64) AppleWebKit/537.36 (KHTML, like Gecko) Chrome/57.0.2987.133 Safari/537.36"
80.110.83.58 - - [26/Apr/2017:09:57:54 +0200] "GET /framework/webfx/javascript/tinymce/langs/de.js HTTP/1.1" 200 3001 "http://ed.activities.at/entry.php?id=11684" "Mozilla/5.0 (Windows NT 10.0; Win64; x64) AppleWebKit/537.36 (KHTML, like Gecko) Chrome/57.0.2987.133 Safari/537.36"
80.110.83.58 - - [26/Apr/2017:09:57:54 +0200] "GET /framework/webfx/javascript/tinymce/plugins/lists/plugin.min.js HTTP/1.1" 200 2642 "http://ed.activities.at/entry.php?id=11684" "Mozilla/5.0 (Windows NT 10.0; Win64; x64) AppleWebKit/537.36 (KHTML, like Gecko) Chrome/57.0.2987.133 Safari/537.36"
80.110.83.58 - - [26/Apr/2017:09:57:54 +0200] "GET /framework/webfx/javascript/tinymce/plugins/preview/plugin.min.js HTTP/1.1" 200 734 "http://ed.activities.at/entry.php?id=11684" "Mozilla/5.0 (Windows NT 10.0; Win64; x64) AppleWebKit/537.36 (KHTML, like Gecko) Chrome/57.0.2987.133 Safari/537.36"
80.110.83.58 - - [26/Apr/2017:09:57:54 +0200] "GET /framework/webfx/javascript/tinymce/plugins/hr/plugin.min.js HTTP/1.1" 200 191 "http://ed.activities.at/entry.php?id=11684" "Mozilla/5.0 (Windows NT 10.0; Win64; x64) AppleWebKit/537.36 (KHTML, like Gecko) Chrome/57.0.2987.133 Safari/537.36"
80.110.83.58 - - [26/Apr/2017:09:57:54 +0200] "GET /framework/webfx/javascript/tinymce/plugins/anchor/plugin.min.js HTTP/1.1" 200 338 "http://ed.activities.at/entry.php?id=11684" "Mozilla/5.0 (Windows NT 10.0; Win64; x64) AppleWebKit/537.36 (KHTML, like Gecko) Chrome/57.0.2987.133 Safari/537.36"
80.110.83.58 - - [26/Apr/2017:09:57:54 +0200] "GET /framework/webfx/javascript/tinymce/plugins/pagebreak/plugin.min.js HTTP/1.1" 200 636 "http://ed.activities.at/entry.php?id=11684" "Mozilla/5.0 (Windows NT 10.0; Win64; x64) AppleWebKit/537.36 (KHTML, like Gecko) Chrome/57.0.2987.133 Safari/537.36"
80.110.83.58 - - [26/Apr/2017:09:57:54 +0200] "GET /framework/webfx/javascript/tinymce/plugins/searchreplace/plugin.min.js HTTP/1.1" 200 2568 "http://ed.activities.at/entry.php?id=11684" "Mozilla/5.0 (Windows NT 10.0; Win64; x64) AppleWebKit/537.36 (KHTML, like Gecko) Chrome/57.0.2987.133 Safari/537.36"
80.110.83.58 - - [26/Apr/2017:09:57:54 +0200] "GET /framework/webfx/javascript/tinymce/plugins/wordcount/plugin.min.js HTTP/1.1" 200 524 "http://ed.activities.at/entry.php?id=11684" "Mozilla/5.0 (Windows NT 10.0; Win64; x64) AppleWebKit/537.36 (KHTML, like Gecko) Chrome/57.0.2987.133 Safari/537.36"
80.110.83.58 - - [26/Apr/2017:09:57:54 +0200] "GET /framework/webfx/javascript/tinymce/plugins/visualblocks/plugin.min.js HTTP/1.1" 200 523 "http://ed.activities.at/entry.php?id=11684" "Mozilla/5.0 (Windows NT 10.0; Win64; x64) AppleWebKit/537.36 (KHTML, like Gecko) Chrome/57.0.2987.133 Safari/537.36"
80.110.83.58 - - [26/Apr/2017:09:57:54 +0200] "GET /framework/webfx/javascript/tinymce/plugins/visualchars/plugin.min.js HTTP/1.1" 200 602 "http://ed.activities.at/entry.php?id=11684" "Mozilla/5.0 (Windows NT 10.0; Win64; x64) AppleWebKit/537.36 (KHTML, like Gecko) Chrome/57.0.2987.133 Safari/537.36"
80.110.83.58 - - [26/Apr/2017:09:57:54 +0200] "GET /framework/webfx/javascript/tinymce/plugins/code/plugin.min.js HTTP/1.1" 200 435 "http://ed.activities.at/entry.php?id=11684" "Mozilla/5.0 (Windows NT 10.0; Win64; x64) AppleWebKit/537.36 (KHTML, like Gecko) Chrome/57.0.2987.133 Safari/537.36"
80.110.83.58 - - [26/Apr/2017:09:57:54 +0200] "GET /framework/webfx/javascript/tinymce/plugins/nonbreaking/plugin.min.js HTTP/1.1" 200 371 "http://ed.activities.at/entry.php?id=11684" "Mozilla/5.0 (Windows NT 10.0; Win64; x64) AppleWebKit/537.36 (KHTML, like Gecko) Chrome/57.0.2987.133 Safari/537.36"
80.110.83.58 - - [26/Apr/2017:09:57:54 +0200] "GET /framework/webfx/javascript/tinymce/plugins/contextmenu/plugin.min.js HTTP/1.1" 200 542 "http://ed.activities.at/entry.php?id=11684" "Mozilla/5.0 (Windows NT 10.0; Win64; x64) AppleWebKit/537.36 (KHTML, like Gecko) Chrome/57.0.2987.133 Safari/537.36"
80.110.83.58 - - [26/Apr/2017:09:57:54 +0200] "GET /framework/webfx/javascript/tinymce/plugins/template/plugin.min.js HTTP/1.1" 200 1703 "http://ed.activities.at/entry.php?id=11684" "Mozilla/5.0 (Windows NT 10.0; Win64; x64) AppleWebKit/537.36 (KHTML, like Gecko) Chrome/57.0.2987.133 Safari/537.36"
80.110.83.58 - - [26/Apr/2017:09:57:57 +0200] "GET /framework/webfx/javascript/tinymce/plugins/textcolor/plugin.min.js HTTP/1.1" 200 1636 "http://ed.activities.at/entry.php?id=11684" "Mozilla/5.0 (Windows NT 10.0; Win64; x64) AppleWebKit/537.36 (KHTML, like Gecko) Chrome/57.0.2987.133 Safari/537.36"
80.110.83.58 - - [26/Apr/2017:09:58:00 +0200] "GET /framework/webfx/javascript/tinymce/plugins/paste/plugin.min.js HTTP/1.1" 200 6164 "http://ed.activities.at/entry.php?id=11684" "Mozilla/5.0 (Windows NT 10.0; Win64; x64) AppleWebKit/537.36 (KHTML, like Gecko) Chrome/57.0.2987.133 Safari/537.36"
80.110.83.58 - - [26/Apr/2017:09:58:02 +0200] "POST /entry.php?id=11684 HTTP/1.1" 200 3120 "http://ed.activities.at/entry.php?id=11684" "Mozilla/5.0 (Windows NT 10.0; Win64; x64) AppleWebKit/537.36 (KHTML, like Gecko) Chrome/57.0.2987.133 Safari/537.36"
80.110.83.58 - - [26/Apr/2017:09:58:02 +0200] "GET /gui/javascript/form_form.js?1493193482 HTTP/1.1" 200 16206 "http://ed.activities.at/entry.php?id=11684" "Mozilla/5.0 (Windows NT 10.0; Win64; x64) AppleWebKit/537.36 (KHTML, like Gecko) Chrome/57.0.2987.133 Safari/537.36"
80.110.83.58 - - [26/Apr/2017:09:58:03 +0200] "GET /entry.php?id=10778&form=11506&name=image_list& HTTP/1.1" 200 2502 "http://ed.activities.at/entry.php?id=11684" "Mozilla/5.0 (Windows NT 10.0; Win64; x64) AppleWebKit/537.36 (KHTML, like Gecko) Chrome/57.0.2987.133 Safari/537.36"
80.110.83.58 - - [26/Apr/2017:09:58:03 +0200] "GET /entry.php?id=10776&form=11506&name=image_list& HTTP/1.1" 200 1538 "http://ed.activities.at/entry.php?id=11684" "Mozilla/5.0 (Windows NT 10.0; Win64; x64) AppleWebKit/537.36 (KHTML, like Gecko) Chrome/57.0.2987.133 Safari/537.36"
80.110.83.58 - - [26/Apr/2017:09:58:04 +0200] "POST /entry.php?id=11684 HTTP/1.1" 200 3419 "http://ed.activities.at/entry.php?id=11684" "Mozilla/5.0 (Windows NT 10.0; Win64; x64) AppleWebKit/537.36 (KHTML, like Gecko) Chrome/57.0.2987.133 Safari/537.36"
80.110.83.58 - - [26/Apr/2017:09:58:05 +0200] "GET /gui/javascript/form_form.js?1493193485 HTTP/1.1" 200 16206 "http://ed.activities.at/entry.php?id=11684" "Mozilla/5.0 (Windows NT 10.0; Win64; x64) AppleWebKit/537.36 (KHTML, like Gecko) Chrome/57.0.2987.133 Safari/537.36"
80.110.83.58 - - [26/Apr/2017:09:58:05 +0200] "GET /framework/webfx/javascript/tinymce/plugins/colorpicker/plugin.min.js HTTP/1.1" 200 613 "http://ed.activities.at/entry.php?id=11684" "Mozilla/5.0 (Windows NT 10.0; Win64; x64) AppleWebKit/537.36 (KHTML, like Gecko) Chrome/57.0.2987.133 Safari/537.36"
80.110.83.58 - - [26/Apr/2017:09:58:05 +0200] "GET /framework/webfx/javascript/tinymce/plugins/link/plugin.min.js HTTP/1.1" 200 1939 "http://ed.activities.at/entry.php?id=11684" "Mozilla/5.0 (Windows NT 10.0; Win64; x64) AppleWebKit/537.36 (KHTML, like Gecko) Chrome/57.0.2987.133 Safari/537.36"
80.110.83.58 - - [26/Apr/2017:09:58:05 +0200] "GET /framework/webfx/javascript/tinymce/plugins/image/plugin.min.js HTTP/1.1" 200 2240 "http://ed.activities.at/entry.php?id=11684" "Mozilla/5.0 (Windows NT 10.0; Win64; x64) AppleWebKit/537.36 (KHTML, like Gecko) Chrome/57.0.2987.133 Safari/537.36"
80.110.83.58 - - [26/Apr/2017:09:58:05 +0200] "GET /framework/webfx/javascript/tinymce/skins/lightgray/skin.min.css HTTP/1.1" 200 6110 "http://ed.activities.at/entry.php?id=11684" "Mozilla/5.0 (Windows NT 10.0; Win64; x64) AppleWebKit/537.36 (KHTML, like Gecko) Chrome/57.0.2987.133 Safari/537.36"
80.110.83.58 - - [26/Apr/2017:09:58:05 +0200] "GET /framework/webfx/javascript/tinymce/skins/lightgray/content.min.css HTTP/1.1" 404 327 "http://ed.activities.at/entry.php?id=11684" "Mozilla/5.0 (Windows NT 10.0; Win64; x64) AppleWebKit/537.36 (KHTML, like Gecko) Chrome/57.0.2987.133 Safari/537.36"
62.46.182.213 - - [26/Apr/2017:09:58:09 +0200] "GET /entry.php?id=10271&&ser=193428 HTTP/1.1" 200 987 "http://ed.activities.at/entry.php?id=10271&" "Mozilla/5.0 (Windows NT 10.0; WOW64; rv:51.0) Gecko/20100101 Firefox/51.0"
62.46.182.213 - - [26/Apr/2017:09:58:09 +0200] "GET /gui/javascript/form_form.js?1493193489 HTTP/1.1" 200 16206 "http://ed.activities.at/entry.php?id=10271&&ser=193428" "Mozilla/5.0 (Windows NT 10.0; WOW64; rv:51.0) Gecko/20100101 Firefox/51.0"
80.110.83.58 - - [26/Apr/2017:09:58:09 +0200] "GET /framework/webfx/javascript/tinymce/skins/lightgray/fonts/tinymce-small.woff HTTP/1.1" 200 7848 "http://ed.activities.at/framework/webfx/javascript/tinymce/skins/lightgray/skin.min.css" "Mozilla/5.0 (Windows NT 10.0; Win64; x64) AppleWebKit/537.36 (KHTML, like Gecko) Chrome/57.0.2987.133 Safari/537.36"
80.110.83.58 - - [26/Apr/2017:09:58:14 +0200] "POST /entry.php?id=11684 HTTP/1.1" 200 3940 "http://ed.activities.at/entry.php?id=11684" "Mozilla/5.0 (Windows NT 10.0; Win64; x64) AppleWebKit/537.36 (KHTML, like Gecko) Chrome/57.0.2987.133 Safari/537.36"
80.110.83.58 - - [26/Apr/2017:09:58:15 +0200] "GET /gui/javascript/form_form.js?1493193494 HTTP/1.1" 200 16206 "http://ed.activities.at/entry.php?id=11684" "Mozilla/5.0 (Windows NT 10.0; Win64; x64) AppleWebKit/537.36 (KHTML, like Gecko) Chrome/57.0.2987.133 Safari/537.36"
80.110.83.58 - - [26/Apr/2017:09:58:17 +0200] "POST /entry.php?id=11684 HTTP/1.1" 200 3419 "http://ed.activities.at/entry.php?id=11684" "Mozilla/5.0 (Windows NT 10.0; Win64; x64) AppleWebKit/537.36 (KHTML, like Gecko) Chrome/57.0.2987.133 Safari/537.36"
80.110.83.58 - - [26/Apr/2017:09:58:18 +0200] "GET /gui/javascript/form_form.js?1493193498 HTTP/1.1" 200 16206 "http://ed.activities.at/entry.php?id=11684" "Mozilla/5.0 (Windows NT 10.0; Win64; x64) AppleWebKit/537.36 (KHTML, like Gecko) Chrome/57.0.2987.133 Safari/537.36"
80.110.83.58 - - [26/Apr/2017:09:58:18 +0200] "GET /framework/webfx/javascript/tinymce/skins/lightgray/content.min.css HTTP/1.1" 404 327 "http://ed.activities.at/entry.php?id=11684" "Mozilla/5.0 (Windows NT 10.0; Win64; x64) AppleWebKit/537.36 (KHTML, like Gecko) Chrome/57.0.2987.133 Safari/537.36"
80.110.83.58 - - [26/Apr/2017:09:58:35 +0200] "GET /entry.php?id=10271&&ser=193452 HTTP/1.1" 200 987 "http://ed.activities.at/entry.php?id=10271&&ser=193391" "Mozilla/5.0 (Windows NT 10.0; Win64; x64) AppleWebKit/537.36 (KHTML, like Gecko) Chrome/57.0.2987.133 Safari/537.36"
80.110.83.58 - - [26/Apr/2017:09:58:38 +0200] "GET /gui/javascript/jquery/css/gui-themes/images/ui-icons_000000_256x240_ev.png HTTP/1.1" 200 11218 "http://ed.activities.at/gui/javascript/jquery/css/gui-themes/custom.min.css" "Mozilla/5.0 (Windows NT 10.0; Win64; x64) AppleWebKit/537.36 (KHTML, like Gecko) Chrome/57.0.2987.133 Safari/537.36"
80.110.83.58 - - [26/Apr/2017:09:58:41 +0200] "GET /gui/javascript/form_form.js?1493193515 HTTP/1.1" 200 16206 "http://ed.activities.at/entry.php?id=10271&&ser=193452" "Mozilla/5.0 (Windows NT 10.0; Win64; x64) AppleWebKit/537.36 (KHTML, like Gecko) Chrome/57.0.2987.133 Safari/537.36"
62.46.182.213 - - [26/Apr/2017:09:59:09 +0200] "GET /entry.php?id=10271&&ser=193489 HTTP/1.1" 200 987 "http://ed.activities.at/entry.php?id=10271&&ser=193428" "Mozilla/5.0 (Windows NT 10.0; WOW64; rv:51.0) Gecko/20100101 Firefox/51.0"
62.46.182.213 - - [26/Apr/2017:09:59:10 +0200] "GET /gui/javascript/form_form.js?1493193550 HTTP/1.1" 200 16206 "http://ed.activities.at/entry.php?id=10271&&ser=193489" "Mozilla/5.0 (Windows NT 10.0; WOW64; rv:51.0) Gecko/20100101 Firefox/51.0"
80.110.83.58 - - [26/Apr/2017:09:59:41 +0200] "GET /entry.php?id=10271&&ser=193515 HTTP/1.1" 200 986 "http://ed.activities.at/entry.php?id=10271&&ser=193452" "Mozilla/5.0 (Windows NT 10.0; Win64; x64) AppleWebKit/537.36 (KHTML, like Gecko) Chrome/57.0.2987.133 Safari/537.36"
80.110.83.58 - - [26/Apr/2017:09:59:41 +0200] "GET /gui/javascript/form_form.js?1493193581 HTTP/1.1" 200 16206 "http://ed.activities.at/entry.php?id=10271&&ser=193515" "Mozilla/5.0 (Windows NT 10.0; Win64; x64) AppleWebKit/537.36 (KHTML, like Gecko) Chrome/57.0.2987.133 Safari/537.36"
62.46.182.213 - - [26/Apr/2017:10:00:10 +0200] "GET /entry.php?id=10271&&ser=193550 HTTP/1.1" 200 987 "http://ed.activities.at/entry.php?id=10271&&ser=193489" "Mozilla/5.0 (Windows NT 10.0; WOW64; rv:51.0) Gecko/20100101 Firefox/51.0"
62.46.182.213 - - [26/Apr/2017:10:00:10 +0200] "GET /gui/javascript/form_form.js?1493193610 HTTP/1.1" 200 16206 "http://ed.activities.at/entry.php?id=10271&&ser=193550" "Mozilla/5.0 (Windows NT 10.0; WOW64; rv:51.0) Gecko/20100101 Firefox/51.0"
80.110.83.58 - - [26/Apr/2017:10:00:41 +0200] "GET /entry.php?id=10271&&ser=193581 HTTP/1.1" 200 987 "http://ed.activities.at/entry.php?id=10271&&ser=193515" "Mozilla/5.0 (Windows NT 10.0; Win64; x64) AppleWebKit/537.36 (KHTML, like Gecko) Chrome/57.0.2987.133 Safari/537.36"
80.110.83.58 - - [26/Apr/2017:10:00:42 +0200] "GET /gui/javascript/form_form.js?1493193642 HTTP/1.1" 200 16206 "http://ed.activities.at/entry.php?id=10271&&ser=193581" "Mozilla/5.0 (Windows NT 10.0; Win64; x64) AppleWebKit/537.36 (KHTML, like Gecko) Chrome/57.0.2987.133 Safari/537.36"
62.46.182.213 - - [26/Apr/2017:10:01:11 +0200] "GET /entry.php?id=10271&&ser=193610 HTTP/1.1" 200 987 "http://ed.activities.at/entry.php?id=10271&&ser=193550" "Mozilla/5.0 (Windows NT 10.0; WOW64; rv:51.0) Gecko/20100101 Firefox/51.0"
62.46.182.213 - - [26/Apr/2017:10:01:11 +0200] "GET /gui/javascript/form_form.js?1493193671 HTTP/1.1" 200 16206 "http://ed.activities.at/entry.php?id=10271&&ser=193610" "Mozilla/5.0 (Windows NT 10.0; WOW64; rv:51.0) Gecko/20100101 Firefox/51.0"
80.110.83.58 - - [26/Apr/2017:10:01:42 +0200] "GET /entry.php?id=10271&&ser=193642 HTTP/1.1" 200 987 "http://ed.activities.at/entry.php?id=10271&&ser=193581" "Mozilla/5.0 (Windows NT 10.0; Win64; x64) AppleWebKit/537.36 (KHTML, like Gecko) Chrome/57.0.2987.133 Safari/537.36"
80.110.83.58 - - [26/Apr/2017:10:01:42 +0200] "GET /gui/javascript/form_form.js?1493193702 HTTP/1.1" 200 16206 "http://ed.activities.at/entry.php?id=10271&&ser=193642" "Mozilla/5.0 (Windows NT 10.0; Win64; x64) AppleWebKit/537.36 (KHTML, like Gecko) Chrome/57.0.2987.133 Safari/537.36"
62.46.182.213 - - [26/Apr/2017:10:02:11 +0200] "GET /entry.php?id=10271&&ser=193671 HTTP/1.1" 200 987 "http://ed.activities.at/entry.php?id=10271&&ser=193610" "Mozilla/5.0 (Windows NT 10.0; WOW64; rv:51.0) Gecko/20100101 Firefox/51.0"
62.46.182.213 - - [26/Apr/2017:10:02:11 +0200] "GET /gui/javascript/form_form.js?1493193731 HTTP/1.1" 200 16206 "http://ed.activities.at/entry.php?id=10271&&ser=193671" "Mozilla/5.0 (Windows NT 10.0; WOW64; rv:51.0) Gecko/20100101 Firefox/51.0"
80.110.83.58 - - [26/Apr/2017:10:02:42 +0200] "GET /entry.php?id=10271&&ser=193702 HTTP/1.1" 200 987 "http://ed.activities.at/entry.php?id=10271&&ser=193642" "Mozilla/5.0 (Windows NT 10.0; Win64; x64) AppleWebKit/537.36 (KHTML, like Gecko) Chrome/57.0.2987.133 Safari/537.36"
80.110.83.58 - - [26/Apr/2017:10:02:42 +0200] "GET /gui/javascript/form_form.js?1493193762 HTTP/1.1" 200 16206 "http://ed.activities.at/entry.php?id=10271&&ser=193702" "Mozilla/5.0 (Windows NT 10.0; Win64; x64) AppleWebKit/537.36 (KHTML, like Gecko) Chrome/57.0.2987.133 Safari/537.36"
62.46.182.213 - - [26/Apr/2017:10:03:12 +0200] "GET /entry.php?id=10271&&ser=193731 HTTP/1.1" 200 987 "http://ed.activities.at/entry.php?id=10271&&ser=193671" "Mozilla/5.0 (Windows NT 10.0; WOW64; rv:51.0) Gecko/20100101 Firefox/51.0"
62.46.182.213 - - [26/Apr/2017:10:03:12 +0200] "GET /gui/javascript/form_form.js?1493193792 HTTP/1.1" 200 16206 "http://ed.activities.at/entry.php?id=10271&&ser=193731" "Mozilla/5.0 (Windows NT 10.0; WOW64; rv:51.0) Gecko/20100101 Firefox/51.0"
80.110.83.58 - - [26/Apr/2017:10:03:42 +0200] "GET /entry.php?id=10271&&ser=193762 HTTP/1.1" 200 987 "http://ed.activities.at/entry.php?id=10271&&ser=193702" "Mozilla/5.0 (Windows NT 10.0; Win64; x64) AppleWebKit/537.36 (KHTML, like Gecko) Chrome/57.0.2987.133 Safari/537.36"
80.110.83.58 - - [26/Apr/2017:10:03:43 +0200] "GET /gui/javascript/form_form.js?1493193823 HTTP/1.1" 200 16206 "http://ed.activities.at/entry.php?id=10271&&ser=193762" "Mozilla/5.0 (Windows NT 10.0; Win64; x64) AppleWebKit/537.36 (KHTML, like Gecko) Chrome/57.0.2987.133 Safari/537.36"
62.46.182.213 - - [26/Apr/2017:10:04:12 +0200] "GET /entry.php?id=10271&&ser=193792 HTTP/1.1" 200 987 "http://ed.activities.at/entry.php?id=10271&&ser=193731" "Mozilla/5.0 (Windows NT 10.0; WOW64; rv:51.0) Gecko/20100101 Firefox/51.0"
62.46.182.213 - - [26/Apr/2017:10:04:12 +0200] "GET /gui/javascript/form_form.js?1493193852 HTTP/1.1" 200 16206 "http://ed.activities.at/entry.php?id=10271&&ser=193792" "Mozilla/5.0 (Windows NT 10.0; WOW64; rv:51.0) Gecko/20100101 Firefox/51.0"
80.110.83.58 - - [26/Apr/2017:10:04:43 +0200] "GET /entry.php?id=10271&&ser=193823 HTTP/1.1" 200 988 "http://ed.activities.at/entry.php?id=10271&&ser=193762" "Mozilla/5.0 (Windows NT 10.0; Win64; x64) AppleWebKit/537.36 (KHTML, like Gecko) Chrome/57.0.2987.133 Safari/537.36"
80.110.83.58 - - [26/Apr/2017:10:04:43 +0200] "GET /gui/javascript/form_form.js?1493193883 HTTP/1.1" 200 16206 "http://ed.activities.at/entry.php?id=10271&&ser=193823" "Mozilla/5.0 (Windows NT 10.0; Win64; x64) AppleWebKit/537.36 (KHTML, like Gecko) Chrome/57.0.2987.133 Safari/537.36"
62.46.182.213 - - [26/Apr/2017:10:05:13 +0200] "GET /entry.php?id=10271&&ser=193852 HTTP/1.1" 200 988 "http://ed.activities.at/entry.php?id=10271&&ser=193792" "Mozilla/5.0 (Windows NT 10.0; WOW64; rv:51.0) Gecko/20100101 Firefox/51.0"
62.46.182.213 - - [26/Apr/2017:10:05:13 +0200] "GET /gui/javascript/form_form.js?1493193913 HTTP/1.1" 200 16206 "http://ed.activities.at/entry.php?id=10271&&ser=193852" "Mozilla/5.0 (Windows NT 10.0; WOW64; rv:51.0) Gecko/20100101 Firefox/51.0"
80.110.83.58 - - [26/Apr/2017:10:05:43 +0200] "GET /entry.php?id=10271&&ser=193883 HTTP/1.1" 200 988 "http://ed.activities.at/entry.php?id=10271&&ser=193823" "Mozilla/5.0 (Windows NT 10.0; Win64; x64) AppleWebKit/537.36 (KHTML, like Gecko) Chrome/57.0.2987.133 Safari/537.36"
80.110.83.58 - - [26/Apr/2017:10:05:43 +0200] "GET /gui/javascript/form_form.js?1493193943 HTTP/1.1" 200 16206 "http://ed.activities.at/entry.php?id=10271&&ser=193883" "Mozilla/5.0 (Windows NT 10.0; Win64; x64) AppleWebKit/537.36 (KHTML, like Gecko) Chrome/57.0.2987.133 Safari/537.36"
62.46.182.213 - - [26/Apr/2017:10:06:13 +0200] "GET /entry.php?id=10271&&ser=193913 HTTP/1.1" 200 988 "http://ed.activities.at/entry.php?id=10271&&ser=193852" "Mozilla/5.0 (Windows NT 10.0; WOW64; rv:51.0) Gecko/20100101 Firefox/51.0"
62.46.182.213 - - [26/Apr/2017:10:06:13 +0200] "GET /gui/javascript/form_form.js?1493193973 HTTP/1.1" 200 16206 "http://ed.activities.at/entry.php?id=10271&&ser=193913" "Mozilla/5.0 (Windows NT 10.0; WOW64; rv:51.0) Gecko/20100101 Firefox/51.0"
80.110.83.58 - - [26/Apr/2017:10:06:44 +0200] "GET /entry.php?id=10271&&ser=193943 HTTP/1.1" 200 986 "http://ed.activities.at/entry.php?id=10271&&ser=193883" "Mozilla/5.0 (Windows NT 10.0; Win64; x64) AppleWebKit/537.36 (KHTML, like Gecko) Chrome/57.0.2987.133 Safari/537.36"
80.110.83.58 - - [26/Apr/2017:10:06:44 +0200] "GET /gui/javascript/form_form.js?1493194004 HTTP/1.1" 200 16206 "http://ed.activities.at/entry.php?id=10271&&ser=193943" "Mozilla/5.0 (Windows NT 10.0; Win64; x64) AppleWebKit/537.36 (KHTML, like Gecko) Chrome/57.0.2987.133 Safari/537.36"
62.46.182.213 - - [26/Apr/2017:10:07:16 +0200] "GET /entry.php?id=10271&&ser=193973 HTTP/1.1" 200 986 "http://ed.activities.at/entry.php?id=10271&&ser=193913" "Mozilla/5.0 (Windows NT 10.0; WOW64; rv:51.0) Gecko/20100101 Firefox/51.0"
62.46.182.213 - - [26/Apr/2017:10:07:16 +0200] "GET /gui/javascript/form_form.js?1493194036 HTTP/1.1" 200 16206 "http://ed.activities.at/entry.php?id=10271&&ser=193973" "Mozilla/5.0 (Windows NT 10.0; WOW64; rv:51.0) Gecko/20100101 Firefox/51.0"
80.110.83.58 - - [26/Apr/2017:10:07:44 +0200] "GET /entry.php?id=10271&&ser=194004 HTTP/1.1" 200 986 "http://ed.activities.at/entry.php?id=10271&&ser=193943" "Mozilla/5.0 (Windows NT 10.0; Win64; x64) AppleWebKit/537.36 (KHTML, like Gecko) Chrome/57.0.2987.133 Safari/537.36"
80.110.83.58 - - [26/Apr/2017:10:07:44 +0200] "GET /gui/javascript/form_form.js?1493194064 HTTP/1.1" 200 16206 "http://ed.activities.at/entry.php?id=10271&&ser=194004" "Mozilla/5.0 (Windows NT 10.0; Win64; x64) AppleWebKit/537.36 (KHTML, like Gecko) Chrome/57.0.2987.133 Safari/537.36"
62.46.182.213 - - [26/Apr/2017:10:08:16 +0200] "GET /entry.php?id=10271&&ser=194036 HTTP/1.1" 200 986 "http://ed.activities.at/entry.php?id=10271&&ser=193973" "Mozilla/5.0 (Windows NT 10.0; WOW64; rv:51.0) Gecko/20100101 Firefox/51.0"
62.46.182.213 - - [26/Apr/2017:10:08:17 +0200] "GET /gui/javascript/form_form.js?1493194097 HTTP/1.1" 200 16206 "http://ed.activities.at/entry.php?id=10271&&ser=194036" "Mozilla/5.0 (Windows NT 10.0; WOW64; rv:51.0) Gecko/20100101 Firefox/51.0"
80.110.83.58 - - [26/Apr/2017:10:08:44 +0200] "GET /entry.php?id=10271&&ser=194064 HTTP/1.1" 200 986 "http://ed.activities.at/entry.php?id=10271&&ser=194004" "Mozilla/5.0 (Windows NT 10.0; Win64; x64) AppleWebKit/537.36 (KHTML, like Gecko) Chrome/57.0.2987.133 Safari/537.36"
80.110.83.58 - - [26/Apr/2017:10:08:45 +0200] "GET /gui/javascript/form_form.js?1493194124 HTTP/1.1" 200 16206 "http://ed.activities.at/entry.php?id=10271&&ser=194064" "Mozilla/5.0 (Windows NT 10.0; Win64; x64) AppleWebKit/537.36 (KHTML, like Gecko) Chrome/57.0.2987.133 Safari/537.36"
62.46.182.213 - - [26/Apr/2017:10:09:17 +0200] "GET /entry.php?id=10271&&ser=194097 HTTP/1.1" 200 986 "http://ed.activities.at/entry.php?id=10271&&ser=194036" "Mozilla/5.0 (Windows NT 10.0; WOW64; rv:51.0) Gecko/20100101 Firefox/51.0"
62.46.182.213 - - [26/Apr/2017:10:09:17 +0200] "GET /gui/javascript/form_form.js?1493194157 HTTP/1.1" 200 16206 "http://ed.activities.at/entry.php?id=10271&&ser=194097" "Mozilla/5.0 (Windows NT 10.0; WOW64; rv:51.0) Gecko/20100101 Firefox/51.0"
80.110.83.58 - - [26/Apr/2017:10:09:45 +0200] "GET /entry.php?id=10271&&ser=194124 HTTP/1.1" 200 986 "http://ed.activities.at/entry.php?id=10271&&ser=194064" "Mozilla/5.0 (Windows NT 10.0; Win64; x64) AppleWebKit/537.36 (KHTML, like Gecko) Chrome/57.0.2987.133 Safari/537.36"
80.110.83.58 - - [26/Apr/2017:10:09:45 +0200] "GET /gui/javascript/form_form.js?1493194185 HTTP/1.1" 200 16206 "http://ed.activities.at/entry.php?id=10271&&ser=194124" "Mozilla/5.0 (Windows NT 10.0; Win64; x64) AppleWebKit/537.36 (KHTML, like Gecko) Chrome/57.0.2987.133 Safari/537.36"
62.46.182.213 - - [26/Apr/2017:10:10:17 +0200] "GET /entry.php?id=10271&&ser=194157 HTTP/1.1" 200 986 "http://ed.activities.at/entry.php?id=10271&&ser=194097" "Mozilla/5.0 (Windows NT 10.0; WOW64; rv:51.0) Gecko/20100101 Firefox/51.0"
62.46.182.213 - - [26/Apr/2017:10:10:18 +0200] "GET /gui/javascript/form_form.js?1493194218 HTTP/1.1" 200 16206 "http://ed.activities.at/entry.php?id=10271&&ser=194157" "Mozilla/5.0 (Windows NT 10.0; WOW64; rv:51.0) Gecko/20100101 Firefox/51.0"
80.110.83.58 - - [26/Apr/2017:10:10:45 +0200] "GET /entry.php?id=10271&&ser=194185 HTTP/1.1" 200 986 "http://ed.activities.at/entry.php?id=10271&&ser=194124" "Mozilla/5.0 (Windows NT 10.0; Win64; x64) AppleWebKit/537.36 (KHTML, like Gecko) Chrome/57.0.2987.133 Safari/537.36"
80.110.83.58 - - [26/Apr/2017:10:10:45 +0200] "GET /gui/javascript/form_form.js?1493194245 HTTP/1.1" 200 16206 "http://ed.activities.at/entry.php?id=10271&&ser=194185" "Mozilla/5.0 (Windows NT 10.0; Win64; x64) AppleWebKit/537.36 (KHTML, like Gecko) Chrome/57.0.2987.133 Safari/537.36"
80.110.83.58 - - [26/Apr/2017:10:10:58 +0200] "GET / HTTP/1.1" 200 382 "-" "Mozilla/5.0 (Windows NT 10.0; Win64; x64) AppleWebKit/537.36 (KHTML, like Gecko) Chrome/57.0.2987.133 Safari/537.36"
80.110.83.58 - - [26/Apr/2017:10:10:58 +0200] "GET /layout.php HTTP/1.1" 200 909 "http://ed.activities.at/" "Mozilla/5.0 (Windows NT 10.0; Win64; x64) AppleWebKit/537.36 (KHTML, like Gecko) Chrome/57.0.2987.133 Safari/537.36"
80.110.83.58 - - [26/Apr/2017:10:10:58 +0200] "GET /entry.php?id=10273 HTTP/1.1" 200 2031 "http://ed.activities.at/layout.php" "Mozilla/5.0 (Windows NT 10.0; Win64; x64) AppleWebKit/537.36 (KHTML, like Gecko) Chrome/57.0.2987.133 Safari/537.36"
80.110.83.58 - - [26/Apr/2017:10:10:58 +0200] "GET /gui/javascript/form_form.js?1493194258 HTTP/1.1" 200 16206 "http://ed.activities.at/entry.php?id=10273" "Mozilla/5.0 (Windows NT 10.0; Win64; x64) AppleWebKit/537.36 (KHTML, like Gecko) Chrome/57.0.2987.133 Safari/537.36"
80.110.83.58 - - [26/Apr/2017:10:10:58 +0200] "GET /entry.php?id=10272 HTTP/1.1" 200 1158 "http://ed.activities.at/layout.php" "Mozilla/5.0 (Windows NT 10.0; Win64; x64) AppleWebKit/537.36 (KHTML, like Gecko) Chrome/57.0.2987.133 Safari/537.36"
80.110.83.58 - - [26/Apr/2017:10:10:58 +0200] "GET /entry.php?id=10270 HTTP/1.1" 200 908 "http://ed.activities.at/layout.php" "Mozilla/5.0 (Windows NT 10.0; Win64; x64) AppleWebKit/537.36 (KHTML, like Gecko) Chrome/57.0.2987.133 Safari/537.36"
80.110.83.58 - - [26/Apr/2017:10:10:58 +0200] "GET /entry.php?id=11412 HTTP/1.1" 200 1765 "http://ed.activities.at/layout.php" "Mozilla/5.0 (Windows NT 10.0; Win64; x64) AppleWebKit/537.36 (KHTML, like Gecko) Chrome/57.0.2987.133 Safari/537.36"
80.110.83.58 - - [26/Apr/2017:10:10:58 +0200] "GET /entry.php?id=10270&__app__=10006038 HTTP/1.1" 200 1698 "http://ed.activities.at/entry.php?id=10273" "Mozilla/5.0 (Windows NT 10.0; Win64; x64) AppleWebKit/537.36 (KHTML, like Gecko) Chrome/57.0.2987.133 Safari/537.36"
80.110.83.58 - - [26/Apr/2017:10:10:58 +0200] "GET /entry.php?id=10271& HTTP/1.1" 200 986 "http://ed.activities.at/entry.php?id=10272" "Mozilla/5.0 (Windows NT 10.0; Win64; x64) AppleWebKit/537.36 (KHTML, like Gecko) Chrome/57.0.2987.133 Safari/537.36"
80.110.83.58 - - [26/Apr/2017:10:10:59 +0200] "GET /framework/webfx/style/toolbar/images/cbback.gif HTTP/1.1" 404 314 "http://ed.activities.at/framework/webfx/style/toolbar/cb2.css" "Mozilla/5.0 (Windows NT 10.0; Win64; x64) AppleWebKit/537.36 (KHTML, like Gecko) Chrome/57.0.2987.133 Safari/537.36"
80.110.83.58 - - [26/Apr/2017:10:10:58 +0200] "GET /entry.php?id=10287 HTTP/1.1" 200 2959 "http://ed.activities.at/entry.php?id=11412" "Mozilla/5.0 (Windows NT 10.0; Win64; x64) AppleWebKit/537.36 (KHTML, like Gecko) Chrome/57.0.2987.133 Safari/537.36"
80.110.83.58 - - [26/Apr/2017:10:11:01 +0200] "GET /gui/javascript/form_form.js?1493194259 HTTP/1.1" 200 16206 "http://ed.activities.at/entry.php?id=10270&__app__=10006038" "Mozilla/5.0 (Windows NT 10.0; Win64; x64) AppleWebKit/537.36 (KHTML, like Gecko) Chrome/57.0.2987.133 Safari/537.36"
80.110.83.58 - - [26/Apr/2017:10:11:01 +0200] "GET /undefined HTTP/1.1" 404 285 "http://ed.activities.at/entry.php?id=10270&__app__=10006038" "Mozilla/5.0 (Windows NT 10.0; Win64; x64) AppleWebKit/537.36 (KHTML, like Gecko) Chrome/57.0.2987.133 Safari/537.36"
80.110.83.58 - - [26/Apr/2017:10:11:04 +0200] "GET /entry.php?id=11679 HTTP/1.1" 200 312 "http://ed.activities.at/entry.php?id=10270&__app__=10006038" "Mozilla/5.0 (Windows NT 10.0; Win64; x64) AppleWebKit/537.36 (KHTML, like Gecko) Chrome/57.0.2987.133 Safari/537.36"
80.110.83.58 - - [26/Apr/2017:10:11:05 +0200] "GET /entry.php?id=10676&title=Portal& HTTP/1.1" 200 1387 "http://ed.activities.at/entry.php?id=11679" "Mozilla/5.0 (Windows NT 10.0; Win64; x64) AppleWebKit/537.36 (KHTML, like Gecko) Chrome/57.0.2987.133 Safari/537.36"
80.110.83.58 - - [26/Apr/2017:10:11:05 +0200] "GET /entry.php?id=11678& HTTP/1.1" 200 13664 "http://ed.activities.at/entry.php?id=11679" "Mozilla/5.0 (Windows NT 10.0; Win64; x64) AppleWebKit/537.36 (KHTML, like Gecko) Chrome/57.0.2987.133 Safari/537.36"
80.110.83.58 - - [26/Apr/2017:10:11:05 +0200] "GET /gui/javascript/form_form.js?1493194265 HTTP/1.1" 200 16206 "http://ed.activities.at/entry.php?id=10676&title=Portal&" "Mozilla/5.0 (Windows NT 10.0; Win64; x64) AppleWebKit/537.36 (KHTML, like Gecko) Chrome/57.0.2987.133 Safari/537.36"
80.110.83.58 - - [26/Apr/2017:10:11:05 +0200] "GET /entry.php?id=11677& HTTP/1.1" 200 4454 "http://ed.activities.at/entry.php?id=11679" "Mozilla/5.0 (Windows NT 10.0; Win64; x64) AppleWebKit/537.36 (KHTML, like Gecko) Chrome/57.0.2987.133 Safari/537.36"
80.110.83.58 - - [26/Apr/2017:10:11:06 +0200] "GET /activities/framework/KoolControls/KoolAjax/koolajax.php?8436e354c842500aba3cbaf0584c0c24 HTTP/1.1" 200 4079 "http://ed.activities.at/entry.php?id=11678&" "Mozilla/5.0 (Windows NT 10.0; Win64; x64) AppleWebKit/537.36 (KHTML, like Gecko) Chrome/57.0.2987.133 Safari/537.36"
80.110.83.58 - - [26/Apr/2017:10:11:06 +0200] "GET /gui/javascript/form_form.js?1493194266 HTTP/1.1" 200 16206 "http://ed.activities.at/entry.php?id=11677&" "Mozilla/5.0 (Windows NT 10.0; Win64; x64) AppleWebKit/537.36 (KHTML, like Gecko) Chrome/57.0.2987.133 Safari/537.36"
80.110.83.58 - - [26/Apr/2017:10:11:06 +0200] "GET /entry.php?id=11618&&object=&item=&emu_class= HTTP/1.1" 200 1698 "http://ed.activities.at/entry.php?id=11677&" "Mozilla/5.0 (Windows NT 10.0; Win64; x64) AppleWebKit/537.36 (KHTML, like Gecko) Chrome/57.0.2987.133 Safari/537.36"
80.110.83.58 - - [26/Apr/2017:10:11:14 +0200] "GET /activities/framework/KoolControls/KoolTreeView/kooltreeview.php?c7cd9180e88ffef8e70f13526bb4f5f7 HTTP/1.1" 200 5055 "http://ed.activities.at/entry.php?id=11678&" "Mozilla/5.0 (Windows NT 10.0; Win64; x64) AppleWebKit/537.36 (KHTML, like Gecko) Chrome/57.0.2987.133 Safari/537.36"
80.110.83.58 - - [26/Apr/2017:10:11:14 +0200] "POST /entry.php?id=11677 HTTP/1.1" 200 4516 "http://ed.activities.at/entry.php?id=11677&" "Mozilla/5.0 (Windows NT 10.0; Win64; x64) AppleWebKit/537.36 (KHTML, like Gecko) Chrome/57.0.2987.133 Safari/537.36"
80.110.83.58 - - [26/Apr/2017:10:11:15 +0200] "GET /gui/javascript/form_form.js?1493194275 HTTP/1.1" 200 16206 "http://ed.activities.at/entry.php?id=11677" "Mozilla/5.0 (Windows NT 10.0; Win64; x64) AppleWebKit/537.36 (KHTML, like Gecko) Chrome/57.0.2987.133 Safari/537.36"
80.110.83.58 - - [26/Apr/2017:10:11:15 +0200] "POST /entry.php?id=11677 HTTP/1.1" 200 4516 "http://ed.activities.at/entry.php?id=11677" "Mozilla/5.0 (Windows NT 10.0; Win64; x64) AppleWebKit/537.36 (KHTML, like Gecko) Chrome/57.0.2987.133 Safari/537.36"
62.46.182.213 - - [26/Apr/2017:10:11:18 +0200] "GET /entry.php?id=10271&&ser=194218 HTTP/1.1" 200 986 "http://ed.activities.at/entry.php?id=10271&&ser=194157" "Mozilla/5.0 (Windows NT 10.0; WOW64; rv:51.0) Gecko/20100101 Firefox/51.0"
62.46.182.213 - - [26/Apr/2017:10:11:21 +0200] "GET /gui/javascript/form_form.js?1493194278 HTTP/1.1" 200 16206 "http://ed.activities.at/entry.php?id=10271&&ser=194218" "Mozilla/5.0 (Windows NT 10.0; WOW64; rv:51.0) Gecko/20100101 Firefox/51.0"
80.110.83.58 - - [26/Apr/2017:10:11:21 +0200] "POST /entry.php?id=11677 HTTP/1.1" 200 5197 "http://ed.activities.at/entry.php?id=11677" "Mozilla/5.0 (Windows NT 10.0; Win64; x64) AppleWebKit/537.36 (KHTML, like Gecko) Chrome/57.0.2987.133 Safari/537.36"
80.110.83.58 - - [26/Apr/2017:10:11:23 +0200] "GET /gui/javascript/form_form.js?1493194282 HTTP/1.1" 200 16206 "http://ed.activities.at/entry.php?id=11677" "Mozilla/5.0 (Windows NT 10.0; Win64; x64) AppleWebKit/537.36 (KHTML, like Gecko) Chrome/57.0.2987.133 Safari/537.36"
80.110.83.58 - - [26/Apr/2017:10:11:46 +0200] "GET /entry.php?id=10271&&ser=194245 HTTP/1.1" 200 986 "http://ed.activities.at/entry.php?id=10271&&ser=194185" "Mozilla/5.0 (Windows NT 10.0; Win64; x64) AppleWebKit/537.36 (KHTML, like Gecko) Chrome/57.0.2987.133 Safari/537.36"
80.110.83.58 - - [26/Apr/2017:10:11:48 +0200] "GET /gui/javascript/form_form.js?1493194306 HTTP/1.1" 200 16206 "http://ed.activities.at/entry.php?id=10271&&ser=194245" "Mozilla/5.0 (Windows NT 10.0; Win64; x64) AppleWebKit/537.36 (KHTML, like Gecko) Chrome/57.0.2987.133 Safari/537.36"
80.110.83.58 - - [26/Apr/2017:10:12:01 +0200] "GET /entry.php?id=10271&&ser=194259 HTTP/1.1" 200 986 "http://ed.activities.at/entry.php?id=10271&" "Mozilla/5.0 (Windows NT 10.0; Win64; x64) AppleWebKit/537.36 (KHTML, like Gecko) Chrome/57.0.2987.133 Safari/537.36"
80.110.83.58 - - [26/Apr/2017:10:12:02 +0200] "GET /gui/javascript/form_form.js?1493194322 HTTP/1.1" 200 16206 "http://ed.activities.at/entry.php?id=10271&&ser=194259" "Mozilla/5.0 (Windows NT 10.0; Win64; x64) AppleWebKit/537.36 (KHTML, like Gecko) Chrome/57.0.2987.133 Safari/537.36"
62.46.182.213 - - [26/Apr/2017:10:12:22 +0200] "GET /entry.php?id=10271&&ser=194278 HTTP/1.1" 200 986 "http://ed.activities.at/entry.php?id=10271&&ser=194218" "Mozilla/5.0 (Windows NT 10.0; WOW64; rv:51.0) Gecko/20100101 Firefox/51.0"
62.46.182.213 - - [26/Apr/2017:10:12:22 +0200] "GET /gui/javascript/form_form.js?1493194342 HTTP/1.1" 200 16206 "http://ed.activities.at/entry.php?id=10271&&ser=194278" "Mozilla/5.0 (Windows NT 10.0; WOW64; rv:51.0) Gecko/20100101 Firefox/51.0"
80.110.83.58 - - [26/Apr/2017:10:12:48 +0200] "GET /entry.php?id=10271&&ser=194306 HTTP/1.1" 200 986 "http://ed.activities.at/entry.php?id=10271&&ser=194245" "Mozilla/5.0 (Windows NT 10.0; Win64; x64) AppleWebKit/537.36 (KHTML, like Gecko) Chrome/57.0.2987.133 Safari/537.36"
80.110.83.58 - - [26/Apr/2017:10:12:49 +0200] "GET /gui/javascript/form_form.js?1493194369 HTTP/1.1" 200 16206 "http://ed.activities.at/entry.php?id=10271&&ser=194306" "Mozilla/5.0 (Windows NT 10.0; Win64; x64) AppleWebKit/537.36 (KHTML, like Gecko) Chrome/57.0.2987.133 Safari/537.36"
90.152.128.107 - - [26/Apr/2017:10:12:59 +0200] "GET / HTTP/1.1" 200 382 "-" "Mozilla/5.0 (Windows NT 10.0; WOW64; rv:53.0) Gecko/20100101 Firefox/53.0"
80.110.83.58 - - [26/Apr/2017:10:13:02 +0200] "GET /entry.php?id=10271&&ser=194322 HTTP/1.1" 200 986 "http://ed.activities.at/entry.php?id=10271&&ser=194259" "Mozilla/5.0 (Windows NT 10.0; Win64; x64) AppleWebKit/537.36 (KHTML, like Gecko) Chrome/57.0.2987.133 Safari/537.36"
80.110.83.58 - - [26/Apr/2017:10:13:02 +0200] "GET /gui/javascript/form_form.js?1493194382 HTTP/1.1" 200 16206 "http://ed.activities.at/entry.php?id=10271&&ser=194322" "Mozilla/5.0 (Windows NT 10.0; Win64; x64) AppleWebKit/537.36 (KHTML, like Gecko) Chrome/57.0.2987.133 Safari/537.36"
90.152.128.107 - - [26/Apr/2017:10:13:04 +0200] "GET /layout.php HTTP/1.1" 200 910 "http://ed.activities.at/" "Mozilla/5.0 (Windows NT 10.0; WOW64; rv:53.0) Gecko/20100101 Firefox/53.0"
90.152.128.107 - - [26/Apr/2017:10:13:05 +0200] "GET /entry.php?id=10270 HTTP/1.1" 200 908 "http://ed.activities.at/layout.php" "Mozilla/5.0 (Windows NT 10.0; WOW64; rv:53.0) Gecko/20100101 Firefox/53.0"
90.152.128.107 - - [26/Apr/2017:10:13:05 +0200] "GET /entry.php?id=10273 HTTP/1.1" 200 1935 "http://ed.activities.at/layout.php" "Mozilla/5.0 (Windows NT 10.0; WOW64; rv:53.0) Gecko/20100101 Firefox/53.0"
90.152.128.107 - - [26/Apr/2017:10:13:05 +0200] "GET /entry.php?id=10272 HTTP/1.1" 200 1190 "http://ed.activities.at/layout.php" "Mozilla/5.0 (Windows NT 10.0; WOW64; rv:53.0) Gecko/20100101 Firefox/53.0"
90.152.128.107 - - [26/Apr/2017:10:13:05 +0200] "GET /gui/javascript/form_form.js?1493194385 HTTP/1.1" 200 16206 "http://ed.activities.at/entry.php?id=10270" "Mozilla/5.0 (Windows NT 10.0; WOW64; rv:53.0) Gecko/20100101 Firefox/53.0"
90.152.128.107 - - [26/Apr/2017:10:13:05 +0200] "GET /entry.php?id=11412 HTTP/1.1" 200 1759 "http://ed.activities.at/layout.php" "Mozilla/5.0 (Windows NT 10.0; WOW64; rv:53.0) Gecko/20100101 Firefox/53.0"
90.152.128.107 - - [26/Apr/2017:10:13:08 +0200] "GET /entry.php?id=10287 HTTP/1.1" 200 2401 "http://ed.activities.at/entry.php?id=11412" "Mozilla/5.0 (Windows NT 10.0; WOW64; rv:53.0) Gecko/20100101 Firefox/53.0"
90.152.128.107 - - [26/Apr/2017:10:13:08 +0200] "GET /entry.php?id=10271&UIN=30c52224046d41bae99653a334dda25c HTTP/1.1" 200 934 "http://ed.activities.at/entry.php?id=10272" "Mozilla/5.0 (Windows NT 10.0; WOW64; rv:53.0) Gecko/20100101 Firefox/53.0"
90.152.128.107 - - [26/Apr/2017:10:13:09 +0200] "GET /gui/javascript/form_form.js?1493194388 HTTP/1.1" 200 16206 "http://ed.activities.at/entry.php?id=10287" "Mozilla/5.0 (Windows NT 10.0; WOW64; rv:53.0) Gecko/20100101 Firefox/53.0"
