212.108.43.59 - - [27/Apr/2017:10:18:01 +0200] "GET /binaries/easy-drivers-portal/projektpartnerunterzeichnenjpg.jpg HTTP/1.1" 200 274046 "http://ed.activities.at/entry.php?id=11684" "Mozilla/5.0 (Windows NT 10.0; Win64; x64) AppleWebKit/537.36 (KHTML, like Gecko) Chrome/57.0.2987.133 Safari/537.36"
212.108.43.59 - - [27/Apr/2017:10:18:01 +0200] "GET /binaries/easy-drivers-portal/projektpartnerjpg.jpg HTTP/1.1" 200 432978 "http://ed.activities.at/entry.php?id=11684" "Mozilla/5.0 (Windows NT 10.0; Win64; x64) AppleWebKit/537.36 (KHTML, like Gecko) Chrome/57.0.2987.133 Safari/537.36"
80.123.94.70 - - [27/Apr/2017:10:18:03 +0200] "GET /entry.php?id=10776&form=11496&name=list& HTTP/1.1" 200 1518 "http://ed.activities.at/entry.php?id=11671" "Mozilla/5.0 (Windows NT 10.0; WOW64) AppleWebKit/537.36 (KHTML, like Gecko) Chrome/57.0.2987.133 Safari/537.36"
80.123.94.70 - - [27/Apr/2017:10:18:04 +0200] "GET /entry.php?id=10778&form=11496&name=list& HTTP/1.1" 200 4643 "http://ed.activities.at/entry.php?id=11671" "Mozilla/5.0 (Windows NT 10.0; WOW64) AppleWebKit/537.36 (KHTML, like Gecko) Chrome/57.0.2987.133 Safari/537.36"
212.108.43.59 - - [27/Apr/2017:10:18:01 +0200] "GET /binaries/easy-drivers-portal/klima-umwelt-schutz-auszeichnungjpg.jpg HTTP/1.1" 200 713351 "http://ed.activities.at/entry.php?id=11684" "Mozilla/5.0 (Windows NT 10.0; Win64; x64) AppleWebKit/537.36 (KHTML, like Gecko) Chrome/57.0.2987.133 Safari/537.36"
212.108.43.59 - - [27/Apr/2017:10:18:01 +0200] "GET /binaries/easy-drivers-portal/20160825fluechtlingsprojektwien-045jpg.jpg HTTP/1.1" 200 1606302 "http://ed.activities.at/entry.php?id=11684" "Mozilla/5.0 (Windows NT 10.0; Win64; x64) AppleWebKit/537.36 (KHTML, like Gecko) Chrome/57.0.2987.133 Safari/537.36"
212.108.43.59 - - [27/Apr/2017:10:18:06 +0200] "GET /entry.php?id=10271&&ser=281026 HTTP/1.1" 200 987 "http://ed.activities.at/entry.php?id=10271&&ser=280966" "Mozilla/5.0 (Windows NT 10.0; Win64; x64) AppleWebKit/537.36 (KHTML, like Gecko) Chrome/57.0.2987.133 Safari/537.36"
212.108.43.59 - - [27/Apr/2017:10:18:06 +0200] "GET /gui/javascript/form_form.js?1493281086 HTTP/1.1" 200 16206 "http://ed.activities.at/entry.php?id=10271&&ser=281026" "Mozilla/5.0 (Windows NT 10.0; Win64; x64) AppleWebKit/537.36 (KHTML, like Gecko) Chrome/57.0.2987.133 Safari/537.36"
80.123.94.70 - - [27/Apr/2017:10:18:06 +0200] "POST /entry.php?id=11671 HTTP/1.1" 200 3180 "http://ed.activities.at/entry.php?id=11671" "Mozilla/5.0 (Windows NT 10.0; WOW64) AppleWebKit/537.36 (KHTML, like Gecko) Chrome/57.0.2987.133 Safari/537.36"
80.123.94.70 - - [27/Apr/2017:10:18:07 +0200] "GET /gui/javascript/form_form.js?1493281087 HTTP/1.1" 200 16206 "http://ed.activities.at/entry.php?id=11671" "Mozilla/5.0 (Windows NT 10.0; WOW64) AppleWebKit/537.36 (KHTML, like Gecko) Chrome/57.0.2987.133 Safari/537.36"
80.123.94.70 - - [27/Apr/2017:10:18:09 +0200] "GET /framework/webfx/javascript/tinymce/skins/lightgray/content.min.css HTTP/1.1" 404 327 "http://ed.activities.at/entry.php?id=11671" "Mozilla/5.0 (Windows NT 10.0; WOW64) AppleWebKit/537.36 (KHTML, like Gecko) Chrome/57.0.2987.133 Safari/537.36"
91.115.234.218 - - [27/Apr/2017:10:18:09 +0200] "GET /entry.php?id=10271&&ser=281028 HTTP/1.1" 200 987 "http://ed.activities.at/entry.php?id=10271&&ser=280968" "Mozilla/5.0 (Windows NT 10.0; WOW64; rv:51.0) Gecko/20100101 Firefox/51.0"
91.115.234.218 - - [27/Apr/2017:10:18:09 +0200] "GET /gui/javascript/form_form.js?1493281089 HTTP/1.1" 200 16206 "http://ed.activities.at/entry.php?id=10271&&ser=281028" "Mozilla/5.0 (Windows NT 10.0; WOW64; rv:51.0) Gecko/20100101 Firefox/51.0"
212.108.43.59 - - [27/Apr/2017:10:18:33 +0200] "GET /entry.php?id=11681&chooserview=editnewmenueitem&hidetitle=true&object=10287691 HTTP/1.1" 200 349 "http://ed.activities.at/entry.php?id=11412" "Mozilla/5.0 (Windows NT 10.0; Win64; x64) AppleWebKit/537.36 (KHTML, like Gecko) Chrome/57.0.2987.133 Safari/537.36"
212.108.43.59 - - [27/Apr/2017:10:18:33 +0200] "GET /entry.php?id=11684&chooserview=editnewmenueitem&object=10287691& HTTP/1.1" 200 3952 "http://ed.activities.at/entry.php?id=11681&chooserview=editnewmenueitem&hidetitle=true&object=10287691" "Mozilla/5.0 (Windows NT 10.0; Win64; x64) AppleWebKit/537.36 (KHTML, like Gecko) Chrome/57.0.2987.133 Safari/537.36"
212.108.43.59 - - [27/Apr/2017:10:18:33 +0200] "GET /gui/javascript/form_form.js?1493281113 HTTP/1.1" 200 16206 "http://ed.activities.at/entry.php?id=11684&chooserview=editnewmenueitem&object=10287691&" "Mozilla/5.0 (Windows NT 10.0; Win64; x64) AppleWebKit/537.36 (KHTML, like Gecko) Chrome/57.0.2987.133 Safari/537.36"
212.108.43.59 - - [27/Apr/2017:10:18:33 +0200] "GET /entry.php?id=11683&chooserview=editnewmenueitem&object=10287691& HTTP/1.1" 200 2681 "http://ed.activities.at/entry.php?id=11681&chooserview=editnewmenueitem&hidetitle=true&object=10287691" "Mozilla/5.0 (Windows NT 10.0; Win64; x64) AppleWebKit/537.36 (KHTML, like Gecko) Chrome/57.0.2987.133 Safari/537.36"
212.108.43.59 - - [27/Apr/2017:10:18:33 +0200] "GET /entry.php?id=10776&form=11508&name=list& HTTP/1.1" 200 1808 "http://ed.activities.at/entry.php?id=11683&chooserview=editnewmenueitem&object=10287691&" "Mozilla/5.0 (Windows NT 10.0; Win64; x64) AppleWebKit/537.36 (KHTML, like Gecko) Chrome/57.0.2987.133 Safari/537.36"
212.108.43.59 - - [27/Apr/2017:10:18:33 +0200] "GET /entry.php?id=10778&form=11508&name=list& HTTP/1.1" 200 5185 "http://ed.activities.at/entry.php?id=11683&chooserview=editnewmenueitem&object=10287691&" "Mozilla/5.0 (Windows NT 10.0; Win64; x64) AppleWebKit/537.36 (KHTML, like Gecko) Chrome/57.0.2987.133 Safari/537.36"
212.108.43.59 - - [27/Apr/2017:10:18:34 +0200] "POST /entry.php?id=11684 HTTP/1.1" 200 8477 "http://ed.activities.at/entry.php?id=11684&chooserview=editnewmenueitem&object=10287691&" "Mozilla/5.0 (Windows NT 10.0; Win64; x64) AppleWebKit/537.36 (KHTML, like Gecko) Chrome/57.0.2987.133 Safari/537.36"
212.108.43.59 - - [27/Apr/2017:10:18:35 +0200] "GET /gui/javascript/form_form.js?1493281115 HTTP/1.1" 200 16206 "http://ed.activities.at/entry.php?id=11684" "Mozilla/5.0 (Windows NT 10.0; Win64; x64) AppleWebKit/537.36 (KHTML, like Gecko) Chrome/57.0.2987.133 Safari/537.36"
212.108.43.59 - - [27/Apr/2017:10:18:35 +0200] "GET /framework/webfx/javascript/tinymce/skins/lightgray/content.min.css HTTP/1.1" 404 327 "http://ed.activities.at/entry.php?id=11684" "Mozilla/5.0 (Windows NT 10.0; Win64; x64) AppleWebKit/537.36 (KHTML, like Gecko) Chrome/57.0.2987.133 Safari/537.36"
80.123.94.70 - - [27/Apr/2017:10:18:52 +0200] "POST /entry.php?id=11671 HTTP/1.1" 200 3387 "http://ed.activities.at/entry.php?id=11671" "Mozilla/5.0 (Windows NT 10.0; WOW64) AppleWebKit/537.36 (KHTML, like Gecko) Chrome/57.0.2987.133 Safari/537.36"
80.123.94.70 - - [27/Apr/2017:10:18:52 +0200] "GET /entry.php?id=10271&&ser=280220 HTTP/1.1" 200 987 "http://ed.activities.at/entry.php?id=10271&&ser=280158" "Mozilla/5.0 (Windows NT 10.0; WOW64) AppleWebKit/537.36 (KHTML, like Gecko) Chrome/57.0.2987.133 Safari/537.36"
80.123.94.70 - - [27/Apr/2017:10:18:53 +0200] "GET /gui/javascript/form_form.js?1493281133 HTTP/1.1" 200 16206 "http://ed.activities.at/entry.php?id=11671" "Mozilla/5.0 (Windows NT 10.0; WOW64) AppleWebKit/537.36 (KHTML, like Gecko) Chrome/57.0.2987.133 Safari/537.36"
80.123.94.70 - - [27/Apr/2017:10:18:59 +0200] "GET /framework/webfx/javascript/tinymce/skins/lightgray/content.min.css HTTP/1.1" 404 327 "http://ed.activities.at/entry.php?id=11671" "Mozilla/5.0 (Windows NT 10.0; WOW64) AppleWebKit/537.36 (KHTML, like Gecko) Chrome/57.0.2987.133 Safari/537.36"
80.123.94.70 - - [27/Apr/2017:10:18:59 +0200] "POST /entry.php?id=11671 HTTP/1.1" 200 4773 "http://ed.activities.at/entry.php?id=11671" "Mozilla/5.0 (Windows NT 10.0; WOW64) AppleWebKit/537.36 (KHTML, like Gecko) Chrome/57.0.2987.133 Safari/537.36"
80.123.94.70 - - [27/Apr/2017:10:19:04 +0200] "GET /gui/javascript/form_form.js?1493281140 HTTP/1.1" 200 16206 "http://ed.activities.at/entry.php?id=11671" "Mozilla/5.0 (Windows NT 10.0; WOW64) AppleWebKit/537.36 (KHTML, like Gecko) Chrome/57.0.2987.133 Safari/537.36"
80.123.94.70 - - [27/Apr/2017:10:19:05 +0200] "GET /entry.php?id=10776&form=11496&name=list& HTTP/1.1" 200 1518 "http://ed.activities.at/entry.php?id=11671" "Mozilla/5.0 (Windows NT 10.0; WOW64) AppleWebKit/537.36 (KHTML, like Gecko) Chrome/57.0.2987.133 Safari/537.36"
80.123.94.70 - - [27/Apr/2017:10:19:05 +0200] "GET /entry.php?id=10778&form=11496&name=list& HTTP/1.1" 200 4643 "http://ed.activities.at/entry.php?id=11671" "Mozilla/5.0 (Windows NT 10.0; WOW64) AppleWebKit/537.36 (KHTML, like Gecko) Chrome/57.0.2987.133 Safari/537.36"
212.108.43.59 - - [27/Apr/2017:10:19:06 +0200] "GET /entry.php?id=10271&&ser=281086 HTTP/1.1" 200 987 "http://ed.activities.at/entry.php?id=10271&&ser=281026" "Mozilla/5.0 (Windows NT 10.0; Win64; x64) AppleWebKit/537.36 (KHTML, like Gecko) Chrome/57.0.2987.133 Safari/537.36"
212.108.43.59 - - [27/Apr/2017:10:19:07 +0200] "GET /gui/javascript/form_form.js?1493281147 HTTP/1.1" 200 16206 "http://ed.activities.at/entry.php?id=10271&&ser=281086" "Mozilla/5.0 (Windows NT 10.0; Win64; x64) AppleWebKit/537.36 (KHTML, like Gecko) Chrome/57.0.2987.133 Safari/537.36"
80.123.94.70 - - [27/Apr/2017:10:19:07 +0200] "POST /entry.php?id=11671 HTTP/1.1" 200 4925 "http://ed.activities.at/entry.php?id=11671" "Mozilla/5.0 (Windows NT 10.0; WOW64) AppleWebKit/537.36 (KHTML, like Gecko) Chrome/57.0.2987.133 Safari/537.36"
80.123.94.70 - - [27/Apr/2017:10:19:08 +0200] "GET /gui/javascript/form_form.js?1493281148 HTTP/1.1" 200 16206 "http://ed.activities.at/entry.php?id=11671" "Mozilla/5.0 (Windows NT 10.0; WOW64) AppleWebKit/537.36 (KHTML, like Gecko) Chrome/57.0.2987.133 Safari/537.36"
91.115.234.218 - - [27/Apr/2017:10:19:09 +0200] "GET /entry.php?id=10271&&ser=281089 HTTP/1.1" 200 987 "http://ed.activities.at/entry.php?id=10271&&ser=281028" "Mozilla/5.0 (Windows NT 10.0; WOW64; rv:51.0) Gecko/20100101 Firefox/51.0"
91.115.234.218 - - [27/Apr/2017:10:19:10 +0200] "GET /gui/javascript/form_form.js?1493281149 HTTP/1.1" 200 16206 "http://ed.activities.at/entry.php?id=10271&&ser=281089" "Mozilla/5.0 (Windows NT 10.0; WOW64; rv:51.0) Gecko/20100101 Firefox/51.0"
80.123.94.70 - - [27/Apr/2017:10:19:09 +0200] "GET /entry.php?id=10776&form=11496&name=list& HTTP/1.1" 200 1518 "http://ed.activities.at/entry.php?id=11671" "Mozilla/5.0 (Windows NT 10.0; WOW64) AppleWebKit/537.36 (KHTML, like Gecko) Chrome/57.0.2987.133 Safari/537.36"
80.123.94.70 - - [27/Apr/2017:10:19:10 +0200] "GET /entry.php?id=10778&form=11496&name=list& HTTP/1.1" 200 4643 "http://ed.activities.at/entry.php?id=11671" "Mozilla/5.0 (Windows NT 10.0; WOW64) AppleWebKit/537.36 (KHTML, like Gecko) Chrome/57.0.2987.133 Safari/537.36"
91.115.234.218 - - [27/Apr/2017:10:19:24 +0200] "GET /entry.php?id=11681&chooserview=editnewmenueitem&hidetitle=true&object=10287691 HTTP/1.1" 200 349 "http://ed.activities.at/entry.php?id=11412" "Mozilla/5.0 (Windows NT 10.0; WOW64; rv:51.0) Gecko/20100101 Firefox/51.0"
91.115.234.218 - - [27/Apr/2017:10:19:25 +0200] "GET /entry.php?id=11683&chooserview=editnewmenueitem&object=10287691& HTTP/1.1" 200 2679 "http://ed.activities.at/entry.php?id=11681&chooserview=editnewmenueitem&hidetitle=true&object=10287691" "Mozilla/5.0 (Windows NT 10.0; WOW64; rv:51.0) Gecko/20100101 Firefox/51.0"
91.115.234.218 - - [27/Apr/2017:10:19:25 +0200] "GET /gui/javascript/form_form.js?1493281165 HTTP/1.1" 200 16206 "http://ed.activities.at/entry.php?id=11683&chooserview=editnewmenueitem&object=10287691&" "Mozilla/5.0 (Windows NT 10.0; WOW64; rv:51.0) Gecko/20100101 Firefox/51.0"
91.115.234.218 - - [27/Apr/2017:10:19:25 +0200] "GET /entry.php?id=11684&chooserview=editnewmenueitem&object=10287691& HTTP/1.1" 200 3951 "http://ed.activities.at/entry.php?id=11681&chooserview=editnewmenueitem&hidetitle=true&object=10287691" "Mozilla/5.0 (Windows NT 10.0; WOW64; rv:51.0) Gecko/20100101 Firefox/51.0"
91.115.234.218 - - [27/Apr/2017:10:19:26 +0200] "GET /entry.php?id=10776&form=11508&name=list& HTTP/1.1" 200 1808 "http://ed.activities.at/entry.php?id=11683&chooserview=editnewmenueitem&object=10287691&" "Mozilla/5.0 (Windows NT 10.0; WOW64; rv:51.0) Gecko/20100101 Firefox/51.0"
91.115.234.218 - - [27/Apr/2017:10:19:26 +0200] "GET /entry.php?id=10778&form=11508&name=list& HTTP/1.1" 200 5185 "http://ed.activities.at/entry.php?id=11683&chooserview=editnewmenueitem&object=10287691&" "Mozilla/5.0 (Windows NT 10.0; WOW64; rv:51.0) Gecko/20100101 Firefox/51.0"
91.115.234.218 - - [27/Apr/2017:10:19:35 +0200] "POST /entry.php?id=11684 HTTP/1.1" 200 8473 "http://ed.activities.at/entry.php?id=11684&chooserview=editnewmenueitem&object=10287691&" "Mozilla/5.0 (Windows NT 10.0; WOW64; rv:51.0) Gecko/20100101 Firefox/51.0"
91.115.234.218 - - [27/Apr/2017:10:19:35 +0200] "GET /gui/javascript/form_form.js?1493281175 HTTP/1.1" 200 16206 "http://ed.activities.at/entry.php?id=11684" "Mozilla/5.0 (Windows NT 10.0; WOW64; rv:51.0) Gecko/20100101 Firefox/51.0"
91.115.234.218 - - [27/Apr/2017:10:19:36 +0200] "GET /framework/webfx/javascript/tinymce/skins/lightgray/content.min.css HTTP/1.1" 404 327 "http://ed.activities.at/entry.php?id=11684" "Mozilla/5.0 (Windows NT 10.0; WOW64; rv:51.0) Gecko/20100101 Firefox/51.0"
91.115.234.218 - - [27/Apr/2017:10:19:36 +0200] "GET /binaries/easy-drivers-portal/safe4cyclepng-1.png HTTP/1.1" 200 16726 "http://ed.activities.at/entry.php?id=11684" "Mozilla/5.0 (Windows NT 10.0; WOW64; rv:51.0) Gecko/20100101 Firefox/51.0"
91.115.234.218 - - [27/Apr/2017:10:19:36 +0200] "GET /binaries/easy-drivers-portal/logoleistejpg.jpg HTTP/1.1" 200 32745 "http://ed.activities.at/entry.php?id=11684" "Mozilla/5.0 (Windows NT 10.0; WOW64; rv:51.0) Gecko/20100101 Firefox/51.0"
91.115.234.218 - - [27/Apr/2017:10:19:36 +0200] "GET /binaries/easy-drivers-portal/e-bike-lehrpersonaljpg.jpg HTTP/1.1" 200 139806 "http://ed.activities.at/entry.php?id=11684" "Mozilla/5.0 (Windows NT 10.0; WOW64; rv:51.0) Gecko/20100101 Firefox/51.0"
91.115.234.218 - - [27/Apr/2017:10:19:36 +0200] "GET /binaries/easy-drivers-portal/polizei-logojpg.jpg HTTP/1.1" 200 222235 "http://ed.activities.at/entry.php?id=11684" "Mozilla/5.0 (Windows NT 10.0; WOW64; rv:51.0) Gecko/20100101 Firefox/51.0"
91.115.234.218 - - [27/Apr/2017:10:19:36 +0200] "GET /binaries/easy-drivers-portal/projektpartnerunterzeichnenjpg.jpg HTTP/1.1" 200 274046 "http://ed.activities.at/entry.php?id=11684" "Mozilla/5.0 (Windows NT 10.0; WOW64; rv:51.0) Gecko/20100101 Firefox/51.0"
91.115.234.218 - - [27/Apr/2017:10:19:36 +0200] "GET /binaries/easy-drivers-portal/projektpartnerjpg.jpg HTTP/1.1" 200 432978 "http://ed.activities.at/entry.php?id=11684" "Mozilla/5.0 (Windows NT 10.0; WOW64; rv:51.0) Gecko/20100101 Firefox/51.0"
91.115.234.218 - - [27/Apr/2017:10:19:37 +0200] "GET /binaries/easy-drivers-portal/klima-umwelt-schutz-auszeichnungjpg.jpg HTTP/1.1" 200 713351 "http://ed.activities.at/entry.php?id=11684" "Mozilla/5.0 (Windows NT 10.0; WOW64; rv:51.0) Gecko/20100101 Firefox/51.0"
91.115.234.218 - - [27/Apr/2017:10:19:36 +0200] "GET /binaries/easy-drivers-portal/20160825fluechtlingsprojektwien-045jpg.jpg HTTP/1.1" 200 1606302 "http://ed.activities.at/entry.php?id=11684" "Mozilla/5.0 (Windows NT 10.0; WOW64; rv:51.0) Gecko/20100101 Firefox/51.0"
80.123.94.70 - - [27/Apr/2017:10:19:51 +0200] "GET /entry.php?id=10287&login=1 HTTP/1.1" 200 2287 "http://ed.activities.at/entry.php?id=10273&" "Mozilla/5.0 (Windows NT 10.0; WOW64) AppleWebKit/537.36 (KHTML, like Gecko) Chrome/57.0.2987.133 Safari/537.36"
212.108.43.59 - - [27/Apr/2017:10:19:51 +0200] "GET /framework/webfx/javascript/tinymce/skins/lightgray/content.min.css HTTP/1.1" 404 327 "-" "Mozilla/5.0 (Windows NT 10.0; Win64; x64) AppleWebKit/537.36 (KHTML, like Gecko) Chrome/57.0.2987.133 Safari/537.36"
80.123.94.70 - - [27/Apr/2017:10:19:51 +0200] "GET /gui/javascript/form_form.js?1493281191 HTTP/1.1" 200 16206 "http://ed.activities.at/entry.php?id=10287&login=1" "Mozilla/5.0 (Windows NT 10.0; WOW64) AppleWebKit/537.36 (KHTML, like Gecko) Chrome/57.0.2987.133 Safari/537.36"
80.123.94.70 - - [27/Apr/2017:10:19:53 +0200] "POST /entry.php?id=10287& HTTP/1.1" 200 2437 "http://ed.activities.at/entry.php?id=10287&login=1" "Mozilla/5.0 (Windows NT 10.0; WOW64) AppleWebKit/537.36 (KHTML, like Gecko) Chrome/57.0.2987.133 Safari/537.36"
80.123.94.70 - - [27/Apr/2017:10:19:54 +0200] "GET /gui/javascript/form_form.js?1493281193 HTTP/1.1" 200 16206 "http://ed.activities.at/entry.php?id=10287&" "Mozilla/5.0 (Windows NT 10.0; WOW64) AppleWebKit/537.36 (KHTML, like Gecko) Chrome/57.0.2987.133 Safari/537.36"
80.123.94.70 - - [27/Apr/2017:10:19:55 +0200] "GET /entry.php?id=10270& HTTP/1.1" 200 908 "http://ed.activities.at/entry.php?id=10287&" "Mozilla/5.0 (Windows NT 10.0; WOW64) AppleWebKit/537.36 (KHTML, like Gecko) Chrome/57.0.2987.133 Safari/537.36"
80.123.94.70 - - [27/Apr/2017:10:19:55 +0200] "GET /entry.php?id=10273&logout=true& HTTP/1.1" 200 1912 "http://ed.activities.at/entry.php?id=10287&" "Mozilla/5.0 (Windows NT 10.0; WOW64) AppleWebKit/537.36 (KHTML, like Gecko) Chrome/57.0.2987.133 Safari/537.36"
80.123.94.70 - - [27/Apr/2017:10:19:56 +0200] "GET /gui/javascript/form_form.js?1493281195 HTTP/1.1" 200 16206 "http://ed.activities.at/entry.php?id=10270&" "Mozilla/5.0 (Windows NT 10.0; WOW64) AppleWebKit/537.36 (KHTML, like Gecko) Chrome/57.0.2987.133 Safari/537.36"
80.123.94.70 - - [27/Apr/2017:10:19:58 +0200] "GET /gui/javascript/form_form.js?1493281196 HTTP/1.1" 200 16206 "http://ed.activities.at/entry.php?id=10273&logout=true&" "Mozilla/5.0 (Windows NT 10.0; WOW64) AppleWebKit/537.36 (KHTML, like Gecko) Chrome/57.0.2987.133 Safari/537.36"
80.123.94.70 - - [27/Apr/2017:10:19:59 +0200] "GET /entry.php?id=10271&&ser=281133 HTTP/1.1" 200 934 "http://ed.activities.at/entry.php?id=10271&&ser=280220" "Mozilla/5.0 (Windows NT 10.0; WOW64) AppleWebKit/537.36 (KHTML, like Gecko) Chrome/57.0.2987.133 Safari/537.36"
80.123.94.70 - - [27/Apr/2017:10:19:59 +0200] "GET /gui/javascript/form_form.js?1493281199 HTTP/1.1" 200 16206 "http://ed.activities.at/entry.php?id=10271&&ser=281133" "Mozilla/5.0 (Windows NT 10.0; WOW64) AppleWebKit/537.36 (KHTML, like Gecko) Chrome/57.0.2987.133 Safari/537.36"
212.108.43.59 - - [27/Apr/2017:10:20:07 +0200] "GET /entry.php?id=10271&&ser=281147 HTTP/1.1" 200 987 "http://ed.activities.at/entry.php?id=10271&&ser=281086" "Mozilla/5.0 (Windows NT 10.0; Win64; x64) AppleWebKit/537.36 (KHTML, like Gecko) Chrome/57.0.2987.133 Safari/537.36"
212.108.43.59 - - [27/Apr/2017:10:20:07 +0200] "GET /gui/javascript/form_form.js?1493281207 HTTP/1.1" 200 16206 "http://ed.activities.at/entry.php?id=10271&&ser=281147" "Mozilla/5.0 (Windows NT 10.0; Win64; x64) AppleWebKit/537.36 (KHTML, like Gecko) Chrome/57.0.2987.133 Safari/537.36"
91.115.234.218 - - [27/Apr/2017:10:20:10 +0200] "GET /entry.php?id=10271&&ser=281149 HTTP/1.1" 200 987 "http://ed.activities.at/entry.php?id=10271&&ser=281089" "Mozilla/5.0 (Windows NT 10.0; WOW64; rv:51.0) Gecko/20100101 Firefox/51.0"
91.115.234.218 - - [27/Apr/2017:10:20:10 +0200] "GET /gui/javascript/form_form.js?1493281210 HTTP/1.1" 200 16206 "http://ed.activities.at/entry.php?id=10271&&ser=281149" "Mozilla/5.0 (Windows NT 10.0; WOW64; rv:51.0) Gecko/20100101 Firefox/51.0"
212.108.43.59 - - [27/Apr/2017:10:20:27 +0200] "GET /entry.php?id=10287&login=1 HTTP/1.1" 200 2954 "http://ed.activities.at/entry.php?id=10273&" "Mozilla/5.0 (Windows NT 10.0; Win64; x64) AppleWebKit/537.36 (KHTML, like Gecko) Chrome/57.0.2987.133 Safari/537.36"
212.108.43.59 - - [27/Apr/2017:10:20:27 +0200] "GET /gui/javascript/form_form.js?1493281227 HTTP/1.1" 200 16206 "http://ed.activities.at/entry.php?id=10287&login=1" "Mozilla/5.0 (Windows NT 10.0; Win64; x64) AppleWebKit/537.36 (KHTML, like Gecko) Chrome/57.0.2987.133 Safari/537.36"
212.108.43.59 - - [27/Apr/2017:10:20:31 +0200] "GET /entry.php?id=11679 HTTP/1.1" 200 312 "http://ed.activities.at/entry.php?id=10270&__app__=10006038" "Mozilla/5.0 (Windows NT 10.0; Win64; x64) AppleWebKit/537.36 (KHTML, like Gecko) Chrome/57.0.2987.133 Safari/537.36"
212.108.43.59 - - [27/Apr/2017:10:20:31 +0200] "GET /entry.php?id=10676&title=Portal& HTTP/1.1" 200 1387 "http://ed.activities.at/entry.php?id=11679" "Mozilla/5.0 (Windows NT 10.0; Win64; x64) AppleWebKit/537.36 (KHTML, like Gecko) Chrome/57.0.2987.133 Safari/537.36"
212.108.43.59 - - [27/Apr/2017:10:20:32 +0200] "GET /gui/javascript/form_form.js?1493281232 HTTP/1.1" 200 16206 "http://ed.activities.at/entry.php?id=10676&title=Portal&" "Mozilla/5.0 (Windows NT 10.0; Win64; x64) AppleWebKit/537.36 (KHTML, like Gecko) Chrome/57.0.2987.133 Safari/537.36"
212.108.43.59 - - [27/Apr/2017:10:20:31 +0200] "GET /entry.php?id=11677& HTTP/1.1" 200 4452 "http://ed.activities.at/entry.php?id=11679" "Mozilla/5.0 (Windows NT 10.0; Win64; x64) AppleWebKit/537.36 (KHTML, like Gecko) Chrome/57.0.2987.133 Safari/537.36"
212.108.43.59 - - [27/Apr/2017:10:20:31 +0200] "GET /entry.php?id=11678& HTTP/1.1" 200 4621 "http://ed.activities.at/entry.php?id=11679" "Mozilla/5.0 (Windows NT 10.0; Win64; x64) AppleWebKit/537.36 (KHTML, like Gecko) Chrome/57.0.2987.133 Safari/537.36"
212.108.43.59 - - [27/Apr/2017:10:20:33 +0200] "GET /activities/framework/KoolControls/KoolAjax/koolajax.php?8436e354c842500aba3cbaf0584c0c24 HTTP/1.1" 200 4079 "http://ed.activities.at/entry.php?id=11678&" "Mozilla/5.0 (Windows NT 10.0; Win64; x64) AppleWebKit/537.36 (KHTML, like Gecko) Chrome/57.0.2987.133 Safari/537.36"
212.108.43.59 - - [27/Apr/2017:10:20:33 +0200] "GET /gui/javascript/form_form.js?1493281233 HTTP/1.1" 200 16206 "http://ed.activities.at/entry.php?id=11678&" "Mozilla/5.0 (Windows NT 10.0; Win64; x64) AppleWebKit/537.36 (KHTML, like Gecko) Chrome/57.0.2987.133 Safari/537.36"
212.108.43.59 - - [27/Apr/2017:10:20:33 +0200] "GET /activities/framework/KoolControls/KoolTreeView/kooltreeview.php?c7cd9180e88ffef8e70f13526bb4f5f7 HTTP/1.1" 200 5055 "http://ed.activities.at/entry.php?id=11678&" "Mozilla/5.0 (Windows NT 10.0; Win64; x64) AppleWebKit/537.36 (KHTML, like Gecko) Chrome/57.0.2987.133 Safari/537.36"
212.108.43.59 - - [27/Apr/2017:10:20:32 +0200] "GET /entry.php?id=11618&&object=&item=&emu_class= HTTP/1.1" 200 1698 "http://ed.activities.at/entry.php?id=11677&" "Mozilla/5.0 (Windows NT 10.0; Win64; x64) AppleWebKit/537.36 (KHTML, like Gecko) Chrome/57.0.2987.133 Safari/537.36"
212.108.43.59 - - [27/Apr/2017:10:20:33 +0200] "POST /entry.php?id=11677 HTTP/1.1" 200 4497 "http://ed.activities.at/entry.php?id=11677&" "Mozilla/5.0 (Windows NT 10.0; Win64; x64) AppleWebKit/537.36 (KHTML, like Gecko) Chrome/57.0.2987.133 Safari/537.36"
212.108.43.59 - - [27/Apr/2017:10:20:34 +0200] "POST /entry.php?id=11677 HTTP/1.1" 200 4498 "http://ed.activities.at/entry.php?id=11677" "Mozilla/5.0 (Windows NT 10.0; Win64; x64) AppleWebKit/537.36 (KHTML, like Gecko) Chrome/57.0.2987.133 Safari/537.36"
212.108.43.59 - - [27/Apr/2017:10:20:34 +0200] "GET /gui/javascript/form_form.js?1493281234 HTTP/1.1" 200 16206 "http://ed.activities.at/entry.php?id=11677" "Mozilla/5.0 (Windows NT 10.0; Win64; x64) AppleWebKit/537.36 (KHTML, like Gecko) Chrome/57.0.2987.133 Safari/537.36"
212.108.43.59 - - [27/Apr/2017:10:20:37 +0200] "POST /entry.php?id=11677 HTTP/1.1" 200 5285 "http://ed.activities.at/entry.php?id=11677" "Mozilla/5.0 (Windows NT 10.0; Win64; x64) AppleWebKit/537.36 (KHTML, like Gecko) Chrome/57.0.2987.133 Safari/537.36"
212.108.43.59 - - [27/Apr/2017:10:20:39 +0200] "GET /gui/javascript/form_form.js?1493281238 HTTP/1.1" 200 16206 "http://ed.activities.at/entry.php?id=11677" "Mozilla/5.0 (Windows NT 10.0; Win64; x64) AppleWebKit/537.36 (KHTML, like Gecko) Chrome/57.0.2987.133 Safari/537.36"
212.108.43.59 - - [27/Apr/2017:10:20:44 +0200] "GET /entry.php?id=11681&chooserview=editnewmenueitem&hidetitle=true&object=10287691 HTTP/1.1" 200 349 "http://ed.activities.at/entry.php?id=11412" "Mozilla/5.0 (Windows NT 10.0; Win64; x64) AppleWebKit/537.36 (KHTML, like Gecko) Chrome/57.0.2987.133 Safari/537.36"
212.108.43.59 - - [27/Apr/2017:10:20:44 +0200] "GET /entry.php?id=11683&chooserview=editnewmenueitem&object=10287691& HTTP/1.1" 200 2681 "http://ed.activities.at/entry.php?id=11681&chooserview=editnewmenueitem&hidetitle=true&object=10287691" "Mozilla/5.0 (Windows NT 10.0; Win64; x64) AppleWebKit/537.36 (KHTML, like Gecko) Chrome/57.0.2987.133 Safari/537.36"
212.108.43.59 - - [27/Apr/2017:10:20:45 +0200] "GET /gui/javascript/form_form.js?1493281245 HTTP/1.1" 200 16206 "http://ed.activities.at/entry.php?id=11683&chooserview=editnewmenueitem&object=10287691&" "Mozilla/5.0 (Windows NT 10.0; Win64; x64) AppleWebKit/537.36 (KHTML, like Gecko) Chrome/57.0.2987.133 Safari/537.36"
212.108.43.59 - - [27/Apr/2017:10:20:44 +0200] "GET /entry.php?id=11684&chooserview=editnewmenueitem&object=10287691& HTTP/1.1" 200 3952 "http://ed.activities.at/entry.php?id=11681&chooserview=editnewmenueitem&hidetitle=true&object=10287691" "Mozilla/5.0 (Windows NT 10.0; Win64; x64) AppleWebKit/537.36 (KHTML, like Gecko) Chrome/57.0.2987.133 Safari/537.36"
212.108.43.59 - - [27/Apr/2017:10:20:45 +0200] "GET /entry.php?id=10776&form=11508&name=list& HTTP/1.1" 200 1808 "http://ed.activities.at/entry.php?id=11683&chooserview=editnewmenueitem&object=10287691&" "Mozilla/5.0 (Windows NT 10.0; Win64; x64) AppleWebKit/537.36 (KHTML, like Gecko) Chrome/57.0.2987.133 Safari/537.36"
212.108.43.59 - - [27/Apr/2017:10:20:45 +0200] "GET /entry.php?id=10778&form=11508&name=list& HTTP/1.1" 200 5185 "http://ed.activities.at/entry.php?id=11683&chooserview=editnewmenueitem&object=10287691&" "Mozilla/5.0 (Windows NT 10.0; Win64; x64) AppleWebKit/537.36 (KHTML, like Gecko) Chrome/57.0.2987.133 Safari/537.36"
212.108.43.59 - - [27/Apr/2017:10:20:46 +0200] "POST /entry.php?id=11684 HTTP/1.1" 200 8477 "http://ed.activities.at/entry.php?id=11684&chooserview=editnewmenueitem&object=10287691&" "Mozilla/5.0 (Windows NT 10.0; Win64; x64) AppleWebKit/537.36 (KHTML, like Gecko) Chrome/57.0.2987.133 Safari/537.36"
212.108.43.59 - - [27/Apr/2017:10:20:47 +0200] "GET /gui/javascript/form_form.js?1493281247 HTTP/1.1" 200 16206 "http://ed.activities.at/entry.php?id=11684" "Mozilla/5.0 (Windows NT 10.0; Win64; x64) AppleWebKit/537.36 (KHTML, like Gecko) Chrome/57.0.2987.133 Safari/537.36"
212.108.43.59 - - [27/Apr/2017:10:20:47 +0200] "GET /framework/webfx/javascript/tinymce/skins/lightgray/content.min.css HTTP/1.1" 404 327 "http://ed.activities.at/entry.php?id=11684" "Mozilla/5.0 (Windows NT 10.0; Win64; x64) AppleWebKit/537.36 (KHTML, like Gecko) Chrome/57.0.2987.133 Safari/537.36"
91.115.234.218 - - [27/Apr/2017:10:20:51 +0200] "GET /entry.php?id=11681&chooserview=editnewmenueitem&hidetitle=true&object=10287691 HTTP/1.1" 200 349 "http://ed.activities.at/entry.php?id=11412" "Mozilla/5.0 (Windows NT 10.0; WOW64; rv:51.0) Gecko/20100101 Firefox/51.0"
91.115.234.218 - - [27/Apr/2017:10:20:51 +0200] "GET /entry.php?id=11683&chooserview=editnewmenueitem&object=10287691& HTTP/1.1" 200 2681 "http://ed.activities.at/entry.php?id=11681&chooserview=editnewmenueitem&hidetitle=true&object=10287691" "Mozilla/5.0 (Windows NT 10.0; WOW64; rv:51.0) Gecko/20100101 Firefox/51.0"
91.115.234.218 - - [27/Apr/2017:10:20:52 +0200] "GET /gui/javascript/form_form.js?1493281252 HTTP/1.1" 200 16206 "http://ed.activities.at/entry.php?id=11683&chooserview=editnewmenueitem&object=10287691&" "Mozilla/5.0 (Windows NT 10.0; WOW64; rv:51.0) Gecko/20100101 Firefox/51.0"
91.115.234.218 - - [27/Apr/2017:10:20:51 +0200] "GET /entry.php?id=11684&chooserview=editnewmenueitem&object=10287691& HTTP/1.1" 200 3953 "http://ed.activities.at/entry.php?id=11681&chooserview=editnewmenueitem&hidetitle=true&object=10287691" "Mozilla/5.0 (Windows NT 10.0; WOW64; rv:51.0) Gecko/20100101 Firefox/51.0"
91.115.234.218 - - [27/Apr/2017:10:20:52 +0200] "GET /entry.php?id=10776&form=11508&name=list& HTTP/1.1" 200 1808 "http://ed.activities.at/entry.php?id=11683&chooserview=editnewmenueitem&object=10287691&" "Mozilla/5.0 (Windows NT 10.0; WOW64; rv:51.0) Gecko/20100101 Firefox/51.0"
91.115.234.218 - - [27/Apr/2017:10:20:52 +0200] "GET /entry.php?id=10778&form=11508&name=list& HTTP/1.1" 200 5185 "http://ed.activities.at/entry.php?id=11683&chooserview=editnewmenueitem&object=10287691&" "Mozilla/5.0 (Windows NT 10.0; WOW64; rv:51.0) Gecko/20100101 Firefox/51.0"
91.115.234.218 - - [27/Apr/2017:10:20:56 +0200] "POST /entry.php?id=11684 HTTP/1.1" 200 8473 "http://ed.activities.at/entry.php?id=11684&chooserview=editnewmenueitem&object=10287691&" "Mozilla/5.0 (Windows NT 10.0; WOW64; rv:51.0) Gecko/20100101 Firefox/51.0"
91.115.234.218 - - [27/Apr/2017:10:20:57 +0200] "GET /gui/javascript/form_form.js?1493281257 HTTP/1.1" 200 16206 "http://ed.activities.at/entry.php?id=11684" "Mozilla/5.0 (Windows NT 10.0; WOW64; rv:51.0) Gecko/20100101 Firefox/51.0"
91.115.234.218 - - [27/Apr/2017:10:20:57 +0200] "GET /framework/webfx/javascript/tinymce/skins/lightgray/content.min.css HTTP/1.1" 404 327 "http://ed.activities.at/entry.php?id=11684" "Mozilla/5.0 (Windows NT 10.0; WOW64; rv:51.0) Gecko/20100101 Firefox/51.0"
212.108.43.59 - - [27/Apr/2017:10:21:07 +0200] "GET /entry.php?id=10271&&ser=281207 HTTP/1.1" 200 987 "http://ed.activities.at/entry.php?id=10271&&ser=281147" "Mozilla/5.0 (Windows NT 10.0; Win64; x64) AppleWebKit/537.36 (KHTML, like Gecko) Chrome/57.0.2987.133 Safari/537.36"
212.108.43.59 - - [27/Apr/2017:10:21:07 +0200] "GET /gui/javascript/form_form.js?1493281267 HTTP/1.1" 200 16206 "http://ed.activities.at/entry.php?id=10271&&ser=281207" "Mozilla/5.0 (Windows NT 10.0; Win64; x64) AppleWebKit/537.36 (KHTML, like Gecko) Chrome/57.0.2987.133 Safari/537.36"
91.115.234.218 - - [27/Apr/2017:10:21:10 +0200] "GET /entry.php?id=10271&&ser=281210 HTTP/1.1" 200 987 "http://ed.activities.at/entry.php?id=10271&&ser=281149" "Mozilla/5.0 (Windows NT 10.0; WOW64; rv:51.0) Gecko/20100101 Firefox/51.0"
91.115.234.218 - - [27/Apr/2017:10:21:10 +0200] "GET /gui/javascript/form_form.js?1493281270 HTTP/1.1" 200 16206 "http://ed.activities.at/entry.php?id=10271&&ser=281210" "Mozilla/5.0 (Windows NT 10.0; WOW64; rv:51.0) Gecko/20100101 Firefox/51.0"
91.115.234.218 - - [27/Apr/2017:10:21:29 +0200] "POST /entry.php?id=11677 HTTP/1.1" 200 5101 "http://ed.activities.at/entry.php?id=11677" "Mozilla/5.0 (Windows NT 10.0; WOW64; rv:51.0) Gecko/20100101 Firefox/51.0"
91.115.234.218 - - [27/Apr/2017:10:21:30 +0200] "GET /gui/javascript/form_form.js?1493281290 HTTP/1.1" 200 16206 "http://ed.activities.at/entry.php?id=11677" "Mozilla/5.0 (Windows NT 10.0; WOW64; rv:51.0) Gecko/20100101 Firefox/51.0"
212.108.43.59 - - [27/Apr/2017:10:22:08 +0200] "GET /entry.php?id=10271&&ser=281267 HTTP/1.1" 200 986 "http://ed.activities.at/entry.php?id=10271&&ser=281207" "Mozilla/5.0 (Windows NT 10.0; Win64; x64) AppleWebKit/537.36 (KHTML, like Gecko) Chrome/57.0.2987.133 Safari/537.36"
212.108.43.59 - - [27/Apr/2017:10:22:08 +0200] "GET /gui/javascript/form_form.js?1493281328 HTTP/1.1" 200 16206 "http://ed.activities.at/entry.php?id=10271&&ser=281267" "Mozilla/5.0 (Windows NT 10.0; Win64; x64) AppleWebKit/537.36 (KHTML, like Gecko) Chrome/57.0.2987.133 Safari/537.36"
91.115.234.218 - - [27/Apr/2017:10:22:11 +0200] "GET /entry.php?id=10271&&ser=281270 HTTP/1.1" 200 987 "http://ed.activities.at/entry.php?id=10271&&ser=281210" "Mozilla/5.0 (Windows NT 10.0; WOW64; rv:51.0) Gecko/20100101 Firefox/51.0"
91.115.234.218 - - [27/Apr/2017:10:22:11 +0200] "GET /gui/javascript/form_form.js?1493281331 HTTP/1.1" 200 16206 "http://ed.activities.at/entry.php?id=10271&&ser=281270" "Mozilla/5.0 (Windows NT 10.0; WOW64; rv:51.0) Gecko/20100101 Firefox/51.0"
212.108.43.59 - - [27/Apr/2017:10:23:09 +0200] "GET /entry.php?id=10271&&ser=281328 HTTP/1.1" 200 987 "http://ed.activities.at/entry.php?id=10271&&ser=281267" "Mozilla/5.0 (Windows NT 10.0; Win64; x64) AppleWebKit/537.36 (KHTML, like Gecko) Chrome/57.0.2987.133 Safari/537.36"
212.108.43.59 - - [27/Apr/2017:10:23:09 +0200] "GET /gui/javascript/form_form.js?1493281389 HTTP/1.1" 200 16206 "http://ed.activities.at/entry.php?id=10271&&ser=281328" "Mozilla/5.0 (Windows NT 10.0; Win64; x64) AppleWebKit/537.36 (KHTML, like Gecko) Chrome/57.0.2987.133 Safari/537.36"
91.115.234.218 - - [27/Apr/2017:10:23:11 +0200] "GET /entry.php?id=10271&&ser=281331 HTTP/1.1" 200 986 "http://ed.activities.at/entry.php?id=10271&&ser=281270" "Mozilla/5.0 (Windows NT 10.0; WOW64; rv:51.0) Gecko/20100101 Firefox/51.0"
91.115.234.218 - - [27/Apr/2017:10:23:11 +0200] "GET /gui/javascript/form_form.js?1493281391 HTTP/1.1" 200 16206 "http://ed.activities.at/entry.php?id=10271&&ser=281331" "Mozilla/5.0 (Windows NT 10.0; WOW64; rv:51.0) Gecko/20100101 Firefox/51.0"
212.108.43.59 - - [27/Apr/2017:10:24:10 +0200] "GET /entry.php?id=10271&&ser=281389 HTTP/1.1" 200 987 "http://ed.activities.at/entry.php?id=10271&&ser=281328" "Mozilla/5.0 (Windows NT 10.0; Win64; x64) AppleWebKit/537.36 (KHTML, like Gecko) Chrome/57.0.2987.133 Safari/537.36"
212.108.43.59 - - [27/Apr/2017:10:24:10 +0200] "GET /gui/javascript/form_form.js?1493281450 HTTP/1.1" 200 16206 "http://ed.activities.at/entry.php?id=10271&&ser=281389" "Mozilla/5.0 (Windows NT 10.0; Win64; x64) AppleWebKit/537.36 (KHTML, like Gecko) Chrome/57.0.2987.133 Safari/537.36"
91.115.234.218 - - [27/Apr/2017:10:24:12 +0200] "GET /entry.php?id=10271&&ser=281391 HTTP/1.1" 200 987 "http://ed.activities.at/entry.php?id=10271&&ser=281331" "Mozilla/5.0 (Windows NT 10.0; WOW64; rv:51.0) Gecko/20100101 Firefox/51.0"
91.115.234.218 - - [27/Apr/2017:10:24:12 +0200] "GET /gui/javascript/form_form.js?1493281452 HTTP/1.1" 200 16206 "http://ed.activities.at/entry.php?id=10271&&ser=281391" "Mozilla/5.0 (Windows NT 10.0; WOW64; rv:51.0) Gecko/20100101 Firefox/51.0"
91.115.234.218 - - [27/Apr/2017:10:24:24 +0200] "GET /entry.php?id=11681&chooserview=editnewmenueitem&hidetitle=true&object=10288619 HTTP/1.1" 200 348 "http://ed.activities.at/entry.php?id=11412" "Mozilla/5.0 (Windows NT 10.0; WOW64; rv:51.0) Gecko/20100101 Firefox/51.0"
91.115.234.218 - - [27/Apr/2017:10:24:24 +0200] "GET /entry.php?id=11683&chooserview=editnewmenueitem&object=10288619& HTTP/1.1" 200 2681 "http://ed.activities.at/entry.php?id=11681&chooserview=editnewmenueitem&hidetitle=true&object=10288619" "Mozilla/5.0 (Windows NT 10.0; WOW64; rv:51.0) Gecko/20100101 Firefox/51.0"
91.115.234.218 - - [27/Apr/2017:10:24:24 +0200] "GET /gui/javascript/form_form.js?1493281464 HTTP/1.1" 200 16206 "http://ed.activities.at/entry.php?id=11683&chooserview=editnewmenueitem&object=10288619&" "Mozilla/5.0 (Windows NT 10.0; WOW64; rv:51.0) Gecko/20100101 Firefox/51.0"
91.115.234.218 - - [27/Apr/2017:10:24:24 +0200] "GET /entry.php?id=11684&chooserview=editnewmenueitem&object=10288619& HTTP/1.1" 200 3963 "http://ed.activities.at/entry.php?id=11681&chooserview=editnewmenueitem&hidetitle=true&object=10288619" "Mozilla/5.0 (Windows NT 10.0; WOW64; rv:51.0) Gecko/20100101 Firefox/51.0"
91.115.234.218 - - [27/Apr/2017:10:24:25 +0200] "GET /gui/javascript/form_form.js?1493281465 HTTP/1.1" 200 16206 "http://ed.activities.at/entry.php?id=11684&chooserview=editnewmenueitem&object=10288619&" "Mozilla/5.0 (Windows NT 10.0; WOW64; rv:51.0) Gecko/20100101 Firefox/51.0"
91.115.234.218 - - [27/Apr/2017:10:24:25 +0200] "GET /entry.php?id=10778&form=11508&name=list& HTTP/1.1" 200 5184 "http://ed.activities.at/entry.php?id=11683&chooserview=editnewmenueitem&object=10288619&" "Mozilla/5.0 (Windows NT 10.0; WOW64; rv:51.0) Gecko/20100101 Firefox/51.0"
91.115.234.218 - - [27/Apr/2017:10:24:25 +0200] "GET /entry.php?id=10776&form=11508&name=list& HTTP/1.1" 200 1808 "http://ed.activities.at/entry.php?id=11683&chooserview=editnewmenueitem&object=10288619&" "Mozilla/5.0 (Windows NT 10.0; WOW64; rv:51.0) Gecko/20100101 Firefox/51.0"
91.115.234.218 - - [27/Apr/2017:10:24:27 +0200] "POST /entry.php?id=11684 HTTP/1.1" 200 3795 "http://ed.activities.at/entry.php?id=11684&chooserview=editnewmenueitem&object=10288619&" "Mozilla/5.0 (Windows NT 10.0; WOW64; rv:51.0) Gecko/20100101 Firefox/51.0"
91.115.234.218 - - [27/Apr/2017:10:24:28 +0200] "GET /gui/javascript/form_form.js?1493281468 HTTP/1.1" 200 16206 "http://ed.activities.at/entry.php?id=11684" "Mozilla/5.0 (Windows NT 10.0; WOW64; rv:51.0) Gecko/20100101 Firefox/51.0"
91.115.234.218 - - [27/Apr/2017:10:24:29 +0200] "GET /framework/webfx/javascript/tinymce/skins/lightgray/content.min.css HTTP/1.1" 404 327 "http://ed.activities.at/entry.php?id=11684" "Mozilla/5.0 (Windows NT 10.0; WOW64; rv:51.0) Gecko/20100101 Firefox/51.0"
91.115.234.218 - - [27/Apr/2017:10:24:38 +0200] "POST /entry.php?id=11684 HTTP/1.1" 200 4261 "http://ed.activities.at/entry.php?id=11684" "Mozilla/5.0 (Windows NT 10.0; WOW64; rv:51.0) Gecko/20100101 Firefox/51.0"
91.115.234.218 - - [27/Apr/2017:10:24:39 +0200] "GET /gui/javascript/form_form.js?1493281479 HTTP/1.1" 200 16206 "http://ed.activities.at/entry.php?id=11684" "Mozilla/5.0 (Windows NT 10.0; WOW64; rv:51.0) Gecko/20100101 Firefox/51.0"
91.115.234.218 - - [27/Apr/2017:10:24:40 +0200] "GET /framework/webfx/javascript/tinymce/skins/lightgray/content.min.css HTTP/1.1" 404 327 "http://ed.activities.at/entry.php?id=11684" "Mozilla/5.0 (Windows NT 10.0; WOW64; rv:51.0) Gecko/20100101 Firefox/51.0"
91.115.234.218 - - [27/Apr/2017:10:24:58 +0200] "POST /entry.php?id=11677 HTTP/1.1" 200 5111 "http://ed.activities.at/entry.php?id=11677" "Mozilla/5.0 (Windows NT 10.0; WOW64; rv:51.0) Gecko/20100101 Firefox/51.0"
91.115.234.218 - - [27/Apr/2017:10:24:58 +0200] "GET /gui/javascript/form_form.js?1493281498 HTTP/1.1" 200 16206 "http://ed.activities.at/entry.php?id=11677" "Mozilla/5.0 (Windows NT 10.0; WOW64; rv:51.0) Gecko/20100101 Firefox/51.0"
91.115.234.218 - - [27/Apr/2017:10:25:13 +0200] "GET /entry.php?id=10271&&ser=281452 HTTP/1.1" 200 987 "http://ed.activities.at/entry.php?id=10271&&ser=281391" "Mozilla/5.0 (Windows NT 10.0; WOW64; rv:51.0) Gecko/20100101 Firefox/51.0"
91.115.234.218 - - [27/Apr/2017:10:25:13 +0200] "GET /gui/javascript/form_form.js?1493281513 HTTP/1.1" 200 16206 "http://ed.activities.at/entry.php?id=10271&&ser=281452" "Mozilla/5.0 (Windows NT 10.0; WOW64; rv:51.0) Gecko/20100101 Firefox/51.0"
212.108.43.59 - - [27/Apr/2017:10:25:13 +0200] "GET /entry.php?id=10271&&ser=281450 HTTP/1.1" 200 987 "http://ed.activities.at/entry.php?id=10271&&ser=281389" "Mozilla/5.0 (Windows NT 10.0; Win64; x64) AppleWebKit/537.36 (KHTML, like Gecko) Chrome/57.0.2987.133 Safari/537.36"
212.108.43.59 - - [27/Apr/2017:10:25:13 +0200] "GET /gui/javascript/form_form.js?1493281513 HTTP/1.1" 200 16206 "http://ed.activities.at/entry.php?id=10271&&ser=281450" "Mozilla/5.0 (Windows NT 10.0; Win64; x64) AppleWebKit/537.36 (KHTML, like Gecko) Chrome/57.0.2987.133 Safari/537.36"
91.115.234.218 - - [27/Apr/2017:10:26:08 +0200] "POST /entry.php?id=11677 HTTP/1.1" 200 5108 "http://ed.activities.at/entry.php?id=11677" "Mozilla/5.0 (Windows NT 10.0; WOW64; rv:51.0) Gecko/20100101 Firefox/51.0"
91.115.234.218 - - [27/Apr/2017:10:26:08 +0200] "GET /gui/javascript/form_form.js?1493281568 HTTP/1.1" 200 16206 "http://ed.activities.at/entry.php?id=11677" "Mozilla/5.0 (Windows NT 10.0; WOW64; rv:51.0) Gecko/20100101 Firefox/51.0"
91.115.234.218 - - [27/Apr/2017:10:26:13 +0200] "GET /entry.php?id=10271&&ser=281513 HTTP/1.1" 200 987 "http://ed.activities.at/entry.php?id=10271&&ser=281452" "Mozilla/5.0 (Windows NT 10.0; WOW64; rv:51.0) Gecko/20100101 Firefox/51.0"
91.115.234.218 - - [27/Apr/2017:10:26:13 +0200] "GET /gui/javascript/form_form.js?1493281573 HTTP/1.1" 200 16206 "http://ed.activities.at/entry.php?id=10271&&ser=281513" "Mozilla/5.0 (Windows NT 10.0; WOW64; rv:51.0) Gecko/20100101 Firefox/51.0"
212.108.43.59 - - [27/Apr/2017:10:26:14 +0200] "GET /entry.php?id=10271&&ser=281513 HTTP/1.1" 200 987 "http://ed.activities.at/entry.php?id=10271&&ser=281450" "Mozilla/5.0 (Windows NT 10.0; Win64; x64) AppleWebKit/537.36 (KHTML, like Gecko) Chrome/57.0.2987.133 Safari/537.36"
212.108.43.59 - - [27/Apr/2017:10:26:14 +0200] "GET /gui/javascript/form_form.js?1493281574 HTTP/1.1" 200 16206 "http://ed.activities.at/entry.php?id=10271&&ser=281513" "Mozilla/5.0 (Windows NT 10.0; Win64; x64) AppleWebKit/537.36 (KHTML, like Gecko) Chrome/57.0.2987.133 Safari/537.36"
91.115.234.218 - - [27/Apr/2017:10:26:15 +0200] "GET /entry.php?id=11681&chooserview=editnewmenueitem&hidetitle=true&object=10288598 HTTP/1.1" 200 349 "http://ed.activities.at/entry.php?id=11412" "Mozilla/5.0 (Windows NT 10.0; WOW64; rv:51.0) Gecko/20100101 Firefox/51.0"
91.115.234.218 - - [27/Apr/2017:10:26:16 +0200] "GET /entry.php?id=11683&chooserview=editnewmenueitem&object=10288598& HTTP/1.1" 200 2681 "http://ed.activities.at/entry.php?id=11681&chooserview=editnewmenueitem&hidetitle=true&object=10288598" "Mozilla/5.0 (Windows NT 10.0; WOW64; rv:51.0) Gecko/20100101 Firefox/51.0"
91.115.234.218 - - [27/Apr/2017:10:26:16 +0200] "GET /gui/javascript/form_form.js?1493281576 HTTP/1.1" 200 16206 "http://ed.activities.at/entry.php?id=11683&chooserview=editnewmenueitem&object=10288598&" "Mozilla/5.0 (Windows NT 10.0; WOW64; rv:51.0) Gecko/20100101 Firefox/51.0"
91.115.234.218 - - [27/Apr/2017:10:26:16 +0200] "GET /entry.php?id=11684&chooserview=editnewmenueitem&object=10288598& HTTP/1.1" 200 3942 "http://ed.activities.at/entry.php?id=11681&chooserview=editnewmenueitem&hidetitle=true&object=10288598" "Mozilla/5.0 (Windows NT 10.0; WOW64; rv:51.0) Gecko/20100101 Firefox/51.0"
91.115.234.218 - - [27/Apr/2017:10:26:16 +0200] "GET /entry.php?id=10776&form=11508&name=list& HTTP/1.1" 200 1808 "http://ed.activities.at/entry.php?id=11683&chooserview=editnewmenueitem&object=10288598&" "Mozilla/5.0 (Windows NT 10.0; WOW64; rv:51.0) Gecko/20100101 Firefox/51.0"
91.115.234.218 - - [27/Apr/2017:10:26:16 +0200] "GET /entry.php?id=10778&form=11508&name=list& HTTP/1.1" 200 5207 "http://ed.activities.at/entry.php?id=11683&chooserview=editnewmenueitem&object=10288598&" "Mozilla/5.0 (Windows NT 10.0; WOW64; rv:51.0) Gecko/20100101 Firefox/51.0"
91.115.234.218 - - [27/Apr/2017:10:26:19 +0200] "POST /entry.php?id=11684 HTTP/1.1" 200 3417 "http://ed.activities.at/entry.php?id=11684&chooserview=editnewmenueitem&object=10288598&" "Mozilla/5.0 (Windows NT 10.0; WOW64; rv:51.0) Gecko/20100101 Firefox/51.0"
91.115.234.218 - - [27/Apr/2017:10:26:19 +0200] "GET /gui/javascript/form_form.js?1493281579 HTTP/1.1" 200 16206 "http://ed.activities.at/entry.php?id=11684" "Mozilla/5.0 (Windows NT 10.0; WOW64; rv:51.0) Gecko/20100101 Firefox/51.0"
91.115.234.218 - - [27/Apr/2017:10:26:20 +0200] "GET /framework/webfx/javascript/tinymce/skins/lightgray/content.min.css HTTP/1.1" 404 327 "http://ed.activities.at/entry.php?id=11684" "Mozilla/5.0 (Windows NT 10.0; WOW64; rv:51.0) Gecko/20100101 Firefox/51.0"
91.115.234.218 - - [27/Apr/2017:10:26:30 +0200] "POST /entry.php?id=11684 HTTP/1.1" 200 4441 "http://ed.activities.at/entry.php?id=11684" "Mozilla/5.0 (Windows NT 10.0; WOW64; rv:51.0) Gecko/20100101 Firefox/51.0"
91.115.234.218 - - [27/Apr/2017:10:26:30 +0200] "GET /gui/javascript/form_form.js?1493281590 HTTP/1.1" 200 16206 "http://ed.activities.at/entry.php?id=11684" "Mozilla/5.0 (Windows NT 10.0; WOW64; rv:51.0) Gecko/20100101 Firefox/51.0"
91.115.234.218 - - [27/Apr/2017:10:26:31 +0200] "GET /framework/webfx/javascript/tinymce/skins/lightgray/content.min.css HTTP/1.1" 404 327 "http://ed.activities.at/entry.php?id=11684" "Mozilla/5.0 (Windows NT 10.0; WOW64; rv:51.0) Gecko/20100101 Firefox/51.0"
91.115.234.218 - - [27/Apr/2017:10:27:14 +0200] "GET /entry.php?id=10271&&ser=281573 HTTP/1.1" 200 987 "http://ed.activities.at/entry.php?id=10271&&ser=281513" "Mozilla/5.0 (Windows NT 10.0; WOW64; rv:51.0) Gecko/20100101 Firefox/51.0"
91.115.234.218 - - [27/Apr/2017:10:27:14 +0200] "GET /gui/javascript/form_form.js?1493281634 HTTP/1.1" 200 16206 "http://ed.activities.at/entry.php?id=10271&&ser=281573" "Mozilla/5.0 (Windows NT 10.0; WOW64; rv:51.0) Gecko/20100101 Firefox/51.0"
212.108.43.59 - - [27/Apr/2017:10:27:15 +0200] "GET /entry.php?id=10271&&ser=281574 HTTP/1.1" 200 987 "http://ed.activities.at/entry.php?id=10271&&ser=281513" "Mozilla/5.0 (Windows NT 10.0; Win64; x64) AppleWebKit/537.36 (KHTML, like Gecko) Chrome/57.0.2987.133 Safari/537.36"
212.108.43.59 - - [27/Apr/2017:10:27:15 +0200] "GET /gui/javascript/form_form.js?1493281635 HTTP/1.1" 200 16206 "http://ed.activities.at/entry.php?id=10271&&ser=281574" "Mozilla/5.0 (Windows NT 10.0; Win64; x64) AppleWebKit/537.36 (KHTML, like Gecko) Chrome/57.0.2987.133 Safari/537.36"
91.115.234.218 - - [27/Apr/2017:10:27:20 +0200] "POST /entry.php?id=11677 HTTP/1.1" 200 5104 "http://ed.activities.at/entry.php?id=11677" "Mozilla/5.0 (Windows NT 10.0; WOW64; rv:51.0) Gecko/20100101 Firefox/51.0"
91.115.234.218 - - [27/Apr/2017:10:27:21 +0200] "GET /gui/javascript/form_form.js?1493281641 HTTP/1.1" 200 16206 "http://ed.activities.at/entry.php?id=11677" "Mozilla/5.0 (Windows NT 10.0; WOW64; rv:51.0) Gecko/20100101 Firefox/51.0"
91.115.234.218 - - [27/Apr/2017:10:27:24 +0200] "GET /entry.php?id=11681&chooserview=editnewmenueitem&hidetitle=true&object=10288601 HTTP/1.1" 200 348 "http://ed.activities.at/entry.php?id=11412" "Mozilla/5.0 (Windows NT 10.0; WOW64; rv:51.0) Gecko/20100101 Firefox/51.0"
91.115.234.218 - - [27/Apr/2017:10:27:24 +0200] "GET /entry.php?id=11683&chooserview=editnewmenueitem&object=10288601& HTTP/1.1" 200 2681 "http://ed.activities.at/entry.php?id=11681&chooserview=editnewmenueitem&hidetitle=true&object=10288601" "Mozilla/5.0 (Windows NT 10.0; WOW64; rv:51.0) Gecko/20100101 Firefox/51.0"
91.115.234.218 - - [27/Apr/2017:10:27:24 +0200] "GET /gui/javascript/form_form.js?1493281644 HTTP/1.1" 200 16206 "http://ed.activities.at/entry.php?id=11683&chooserview=editnewmenueitem&object=10288601&" "Mozilla/5.0 (Windows NT 10.0; WOW64; rv:51.0) Gecko/20100101 Firefox/51.0"
91.115.234.218 - - [27/Apr/2017:10:27:24 +0200] "GET /entry.php?id=11684&chooserview=editnewmenueitem&object=10288601& HTTP/1.1" 200 3942 "http://ed.activities.at/entry.php?id=11681&chooserview=editnewmenueitem&hidetitle=true&object=10288601" "Mozilla/5.0 (Windows NT 10.0; WOW64; rv:51.0) Gecko/20100101 Firefox/51.0"
91.115.234.218 - - [27/Apr/2017:10:27:25 +0200] "GET /entry.php?id=10776&form=11508&name=list& HTTP/1.1" 200 1808 "http://ed.activities.at/entry.php?id=11683&chooserview=editnewmenueitem&object=10288601&" "Mozilla/5.0 (Windows NT 10.0; WOW64; rv:51.0) Gecko/20100101 Firefox/51.0"
91.115.234.218 - - [27/Apr/2017:10:27:25 +0200] "GET /entry.php?id=10778&form=11508&name=list& HTTP/1.1" 200 5210 "http://ed.activities.at/entry.php?id=11683&chooserview=editnewmenueitem&object=10288601&" "Mozilla/5.0 (Windows NT 10.0; WOW64; rv:51.0) Gecko/20100101 Firefox/51.0"
91.115.234.218 - - [27/Apr/2017:10:27:30 +0200] "POST /entry.php?id=11684 HTTP/1.1" 200 3410 "http://ed.activities.at/entry.php?id=11684&chooserview=editnewmenueitem&object=10288601&" "Mozilla/5.0 (Windows NT 10.0; WOW64; rv:51.0) Gecko/20100101 Firefox/51.0"
91.115.234.218 - - [27/Apr/2017:10:27:30 +0200] "GET /gui/javascript/form_form.js?1493281650 HTTP/1.1" 200 16206 "http://ed.activities.at/entry.php?id=11684" "Mozilla/5.0 (Windows NT 10.0; WOW64; rv:51.0) Gecko/20100101 Firefox/51.0"
91.115.234.218 - - [27/Apr/2017:10:27:31 +0200] "GET /framework/webfx/javascript/tinymce/skins/lightgray/content.min.css HTTP/1.1" 404 327 "http://ed.activities.at/entry.php?id=11684" "Mozilla/5.0 (Windows NT 10.0; WOW64; rv:51.0) Gecko/20100101 Firefox/51.0"
91.115.234.218 - - [27/Apr/2017:10:27:37 +0200] "POST /entry.php?id=11684 HTTP/1.1" 200 4786 "http://ed.activities.at/entry.php?id=11684" "Mozilla/5.0 (Windows NT 10.0; WOW64; rv:51.0) Gecko/20100101 Firefox/51.0"
91.115.234.218 - - [27/Apr/2017:10:27:38 +0200] "GET /gui/javascript/form_form.js?1493281658 HTTP/1.1" 200 16206 "http://ed.activities.at/entry.php?id=11684" "Mozilla/5.0 (Windows NT 10.0; WOW64; rv:51.0) Gecko/20100101 Firefox/51.0"
91.115.234.218 - - [27/Apr/2017:10:27:38 +0200] "GET /framework/webfx/javascript/tinymce/skins/lightgray/content.min.css HTTP/1.1" 404 327 "http://ed.activities.at/entry.php?id=11684" "Mozilla/5.0 (Windows NT 10.0; WOW64; rv:51.0) Gecko/20100101 Firefox/51.0"
91.115.234.218 - - [27/Apr/2017:10:28:13 +0200] "POST /entry.php?id=11677 HTTP/1.1" 200 5130 "http://ed.activities.at/entry.php?id=11677" "Mozilla/5.0 (Windows NT 10.0; WOW64; rv:51.0) Gecko/20100101 Firefox/51.0"
91.115.234.218 - - [27/Apr/2017:10:28:14 +0200] "GET /gui/javascript/form_form.js?1493281694 HTTP/1.1" 200 16206 "http://ed.activities.at/entry.php?id=11677" "Mozilla/5.0 (Windows NT 10.0; WOW64; rv:51.0) Gecko/20100101 Firefox/51.0"
91.115.234.218 - - [27/Apr/2017:10:28:14 +0200] "GET /entry.php?id=10271&&ser=281634 HTTP/1.1" 200 987 "http://ed.activities.at/entry.php?id=10271&&ser=281573" "Mozilla/5.0 (Windows NT 10.0; WOW64; rv:51.0) Gecko/20100101 Firefox/51.0"
212.108.43.59 - - [27/Apr/2017:10:28:16 +0200] "GET /entry.php?id=10271&&ser=281635 HTTP/1.1" 200 987 "http://ed.activities.at/entry.php?id=10271&&ser=281574" "Mozilla/5.0 (Windows NT 10.0; Win64; x64) AppleWebKit/537.36 (KHTML, like Gecko) Chrome/57.0.2987.133 Safari/537.36"
212.108.43.59 - - [27/Apr/2017:10:28:16 +0200] "GET /gui/javascript/form_form.js?1493281696 HTTP/1.1" 200 16206 "http://ed.activities.at/entry.php?id=10271&&ser=281635" "Mozilla/5.0 (Windows NT 10.0; Win64; x64) AppleWebKit/537.36 (KHTML, like Gecko) Chrome/57.0.2987.133 Safari/537.36"
91.115.234.218 - - [27/Apr/2017:10:28:16 +0200] "GET /entry.php?id=11681&chooserview=editnewmenueitem&hidetitle=true&object=10288604 HTTP/1.1" 200 348 "http://ed.activities.at/entry.php?id=11412" "Mozilla/5.0 (Windows NT 10.0; WOW64; rv:51.0) Gecko/20100101 Firefox/51.0"
91.115.234.218 - - [27/Apr/2017:10:28:17 +0200] "GET /entry.php?id=11683&chooserview=editnewmenueitem&object=10288604& HTTP/1.1" 200 2681 "http://ed.activities.at/entry.php?id=11681&chooserview=editnewmenueitem&hidetitle=true&object=10288604" "Mozilla/5.0 (Windows NT 10.0; WOW64; rv:51.0) Gecko/20100101 Firefox/51.0"
