83.65.142.74 - - [03/May/2017:11:57:24 +0200] "GET /gui/javascript/form_form.js?1493805444 HTTP/1.1" 200 16206 "http://easydrivers.activities.at/entry.php?id=10271&&ser=805383" "Mozilla/5.0 (Windows NT 10.0; Trident/7.0; rv:11.0) like Gecko"
91.114.247.177 - - [03/May/2017:11:57:24 +0200] "GET /entry.php?id=10271&&ser=805384 HTTP/1.1" 200 988 "http://ed.activities.at/entry.php?id=10271&&ser=805323" "Mozilla/5.0 (Windows NT 10.0; WOW64; rv:53.0) Gecko/20100101 Firefox/53.0"
91.114.247.177 - - [03/May/2017:11:57:24 +0200] "GET /gui/javascript/form_form.js?1493805444 HTTP/1.1" 200 16206 "http://ed.activities.at/entry.php?id=10271&&ser=805384" "Mozilla/5.0 (Windows NT 10.0; WOW64; rv:53.0) Gecko/20100101 Firefox/53.0"
91.114.247.177 - - [03/May/2017:11:57:24 +0200] "POST /entry.php?id=11677 HTTP/1.1" 200 5234 "http://ed.activities.at/entry.php?id=11677" "Mozilla/5.0 (Windows NT 10.0; WOW64; rv:53.0) Gecko/20100101 Firefox/53.0"
91.114.247.177 - - [03/May/2017:11:57:25 +0200] "GET /gui/javascript/form_form.js?1493805445 HTTP/1.1" 200 16206 "http://ed.activities.at/entry.php?id=11677" "Mozilla/5.0 (Windows NT 10.0; WOW64; rv:53.0) Gecko/20100101 Firefox/53.0"
212.108.43.59 - - [03/May/2017:11:57:25 +0200] "GET /entry.php?id=10271&&ser=805384 HTTP/1.1" 200 987 "http://ed.activities.at/entry.php?id=10271&&ser=805323" "Mozilla/5.0 (Windows NT 10.0; Win64; x64) AppleWebKit/537.36 (KHTML, like Gecko) Chrome/57.0.2987.133 Safari/537.36"
212.108.43.59 - - [03/May/2017:11:57:25 +0200] "GET /gui/javascript/form_form.js?1493805445 HTTP/1.1" 200 16206 "http://ed.activities.at/entry.php?id=10271&&ser=805384" "Mozilla/5.0 (Windows NT 10.0; Win64; x64) AppleWebKit/537.36 (KHTML, like Gecko) Chrome/57.0.2987.133 Safari/537.36"
91.114.247.177 - - [03/May/2017:11:57:28 +0200] "GET /entry.php?id=11681&chooserview=editnewmenueitem&hidetitle=true&object=10288604 HTTP/1.1" 200 348 "http://ed.activities.at/entry.php?id=11412" "Mozilla/5.0 (Windows NT 10.0; WOW64; rv:53.0) Gecko/20100101 Firefox/53.0"
91.114.247.177 - - [03/May/2017:11:57:28 +0200] "GET /entry.php?id=11683&chooserview=editnewmenueitem&object=10288604& HTTP/1.1" 200 2681 "http://ed.activities.at/entry.php?id=11681&chooserview=editnewmenueitem&hidetitle=true&object=10288604" "Mozilla/5.0 (Windows NT 10.0; WOW64; rv:53.0) Gecko/20100101 Firefox/53.0"
91.114.247.177 - - [03/May/2017:11:57:29 +0200] "GET /gui/javascript/form_form.js?1493805449 HTTP/1.1" 200 16206 "http://ed.activities.at/entry.php?id=11683&chooserview=editnewmenueitem&object=10288604&" "Mozilla/5.0 (Windows NT 10.0; WOW64; rv:53.0) Gecko/20100101 Firefox/53.0"
91.114.247.177 - - [03/May/2017:11:57:28 +0200] "GET /entry.php?id=11684&chooserview=editnewmenueitem&object=10288604& HTTP/1.1" 200 3992 "http://ed.activities.at/entry.php?id=11681&chooserview=editnewmenueitem&hidetitle=true&object=10288604" "Mozilla/5.0 (Windows NT 10.0; WOW64; rv:53.0) Gecko/20100101 Firefox/53.0"
91.114.247.177 - - [03/May/2017:11:57:29 +0200] "GET /entry.php?id=10776&form=11508&name=list& HTTP/1.1" 200 1808 "http://ed.activities.at/entry.php?id=11683&chooserview=editnewmenueitem&object=10288604&" "Mozilla/5.0 (Windows NT 10.0; WOW64; rv:53.0) Gecko/20100101 Firefox/53.0"
91.114.247.177 - - [03/May/2017:11:57:29 +0200] "GET /entry.php?id=10778&form=11508&name=list& HTTP/1.1" 200 5263 "http://ed.activities.at/entry.php?id=11683&chooserview=editnewmenueitem&object=10288604&" "Mozilla/5.0 (Windows NT 10.0; WOW64; rv:53.0) Gecko/20100101 Firefox/53.0"
91.114.247.177 - - [03/May/2017:11:57:30 +0200] "POST /entry.php?id=11684 HTTP/1.1" 200 4191 "http://ed.activities.at/entry.php?id=11684&chooserview=editnewmenueitem&object=10288604&" "Mozilla/5.0 (Windows NT 10.0; WOW64; rv:53.0) Gecko/20100101 Firefox/53.0"
91.114.247.177 - - [03/May/2017:11:57:31 +0200] "GET /gui/javascript/form_form.js?1493805451 HTTP/1.1" 200 16206 "http://ed.activities.at/entry.php?id=11684" "Mozilla/5.0 (Windows NT 10.0; WOW64; rv:53.0) Gecko/20100101 Firefox/53.0"
91.114.247.177 - - [03/May/2017:11:57:32 +0200] "GET /framework/webfx/javascript/tinymce/skins/lightgray/content.min.css HTTP/1.1" 404 327 "http://ed.activities.at/entry.php?id=11684" "Mozilla/5.0 (Windows NT 10.0; WOW64; rv:53.0) Gecko/20100101 Firefox/53.0"
91.114.247.177 - - [03/May/2017:11:57:52 +0200] "POST /entry.php?id=11684 HTTP/1.1" 200 4534 "http://ed.activities.at/entry.php?id=11684" "Mozilla/5.0 (Windows NT 10.0; WOW64; rv:53.0) Gecko/20100101 Firefox/53.0"
91.114.247.177 - - [03/May/2017:11:57:53 +0200] "GET /gui/javascript/form_form.js?1493805473 HTTP/1.1" 200 16206 "http://ed.activities.at/entry.php?id=11684" "Mozilla/5.0 (Windows NT 10.0; WOW64; rv:53.0) Gecko/20100101 Firefox/53.0"
91.114.247.177 - - [03/May/2017:11:57:54 +0200] "GET /framework/webfx/javascript/tinymce/skins/lightgray/content.min.css HTTP/1.1" 404 327 "http://ed.activities.at/entry.php?id=11684" "Mozilla/5.0 (Windows NT 10.0; WOW64; rv:53.0) Gecko/20100101 Firefox/53.0"
213.47.172.74 - - [03/May/2017:11:57:55 +0200] "GET /framework/icons/rowselect.gif HTTP/1.1" 200 67 "http://easydrivers.activities.at/entry.php?id=10778&form=11497&name=list&" "Mozilla/5.0 (Windows NT 6.1; Win64; x64) AppleWebKit/537.36 (KHTML, like Gecko) Chrome/57.0.2987.133 Safari/537.36"
213.47.172.74 - - [03/May/2017:11:57:55 +0200] "POST /entry.php?id=11671 HTTP/1.1" 200 4831 "http://easydrivers.activities.at/entry.php?id=11671&" "Mozilla/5.0 (Windows NT 6.1; Win64; x64) AppleWebKit/537.36 (KHTML, like Gecko) Chrome/57.0.2987.133 Safari/537.36"
213.47.172.74 - - [03/May/2017:11:57:56 +0200] "GET /gui/javascript/form_form.js?1493805476 HTTP/1.1" 200 16206 "http://easydrivers.activities.at/entry.php?id=11671" "Mozilla/5.0 (Windows NT 6.1; Win64; x64) AppleWebKit/537.36 (KHTML, like Gecko) Chrome/57.0.2987.133 Safari/537.36"
213.47.172.74 - - [03/May/2017:11:57:57 +0200] "GET /gui/images/icons/calendar.png HTTP/1.1" 200 675 "http://easydrivers.activities.at/entry.php?id=11671" "Mozilla/5.0 (Windows NT 6.1; Win64; x64) AppleWebKit/537.36 (KHTML, like Gecko) Chrome/57.0.2987.133 Safari/537.36"
213.47.172.74 - - [03/May/2017:11:57:56 +0200] "GET /entry.php?id=10776&form=11496&name=list& HTTP/1.1" 200 1518 "http://easydrivers.activities.at/entry.php?id=11671" "Mozilla/5.0 (Windows NT 6.1; Win64; x64) AppleWebKit/537.36 (KHTML, like Gecko) Chrome/57.0.2987.133 Safari/537.36"
213.47.172.74 - - [03/May/2017:11:57:57 +0200] "GET /entry.php?id=10778&form=11496&name=list& HTTP/1.1" 200 3551 "http://easydrivers.activities.at/entry.php?id=11671" "Mozilla/5.0 (Windows NT 6.1; Win64; x64) AppleWebKit/537.36 (KHTML, like Gecko) Chrome/57.0.2987.133 Safari/537.36"
91.114.247.177 - - [03/May/2017:11:57:58 +0200] "POST /entry.php?id=11677 HTTP/1.1" 200 5209 "http://ed.activities.at/entry.php?id=11677" "Mozilla/5.0 (Windows NT 10.0; WOW64; rv:53.0) Gecko/20100101 Firefox/53.0"
91.114.247.177 - - [03/May/2017:11:57:59 +0200] "GET /gui/javascript/form_form.js?1493805478 HTTP/1.1" 200 16206 "http://ed.activities.at/entry.php?id=11677" "Mozilla/5.0 (Windows NT 10.0; WOW64; rv:53.0) Gecko/20100101 Firefox/53.0"
213.47.172.74 - - [03/May/2017:11:58:00 +0200] "GET /entry.php?id=10271&&ser=805419 HTTP/1.1" 200 986 "http://easydrivers.activities.at/entry.php?id=10271&&ser=805359" "Mozilla/5.0 (Windows NT 6.1; Win64; x64) AppleWebKit/537.36 (KHTML, like Gecko) Chrome/57.0.2987.133 Safari/537.36"
213.47.172.74 - - [03/May/2017:11:58:00 +0200] "GET /gui/javascript/form_form.js?1493805480 HTTP/1.1" 200 16206 "http://easydrivers.activities.at/entry.php?id=10271&&ser=805419" "Mozilla/5.0 (Windows NT 6.1; Win64; x64) AppleWebKit/537.36 (KHTML, like Gecko) Chrome/57.0.2987.133 Safari/537.36"
91.114.247.177 - - [03/May/2017:11:58:03 +0200] "GET /entry.php?id=11681&chooserview=editnewmenueitem&hidetitle=true&object=10288601 HTTP/1.1" 200 348 "http://ed.activities.at/entry.php?id=11412" "Mozilla/5.0 (Windows NT 10.0; WOW64; rv:53.0) Gecko/20100101 Firefox/53.0"
91.114.247.177 - - [03/May/2017:11:58:03 +0200] "GET /entry.php?id=11683&chooserview=editnewmenueitem&object=10288601& HTTP/1.1" 200 2680 "http://ed.activities.at/entry.php?id=11681&chooserview=editnewmenueitem&hidetitle=true&object=10288601" "Mozilla/5.0 (Windows NT 10.0; WOW64; rv:53.0) Gecko/20100101 Firefox/53.0"
91.114.247.177 - - [03/May/2017:11:58:04 +0200] "GET /gui/javascript/form_form.js?1493805483 HTTP/1.1" 200 16206 "http://ed.activities.at/entry.php?id=11683&chooserview=editnewmenueitem&object=10288601&" "Mozilla/5.0 (Windows NT 10.0; WOW64; rv:53.0) Gecko/20100101 Firefox/53.0"
91.114.247.177 - - [03/May/2017:11:58:03 +0200] "GET /entry.php?id=11684&chooserview=editnewmenueitem&object=10288601& HTTP/1.1" 200 3969 "http://ed.activities.at/entry.php?id=11681&chooserview=editnewmenueitem&hidetitle=true&object=10288601" "Mozilla/5.0 (Windows NT 10.0; WOW64; rv:53.0) Gecko/20100101 Firefox/53.0"
91.114.247.177 - - [03/May/2017:11:58:04 +0200] "GET /gui/javascript/form_form.js?1493805484 HTTP/1.1" 200 16206 "http://ed.activities.at/entry.php?id=11684&chooserview=editnewmenueitem&object=10288601&" "Mozilla/5.0 (Windows NT 10.0; WOW64; rv:53.0) Gecko/20100101 Firefox/53.0"
91.114.247.177 - - [03/May/2017:11:58:04 +0200] "GET /entry.php?id=10776&form=11508&name=list& HTTP/1.1" 200 1808 "http://ed.activities.at/entry.php?id=11683&chooserview=editnewmenueitem&object=10288601&" "Mozilla/5.0 (Windows NT 10.0; WOW64; rv:53.0) Gecko/20100101 Firefox/53.0"
91.114.247.177 - - [03/May/2017:11:58:04 +0200] "GET /entry.php?id=10778&form=11508&name=list& HTTP/1.1" 200 5260 "http://ed.activities.at/entry.php?id=11683&chooserview=editnewmenueitem&object=10288601&" "Mozilla/5.0 (Windows NT 10.0; WOW64; rv:53.0) Gecko/20100101 Firefox/53.0"
91.114.247.177 - - [03/May/2017:11:58:10 +0200] "POST /entry.php?id=11684 HTTP/1.1" 200 4446 "http://ed.activities.at/entry.php?id=11684&chooserview=editnewmenueitem&object=10288601&" "Mozilla/5.0 (Windows NT 10.0; WOW64; rv:53.0) Gecko/20100101 Firefox/53.0"
91.114.247.177 - - [03/May/2017:11:58:11 +0200] "GET /gui/javascript/form_form.js?1493805491 HTTP/1.1" 200 16206 "http://ed.activities.at/entry.php?id=11684" "Mozilla/5.0 (Windows NT 10.0; WOW64; rv:53.0) Gecko/20100101 Firefox/53.0"
91.114.247.177 - - [03/May/2017:11:58:12 +0200] "GET /framework/webfx/javascript/tinymce/skins/lightgray/content.min.css HTTP/1.1" 404 327 "http://ed.activities.at/entry.php?id=11684" "Mozilla/5.0 (Windows NT 10.0; WOW64; rv:53.0) Gecko/20100101 Firefox/53.0"
91.114.247.177 - - [03/May/2017:11:58:23 +0200] "POST /entry.php?id=11684 HTTP/1.1" 200 4795 "http://ed.activities.at/entry.php?id=11684" "Mozilla/5.0 (Windows NT 10.0; WOW64; rv:53.0) Gecko/20100101 Firefox/53.0"
91.114.247.177 - - [03/May/2017:11:58:23 +0200] "GET /gui/javascript/form_form.js?1493805503 HTTP/1.1" 200 16206 "http://ed.activities.at/entry.php?id=11684" "Mozilla/5.0 (Windows NT 10.0; WOW64; rv:53.0) Gecko/20100101 Firefox/53.0"
91.114.247.177 - - [03/May/2017:11:58:24 +0200] "GET /framework/webfx/javascript/tinymce/skins/lightgray/content.min.css HTTP/1.1" 404 327 "http://ed.activities.at/entry.php?id=11684" "Mozilla/5.0 (Windows NT 10.0; WOW64; rv:53.0) Gecko/20100101 Firefox/53.0"
91.114.247.177 - - [03/May/2017:11:58:25 +0200] "GET /entry.php?id=10271&&ser=805444 HTTP/1.1" 200 988 "http://ed.activities.at/entry.php?id=10271&&ser=805384" "Mozilla/5.0 (Windows NT 10.0; WOW64; rv:53.0) Gecko/20100101 Firefox/53.0"
91.114.247.177 - - [03/May/2017:11:58:25 +0200] "GET /gui/javascript/form_form.js?1493805505 HTTP/1.1" 200 16206 "http://ed.activities.at/entry.php?id=10271&&ser=805444" "Mozilla/5.0 (Windows NT 10.0; WOW64; rv:53.0) Gecko/20100101 Firefox/53.0"
83.65.142.74 - - [03/May/2017:11:58:25 +0200] "GET /entry.php?id=10271&&ser=805444 HTTP/1.1" 200 988 "http://easydrivers.activities.at/entry.php?id=10271&&ser=805383" "Mozilla/5.0 (Windows NT 10.0; Trident/7.0; rv:11.0) like Gecko"
83.65.142.74 - - [03/May/2017:11:58:25 +0200] "GET /gui/javascript/form_form.js?1493805505 HTTP/1.1" 200 16206 "http://easydrivers.activities.at/entry.php?id=10271&&ser=805444" "Mozilla/5.0 (Windows NT 10.0; Trident/7.0; rv:11.0) like Gecko"
212.108.43.59 - - [03/May/2017:11:58:26 +0200] "GET /entry.php?id=10271&&ser=805445 HTTP/1.1" 200 987 "http://ed.activities.at/entry.php?id=10271&&ser=805384" "Mozilla/5.0 (Windows NT 10.0; Win64; x64) AppleWebKit/537.36 (KHTML, like Gecko) Chrome/57.0.2987.133 Safari/537.36"
212.108.43.59 - - [03/May/2017:11:58:26 +0200] "GET /gui/javascript/form_form.js?1493805506 HTTP/1.1" 200 16206 "http://ed.activities.at/entry.php?id=10271&&ser=805445" "Mozilla/5.0 (Windows NT 10.0; Win64; x64) AppleWebKit/537.36 (KHTML, like Gecko) Chrome/57.0.2987.133 Safari/537.36"
91.114.247.177 - - [03/May/2017:11:58:28 +0200] "POST /entry.php?id=11677 HTTP/1.1" 200 5210 "http://ed.activities.at/entry.php?id=11677" "Mozilla/5.0 (Windows NT 10.0; WOW64; rv:53.0) Gecko/20100101 Firefox/53.0"
91.114.247.177 - - [03/May/2017:11:58:28 +0200] "GET /gui/javascript/form_form.js?1493805508 HTTP/1.1" 200 16206 "http://ed.activities.at/entry.php?id=11677" "Mozilla/5.0 (Windows NT 10.0; WOW64; rv:53.0) Gecko/20100101 Firefox/53.0"
91.114.247.177 - - [03/May/2017:11:58:32 +0200] "GET /entry.php?id=11681&chooserview=editnewmenueitem&hidetitle=true&object=10288598 HTTP/1.1" 200 349 "http://ed.activities.at/entry.php?id=11412" "Mozilla/5.0 (Windows NT 10.0; WOW64; rv:53.0) Gecko/20100101 Firefox/53.0"
91.114.247.177 - - [03/May/2017:11:58:33 +0200] "GET /entry.php?id=11683&chooserview=editnewmenueitem&object=10288598& HTTP/1.1" 200 2681 "http://ed.activities.at/entry.php?id=11681&chooserview=editnewmenueitem&hidetitle=true&object=10288598" "Mozilla/5.0 (Windows NT 10.0; WOW64; rv:53.0) Gecko/20100101 Firefox/53.0"
91.114.247.177 - - [03/May/2017:11:58:33 +0200] "GET /gui/javascript/form_form.js?1493805513 HTTP/1.1" 200 16206 "http://ed.activities.at/entry.php?id=11683&chooserview=editnewmenueitem&object=10288598&" "Mozilla/5.0 (Windows NT 10.0; WOW64; rv:53.0) Gecko/20100101 Firefox/53.0"
91.114.247.177 - - [03/May/2017:11:58:33 +0200] "GET /entry.php?id=11684&chooserview=editnewmenueitem&object=10288598& HTTP/1.1" 200 3968 "http://ed.activities.at/entry.php?id=11681&chooserview=editnewmenueitem&hidetitle=true&object=10288598" "Mozilla/5.0 (Windows NT 10.0; WOW64; rv:53.0) Gecko/20100101 Firefox/53.0"
91.114.247.177 - - [03/May/2017:11:58:33 +0200] "GET /entry.php?id=10776&form=11508&name=list& HTTP/1.1" 200 1808 "http://ed.activities.at/entry.php?id=11683&chooserview=editnewmenueitem&object=10288598&" "Mozilla/5.0 (Windows NT 10.0; WOW64; rv:53.0) Gecko/20100101 Firefox/53.0"
91.114.247.177 - - [03/May/2017:11:58:33 +0200] "GET /entry.php?id=10778&form=11508&name=list& HTTP/1.1" 200 5262 "http://ed.activities.at/entry.php?id=11683&chooserview=editnewmenueitem&object=10288598&" "Mozilla/5.0 (Windows NT 10.0; WOW64; rv:53.0) Gecko/20100101 Firefox/53.0"
91.114.247.177 - - [03/May/2017:11:58:35 +0200] "POST /entry.php?id=11684 HTTP/1.1" 200 4099 "http://ed.activities.at/entry.php?id=11684&chooserview=editnewmenueitem&object=10288598&" "Mozilla/5.0 (Windows NT 10.0; WOW64; rv:53.0) Gecko/20100101 Firefox/53.0"
91.114.247.177 - - [03/May/2017:11:58:35 +0200] "GET /gui/javascript/form_form.js?1493805515 HTTP/1.1" 200 16206 "http://ed.activities.at/entry.php?id=11684" "Mozilla/5.0 (Windows NT 10.0; WOW64; rv:53.0) Gecko/20100101 Firefox/53.0"
213.47.172.74 - - [03/May/2017:11:58:35 +0200] "POST /entry.php?id=11671 HTTP/1.1" 200 5005 "http://easydrivers.activities.at/entry.php?id=11671" "Mozilla/5.0 (Windows NT 6.1; Win64; x64) AppleWebKit/537.36 (KHTML, like Gecko) Chrome/57.0.2987.133 Safari/537.36"
213.47.172.74 - - [03/May/2017:11:58:36 +0200] "GET /gui/javascript/form_form.js?1493805516 HTTP/1.1" 200 16206 "http://easydrivers.activities.at/entry.php?id=11671" "Mozilla/5.0 (Windows NT 6.1; Win64; x64) AppleWebKit/537.36 (KHTML, like Gecko) Chrome/57.0.2987.133 Safari/537.36"
213.47.172.74 - - [03/May/2017:11:58:36 +0200] "GET /entry.php?id=10776&form=11496&name=list& HTTP/1.1" 200 1518 "http://easydrivers.activities.at/entry.php?id=11671" "Mozilla/5.0 (Windows NT 6.1; Win64; x64) AppleWebKit/537.36 (KHTML, like Gecko) Chrome/57.0.2987.133 Safari/537.36"
213.47.172.74 - - [03/May/2017:11:58:36 +0200] "GET /entry.php?id=10778&form=11496&name=list& HTTP/1.1" 200 3551 "http://easydrivers.activities.at/entry.php?id=11671" "Mozilla/5.0 (Windows NT 6.1; Win64; x64) AppleWebKit/537.36 (KHTML, like Gecko) Chrome/57.0.2987.133 Safari/537.36"
91.114.247.177 - - [03/May/2017:11:58:36 +0200] "GET /framework/webfx/javascript/tinymce/skins/lightgray/content.min.css HTTP/1.1" 404 327 "http://ed.activities.at/entry.php?id=11684" "Mozilla/5.0 (Windows NT 10.0; WOW64; rv:53.0) Gecko/20100101 Firefox/53.0"
213.47.172.74 - - [03/May/2017:11:58:38 +0200] "POST /entry.php?id=11671 HTTP/1.1" 200 3278 "http://easydrivers.activities.at/entry.php?id=11671" "Mozilla/5.0 (Windows NT 6.1; Win64; x64) AppleWebKit/537.36 (KHTML, like Gecko) Chrome/57.0.2987.133 Safari/537.36"
213.47.172.74 - - [03/May/2017:11:58:38 +0200] "GET /gui/javascript/form_form.js?1493805518 HTTP/1.1" 200 16206 "http://easydrivers.activities.at/entry.php?id=11671" "Mozilla/5.0 (Windows NT 6.1; Win64; x64) AppleWebKit/537.36 (KHTML, like Gecko) Chrome/57.0.2987.133 Safari/537.36"
213.47.172.74 - - [03/May/2017:11:58:39 +0200] "GET /framework/webfx/javascript/tinymce/skins/lightgray/content.min.css HTTP/1.1" 404 331 "http://easydrivers.activities.at/entry.php?id=11671" "Mozilla/5.0 (Windows NT 6.1; Win64; x64) AppleWebKit/537.36 (KHTML, like Gecko) Chrome/57.0.2987.133 Safari/537.36"
213.47.172.74 - - [03/May/2017:11:58:39 +0200] "GET /framework/webfx/javascript/tinymce/skins/lightgray/fonts/tinymce-small.woff HTTP/1.1" 200 7848 "http://easydrivers.activities.at/framework/webfx/javascript/tinymce/skins/lightgray/skin.min.css" "Mozilla/5.0 (Windows NT 6.1; Win64; x64) AppleWebKit/537.36 (KHTML, like Gecko) Chrome/57.0.2987.133 Safari/537.36"
91.114.247.177 - - [03/May/2017:11:58:50 +0200] "POST /entry.php?id=11684 HTTP/1.1" 200 4442 "http://ed.activities.at/entry.php?id=11684" "Mozilla/5.0 (Windows NT 10.0; WOW64; rv:53.0) Gecko/20100101 Firefox/53.0"
91.114.247.177 - - [03/May/2017:11:58:51 +0200] "GET /gui/javascript/form_form.js?1493805530 HTTP/1.1" 200 16206 "http://ed.activities.at/entry.php?id=11684" "Mozilla/5.0 (Windows NT 10.0; WOW64; rv:53.0) Gecko/20100101 Firefox/53.0"
91.114.247.177 - - [03/May/2017:11:58:51 +0200] "GET /framework/webfx/javascript/tinymce/skins/lightgray/content.min.css HTTP/1.1" 404 327 "http://ed.activities.at/entry.php?id=11684" "Mozilla/5.0 (Windows NT 10.0; WOW64; rv:53.0) Gecko/20100101 Firefox/53.0"
91.114.247.177 - - [03/May/2017:11:58:55 +0200] "POST /entry.php?id=11677 HTTP/1.1" 200 5218 "http://ed.activities.at/entry.php?id=11677" "Mozilla/5.0 (Windows NT 10.0; WOW64; rv:53.0) Gecko/20100101 Firefox/53.0"
91.114.247.177 - - [03/May/2017:11:58:56 +0200] "GET /gui/javascript/form_form.js?1493805536 HTTP/1.1" 200 16206 "http://ed.activities.at/entry.php?id=11677" "Mozilla/5.0 (Windows NT 10.0; WOW64; rv:53.0) Gecko/20100101 Firefox/53.0"
91.114.247.177 - - [03/May/2017:11:58:59 +0200] "GET /entry.php?id=11681&chooserview=editnewmenueitem&hidetitle=true&object=10288595 HTTP/1.1" 200 349 "http://ed.activities.at/entry.php?id=11412" "Mozilla/5.0 (Windows NT 10.0; WOW64; rv:53.0) Gecko/20100101 Firefox/53.0"
91.114.247.177 - - [03/May/2017:11:58:59 +0200] "GET /entry.php?id=11683&chooserview=editnewmenueitem&object=10288595& HTTP/1.1" 200 2682 "http://ed.activities.at/entry.php?id=11681&chooserview=editnewmenueitem&hidetitle=true&object=10288595" "Mozilla/5.0 (Windows NT 10.0; WOW64; rv:53.0) Gecko/20100101 Firefox/53.0"
91.114.247.177 - - [03/May/2017:11:58:59 +0200] "GET /gui/javascript/form_form.js?1493805539 HTTP/1.1" 200 16206 "http://ed.activities.at/entry.php?id=11683&chooserview=editnewmenueitem&object=10288595&" "Mozilla/5.0 (Windows NT 10.0; WOW64; rv:53.0) Gecko/20100101 Firefox/53.0"
91.114.247.177 - - [03/May/2017:11:58:59 +0200] "GET /entry.php?id=11684&chooserview=editnewmenueitem&object=10288595& HTTP/1.1" 200 3972 "http://ed.activities.at/entry.php?id=11681&chooserview=editnewmenueitem&hidetitle=true&object=10288595" "Mozilla/5.0 (Windows NT 10.0; WOW64; rv:53.0) Gecko/20100101 Firefox/53.0"
91.114.247.177 - - [03/May/2017:11:59:00 +0200] "GET /gui/javascript/form_form.js?1493805540 HTTP/1.1" 200 16206 "http://ed.activities.at/entry.php?id=11684&chooserview=editnewmenueitem&object=10288595&" "Mozilla/5.0 (Windows NT 10.0; WOW64; rv:53.0) Gecko/20100101 Firefox/53.0"
91.114.247.177 - - [03/May/2017:11:59:00 +0200] "GET /entry.php?id=10776&form=11508&name=list& HTTP/1.1" 200 1808 "http://ed.activities.at/entry.php?id=11683&chooserview=editnewmenueitem&object=10288595&" "Mozilla/5.0 (Windows NT 10.0; WOW64; rv:53.0) Gecko/20100101 Firefox/53.0"
91.114.247.177 - - [03/May/2017:11:59:00 +0200] "GET /entry.php?id=10778&form=11508&name=list& HTTP/1.1" 200 5261 "http://ed.activities.at/entry.php?id=11683&chooserview=editnewmenueitem&object=10288595&" "Mozilla/5.0 (Windows NT 10.0; WOW64; rv:53.0) Gecko/20100101 Firefox/53.0"
213.47.172.74 - - [03/May/2017:11:59:00 +0200] "GET /entry.php?id=10271&&ser=805480 HTTP/1.1" 200 987 "http://easydrivers.activities.at/entry.php?id=10271&&ser=805419" "Mozilla/5.0 (Windows NT 6.1; Win64; x64) AppleWebKit/537.36 (KHTML, like Gecko) Chrome/57.0.2987.133 Safari/537.36"
213.47.172.74 - - [03/May/2017:11:59:00 +0200] "GET /gui/javascript/form_form.js?1493805540 HTTP/1.1" 200 16206 "http://easydrivers.activities.at/entry.php?id=10271&&ser=805480" "Mozilla/5.0 (Windows NT 6.1; Win64; x64) AppleWebKit/537.36 (KHTML, like Gecko) Chrome/57.0.2987.133 Safari/537.36"
91.114.247.177 - - [03/May/2017:11:59:05 +0200] "POST /entry.php?id=11684 HTTP/1.1" 200 3914 "http://ed.activities.at/entry.php?id=11684&chooserview=editnewmenueitem&object=10288595&" "Mozilla/5.0 (Windows NT 10.0; WOW64; rv:53.0) Gecko/20100101 Firefox/53.0"
91.114.247.177 - - [03/May/2017:11:59:06 +0200] "GET /gui/javascript/form_form.js?1493805546 HTTP/1.1" 200 16206 "http://ed.activities.at/entry.php?id=11684" "Mozilla/5.0 (Windows NT 10.0; WOW64; rv:53.0) Gecko/20100101 Firefox/53.0"
213.47.172.74 - - [03/May/2017:11:59:00 +0200] "POST /entry.php?id=11671 HTTP/1.1" 200 3456 "http://easydrivers.activities.at/entry.php?id=11671" "Mozilla/5.0 (Windows NT 6.1; Win64; x64) AppleWebKit/537.36 (KHTML, like Gecko) Chrome/57.0.2987.133 Safari/537.36"
213.47.172.74 - - [03/May/2017:11:59:06 +0200] "GET /gui/javascript/form_form.js?1493805546 HTTP/1.1" 200 16206 "http://easydrivers.activities.at/entry.php?id=11671" "Mozilla/5.0 (Windows NT 6.1; Win64; x64) AppleWebKit/537.36 (KHTML, like Gecko) Chrome/57.0.2987.133 Safari/537.36"
91.114.247.177 - - [03/May/2017:11:59:06 +0200] "GET /framework/webfx/javascript/tinymce/skins/lightgray/content.min.css HTTP/1.1" 404 327 "http://ed.activities.at/entry.php?id=11684" "Mozilla/5.0 (Windows NT 10.0; WOW64; rv:53.0) Gecko/20100101 Firefox/53.0"
213.47.172.74 - - [03/May/2017:11:59:06 +0200] "GET /framework/webfx/javascript/tinymce/skins/lightgray/content.min.css HTTP/1.1" 404 331 "http://easydrivers.activities.at/entry.php?id=11671" "Mozilla/5.0 (Windows NT 6.1; Win64; x64) AppleWebKit/537.36 (KHTML, like Gecko) Chrome/57.0.2987.133 Safari/537.36"
213.47.172.74 - - [03/May/2017:11:59:08 +0200] "POST /entry.php?id=11671 HTTP/1.1" 200 4842 "http://easydrivers.activities.at/entry.php?id=11671" "Mozilla/5.0 (Windows NT 6.1; Win64; x64) AppleWebKit/537.36 (KHTML, like Gecko) Chrome/57.0.2987.133 Safari/537.36"
213.47.172.74 - - [03/May/2017:11:59:10 +0200] "GET /gui/javascript/form_form.js?1493805549 HTTP/1.1" 200 16206 "http://easydrivers.activities.at/entry.php?id=11671" "Mozilla/5.0 (Windows NT 6.1; Win64; x64) AppleWebKit/537.36 (KHTML, like Gecko) Chrome/57.0.2987.133 Safari/537.36"
213.47.172.74 - - [03/May/2017:11:59:10 +0200] "GET /entry.php?id=10776&form=11496&name=list& HTTP/1.1" 200 1518 "http://easydrivers.activities.at/entry.php?id=11671" "Mozilla/5.0 (Windows NT 6.1; Win64; x64) AppleWebKit/537.36 (KHTML, like Gecko) Chrome/57.0.2987.133 Safari/537.36"
213.47.172.74 - - [03/May/2017:11:59:10 +0200] "GET /entry.php?id=10778&form=11496&name=list& HTTP/1.1" 200 3551 "http://easydrivers.activities.at/entry.php?id=11671" "Mozilla/5.0 (Windows NT 6.1; Win64; x64) AppleWebKit/537.36 (KHTML, like Gecko) Chrome/57.0.2987.133 Safari/537.36"
213.47.172.74 - - [03/May/2017:11:59:11 +0200] "POST /entry.php?id=11671 HTTP/1.1" 200 4991 "http://easydrivers.activities.at/entry.php?id=11671" "Mozilla/5.0 (Windows NT 6.1; Win64; x64) AppleWebKit/537.36 (KHTML, like Gecko) Chrome/57.0.2987.133 Safari/537.36"
213.47.172.74 - - [03/May/2017:11:59:13 +0200] "GET /gui/javascript/form_form.js?1493805553 HTTP/1.1" 200 16206 "http://easydrivers.activities.at/entry.php?id=11671" "Mozilla/5.0 (Windows NT 6.1; Win64; x64) AppleWebKit/537.36 (KHTML, like Gecko) Chrome/57.0.2987.133 Safari/537.36"
213.47.172.74 - - [03/May/2017:11:59:13 +0200] "GET /entry.php?id=10776&form=11496&name=list& HTTP/1.1" 200 1518 "http://easydrivers.activities.at/entry.php?id=11671" "Mozilla/5.0 (Windows NT 6.1; Win64; x64) AppleWebKit/537.36 (KHTML, like Gecko) Chrome/57.0.2987.133 Safari/537.36"
213.47.172.74 - - [03/May/2017:11:59:13 +0200] "GET /entry.php?id=10778&form=11496&name=list& HTTP/1.1" 200 3551 "http://easydrivers.activities.at/entry.php?id=11671" "Mozilla/5.0 (Windows NT 6.1; Win64; x64) AppleWebKit/537.36 (KHTML, like Gecko) Chrome/57.0.2987.133 Safari/537.36"
213.47.172.74 - - [03/May/2017:11:59:14 +0200] "POST /entry.php?id=11671 HTTP/1.1" 200 4839 "http://easydrivers.activities.at/entry.php?id=11671" "Mozilla/5.0 (Windows NT 6.1; Win64; x64) AppleWebKit/537.36 (KHTML, like Gecko) Chrome/57.0.2987.133 Safari/537.36"
213.47.172.74 - - [03/May/2017:11:59:15 +0200] "GET /gui/javascript/form_form.js?1493805555 HTTP/1.1" 200 16206 "http://easydrivers.activities.at/entry.php?id=11671" "Mozilla/5.0 (Windows NT 6.1; Win64; x64) AppleWebKit/537.36 (KHTML, like Gecko) Chrome/57.0.2987.133 Safari/537.36"
213.47.172.74 - - [03/May/2017:11:59:16 +0200] "GET /entry.php?id=10776&form=11496&name=list& HTTP/1.1" 200 1518 "http://easydrivers.activities.at/entry.php?id=11671" "Mozilla/5.0 (Windows NT 6.1; Win64; x64) AppleWebKit/537.36 (KHTML, like Gecko) Chrome/57.0.2987.133 Safari/537.36"
213.47.172.74 - - [03/May/2017:11:59:16 +0200] "GET /entry.php?id=10778&form=11496&name=list& HTTP/1.1" 200 3551 "http://easydrivers.activities.at/entry.php?id=11671" "Mozilla/5.0 (Windows NT 6.1; Win64; x64) AppleWebKit/537.36 (KHTML, like Gecko) Chrome/57.0.2987.133 Safari/537.36"
91.114.247.177 - - [03/May/2017:11:59:23 +0200] "POST /entry.php?id=11677 HTTP/1.1" 200 5207 "http://ed.activities.at/entry.php?id=11677" "Mozilla/5.0 (Windows NT 10.0; WOW64; rv:53.0) Gecko/20100101 Firefox/53.0"
91.114.247.177 - - [03/May/2017:11:59:23 +0200] "GET /gui/javascript/form_form.js?1493805563 HTTP/1.1" 200 16206 "http://ed.activities.at/entry.php?id=11677" "Mozilla/5.0 (Windows NT 10.0; WOW64; rv:53.0) Gecko/20100101 Firefox/53.0"
91.114.247.177 - - [03/May/2017:11:59:25 +0200] "GET /entry.php?id=10271&&ser=805505 HTTP/1.1" 200 988 "http://ed.activities.at/entry.php?id=10271&&ser=805444" "Mozilla/5.0 (Windows NT 10.0; WOW64; rv:53.0) Gecko/20100101 Firefox/53.0"
91.114.247.177 - - [03/May/2017:11:59:25 +0200] "GET /gui/javascript/form_form.js?1493805565 HTTP/1.1" 200 16206 "http://ed.activities.at/entry.php?id=10271&&ser=805505" "Mozilla/5.0 (Windows NT 10.0; WOW64; rv:53.0) Gecko/20100101 Firefox/53.0"
91.114.247.177 - - [03/May/2017:11:59:25 +0200] "GET /entry.php?id=11681&chooserview=editnewmenueitem&hidetitle=true&object=10288619 HTTP/1.1" 200 348 "http://ed.activities.at/entry.php?id=11412" "Mozilla/5.0 (Windows NT 10.0; WOW64; rv:53.0) Gecko/20100101 Firefox/53.0"
91.114.247.177 - - [03/May/2017:11:59:26 +0200] "GET /entry.php?id=11684&chooserview=editnewmenueitem&object=10288619& HTTP/1.1" 200 3986 "http://ed.activities.at/entry.php?id=11681&chooserview=editnewmenueitem&hidetitle=true&object=10288619" "Mozilla/5.0 (Windows NT 10.0; WOW64; rv:53.0) Gecko/20100101 Firefox/53.0"
91.114.247.177 - - [03/May/2017:11:59:26 +0200] "GET /gui/javascript/form_form.js?1493805566 HTTP/1.1" 200 16206 "http://ed.activities.at/entry.php?id=11684&chooserview=editnewmenueitem&object=10288619&" "Mozilla/5.0 (Windows NT 10.0; WOW64; rv:53.0) Gecko/20100101 Firefox/53.0"
91.114.247.177 - - [03/May/2017:11:59:26 +0200] "GET /entry.php?id=11683&chooserview=editnewmenueitem&object=10288619& HTTP/1.1" 200 2681 "http://ed.activities.at/entry.php?id=11681&chooserview=editnewmenueitem&hidetitle=true&object=10288619" "Mozilla/5.0 (Windows NT 10.0; WOW64; rv:53.0) Gecko/20100101 Firefox/53.0"
83.65.142.74 - - [03/May/2017:11:59:26 +0200] "GET /entry.php?id=10271&&ser=805505 HTTP/1.1" 200 987 "http://easydrivers.activities.at/entry.php?id=10271&&ser=805444" "Mozilla/5.0 (Windows NT 10.0; Trident/7.0; rv:11.0) like Gecko"
83.65.142.74 - - [03/May/2017:11:59:27 +0200] "GET /gui/javascript/form_form.js?1493805566 HTTP/1.1" 200 16206 "http://easydrivers.activities.at/entry.php?id=10271&&ser=805505" "Mozilla/5.0 (Windows NT 10.0; Trident/7.0; rv:11.0) like Gecko"
212.108.43.59 - - [03/May/2017:11:59:27 +0200] "GET /entry.php?id=10271&&ser=805506 HTTP/1.1" 200 987 "http://ed.activities.at/entry.php?id=10271&&ser=805445" "Mozilla/5.0 (Windows NT 10.0; Win64; x64) AppleWebKit/537.36 (KHTML, like Gecko) Chrome/57.0.2987.133 Safari/537.36"
212.108.43.59 - - [03/May/2017:11:59:27 +0200] "GET /gui/javascript/form_form.js?1493805567 HTTP/1.1" 200 16206 "http://ed.activities.at/entry.php?id=10271&&ser=805506" "Mozilla/5.0 (Windows NT 10.0; Win64; x64) AppleWebKit/537.36 (KHTML, like Gecko) Chrome/57.0.2987.133 Safari/537.36"
91.114.247.177 - - [03/May/2017:11:59:27 +0200] "GET /entry.php?id=10776&form=11508&name=list& HTTP/1.1" 200 1808 "http://ed.activities.at/entry.php?id=11683&chooserview=editnewmenueitem&object=10288619&" "Mozilla/5.0 (Windows NT 10.0; WOW64; rv:53.0) Gecko/20100101 Firefox/53.0"
91.114.247.177 - - [03/May/2017:11:59:27 +0200] "GET /entry.php?id=10778&form=11508&name=list& HTTP/1.1" 200 5261 "http://ed.activities.at/entry.php?id=11683&chooserview=editnewmenueitem&object=10288619&" "Mozilla/5.0 (Windows NT 10.0; WOW64; rv:53.0) Gecko/20100101 Firefox/53.0"
91.114.247.177 - - [03/May/2017:11:59:29 +0200] "POST /entry.php?id=11684 HTTP/1.1" 200 3920 "http://ed.activities.at/entry.php?id=11684&chooserview=editnewmenueitem&object=10288619&" "Mozilla/5.0 (Windows NT 10.0; WOW64; rv:53.0) Gecko/20100101 Firefox/53.0"
91.114.247.177 - - [03/May/2017:11:59:29 +0200] "GET /gui/javascript/form_form.js?1493805569 HTTP/1.1" 200 16206 "http://ed.activities.at/entry.php?id=11684" "Mozilla/5.0 (Windows NT 10.0; WOW64; rv:53.0) Gecko/20100101 Firefox/53.0"
91.114.247.177 - - [03/May/2017:11:59:30 +0200] "GET /framework/webfx/javascript/tinymce/skins/lightgray/content.min.css HTTP/1.1" 404 327 "http://ed.activities.at/entry.php?id=11684" "Mozilla/5.0 (Windows NT 10.0; WOW64; rv:53.0) Gecko/20100101 Firefox/53.0"
213.47.172.74 - - [03/May/2017:11:59:37 +0200] "POST /entry.php?id=11671 HTTP/1.1" 200 5016 "http://easydrivers.activities.at/entry.php?id=11671" "Mozilla/5.0 (Windows NT 6.1; Win64; x64) AppleWebKit/537.36 (KHTML, like Gecko) Chrome/57.0.2987.133 Safari/537.36"
213.47.172.74 - - [03/May/2017:11:59:38 +0200] "GET /gui/javascript/form_form.js?1493805578 HTTP/1.1" 200 16206 "http://easydrivers.activities.at/entry.php?id=11671" "Mozilla/5.0 (Windows NT 6.1; Win64; x64) AppleWebKit/537.36 (KHTML, like Gecko) Chrome/57.0.2987.133 Safari/537.36"
213.47.172.74 - - [03/May/2017:11:59:38 +0200] "GET /entry.php?id=10776&form=11496&name=list& HTTP/1.1" 200 1518 "http://easydrivers.activities.at/entry.php?id=11671" "Mozilla/5.0 (Windows NT 6.1; Win64; x64) AppleWebKit/537.36 (KHTML, like Gecko) Chrome/57.0.2987.133 Safari/537.36"
213.47.172.74 - - [03/May/2017:11:59:38 +0200] "GET /entry.php?id=10778&form=11496&name=list& HTTP/1.1" 200 3551 "http://easydrivers.activities.at/entry.php?id=11671" "Mozilla/5.0 (Windows NT 6.1; Win64; x64) AppleWebKit/537.36 (KHTML, like Gecko) Chrome/57.0.2987.133 Safari/537.36"
213.47.172.74 - - [03/May/2017:11:59:39 +0200] "POST /entry.php?id=11671 HTTP/1.1" 200 3284 "http://easydrivers.activities.at/entry.php?id=11671" "Mozilla/5.0 (Windows NT 6.1; Win64; x64) AppleWebKit/537.36 (KHTML, like Gecko) Chrome/57.0.2987.133 Safari/537.36"
213.47.172.74 - - [03/May/2017:11:59:39 +0200] "GET /gui/javascript/form_form.js?1493805579 HTTP/1.1" 200 16206 "http://easydrivers.activities.at/entry.php?id=11671" "Mozilla/5.0 (Windows NT 6.1; Win64; x64) AppleWebKit/537.36 (KHTML, like Gecko) Chrome/57.0.2987.133 Safari/537.36"
213.47.172.74 - - [03/May/2017:11:59:40 +0200] "GET /framework/webfx/javascript/tinymce/skins/lightgray/content.min.css HTTP/1.1" 404 331 "http://easydrivers.activities.at/entry.php?id=11671" "Mozilla/5.0 (Windows NT 6.1; Win64; x64) AppleWebKit/537.36 (KHTML, like Gecko) Chrome/57.0.2987.133 Safari/537.36"
91.114.247.177 - - [03/May/2017:11:59:42 +0200] "POST /entry.php?id=11677 HTTP/1.1" 200 5207 "http://ed.activities.at/entry.php?id=11677" "Mozilla/5.0 (Windows NT 10.0; WOW64; rv:53.0) Gecko/20100101 Firefox/53.0"
91.114.247.177 - - [03/May/2017:11:59:42 +0200] "GET /gui/javascript/form_form.js?1493805582 HTTP/1.1" 200 16206 "http://ed.activities.at/entry.php?id=11677" "Mozilla/5.0 (Windows NT 10.0; WOW64; rv:53.0) Gecko/20100101 Firefox/53.0"
91.114.247.177 - - [03/May/2017:11:59:46 +0200] "GET /entry.php?id=11681&chooserview=editnewmenueitem&hidetitle=true&object=10288609 HTTP/1.1" 200 348 "http://ed.activities.at/entry.php?id=11412" "Mozilla/5.0 (Windows NT 10.0; WOW64; rv:53.0) Gecko/20100101 Firefox/53.0"
91.114.247.177 - - [03/May/2017:11:59:47 +0200] "GET /entry.php?id=11683&chooserview=editnewmenueitem&object=10288609& HTTP/1.1" 200 2682 "http://ed.activities.at/entry.php?id=11681&chooserview=editnewmenueitem&hidetitle=true&object=10288609" "Mozilla/5.0 (Windows NT 10.0; WOW64; rv:53.0) Gecko/20100101 Firefox/53.0"
91.114.247.177 - - [03/May/2017:11:59:47 +0200] "GET /gui/javascript/form_form.js?1493805587 HTTP/1.1" 200 16206 "http://ed.activities.at/entry.php?id=11683&chooserview=editnewmenueitem&object=10288609&" "Mozilla/5.0 (Windows NT 10.0; WOW64; rv:53.0) Gecko/20100101 Firefox/53.0"
91.114.247.177 - - [03/May/2017:11:59:47 +0200] "GET /entry.php?id=11684&chooserview=editnewmenueitem&object=10288609& HTTP/1.1" 200 3966 "http://ed.activities.at/entry.php?id=11681&chooserview=editnewmenueitem&hidetitle=true&object=10288609" "Mozilla/5.0 (Windows NT 10.0; WOW64; rv:53.0) Gecko/20100101 Firefox/53.0"
91.114.247.177 - - [03/May/2017:11:59:47 +0200] "GET /entry.php?id=10776&form=11508&name=list& HTTP/1.1" 200 1808 "http://ed.activities.at/entry.php?id=11683&chooserview=editnewmenueitem&object=10288609&" "Mozilla/5.0 (Windows NT 10.0; WOW64; rv:53.0) Gecko/20100101 Firefox/53.0"
91.114.247.177 - - [03/May/2017:11:59:47 +0200] "GET /entry.php?id=10778&form=11508&name=list& HTTP/1.1" 200 5261 "http://ed.activities.at/entry.php?id=11683&chooserview=editnewmenueitem&object=10288609&" "Mozilla/5.0 (Windows NT 10.0; WOW64; rv:53.0) Gecko/20100101 Firefox/53.0"
91.114.247.177 - - [03/May/2017:11:59:58 +0200] "POST /entry.php?id=11684 HTTP/1.1" 200 3583 "http://ed.activities.at/entry.php?id=11684&chooserview=editnewmenueitem&object=10288609&" "Mozilla/5.0 (Windows NT 10.0; WOW64; rv:53.0) Gecko/20100101 Firefox/53.0"
91.114.247.177 - - [03/May/2017:11:59:58 +0200] "GET /gui/javascript/form_form.js?1493805598 HTTP/1.1" 200 16206 "http://ed.activities.at/entry.php?id=11684" "Mozilla/5.0 (Windows NT 10.0; WOW64; rv:53.0) Gecko/20100101 Firefox/53.0"
91.114.247.177 - - [03/May/2017:11:59:59 +0200] "GET /framework/webfx/javascript/tinymce/skins/lightgray/content.min.css HTTP/1.1" 404 327 "http://ed.activities.at/entry.php?id=11684" "Mozilla/5.0 (Windows NT 10.0; WOW64; rv:53.0) Gecko/20100101 Firefox/53.0"
213.47.172.74 - - [03/May/2017:12:00:01 +0200] "GET /entry.php?id=10271&&ser=805540 HTTP/1.1" 200 986 "http://easydrivers.activities.at/entry.php?id=10271&&ser=805480" "Mozilla/5.0 (Windows NT 6.1; Win64; x64) AppleWebKit/537.36 (KHTML, like Gecko) Chrome/57.0.2987.133 Safari/537.36"
213.47.172.74 - - [03/May/2017:12:00:01 +0200] "GET /gui/javascript/form_form.js?1493805601 HTTP/1.1" 200 16206 "http://easydrivers.activities.at/entry.php?id=10271&&ser=805540" "Mozilla/5.0 (Windows NT 6.1; Win64; x64) AppleWebKit/537.36 (KHTML, like Gecko) Chrome/57.0.2987.133 Safari/537.36"
213.47.172.74 - - [03/May/2017:12:00:08 +0200] "POST /entry.php?id=11671 HTTP/1.1" 200 3464 "http://easydrivers.activities.at/entry.php?id=11671" "Mozilla/5.0 (Windows NT 6.1; Win64; x64) AppleWebKit/537.36 (KHTML, like Gecko) Chrome/57.0.2987.133 Safari/537.36"
213.47.172.74 - - [03/May/2017:12:00:09 +0200] "GET /gui/javascript/form_form.js?1493805608 HTTP/1.1" 200 16206 "http://easydrivers.activities.at/entry.php?id=11671" "Mozilla/5.0 (Windows NT 6.1; Win64; x64) AppleWebKit/537.36 (KHTML, like Gecko) Chrome/57.0.2987.133 Safari/537.36"
213.47.172.74 - - [03/May/2017:12:00:09 +0200] "GET /framework/webfx/javascript/tinymce/skins/lightgray/content.min.css HTTP/1.1" 404 331 "http://easydrivers.activities.at/entry.php?id=11671" "Mozilla/5.0 (Windows NT 6.1; Win64; x64) AppleWebKit/537.36 (KHTML, like Gecko) Chrome/57.0.2987.133 Safari/537.36"
213.47.172.74 - - [03/May/2017:12:00:16 +0200] "POST /entry.php?id=11671 HTTP/1.1" 200 4851 "http://easydrivers.activities.at/entry.php?id=11671" "Mozilla/5.0 (Windows NT 6.1; Win64; x64) AppleWebKit/537.36 (KHTML, like Gecko) Chrome/57.0.2987.133 Safari/537.36"
213.47.172.74 - - [03/May/2017:12:00:17 +0200] "GET /gui/javascript/form_form.js?1493805617 HTTP/1.1" 200 16206 "http://easydrivers.activities.at/entry.php?id=11671" "Mozilla/5.0 (Windows NT 6.1; Win64; x64) AppleWebKit/537.36 (KHTML, like Gecko) Chrome/57.0.2987.133 Safari/537.36"
213.47.172.74 - - [03/May/2017:12:00:17 +0200] "GET /entry.php?id=10778&form=11496&name=list& HTTP/1.1" 200 3551 "http://easydrivers.activities.at/entry.php?id=11671" "Mozilla/5.0 (Windows NT 6.1; Win64; x64) AppleWebKit/537.36 (KHTML, like Gecko) Chrome/57.0.2987.133 Safari/537.36"
213.47.172.74 - - [03/May/2017:12:00:17 +0200] "GET /entry.php?id=10776&form=11496&name=list& HTTP/1.1" 200 1518 "http://easydrivers.activities.at/entry.php?id=11671" "Mozilla/5.0 (Windows NT 6.1; Win64; x64) AppleWebKit/537.36 (KHTML, like Gecko) Chrome/57.0.2987.133 Safari/537.36"
213.47.172.74 - - [03/May/2017:12:00:22 +0200] "POST /entry.php?id=11671 HTTP/1.1" 200 4998 "http://easydrivers.activities.at/entry.php?id=11671" "Mozilla/5.0 (Windows NT 6.1; Win64; x64) AppleWebKit/537.36 (KHTML, like Gecko) Chrome/57.0.2987.133 Safari/537.36"
213.47.172.74 - - [03/May/2017:12:00:23 +0200] "GET /gui/javascript/form_form.js?1493805623 HTTP/1.1" 200 16206 "http://easydrivers.activities.at/entry.php?id=11671" "Mozilla/5.0 (Windows NT 6.1; Win64; x64) AppleWebKit/537.36 (KHTML, like Gecko) Chrome/57.0.2987.133 Safari/537.36"
213.47.172.74 - - [03/May/2017:12:00:23 +0200] "GET /entry.php?id=10778&form=11496&name=list& HTTP/1.1" 200 3551 "http://easydrivers.activities.at/entry.php?id=11671" "Mozilla/5.0 (Windows NT 6.1; Win64; x64) AppleWebKit/537.36 (KHTML, like Gecko) Chrome/57.0.2987.133 Safari/537.36"
213.47.172.74 - - [03/May/2017:12:00:23 +0200] "GET /entry.php?id=10776&form=11496&name=list& HTTP/1.1" 200 1518 "http://easydrivers.activities.at/entry.php?id=11671" "Mozilla/5.0 (Windows NT 6.1; Win64; x64) AppleWebKit/537.36 (KHTML, like Gecko) Chrome/57.0.2987.133 Safari/537.36"
91.114.247.177 - - [03/May/2017:12:00:26 +0200] "GET /entry.php?id=10271&&ser=805565 HTTP/1.1" 200 987 "http://ed.activities.at/entry.php?id=10271&&ser=805505" "Mozilla/5.0 (Windows NT 10.0; WOW64; rv:53.0) Gecko/20100101 Firefox/53.0"
91.114.247.177 - - [03/May/2017:12:00:26 +0200] "GET /gui/javascript/form_form.js?1493805626 HTTP/1.1" 200 16206 "http://ed.activities.at/entry.php?id=10271&&ser=805565" "Mozilla/5.0 (Windows NT 10.0; WOW64; rv:53.0) Gecko/20100101 Firefox/53.0"
83.65.142.74 - - [03/May/2017:12:00:27 +0200] "GET /entry.php?id=10271&&ser=805566 HTTP/1.1" 200 987 "http://easydrivers.activities.at/entry.php?id=10271&&ser=805505" "Mozilla/5.0 (Windows NT 10.0; Trident/7.0; rv:11.0) like Gecko"
83.65.142.74 - - [03/May/2017:12:00:28 +0200] "GET /gui/javascript/form_form.js?1493805628 HTTP/1.1" 200 16206 "http://easydrivers.activities.at/entry.php?id=10271&&ser=805566" "Mozilla/5.0 (Windows NT 10.0; Trident/7.0; rv:11.0) like Gecko"
212.108.43.59 - - [03/May/2017:12:00:28 +0200] "GET /entry.php?id=10271&&ser=805567 HTTP/1.1" 200 987 "http://ed.activities.at/entry.php?id=10271&&ser=805506" "Mozilla/5.0 (Windows NT 10.0; Win64; x64) AppleWebKit/537.36 (KHTML, like Gecko) Chrome/57.0.2987.133 Safari/537.36"
212.108.43.59 - - [03/May/2017:12:00:28 +0200] "GET /gui/javascript/form_form.js?1493805628 HTTP/1.1" 200 16206 "http://ed.activities.at/entry.php?id=10271&&ser=805567" "Mozilla/5.0 (Windows NT 10.0; Win64; x64) AppleWebKit/537.36 (KHTML, like Gecko) Chrome/57.0.2987.133 Safari/537.36"
91.114.247.177 - - [03/May/2017:12:00:50 +0200] "POST /entry.php?id=11684 HTTP/1.1" 200 3945 "http://ed.activities.at/entry.php?id=11684" "Mozilla/5.0 (Windows NT 10.0; WOW64; rv:53.0) Gecko/20100101 Firefox/53.0"
91.114.247.177 - - [03/May/2017:12:00:51 +0200] "GET /gui/javascript/form_form.js?1493805651 HTTP/1.1" 200 16206 "http://ed.activities.at/entry.php?id=11684" "Mozilla/5.0 (Windows NT 10.0; WOW64; rv:53.0) Gecko/20100101 Firefox/53.0"
91.114.247.177 - - [03/May/2017:12:00:51 +0200] "GET /framework/webfx/javascript/tinymce/skins/lightgray/content.min.css HTTP/1.1" 404 327 "http://ed.activities.at/entry.php?id=11684" "Mozilla/5.0 (Windows NT 10.0; WOW64; rv:53.0) Gecko/20100101 Firefox/53.0"
213.47.172.74 - - [03/May/2017:12:00:52 +0200] "GET /entry.php?id=10287&login=1 HTTP/1.1" 200 1875 "http://easydrivers.activities.at/entry.php?id=10273&" "Mozilla/5.0 (Windows NT 6.1; Win64; x64) AppleWebKit/537.36 (KHTML, like Gecko) Chrome/57.0.2987.133 Safari/537.36"
213.47.172.74 - - [03/May/2017:12:00:53 +0200] "GET /gui/javascript/form_form.js?1493805652 HTTP/1.1" 200 16206 "http://easydrivers.activities.at/entry.php?id=10287&login=1" "Mozilla/5.0 (Windows NT 6.1; Win64; x64) AppleWebKit/537.36 (KHTML, like Gecko) Chrome/57.0.2987.133 Safari/537.36"
213.47.172.74 - - [03/May/2017:12:00:54 +0200] "POST /entry.php?id=10287& HTTP/1.1" 200 2428 "http://easydrivers.activities.at/entry.php?id=10287&login=1" "Mozilla/5.0 (Windows NT 6.1; Win64; x64) AppleWebKit/537.36 (KHTML, like Gecko) Chrome/57.0.2987.133 Safari/537.36"
213.47.172.74 - - [03/May/2017:12:00:55 +0200] "GET /gui/javascript/form_form.js?1493805655 HTTP/1.1" 200 16206 "http://easydrivers.activities.at/entry.php?id=10287&" "Mozilla/5.0 (Windows NT 6.1; Win64; x64) AppleWebKit/537.36 (KHTML, like Gecko) Chrome/57.0.2987.133 Safari/537.36"
213.47.172.74 - - [03/May/2017:12:00:55 +0200] "GET /entry.php?id=10270& HTTP/1.1" 200 909 "http://easydrivers.activities.at/entry.php?id=10287&" "Mozilla/5.0 (Windows NT 6.1; Win64; x64) AppleWebKit/537.36 (KHTML, like Gecko) Chrome/57.0.2987.133 Safari/537.36"
213.47.172.74 - - [03/May/2017:12:00:55 +0200] "GET /entry.php?id=10273&logout=true& HTTP/1.1" 200 1912 "http://easydrivers.activities.at/entry.php?id=10287&" "Mozilla/5.0 (Windows NT 6.1; Win64; x64) AppleWebKit/537.36 (KHTML, like Gecko) Chrome/57.0.2987.133 Safari/537.36"
91.114.247.177 - - [03/May/2017:12:01:06 +0200] "POST /entry.php?id=11677 HTTP/1.1" 200 5205 "http://ed.activities.at/entry.php?id=11677" "Mozilla/5.0 (Windows NT 10.0; WOW64; rv:53.0) Gecko/20100101 Firefox/53.0"
91.114.247.177 - - [03/May/2017:12:01:07 +0200] "GET /gui/javascript/form_form.js?1493805667 HTTP/1.1" 200 16206 "http://ed.activities.at/entry.php?id=11677" "Mozilla/5.0 (Windows NT 10.0; WOW64; rv:53.0) Gecko/20100101 Firefox/53.0"
91.114.247.177 - - [03/May/2017:12:01:09 +0200] "GET /entry.php?id=11681&chooserview=editnewmenueitem&hidetitle=true&object=10288611 HTTP/1.1" 200 348 "http://ed.activities.at/entry.php?id=11412" "Mozilla/5.0 (Windows NT 10.0; WOW64; rv:53.0) Gecko/20100101 Firefox/53.0"
91.114.247.177 - - [03/May/2017:12:01:10 +0200] "GET /entry.php?id=11683&chooserview=editnewmenueitem&object=10288611& HTTP/1.1" 200 2681 "http://ed.activities.at/entry.php?id=11681&chooserview=editnewmenueitem&hidetitle=true&object=10288611" "Mozilla/5.0 (Windows NT 10.0; WOW64; rv:53.0) Gecko/20100101 Firefox/53.0"
91.114.247.177 - - [03/May/2017:12:01:10 +0200] "GET /gui/javascript/form_form.js?1493805670 HTTP/1.1" 200 16206 "http://ed.activities.at/entry.php?id=11683&chooserview=editnewmenueitem&object=10288611&" "Mozilla/5.0 (Windows NT 10.0; WOW64; rv:53.0) Gecko/20100101 Firefox/53.0"
91.114.247.177 - - [03/May/2017:12:01:10 +0200] "GET /entry.php?id=11684&chooserview=editnewmenueitem&object=10288611& HTTP/1.1" 200 3961 "http://ed.activities.at/entry.php?id=11681&chooserview=editnewmenueitem&hidetitle=true&object=10288611" "Mozilla/5.0 (Windows NT 10.0; WOW64; rv:53.0) Gecko/20100101 Firefox/53.0"
91.114.247.177 - - [03/May/2017:12:01:10 +0200] "GET /entry.php?id=10776&form=11508&name=list& HTTP/1.1" 200 1808 "http://ed.activities.at/entry.php?id=11683&chooserview=editnewmenueitem&object=10288611&" "Mozilla/5.0 (Windows NT 10.0; WOW64; rv:53.0) Gecko/20100101 Firefox/53.0"
91.114.247.177 - - [03/May/2017:12:01:10 +0200] "GET /entry.php?id=10778&form=11508&name=list& HTTP/1.1" 200 5263 "http://ed.activities.at/entry.php?id=11683&chooserview=editnewmenueitem&object=10288611&" "Mozilla/5.0 (Windows NT 10.0; WOW64; rv:53.0) Gecko/20100101 Firefox/53.0"
91.114.247.177 - - [03/May/2017:12:01:14 +0200] "POST /entry.php?id=11684 HTTP/1.1" 200 3688 "http://ed.activities.at/entry.php?id=11684&chooserview=editnewmenueitem&object=10288611&" "Mozilla/5.0 (Windows NT 10.0; WOW64; rv:53.0) Gecko/20100101 Firefox/53.0"
91.114.247.177 - - [03/May/2017:12:01:15 +0200] "GET /gui/javascript/form_form.js?1493805675 HTTP/1.1" 200 16206 "http://ed.activities.at/entry.php?id=11684" "Mozilla/5.0 (Windows NT 10.0; WOW64; rv:53.0) Gecko/20100101 Firefox/53.0"
91.114.247.177 - - [03/May/2017:12:01:16 +0200] "GET /framework/webfx/javascript/tinymce/skins/lightgray/content.min.css HTTP/1.1" 404 327 "http://ed.activities.at/entry.php?id=11684" "Mozilla/5.0 (Windows NT 10.0; WOW64; rv:53.0) Gecko/20100101 Firefox/53.0"
91.114.247.177 - - [03/May/2017:12:01:26 +0200] "GET /entry.php?id=10271&&ser=805626 HTTP/1.1" 200 986 "http://ed.activities.at/entry.php?id=10271&&ser=805565" "Mozilla/5.0 (Windows NT 10.0; WOW64; rv:53.0) Gecko/20100101 Firefox/53.0"
91.114.247.177 - - [03/May/2017:12:01:27 +0200] "GET /gui/javascript/form_form.js?1493805687 HTTP/1.1" 200 16206 "http://ed.activities.at/entry.php?id=10271&&ser=805626" "Mozilla/5.0 (Windows NT 10.0; WOW64; rv:53.0) Gecko/20100101 Firefox/53.0"
83.65.142.74 - - [03/May/2017:12:01:29 +0200] "GET /entry.php?id=10271&&ser=805628 HTTP/1.1" 200 987 "http://easydrivers.activities.at/entry.php?id=10271&&ser=805566" "Mozilla/5.0 (Windows NT 10.0; Trident/7.0; rv:11.0) like Gecko"
83.65.142.74 - - [03/May/2017:12:01:29 +0200] "GET /gui/javascript/form_form.js?1493805689 HTTP/1.1" 200 16206 "http://easydrivers.activities.at/entry.php?id=10271&&ser=805628" "Mozilla/5.0 (Windows NT 10.0; Trident/7.0; rv:11.0) like Gecko"
212.108.43.59 - - [03/May/2017:12:01:29 +0200] "GET /entry.php?id=10271&&ser=805628 HTTP/1.1" 200 987 "http://ed.activities.at/entry.php?id=10271&&ser=805567" "Mozilla/5.0 (Windows NT 10.0; Win64; x64) AppleWebKit/537.36 (KHTML, like Gecko) Chrome/57.0.2987.133 Safari/537.36"
212.108.43.59 - - [03/May/2017:12:01:29 +0200] "GET /gui/javascript/form_form.js?1493805689 HTTP/1.1" 200 16206 "http://ed.activities.at/entry.php?id=10271&&ser=805628" "Mozilla/5.0 (Windows NT 10.0; Win64; x64) AppleWebKit/537.36 (KHTML, like Gecko) Chrome/57.0.2987.133 Safari/537.36"
91.114.247.177 - - [03/May/2017:12:02:03 +0200] "POST /entry.php?id=11684 HTTP/1.1" 200 4049 "http://ed.activities.at/entry.php?id=11684" "Mozilla/5.0 (Windows NT 10.0; WOW64; rv:53.0) Gecko/20100101 Firefox/53.0"
91.114.247.177 - - [03/May/2017:12:02:04 +0200] "GET /gui/javascript/form_form.js?1493805723 HTTP/1.1" 200 16206 "http://ed.activities.at/entry.php?id=11684" "Mozilla/5.0 (Windows NT 10.0; WOW64; rv:53.0) Gecko/20100101 Firefox/53.0"
91.114.247.177 - - [03/May/2017:12:02:04 +0200] "GET /framework/webfx/javascript/tinymce/skins/lightgray/content.min.css HTTP/1.1" 404 327 "http://ed.activities.at/entry.php?id=11684" "Mozilla/5.0 (Windows NT 10.0; WOW64; rv:53.0) Gecko/20100101 Firefox/53.0"
91.114.247.177 - - [03/May/2017:12:02:08 +0200] "POST /entry.php?id=11677 HTTP/1.1" 200 5223 "http://ed.activities.at/entry.php?id=11677" "Mozilla/5.0 (Windows NT 10.0; WOW64; rv:53.0) Gecko/20100101 Firefox/53.0"
91.114.247.177 - - [03/May/2017:12:02:09 +0200] "GET /gui/javascript/form_form.js?1493805729 HTTP/1.1" 200 16206 "http://ed.activities.at/entry.php?id=11677" "Mozilla/5.0 (Windows NT 10.0; WOW64; rv:53.0) Gecko/20100101 Firefox/53.0"
91.114.247.177 - - [03/May/2017:12:02:11 +0200] "GET /entry.php?id=11681&chooserview=editnewmenueitem&hidetitle=true&object=10288616 HTTP/1.1" 200 348 "http://ed.activities.at/entry.php?id=11412" "Mozilla/5.0 (Windows NT 10.0; WOW64; rv:53.0) Gecko/20100101 Firefox/53.0"
91.114.247.177 - - [03/May/2017:12:02:11 +0200] "GET /entry.php?id=11683&chooserview=editnewmenueitem&object=10288616& HTTP/1.1" 200 2681 "http://ed.activities.at/entry.php?id=11681&chooserview=editnewmenueitem&hidetitle=true&object=10288616" "Mozilla/5.0 (Windows NT 10.0; WOW64; rv:53.0) Gecko/20100101 Firefox/53.0"
