91.114.247.177 - - [03/May/2017:12:02:12 +0200] "GET /gui/javascript/form_form.js?1493805732 HTTP/1.1" 200 16206 "http://ed.activities.at/entry.php?id=11683&chooserview=editnewmenueitem&object=10288616&" "Mozilla/5.0 (Windows NT 10.0; WOW64; rv:53.0) Gecko/20100101 Firefox/53.0"
91.114.247.177 - - [03/May/2017:12:02:11 +0200] "GET /entry.php?id=11684&chooserview=editnewmenueitem&object=10288616& HTTP/1.1" 200 3979 "http://ed.activities.at/entry.php?id=11681&chooserview=editnewmenueitem&hidetitle=true&object=10288616" "Mozilla/5.0 (Windows NT 10.0; WOW64; rv:53.0) Gecko/20100101 Firefox/53.0"
91.114.247.177 - - [03/May/2017:12:02:12 +0200] "GET /entry.php?id=10776&form=11508&name=list& HTTP/1.1" 200 1808 "http://ed.activities.at/entry.php?id=11683&chooserview=editnewmenueitem&object=10288616&" "Mozilla/5.0 (Windows NT 10.0; WOW64; rv:53.0) Gecko/20100101 Firefox/53.0"
91.114.247.177 - - [03/May/2017:12:02:12 +0200] "GET /entry.php?id=10778&form=11508&name=list& HTTP/1.1" 200 5267 "http://ed.activities.at/entry.php?id=11683&chooserview=editnewmenueitem&object=10288616&" "Mozilla/5.0 (Windows NT 10.0; WOW64; rv:53.0) Gecko/20100101 Firefox/53.0"
91.114.247.177 - - [03/May/2017:12:02:17 +0200] "POST /entry.php?id=11684 HTTP/1.1" 200 3931 "http://ed.activities.at/entry.php?id=11684&chooserview=editnewmenueitem&object=10288616&" "Mozilla/5.0 (Windows NT 10.0; WOW64; rv:53.0) Gecko/20100101 Firefox/53.0"
91.114.247.177 - - [03/May/2017:12:02:18 +0200] "GET /gui/javascript/form_form.js?1493805738 HTTP/1.1" 200 16206 "http://ed.activities.at/entry.php?id=11684" "Mozilla/5.0 (Windows NT 10.0; WOW64; rv:53.0) Gecko/20100101 Firefox/53.0"
91.114.247.177 - - [03/May/2017:12:02:19 +0200] "GET /framework/webfx/javascript/tinymce/skins/lightgray/content.min.css HTTP/1.1" 404 327 "http://ed.activities.at/entry.php?id=11684" "Mozilla/5.0 (Windows NT 10.0; WOW64; rv:53.0) Gecko/20100101 Firefox/53.0"
91.114.247.177 - - [03/May/2017:12:02:27 +0200] "GET /entry.php?id=10271&&ser=805687 HTTP/1.1" 200 987 "http://ed.activities.at/entry.php?id=10271&&ser=805626" "Mozilla/5.0 (Windows NT 10.0; WOW64; rv:53.0) Gecko/20100101 Firefox/53.0"
91.114.247.177 - - [03/May/2017:12:02:27 +0200] "GET /gui/javascript/form_form.js?1493805747 HTTP/1.1" 200 16206 "http://ed.activities.at/entry.php?id=10271&&ser=805687" "Mozilla/5.0 (Windows NT 10.0; WOW64; rv:53.0) Gecko/20100101 Firefox/53.0"
83.65.142.74 - - [03/May/2017:12:02:30 +0200] "GET /entry.php?id=10271&&ser=805689 HTTP/1.1" 200 987 "http://easydrivers.activities.at/entry.php?id=10271&&ser=805628" "Mozilla/5.0 (Windows NT 10.0; Trident/7.0; rv:11.0) like Gecko"
83.65.142.74 - - [03/May/2017:12:02:30 +0200] "GET /gui/javascript/form_form.js?1493805750 HTTP/1.1" 200 16206 "http://easydrivers.activities.at/entry.php?id=10271&&ser=805689" "Mozilla/5.0 (Windows NT 10.0; Trident/7.0; rv:11.0) like Gecko"
212.108.43.59 - - [03/May/2017:12:02:30 +0200] "GET /entry.php?id=10271&&ser=805689 HTTP/1.1" 200 987 "http://ed.activities.at/entry.php?id=10271&&ser=805628" "Mozilla/5.0 (Windows NT 10.0; Win64; x64) AppleWebKit/537.36 (KHTML, like Gecko) Chrome/57.0.2987.133 Safari/537.36"
212.108.43.59 - - [03/May/2017:12:02:30 +0200] "GET /gui/javascript/form_form.js?1493805750 HTTP/1.1" 200 16206 "http://ed.activities.at/entry.php?id=10271&&ser=805689" "Mozilla/5.0 (Windows NT 10.0; Win64; x64) AppleWebKit/537.36 (KHTML, like Gecko) Chrome/57.0.2987.133 Safari/537.36"
91.114.247.177 - - [03/May/2017:12:03:27 +0200] "GET /entry.php?id=10271&&ser=805747 HTTP/1.1" 200 987 "http://ed.activities.at/entry.php?id=10271&&ser=805687" "Mozilla/5.0 (Windows NT 10.0; WOW64; rv:53.0) Gecko/20100101 Firefox/53.0"
91.114.247.177 - - [03/May/2017:12:03:28 +0200] "GET /gui/javascript/form_form.js?1493805808 HTTP/1.1" 200 16206 "http://ed.activities.at/entry.php?id=10271&&ser=805747" "Mozilla/5.0 (Windows NT 10.0; WOW64; rv:53.0) Gecko/20100101 Firefox/53.0"
83.65.142.74 - - [03/May/2017:12:03:31 +0200] "GET /entry.php?id=10271&&ser=805750 HTTP/1.1" 200 986 "http://easydrivers.activities.at/entry.php?id=10271&&ser=805689" "Mozilla/5.0 (Windows NT 10.0; Trident/7.0; rv:11.0) like Gecko"
212.108.43.59 - - [03/May/2017:12:03:31 +0200] "GET /entry.php?id=10271&&ser=805750 HTTP/1.1" 200 986 "http://ed.activities.at/entry.php?id=10271&&ser=805689" "Mozilla/5.0 (Windows NT 10.0; Win64; x64) AppleWebKit/537.36 (KHTML, like Gecko) Chrome/57.0.2987.133 Safari/537.36"
212.108.43.59 - - [03/May/2017:12:03:31 +0200] "GET /gui/javascript/form_form.js?1493805811 HTTP/1.1" 200 16206 "http://ed.activities.at/entry.php?id=10271&&ser=805750" "Mozilla/5.0 (Windows NT 10.0; Win64; x64) AppleWebKit/537.36 (KHTML, like Gecko) Chrome/57.0.2987.133 Safari/537.36"
83.65.142.74 - - [03/May/2017:12:03:31 +0200] "GET /gui/javascript/form_form.js?1493805811 HTTP/1.1" 200 16206 "http://easydrivers.activities.at/entry.php?id=10271&&ser=805750" "Mozilla/5.0 (Windows NT 10.0; Trident/7.0; rv:11.0) like Gecko"
91.114.247.177 - - [03/May/2017:12:04:28 +0200] "GET /entry.php?id=10271&&ser=805808 HTTP/1.1" 200 987 "http://ed.activities.at/entry.php?id=10271&&ser=805747" "Mozilla/5.0 (Windows NT 10.0; WOW64; rv:53.0) Gecko/20100101 Firefox/53.0"
91.114.247.177 - - [03/May/2017:12:04:28 +0200] "GET /gui/javascript/form_form.js?1493805868 HTTP/1.1" 200 16206 "http://ed.activities.at/entry.php?id=10271&&ser=805808" "Mozilla/5.0 (Windows NT 10.0; WOW64; rv:53.0) Gecko/20100101 Firefox/53.0"
212.108.43.59 - - [03/May/2017:12:04:32 +0200] "GET /entry.php?id=10271&&ser=805811 HTTP/1.1" 200 987 "http://ed.activities.at/entry.php?id=10271&&ser=805750" "Mozilla/5.0 (Windows NT 10.0; Win64; x64) AppleWebKit/537.36 (KHTML, like Gecko) Chrome/57.0.2987.133 Safari/537.36"
83.65.142.74 - - [03/May/2017:12:04:32 +0200] "GET /entry.php?id=10271&&ser=805811 HTTP/1.1" 200 987 "http://easydrivers.activities.at/entry.php?id=10271&&ser=805750" "Mozilla/5.0 (Windows NT 10.0; Trident/7.0; rv:11.0) like Gecko"
212.108.43.59 - - [03/May/2017:12:04:32 +0200] "GET /gui/javascript/form_form.js?1493805872 HTTP/1.1" 200 16206 "http://ed.activities.at/entry.php?id=10271&&ser=805811" "Mozilla/5.0 (Windows NT 10.0; Win64; x64) AppleWebKit/537.36 (KHTML, like Gecko) Chrome/57.0.2987.133 Safari/537.36"
83.65.142.74 - - [03/May/2017:12:04:32 +0200] "GET /gui/javascript/form_form.js?1493805872 HTTP/1.1" 200 16206 "http://easydrivers.activities.at/entry.php?id=10271&&ser=805811" "Mozilla/5.0 (Windows NT 10.0; Trident/7.0; rv:11.0) like Gecko"
91.114.247.177 - - [03/May/2017:12:05:29 +0200] "GET /entry.php?id=10271&&ser=805868 HTTP/1.1" 200 987 "http://ed.activities.at/entry.php?id=10271&&ser=805808" "Mozilla/5.0 (Windows NT 10.0; WOW64; rv:53.0) Gecko/20100101 Firefox/53.0"
91.114.247.177 - - [03/May/2017:12:05:29 +0200] "GET /gui/javascript/form_form.js?1493805929 HTTP/1.1" 200 16206 "http://ed.activities.at/entry.php?id=10271&&ser=805868" "Mozilla/5.0 (Windows NT 10.0; WOW64; rv:53.0) Gecko/20100101 Firefox/53.0"
212.108.43.59 - - [03/May/2017:12:05:33 +0200] "GET /entry.php?id=10271&&ser=805872 HTTP/1.1" 200 988 "http://ed.activities.at/entry.php?id=10271&&ser=805811" "Mozilla/5.0 (Windows NT 10.0; Win64; x64) AppleWebKit/537.36 (KHTML, like Gecko) Chrome/57.0.2987.133 Safari/537.36"
212.108.43.59 - - [03/May/2017:12:05:33 +0200] "GET /gui/javascript/form_form.js?1493805933 HTTP/1.1" 200 16206 "http://ed.activities.at/entry.php?id=10271&&ser=805872" "Mozilla/5.0 (Windows NT 10.0; Win64; x64) AppleWebKit/537.36 (KHTML, like Gecko) Chrome/57.0.2987.133 Safari/537.36"
83.65.142.74 - - [03/May/2017:12:05:33 +0200] "GET /entry.php?id=10271&&ser=805872 HTTP/1.1" 200 988 "http://easydrivers.activities.at/entry.php?id=10271&&ser=805811" "Mozilla/5.0 (Windows NT 10.0; Trident/7.0; rv:11.0) like Gecko"
83.65.142.74 - - [03/May/2017:12:05:34 +0200] "GET /gui/javascript/form_form.js?1493805933 HTTP/1.1" 200 16206 "http://easydrivers.activities.at/entry.php?id=10271&&ser=805872" "Mozilla/5.0 (Windows NT 10.0; Trident/7.0; rv:11.0) like Gecko"
91.114.247.177 - - [03/May/2017:12:06:29 +0200] "GET /entry.php?id=10271&&ser=805929 HTTP/1.1" 200 987 "http://ed.activities.at/entry.php?id=10271&&ser=805868" "Mozilla/5.0 (Windows NT 10.0; WOW64; rv:53.0) Gecko/20100101 Firefox/53.0"
91.114.247.177 - - [03/May/2017:12:06:29 +0200] "GET /gui/javascript/form_form.js?1493805989 HTTP/1.1" 200 16206 "http://ed.activities.at/entry.php?id=10271&&ser=805929" "Mozilla/5.0 (Windows NT 10.0; WOW64; rv:53.0) Gecko/20100101 Firefox/53.0"
212.108.43.59 - - [03/May/2017:12:06:34 +0200] "GET /entry.php?id=10271&&ser=805933 HTTP/1.1" 200 987 "http://ed.activities.at/entry.php?id=10271&&ser=805872" "Mozilla/5.0 (Windows NT 10.0; Win64; x64) AppleWebKit/537.36 (KHTML, like Gecko) Chrome/57.0.2987.133 Safari/537.36"
212.108.43.59 - - [03/May/2017:12:06:34 +0200] "GET /gui/javascript/form_form.js?1493805994 HTTP/1.1" 200 16206 "http://ed.activities.at/entry.php?id=10271&&ser=805933" "Mozilla/5.0 (Windows NT 10.0; Win64; x64) AppleWebKit/537.36 (KHTML, like Gecko) Chrome/57.0.2987.133 Safari/537.36"
83.65.142.74 - - [03/May/2017:12:06:34 +0200] "GET /entry.php?id=10271&&ser=805933 HTTP/1.1" 200 987 "http://easydrivers.activities.at/entry.php?id=10271&&ser=805872" "Mozilla/5.0 (Windows NT 10.0; Trident/7.0; rv:11.0) like Gecko"
83.65.142.74 - - [03/May/2017:12:06:35 +0200] "GET /gui/javascript/form_form.js?1493805995 HTTP/1.1" 200 16206 "http://easydrivers.activities.at/entry.php?id=10271&&ser=805933" "Mozilla/5.0 (Windows NT 10.0; Trident/7.0; rv:11.0) like Gecko"
91.114.247.177 - - [03/May/2017:12:07:30 +0200] "GET /entry.php?id=10271&&ser=805989 HTTP/1.1" 200 987 "http://ed.activities.at/entry.php?id=10271&&ser=805929" "Mozilla/5.0 (Windows NT 10.0; WOW64; rv:53.0) Gecko/20100101 Firefox/53.0"
91.114.247.177 - - [03/May/2017:12:07:30 +0200] "GET /gui/javascript/form_form.js?1493806050 HTTP/1.1" 200 16206 "http://ed.activities.at/entry.php?id=10271&&ser=805989" "Mozilla/5.0 (Windows NT 10.0; WOW64; rv:53.0) Gecko/20100101 Firefox/53.0"
212.108.43.59 - - [03/May/2017:12:07:35 +0200] "GET /entry.php?id=10271&&ser=805994 HTTP/1.1" 200 987 "http://ed.activities.at/entry.php?id=10271&&ser=805933" "Mozilla/5.0 (Windows NT 10.0; Win64; x64) AppleWebKit/537.36 (KHTML, like Gecko) Chrome/57.0.2987.133 Safari/537.36"
212.108.43.59 - - [03/May/2017:12:07:35 +0200] "GET /gui/javascript/form_form.js?1493806055 HTTP/1.1" 200 16206 "http://ed.activities.at/entry.php?id=10271&&ser=805994" "Mozilla/5.0 (Windows NT 10.0; Win64; x64) AppleWebKit/537.36 (KHTML, like Gecko) Chrome/57.0.2987.133 Safari/537.36"
83.65.142.74 - - [03/May/2017:12:07:36 +0200] "GET /entry.php?id=10271&&ser=805995 HTTP/1.1" 200 987 "http://easydrivers.activities.at/entry.php?id=10271&&ser=805933" "Mozilla/5.0 (Windows NT 10.0; Trident/7.0; rv:11.0) like Gecko"
83.65.142.74 - - [03/May/2017:12:07:36 +0200] "GET /gui/javascript/form_form.js?1493806056 HTTP/1.1" 200 16206 "http://easydrivers.activities.at/entry.php?id=10271&&ser=805995" "Mozilla/5.0 (Windows NT 10.0; Trident/7.0; rv:11.0) like Gecko"
91.114.247.177 - - [03/May/2017:12:08:30 +0200] "GET /entry.php?id=10271&&ser=806050 HTTP/1.1" 200 987 "http://ed.activities.at/entry.php?id=10271&&ser=805989" "Mozilla/5.0 (Windows NT 10.0; WOW64; rv:53.0) Gecko/20100101 Firefox/53.0"
91.114.247.177 - - [03/May/2017:12:08:30 +0200] "GET /gui/javascript/form_form.js?1493806110 HTTP/1.1" 200 16206 "http://ed.activities.at/entry.php?id=10271&&ser=806050" "Mozilla/5.0 (Windows NT 10.0; WOW64; rv:53.0) Gecko/20100101 Firefox/53.0"
212.108.43.59 - - [03/May/2017:12:08:36 +0200] "GET /entry.php?id=10271&&ser=806055 HTTP/1.1" 200 986 "http://ed.activities.at/entry.php?id=10271&&ser=805994" "Mozilla/5.0 (Windows NT 10.0; Win64; x64) AppleWebKit/537.36 (KHTML, like Gecko) Chrome/57.0.2987.133 Safari/537.36"
212.108.43.59 - - [03/May/2017:12:08:36 +0200] "GET /gui/javascript/form_form.js?1493806116 HTTP/1.1" 200 16206 "http://ed.activities.at/entry.php?id=10271&&ser=806055" "Mozilla/5.0 (Windows NT 10.0; Win64; x64) AppleWebKit/537.36 (KHTML, like Gecko) Chrome/57.0.2987.133 Safari/537.36"
83.65.142.74 - - [03/May/2017:12:08:37 +0200] "GET /entry.php?id=10271&&ser=806056 HTTP/1.1" 200 987 "http://easydrivers.activities.at/entry.php?id=10271&&ser=805995" "Mozilla/5.0 (Windows NT 10.0; Trident/7.0; rv:11.0) like Gecko"
83.65.142.74 - - [03/May/2017:12:08:37 +0200] "GET /gui/javascript/form_form.js?1493806117 HTTP/1.1" 200 16206 "http://easydrivers.activities.at/entry.php?id=10271&&ser=806056" "Mozilla/5.0 (Windows NT 10.0; Trident/7.0; rv:11.0) like Gecko"
83.65.142.74 - - [03/May/2017:12:08:49 +0200] "POST /entry.php?id=11677 HTTP/1.1" 200 3219 "http://easydrivers.activities.at/entry.php?id=11677" "Mozilla/5.0 (Windows NT 10.0; Trident/7.0; rv:11.0) like Gecko"
83.65.142.74 - - [03/May/2017:12:08:50 +0200] "GET /gui/javascript/form_form.js?1493806129 HTTP/1.1" 200 16206 "http://easydrivers.activities.at/entry.php?id=11677" "Mozilla/5.0 (Windows NT 10.0; Trident/7.0; rv:11.0) like Gecko"
83.65.142.74 - - [03/May/2017:12:08:51 +0200] "GET /entry.php?id=10776&form=11502&name=list& HTTP/1.1" 200 1475 "http://easydrivers.activities.at/entry.php?id=11677" "Mozilla/5.0 (Windows NT 10.0; Trident/7.0; rv:11.0) like Gecko"
83.65.142.74 - - [03/May/2017:12:08:51 +0200] "GET /entry.php?id=10778&form=11502&name=list& HTTP/1.1" 200 3843 "http://easydrivers.activities.at/entry.php?id=11677" "Mozilla/5.0 (Windows NT 10.0; Trident/7.0; rv:11.0) like Gecko"
83.65.142.74 - - [03/May/2017:12:08:57 +0200] "GET /entry.php?id=11685&object=10228812&site=10201431&item=10221968 HTTP/1.1" 200 3614 "http://easydrivers.activities.at/entry.php?id=11412" "Mozilla/5.0 (Windows NT 10.0; Trident/7.0; rv:11.0) like Gecko"
83.65.142.74 - - [03/May/2017:12:08:58 +0200] "GET /gui/javascript/form_form.js?1493806137 HTTP/1.1" 200 16206 "http://easydrivers.activities.at/entry.php?id=11685&object=10228812&site=10201431&item=10221968" "Mozilla/5.0 (Windows NT 10.0; Trident/7.0; rv:11.0) like Gecko"
83.65.142.74 - - [03/May/2017:12:09:08 +0200] "POST /entry.php?id=11685 HTTP/1.1" 200 3652 "http://easydrivers.activities.at/entry.php?id=11685&object=10228812&site=10201431&item=10221968" "Mozilla/5.0 (Windows NT 10.0; Trident/7.0; rv:11.0) like Gecko"
83.65.142.74 - - [03/May/2017:12:09:09 +0200] "GET /gui/javascript/form_form.js?1493806149 HTTP/1.1" 200 16206 "http://easydrivers.activities.at/entry.php?id=11685" "Mozilla/5.0 (Windows NT 10.0; Trident/7.0; rv:11.0) like Gecko"
83.65.142.74 - - [03/May/2017:12:09:21 +0200] "POST /entry.php?id=11677 HTTP/1.1" 200 4419 "http://easydrivers.activities.at/entry.php?id=11677" "Mozilla/5.0 (Windows NT 10.0; Trident/7.0; rv:11.0) like Gecko"
83.65.142.74 - - [03/May/2017:12:09:21 +0200] "GET /gui/javascript/form_form.js?1493806161 HTTP/1.1" 200 16206 "http://easydrivers.activities.at/entry.php?id=11677" "Mozilla/5.0 (Windows NT 10.0; Trident/7.0; rv:11.0) like Gecko"
83.65.142.74 - - [03/May/2017:12:09:24 +0200] "POST /entry.php?id=11678 HTTP/1.1" 200 3229 "http://easydrivers.activities.at/entry.php?id=11678" "Mozilla/5.0 (Windows NT 10.0; Trident/7.0; rv:11.0) like Gecko"
83.65.142.74 - - [03/May/2017:12:09:25 +0200] "GET /gui/javascript/form_form.js?1493806164 HTTP/1.1" 200 16206 "http://easydrivers.activities.at/entry.php?id=11678" "Mozilla/5.0 (Windows NT 10.0; Trident/7.0; rv:11.0) like Gecko"
83.65.142.74 - - [03/May/2017:12:09:25 +0200] "GET /activities/framework/KoolControls/KoolAjax/koolajax.php?8436e354c842500aba3cbaf0584c0c24 HTTP/1.1" 200 4079 "http://easydrivers.activities.at/entry.php?id=11678" "Mozilla/5.0 (Windows NT 10.0; Trident/7.0; rv:11.0) like Gecko"
83.65.142.74 - - [03/May/2017:12:09:26 +0200] "GET /activities/framework/KoolControls/KoolTreeView/kooltreeview.php?c7cd9180e88ffef8e70f13526bb4f5f7 HTTP/1.1" 200 5055 "http://easydrivers.activities.at/entry.php?id=11678" "Mozilla/5.0 (Windows NT 10.0; Trident/7.0; rv:11.0) like Gecko"
83.65.142.74 - - [03/May/2017:12:09:28 +0200] "POST /entry.php?id=11677 HTTP/1.1" 200 4415 "http://easydrivers.activities.at/entry.php?id=11677" "Mozilla/5.0 (Windows NT 10.0; Trident/7.0; rv:11.0) like Gecko"
83.65.142.74 - - [03/May/2017:12:09:28 +0200] "GET /gui/javascript/form_form.js?1493806168 HTTP/1.1" 200 16206 "http://easydrivers.activities.at/entry.php?id=11677" "Mozilla/5.0 (Windows NT 10.0; Trident/7.0; rv:11.0) like Gecko"
83.65.142.74 - - [03/May/2017:12:09:30 +0200] "POST /entry.php?id=11677 HTTP/1.1" 200 3218 "http://easydrivers.activities.at/entry.php?id=11677" "Mozilla/5.0 (Windows NT 10.0; Trident/7.0; rv:11.0) like Gecko"
83.65.142.74 - - [03/May/2017:12:09:30 +0200] "GET /gui/javascript/form_form.js?1493806170 HTTP/1.1" 200 16206 "http://easydrivers.activities.at/entry.php?id=11677" "Mozilla/5.0 (Windows NT 10.0; Trident/7.0; rv:11.0) like Gecko"
91.114.247.177 - - [03/May/2017:12:09:31 +0200] "GET /entry.php?id=10271&&ser=806110 HTTP/1.1" 200 986 "http://ed.activities.at/entry.php?id=10271&&ser=806050" "Mozilla/5.0 (Windows NT 10.0; WOW64; rv:53.0) Gecko/20100101 Firefox/53.0"
91.114.247.177 - - [03/May/2017:12:09:31 +0200] "GET /gui/javascript/form_form.js?1493806171 HTTP/1.1" 200 16206 "http://ed.activities.at/entry.php?id=10271&&ser=806110" "Mozilla/5.0 (Windows NT 10.0; WOW64; rv:53.0) Gecko/20100101 Firefox/53.0"
83.65.142.74 - - [03/May/2017:12:09:31 +0200] "GET /entry.php?id=10778&form=11502&name=list& HTTP/1.1" 200 3843 "http://easydrivers.activities.at/entry.php?id=11677" "Mozilla/5.0 (Windows NT 10.0; Trident/7.0; rv:11.0) like Gecko"
83.65.142.74 - - [03/May/2017:12:09:31 +0200] "GET /entry.php?id=10776&form=11502&name=list& HTTP/1.1" 200 1475 "http://easydrivers.activities.at/entry.php?id=11677" "Mozilla/5.0 (Windows NT 10.0; Trident/7.0; rv:11.0) like Gecko"
83.65.142.74 - - [03/May/2017:12:09:37 +0200] "GET /entry.php?id=11685&object=10228812&site=10201431&item=10221968 HTTP/1.1" 200 3565 "http://easydrivers.activities.at/entry.php?id=11412" "Mozilla/5.0 (Windows NT 10.0; Trident/7.0; rv:11.0) like Gecko"
83.65.142.74 - - [03/May/2017:12:09:37 +0200] "GET /gui/javascript/form_form.js?1493806177 HTTP/1.1" 200 16206 "http://easydrivers.activities.at/entry.php?id=11685&object=10228812&site=10201431&item=10221968" "Mozilla/5.0 (Windows NT 10.0; Trident/7.0; rv:11.0) like Gecko"
212.108.43.59 - - [03/May/2017:12:09:37 +0200] "GET /entry.php?id=10271&&ser=806116 HTTP/1.1" 200 987 "http://ed.activities.at/entry.php?id=10271&&ser=806055" "Mozilla/5.0 (Windows NT 10.0; Win64; x64) AppleWebKit/537.36 (KHTML, like Gecko) Chrome/57.0.2987.133 Safari/537.36"
212.108.43.59 - - [03/May/2017:12:09:37 +0200] "GET /gui/javascript/form_form.js?1493806177 HTTP/1.1" 200 16206 "http://ed.activities.at/entry.php?id=10271&&ser=806116" "Mozilla/5.0 (Windows NT 10.0; Win64; x64) AppleWebKit/537.36 (KHTML, like Gecko) Chrome/57.0.2987.133 Safari/537.36"
83.65.142.74 - - [03/May/2017:12:09:39 +0200] "GET /entry.php?id=10271&&ser=806117 HTTP/1.1" 200 987 "http://easydrivers.activities.at/entry.php?id=10271&&ser=806056" "Mozilla/5.0 (Windows NT 10.0; Trident/7.0; rv:11.0) like Gecko"
83.65.142.74 - - [03/May/2017:12:09:39 +0200] "GET /gui/javascript/form_form.js?1493806179 HTTP/1.1" 200 16206 "http://easydrivers.activities.at/entry.php?id=10271&&ser=806117" "Mozilla/5.0 (Windows NT 10.0; Trident/7.0; rv:11.0) like Gecko"
83.65.142.74 - - [03/May/2017:12:09:46 +0200] "GET /entry.php?id=11681&chooserview=addnewboxoffer&hidetitle=true&object=10289205&chooserview=addnewboxoffer&hidetitle=true HTTP/1.1" 200 348 "http://easydrivers.activities.at/entry.php?id=11412" "Mozilla/5.0 (Windows NT 10.0; Trident/7.0; rv:11.0) like Gecko"
83.65.142.74 - - [03/May/2017:12:09:46 +0200] "GET /entry.php?id=11683&chooserview=addnewboxoffer&object=10289205& HTTP/1.1" 200 2959 "http://easydrivers.activities.at/entry.php?id=11681&chooserview=addnewboxoffer&hidetitle=true&object=10289205&chooserview=addnewboxoffer&hidetitle=true" "Mozilla/5.0 (Windows NT 10.0; Trident/7.0; rv:11.0) like Gecko"
83.65.142.74 - - [03/May/2017:12:09:47 +0200] "GET /gui/javascript/form_form.js?1493806186 HTTP/1.1" 200 16206 "http://easydrivers.activities.at/entry.php?id=11683&chooserview=addnewboxoffer&object=10289205&" "Mozilla/5.0 (Windows NT 10.0; Trident/7.0; rv:11.0) like Gecko"
83.65.142.74 - - [03/May/2017:12:09:46 +0200] "GET /entry.php?id=11684&chooserview=addnewboxoffer&object=10289205& HTTP/1.1" 200 3947 "http://easydrivers.activities.at/entry.php?id=11681&chooserview=addnewboxoffer&hidetitle=true&object=10289205&chooserview=addnewboxoffer&hidetitle=true" "Mozilla/5.0 (Windows NT 10.0; Trident/7.0; rv:11.0) like Gecko"
83.65.142.74 - - [03/May/2017:12:09:47 +0200] "GET /gui/javascript/form_form.js?1493806187 HTTP/1.1" 200 16206 "http://easydrivers.activities.at/entry.php?id=11684&chooserview=addnewboxoffer&object=10289205&" "Mozilla/5.0 (Windows NT 10.0; Trident/7.0; rv:11.0) like Gecko"
83.65.142.74 - - [03/May/2017:12:09:48 +0200] "GET /entry.php?id=10776&form=11508&name=list& HTTP/1.1" 200 1808 "http://easydrivers.activities.at/entry.php?id=11683&chooserview=addnewboxoffer&object=10289205&" "Mozilla/5.0 (Windows NT 10.0; Trident/7.0; rv:11.0) like Gecko"
83.65.142.74 - - [03/May/2017:12:09:48 +0200] "GET /entry.php?id=10778&form=11508&name=list& HTTP/1.1" 200 3086 "http://easydrivers.activities.at/entry.php?id=11683&chooserview=addnewboxoffer&object=10289205&" "Mozilla/5.0 (Windows NT 10.0; Trident/7.0; rv:11.0) like Gecko"
83.65.142.74 - - [03/May/2017:12:09:59 +0200] "GET /entry.php?id=11681 HTTP/1.1" 200 328 "http://easydrivers.activities.at/entry.php?id=11412" "Mozilla/5.0 (Windows NT 10.0; Trident/7.0; rv:11.0) like Gecko"
83.65.142.74 - - [03/May/2017:12:09:59 +0200] "GET /entry.php?id=10676&&title=Contentverwaltung HTTP/1.1" 200 1392 "http://easydrivers.activities.at/entry.php?id=11681" "Mozilla/5.0 (Windows NT 10.0; Trident/7.0; rv:11.0) like Gecko"
83.65.142.74 - - [03/May/2017:12:10:00 +0200] "GET /gui/javascript/form_form.js?1493806200 HTTP/1.1" 200 16206 "http://easydrivers.activities.at/entry.php?id=10676&&title=Contentverwaltung" "Mozilla/5.0 (Windows NT 10.0; Trident/7.0; rv:11.0) like Gecko"
83.65.142.74 - - [03/May/2017:12:09:59 +0200] "GET /entry.php?id=11683& HTTP/1.1" 200 2682 "http://easydrivers.activities.at/entry.php?id=11681" "Mozilla/5.0 (Windows NT 10.0; Trident/7.0; rv:11.0) like Gecko"
83.65.142.74 - - [03/May/2017:12:10:00 +0200] "GET /entry.php?id=11684& HTTP/1.1" 200 3804 "http://easydrivers.activities.at/entry.php?id=11681" "Mozilla/5.0 (Windows NT 10.0; Trident/7.0; rv:11.0) like Gecko"
83.65.142.74 - - [03/May/2017:12:10:01 +0200] "GET /entry.php?id=10776&form=11508&name=list& HTTP/1.1" 200 1895 "http://easydrivers.activities.at/entry.php?id=11683&" "Mozilla/5.0 (Windows NT 10.0; Trident/7.0; rv:11.0) like Gecko"
83.65.142.74 - - [03/May/2017:12:10:01 +0200] "GET /entry.php?id=10778&form=11508&name=list& HTTP/1.1" 200 3152 "http://easydrivers.activities.at/entry.php?id=11683&" "Mozilla/5.0 (Windows NT 10.0; Trident/7.0; rv:11.0) like Gecko"
83.65.142.74 - - [03/May/2017:12:10:11 +0200] "GET /entry.php?id=11681 HTTP/1.1" 200 328 "http://easydrivers.activities.at/entry.php?id=11412" "Mozilla/5.0 (Windows NT 10.0; Trident/7.0; rv:11.0) like Gecko"
83.65.142.74 - - [03/May/2017:12:10:11 +0200] "GET /entry.php?id=10676&&title=Contentverwaltung HTTP/1.1" 200 1391 "http://easydrivers.activities.at/entry.php?id=11681" "Mozilla/5.0 (Windows NT 10.0; Trident/7.0; rv:11.0) like Gecko"
83.65.142.74 - - [03/May/2017:12:10:11 +0200] "GET /gui/javascript/form_form.js?1493806211 HTTP/1.1" 200 16206 "http://easydrivers.activities.at/entry.php?id=10676&&title=Contentverwaltung" "Mozilla/5.0 (Windows NT 10.0; Trident/7.0; rv:11.0) like Gecko"
83.65.142.74 - - [03/May/2017:12:10:11 +0200] "GET /entry.php?id=11684& HTTP/1.1" 200 3805 "http://easydrivers.activities.at/entry.php?id=11681" "Mozilla/5.0 (Windows NT 10.0; Trident/7.0; rv:11.0) like Gecko"
83.65.142.74 - - [03/May/2017:12:10:12 +0200] "GET /gui/javascript/form_form.js?1493806212 HTTP/1.1" 200 16206 "http://easydrivers.activities.at/entry.php?id=11684&" "Mozilla/5.0 (Windows NT 10.0; Trident/7.0; rv:11.0) like Gecko"
83.65.142.74 - - [03/May/2017:12:10:11 +0200] "GET /entry.php?id=11683& HTTP/1.1" 200 2683 "http://easydrivers.activities.at/entry.php?id=11681" "Mozilla/5.0 (Windows NT 10.0; Trident/7.0; rv:11.0) like Gecko"
83.65.142.74 - - [03/May/2017:12:10:13 +0200] "GET /entry.php?id=10776&form=11508&name=list& HTTP/1.1" 200 1895 "http://easydrivers.activities.at/entry.php?id=11683&" "Mozilla/5.0 (Windows NT 10.0; Trident/7.0; rv:11.0) like Gecko"
83.65.142.74 - - [03/May/2017:12:10:13 +0200] "GET /entry.php?id=10778&form=11508&name=list& HTTP/1.1" 200 3152 "http://easydrivers.activities.at/entry.php?id=11683&" "Mozilla/5.0 (Windows NT 10.0; Trident/7.0; rv:11.0) like Gecko"
83.65.142.74 - - [03/May/2017:12:10:30 +0200] "GET /entry.php?id=11679 HTTP/1.1" 200 312 "http://easydrivers.activities.at/entry.php?id=11412" "Mozilla/5.0 (Windows NT 10.0; Trident/7.0; rv:11.0) like Gecko"
83.65.142.74 - - [03/May/2017:12:10:30 +0200] "GET /entry.php?id=10676&title=Portal& HTTP/1.1" 200 1387 "http://easydrivers.activities.at/entry.php?id=11679" "Mozilla/5.0 (Windows NT 10.0; Trident/7.0; rv:11.0) like Gecko"
83.65.142.74 - - [03/May/2017:12:10:31 +0200] "GET /gui/javascript/form_form.js?1493806230 HTTP/1.1" 200 16206 "http://easydrivers.activities.at/entry.php?id=10676&title=Portal&" "Mozilla/5.0 (Windows NT 10.0; Trident/7.0; rv:11.0) like Gecko"
83.65.142.74 - - [03/May/2017:12:10:30 +0200] "GET /entry.php?id=11678& HTTP/1.1" 200 3175 "http://easydrivers.activities.at/entry.php?id=11679" "Mozilla/5.0 (Windows NT 10.0; Trident/7.0; rv:11.0) like Gecko"
83.65.142.74 - - [03/May/2017:12:10:31 +0200] "GET /activities/framework/KoolControls/KoolAjax/koolajax.php?8436e354c842500aba3cbaf0584c0c24 HTTP/1.1" 200 4079 "http://easydrivers.activities.at/entry.php?id=11678&" "Mozilla/5.0 (Windows NT 10.0; Trident/7.0; rv:11.0) like Gecko"
83.65.142.74 - - [03/May/2017:12:10:31 +0200] "GET /gui/javascript/form_form.js?1493806231 HTTP/1.1" 200 16206 "http://easydrivers.activities.at/entry.php?id=11678&" "Mozilla/5.0 (Windows NT 10.0; Trident/7.0; rv:11.0) like Gecko"
83.65.142.74 - - [03/May/2017:12:10:30 +0200] "GET /entry.php?id=11677& HTTP/1.1" 200 4374 "http://easydrivers.activities.at/entry.php?id=11679" "Mozilla/5.0 (Windows NT 10.0; Trident/7.0; rv:11.0) like Gecko"
91.114.247.177 - - [03/May/2017:12:10:31 +0200] "GET /entry.php?id=10271&&ser=806171 HTTP/1.1" 200 986 "http://ed.activities.at/entry.php?id=10271&&ser=806110" "Mozilla/5.0 (Windows NT 10.0; WOW64; rv:53.0) Gecko/20100101 Firefox/53.0"
91.114.247.177 - - [03/May/2017:12:10:32 +0200] "GET /gui/javascript/form_form.js?1493806231 HTTP/1.1" 200 16206 "http://ed.activities.at/entry.php?id=10271&&ser=806171" "Mozilla/5.0 (Windows NT 10.0; WOW64; rv:53.0) Gecko/20100101 Firefox/53.0"
83.65.142.74 - - [03/May/2017:12:10:32 +0200] "GET /activities/framework/KoolControls/KoolTreeView/kooltreeview.php?c7cd9180e88ffef8e70f13526bb4f5f7 HTTP/1.1" 200 5055 "http://easydrivers.activities.at/entry.php?id=11678&" "Mozilla/5.0 (Windows NT 10.0; Trident/7.0; rv:11.0) like Gecko"
83.65.142.74 - - [03/May/2017:12:10:33 +0200] "GET /entry.php?id=11618&&object=&item=&emu_class= HTTP/1.1" 200 1698 "http://easydrivers.activities.at/entry.php?id=11677&" "Mozilla/5.0 (Windows NT 10.0; Trident/7.0; rv:11.0) like Gecko"
83.65.142.74 - - [03/May/2017:12:10:33 +0200] "GET /gui/javascript/form_form.js?1493806233 HTTP/1.1" 200 16206 "http://easydrivers.activities.at/entry.php?id=11618&&object=&item=&emu_class=" "Mozilla/5.0 (Windows NT 10.0; Trident/7.0; rv:11.0) like Gecko"
83.65.142.74 - - [03/May/2017:12:10:34 +0200] "GET /gui/images/icons/disabled_calendar.png HTTP/1.1" 200 640 "http://easydrivers.activities.at/entry.php?id=11677&" "Mozilla/5.0 (Windows NT 10.0; Trident/7.0; rv:11.0) like Gecko"
212.108.43.59 - - [03/May/2017:12:10:38 +0200] "GET /entry.php?id=10271&&ser=806177 HTTP/1.1" 200 987 "http://ed.activities.at/entry.php?id=10271&&ser=806116" "Mozilla/5.0 (Windows NT 10.0; Win64; x64) AppleWebKit/537.36 (KHTML, like Gecko) Chrome/57.0.2987.133 Safari/537.36"
212.108.43.59 - - [03/May/2017:12:10:38 +0200] "GET /gui/javascript/form_form.js?1493806238 HTTP/1.1" 200 16206 "http://ed.activities.at/entry.php?id=10271&&ser=806177" "Mozilla/5.0 (Windows NT 10.0; Win64; x64) AppleWebKit/537.36 (KHTML, like Gecko) Chrome/57.0.2987.133 Safari/537.36"
83.65.142.74 - - [03/May/2017:12:10:40 +0200] "GET /entry.php?id=10271&&ser=806179 HTTP/1.1" 200 987 "http://easydrivers.activities.at/entry.php?id=10271&&ser=806117" "Mozilla/5.0 (Windows NT 10.0; Trident/7.0; rv:11.0) like Gecko"
83.65.142.74 - - [03/May/2017:12:10:40 +0200] "GET /gui/javascript/form_form.js?1493806240 HTTP/1.1" 200 16206 "http://easydrivers.activities.at/entry.php?id=10271&&ser=806179" "Mozilla/5.0 (Windows NT 10.0; Trident/7.0; rv:11.0) like Gecko"
83.65.142.74 - - [03/May/2017:12:10:59 +0200] "GET /entry.php?id=10287&login=1 HTTP/1.1" 200 1876 "http://easydrivers.activities.at/entry.php?id=11412" "Mozilla/5.0 (Windows NT 10.0; Trident/7.0; rv:11.0) like Gecko"
83.65.142.74 - - [03/May/2017:12:11:00 +0200] "GET /gui/javascript/form_form.js?1493806260 HTTP/1.1" 200 16206 "http://easydrivers.activities.at/entry.php?id=10287&login=1" "Mozilla/5.0 (Windows NT 10.0; Trident/7.0; rv:11.0) like Gecko"
83.65.142.74 - - [03/May/2017:12:11:10 +0200] "GET /entry.php?id=10441&UIN=6de747b39ad1711dde2701eb6e751ea2 HTTP/1.1" 200 1172 "-" "Mozilla/5.0 (Windows NT 10.0; Trident/7.0; rv:11.0) like Gecko"
83.65.142.74 - - [03/May/2017:12:11:10 +0200] "GET /gui/javascript/form_form.js?1493806270 HTTP/1.1" 200 16206 "http://easydrivers.activities.at/entry.php?id=10441&UIN=6de747b39ad1711dde2701eb6e751ea2" "Mozilla/5.0 (Windows NT 10.0; Trident/7.0; rv:11.0) like Gecko"
83.65.142.74 - - [03/May/2017:12:11:11 +0200] "GET /framework/icons/note_msg_icon.gif HTTP/1.1" 200 1022 "http://easydrivers.activities.at/entry.php?id=10441&UIN=6de747b39ad1711dde2701eb6e751ea2" "Mozilla/5.0 (Windows NT 10.0; Trident/7.0; rv:11.0) like Gecko"
91.114.247.177 - - [03/May/2017:12:11:32 +0200] "GET /entry.php?id=10271&&ser=806231 HTTP/1.1" 200 987 "http://ed.activities.at/entry.php?id=10271&&ser=806171" "Mozilla/5.0 (Windows NT 10.0; WOW64; rv:53.0) Gecko/20100101 Firefox/53.0"
91.114.247.177 - - [03/May/2017:12:11:32 +0200] "GET /gui/javascript/form_form.js?1493806292 HTTP/1.1" 200 16206 "http://ed.activities.at/entry.php?id=10271&&ser=806231" "Mozilla/5.0 (Windows NT 10.0; WOW64; rv:53.0) Gecko/20100101 Firefox/53.0"
83.65.142.74 - - [03/May/2017:12:11:33 +0200] "GET / HTTP/1.1" 200 382 "-" "Mozilla/5.0 (Windows NT 10.0; Trident/7.0; rv:11.0) like Gecko"
83.65.142.74 - - [03/May/2017:12:11:34 +0200] "GET /layout.php HTTP/1.1" 200 915 "-" "Mozilla/5.0 (Windows NT 10.0; Trident/7.0; rv:11.0) like Gecko"
83.65.142.74 - - [03/May/2017:12:11:34 +0200] "GET /entry.php?id=10270 HTTP/1.1" 200 908 "http://easydrivers.activities.at/layout.php" "Mozilla/5.0 (Windows NT 10.0; Trident/7.0; rv:11.0) like Gecko"
83.65.142.74 - - [03/May/2017:12:11:34 +0200] "GET /entry.php?id=10273 HTTP/1.1" 200 1902 "http://easydrivers.activities.at/layout.php" "Mozilla/5.0 (Windows NT 10.0; Trident/7.0; rv:11.0) like Gecko"
83.65.142.74 - - [03/May/2017:12:11:34 +0200] "GET /gui/javascript/form_form.js?1493806294 HTTP/1.1" 200 16206 "http://easydrivers.activities.at/entry.php?id=10270" "Mozilla/5.0 (Windows NT 10.0; Trident/7.0; rv:11.0) like Gecko"
83.65.142.74 - - [03/May/2017:12:11:34 +0200] "GET /entry.php?id=10272 HTTP/1.1" 200 1159 "http://easydrivers.activities.at/layout.php" "Mozilla/5.0 (Windows NT 10.0; Trident/7.0; rv:11.0) like Gecko"
83.65.142.74 - - [03/May/2017:12:11:34 +0200] "GET /entry.php?id=11412 HTTP/1.1" 200 1759 "http://easydrivers.activities.at/layout.php" "Mozilla/5.0 (Windows NT 10.0; Trident/7.0; rv:11.0) like Gecko"
83.65.142.74 - - [03/May/2017:12:11:34 +0200] "GET /gui/javascript/form_form.js?1493806294 HTTP/1.1" 200 16206 "http://easydrivers.activities.at/entry.php?id=10273" "Mozilla/5.0 (Windows NT 10.0; Trident/7.0; rv:11.0) like Gecko"
83.65.142.74 - - [03/May/2017:12:11:34 +0200] "GET /gui/images/icons/Logo_activites_RGB.gif HTTP/1.1" 200 1336 "http://easydrivers.activities.at/entry.php?id=10273" "Mozilla/5.0 (Windows NT 10.0; Trident/7.0; rv:11.0) like Gecko"
83.65.142.74 - - [03/May/2017:12:11:35 +0200] "GET /gui/javascript/form_form.js?1493806294 HTTP/1.1" 200 16206 "http://easydrivers.activities.at/entry.php?id=10272" "Mozilla/5.0 (Windows NT 10.0; Trident/7.0; rv:11.0) like Gecko"
83.65.142.74 - - [03/May/2017:12:11:35 +0200] "GET /framework/webfx/javascript/statusbar/statusBar.js HTTP/1.1" 200 649 "http://easydrivers.activities.at/entry.php?id=10272" "Mozilla/5.0 (Windows NT 10.0; Trident/7.0; rv:11.0) like Gecko"
83.65.142.74 - - [03/May/2017:12:11:36 +0200] "GET /gui/images/icons/cancel.gif HTTP/1.1" 200 125 "http://easydrivers.activities.at/entry.php?id=11412" "Mozilla/5.0 (Windows NT 10.0; Trident/7.0; rv:11.0) like Gecko"
83.65.142.74 - - [03/May/2017:12:11:36 +0200] "GET /entry.php?id=10271& HTTP/1.1" 200 934 "http://easydrivers.activities.at/entry.php?id=10272" "Mozilla/5.0 (Windows NT 10.0; Trident/7.0; rv:11.0) like Gecko"
83.65.142.74 - - [03/May/2017:12:11:37 +0200] "GET /gui/javascript/form_form.js?1493806296 HTTP/1.1" 200 16206 "http://easydrivers.activities.at/entry.php?id=10271&" "Mozilla/5.0 (Windows NT 10.0; Trident/7.0; rv:11.0) like Gecko"
83.65.142.74 - - [03/May/2017:12:11:37 +0200] "GET /entry.php?id=10287 HTTP/1.1" 200 2417 "http://easydrivers.activities.at/entry.php?id=11412" "Mozilla/5.0 (Windows NT 10.0; Trident/7.0; rv:11.0) like Gecko"
83.65.142.74 - - [03/May/2017:12:11:38 +0200] "GET /gui/javascript/form_form.js?1493806297 HTTP/1.1" 200 16206 "http://easydrivers.activities.at/entry.php?id=10287" "Mozilla/5.0 (Windows NT 10.0; Trident/7.0; rv:11.0) like Gecko"
83.65.142.74 - - [03/May/2017:12:11:39 +0200] "GET /entry.php?id=10270& HTTP/1.1" 200 908 "http://easydrivers.activities.at/layout.php" "Mozilla/5.0 (Windows NT 10.0; Trident/7.0; rv:11.0) like Gecko"
83.65.142.74 - - [03/May/2017:12:11:39 +0200] "GET /entry.php?id=10273& HTTP/1.1" 200 1903 "http://easydrivers.activities.at/layout.php" "Mozilla/5.0 (Windows NT 10.0; Trident/7.0; rv:11.0) like Gecko"
83.65.142.74 - - [03/May/2017:12:11:39 +0200] "GET /gui/javascript/form_form.js?1493806299 HTTP/1.1" 200 16206 "http://easydrivers.activities.at/entry.php?id=10273&" "Mozilla/5.0 (Windows NT 10.0; Trident/7.0; rv:11.0) like Gecko"
83.65.142.74 - - [03/May/2017:12:11:39 +0200] "GET /gui/javascript/form_form.js?1493806299 HTTP/1.1" 200 16206 "http://easydrivers.activities.at/entry.php?id=10270&" "Mozilla/5.0 (Windows NT 10.0; Trident/7.0; rv:11.0) like Gecko"
212.108.43.59 - - [03/May/2017:12:11:39 +0200] "GET /entry.php?id=10271&&ser=806238 HTTP/1.1" 200 987 "http://ed.activities.at/entry.php?id=10271&&ser=806177" "Mozilla/5.0 (Windows NT 10.0; Win64; x64) AppleWebKit/537.36 (KHTML, like Gecko) Chrome/57.0.2987.133 Safari/537.36"
212.108.43.59 - - [03/May/2017:12:11:39 +0200] "GET /gui/javascript/form_form.js?1493806299 HTTP/1.1" 200 16206 "http://ed.activities.at/entry.php?id=10271&&ser=806238" "Mozilla/5.0 (Windows NT 10.0; Win64; x64) AppleWebKit/537.36 (KHTML, like Gecko) Chrome/57.0.2987.133 Safari/537.36"
83.65.142.74 - - [03/May/2017:12:11:48 +0200] "POST /entry.php?id=10287& HTTP/1.1" 200 1991 "http://easydrivers.activities.at/entry.php?id=10287" "Mozilla/5.0 (Windows NT 10.0; Trident/7.0; rv:11.0) like Gecko"
83.65.142.74 - - [03/May/2017:12:11:48 +0200] "GET /gui/javascript/form_form.js?1493806308 HTTP/1.1" 200 16206 "http://easydrivers.activities.at/entry.php?id=10287&" "Mozilla/5.0 (Windows NT 10.0; Trident/7.0; rv:11.0) like Gecko"
83.65.142.74 - - [03/May/2017:12:11:49 +0200] "GET /entry.php?id=10271& HTTP/1.1" 200 987 "http://easydrivers.activities.at/entry.php?id=10272" "Mozilla/5.0 (Windows NT 10.0; Trident/7.0; rv:11.0) like Gecko"
83.65.142.74 - - [03/May/2017:12:11:50 +0200] "GET /gui/javascript/jquery/css/gui-themes/custom.min.css HTTP/1.1" 304 - "http://easydrivers.activities.at/entry.php?id=10271&" "Mozilla/5.0 (Windows NT 10.0; Trident/7.0; rv:11.0) like Gecko"
83.65.142.74 - - [03/May/2017:12:11:49 +0200] "GET /entry.php?id=10273& HTTP/1.1" 200 2013 "http://easydrivers.activities.at/layout.php" "Mozilla/5.0 (Windows NT 10.0; Trident/7.0; rv:11.0) like Gecko"
83.65.142.74 - - [03/May/2017:12:11:50 +0200] "GET /gui/javascript/jquery/css/gui-themes/ui.spinner.css HTTP/1.1" 304 - "http://easydrivers.activities.at/entry.php?id=10271&" "Mozilla/5.0 (Windows NT 10.0; Trident/7.0; rv:11.0) like Gecko"
83.65.142.74 - - [03/May/2017:12:11:50 +0200] "GET /gui/javascript/jquery/css/gui-themes/jquery.tooltip.css HTTP/1.1" 304 - "http://easydrivers.activities.at/entry.php?id=10271&" "Mozilla/5.0 (Windows NT 10.0; Trident/7.0; rv:11.0) like Gecko"
83.65.142.74 - - [03/May/2017:12:11:50 +0200] "GET /gui/javascript/form_form.js?1493806310 HTTP/1.1" 200 16206 "http://easydrivers.activities.at/entry.php?id=10273&" "Mozilla/5.0 (Windows NT 10.0; Trident/7.0; rv:11.0) like Gecko"
83.65.142.74 - - [03/May/2017:12:11:50 +0200] "GET /gui/styles/tmplDefault.css HTTP/1.1" 304 - "http://easydrivers.activities.at/entry.php?id=10271&" "Mozilla/5.0 (Windows NT 10.0; Trident/7.0; rv:11.0) like Gecko"
83.65.142.74 - - [03/May/2017:12:11:50 +0200] "GET /gui/javascript/form_form.js?1493806309 HTTP/1.1" 200 16206 "http://easydrivers.activities.at/entry.php?id=10271&" "Mozilla/5.0 (Windows NT 10.0; Trident/7.0; rv:11.0) like Gecko"
83.65.142.74 - - [03/May/2017:12:11:51 +0200] "GET /gui/javascript/jquery/js/jquery-1.8.2.js HTTP/1.1" 304 - "http://easydrivers.activities.at/entry.php?id=10271&" "Mozilla/5.0 (Windows NT 10.0; Trident/7.0; rv:11.0) like Gecko"
83.65.142.74 - - [03/May/2017:12:11:51 +0200] "GET /framework/webfx/style/toolbar/images/cbback.gif HTTP/1.1" 404 319 "http://easydrivers.activities.at/entry.php?id=10273&" "Mozilla/5.0 (Windows NT 10.0; Trident/7.0; rv:11.0) like Gecko"
83.65.142.74 - - [03/May/2017:12:11:51 +0200] "GET /gui/javascript/jquery/js/jquery-ui-1.9.0.custom.min.js HTTP/1.1" 304 - "http://easydrivers.activities.at/entry.php?id=10271&" "Mozilla/5.0 (Windows NT 10.0; Trident/7.0; rv:11.0) like Gecko"
83.65.142.74 - - [03/May/2017:12:11:51 +0200] "GET /entry.php?id=10270&__app__=10006038 HTTP/1.1" 200 1649 "http://easydrivers.activities.at/layout.php" "Mozilla/5.0 (Windows NT 10.0; Trident/7.0; rv:11.0) like Gecko"
83.65.142.74 - - [03/May/2017:12:11:51 +0200] "GET /gui/javascript/jquery/jquery-tooltip/jquery.tooltip.min.js HTTP/1.1" 304 - "http://easydrivers.activities.at/entry.php?id=10271&" "Mozilla/5.0 (Windows NT 10.0; Trident/7.0; rv:11.0) like Gecko"
83.65.142.74 - - [03/May/2017:12:11:51 +0200] "GET /framework/webfx/javascript/navigation/crossbrowser.js HTTP/1.1" 200 1842 "http://easydrivers.activities.at/entry.php?id=10270&__app__=10006038" "Mozilla/5.0 (Windows NT 10.0; Trident/7.0; rv:11.0) like Gecko"
83.65.142.74 - - [03/May/2017:12:11:51 +0200] "GET /framework/webfx/javascript/navigation/outlook.js HTTP/1.1" 200 6351 "http://easydrivers.activities.at/entry.php?id=10270&__app__=10006038" "Mozilla/5.0 (Windows NT 10.0; Trident/7.0; rv:11.0) like Gecko"
83.65.142.74 - - [03/May/2017:12:11:51 +0200] "GET /gui/javascript/form_form.js?1493806311 HTTP/1.1" 200 16206 "http://easydrivers.activities.at/entry.php?id=10270&__app__=10006038" "Mozilla/5.0 (Windows NT 10.0; Trident/7.0; rv:11.0) like Gecko"
83.65.142.74 - - [03/May/2017:12:11:52 +0200] "GET /gui/images/icons/pers_einstellungen.gif HTTP/1.1" 200 1461 "http://easydrivers.activities.at/entry.php?id=10270&__app__=10006038" "Mozilla/5.0 (Windows NT 10.0; Trident/7.0; rv:11.0) like Gecko"
83.65.142.74 - - [03/May/2017:12:11:52 +0200] "GET /framework/icons/navigation/arrowup.gif HTTP/1.1" 200 407 "http://easydrivers.activities.at/entry.php?id=10270&__app__=10006038" "Mozilla/5.0 (Windows NT 10.0; Trident/7.0; rv:11.0) like Gecko"
83.65.142.74 - - [03/May/2017:12:11:52 +0200] "GET /framework/icons/navigation/arrowdown.gif HTTP/1.1" 200 424 "http://easydrivers.activities.at/entry.php?id=10270&__app__=10006038" "Mozilla/5.0 (Windows NT 10.0; Trident/7.0; rv:11.0) like Gecko"
83.65.142.74 - - [03/May/2017:12:11:52 +0200] "GET /gui/images/icons/i_firmen.gif HTTP/1.1" 200 1463 "http://easydrivers.activities.at/entry.php?id=10270&__app__=10006038" "Mozilla/5.0 (Windows NT 10.0; Trident/7.0; rv:11.0) like Gecko"
83.65.142.74 - - [03/May/2017:12:11:52 +0200] "GET /gui/images/icons/i_artikel.gif HTTP/1.1" 200 1765 "http://easydrivers.activities.at/entry.php?id=10270&__app__=10006038" "Mozilla/5.0 (Windows NT 10.0; Trident/7.0; rv:11.0) like Gecko"
83.65.142.74 - - [03/May/2017:12:11:52 +0200] "GET /gui/images/icons/i_haendler_sollverteiler.gif HTTP/1.1" 200 1330 "http://easydrivers.activities.at/entry.php?id=10270&__app__=10006038" "Mozilla/5.0 (Windows NT 10.0; Trident/7.0; rv:11.0) like Gecko"
83.65.142.74 - - [03/May/2017:12:11:52 +0200] "GET /gui/images/icons/menumanagement.gif HTTP/1.1" 200 204 "http://easydrivers.activities.at/entry.php?id=10270&__app__=10006038" "Mozilla/5.0 (Windows NT 10.0; Trident/7.0; rv:11.0) like Gecko"
83.65.142.74 - - [03/May/2017:12:11:52 +0200] "GET /gui/images/icons/i_aktionsreminder.gif HTTP/1.1" 200 2181 "http://easydrivers.activities.at/entry.php?id=10270&__app__=10006038" "Mozilla/5.0 (Windows NT 10.0; Trident/7.0; rv:11.0) like Gecko"
83.65.142.74 - - [03/May/2017:12:11:52 +0200] "GET /gui/images/icons/i_aktionen.gif HTTP/1.1" 200 1920 "http://easydrivers.activities.at/entry.php?id=10270&__app__=10006038" "Mozilla/5.0 (Windows NT 10.0; Trident/7.0; rv:11.0) like Gecko"
83.65.142.74 - - [03/May/2017:12:11:52 +0200] "GET /gui/images/icons/artikelbearbeitung_verfassung.gif HTTP/1.1" 200 1719 "http://easydrivers.activities.at/entry.php?id=10270&__app__=10006038" "Mozilla/5.0 (Windows NT 10.0; Trident/7.0; rv:11.0) like Gecko"
83.65.142.74 - - [03/May/2017:12:11:52 +0200] "GET /undefined HTTP/1.1" 404 290 "http://easydrivers.activities.at/entry.php?id=10270&__app__=10006038" "Mozilla/5.0 (Windows NT 10.0; Trident/7.0; rv:11.0) like Gecko"
83.65.142.74 - - [03/May/2017:12:11:53 +0200] "GET /entry.php?id=11681 HTTP/1.1" 200 328 "http://easydrivers.activities.at/entry.php?id=11412" "Mozilla/5.0 (Windows NT 10.0; Trident/7.0; rv:11.0) like Gecko"
83.65.142.74 - - [03/May/2017:12:11:54 +0200] "GET /entry.php?id=10676&&title=Contentverwaltung HTTP/1.1" 200 1390 "http://easydrivers.activities.at/entry.php?id=11681" "Mozilla/5.0 (Windows NT 10.0; Trident/7.0; rv:11.0) like Gecko"
83.65.142.74 - - [03/May/2017:12:11:54 +0200] "GET /gui/javascript/form_form.js?1493806314 HTTP/1.1" 200 16206 "http://easydrivers.activities.at/entry.php?id=10676&&title=Contentverwaltung" "Mozilla/5.0 (Windows NT 10.0; Trident/7.0; rv:11.0) like Gecko"
83.65.142.74 - - [03/May/2017:12:11:54 +0200] "GET /entry.php?id=11683& HTTP/1.1" 200 2681 "http://easydrivers.activities.at/entry.php?id=11681" "Mozilla/5.0 (Windows NT 10.0; Trident/7.0; rv:11.0) like Gecko"
83.65.142.74 - - [03/May/2017:12:11:54 +0200] "GET /gui/images/icons/ajax_loading.gif HTTP/1.1" 200 1542 "http://easydrivers.activities.at/entry.php?id=11683&" "Mozilla/5.0 (Windows NT 10.0; Trident/7.0; rv:11.0) like Gecko"
83.65.142.74 - - [03/May/2017:12:11:54 +0200] "GET /entry.php?id=11684& HTTP/1.1" 200 3804 "http://easydrivers.activities.at/entry.php?id=11681" "Mozilla/5.0 (Windows NT 10.0; Trident/7.0; rv:11.0) like Gecko"
83.65.142.74 - - [03/May/2017:12:11:55 +0200] "GET /activities/framework/fwx_trans.gif HTTP/1.1" 200 43 "http://easydrivers.activities.at/entry.php?id=11684&" "Mozilla/5.0 (Windows NT 10.0; Trident/7.0; rv:11.0) like Gecko"
83.65.142.74 - - [03/May/2017:12:11:55 +0200] "GET /entry.php?id=10776&form=11508&name=list& HTTP/1.1" 200 1895 "http://easydrivers.activities.at/entry.php?id=11683&" "Mozilla/5.0 (Windows NT 10.0; Trident/7.0; rv:11.0) like Gecko"
83.65.142.74 - - [03/May/2017:12:11:55 +0200] "GET /entry.php?id=10778&form=11508&name=list& HTTP/1.1" 200 3152 "http://easydrivers.activities.at/entry.php?id=11683&" "Mozilla/5.0 (Windows NT 10.0; Trident/7.0; rv:11.0) like Gecko"
83.65.142.74 - - [03/May/2017:12:11:57 +0200] "GET /framework/icons/fwx_trans.gif HTTP/1.1" 200 43 "http://easydrivers.activities.at/entry.php?id=10778&form=11508&name=list&" "Mozilla/5.0 (Windows NT 10.0; Trident/7.0; rv:11.0) like Gecko"
83.65.142.74 - - [03/May/2017:12:11:57 +0200] "GET /gui/images/icons/lupe.gif HTTP/1.1" 200 324 "http://easydrivers.activities.at/entry.php?id=10776&form=11508&name=list&" "Mozilla/5.0 (Windows NT 10.0; Trident/7.0; rv:11.0) like Gecko"
83.65.142.74 - - [03/May/2017:12:12:01 +0200] "POST /entry.php?id=11684 HTTP/1.1" 200 3945 "http://easydrivers.activities.at/entry.php?id=11684&" "Mozilla/5.0 (Windows NT 10.0; Trident/7.0; rv:11.0) like Gecko"
83.65.142.74 - - [03/May/2017:12:12:01 +0200] "GET /gui/javascript/form_form.js?1493806321 HTTP/1.1" 200 16206 "http://easydrivers.activities.at/entry.php?id=11684" "Mozilla/5.0 (Windows NT 10.0; Trident/7.0; rv:11.0) like Gecko"
83.65.142.74 - - [03/May/2017:12:12:04 +0200] "POST /entry.php?id=11684 HTTP/1.1" 200 3066 "http://easydrivers.activities.at/entry.php?id=11684" "Mozilla/5.0 (Windows NT 10.0; Trident/7.0; rv:11.0) like Gecko"
83.65.142.74 - - [03/May/2017:12:12:04 +0200] "GET /gui/javascript/form_form.js?1493806324 HTTP/1.1" 200 16206 "http://easydrivers.activities.at/entry.php?id=11684" "Mozilla/5.0 (Windows NT 10.0; Trident/7.0; rv:11.0) like Gecko"
83.65.142.74 - - [03/May/2017:12:12:07 +0200] "GET /framework/webfx/javascript/tinymce/skins/lightgray/content.min.css HTTP/1.1" 404 331 "http://easydrivers.activities.at/entry.php?id=11684" "Mozilla/5.0 (Windows NT 10.0; Trident/7.0; rv:11.0) like Gecko"
91.114.247.177 - - [03/May/2017:12:12:32 +0200] "GET /entry.php?id=10271&&ser=806292 HTTP/1.1" 200 987 "http://ed.activities.at/entry.php?id=10271&&ser=806231" "Mozilla/5.0 (Windows NT 10.0; WOW64; rv:53.0) Gecko/20100101 Firefox/53.0"
91.114.247.177 - - [03/May/2017:12:12:33 +0200] "GET /gui/javascript/form_form.js?1493806352 HTTP/1.1" 200 16206 "http://ed.activities.at/entry.php?id=10271&&ser=806292" "Mozilla/5.0 (Windows NT 10.0; WOW64; rv:53.0) Gecko/20100101 Firefox/53.0"
212.108.43.59 - - [03/May/2017:12:12:40 +0200] "GET /entry.php?id=10271&&ser=806299 HTTP/1.1" 200 987 "http://ed.activities.at/entry.php?id=10271&&ser=806238" "Mozilla/5.0 (Windows NT 10.0; Win64; x64) AppleWebKit/537.36 (KHTML, like Gecko) Chrome/57.0.2987.133 Safari/537.36"
212.108.43.59 - - [03/May/2017:12:12:40 +0200] "GET /gui/javascript/form_form.js?1493806360 HTTP/1.1" 200 16206 "http://ed.activities.at/entry.php?id=10271&&ser=806299" "Mozilla/5.0 (Windows NT 10.0; Win64; x64) AppleWebKit/537.36 (KHTML, like Gecko) Chrome/57.0.2987.133 Safari/537.36"
83.65.142.74 - - [03/May/2017:12:12:51 +0200] "GET /entry.php?id=10271&&ser=806309 HTTP/1.1" 200 988 "http://easydrivers.activities.at/entry.php?id=10271&" "Mozilla/5.0 (Windows NT 10.0; Trident/7.0; rv:11.0) like Gecko"
83.65.142.74 - - [03/May/2017:12:12:52 +0200] "GET /gui/javascript/form_form.js?1493806372 HTTP/1.1" 200 16206 "http://easydrivers.activities.at/entry.php?id=10271&&ser=806309" "Mozilla/5.0 (Windows NT 10.0; Trident/7.0; rv:11.0) like Gecko"
83.65.142.74 - - [03/May/2017:12:12:58 +0200] "GET /gui/javascript/jquery/css/gui-themes/images/ui-bg_flat_100_808080_40x100.png HTTP/1.1" 200 209 "http://easydrivers.activities.at/entry.php?id=11684" "Mozilla/5.0 (Windows NT 10.0; Trident/7.0; rv:11.0) like Gecko"
83.65.142.74 - - [03/May/2017:12:12:58 +0200] "GET /gui/javascript/jquery/css/gui-themes/images/ui-icons_ffffff_256x240_ev.png HTTP/1.1" 200 6912 "http://easydrivers.activities.at/entry.php?id=11684" "Mozilla/5.0 (Windows NT 10.0; Trident/7.0; rv:11.0) like Gecko"
83.65.142.74 - - [03/May/2017:12:12:58 +0200] "GET /gui/javascript/jquery/css/gui-themes/images/ui-bg_flat_90_eeeeee_40x100.png HTTP/1.1" 200 180 "http://easydrivers.activities.at/entry.php?id=11684" "Mozilla/5.0 (Windows NT 10.0; Trident/7.0; rv:11.0) like Gecko"
83.65.142.74 - - [03/May/2017:12:12:58 +0200] "GET /gui/javascript/jquery/css/gui-themes/images/ui-bg_flat_80_ece9d8_40x100.png HTTP/1.1" 200 183 "http://easydrivers.activities.at/entry.php?id=11684" "Mozilla/5.0 (Windows NT 10.0; Trident/7.0; rv:11.0) like Gecko"
83.65.142.74 - - [03/May/2017:12:13:00 +0200] "GET /gui/javascript/jquery/css/gui-themes/images/ui-bg_flat_100_ffffff_40x100.png HTTP/1.1" 200 178 "http://easydrivers.activities.at/entry.php?id=11684" "Mozilla/5.0 (Windows NT 10.0; Trident/7.0; rv:11.0) like Gecko"
83.65.142.74 - - [03/May/2017:12:13:00 +0200] "POST /entry.php?id=11684 HTTP/1.1" 200 3067 "http://easydrivers.activities.at/entry.php?id=11684" "Mozilla/5.0 (Windows NT 10.0; Trident/7.0; rv:11.0) like Gecko"
83.65.142.74 - - [03/May/2017:12:13:00 +0200] "GET /gui/javascript/form_form.js?1493806380 HTTP/1.1" 200 16206 "http://easydrivers.activities.at/entry.php?id=11684" "Mozilla/5.0 (Windows NT 10.0; Trident/7.0; rv:11.0) like Gecko"
83.65.142.74 - - [03/May/2017:12:13:03 +0200] "GET /framework/webfx/javascript/tinymce/skins/lightgray/content.min.css HTTP/1.1" 404 331 "http://easydrivers.activities.at/entry.php?id=11684" "Mozilla/5.0 (Windows NT 10.0; Trident/7.0; rv:11.0) like Gecko"
91.114.247.177 - - [03/May/2017:12:13:33 +0200] "GET /entry.php?id=10271&&ser=806352 HTTP/1.1" 200 987 "http://ed.activities.at/entry.php?id=10271&&ser=806292" "Mozilla/5.0 (Windows NT 10.0; WOW64; rv:53.0) Gecko/20100101 Firefox/53.0"
91.114.247.177 - - [03/May/2017:12:13:33 +0200] "GET /gui/javascript/form_form.js?1493806413 HTTP/1.1" 200 16206 "http://ed.activities.at/entry.php?id=10271&&ser=806352" "Mozilla/5.0 (Windows NT 10.0; WOW64; rv:53.0) Gecko/20100101 Firefox/53.0"
