83.65.142.74 - - [03/May/2017:09:53:40 +0200] "GET /gui/images/icons/paging_lastpage.gif HTTP/1.1" 200 78 "http://easydrivers.activities.at/entry.php?id=10777&form=10549&name=list&" "Mozilla/5.0 (Windows NT 10.0; Trident/7.0; rv:11.0) like Gecko"
83.65.142.74 - - [03/May/2017:09:53:40 +0200] "GET /gui/images/icons/view_grid.gif HTTP/1.1" 200 382 "http://easydrivers.activities.at/entry.php?id=10776&form=10549&name=list&" "Mozilla/5.0 (Windows NT 10.0; Trident/7.0; rv:11.0) like Gecko"
83.65.142.74 - - [03/May/2017:09:53:44 +0200] "GET /entry.php?id=11687&uploadmode=list&object=false&mode=list&mime=10015786&listview=list HTTP/1.1" 200 2347 "http://easydrivers.activities.at/entry.php?id=10711&chooserview=image_single&view=boxofferimage" "Mozilla/5.0 (Windows NT 10.0; Trident/7.0; rv:11.0) like Gecko"
83.65.142.74 - - [03/May/2017:09:53:45 +0200] "GET /gui/javascript/jquery/fileupload/js/jquery.ui.plupload/css/jquery.ui.plupload.css HTTP/1.1" 200 1380 "http://easydrivers.activities.at/entry.php?id=11687&uploadmode=list&object=false&mode=list&mime=10015786&listview=list" "Mozilla/5.0 (Windows NT 10.0; Trident/7.0; rv:11.0) like Gecko"
83.65.142.74 - - [03/May/2017:09:53:45 +0200] "GET /gui/javascript/form_form.js?1493798025 HTTP/1.1" 200 16206 "http://easydrivers.activities.at/entry.php?id=11687&uploadmode=list&object=false&mode=list&mime=10015786&listview=list" "Mozilla/5.0 (Windows NT 10.0; Trident/7.0; rv:11.0) like Gecko"
83.65.142.74 - - [03/May/2017:09:53:45 +0200] "GET /gui/javascript/jquery/fileupload/js/i18n/de.js HTTP/1.1" 200 651 "http://easydrivers.activities.at/entry.php?id=11687&uploadmode=list&object=false&mode=list&mime=10015786&listview=list" "Mozilla/5.0 (Windows NT 10.0; Trident/7.0; rv:11.0) like Gecko"
83.65.142.74 - - [03/May/2017:09:53:45 +0200] "GET /gui/javascript/jquery/fileupload/js/jquery.ui.plupload/jquery.ui.plupload.js HTTP/1.1" 200 6007 "http://easydrivers.activities.at/entry.php?id=11687&uploadmode=list&object=false&mode=list&mime=10015786&listview=list" "Mozilla/5.0 (Windows NT 10.0; Trident/7.0; rv:11.0) like Gecko"
83.65.142.74 - - [03/May/2017:09:53:45 +0200] "GET /gui/javascript/form_file_upload.js HTTP/1.1" 200 3545 "http://easydrivers.activities.at/entry.php?id=11687&uploadmode=list&object=false&mode=list&mime=10015786&listview=list" "Mozilla/5.0 (Windows NT 10.0; Trident/7.0; rv:11.0) like Gecko"
83.65.142.74 - - [03/May/2017:09:53:45 +0200] "GET /gui/javascript/jquery/fileupload/js/plupload.full.js HTTP/1.1" 200 23055 "http://easydrivers.activities.at/entry.php?id=11687&uploadmode=list&object=false&mode=list&mime=10015786&listview=list" "Mozilla/5.0 (Windows NT 10.0; Trident/7.0; rv:11.0) like Gecko"
83.65.142.74 - - [03/May/2017:09:53:46 +0200] "GET /gui/javascript/jquery/fileupload/js/jquery.ui.plupload/img/buttons.png HTTP/1.1" 200 1439 "http://easydrivers.activities.at/entry.php?id=10711&chooserview=image_single&view=boxofferimage" "Mozilla/5.0 (Windows NT 10.0; Trident/7.0; rv:11.0) like Gecko"
83.65.142.74 - - [03/May/2017:09:53:46 +0200] "GET /gui/javascript/jquery/css/gui-themes/images/ui-bg_flat_80_ece9d8_40x100.png HTTP/1.1" 200 183 "http://easydrivers.activities.at/entry.php?id=11687&uploadmode=list&object=false&mode=list&mime=10015786&listview=list" "Mozilla/5.0 (Windows NT 10.0; Trident/7.0; rv:11.0) like Gecko"
83.65.142.74 - - [03/May/2017:09:53:52 +0200] "GET /gui/javascript/jquery/css/gui-themes/images/ui-bg_flat_100_ffffff_40x100.png HTTP/1.1" 200 178 "http://easydrivers.activities.at/entry.php?id=11687&uploadmode=list&object=false&mode=list&mime=10015786&listview=list" "Mozilla/5.0 (Windows NT 10.0; Trident/7.0; rv:11.0) like Gecko"
83.65.142.74 - - [03/May/2017:09:53:57 +0200] "GET /entry.php?id=10271&&ser=797976 HTTP/1.1" 200 987 "http://easydrivers.activities.at/entry.php?id=10271&&ser=797914" "Mozilla/5.0 (Windows NT 10.0; Trident/7.0; rv:11.0) like Gecko"
83.65.142.74 - - [03/May/2017:09:53:58 +0200] "GET /gui/javascript/form_form.js?1493798037 HTTP/1.1" 200 16206 "http://easydrivers.activities.at/entry.php?id=10271&&ser=797976" "Mozilla/5.0 (Windows NT 10.0; Trident/7.0; rv:11.0) like Gecko"
212.108.43.59 - - [03/May/2017:09:54:13 +0200] "GET /entry.php?id=10271&&ser=797992 HTTP/1.1" 200 987 "http://ed.activities.at/entry.php?id=10271&&ser=797931" "Mozilla/5.0 (Windows NT 10.0; Win64; x64) AppleWebKit/537.36 (KHTML, like Gecko) Chrome/57.0.2987.133 Safari/537.36"
212.108.43.59 - - [03/May/2017:09:54:13 +0200] "GET /gui/javascript/form_form.js?1493798053 HTTP/1.1" 200 16206 "http://ed.activities.at/entry.php?id=10271&&ser=797992" "Mozilla/5.0 (Windows NT 10.0; Win64; x64) AppleWebKit/537.36 (KHTML, like Gecko) Chrome/57.0.2987.133 Safari/537.36"
83.65.142.74 - - [03/May/2017:09:54:14 +0200] "GET /gui/javascript/jquery/css/gui-themes/images/ui-bg_highlight-soft_25_ffef8f_1x100.png HTTP/1.1" 200 119 "http://easydrivers.activities.at/entry.php?id=11687&uploadmode=list&object=false&mode=list&mime=10015786&listview=list" "Mozilla/5.0 (Windows NT 10.0; Trident/7.0; rv:11.0) like Gecko"
83.65.142.74 - - [03/May/2017:09:54:14 +0200] "GET /gui/javascript/jquery/css/gui-themes/images/ui-icons_2e83ff_256x240_ev.png HTTP/1.1" 200 6035 "http://easydrivers.activities.at/entry.php?id=11687&uploadmode=list&object=false&mode=list&mime=10015786&listview=list" "Mozilla/5.0 (Windows NT 10.0; Trident/7.0; rv:11.0) like Gecko"
83.65.142.74 - - [03/May/2017:09:54:14 +0200] "POST /entry.php?id=11687&ajaxaction=binary HTTP/1.1" 200 2348 "http://easydrivers.activities.at/entry.php?id=11687&uploadmode=list&object=false&mode=list&mime=10015786&listview=list" "Mozilla/5.0 (Windows NT 10.0; Trident/7.0; rv:11.0) like Gecko"
83.65.142.74 - - [03/May/2017:09:54:17 +0200] "POST /entry.php?id=11687&ajaxaction=binary HTTP/1.1" 200 2348 "http://easydrivers.activities.at/entry.php?id=11687&uploadmode=list&object=false&mode=list&mime=10015786&listview=list" "Mozilla/5.0 (Windows NT 10.0; Trident/7.0; rv:11.0) like Gecko"
83.65.142.74 - - [03/May/2017:09:54:19 +0200] "POST /entry.php?id=11687&ajaxaction=binary HTTP/1.1" 200 2348 "http://easydrivers.activities.at/entry.php?id=11687&uploadmode=list&object=false&mode=list&mime=10015786&listview=list" "Mozilla/5.0 (Windows NT 10.0; Trident/7.0; rv:11.0) like Gecko"
83.65.142.74 - - [03/May/2017:09:54:22 +0200] "POST /entry.php?id=11687&ajaxaction=binary HTTP/1.1" 200 2348 "http://easydrivers.activities.at/entry.php?id=11687&uploadmode=list&object=false&mode=list&mime=10015786&listview=list" "Mozilla/5.0 (Windows NT 10.0; Trident/7.0; rv:11.0) like Gecko"
83.65.142.74 - - [03/May/2017:09:54:24 +0200] "POST /entry.php?id=11687&ajaxaction=binary HTTP/1.1" 200 2348 "http://easydrivers.activities.at/entry.php?id=11687&uploadmode=list&object=false&mode=list&mime=10015786&listview=list" "Mozilla/5.0 (Windows NT 10.0; Trident/7.0; rv:11.0) like Gecko"
83.65.142.74 - - [03/May/2017:09:54:27 +0200] "POST /entry.php?id=11687&ajaxaction=binary HTTP/1.1" 200 362 "http://easydrivers.activities.at/entry.php?id=11687&uploadmode=list&object=false&mode=list&mime=10015786&listview=list" "Mozilla/5.0 (Windows NT 10.0; Trident/7.0; rv:11.0) like Gecko"
83.65.142.74 - - [03/May/2017:09:54:32 +0200] "GET /cache/emu/images/easy-drivers-amstetten10289204/03-ansichteasydriver17-04plakat-a2-1jpg_11_16_0.jpg HTTP/1.1" 200 800 "http://easydrivers.activities.at/entry.php?id=10778&form=10549&name=list&" "Mozilla/5.0 (Windows NT 10.0; Trident/7.0; rv:11.0) like Gecko"
83.65.142.74 - - [03/May/2017:09:54:44 +0200] "GET /framework/icons/rowselect.gif HTTP/1.1" 200 67 "http://easydrivers.activities.at/entry.php?id=10778&form=10549&name=list&" "Mozilla/5.0 (Windows NT 10.0; Trident/7.0; rv:11.0) like Gecko"
83.65.142.74 - - [03/May/2017:09:54:45 +0200] "POST /entry.php?id=10704 HTTP/1.1" 200 3081 "http://easydrivers.activities.at/entry.php?id=10704" "Mozilla/5.0 (Windows NT 10.0; Trident/7.0; rv:11.0) like Gecko"
83.65.142.74 - - [03/May/2017:09:54:48 +0200] "GET /gui/javascript/form_form.js?1493798088 HTTP/1.1" 200 16206 "http://easydrivers.activities.at/entry.php?id=10704" "Mozilla/5.0 (Windows NT 10.0; Trident/7.0; rv:11.0) like Gecko"
83.65.142.74 - - [03/May/2017:09:54:49 +0200] "GET /cache/emu/images/easy-drivers-amstetten10289204/03-ansichteasydriver17-04plakat-a2-1jpg_64_90_0.jpg HTTP/1.1" 200 3047 "http://easydrivers.activities.at/entry.php?id=11685&object=10228812&site=10201431&item=10221968" "Mozilla/5.0 (Windows NT 10.0; Trident/7.0; rv:11.0) like Gecko"
83.65.142.74 - - [03/May/2017:09:54:49 +0200] "GET /entry.php?id=10778&form=10549&name=list& HTTP/1.1" 200 7744 "http://easydrivers.activities.at/entry.php?id=10704" "Mozilla/5.0 (Windows NT 10.0; Trident/7.0; rv:11.0) like Gecko"
83.65.142.74 - - [03/May/2017:09:54:49 +0200] "GET /entry.php?id=10776&form=10549&name=list& HTTP/1.1" 200 1608 "http://easydrivers.activities.at/entry.php?id=10704" "Mozilla/5.0 (Windows NT 10.0; Trident/7.0; rv:11.0) like Gecko"
83.65.142.74 - - [03/May/2017:09:54:49 +0200] "GET /entry.php?id=10777&form=10549&name=list& HTTP/1.1" 200 1340 "http://easydrivers.activities.at/entry.php?id=10704" "Mozilla/5.0 (Windows NT 10.0; Trident/7.0; rv:11.0) like Gecko"
83.65.142.74 - - [03/May/2017:09:54:58 +0200] "GET /entry.php?id=10271&&ser=798037 HTTP/1.1" 200 987 "http://easydrivers.activities.at/entry.php?id=10271&&ser=797976" "Mozilla/5.0 (Windows NT 10.0; Trident/7.0; rv:11.0) like Gecko"
83.65.142.74 - - [03/May/2017:09:54:59 +0200] "GET /gui/javascript/form_form.js?1493798099 HTTP/1.1" 200 16206 "http://easydrivers.activities.at/entry.php?id=10271&&ser=798037" "Mozilla/5.0 (Windows NT 10.0; Trident/7.0; rv:11.0) like Gecko"
212.108.43.59 - - [03/May/2017:09:55:14 +0200] "GET /entry.php?id=10271&&ser=798053 HTTP/1.1" 200 987 "http://ed.activities.at/entry.php?id=10271&&ser=797992" "Mozilla/5.0 (Windows NT 10.0; Win64; x64) AppleWebKit/537.36 (KHTML, like Gecko) Chrome/57.0.2987.133 Safari/537.36"
212.108.43.59 - - [03/May/2017:09:55:14 +0200] "GET /gui/javascript/form_form.js?1493798114 HTTP/1.1" 200 16206 "http://ed.activities.at/entry.php?id=10271&&ser=798053" "Mozilla/5.0 (Windows NT 10.0; Win64; x64) AppleWebKit/537.36 (KHTML, like Gecko) Chrome/57.0.2987.133 Safari/537.36"
83.65.142.74 - - [03/May/2017:09:56:00 +0200] "GET /entry.php?id=10271&&ser=798099 HTTP/1.1" 200 987 "http://easydrivers.activities.at/entry.php?id=10271&&ser=798037" "Mozilla/5.0 (Windows NT 10.0; Trident/7.0; rv:11.0) like Gecko"
83.65.142.74 - - [03/May/2017:09:56:00 +0200] "GET /gui/javascript/form_form.js?1493798160 HTTP/1.1" 200 16206 "http://easydrivers.activities.at/entry.php?id=10271&&ser=798099" "Mozilla/5.0 (Windows NT 10.0; Trident/7.0; rv:11.0) like Gecko"
212.108.43.59 - - [03/May/2017:09:56:15 +0200] "GET /entry.php?id=10271&&ser=798114 HTTP/1.1" 200 987 "http://ed.activities.at/entry.php?id=10271&&ser=798053" "Mozilla/5.0 (Windows NT 10.0; Win64; x64) AppleWebKit/537.36 (KHTML, like Gecko) Chrome/57.0.2987.133 Safari/537.36"
212.108.43.59 - - [03/May/2017:09:56:15 +0200] "GET /gui/javascript/form_form.js?1493798175 HTTP/1.1" 200 16206 "http://ed.activities.at/entry.php?id=10271&&ser=798114" "Mozilla/5.0 (Windows NT 10.0; Win64; x64) AppleWebKit/537.36 (KHTML, like Gecko) Chrome/57.0.2987.133 Safari/537.36"
83.65.142.74 - - [03/May/2017:09:56:23 +0200] "POST /entry.php?id=11685 HTTP/1.1" 200 3698 "http://easydrivers.activities.at/entry.php?id=11685&object=10228812&site=10201431&item=10221968" "Mozilla/5.0 (Windows NT 10.0; Trident/7.0; rv:11.0) like Gecko"
83.65.142.74 - - [03/May/2017:09:56:23 +0200] "GET /gui/javascript/form_form.js?1493798183 HTTP/1.1" 200 16206 "http://easydrivers.activities.at/entry.php?id=11685" "Mozilla/5.0 (Windows NT 10.0; Trident/7.0; rv:11.0) like Gecko"
83.65.142.74 - - [03/May/2017:09:56:23 +0200] "GET /cache/emu/images/easy-drivers-amstetten10289204/03-ansichteasydriver17-04plakat-a2-1jpg_64_90_0.jpg HTTP/1.1" 304 - "http://easydrivers.activities.at/entry.php?id=11685" "Mozilla/5.0 (Windows NT 10.0; Trident/7.0; rv:11.0) like Gecko"
83.65.142.74 - - [03/May/2017:09:57:01 +0200] "GET /entry.php?id=10271&&ser=798160 HTTP/1.1" 200 987 "http://easydrivers.activities.at/entry.php?id=10271&&ser=798099" "Mozilla/5.0 (Windows NT 10.0; Trident/7.0; rv:11.0) like Gecko"
83.65.142.74 - - [03/May/2017:09:57:01 +0200] "GET /gui/javascript/form_form.js?1493798221 HTTP/1.1" 200 16206 "http://easydrivers.activities.at/entry.php?id=10271&&ser=798160" "Mozilla/5.0 (Windows NT 10.0; Trident/7.0; rv:11.0) like Gecko"
83.65.142.74 - - [03/May/2017:09:57:11 +0200] "GET /entry.php?id=11681&chooserview=addnewboxoffer&hidetitle=true&object=&chooserview=addnewboxoffer&hidetitle=true HTTP/1.1" 200 340 "http://easydrivers.activities.at/entry.php?id=11412" "Mozilla/5.0 (Windows NT 10.0; Trident/7.0; rv:11.0) like Gecko"
83.65.142.74 - - [03/May/2017:09:57:12 +0200] "GET /entry.php?id=11683&chooserview=addnewboxoffer&object=& HTTP/1.1" 200 2958 "http://easydrivers.activities.at/entry.php?id=11681&chooserview=addnewboxoffer&hidetitle=true&object=&chooserview=addnewboxoffer&hidetitle=true" "Mozilla/5.0 (Windows NT 10.0; Trident/7.0; rv:11.0) like Gecko"
83.65.142.74 - - [03/May/2017:09:57:12 +0200] "GET /gui/javascript/form_ed_training_course.js HTTP/1.1" 200 1951 "http://easydrivers.activities.at/entry.php?id=11683&chooserview=addnewboxoffer&object=&" "Mozilla/5.0 (Windows NT 10.0; Trident/7.0; rv:11.0) like Gecko"
83.65.142.74 - - [03/May/2017:09:57:12 +0200] "GET /gui/javascript/form_form.js?1493798232 HTTP/1.1" 200 16206 "http://easydrivers.activities.at/entry.php?id=11683&chooserview=addnewboxoffer&object=&" "Mozilla/5.0 (Windows NT 10.0; Trident/7.0; rv:11.0) like Gecko"
83.65.142.74 - - [03/May/2017:09:57:12 +0200] "GET /entry.php?id=11684&chooserview=addnewboxoffer&object=& HTTP/1.1" 200 3790 "http://easydrivers.activities.at/entry.php?id=11681&chooserview=addnewboxoffer&hidetitle=true&object=&chooserview=addnewboxoffer&hidetitle=true" "Mozilla/5.0 (Windows NT 10.0; Trident/7.0; rv:11.0) like Gecko"
83.65.142.74 - - [03/May/2017:09:57:14 +0200] "GET /gui/images/icons/information.gif HTTP/1.1" 200 1025 "http://easydrivers.activities.at/entry.php?id=11684&chooserview=addnewboxoffer&object=&" "Mozilla/5.0 (Windows NT 10.0; Trident/7.0; rv:11.0) like Gecko"
83.65.142.74 - - [03/May/2017:09:57:14 +0200] "GET /gui/images/icons/disabled_delete.gif HTTP/1.1" 200 86 "http://easydrivers.activities.at/entry.php?id=11684&chooserview=addnewboxoffer&object=&" "Mozilla/5.0 (Windows NT 10.0; Trident/7.0; rv:11.0) like Gecko"
83.65.142.74 - - [03/May/2017:09:57:14 +0200] "GET /entry.php?id=10778&form=11508&name=list& HTTP/1.1" 200 2987 "http://easydrivers.activities.at/entry.php?id=11683&chooserview=addnewboxoffer&object=&" "Mozilla/5.0 (Windows NT 10.0; Trident/7.0; rv:11.0) like Gecko"
83.65.142.74 - - [03/May/2017:09:57:14 +0200] "GET /entry.php?id=10776&form=11508&name=list& HTTP/1.1" 200 1807 "http://easydrivers.activities.at/entry.php?id=11683&chooserview=addnewboxoffer&object=&" "Mozilla/5.0 (Windows NT 10.0; Trident/7.0; rv:11.0) like Gecko"
83.65.142.74 - - [03/May/2017:09:57:15 +0200] "GET /gui/images/icons/filter_on.gif HTTP/1.1" 200 316 "http://easydrivers.activities.at/entry.php?id=10776&form=11508&name=list&" "Mozilla/5.0 (Windows NT 10.0; Trident/7.0; rv:11.0) like Gecko"
212.108.43.59 - - [03/May/2017:09:57:16 +0200] "GET /entry.php?id=10271&&ser=798175 HTTP/1.1" 200 987 "http://ed.activities.at/entry.php?id=10271&&ser=798114" "Mozilla/5.0 (Windows NT 10.0; Win64; x64) AppleWebKit/537.36 (KHTML, like Gecko) Chrome/57.0.2987.133 Safari/537.36"
212.108.43.59 - - [03/May/2017:09:57:16 +0200] "GET /gui/javascript/form_form.js?1493798236 HTTP/1.1" 200 16206 "http://ed.activities.at/entry.php?id=10271&&ser=798175" "Mozilla/5.0 (Windows NT 10.0; Win64; x64) AppleWebKit/537.36 (KHTML, like Gecko) Chrome/57.0.2987.133 Safari/537.36"
83.65.142.74 - - [03/May/2017:09:57:50 +0200] "POST /entry.php?id=11684 HTTP/1.1" 200 3790 "http://easydrivers.activities.at/entry.php?id=11684&chooserview=addnewboxoffer&object=&" "Mozilla/5.0 (Windows NT 10.0; Trident/7.0; rv:11.0) like Gecko"
83.65.142.74 - - [03/May/2017:09:57:50 +0200] "GET /gui/javascript/form_form.js?1493798270 HTTP/1.1" 200 16206 "http://easydrivers.activities.at/entry.php?id=11684" "Mozilla/5.0 (Windows NT 10.0; Trident/7.0; rv:11.0) like Gecko"
83.65.142.74 - - [03/May/2017:09:58:02 +0200] "GET /entry.php?id=10271&&ser=798221 HTTP/1.1" 200 987 "http://easydrivers.activities.at/entry.php?id=10271&&ser=798160" "Mozilla/5.0 (Windows NT 10.0; Trident/7.0; rv:11.0) like Gecko"
83.65.142.74 - - [03/May/2017:09:58:02 +0200] "GET /gui/javascript/form_form.js?1493798282 HTTP/1.1" 200 16206 "http://easydrivers.activities.at/entry.php?id=10271&&ser=798221" "Mozilla/5.0 (Windows NT 10.0; Trident/7.0; rv:11.0) like Gecko"
212.108.43.59 - - [03/May/2017:09:58:17 +0200] "GET /entry.php?id=10271&&ser=798236 HTTP/1.1" 200 987 "http://ed.activities.at/entry.php?id=10271&&ser=798175" "Mozilla/5.0 (Windows NT 10.0; Win64; x64) AppleWebKit/537.36 (KHTML, like Gecko) Chrome/57.0.2987.133 Safari/537.36"
212.108.43.59 - - [03/May/2017:09:58:17 +0200] "GET /gui/javascript/form_form.js?1493798297 HTTP/1.1" 200 16206 "http://ed.activities.at/entry.php?id=10271&&ser=798236" "Mozilla/5.0 (Windows NT 10.0; Win64; x64) AppleWebKit/537.36 (KHTML, like Gecko) Chrome/57.0.2987.133 Safari/537.36"
83.65.142.74 - - [03/May/2017:09:58:18 +0200] "GET /entry.php?id=11681&chooserview=addnewboxoffer&hidetitle=true&object=&chooserview=addnewboxoffer&hidetitle=true HTTP/1.1" 200 340 "http://easydrivers.activities.at/entry.php?id=11412" "Mozilla/5.0 (Windows NT 10.0; Trident/7.0; rv:11.0) like Gecko"
83.65.142.74 - - [03/May/2017:09:58:19 +0200] "GET /entry.php?id=11683&chooserview=addnewboxoffer&object=& HTTP/1.1" 200 2958 "http://easydrivers.activities.at/entry.php?id=11681&chooserview=addnewboxoffer&hidetitle=true&object=&chooserview=addnewboxoffer&hidetitle=true" "Mozilla/5.0 (Windows NT 10.0; Trident/7.0; rv:11.0) like Gecko"
83.65.142.74 - - [03/May/2017:09:58:19 +0200] "GET /gui/javascript/form_form.js?1493798299 HTTP/1.1" 200 16206 "http://easydrivers.activities.at/entry.php?id=11683&chooserview=addnewboxoffer&object=&" "Mozilla/5.0 (Windows NT 10.0; Trident/7.0; rv:11.0) like Gecko"
83.65.142.74 - - [03/May/2017:09:58:19 +0200] "GET /entry.php?id=11684&chooserview=addnewboxoffer&object=& HTTP/1.1" 200 3790 "http://easydrivers.activities.at/entry.php?id=11681&chooserview=addnewboxoffer&hidetitle=true&object=&chooserview=addnewboxoffer&hidetitle=true" "Mozilla/5.0 (Windows NT 10.0; Trident/7.0; rv:11.0) like Gecko"
83.65.142.74 - - [03/May/2017:09:58:20 +0200] "GET /entry.php?id=10776&form=11508&name=list& HTTP/1.1" 200 1807 "http://easydrivers.activities.at/entry.php?id=11683&chooserview=addnewboxoffer&object=&" "Mozilla/5.0 (Windows NT 10.0; Trident/7.0; rv:11.0) like Gecko"
83.65.142.74 - - [03/May/2017:09:58:21 +0200] "GET /entry.php?id=10778&form=11508&name=list& HTTP/1.1" 200 2987 "http://easydrivers.activities.at/entry.php?id=11683&chooserview=addnewboxoffer&object=&" "Mozilla/5.0 (Windows NT 10.0; Trident/7.0; rv:11.0) like Gecko"
83.65.142.74 - - [03/May/2017:09:58:36 +0200] "GET /entry.php?id=11613&mode=addnewboxoffer&site=10201431&hidetitle=addnewboxoffer HTTP/1.1" 200 409 "http://easydrivers.activities.at/entry.php?id=11412" "Mozilla/5.0 (Windows NT 10.0; Trident/7.0; rv:11.0) like Gecko"
83.65.142.74 - - [03/May/2017:09:58:37 +0200] "GET /entry.php?id=11678&object=&mode=addnewboxoffer&site=10201431&hiddelegend=true&hidetitle=addnewboxoffer& HTTP/1.1" 200 2771 "http://easydrivers.activities.at/entry.php?id=11613&mode=addnewboxoffer&site=10201431&hidetitle=addnewboxoffer" "Mozilla/5.0 (Windows NT 10.0; Trident/7.0; rv:11.0) like Gecko"
83.65.142.74 - - [03/May/2017:09:58:37 +0200] "GET /activities/framework/KoolControls/KoolAjax/koolajax.php?8436e354c842500aba3cbaf0584c0c24 HTTP/1.1" 200 4079 "http://easydrivers.activities.at/entry.php?id=11678&object=&mode=addnewboxoffer&site=10201431&hiddelegend=true&hidetitle=addnewboxoffer&" "Mozilla/5.0 (Windows NT 10.0; Trident/7.0; rv:11.0) like Gecko"
83.65.142.74 - - [03/May/2017:09:58:37 +0200] "GET /gui/javascript/form_form.js?1493798317 HTTP/1.1" 200 16206 "http://easydrivers.activities.at/entry.php?id=11678&object=&mode=addnewboxoffer&site=10201431&hiddelegend=true&hidetitle=addnewboxoffer&" "Mozilla/5.0 (Windows NT 10.0; Trident/7.0; rv:11.0) like Gecko"
83.65.142.74 - - [03/May/2017:09:58:37 +0200] "GET /entry.php?id=11616&object=&mode=addnewboxoffer&site=10201431&hiddelegend=true&hidetitle=addnewboxoffer& HTTP/1.1" 200 1783 "http://easydrivers.activities.at/entry.php?id=11613&mode=addnewboxoffer&site=10201431&hidetitle=addnewboxoffer" "Mozilla/5.0 (Windows NT 10.0; Trident/7.0; rv:11.0) like Gecko"
83.65.142.74 - - [03/May/2017:09:58:39 +0200] "GET /activities/framework/KoolControls/KoolTreeView/kooltreeview.php?c7cd9180e88ffef8e70f13526bb4f5f7 HTTP/1.1" 200 5055 "http://easydrivers.activities.at/entry.php?id=11678&object=&mode=addnewboxoffer&site=10201431&hiddelegend=true&hidetitle=addnewboxoffer&" "Mozilla/5.0 (Windows NT 10.0; Trident/7.0; rv:11.0) like Gecko"
83.65.142.74 - - [03/May/2017:09:58:53 +0200] "GET /entry.php?id=10921&chooserview=addnewboxoffer&hidetitle=true HTTP/1.1" 200 350 "http://easydrivers.activities.at/entry.php?id=11412" "Mozilla/5.0 (Windows NT 10.0; Trident/7.0; rv:11.0) like Gecko"
83.65.142.74 - - [03/May/2017:09:58:53 +0200] "GET /entry.php?id=10918&&view=chooser&but=&object=&class=&tag=&value=&chooserview=addnewboxoffer&function=&setlist= HTTP/1.1" 200 2412 "http://easydrivers.activities.at/entry.php?id=10921&chooserview=addnewboxoffer&hidetitle=true" "Mozilla/5.0 (Windows NT 10.0; Trident/7.0; rv:11.0) like Gecko"
83.65.142.74 - - [03/May/2017:09:58:54 +0200] "GET /gui/javascript/form_extlink.js HTTP/1.1" 200 945 "http://easydrivers.activities.at/entry.php?id=10918&&view=chooser&but=&object=&class=&tag=&value=&chooserview=addnewboxoffer&function=&setlist=" "Mozilla/5.0 (Windows NT 10.0; Trident/7.0; rv:11.0) like Gecko"
83.65.142.74 - - [03/May/2017:09:58:54 +0200] "GET /gui/javascript/form_form.js?1493798334 HTTP/1.1" 200 16206 "http://easydrivers.activities.at/entry.php?id=10918&&view=chooser&but=&object=&class=&tag=&value=&chooserview=addnewboxoffer&function=&setlist=" "Mozilla/5.0 (Windows NT 10.0; Trident/7.0; rv:11.0) like Gecko"
83.65.142.74 - - [03/May/2017:09:58:53 +0200] "GET /entry.php?id=10919&&view=chooser&but=&object=&class=&tag=&value=&chooserview=addnewboxoffer&function=&setlist= HTTP/1.1" 200 3282 "http://easydrivers.activities.at/entry.php?id=10921&chooserview=addnewboxoffer&hidetitle=true" "Mozilla/5.0 (Windows NT 10.0; Trident/7.0; rv:11.0) like Gecko"
83.65.142.74 - - [03/May/2017:09:58:55 +0200] "GET /entry.php?id=10776&form=10756&name=list& HTTP/1.1" 200 1460 "http://easydrivers.activities.at/entry.php?id=10918&&view=chooser&but=&object=&class=&tag=&value=&chooserview=addnewboxoffer&function=&setlist=" "Mozilla/5.0 (Windows NT 10.0; Trident/7.0; rv:11.0) like Gecko"
83.65.142.74 - - [03/May/2017:09:58:55 +0200] "GET /entry.php?id=10778&form=10756&name=list& HTTP/1.1" 200 2689 "http://easydrivers.activities.at/entry.php?id=10918&&view=chooser&but=&object=&class=&tag=&value=&chooserview=addnewboxoffer&function=&setlist=" "Mozilla/5.0 (Windows NT 10.0; Trident/7.0; rv:11.0) like Gecko"
83.65.142.74 - - [03/May/2017:09:59:03 +0200] "GET /entry.php?id=10271&&ser=798282 HTTP/1.1" 200 988 "http://easydrivers.activities.at/entry.php?id=10271&&ser=798221" "Mozilla/5.0 (Windows NT 10.0; Trident/7.0; rv:11.0) like Gecko"
83.65.142.74 - - [03/May/2017:09:59:03 +0200] "GET /gui/javascript/form_form.js?1493798343 HTTP/1.1" 200 16206 "http://easydrivers.activities.at/entry.php?id=10271&&ser=798282" "Mozilla/5.0 (Windows NT 10.0; Trident/7.0; rv:11.0) like Gecko"
212.108.43.59 - - [03/May/2017:09:59:18 +0200] "GET /entry.php?id=10271&&ser=798297 HTTP/1.1" 200 987 "http://ed.activities.at/entry.php?id=10271&&ser=798236" "Mozilla/5.0 (Windows NT 10.0; Win64; x64) AppleWebKit/537.36 (KHTML, like Gecko) Chrome/57.0.2987.133 Safari/537.36"
212.108.43.59 - - [03/May/2017:09:59:18 +0200] "GET /gui/javascript/form_form.js?1493798358 HTTP/1.1" 200 16206 "http://ed.activities.at/entry.php?id=10271&&ser=798297" "Mozilla/5.0 (Windows NT 10.0; Win64; x64) AppleWebKit/537.36 (KHTML, like Gecko) Chrome/57.0.2987.133 Safari/537.36"
83.65.142.74 - - [03/May/2017:09:59:21 +0200] "GET /entry.php?id=11681&chooserview=addnewboxoffer&hidetitle=true&object=&chooserview=addnewboxoffer&hidetitle=true HTTP/1.1" 200 340 "http://easydrivers.activities.at/entry.php?id=11412" "Mozilla/5.0 (Windows NT 10.0; Trident/7.0; rv:11.0) like Gecko"
83.65.142.74 - - [03/May/2017:09:59:21 +0200] "GET /entry.php?id=11683&chooserview=addnewboxoffer&object=& HTTP/1.1" 200 2957 "http://easydrivers.activities.at/entry.php?id=11681&chooserview=addnewboxoffer&hidetitle=true&object=&chooserview=addnewboxoffer&hidetitle=true" "Mozilla/5.0 (Windows NT 10.0; Trident/7.0; rv:11.0) like Gecko"
83.65.142.74 - - [03/May/2017:09:59:21 +0200] "GET /gui/javascript/form_form.js?1493798361 HTTP/1.1" 200 16206 "http://easydrivers.activities.at/entry.php?id=11683&chooserview=addnewboxoffer&object=&" "Mozilla/5.0 (Windows NT 10.0; Trident/7.0; rv:11.0) like Gecko"
83.65.142.74 - - [03/May/2017:09:59:21 +0200] "GET /entry.php?id=11684&chooserview=addnewboxoffer&object=& HTTP/1.1" 200 3789 "http://easydrivers.activities.at/entry.php?id=11681&chooserview=addnewboxoffer&hidetitle=true&object=&chooserview=addnewboxoffer&hidetitle=true" "Mozilla/5.0 (Windows NT 10.0; Trident/7.0; rv:11.0) like Gecko"
83.65.142.74 - - [03/May/2017:09:59:23 +0200] "GET /entry.php?id=10776&form=11508&name=list& HTTP/1.1" 200 1807 "http://easydrivers.activities.at/entry.php?id=11683&chooserview=addnewboxoffer&object=&" "Mozilla/5.0 (Windows NT 10.0; Trident/7.0; rv:11.0) like Gecko"
83.65.142.74 - - [03/May/2017:09:59:23 +0200] "GET /entry.php?id=10778&form=11508&name=list& HTTP/1.1" 200 2987 "http://easydrivers.activities.at/entry.php?id=11683&chooserview=addnewboxoffer&object=&" "Mozilla/5.0 (Windows NT 10.0; Trident/7.0; rv:11.0) like Gecko"
83.65.142.74 - - [03/May/2017:10:00:01 +0200] "POST /entry.php?id=11684 HTTP/1.1" 200 3790 "http://easydrivers.activities.at/entry.php?id=11684&chooserview=addnewboxoffer&object=&" "Mozilla/5.0 (Windows NT 10.0; Trident/7.0; rv:11.0) like Gecko"
83.65.142.74 - - [03/May/2017:10:00:02 +0200] "GET /gui/javascript/form_form.js?1493798402 HTTP/1.1" 200 16206 "http://easydrivers.activities.at/entry.php?id=11684" "Mozilla/5.0 (Windows NT 10.0; Trident/7.0; rv:11.0) like Gecko"
83.65.142.74 - - [03/May/2017:10:00:04 +0200] "GET /entry.php?id=10271&&ser=798343 HTTP/1.1" 200 987 "http://easydrivers.activities.at/entry.php?id=10271&&ser=798282" "Mozilla/5.0 (Windows NT 10.0; Trident/7.0; rv:11.0) like Gecko"
83.65.142.74 - - [03/May/2017:10:00:04 +0200] "GET /gui/javascript/form_form.js?1493798404 HTTP/1.1" 200 16206 "http://easydrivers.activities.at/entry.php?id=10271&&ser=798343" "Mozilla/5.0 (Windows NT 10.0; Trident/7.0; rv:11.0) like Gecko"
83.65.142.74 - - [03/May/2017:10:00:08 +0200] "POST /entry.php?id=11684 HTTP/1.1" 200 3791 "http://easydrivers.activities.at/entry.php?id=11684" "Mozilla/5.0 (Windows NT 10.0; Trident/7.0; rv:11.0) like Gecko"
83.65.142.74 - - [03/May/2017:10:00:08 +0200] "GET /gui/javascript/form_form.js?1493798408 HTTP/1.1" 200 16206 "http://easydrivers.activities.at/entry.php?id=11684" "Mozilla/5.0 (Windows NT 10.0; Trident/7.0; rv:11.0) like Gecko"
212.108.43.59 - - [03/May/2017:10:00:19 +0200] "GET /entry.php?id=10271&&ser=798358 HTTP/1.1" 200 987 "http://ed.activities.at/entry.php?id=10271&&ser=798297" "Mozilla/5.0 (Windows NT 10.0; Win64; x64) AppleWebKit/537.36 (KHTML, like Gecko) Chrome/57.0.2987.133 Safari/537.36"
212.108.43.59 - - [03/May/2017:10:00:19 +0200] "GET /gui/javascript/form_form.js?1493798419 HTTP/1.1" 200 16206 "http://ed.activities.at/entry.php?id=10271&&ser=798358" "Mozilla/5.0 (Windows NT 10.0; Win64; x64) AppleWebKit/537.36 (KHTML, like Gecko) Chrome/57.0.2987.133 Safari/537.36"
83.65.142.74 - - [03/May/2017:10:00:37 +0200] "GET /entry.php?id=11686&object=10228811&site=10201431 HTTP/1.1" 200 1740 "http://easydrivers.activities.at/entry.php?id=11412" "Mozilla/5.0 (Windows NT 10.0; Trident/7.0; rv:11.0) like Gecko"
83.65.142.74 - - [03/May/2017:10:00:38 +0200] "GET /gui/javascript/form_form.js?1493798437 HTTP/1.1" 200 16206 "http://easydrivers.activities.at/entry.php?id=11686&object=10228811&site=10201431" "Mozilla/5.0 (Windows NT 10.0; Trident/7.0; rv:11.0) like Gecko"
83.65.142.74 - - [03/May/2017:10:00:46 +0200] "GET /entry.php?id=11685&object=10228811&site=10201431&item=10221968 HTTP/1.1" 200 3575 "http://easydrivers.activities.at/entry.php?id=11412" "Mozilla/5.0 (Windows NT 10.0; Trident/7.0; rv:11.0) like Gecko"
83.65.142.74 - - [03/May/2017:10:00:46 +0200] "GET /gui/javascript/form_form.js?1493798446 HTTP/1.1" 200 16206 "http://easydrivers.activities.at/entry.php?id=11685&object=10228811&site=10201431&item=10221968" "Mozilla/5.0 (Windows NT 10.0; Trident/7.0; rv:11.0) like Gecko"
83.65.142.74 - - [03/May/2017:10:01:02 +0200] "GET /entry.php?id=11685&object=10228814&site=10201431&item=10221968 HTTP/1.1" 200 3633 "http://easydrivers.activities.at/entry.php?id=11412" "Mozilla/5.0 (Windows NT 10.0; Trident/7.0; rv:11.0) like Gecko"
83.65.142.74 - - [03/May/2017:10:01:02 +0200] "GET /gui/javascript/form_form.js?1493798462 HTTP/1.1" 200 16206 "http://easydrivers.activities.at/entry.php?id=11685&object=10228814&site=10201431&item=10221968" "Mozilla/5.0 (Windows NT 10.0; Trident/7.0; rv:11.0) like Gecko"
83.65.142.74 - - [03/May/2017:10:01:05 +0200] "GET /entry.php?id=10271&&ser=798404 HTTP/1.1" 200 987 "http://easydrivers.activities.at/entry.php?id=10271&&ser=798343" "Mozilla/5.0 (Windows NT 10.0; Trident/7.0; rv:11.0) like Gecko"
83.65.142.74 - - [03/May/2017:10:01:06 +0200] "GET /gui/javascript/form_form.js?1493798466 HTTP/1.1" 200 16206 "http://easydrivers.activities.at/entry.php?id=10271&&ser=798404" "Mozilla/5.0 (Windows NT 10.0; Trident/7.0; rv:11.0) like Gecko"
83.65.142.74 - - [03/May/2017:10:01:20 +0200] "POST /entry.php?id=11685 HTTP/1.1" 200 3712 "http://easydrivers.activities.at/entry.php?id=11685&object=10228814&site=10201431&item=10221968" "Mozilla/5.0 (Windows NT 10.0; Trident/7.0; rv:11.0) like Gecko"
83.65.142.74 - - [03/May/2017:10:01:21 +0200] "GET /gui/javascript/form_form.js?1493798481 HTTP/1.1" 200 16206 "http://easydrivers.activities.at/entry.php?id=11685" "Mozilla/5.0 (Windows NT 10.0; Trident/7.0; rv:11.0) like Gecko"
212.108.43.59 - - [03/May/2017:10:01:22 +0200] "GET /entry.php?id=10271&&ser=798419 HTTP/1.1" 200 987 "http://ed.activities.at/entry.php?id=10271&&ser=798358" "Mozilla/5.0 (Windows NT 10.0; Win64; x64) AppleWebKit/537.36 (KHTML, like Gecko) Chrome/57.0.2987.133 Safari/537.36"
212.108.43.59 - - [03/May/2017:10:01:22 +0200] "GET /gui/javascript/form_form.js?1493798482 HTTP/1.1" 200 16206 "http://ed.activities.at/entry.php?id=10271&&ser=798419" "Mozilla/5.0 (Windows NT 10.0; Win64; x64) AppleWebKit/537.36 (KHTML, like Gecko) Chrome/57.0.2987.133 Safari/537.36"
83.65.142.74 - - [03/May/2017:10:01:42 +0200] "GET /entry.php?id=11685&object=10228812&site=10201431&item=10221968 HTTP/1.1" 200 3614 "http://easydrivers.activities.at/entry.php?id=11412" "Mozilla/5.0 (Windows NT 10.0; Trident/7.0; rv:11.0) like Gecko"
83.65.142.74 - - [03/May/2017:10:01:42 +0200] "GET /gui/javascript/form_form.js?1493798502 HTTP/1.1" 200 16206 "http://easydrivers.activities.at/entry.php?id=11685&object=10228812&site=10201431&item=10221968" "Mozilla/5.0 (Windows NT 10.0; Trident/7.0; rv:11.0) like Gecko"
83.65.142.74 - - [03/May/2017:10:01:42 +0200] "GET /cache/emu/images/easy-drivers-amstetten10289204/03-ansichteasydriver17-04plakat-a2-1jpg_64_90_0.jpg HTTP/1.1" 304 - "http://easydrivers.activities.at/entry.php?id=11685&object=10228812&site=10201431&item=10221968" "Mozilla/5.0 (Windows NT 10.0; Trident/7.0; rv:11.0) like Gecko"
83.65.142.74 - - [03/May/2017:10:02:01 +0200] "POST /entry.php?id=11685 HTTP/1.1" 200 3614 "http://easydrivers.activities.at/entry.php?id=11685&object=10228812&site=10201431&item=10221968" "Mozilla/5.0 (Windows NT 10.0; Trident/7.0; rv:11.0) like Gecko"
83.65.142.74 - - [03/May/2017:10:02:02 +0200] "GET /gui/javascript/form_form.js?1493798522 HTTP/1.1" 200 16206 "http://easydrivers.activities.at/entry.php?id=11685" "Mozilla/5.0 (Windows NT 10.0; Trident/7.0; rv:11.0) like Gecko"
83.65.142.74 - - [03/May/2017:10:02:07 +0200] "GET /entry.php?id=10271&&ser=798466 HTTP/1.1" 200 986 "http://easydrivers.activities.at/entry.php?id=10271&&ser=798404" "Mozilla/5.0 (Windows NT 10.0; Trident/7.0; rv:11.0) like Gecko"
83.65.142.74 - - [03/May/2017:10:02:07 +0200] "GET /gui/javascript/form_form.js?1493798527 HTTP/1.1" 200 16206 "http://easydrivers.activities.at/entry.php?id=10271&&ser=798466" "Mozilla/5.0 (Windows NT 10.0; Trident/7.0; rv:11.0) like Gecko"
83.65.142.74 - - [03/May/2017:10:02:11 +0200] "GET /entry.php?id=11681&chooserview=addnewboxoffer&hidetitle=true&object=&chooserview=addnewboxoffer&hidetitle=true HTTP/1.1" 200 340 "http://easydrivers.activities.at/entry.php?id=11412" "Mozilla/5.0 (Windows NT 10.0; Trident/7.0; rv:11.0) like Gecko"
83.65.142.74 - - [03/May/2017:10:02:11 +0200] "GET /entry.php?id=11683&chooserview=addnewboxoffer&object=& HTTP/1.1" 200 2957 "http://easydrivers.activities.at/entry.php?id=11681&chooserview=addnewboxoffer&hidetitle=true&object=&chooserview=addnewboxoffer&hidetitle=true" "Mozilla/5.0 (Windows NT 10.0; Trident/7.0; rv:11.0) like Gecko"
83.65.142.74 - - [03/May/2017:10:02:11 +0200] "GET /gui/javascript/form_form.js?1493798531 HTTP/1.1" 200 16206 "http://easydrivers.activities.at/entry.php?id=11683&chooserview=addnewboxoffer&object=&" "Mozilla/5.0 (Windows NT 10.0; Trident/7.0; rv:11.0) like Gecko"
83.65.142.74 - - [03/May/2017:10:02:11 +0200] "GET /entry.php?id=11684&chooserview=addnewboxoffer&object=& HTTP/1.1" 200 3789 "http://easydrivers.activities.at/entry.php?id=11681&chooserview=addnewboxoffer&hidetitle=true&object=&chooserview=addnewboxoffer&hidetitle=true" "Mozilla/5.0 (Windows NT 10.0; Trident/7.0; rv:11.0) like Gecko"
83.65.142.74 - - [03/May/2017:10:02:13 +0200] "GET /entry.php?id=10778&form=11508&name=list& HTTP/1.1" 200 2987 "http://easydrivers.activities.at/entry.php?id=11683&chooserview=addnewboxoffer&object=&" "Mozilla/5.0 (Windows NT 10.0; Trident/7.0; rv:11.0) like Gecko"
83.65.142.74 - - [03/May/2017:10:02:13 +0200] "GET /entry.php?id=10776&form=11508&name=list& HTTP/1.1" 200 1807 "http://easydrivers.activities.at/entry.php?id=11683&chooserview=addnewboxoffer&object=&" "Mozilla/5.0 (Windows NT 10.0; Trident/7.0; rv:11.0) like Gecko"
212.108.43.59 - - [03/May/2017:10:02:23 +0200] "GET /entry.php?id=10271&&ser=798482 HTTP/1.1" 200 986 "http://ed.activities.at/entry.php?id=10271&&ser=798419" "Mozilla/5.0 (Windows NT 10.0; Win64; x64) AppleWebKit/537.36 (KHTML, like Gecko) Chrome/57.0.2987.133 Safari/537.36"
212.108.43.59 - - [03/May/2017:10:02:24 +0200] "GET /gui/javascript/form_form.js?1493798543 HTTP/1.1" 200 16206 "http://ed.activities.at/entry.php?id=10271&&ser=798482" "Mozilla/5.0 (Windows NT 10.0; Win64; x64) AppleWebKit/537.36 (KHTML, like Gecko) Chrome/57.0.2987.133 Safari/537.36"
83.65.142.74 - - [03/May/2017:10:02:31 +0200] "GET /gui/images/icons/filter_off.gif HTTP/1.1" 200 309 "http://easydrivers.activities.at/entry.php?id=10776&form=11508&name=list&" "Mozilla/5.0 (Windows NT 10.0; Trident/7.0; rv:11.0) like Gecko"
83.65.142.74 - - [03/May/2017:10:02:36 +0200] "POST /entry.php?id=11683 HTTP/1.1" 200 2958 "http://easydrivers.activities.at/entry.php?id=11683&chooserview=addnewboxoffer&object=&" "Mozilla/5.0 (Windows NT 10.0; Trident/7.0; rv:11.0) like Gecko"
83.65.142.74 - - [03/May/2017:10:02:36 +0200] "GET /gui/javascript/form_form.js?1493798556 HTTP/1.1" 200 16206 "http://easydrivers.activities.at/entry.php?id=11683" "Mozilla/5.0 (Windows NT 10.0; Trident/7.0; rv:11.0) like Gecko"
83.65.142.74 - - [03/May/2017:10:02:37 +0200] "GET /entry.php?id=10776&form=11508&name=list& HTTP/1.1" 200 1805 "http://easydrivers.activities.at/entry.php?id=11683" "Mozilla/5.0 (Windows NT 10.0; Trident/7.0; rv:11.0) like Gecko"
83.65.142.74 - - [03/May/2017:10:02:37 +0200] "GET /entry.php?id=10778&form=11508&name=list& HTTP/1.1" 200 2965 "http://easydrivers.activities.at/entry.php?id=11683" "Mozilla/5.0 (Windows NT 10.0; Trident/7.0; rv:11.0) like Gecko"
83.65.142.74 - - [03/May/2017:10:03:08 +0200] "GET /entry.php?id=10271&&ser=798527 HTTP/1.1" 200 986 "http://easydrivers.activities.at/entry.php?id=10271&&ser=798466" "Mozilla/5.0 (Windows NT 10.0; Trident/7.0; rv:11.0) like Gecko"
83.65.142.74 - - [03/May/2017:10:03:08 +0200] "GET /gui/javascript/form_form.js?1493798588 HTTP/1.1" 200 16206 "http://easydrivers.activities.at/entry.php?id=10271&&ser=798527" "Mozilla/5.0 (Windows NT 10.0; Trident/7.0; rv:11.0) like Gecko"
83.65.142.74 - - [03/May/2017:10:03:20 +0200] "POST /entry.php?id=11683 HTTP/1.1" 200 2913 "http://easydrivers.activities.at/entry.php?id=11683" "Mozilla/5.0 (Windows NT 10.0; Trident/7.0; rv:11.0) like Gecko"
83.65.142.74 - - [03/May/2017:10:03:21 +0200] "GET /gui/javascript/form_form.js?1493798601 HTTP/1.1" 200 16206 "http://easydrivers.activities.at/entry.php?id=11683" "Mozilla/5.0 (Windows NT 10.0; Trident/7.0; rv:11.0) like Gecko"
83.65.142.74 - - [03/May/2017:10:03:22 +0200] "GET /entry.php?id=10778&form=11508&name=list& HTTP/1.1" 200 2599 "http://easydrivers.activities.at/entry.php?id=11683" "Mozilla/5.0 (Windows NT 10.0; Trident/7.0; rv:11.0) like Gecko"
83.65.142.74 - - [03/May/2017:10:03:22 +0200] "GET /entry.php?id=10776&form=11508&name=list& HTTP/1.1" 200 1779 "http://easydrivers.activities.at/entry.php?id=11683" "Mozilla/5.0 (Windows NT 10.0; Trident/7.0; rv:11.0) like Gecko"
212.108.43.59 - - [03/May/2017:10:03:24 +0200] "GET /entry.php?id=10271&&ser=798543 HTTP/1.1" 200 987 "http://ed.activities.at/entry.php?id=10271&&ser=798482" "Mozilla/5.0 (Windows NT 10.0; Win64; x64) AppleWebKit/537.36 (KHTML, like Gecko) Chrome/57.0.2987.133 Safari/537.36"
212.108.43.59 - - [03/May/2017:10:03:24 +0200] "GET /gui/javascript/form_form.js?1493798604 HTTP/1.1" 200 16206 "http://ed.activities.at/entry.php?id=10271&&ser=798543" "Mozilla/5.0 (Windows NT 10.0; Win64; x64) AppleWebKit/537.36 (KHTML, like Gecko) Chrome/57.0.2987.133 Safari/537.36"
83.65.142.74 - - [03/May/2017:10:04:09 +0200] "GET /entry.php?id=10271&&ser=798588 HTTP/1.1" 200 987 "http://easydrivers.activities.at/entry.php?id=10271&&ser=798527" "Mozilla/5.0 (Windows NT 10.0; Trident/7.0; rv:11.0) like Gecko"
83.65.142.74 - - [03/May/2017:10:04:09 +0200] "GET /gui/javascript/form_form.js?1493798649 HTTP/1.1" 200 16206 "http://easydrivers.activities.at/entry.php?id=10271&&ser=798588" "Mozilla/5.0 (Windows NT 10.0; Trident/7.0; rv:11.0) like Gecko"
212.108.43.59 - - [03/May/2017:10:04:25 +0200] "GET /entry.php?id=10271&&ser=798604 HTTP/1.1" 200 987 "http://ed.activities.at/entry.php?id=10271&&ser=798543" "Mozilla/5.0 (Windows NT 10.0; Win64; x64) AppleWebKit/537.36 (KHTML, like Gecko) Chrome/57.0.2987.133 Safari/537.36"
212.108.43.59 - - [03/May/2017:10:04:25 +0200] "GET /gui/javascript/form_form.js?1493798665 HTTP/1.1" 200 16206 "http://ed.activities.at/entry.php?id=10271&&ser=798604" "Mozilla/5.0 (Windows NT 10.0; Win64; x64) AppleWebKit/537.36 (KHTML, like Gecko) Chrome/57.0.2987.133 Safari/537.36"
83.65.142.74 - - [03/May/2017:10:04:32 +0200] "POST /entry.php?id=11684 HTTP/1.1" 200 4246 "http://easydrivers.activities.at/entry.php?id=11684&chooserview=addnewboxoffer&object=&" "Mozilla/5.0 (Windows NT 10.0; Trident/7.0; rv:11.0) like Gecko"
83.65.142.74 - - [03/May/2017:10:04:32 +0200] "GET /gui/javascript/form_form.js?1493798672 HTTP/1.1" 200 16206 "http://easydrivers.activities.at/entry.php?id=11684" "Mozilla/5.0 (Windows NT 10.0; Trident/7.0; rv:11.0) like Gecko"
83.65.142.74 - - [03/May/2017:10:04:33 +0200] "GET /gui/images/icons/note_msg_icon.gif HTTP/1.1" 200 1022 "http://easydrivers.activities.at/entry.php?id=10778&form=11508&name=list&" "Mozilla/5.0 (Windows NT 10.0; Trident/7.0; rv:11.0) like Gecko"
83.65.142.74 - - [03/May/2017:10:04:36 +0200] "POST /entry.php?id=11684 HTTP/1.1" 200 3070 "http://easydrivers.activities.at/entry.php?id=11684" "Mozilla/5.0 (Windows NT 10.0; Trident/7.0; rv:11.0) like Gecko"
83.65.142.74 - - [03/May/2017:10:04:37 +0200] "GET /framework/webfx/javascript/tinymce/tinyEdit.js HTTP/1.1" 200 1251 "http://easydrivers.activities.at/entry.php?id=11684" "Mozilla/5.0 (Windows NT 10.0; Trident/7.0; rv:11.0) like Gecko"
83.65.142.74 - - [03/May/2017:10:04:37 +0200] "GET /gui/javascript/form_form.js?1493798677 HTTP/1.1" 200 16206 "http://easydrivers.activities.at/entry.php?id=11684" "Mozilla/5.0 (Windows NT 10.0; Trident/7.0; rv:11.0) like Gecko"
83.65.142.74 - - [03/May/2017:10:04:37 +0200] "GET /framework/webfx/javascript/tinymce/tinymce.min.js HTTP/1.1" 200 101898 "http://easydrivers.activities.at/entry.php?id=11684" "Mozilla/5.0 (Windows NT 10.0; Trident/7.0; rv:11.0) like Gecko"
83.65.142.74 - - [03/May/2017:10:04:42 +0200] "GET /framework/webfx/javascript/tinymce/themes/modern/theme.min.js HTTP/1.1" 200 2636 "http://easydrivers.activities.at/entry.php?id=11684" "Mozilla/5.0 (Windows NT 10.0; Trident/7.0; rv:11.0) like Gecko"
83.65.142.74 - - [03/May/2017:10:04:42 +0200] "GET /framework/webfx/javascript/tinymce/plugins/advlist/plugin.min.js HTTP/1.1" 200 613 "http://easydrivers.activities.at/entry.php?id=11684" "Mozilla/5.0 (Windows NT 10.0; Trident/7.0; rv:11.0) like Gecko"
83.65.142.74 - - [03/May/2017:10:04:42 +0200] "GET /framework/webfx/javascript/tinymce/plugins/preview/plugin.min.js HTTP/1.1" 200 734 "http://easydrivers.activities.at/entry.php?id=11684" "Mozilla/5.0 (Windows NT 10.0; Trident/7.0; rv:11.0) like Gecko"
83.65.142.74 - - [03/May/2017:10:04:42 +0200] "GET /framework/webfx/javascript/tinymce/plugins/hr/plugin.min.js HTTP/1.1" 200 191 "http://easydrivers.activities.at/entry.php?id=11684" "Mozilla/5.0 (Windows NT 10.0; Trident/7.0; rv:11.0) like Gecko"
83.65.142.74 - - [03/May/2017:10:04:42 +0200] "GET /framework/webfx/javascript/tinymce/langs/de.js HTTP/1.1" 200 3001 "http://easydrivers.activities.at/entry.php?id=11684" "Mozilla/5.0 (Windows NT 10.0; Trident/7.0; rv:11.0) like Gecko"
83.65.142.74 - - [03/May/2017:10:04:42 +0200] "GET /framework/webfx/javascript/tinymce/plugins/lists/plugin.min.js HTTP/1.1" 200 2642 "http://easydrivers.activities.at/entry.php?id=11684" "Mozilla/5.0 (Windows NT 10.0; Trident/7.0; rv:11.0) like Gecko"
83.65.142.74 - - [03/May/2017:10:04:42 +0200] "GET /framework/webfx/javascript/tinymce/plugins/anchor/plugin.min.js HTTP/1.1" 200 338 "http://easydrivers.activities.at/entry.php?id=11684" "Mozilla/5.0 (Windows NT 10.0; Trident/7.0; rv:11.0) like Gecko"
83.65.142.74 - - [03/May/2017:10:04:42 +0200] "GET /framework/webfx/javascript/tinymce/plugins/pagebreak/plugin.min.js HTTP/1.1" 200 636 "http://easydrivers.activities.at/entry.php?id=11684" "Mozilla/5.0 (Windows NT 10.0; Trident/7.0; rv:11.0) like Gecko"
83.65.142.74 - - [03/May/2017:10:04:42 +0200] "GET /framework/webfx/javascript/tinymce/plugins/searchreplace/plugin.min.js HTTP/1.1" 200 2568 "http://easydrivers.activities.at/entry.php?id=11684" "Mozilla/5.0 (Windows NT 10.0; Trident/7.0; rv:11.0) like Gecko"
83.65.142.74 - - [03/May/2017:10:04:42 +0200] "GET /framework/webfx/javascript/tinymce/plugins/visualchars/plugin.min.js HTTP/1.1" 200 602 "http://easydrivers.activities.at/entry.php?id=11684" "Mozilla/5.0 (Windows NT 10.0; Trident/7.0; rv:11.0) like Gecko"
83.65.142.74 - - [03/May/2017:10:04:42 +0200] "GET /framework/webfx/javascript/tinymce/plugins/wordcount/plugin.min.js HTTP/1.1" 200 524 "http://easydrivers.activities.at/entry.php?id=11684" "Mozilla/5.0 (Windows NT 10.0; Trident/7.0; rv:11.0) like Gecko"
83.65.142.74 - - [03/May/2017:10:04:42 +0200] "GET /framework/webfx/javascript/tinymce/plugins/visualblocks/plugin.min.js HTTP/1.1" 200 523 "http://easydrivers.activities.at/entry.php?id=11684" "Mozilla/5.0 (Windows NT 10.0; Trident/7.0; rv:11.0) like Gecko"
83.65.142.74 - - [03/May/2017:10:04:42 +0200] "GET /framework/webfx/javascript/tinymce/plugins/contextmenu/plugin.min.js HTTP/1.1" 200 542 "http://easydrivers.activities.at/entry.php?id=11684" "Mozilla/5.0 (Windows NT 10.0; Trident/7.0; rv:11.0) like Gecko"
83.65.142.74 - - [03/May/2017:10:04:42 +0200] "GET /framework/webfx/javascript/tinymce/plugins/nonbreaking/plugin.min.js HTTP/1.1" 200 371 "http://easydrivers.activities.at/entry.php?id=11684" "Mozilla/5.0 (Windows NT 10.0; Trident/7.0; rv:11.0) like Gecko"
83.65.142.74 - - [03/May/2017:10:04:42 +0200] "GET /framework/webfx/javascript/tinymce/plugins/template/plugin.min.js HTTP/1.1" 200 1703 "http://easydrivers.activities.at/entry.php?id=11684" "Mozilla/5.0 (Windows NT 10.0; Trident/7.0; rv:11.0) like Gecko"
83.65.142.74 - - [03/May/2017:10:04:42 +0200] "GET /framework/webfx/javascript/tinymce/plugins/paste/plugin.min.js HTTP/1.1" 200 6164 "http://easydrivers.activities.at/entry.php?id=11684" "Mozilla/5.0 (Windows NT 10.0; Trident/7.0; rv:11.0) like Gecko"
83.65.142.74 - - [03/May/2017:10:04:42 +0200] "GET /framework/webfx/javascript/tinymce/plugins/textcolor/plugin.min.js HTTP/1.1" 200 1636 "http://easydrivers.activities.at/entry.php?id=11684" "Mozilla/5.0 (Windows NT 10.0; Trident/7.0; rv:11.0) like Gecko"
83.65.142.74 - - [03/May/2017:10:04:42 +0200] "GET /framework/webfx/javascript/tinymce/plugins/colorpicker/plugin.min.js HTTP/1.1" 200 613 "http://easydrivers.activities.at/entry.php?id=11684" "Mozilla/5.0 (Windows NT 10.0; Trident/7.0; rv:11.0) like Gecko"
83.65.142.74 - - [03/May/2017:10:04:42 +0200] "GET /framework/webfx/javascript/tinymce/plugins/image/plugin.min.js HTTP/1.1" 200 2240 "http://easydrivers.activities.at/entry.php?id=11684" "Mozilla/5.0 (Windows NT 10.0; Trident/7.0; rv:11.0) like Gecko"
83.65.142.74 - - [03/May/2017:10:04:42 +0200] "GET /framework/webfx/javascript/tinymce/plugins/link/plugin.min.js HTTP/1.1" 200 1939 "http://easydrivers.activities.at/entry.php?id=11684" "Mozilla/5.0 (Windows NT 10.0; Trident/7.0; rv:11.0) like Gecko"
83.65.142.74 - - [03/May/2017:10:04:43 +0200] "GET /framework/webfx/javascript/tinymce/skins/lightgray/skin.ie7.min.css HTTP/1.1" 200 6148 "http://easydrivers.activities.at/entry.php?id=11684" "Mozilla/5.0 (Windows NT 10.0; Trident/7.0; rv:11.0) like Gecko"
83.65.142.74 - - [03/May/2017:10:04:43 +0200] "GET /framework/webfx/javascript/tinymce/skins/lightgray/content.min.css HTTP/1.1" 404 331 "http://easydrivers.activities.at/entry.php?id=11684" "Mozilla/5.0 (Windows NT 10.0; Trident/7.0; rv:11.0) like Gecko"
83.65.142.74 - - [03/May/2017:10:04:43 +0200] "GET /framework/webfx/javascript/tinymce/skins/lightgray/fonts/tinymce.eot HTTP/1.1" 200 10024 "http://easydrivers.activities.at/entry.php?id=11684" "Mozilla/5.0 (Windows NT 10.0; Trident/7.0; rv:11.0) like Gecko"
83.65.142.74 - - [03/May/2017:10:04:43 +0200] "GET /framework/webfx/javascript/tinymce/skins/lightgray/fonts/tinymce-small.eot HTTP/1.1" 200 10316 "http://easydrivers.activities.at/entry.php?id=11684" "Mozilla/5.0 (Windows NT 10.0; Trident/7.0; rv:11.0) like Gecko"
83.65.142.74 - - [03/May/2017:10:04:48 +0200] "POST /entry.php?id=11684 HTTP/1.1" 200 3119 "http://easydrivers.activities.at/entry.php?id=11684" "Mozilla/5.0 (Windows NT 10.0; Trident/7.0; rv:11.0) like Gecko"
83.65.142.74 - - [03/May/2017:10:04:48 +0200] "GET /gui/javascript/form_form.js?1493798688 HTTP/1.1" 200 16206 "http://easydrivers.activities.at/entry.php?id=11684" "Mozilla/5.0 (Windows NT 10.0; Trident/7.0; rv:11.0) like Gecko"
83.65.142.74 - - [03/May/2017:10:04:49 +0200] "GET /entry.php?id=10776&form=11506&name=image_list& HTTP/1.1" 200 1538 "http://easydrivers.activities.at/entry.php?id=11684" "Mozilla/5.0 (Windows NT 10.0; Trident/7.0; rv:11.0) like Gecko"
83.65.142.74 - - [03/May/2017:10:04:49 +0200] "GET /entry.php?id=10778&form=11506&name=image_list& HTTP/1.1" 200 2502 "http://easydrivers.activities.at/entry.php?id=11684" "Mozilla/5.0 (Windows NT 10.0; Trident/7.0; rv:11.0) like Gecko"
83.65.142.74 - - [03/May/2017:10:04:53 +0200] "GET /entry.php?id=10711&object=10289206&chooserview=contetimages&view=contetimages HTTP/1.1" 200 1724 "-" "Mozilla/5.0 (Windows NT 10.0; Trident/7.0; rv:11.0) like Gecko"
83.65.142.74 - - [03/May/2017:10:04:53 +0200] "GET /gui/javascript/form_form.js?1493798693 HTTP/1.1" 200 16206 "http://easydrivers.activities.at/entry.php?id=10711&object=10289206&chooserview=contetimages&view=contetimages" "Mozilla/5.0 (Windows NT 10.0; Trident/7.0; rv:11.0) like Gecko"
83.65.142.74 - - [03/May/2017:10:04:54 +0200] "GET /entry.php?id=10676&title=Ressourcenverwaltung HTTP/1.1" 200 1396 "http://easydrivers.activities.at/entry.php?id=10711&object=10289206&chooserview=contetimages&view=contetimages" "Mozilla/5.0 (Windows NT 10.0; Trident/7.0; rv:11.0) like Gecko"
83.65.142.74 - - [03/May/2017:10:04:54 +0200] "GET /gui/javascript/form_form.js?1493798694 HTTP/1.1" 200 16206 "http://easydrivers.activities.at/entry.php?id=10676&title=Ressourcenverwaltung" "Mozilla/5.0 (Windows NT 10.0; Trident/7.0; rv:11.0) like Gecko"
83.65.142.74 - - [03/May/2017:10:04:54 +0200] "GET /entry.php?id=10703&&but=&object=10289206&class=&tag=&value=&chooserview=contetimages&function=&setlist=&t_width=&t_height=&view=contetimages HTTP/1.1" 200 2540 "http://easydrivers.activities.at/entry.php?id=10711&object=10289206&chooserview=contetimages&view=contetimages" "Mozilla/5.0 (Windows NT 10.0; Trident/7.0; rv:11.0) like Gecko"
