83.65.142.74 - - [03/May/2017:10:52:08 +0200] "GET /gui/javascript/form_form.js?1493801528 HTTP/1.1" 200 16206 "http://easydrivers.activities.at/entry.php?id=10271&&ser=801466" "Mozilla/5.0 (Windows NT 10.0; Trident/7.0; rv:11.0) like Gecko"
212.108.43.59 - - [03/May/2017:10:52:15 +0200] "GET /entry.php?id=10271&&ser=801474 HTTP/1.1" 200 987 "http://ed.activities.at/entry.php?id=10271&&ser=801413" "Mozilla/5.0 (Windows NT 10.0; Win64; x64) AppleWebKit/537.36 (KHTML, like Gecko) Chrome/57.0.2987.133 Safari/537.36"
212.108.43.59 - - [03/May/2017:10:52:15 +0200] "GET /gui/javascript/form_form.js?1493801535 HTTP/1.1" 200 16206 "http://ed.activities.at/entry.php?id=10271&&ser=801474" "Mozilla/5.0 (Windows NT 10.0; Win64; x64) AppleWebKit/537.36 (KHTML, like Gecko) Chrome/57.0.2987.133 Safari/537.36"
83.65.142.74 - - [03/May/2017:10:53:09 +0200] "GET /entry.php?id=10271&&ser=801528 HTTP/1.1" 200 987 "http://easydrivers.activities.at/entry.php?id=10271&&ser=801466" "Mozilla/5.0 (Windows NT 10.0; Trident/7.0; rv:11.0) like Gecko"
83.65.142.74 - - [03/May/2017:10:53:09 +0200] "GET /gui/javascript/form_form.js?1493801589 HTTP/1.1" 200 16206 "http://easydrivers.activities.at/entry.php?id=10271&&ser=801528" "Mozilla/5.0 (Windows NT 10.0; Trident/7.0; rv:11.0) like Gecko"
212.108.43.59 - - [03/May/2017:10:53:16 +0200] "GET /entry.php?id=10271&&ser=801535 HTTP/1.1" 200 987 "http://ed.activities.at/entry.php?id=10271&&ser=801474" "Mozilla/5.0 (Windows NT 10.0; Win64; x64) AppleWebKit/537.36 (KHTML, like Gecko) Chrome/57.0.2987.133 Safari/537.36"
212.108.43.59 - - [03/May/2017:10:53:16 +0200] "GET /gui/javascript/form_form.js?1493801596 HTTP/1.1" 200 16206 "http://ed.activities.at/entry.php?id=10271&&ser=801535" "Mozilla/5.0 (Windows NT 10.0; Win64; x64) AppleWebKit/537.36 (KHTML, like Gecko) Chrome/57.0.2987.133 Safari/537.36"
83.65.142.74 - - [03/May/2017:10:54:10 +0200] "GET /entry.php?id=10271&&ser=801589 HTTP/1.1" 200 987 "http://easydrivers.activities.at/entry.php?id=10271&&ser=801528" "Mozilla/5.0 (Windows NT 10.0; Trident/7.0; rv:11.0) like Gecko"
83.65.142.74 - - [03/May/2017:10:54:10 +0200] "GET /gui/javascript/form_form.js?1493801650 HTTP/1.1" 200 16206 "http://easydrivers.activities.at/entry.php?id=10271&&ser=801589" "Mozilla/5.0 (Windows NT 10.0; Trident/7.0; rv:11.0) like Gecko"
212.108.43.59 - - [03/May/2017:10:54:17 +0200] "GET /entry.php?id=10271&&ser=801596 HTTP/1.1" 200 986 "http://ed.activities.at/entry.php?id=10271&&ser=801535" "Mozilla/5.0 (Windows NT 10.0; Win64; x64) AppleWebKit/537.36 (KHTML, like Gecko) Chrome/57.0.2987.133 Safari/537.36"
212.108.43.59 - - [03/May/2017:10:54:17 +0200] "GET /gui/javascript/form_form.js?1493801657 HTTP/1.1" 200 16206 "http://ed.activities.at/entry.php?id=10271&&ser=801596" "Mozilla/5.0 (Windows NT 10.0; Win64; x64) AppleWebKit/537.36 (KHTML, like Gecko) Chrome/57.0.2987.133 Safari/537.36"
83.65.142.74 - - [03/May/2017:10:55:12 +0200] "GET /entry.php?id=10271&&ser=801650 HTTP/1.1" 200 987 "http://easydrivers.activities.at/entry.php?id=10271&&ser=801589" "Mozilla/5.0 (Windows NT 10.0; Trident/7.0; rv:11.0) like Gecko"
83.65.142.74 - - [03/May/2017:10:55:12 +0200] "GET /gui/javascript/form_form.js?1493801712 HTTP/1.1" 200 16206 "http://easydrivers.activities.at/entry.php?id=10271&&ser=801650" "Mozilla/5.0 (Windows NT 10.0; Trident/7.0; rv:11.0) like Gecko"
212.108.43.59 - - [03/May/2017:10:55:18 +0200] "GET /entry.php?id=10271&&ser=801657 HTTP/1.1" 200 986 "http://ed.activities.at/entry.php?id=10271&&ser=801596" "Mozilla/5.0 (Windows NT 10.0; Win64; x64) AppleWebKit/537.36 (KHTML, like Gecko) Chrome/57.0.2987.133 Safari/537.36"
212.108.43.59 - - [03/May/2017:10:55:18 +0200] "GET /gui/javascript/form_form.js?1493801718 HTTP/1.1" 200 16206 "http://ed.activities.at/entry.php?id=10271&&ser=801657" "Mozilla/5.0 (Windows NT 10.0; Win64; x64) AppleWebKit/537.36 (KHTML, like Gecko) Chrome/57.0.2987.133 Safari/537.36"
83.65.142.74 - - [03/May/2017:10:56:13 +0200] "GET /entry.php?id=10271&&ser=801712 HTTP/1.1" 200 987 "http://easydrivers.activities.at/entry.php?id=10271&&ser=801650" "Mozilla/5.0 (Windows NT 10.0; Trident/7.0; rv:11.0) like Gecko"
83.65.142.74 - - [03/May/2017:10:56:13 +0200] "GET /gui/javascript/form_form.js?1493801773 HTTP/1.1" 200 16206 "http://easydrivers.activities.at/entry.php?id=10271&&ser=801712" "Mozilla/5.0 (Windows NT 10.0; Trident/7.0; rv:11.0) like Gecko"
212.108.43.59 - - [03/May/2017:10:56:19 +0200] "GET /entry.php?id=10271&&ser=801718 HTTP/1.1" 200 987 "http://ed.activities.at/entry.php?id=10271&&ser=801657" "Mozilla/5.0 (Windows NT 10.0; Win64; x64) AppleWebKit/537.36 (KHTML, like Gecko) Chrome/57.0.2987.133 Safari/537.36"
212.108.43.59 - - [03/May/2017:10:56:19 +0200] "GET /gui/javascript/form_form.js?1493801779 HTTP/1.1" 200 16206 "http://ed.activities.at/entry.php?id=10271&&ser=801718" "Mozilla/5.0 (Windows NT 10.0; Win64; x64) AppleWebKit/537.36 (KHTML, like Gecko) Chrome/57.0.2987.133 Safari/537.36"
83.65.142.74 - - [03/May/2017:10:57:14 +0200] "GET /entry.php?id=10271&&ser=801773 HTTP/1.1" 200 986 "http://easydrivers.activities.at/entry.php?id=10271&&ser=801712" "Mozilla/5.0 (Windows NT 10.0; Trident/7.0; rv:11.0) like Gecko"
83.65.142.74 - - [03/May/2017:10:57:14 +0200] "GET /gui/javascript/form_form.js?1493801834 HTTP/1.1" 200 16206 "http://easydrivers.activities.at/entry.php?id=10271&&ser=801773" "Mozilla/5.0 (Windows NT 10.0; Trident/7.0; rv:11.0) like Gecko"
212.108.43.59 - - [03/May/2017:10:57:20 +0200] "GET /entry.php?id=10271&&ser=801779 HTTP/1.1" 200 986 "http://ed.activities.at/entry.php?id=10271&&ser=801718" "Mozilla/5.0 (Windows NT 10.0; Win64; x64) AppleWebKit/537.36 (KHTML, like Gecko) Chrome/57.0.2987.133 Safari/537.36"
212.108.43.59 - - [03/May/2017:10:57:20 +0200] "GET /gui/javascript/form_form.js?1493801840 HTTP/1.1" 200 16206 "http://ed.activities.at/entry.php?id=10271&&ser=801779" "Mozilla/5.0 (Windows NT 10.0; Win64; x64) AppleWebKit/537.36 (KHTML, like Gecko) Chrome/57.0.2987.133 Safari/537.36"
83.65.142.74 - - [03/May/2017:10:58:15 +0200] "GET /entry.php?id=10271&&ser=801834 HTTP/1.1" 200 986 "http://easydrivers.activities.at/entry.php?id=10271&&ser=801773" "Mozilla/5.0 (Windows NT 10.0; Trident/7.0; rv:11.0) like Gecko"
83.65.142.74 - - [03/May/2017:10:58:15 +0200] "GET /gui/javascript/form_form.js?1493801895 HTTP/1.1" 200 16206 "http://easydrivers.activities.at/entry.php?id=10271&&ser=801834" "Mozilla/5.0 (Windows NT 10.0; Trident/7.0; rv:11.0) like Gecko"
212.108.43.59 - - [03/May/2017:10:58:21 +0200] "GET /entry.php?id=10271&&ser=801840 HTTP/1.1" 200 986 "http://ed.activities.at/entry.php?id=10271&&ser=801779" "Mozilla/5.0 (Windows NT 10.0; Win64; x64) AppleWebKit/537.36 (KHTML, like Gecko) Chrome/57.0.2987.133 Safari/537.36"
212.108.43.59 - - [03/May/2017:10:58:21 +0200] "GET /gui/javascript/form_form.js?1493801901 HTTP/1.1" 200 16206 "http://ed.activities.at/entry.php?id=10271&&ser=801840" "Mozilla/5.0 (Windows NT 10.0; Win64; x64) AppleWebKit/537.36 (KHTML, like Gecko) Chrome/57.0.2987.133 Safari/537.36"
83.65.142.74 - - [03/May/2017:10:59:16 +0200] "GET /entry.php?id=10271&&ser=801895 HTTP/1.1" 200 987 "http://easydrivers.activities.at/entry.php?id=10271&&ser=801834" "Mozilla/5.0 (Windows NT 10.0; Trident/7.0; rv:11.0) like Gecko"
83.65.142.74 - - [03/May/2017:10:59:16 +0200] "GET /gui/javascript/form_form.js?1493801956 HTTP/1.1" 200 16206 "http://easydrivers.activities.at/entry.php?id=10271&&ser=801895" "Mozilla/5.0 (Windows NT 10.0; Trident/7.0; rv:11.0) like Gecko"
212.108.43.59 - - [03/May/2017:10:59:22 +0200] "GET /entry.php?id=10271&&ser=801901 HTTP/1.1" 200 987 "http://ed.activities.at/entry.php?id=10271&&ser=801840" "Mozilla/5.0 (Windows NT 10.0; Win64; x64) AppleWebKit/537.36 (KHTML, like Gecko) Chrome/57.0.2987.133 Safari/537.36"
212.108.43.59 - - [03/May/2017:10:59:22 +0200] "GET /gui/javascript/form_form.js?1493801962 HTTP/1.1" 200 16206 "http://ed.activities.at/entry.php?id=10271&&ser=801901" "Mozilla/5.0 (Windows NT 10.0; Win64; x64) AppleWebKit/537.36 (KHTML, like Gecko) Chrome/57.0.2987.133 Safari/537.36"
83.65.142.74 - - [03/May/2017:11:00:17 +0200] "GET /entry.php?id=10271&&ser=801956 HTTP/1.1" 200 986 "http://easydrivers.activities.at/entry.php?id=10271&&ser=801895" "Mozilla/5.0 (Windows NT 10.0; Trident/7.0; rv:11.0) like Gecko"
83.65.142.74 - - [03/May/2017:11:00:18 +0200] "GET /gui/javascript/form_form.js?1493802017 HTTP/1.1" 200 16206 "http://easydrivers.activities.at/entry.php?id=10271&&ser=801956" "Mozilla/5.0 (Windows NT 10.0; Trident/7.0; rv:11.0) like Gecko"
212.108.43.59 - - [03/May/2017:11:00:23 +0200] "GET /entry.php?id=10271&&ser=801962 HTTP/1.1" 200 986 "http://ed.activities.at/entry.php?id=10271&&ser=801901" "Mozilla/5.0 (Windows NT 10.0; Win64; x64) AppleWebKit/537.36 (KHTML, like Gecko) Chrome/57.0.2987.133 Safari/537.36"
212.108.43.59 - - [03/May/2017:11:00:23 +0200] "GET /gui/javascript/form_form.js?1493802023 HTTP/1.1" 200 16206 "http://ed.activities.at/entry.php?id=10271&&ser=801962" "Mozilla/5.0 (Windows NT 10.0; Win64; x64) AppleWebKit/537.36 (KHTML, like Gecko) Chrome/57.0.2987.133 Safari/537.36"
83.65.142.74 - - [03/May/2017:11:01:18 +0200] "GET /entry.php?id=10271&&ser=802017 HTTP/1.1" 200 986 "http://easydrivers.activities.at/entry.php?id=10271&&ser=801956" "Mozilla/5.0 (Windows NT 10.0; Trident/7.0; rv:11.0) like Gecko"
83.65.142.74 - - [03/May/2017:11:01:19 +0200] "GET /gui/javascript/form_form.js?1493802079 HTTP/1.1" 200 16206 "http://easydrivers.activities.at/entry.php?id=10271&&ser=802017" "Mozilla/5.0 (Windows NT 10.0; Trident/7.0; rv:11.0) like Gecko"
212.108.43.59 - - [03/May/2017:11:01:24 +0200] "GET /entry.php?id=10271&&ser=802023 HTTP/1.1" 200 986 "http://ed.activities.at/entry.php?id=10271&&ser=801962" "Mozilla/5.0 (Windows NT 10.0; Win64; x64) AppleWebKit/537.36 (KHTML, like Gecko) Chrome/57.0.2987.133 Safari/537.36"
212.108.43.59 - - [03/May/2017:11:01:24 +0200] "GET /gui/javascript/form_form.js?1493802084 HTTP/1.1" 200 16206 "http://ed.activities.at/entry.php?id=10271&&ser=802023" "Mozilla/5.0 (Windows NT 10.0; Win64; x64) AppleWebKit/537.36 (KHTML, like Gecko) Chrome/57.0.2987.133 Safari/537.36"
83.65.142.74 - - [03/May/2017:11:02:20 +0200] "GET /entry.php?id=10271&&ser=802079 HTTP/1.1" 200 986 "http://easydrivers.activities.at/entry.php?id=10271&&ser=802017" "Mozilla/5.0 (Windows NT 10.0; Trident/7.0; rv:11.0) like Gecko"
83.65.142.74 - - [03/May/2017:11:02:20 +0200] "GET /gui/javascript/form_form.js?1493802140 HTTP/1.1" 200 16206 "http://easydrivers.activities.at/entry.php?id=10271&&ser=802079" "Mozilla/5.0 (Windows NT 10.0; Trident/7.0; rv:11.0) like Gecko"
212.108.43.59 - - [03/May/2017:11:02:25 +0200] "GET /entry.php?id=10271&&ser=802084 HTTP/1.1" 200 987 "http://ed.activities.at/entry.php?id=10271&&ser=802023" "Mozilla/5.0 (Windows NT 10.0; Win64; x64) AppleWebKit/537.36 (KHTML, like Gecko) Chrome/57.0.2987.133 Safari/537.36"
212.108.43.59 - - [03/May/2017:11:02:25 +0200] "GET /gui/javascript/form_form.js?1493802145 HTTP/1.1" 200 16206 "http://ed.activities.at/entry.php?id=10271&&ser=802084" "Mozilla/5.0 (Windows NT 10.0; Win64; x64) AppleWebKit/537.36 (KHTML, like Gecko) Chrome/57.0.2987.133 Safari/537.36"
83.65.142.74 - - [03/May/2017:11:03:21 +0200] "GET /entry.php?id=10271&&ser=802140 HTTP/1.1" 200 987 "http://easydrivers.activities.at/entry.php?id=10271&&ser=802079" "Mozilla/5.0 (Windows NT 10.0; Trident/7.0; rv:11.0) like Gecko"
83.65.142.74 - - [03/May/2017:11:03:21 +0200] "GET /gui/javascript/form_form.js?1493802201 HTTP/1.1" 200 16206 "http://easydrivers.activities.at/entry.php?id=10271&&ser=802140" "Mozilla/5.0 (Windows NT 10.0; Trident/7.0; rv:11.0) like Gecko"
212.108.43.59 - - [03/May/2017:11:03:26 +0200] "GET /entry.php?id=10271&&ser=802145 HTTP/1.1" 200 986 "http://ed.activities.at/entry.php?id=10271&&ser=802084" "Mozilla/5.0 (Windows NT 10.0; Win64; x64) AppleWebKit/537.36 (KHTML, like Gecko) Chrome/57.0.2987.133 Safari/537.36"
212.108.43.59 - - [03/May/2017:11:03:26 +0200] "GET /gui/javascript/form_form.js?1493802206 HTTP/1.1" 200 16206 "http://ed.activities.at/entry.php?id=10271&&ser=802145" "Mozilla/5.0 (Windows NT 10.0; Win64; x64) AppleWebKit/537.36 (KHTML, like Gecko) Chrome/57.0.2987.133 Safari/537.36"
83.65.142.74 - - [03/May/2017:11:04:22 +0200] "GET /entry.php?id=10271&&ser=802201 HTTP/1.1" 200 987 "http://easydrivers.activities.at/entry.php?id=10271&&ser=802140" "Mozilla/5.0 (Windows NT 10.0; Trident/7.0; rv:11.0) like Gecko"
83.65.142.74 - - [03/May/2017:11:04:22 +0200] "GET /gui/javascript/form_form.js?1493802262 HTTP/1.1" 200 16206 "http://easydrivers.activities.at/entry.php?id=10271&&ser=802201" "Mozilla/5.0 (Windows NT 10.0; Trident/7.0; rv:11.0) like Gecko"
212.108.43.59 - - [03/May/2017:11:04:27 +0200] "GET /entry.php?id=10271&&ser=802206 HTTP/1.1" 200 987 "http://ed.activities.at/entry.php?id=10271&&ser=802145" "Mozilla/5.0 (Windows NT 10.0; Win64; x64) AppleWebKit/537.36 (KHTML, like Gecko) Chrome/57.0.2987.133 Safari/537.36"
212.108.43.59 - - [03/May/2017:11:04:28 +0200] "GET /gui/javascript/form_form.js?1493802267 HTTP/1.1" 200 16206 "http://ed.activities.at/entry.php?id=10271&&ser=802206" "Mozilla/5.0 (Windows NT 10.0; Win64; x64) AppleWebKit/537.36 (KHTML, like Gecko) Chrome/57.0.2987.133 Safari/537.36"
83.65.142.74 - - [03/May/2017:11:05:23 +0200] "GET /entry.php?id=10271&&ser=802262 HTTP/1.1" 200 987 "http://easydrivers.activities.at/entry.php?id=10271&&ser=802201" "Mozilla/5.0 (Windows NT 10.0; Trident/7.0; rv:11.0) like Gecko"
83.65.142.74 - - [03/May/2017:11:05:23 +0200] "GET /gui/javascript/form_form.js?1493802323 HTTP/1.1" 200 16206 "http://easydrivers.activities.at/entry.php?id=10271&&ser=802262" "Mozilla/5.0 (Windows NT 10.0; Trident/7.0; rv:11.0) like Gecko"
212.108.43.59 - - [03/May/2017:11:05:28 +0200] "GET /entry.php?id=10271&&ser=802267 HTTP/1.1" 200 987 "http://ed.activities.at/entry.php?id=10271&&ser=802206" "Mozilla/5.0 (Windows NT 10.0; Win64; x64) AppleWebKit/537.36 (KHTML, like Gecko) Chrome/57.0.2987.133 Safari/537.36"
212.108.43.59 - - [03/May/2017:11:05:28 +0200] "GET /gui/javascript/form_form.js?1493802328 HTTP/1.1" 200 16206 "http://ed.activities.at/entry.php?id=10271&&ser=802267" "Mozilla/5.0 (Windows NT 10.0; Win64; x64) AppleWebKit/537.36 (KHTML, like Gecko) Chrome/57.0.2987.133 Safari/537.36"
83.65.142.74 - - [03/May/2017:11:06:24 +0200] "GET /entry.php?id=10271&&ser=802323 HTTP/1.1" 200 988 "http://easydrivers.activities.at/entry.php?id=10271&&ser=802262" "Mozilla/5.0 (Windows NT 10.0; Trident/7.0; rv:11.0) like Gecko"
83.65.142.74 - - [03/May/2017:11:06:25 +0200] "GET /gui/javascript/form_form.js?1493802385 HTTP/1.1" 200 16206 "http://easydrivers.activities.at/entry.php?id=10271&&ser=802323" "Mozilla/5.0 (Windows NT 10.0; Trident/7.0; rv:11.0) like Gecko"
212.108.43.59 - - [03/May/2017:11:06:29 +0200] "GET /entry.php?id=10271&&ser=802328 HTTP/1.1" 200 987 "http://ed.activities.at/entry.php?id=10271&&ser=802267" "Mozilla/5.0 (Windows NT 10.0; Win64; x64) AppleWebKit/537.36 (KHTML, like Gecko) Chrome/57.0.2987.133 Safari/537.36"
212.108.43.59 - - [03/May/2017:11:06:29 +0200] "GET /gui/javascript/form_form.js?1493802389 HTTP/1.1" 200 16206 "http://ed.activities.at/entry.php?id=10271&&ser=802328" "Mozilla/5.0 (Windows NT 10.0; Win64; x64) AppleWebKit/537.36 (KHTML, like Gecko) Chrome/57.0.2987.133 Safari/537.36"
83.65.142.74 - - [03/May/2017:11:07:26 +0200] "GET /entry.php?id=10271&&ser=802384 HTTP/1.1" 200 987 "http://easydrivers.activities.at/entry.php?id=10271&&ser=802323" "Mozilla/5.0 (Windows NT 10.0; Trident/7.0; rv:11.0) like Gecko"
83.65.142.74 - - [03/May/2017:11:07:26 +0200] "GET /gui/javascript/form_form.js?1493802446 HTTP/1.1" 200 16206 "http://easydrivers.activities.at/entry.php?id=10271&&ser=802384" "Mozilla/5.0 (Windows NT 10.0; Trident/7.0; rv:11.0) like Gecko"
212.108.43.59 - - [03/May/2017:11:07:30 +0200] "GET /entry.php?id=10271&&ser=802389 HTTP/1.1" 200 987 "http://ed.activities.at/entry.php?id=10271&&ser=802328" "Mozilla/5.0 (Windows NT 10.0; Win64; x64) AppleWebKit/537.36 (KHTML, like Gecko) Chrome/57.0.2987.133 Safari/537.36"
212.108.43.59 - - [03/May/2017:11:07:30 +0200] "GET /gui/javascript/form_form.js?1493802450 HTTP/1.1" 200 16206 "http://ed.activities.at/entry.php?id=10271&&ser=802389" "Mozilla/5.0 (Windows NT 10.0; Win64; x64) AppleWebKit/537.36 (KHTML, like Gecko) Chrome/57.0.2987.133 Safari/537.36"
83.65.142.74 - - [03/May/2017:11:08:27 +0200] "GET /entry.php?id=10271&&ser=802446 HTTP/1.1" 200 986 "http://easydrivers.activities.at/entry.php?id=10271&&ser=802384" "Mozilla/5.0 (Windows NT 10.0; Trident/7.0; rv:11.0) like Gecko"
83.65.142.74 - - [03/May/2017:11:08:27 +0200] "GET /gui/javascript/form_form.js?1493802507 HTTP/1.1" 200 16206 "http://easydrivers.activities.at/entry.php?id=10271&&ser=802446" "Mozilla/5.0 (Windows NT 10.0; Trident/7.0; rv:11.0) like Gecko"
212.108.43.59 - - [03/May/2017:11:08:31 +0200] "GET /entry.php?id=10271&&ser=802450 HTTP/1.1" 200 986 "http://ed.activities.at/entry.php?id=10271&&ser=802389" "Mozilla/5.0 (Windows NT 10.0; Win64; x64) AppleWebKit/537.36 (KHTML, like Gecko) Chrome/57.0.2987.133 Safari/537.36"
212.108.43.59 - - [03/May/2017:11:08:31 +0200] "GET /gui/javascript/form_form.js?1493802511 HTTP/1.1" 200 16206 "http://ed.activities.at/entry.php?id=10271&&ser=802450" "Mozilla/5.0 (Windows NT 10.0; Win64; x64) AppleWebKit/537.36 (KHTML, like Gecko) Chrome/57.0.2987.133 Safari/537.36"
83.65.142.74 - - [03/May/2017:11:09:28 +0200] "GET /entry.php?id=10271&&ser=802507 HTTP/1.1" 200 986 "http://easydrivers.activities.at/entry.php?id=10271&&ser=802446" "Mozilla/5.0 (Windows NT 10.0; Trident/7.0; rv:11.0) like Gecko"
83.65.142.74 - - [03/May/2017:11:09:28 +0200] "GET /gui/javascript/form_form.js?1493802568 HTTP/1.1" 200 16206 "http://easydrivers.activities.at/entry.php?id=10271&&ser=802507" "Mozilla/5.0 (Windows NT 10.0; Trident/7.0; rv:11.0) like Gecko"
212.108.43.59 - - [03/May/2017:11:09:32 +0200] "GET /entry.php?id=10271&&ser=802511 HTTP/1.1" 200 986 "http://ed.activities.at/entry.php?id=10271&&ser=802450" "Mozilla/5.0 (Windows NT 10.0; Win64; x64) AppleWebKit/537.36 (KHTML, like Gecko) Chrome/57.0.2987.133 Safari/537.36"
212.108.43.59 - - [03/May/2017:11:09:32 +0200] "GET /gui/javascript/form_form.js?1493802572 HTTP/1.1" 200 16206 "http://ed.activities.at/entry.php?id=10271&&ser=802511" "Mozilla/5.0 (Windows NT 10.0; Win64; x64) AppleWebKit/537.36 (KHTML, like Gecko) Chrome/57.0.2987.133 Safari/537.36"
83.65.142.74 - - [03/May/2017:11:10:29 +0200] "GET /entry.php?id=10271&&ser=802568 HTTP/1.1" 200 987 "http://easydrivers.activities.at/entry.php?id=10271&&ser=802507" "Mozilla/5.0 (Windows NT 10.0; Trident/7.0; rv:11.0) like Gecko"
83.65.142.74 - - [03/May/2017:11:10:30 +0200] "GET /gui/javascript/form_form.js?1493802629 HTTP/1.1" 200 16206 "http://easydrivers.activities.at/entry.php?id=10271&&ser=802568" "Mozilla/5.0 (Windows NT 10.0; Trident/7.0; rv:11.0) like Gecko"
212.108.43.59 - - [03/May/2017:11:10:33 +0200] "GET /entry.php?id=10271&&ser=802572 HTTP/1.1" 200 988 "http://ed.activities.at/entry.php?id=10271&&ser=802511" "Mozilla/5.0 (Windows NT 10.0; Win64; x64) AppleWebKit/537.36 (KHTML, like Gecko) Chrome/57.0.2987.133 Safari/537.36"
212.108.43.59 - - [03/May/2017:11:10:36 +0200] "GET /gui/javascript/form_form.js?1493802633 HTTP/1.1" 200 16206 "http://ed.activities.at/entry.php?id=10271&&ser=802572" "Mozilla/5.0 (Windows NT 10.0; Win64; x64) AppleWebKit/537.36 (KHTML, like Gecko) Chrome/57.0.2987.133 Safari/537.36"
83.65.142.74 - - [03/May/2017:11:11:31 +0200] "GET /entry.php?id=10271&&ser=802629 HTTP/1.1" 200 986 "http://easydrivers.activities.at/entry.php?id=10271&&ser=802568" "Mozilla/5.0 (Windows NT 10.0; Trident/7.0; rv:11.0) like Gecko"
83.65.142.74 - - [03/May/2017:11:11:31 +0200] "GET /gui/javascript/form_form.js?1493802691 HTTP/1.1" 200 16206 "http://easydrivers.activities.at/entry.php?id=10271&&ser=802629" "Mozilla/5.0 (Windows NT 10.0; Trident/7.0; rv:11.0) like Gecko"
212.108.43.59 - - [03/May/2017:11:11:37 +0200] "GET /entry.php?id=10271&&ser=802633 HTTP/1.1" 200 987 "http://ed.activities.at/entry.php?id=10271&&ser=802572" "Mozilla/5.0 (Windows NT 10.0; Win64; x64) AppleWebKit/537.36 (KHTML, like Gecko) Chrome/57.0.2987.133 Safari/537.36"
212.108.43.59 - - [03/May/2017:11:11:37 +0200] "GET /gui/javascript/form_form.js?1493802697 HTTP/1.1" 200 16206 "http://ed.activities.at/entry.php?id=10271&&ser=802633" "Mozilla/5.0 (Windows NT 10.0; Win64; x64) AppleWebKit/537.36 (KHTML, like Gecko) Chrome/57.0.2987.133 Safari/537.36"
83.65.142.74 - - [03/May/2017:11:12:32 +0200] "GET /entry.php?id=10271&&ser=802691 HTTP/1.1" 200 986 "http://easydrivers.activities.at/entry.php?id=10271&&ser=802629" "Mozilla/5.0 (Windows NT 10.0; Trident/7.0; rv:11.0) like Gecko"
83.65.142.74 - - [03/May/2017:11:12:32 +0200] "GET /gui/javascript/form_form.js?1493802752 HTTP/1.1" 200 16206 "http://easydrivers.activities.at/entry.php?id=10271&&ser=802691" "Mozilla/5.0 (Windows NT 10.0; Trident/7.0; rv:11.0) like Gecko"
212.108.43.59 - - [03/May/2017:11:12:38 +0200] "GET /entry.php?id=10271&&ser=802697 HTTP/1.1" 200 986 "http://ed.activities.at/entry.php?id=10271&&ser=802633" "Mozilla/5.0 (Windows NT 10.0; Win64; x64) AppleWebKit/537.36 (KHTML, like Gecko) Chrome/57.0.2987.133 Safari/537.36"
212.108.43.59 - - [03/May/2017:11:12:38 +0200] "GET /gui/javascript/form_form.js?1493802758 HTTP/1.1" 200 16206 "http://ed.activities.at/entry.php?id=10271&&ser=802697" "Mozilla/5.0 (Windows NT 10.0; Win64; x64) AppleWebKit/537.36 (KHTML, like Gecko) Chrome/57.0.2987.133 Safari/537.36"
83.65.142.74 - - [03/May/2017:11:13:33 +0200] "GET /entry.php?id=10271&&ser=802752 HTTP/1.1" 200 987 "http://easydrivers.activities.at/entry.php?id=10271&&ser=802691" "Mozilla/5.0 (Windows NT 10.0; Trident/7.0; rv:11.0) like Gecko"
83.65.142.74 - - [03/May/2017:11:13:33 +0200] "GET /gui/javascript/form_form.js?1493802813 HTTP/1.1" 200 16206 "http://easydrivers.activities.at/entry.php?id=10271&&ser=802752" "Mozilla/5.0 (Windows NT 10.0; Trident/7.0; rv:11.0) like Gecko"
212.108.43.59 - - [03/May/2017:11:13:39 +0200] "GET /entry.php?id=10271&&ser=802758 HTTP/1.1" 200 986 "http://ed.activities.at/entry.php?id=10271&&ser=802697" "Mozilla/5.0 (Windows NT 10.0; Win64; x64) AppleWebKit/537.36 (KHTML, like Gecko) Chrome/57.0.2987.133 Safari/537.36"
212.108.43.59 - - [03/May/2017:11:13:39 +0200] "GET /gui/javascript/form_form.js?1493802819 HTTP/1.1" 200 16206 "http://ed.activities.at/entry.php?id=10271&&ser=802758" "Mozilla/5.0 (Windows NT 10.0; Win64; x64) AppleWebKit/537.36 (KHTML, like Gecko) Chrome/57.0.2987.133 Safari/537.36"
83.65.142.74 - - [03/May/2017:11:14:34 +0200] "GET /entry.php?id=10271&&ser=802813 HTTP/1.1" 200 987 "http://easydrivers.activities.at/entry.php?id=10271&&ser=802752" "Mozilla/5.0 (Windows NT 10.0; Trident/7.0; rv:11.0) like Gecko"
83.65.142.74 - - [03/May/2017:11:14:34 +0200] "GET /gui/javascript/form_form.js?1493802874 HTTP/1.1" 200 16206 "http://easydrivers.activities.at/entry.php?id=10271&&ser=802813" "Mozilla/5.0 (Windows NT 10.0; Trident/7.0; rv:11.0) like Gecko"
212.108.43.59 - - [03/May/2017:11:14:40 +0200] "GET /entry.php?id=10271&&ser=802819 HTTP/1.1" 200 987 "http://ed.activities.at/entry.php?id=10271&&ser=802758" "Mozilla/5.0 (Windows NT 10.0; Win64; x64) AppleWebKit/537.36 (KHTML, like Gecko) Chrome/57.0.2987.133 Safari/537.36"
212.108.43.59 - - [03/May/2017:11:14:40 +0200] "GET /gui/javascript/form_form.js?1493802880 HTTP/1.1" 200 16206 "http://ed.activities.at/entry.php?id=10271&&ser=802819" "Mozilla/5.0 (Windows NT 10.0; Win64; x64) AppleWebKit/537.36 (KHTML, like Gecko) Chrome/57.0.2987.133 Safari/537.36"
83.65.142.74 - - [03/May/2017:11:15:35 +0200] "GET /entry.php?id=10271&&ser=802874 HTTP/1.1" 200 987 "http://easydrivers.activities.at/entry.php?id=10271&&ser=802813" "Mozilla/5.0 (Windows NT 10.0; Trident/7.0; rv:11.0) like Gecko"
83.65.142.74 - - [03/May/2017:11:15:36 +0200] "GET /gui/javascript/form_form.js?1493802935 HTTP/1.1" 200 16206 "http://easydrivers.activities.at/entry.php?id=10271&&ser=802874" "Mozilla/5.0 (Windows NT 10.0; Trident/7.0; rv:11.0) like Gecko"
212.108.43.59 - - [03/May/2017:11:15:41 +0200] "GET /entry.php?id=10271&&ser=802880 HTTP/1.1" 200 986 "http://ed.activities.at/entry.php?id=10271&&ser=802819" "Mozilla/5.0 (Windows NT 10.0; Win64; x64) AppleWebKit/537.36 (KHTML, like Gecko) Chrome/57.0.2987.133 Safari/537.36"
212.108.43.59 - - [03/May/2017:11:15:41 +0200] "GET /gui/javascript/form_form.js?1493802941 HTTP/1.1" 200 16206 "http://ed.activities.at/entry.php?id=10271&&ser=802880" "Mozilla/5.0 (Windows NT 10.0; Win64; x64) AppleWebKit/537.36 (KHTML, like Gecko) Chrome/57.0.2987.133 Safari/537.36"
83.65.142.74 - - [03/May/2017:11:16:37 +0200] "GET /entry.php?id=10271&&ser=802935 HTTP/1.1" 200 987 "http://easydrivers.activities.at/entry.php?id=10271&&ser=802874" "Mozilla/5.0 (Windows NT 10.0; Trident/7.0; rv:11.0) like Gecko"
83.65.142.74 - - [03/May/2017:11:16:37 +0200] "GET /gui/javascript/form_form.js?1493802997 HTTP/1.1" 200 16206 "http://easydrivers.activities.at/entry.php?id=10271&&ser=802935" "Mozilla/5.0 (Windows NT 10.0; Trident/7.0; rv:11.0) like Gecko"
212.108.43.59 - - [03/May/2017:11:16:42 +0200] "GET /entry.php?id=10271&&ser=802941 HTTP/1.1" 200 986 "http://ed.activities.at/entry.php?id=10271&&ser=802880" "Mozilla/5.0 (Windows NT 10.0; Win64; x64) AppleWebKit/537.36 (KHTML, like Gecko) Chrome/57.0.2987.133 Safari/537.36"
212.108.43.59 - - [03/May/2017:11:16:42 +0200] "GET /gui/javascript/form_form.js?1493803002 HTTP/1.1" 200 16206 "http://ed.activities.at/entry.php?id=10271&&ser=802941" "Mozilla/5.0 (Windows NT 10.0; Win64; x64) AppleWebKit/537.36 (KHTML, like Gecko) Chrome/57.0.2987.133 Safari/537.36"
83.65.142.74 - - [03/May/2017:11:17:38 +0200] "GET /entry.php?id=10271&&ser=802997 HTTP/1.1" 200 986 "http://easydrivers.activities.at/entry.php?id=10271&&ser=802935" "Mozilla/5.0 (Windows NT 10.0; Trident/7.0; rv:11.0) like Gecko"
83.65.142.74 - - [03/May/2017:11:17:38 +0200] "GET /gui/javascript/form_form.js?1493803058 HTTP/1.1" 200 16206 "http://easydrivers.activities.at/entry.php?id=10271&&ser=802997" "Mozilla/5.0 (Windows NT 10.0; Trident/7.0; rv:11.0) like Gecko"
212.108.43.59 - - [03/May/2017:11:17:43 +0200] "GET /entry.php?id=10271&&ser=803002 HTTP/1.1" 200 986 "http://ed.activities.at/entry.php?id=10271&&ser=802941" "Mozilla/5.0 (Windows NT 10.0; Win64; x64) AppleWebKit/537.36 (KHTML, like Gecko) Chrome/57.0.2987.133 Safari/537.36"
212.108.43.59 - - [03/May/2017:11:17:43 +0200] "GET /gui/javascript/form_form.js?1493803063 HTTP/1.1" 200 16206 "http://ed.activities.at/entry.php?id=10271&&ser=803002" "Mozilla/5.0 (Windows NT 10.0; Win64; x64) AppleWebKit/537.36 (KHTML, like Gecko) Chrome/57.0.2987.133 Safari/537.36"
83.65.142.74 - - [03/May/2017:11:18:39 +0200] "GET /entry.php?id=10271&&ser=803058 HTTP/1.1" 200 987 "http://easydrivers.activities.at/entry.php?id=10271&&ser=802997" "Mozilla/5.0 (Windows NT 10.0; Trident/7.0; rv:11.0) like Gecko"
83.65.142.74 - - [03/May/2017:11:18:39 +0200] "GET /gui/javascript/form_form.js?1493803119 HTTP/1.1" 200 16206 "http://easydrivers.activities.at/entry.php?id=10271&&ser=803058" "Mozilla/5.0 (Windows NT 10.0; Trident/7.0; rv:11.0) like Gecko"
212.108.43.59 - - [03/May/2017:11:18:44 +0200] "GET /entry.php?id=10271&&ser=803063 HTTP/1.1" 200 987 "http://ed.activities.at/entry.php?id=10271&&ser=803002" "Mozilla/5.0 (Windows NT 10.0; Win64; x64) AppleWebKit/537.36 (KHTML, like Gecko) Chrome/57.0.2987.133 Safari/537.36"
212.108.43.59 - - [03/May/2017:11:18:44 +0200] "GET /gui/javascript/form_form.js?1493803124 HTTP/1.1" 200 16206 "http://ed.activities.at/entry.php?id=10271&&ser=803063" "Mozilla/5.0 (Windows NT 10.0; Win64; x64) AppleWebKit/537.36 (KHTML, like Gecko) Chrome/57.0.2987.133 Safari/537.36"
83.65.142.74 - - [03/May/2017:11:19:40 +0200] "GET /entry.php?id=10271&&ser=803119 HTTP/1.1" 200 987 "http://easydrivers.activities.at/entry.php?id=10271&&ser=803058" "Mozilla/5.0 (Windows NT 10.0; Trident/7.0; rv:11.0) like Gecko"
83.65.142.74 - - [03/May/2017:11:19:40 +0200] "GET /gui/javascript/form_form.js?1493803180 HTTP/1.1" 200 16206 "http://easydrivers.activities.at/entry.php?id=10271&&ser=803119" "Mozilla/5.0 (Windows NT 10.0; Trident/7.0; rv:11.0) like Gecko"
212.108.43.59 - - [03/May/2017:11:19:45 +0200] "GET /entry.php?id=10271&&ser=803124 HTTP/1.1" 200 987 "http://ed.activities.at/entry.php?id=10271&&ser=803063" "Mozilla/5.0 (Windows NT 10.0; Win64; x64) AppleWebKit/537.36 (KHTML, like Gecko) Chrome/57.0.2987.133 Safari/537.36"
212.108.43.59 - - [03/May/2017:11:19:45 +0200] "GET /gui/javascript/form_form.js?1493803185 HTTP/1.1" 200 16206 "http://ed.activities.at/entry.php?id=10271&&ser=803124" "Mozilla/5.0 (Windows NT 10.0; Win64; x64) AppleWebKit/537.36 (KHTML, like Gecko) Chrome/57.0.2987.133 Safari/537.36"
83.65.142.74 - - [03/May/2017:11:20:41 +0200] "GET /entry.php?id=10271&&ser=803180 HTTP/1.1" 200 986 "http://easydrivers.activities.at/entry.php?id=10271&&ser=803119" "Mozilla/5.0 (Windows NT 10.0; Trident/7.0; rv:11.0) like Gecko"
83.65.142.74 - - [03/May/2017:11:20:42 +0200] "GET /gui/javascript/form_form.js?1493803241 HTTP/1.1" 200 16206 "http://easydrivers.activities.at/entry.php?id=10271&&ser=803180" "Mozilla/5.0 (Windows NT 10.0; Trident/7.0; rv:11.0) like Gecko"
212.108.43.59 - - [03/May/2017:11:20:46 +0200] "GET /entry.php?id=10271&&ser=803185 HTTP/1.1" 200 987 "http://ed.activities.at/entry.php?id=10271&&ser=803124" "Mozilla/5.0 (Windows NT 10.0; Win64; x64) AppleWebKit/537.36 (KHTML, like Gecko) Chrome/57.0.2987.133 Safari/537.36"
212.108.43.59 - - [03/May/2017:11:20:46 +0200] "GET /gui/javascript/form_form.js?1493803246 HTTP/1.1" 200 16206 "http://ed.activities.at/entry.php?id=10271&&ser=803185" "Mozilla/5.0 (Windows NT 10.0; Win64; x64) AppleWebKit/537.36 (KHTML, like Gecko) Chrome/57.0.2987.133 Safari/537.36"
83.65.142.74 - - [03/May/2017:11:21:42 +0200] "GET /entry.php?id=10271&&ser=803241 HTTP/1.1" 200 988 "http://easydrivers.activities.at/entry.php?id=10271&&ser=803180" "Mozilla/5.0 (Windows NT 10.0; Trident/7.0; rv:11.0) like Gecko"
83.65.142.74 - - [03/May/2017:11:21:43 +0200] "GET /gui/javascript/form_form.js?1493803302 HTTP/1.1" 200 16206 "http://easydrivers.activities.at/entry.php?id=10271&&ser=803241" "Mozilla/5.0 (Windows NT 10.0; Trident/7.0; rv:11.0) like Gecko"
212.108.43.59 - - [03/May/2017:11:21:47 +0200] "GET /entry.php?id=10271&&ser=803246 HTTP/1.1" 200 988 "http://ed.activities.at/entry.php?id=10271&&ser=803185" "Mozilla/5.0 (Windows NT 10.0; Win64; x64) AppleWebKit/537.36 (KHTML, like Gecko) Chrome/57.0.2987.133 Safari/537.36"
212.108.43.59 - - [03/May/2017:11:21:47 +0200] "GET /gui/javascript/form_form.js?1493803307 HTTP/1.1" 200 16206 "http://ed.activities.at/entry.php?id=10271&&ser=803246" "Mozilla/5.0 (Windows NT 10.0; Win64; x64) AppleWebKit/537.36 (KHTML, like Gecko) Chrome/57.0.2987.133 Safari/537.36"
83.65.142.74 - - [03/May/2017:11:22:43 +0200] "GET /entry.php?id=10271&&ser=803302 HTTP/1.1" 200 988 "http://easydrivers.activities.at/entry.php?id=10271&&ser=803241" "Mozilla/5.0 (Windows NT 10.0; Trident/7.0; rv:11.0) like Gecko"
83.65.142.74 - - [03/May/2017:11:22:44 +0200] "GET /gui/javascript/form_form.js?1493803364 HTTP/1.1" 200 16206 "http://easydrivers.activities.at/entry.php?id=10271&&ser=803302" "Mozilla/5.0 (Windows NT 10.0; Trident/7.0; rv:11.0) like Gecko"
212.108.43.59 - - [03/May/2017:11:22:48 +0200] "GET /entry.php?id=10271&&ser=803307 HTTP/1.1" 200 988 "http://ed.activities.at/entry.php?id=10271&&ser=803246" "Mozilla/5.0 (Windows NT 10.0; Win64; x64) AppleWebKit/537.36 (KHTML, like Gecko) Chrome/57.0.2987.133 Safari/537.36"
212.108.43.59 - - [03/May/2017:11:22:48 +0200] "GET /gui/javascript/form_form.js?1493803368 HTTP/1.1" 200 16206 "http://ed.activities.at/entry.php?id=10271&&ser=803307" "Mozilla/5.0 (Windows NT 10.0; Win64; x64) AppleWebKit/537.36 (KHTML, like Gecko) Chrome/57.0.2987.133 Safari/537.36"
83.65.142.74 - - [03/May/2017:11:23:45 +0200] "GET /entry.php?id=10271&&ser=803364 HTTP/1.1" 200 987 "http://easydrivers.activities.at/entry.php?id=10271&&ser=803302" "Mozilla/5.0 (Windows NT 10.0; Trident/7.0; rv:11.0) like Gecko"
83.65.142.74 - - [03/May/2017:11:23:45 +0200] "GET /gui/javascript/form_form.js?1493803425 HTTP/1.1" 200 16206 "http://easydrivers.activities.at/entry.php?id=10271&&ser=803364" "Mozilla/5.0 (Windows NT 10.0; Trident/7.0; rv:11.0) like Gecko"
212.108.43.59 - - [03/May/2017:11:23:49 +0200] "GET /entry.php?id=10271&&ser=803368 HTTP/1.1" 200 987 "http://ed.activities.at/entry.php?id=10271&&ser=803307" "Mozilla/5.0 (Windows NT 10.0; Win64; x64) AppleWebKit/537.36 (KHTML, like Gecko) Chrome/57.0.2987.133 Safari/537.36"
212.108.43.59 - - [03/May/2017:11:23:49 +0200] "GET /gui/javascript/form_form.js?1493803429 HTTP/1.1" 200 16206 "http://ed.activities.at/entry.php?id=10271&&ser=803368" "Mozilla/5.0 (Windows NT 10.0; Win64; x64) AppleWebKit/537.36 (KHTML, like Gecko) Chrome/57.0.2987.133 Safari/537.36"
83.65.142.74 - - [03/May/2017:11:24:46 +0200] "GET /entry.php?id=10271&&ser=803425 HTTP/1.1" 200 987 "http://easydrivers.activities.at/entry.php?id=10271&&ser=803364" "Mozilla/5.0 (Windows NT 10.0; Trident/7.0; rv:11.0) like Gecko"
83.65.142.74 - - [03/May/2017:11:24:46 +0200] "GET /gui/javascript/form_form.js?1493803486 HTTP/1.1" 200 16206 "http://easydrivers.activities.at/entry.php?id=10271&&ser=803425" "Mozilla/5.0 (Windows NT 10.0; Trident/7.0; rv:11.0) like Gecko"
212.108.43.59 - - [03/May/2017:11:24:50 +0200] "GET /entry.php?id=10271&&ser=803429 HTTP/1.1" 200 987 "http://ed.activities.at/entry.php?id=10271&&ser=803368" "Mozilla/5.0 (Windows NT 10.0; Win64; x64) AppleWebKit/537.36 (KHTML, like Gecko) Chrome/57.0.2987.133 Safari/537.36"
212.108.43.59 - - [03/May/2017:11:24:50 +0200] "GET /gui/javascript/form_form.js?1493803490 HTTP/1.1" 200 16206 "http://ed.activities.at/entry.php?id=10271&&ser=803429" "Mozilla/5.0 (Windows NT 10.0; Win64; x64) AppleWebKit/537.36 (KHTML, like Gecko) Chrome/57.0.2987.133 Safari/537.36"
83.65.142.74 - - [03/May/2017:11:25:47 +0200] "GET /entry.php?id=10271&&ser=803486 HTTP/1.1" 200 987 "http://easydrivers.activities.at/entry.php?id=10271&&ser=803425" "Mozilla/5.0 (Windows NT 10.0; Trident/7.0; rv:11.0) like Gecko"
83.65.142.74 - - [03/May/2017:11:25:47 +0200] "GET /gui/javascript/form_form.js?1493803547 HTTP/1.1" 200 16206 "http://easydrivers.activities.at/entry.php?id=10271&&ser=803486" "Mozilla/5.0 (Windows NT 10.0; Trident/7.0; rv:11.0) like Gecko"
212.108.43.59 - - [03/May/2017:11:25:51 +0200] "GET /entry.php?id=10271&&ser=803490 HTTP/1.1" 200 986 "http://ed.activities.at/entry.php?id=10271&&ser=803429" "Mozilla/5.0 (Windows NT 10.0; Win64; x64) AppleWebKit/537.36 (KHTML, like Gecko) Chrome/57.0.2987.133 Safari/537.36"
212.108.43.59 - - [03/May/2017:11:25:51 +0200] "GET /gui/javascript/form_form.js?1493803551 HTTP/1.1" 200 16206 "http://ed.activities.at/entry.php?id=10271&&ser=803490" "Mozilla/5.0 (Windows NT 10.0; Win64; x64) AppleWebKit/537.36 (KHTML, like Gecko) Chrome/57.0.2987.133 Safari/537.36"
83.65.142.74 - - [03/May/2017:11:26:48 +0200] "GET /entry.php?id=10271&&ser=803547 HTTP/1.1" 200 986 "http://easydrivers.activities.at/entry.php?id=10271&&ser=803486" "Mozilla/5.0 (Windows NT 10.0; Trident/7.0; rv:11.0) like Gecko"
83.65.142.74 - - [03/May/2017:11:26:48 +0200] "GET /gui/javascript/form_form.js?1493803608 HTTP/1.1" 200 16206 "http://easydrivers.activities.at/entry.php?id=10271&&ser=803547" "Mozilla/5.0 (Windows NT 10.0; Trident/7.0; rv:11.0) like Gecko"
212.108.43.59 - - [03/May/2017:11:26:52 +0200] "GET /entry.php?id=10271&&ser=803551 HTTP/1.1" 200 986 "http://ed.activities.at/entry.php?id=10271&&ser=803490" "Mozilla/5.0 (Windows NT 10.0; Win64; x64) AppleWebKit/537.36 (KHTML, like Gecko) Chrome/57.0.2987.133 Safari/537.36"
212.108.43.59 - - [03/May/2017:11:26:52 +0200] "GET /gui/javascript/form_form.js?1493803612 HTTP/1.1" 200 16206 "http://ed.activities.at/entry.php?id=10271&&ser=803551" "Mozilla/5.0 (Windows NT 10.0; Win64; x64) AppleWebKit/537.36 (KHTML, like Gecko) Chrome/57.0.2987.133 Safari/537.36"
83.65.142.74 - - [03/May/2017:11:27:49 +0200] "GET /entry.php?id=10271&&ser=803608 HTTP/1.1" 200 987 "http://easydrivers.activities.at/entry.php?id=10271&&ser=803547" "Mozilla/5.0 (Windows NT 10.0; Trident/7.0; rv:11.0) like Gecko"
83.65.142.74 - - [03/May/2017:11:27:49 +0200] "GET /gui/javascript/form_form.js?1493803669 HTTP/1.1" 200 16206 "http://easydrivers.activities.at/entry.php?id=10271&&ser=803608" "Mozilla/5.0 (Windows NT 10.0; Trident/7.0; rv:11.0) like Gecko"
212.108.43.59 - - [03/May/2017:11:27:53 +0200] "GET /entry.php?id=10271&&ser=803612 HTTP/1.1" 200 987 "http://ed.activities.at/entry.php?id=10271&&ser=803551" "Mozilla/5.0 (Windows NT 10.0; Win64; x64) AppleWebKit/537.36 (KHTML, like Gecko) Chrome/57.0.2987.133 Safari/537.36"
212.108.43.59 - - [03/May/2017:11:27:53 +0200] "GET /gui/javascript/form_form.js?1493803673 HTTP/1.1" 200 16206 "http://ed.activities.at/entry.php?id=10271&&ser=803612" "Mozilla/5.0 (Windows NT 10.0; Win64; x64) AppleWebKit/537.36 (KHTML, like Gecko) Chrome/57.0.2987.133 Safari/537.36"
83.65.142.74 - - [03/May/2017:11:28:50 +0200] "GET /entry.php?id=10271&&ser=803669 HTTP/1.1" 200 987 "http://easydrivers.activities.at/entry.php?id=10271&&ser=803608" "Mozilla/5.0 (Windows NT 10.0; Trident/7.0; rv:11.0) like Gecko"
83.65.142.74 - - [03/May/2017:11:28:51 +0200] "GET /gui/javascript/form_form.js?1493803731 HTTP/1.1" 200 16206 "http://easydrivers.activities.at/entry.php?id=10271&&ser=803669" "Mozilla/5.0 (Windows NT 10.0; Trident/7.0; rv:11.0) like Gecko"
212.108.43.59 - - [03/May/2017:11:28:54 +0200] "GET /entry.php?id=10271&&ser=803673 HTTP/1.1" 200 988 "http://ed.activities.at/entry.php?id=10271&&ser=803612" "Mozilla/5.0 (Windows NT 10.0; Win64; x64) AppleWebKit/537.36 (KHTML, like Gecko) Chrome/57.0.2987.133 Safari/537.36"
212.108.43.59 - - [03/May/2017:11:28:54 +0200] "GET /gui/javascript/form_form.js?1493803734 HTTP/1.1" 200 16206 "http://ed.activities.at/entry.php?id=10271&&ser=803673" "Mozilla/5.0 (Windows NT 10.0; Win64; x64) AppleWebKit/537.36 (KHTML, like Gecko) Chrome/57.0.2987.133 Safari/537.36"
83.65.142.74 - - [03/May/2017:11:29:52 +0200] "GET /entry.php?id=10271&&ser=803731 HTTP/1.1" 200 987 "http://easydrivers.activities.at/entry.php?id=10271&&ser=803669" "Mozilla/5.0 (Windows NT 10.0; Trident/7.0; rv:11.0) like Gecko"
83.65.142.74 - - [03/May/2017:11:29:52 +0200] "GET /gui/javascript/form_form.js?1493803792 HTTP/1.1" 200 16206 "http://easydrivers.activities.at/entry.php?id=10271&&ser=803731" "Mozilla/5.0 (Windows NT 10.0; Trident/7.0; rv:11.0) like Gecko"
212.108.43.59 - - [03/May/2017:11:29:55 +0200] "GET /entry.php?id=10271&&ser=803734 HTTP/1.1" 200 987 "http://ed.activities.at/entry.php?id=10271&&ser=803673" "Mozilla/5.0 (Windows NT 10.0; Win64; x64) AppleWebKit/537.36 (KHTML, like Gecko) Chrome/57.0.2987.133 Safari/537.36"
212.108.43.59 - - [03/May/2017:11:29:55 +0200] "GET /gui/javascript/form_form.js?1493803795 HTTP/1.1" 200 16206 "http://ed.activities.at/entry.php?id=10271&&ser=803734" "Mozilla/5.0 (Windows NT 10.0; Win64; x64) AppleWebKit/537.36 (KHTML, like Gecko) Chrome/57.0.2987.133 Safari/537.36"
83.65.142.74 - - [03/May/2017:11:30:53 +0200] "GET /entry.php?id=10271&&ser=803792 HTTP/1.1" 200 988 "http://easydrivers.activities.at/entry.php?id=10271&&ser=803731" "Mozilla/5.0 (Windows NT 10.0; Trident/7.0; rv:11.0) like Gecko"
83.65.142.74 - - [03/May/2017:11:30:53 +0200] "GET /gui/javascript/form_form.js?1493803853 HTTP/1.1" 200 16206 "http://easydrivers.activities.at/entry.php?id=10271&&ser=803792" "Mozilla/5.0 (Windows NT 10.0; Trident/7.0; rv:11.0) like Gecko"
212.108.43.59 - - [03/May/2017:11:30:56 +0200] "GET /entry.php?id=10271&&ser=803795 HTTP/1.1" 200 987 "http://ed.activities.at/entry.php?id=10271&&ser=803734" "Mozilla/5.0 (Windows NT 10.0; Win64; x64) AppleWebKit/537.36 (KHTML, like Gecko) Chrome/57.0.2987.133 Safari/537.36"
212.108.43.59 - - [03/May/2017:11:30:56 +0200] "GET /gui/javascript/form_form.js?1493803856 HTTP/1.1" 200 16206 "http://ed.activities.at/entry.php?id=10271&&ser=803795" "Mozilla/5.0 (Windows NT 10.0; Win64; x64) AppleWebKit/537.36 (KHTML, like Gecko) Chrome/57.0.2987.133 Safari/537.36"
83.65.142.74 - - [03/May/2017:11:31:54 +0200] "GET /entry.php?id=10271&&ser=803853 HTTP/1.1" 200 987 "http://easydrivers.activities.at/entry.php?id=10271&&ser=803792" "Mozilla/5.0 (Windows NT 10.0; Trident/7.0; rv:11.0) like Gecko"
83.65.142.74 - - [03/May/2017:11:31:54 +0200] "GET /gui/javascript/form_form.js?1493803914 HTTP/1.1" 200 16206 "http://easydrivers.activities.at/entry.php?id=10271&&ser=803853" "Mozilla/5.0 (Windows NT 10.0; Trident/7.0; rv:11.0) like Gecko"
212.108.43.59 - - [03/May/2017:11:31:57 +0200] "GET /entry.php?id=10271&&ser=803856 HTTP/1.1" 200 987 "http://ed.activities.at/entry.php?id=10271&&ser=803795" "Mozilla/5.0 (Windows NT 10.0; Win64; x64) AppleWebKit/537.36 (KHTML, like Gecko) Chrome/57.0.2987.133 Safari/537.36"
212.108.43.59 - - [03/May/2017:11:31:57 +0200] "GET /gui/javascript/form_form.js?1493803917 HTTP/1.1" 200 16206 "http://ed.activities.at/entry.php?id=10271&&ser=803856" "Mozilla/5.0 (Windows NT 10.0; Win64; x64) AppleWebKit/537.36 (KHTML, like Gecko) Chrome/57.0.2987.133 Safari/537.36"
83.65.142.74 - - [03/May/2017:11:32:55 +0200] "GET /entry.php?id=10271&&ser=803914 HTTP/1.1" 200 987 "http://easydrivers.activities.at/entry.php?id=10271&&ser=803853" "Mozilla/5.0 (Windows NT 10.0; Trident/7.0; rv:11.0) like Gecko"
83.65.142.74 - - [03/May/2017:11:32:55 +0200] "GET /gui/javascript/form_form.js?1493803975 HTTP/1.1" 200 16206 "http://easydrivers.activities.at/entry.php?id=10271&&ser=803914" "Mozilla/5.0 (Windows NT 10.0; Trident/7.0; rv:11.0) like Gecko"
212.108.43.59 - - [03/May/2017:11:32:58 +0200] "GET /entry.php?id=10271&&ser=803917 HTTP/1.1" 200 987 "http://ed.activities.at/entry.php?id=10271&&ser=803856" "Mozilla/5.0 (Windows NT 10.0; Win64; x64) AppleWebKit/537.36 (KHTML, like Gecko) Chrome/57.0.2987.133 Safari/537.36"
212.108.43.59 - - [03/May/2017:11:32:58 +0200] "GET /gui/javascript/form_form.js?1493803978 HTTP/1.1" 200 16206 "http://ed.activities.at/entry.php?id=10271&&ser=803917" "Mozilla/5.0 (Windows NT 10.0; Win64; x64) AppleWebKit/537.36 (KHTML, like Gecko) Chrome/57.0.2987.133 Safari/537.36"
91.114.247.177 - - [03/May/2017:11:33:36 +0200] "GET / HTTP/1.1" 200 382 "-" "Mozilla/5.0 (Windows NT 10.0; WOW64; rv:53.0) Gecko/20100101 Firefox/53.0"
91.114.247.177 - - [03/May/2017:11:33:36 +0200] "GET /activities.ico HTTP/1.1" 200 780 "-" "Mozilla/5.0 (Windows NT 10.0; WOW64; rv:53.0) Gecko/20100101 Firefox/53.0"
91.114.247.177 - - [03/May/2017:11:33:36 +0200] "GET /layout.php HTTP/1.1" 200 908 "http://ed.activities.at/" "Mozilla/5.0 (Windows NT 10.0; WOW64; rv:53.0) Gecko/20100101 Firefox/53.0"
91.114.247.177 - - [03/May/2017:11:33:36 +0200] "GET /gui/javascript/form_form.js HTTP/1.1" 200 16206 "http://ed.activities.at/layout.php" "Mozilla/5.0 (Windows NT 10.0; WOW64; rv:53.0) Gecko/20100101 Firefox/53.0"
91.114.247.177 - - [03/May/2017:11:33:37 +0200] "GET /entry.php?id=10270 HTTP/1.1" 200 908 "http://ed.activities.at/layout.php" "Mozilla/5.0 (Windows NT 10.0; WOW64; rv:53.0) Gecko/20100101 Firefox/53.0"
91.114.247.177 - - [03/May/2017:11:33:37 +0200] "GET /entry.php?id=10272 HTTP/1.1" 200 1189 "http://ed.activities.at/layout.php" "Mozilla/5.0 (Windows NT 10.0; WOW64; rv:53.0) Gecko/20100101 Firefox/53.0"
91.114.247.177 - - [03/May/2017:11:33:37 +0200] "GET /gui/javascript/jquery/css/gui-themes/custom.min.css HTTP/1.1" 200 5618 "http://ed.activities.at/entry.php?id=10270" "Mozilla/5.0 (Windows NT 10.0; WOW64; rv:53.0) Gecko/20100101 Firefox/53.0"
91.114.247.177 - - [03/May/2017:11:33:37 +0200] "GET /gui/javascript/jquery/css/gui-themes/ui.spinner.css HTTP/1.1" 200 350 "http://ed.activities.at/entry.php?id=10270" "Mozilla/5.0 (Windows NT 10.0; WOW64; rv:53.0) Gecko/20100101 Firefox/53.0"
91.114.247.177 - - [03/May/2017:11:33:37 +0200] "GET /entry.php?id=10273 HTTP/1.1" 200 1931 "http://ed.activities.at/layout.php" "Mozilla/5.0 (Windows NT 10.0; WOW64; rv:53.0) Gecko/20100101 Firefox/53.0"
91.114.247.177 - - [03/May/2017:11:33:37 +0200] "GET /entry.php?id=11412 HTTP/1.1" 200 1758 "http://ed.activities.at/layout.php" "Mozilla/5.0 (Windows NT 10.0; WOW64; rv:53.0) Gecko/20100101 Firefox/53.0"
91.114.247.177 - - [03/May/2017:11:33:37 +0200] "GET /gui/javascript/jquery/css/gui-themes/jquery.tooltip.css HTTP/1.1" 200 246 "http://ed.activities.at/entry.php?id=10270" "Mozilla/5.0 (Windows NT 10.0; WOW64; rv:53.0) Gecko/20100101 Firefox/53.0"
91.114.247.177 - - [03/May/2017:11:33:37 +0200] "GET /gui/javascript/form_form.js?1493804017 HTTP/1.1" 200 16206 "http://ed.activities.at/entry.php?id=10270" "Mozilla/5.0 (Windows NT 10.0; WOW64; rv:53.0) Gecko/20100101 Firefox/53.0"
91.114.247.177 - - [03/May/2017:11:33:37 +0200] "GET /gui/javascript/jquery/jquery-tooltip/jquery.tooltip.min.js HTTP/1.1" 200 1982 "http://ed.activities.at/entry.php?id=10270" "Mozilla/5.0 (Windows NT 10.0; WOW64; rv:53.0) Gecko/20100101 Firefox/53.0"
91.114.247.177 - - [03/May/2017:11:33:37 +0200] "GET /gui/styles/tmplDefault.css HTTP/1.1" 200 2135 "http://ed.activities.at/entry.php?id=10272" "Mozilla/5.0 (Windows NT 10.0; WOW64; rv:53.0) Gecko/20100101 Firefox/53.0"
91.114.247.177 - - [03/May/2017:11:33:37 +0200] "GET /framework/webfx/javascript/statusbar/statusBar.js HTTP/1.1" 200 649 "http://ed.activities.at/entry.php?id=10272" "Mozilla/5.0 (Windows NT 10.0; WOW64; rv:53.0) Gecko/20100101 Firefox/53.0"
91.114.247.177 - - [03/May/2017:11:33:37 +0200] "GET /gui/javascript/jquery/js/jquery-ui-1.9.0.custom.min.js HTTP/1.1" 200 51286 "http://ed.activities.at/entry.php?id=10270" "Mozilla/5.0 (Windows NT 10.0; WOW64; rv:53.0) Gecko/20100101 Firefox/53.0"
91.114.247.177 - - [03/May/2017:11:33:37 +0200] "GET /gui/javascript/jquery/js/jquery-1.8.2.js HTTP/1.1" 200 35391 "http://ed.activities.at/entry.php?id=10270" "Mozilla/5.0 (Windows NT 10.0; WOW64; rv:53.0) Gecko/20100101 Firefox/53.0"
91.114.247.177 - - [03/May/2017:11:33:37 +0200] "GET /framework/webfx/style/toolbar/cb2.css HTTP/1.1" 200 793 "http://ed.activities.at/entry.php?id=10273" "Mozilla/5.0 (Windows NT 10.0; WOW64; rv:53.0) Gecko/20100101 Firefox/53.0"
91.114.247.177 - - [03/May/2017:11:33:37 +0200] "GET /framework/webfx/javascript/toolbar/ieemu.js HTTP/1.1" 200 2366 "http://ed.activities.at/entry.php?id=10273" "Mozilla/5.0 (Windows NT 10.0; WOW64; rv:53.0) Gecko/20100101 Firefox/53.0"
91.114.247.177 - - [03/May/2017:11:33:37 +0200] "GET /framework/webfx/javascript/toolbar/cb2.js HTTP/1.1" 200 1686 "http://ed.activities.at/entry.php?id=10273" "Mozilla/5.0 (Windows NT 10.0; WOW64; rv:53.0) Gecko/20100101 Firefox/53.0"
91.114.247.177 - - [03/May/2017:11:33:37 +0200] "GET /gui/images/icons/cancel.gif HTTP/1.1" 200 125 "http://ed.activities.at/entry.php?id=11412" "Mozilla/5.0 (Windows NT 10.0; WOW64; rv:53.0) Gecko/20100101 Firefox/53.0"
91.114.247.177 - - [03/May/2017:11:33:37 +0200] "GET /gui/images/icons/Logo_activites_RGB.gif HTTP/1.1" 200 1336 "http://ed.activities.at/entry.php?id=10273" "Mozilla/5.0 (Windows NT 10.0; WOW64; rv:53.0) Gecko/20100101 Firefox/53.0"
91.114.247.177 - - [03/May/2017:11:33:38 +0200] "GET /gui/images/emptybar.gif HTTP/1.1" 200 89 "http://ed.activities.at/entry.php?id=10272" "Mozilla/5.0 (Windows NT 10.0; WOW64; rv:53.0) Gecko/20100101 Firefox/53.0"
91.114.247.177 - - [03/May/2017:11:33:37 +0200] "GET /entry.php?id=10287 HTTP/1.1" 200 2395 "http://ed.activities.at/entry.php?id=11412" "Mozilla/5.0 (Windows NT 10.0; WOW64; rv:53.0) Gecko/20100101 Firefox/53.0"
91.114.247.177 - - [03/May/2017:11:33:37 +0200] "GET /entry.php?id=10271&UIN=bcdcfd88db739397fad3cce1a6e30d97 HTTP/1.1" 200 933 "http://ed.activities.at/entry.php?id=10272" "Mozilla/5.0 (Windows NT 10.0; WOW64; rv:53.0) Gecko/20100101 Firefox/53.0"
91.114.247.177 - - [03/May/2017:11:33:38 +0200] "GET /gui/javascript/form_form.js?1493804018 HTTP/1.1" 200 16206 "http://ed.activities.at/entry.php?id=10287" "Mozilla/5.0 (Windows NT 10.0; WOW64; rv:53.0) Gecko/20100101 Firefox/53.0"
91.114.247.177 - - [03/May/2017:11:33:38 +0200] "GET /entry.php?id=10270& HTTP/1.1" 200 908 "http://ed.activities.at/entry.php?id=10287" "Mozilla/5.0 (Windows NT 10.0; WOW64; rv:53.0) Gecko/20100101 Firefox/53.0"
91.114.247.177 - - [03/May/2017:11:33:38 +0200] "GET /entry.php?id=10273& HTTP/1.1" 200 1902 "http://ed.activities.at/entry.php?id=10287" "Mozilla/5.0 (Windows NT 10.0; WOW64; rv:53.0) Gecko/20100101 Firefox/53.0"
83.65.142.74 - - [03/May/2017:11:33:56 +0200] "GET /entry.php?id=10271&&ser=803975 HTTP/1.1" 200 986 "http://easydrivers.activities.at/entry.php?id=10271&&ser=803914" "Mozilla/5.0 (Windows NT 10.0; Trident/7.0; rv:11.0) like Gecko"
83.65.142.74 - - [03/May/2017:11:33:56 +0200] "GET /gui/javascript/form_form.js?1493804036 HTTP/1.1" 200 16206 "http://easydrivers.activities.at/entry.php?id=10271&&ser=803975" "Mozilla/5.0 (Windows NT 10.0; Trident/7.0; rv:11.0) like Gecko"
212.108.43.59 - - [03/May/2017:11:33:59 +0200] "GET /entry.php?id=10271&&ser=803978 HTTP/1.1" 200 987 "http://ed.activities.at/entry.php?id=10271&&ser=803917" "Mozilla/5.0 (Windows NT 10.0; Win64; x64) AppleWebKit/537.36 (KHTML, like Gecko) Chrome/57.0.2987.133 Safari/537.36"
212.108.43.59 - - [03/May/2017:11:33:59 +0200] "GET /gui/javascript/form_form.js?1493804039 HTTP/1.1" 200 16206 "http://ed.activities.at/entry.php?id=10271&&ser=803978" "Mozilla/5.0 (Windows NT 10.0; Win64; x64) AppleWebKit/537.36 (KHTML, like Gecko) Chrome/57.0.2987.133 Safari/537.36"
91.114.247.177 - - [03/May/2017:11:34:08 +0200] "GET /gui/images/progressbar.gif HTTP/1.1" 200 2157 "http://ed.activities.at/entry.php?id=10272" "Mozilla/5.0 (Windows NT 10.0; WOW64; rv:53.0) Gecko/20100101 Firefox/53.0"
