83.65.142.74 - - [03/May/2017:12:23:44 +0200] "GET /entry.php?id=10776&form=10547&name=list& HTTP/1.1" 200 1290 "http://easydrivers.activities.at/entry.php?id=10703&&but=&object=10289206&class=&tag=&value=&chooserview=contetbinaries&function=&setlist=&t_width=&t_height=&view=contetbinaries" "Mozilla/5.0 (Windows NT 10.0; Trident/7.0; rv:11.0) like Gecko"
83.65.142.74 - - [03/May/2017:12:23:44 +0200] "GET /entry.php?id=10778&form=10547&name=list& HTTP/1.1" 200 3149 "http://easydrivers.activities.at/entry.php?id=10703&&but=&object=10289206&class=&tag=&value=&chooserview=contetbinaries&function=&setlist=&t_width=&t_height=&view=contetbinaries" "Mozilla/5.0 (Windows NT 10.0; Trident/7.0; rv:11.0) like Gecko"
83.65.142.74 - - [03/May/2017:12:23:45 +0200] "GET /entry.php?id=10778&form=10549&name=list& HTTP/1.1" 200 3953 "http://easydrivers.activities.at/entry.php?id=10704&&but=&object=10289206&class=&tag=&value=&chooserview=contetbinaries&function=&setlist=&t_width=&t_height=&view=contetbinaries" "Mozilla/5.0 (Windows NT 10.0; Trident/7.0; rv:11.0) like Gecko"
83.65.142.74 - - [03/May/2017:12:23:45 +0200] "GET /entry.php?id=10776&form=10549&name=list& HTTP/1.1" 200 1701 "http://easydrivers.activities.at/entry.php?id=10704&&but=&object=10289206&class=&tag=&value=&chooserview=contetbinaries&function=&setlist=&t_width=&t_height=&view=contetbinaries" "Mozilla/5.0 (Windows NT 10.0; Trident/7.0; rv:11.0) like Gecko"
83.65.142.74 - - [03/May/2017:12:23:46 +0200] "GET /gui/images/icons/pdf.gif HTTP/1.1" 200 1044 "http://easydrivers.activities.at/entry.php?id=10778&form=10549&name=list&" "Mozilla/5.0 (Windows NT 10.0; Trident/7.0; rv:11.0) like Gecko"
91.114.247.177 - - [03/May/2017:12:23:50 +0200] "GET /entry.php?id=10271&&ser=806970 HTTP/1.1" 200 986 "http://ed.activities.at/entry.php?id=10271&&ser=806909" "Mozilla/5.0 (Windows NT 10.0; WOW64; rv:53.0) Gecko/20100101 Firefox/53.0"
91.114.247.177 - - [03/May/2017:12:23:51 +0200] "GET /gui/javascript/form_form.js?1493807030 HTTP/1.1" 200 16206 "http://ed.activities.at/entry.php?id=10271&&ser=806970" "Mozilla/5.0 (Windows NT 10.0; WOW64; rv:53.0) Gecko/20100101 Firefox/53.0"
212.108.43.59 - - [03/May/2017:12:23:51 +0200] "GET /entry.php?id=10271&&ser=806970 HTTP/1.1" 200 986 "http://ed.activities.at/entry.php?id=10271&&ser=806909" "Mozilla/5.0 (Windows NT 10.0; Win64; x64) AppleWebKit/537.36 (KHTML, like Gecko) Chrome/57.0.2987.133 Safari/537.36"
212.108.43.59 - - [03/May/2017:12:23:51 +0200] "GET /gui/javascript/form_form.js?1493807031 HTTP/1.1" 200 16206 "http://ed.activities.at/entry.php?id=10271&&ser=806970" "Mozilla/5.0 (Windows NT 10.0; Win64; x64) AppleWebKit/537.36 (KHTML, like Gecko) Chrome/57.0.2987.133 Safari/537.36"
91.114.247.177 - - [03/May/2017:12:23:52 +0200] "POST /entry.php?id=11677 HTTP/1.1" 200 5220 "http://ed.activities.at/entry.php?id=11677" "Mozilla/5.0 (Windows NT 10.0; WOW64; rv:53.0) Gecko/20100101 Firefox/53.0"
91.114.247.177 - - [03/May/2017:12:23:53 +0200] "GET /gui/javascript/form_form.js?1493807033 HTTP/1.1" 200 16206 "http://ed.activities.at/entry.php?id=11677" "Mozilla/5.0 (Windows NT 10.0; WOW64; rv:53.0) Gecko/20100101 Firefox/53.0"
91.114.247.177 - - [03/May/2017:12:23:55 +0200] "GET /entry.php?id=11681&chooserview=editnewmenueitem&hidetitle=true&object=10288628 HTTP/1.1" 200 348 "http://ed.activities.at/entry.php?id=11412" "Mozilla/5.0 (Windows NT 10.0; WOW64; rv:53.0) Gecko/20100101 Firefox/53.0"
91.114.247.177 - - [03/May/2017:12:23:56 +0200] "GET /entry.php?id=11683&chooserview=editnewmenueitem&object=10288628& HTTP/1.1" 200 2682 "http://ed.activities.at/entry.php?id=11681&chooserview=editnewmenueitem&hidetitle=true&object=10288628" "Mozilla/5.0 (Windows NT 10.0; WOW64; rv:53.0) Gecko/20100101 Firefox/53.0"
91.114.247.177 - - [03/May/2017:12:23:56 +0200] "GET /gui/javascript/form_form.js?1493807036 HTTP/1.1" 200 16206 "http://ed.activities.at/entry.php?id=11683&chooserview=editnewmenueitem&object=10288628&" "Mozilla/5.0 (Windows NT 10.0; WOW64; rv:53.0) Gecko/20100101 Firefox/53.0"
91.114.247.177 - - [03/May/2017:12:23:56 +0200] "GET /entry.php?id=11684&chooserview=editnewmenueitem&object=10288628& HTTP/1.1" 200 3979 "http://ed.activities.at/entry.php?id=11681&chooserview=editnewmenueitem&hidetitle=true&object=10288628" "Mozilla/5.0 (Windows NT 10.0; WOW64; rv:53.0) Gecko/20100101 Firefox/53.0"
91.114.247.177 - - [03/May/2017:12:23:56 +0200] "GET /entry.php?id=10776&form=11508&name=list& HTTP/1.1" 200 1808 "http://ed.activities.at/entry.php?id=11683&chooserview=editnewmenueitem&object=10288628&" "Mozilla/5.0 (Windows NT 10.0; WOW64; rv:53.0) Gecko/20100101 Firefox/53.0"
91.114.247.177 - - [03/May/2017:12:23:56 +0200] "GET /entry.php?id=10778&form=11508&name=list& HTTP/1.1" 200 5266 "http://ed.activities.at/entry.php?id=11683&chooserview=editnewmenueitem&object=10288628&" "Mozilla/5.0 (Windows NT 10.0; WOW64; rv:53.0) Gecko/20100101 Firefox/53.0"
91.114.247.177 - - [03/May/2017:12:23:59 +0200] "POST /entry.php?id=11684 HTTP/1.1" 200 4029 "http://ed.activities.at/entry.php?id=11684&chooserview=editnewmenueitem&object=10288628&" "Mozilla/5.0 (Windows NT 10.0; WOW64; rv:53.0) Gecko/20100101 Firefox/53.0"
91.114.247.177 - - [03/May/2017:12:24:00 +0200] "GET /gui/javascript/form_form.js?1493807040 HTTP/1.1" 200 16206 "http://ed.activities.at/entry.php?id=11684" "Mozilla/5.0 (Windows NT 10.0; WOW64; rv:53.0) Gecko/20100101 Firefox/53.0"
91.114.247.177 - - [03/May/2017:12:24:01 +0200] "GET /framework/webfx/javascript/tinymce/skins/lightgray/content.min.css HTTP/1.1" 404 327 "http://ed.activities.at/entry.php?id=11684" "Mozilla/5.0 (Windows NT 10.0; WOW64; rv:53.0) Gecko/20100101 Firefox/53.0"
83.65.142.74 - - [03/May/2017:12:24:01 +0200] "GET /entry.php?id=11687&uploadmode=list&object=false&mode=list&mime=10015787&listview=list HTTP/1.1" 200 2395 "http://easydrivers.activities.at/entry.php?id=10711&object=10289206&chooserview=contetbinaries&view=contetbinaries" "Mozilla/5.0 (Windows NT 10.0; Trident/7.0; rv:11.0) like Gecko"
83.65.142.74 - - [03/May/2017:12:24:02 +0200] "GET /gui/javascript/jquery/fileupload/js/jquery.ui.plupload/css/jquery.ui.plupload.css HTTP/1.1" 200 1380 "http://easydrivers.activities.at/entry.php?id=11687&uploadmode=list&object=false&mode=list&mime=10015787&listview=list" "Mozilla/5.0 (Windows NT 10.0; Trident/7.0; rv:11.0) like Gecko"
83.65.142.74 - - [03/May/2017:12:24:02 +0200] "GET /gui/javascript/form_form.js?1493807041 HTTP/1.1" 200 16206 "http://easydrivers.activities.at/entry.php?id=11687&uploadmode=list&object=false&mode=list&mime=10015787&listview=list" "Mozilla/5.0 (Windows NT 10.0; Trident/7.0; rv:11.0) like Gecko"
83.65.142.74 - - [03/May/2017:12:24:02 +0200] "GET /gui/javascript/form_file_upload.js HTTP/1.1" 200 3545 "http://easydrivers.activities.at/entry.php?id=11687&uploadmode=list&object=false&mode=list&mime=10015787&listview=list" "Mozilla/5.0 (Windows NT 10.0; Trident/7.0; rv:11.0) like Gecko"
83.65.142.74 - - [03/May/2017:12:24:02 +0200] "GET /gui/javascript/jquery/fileupload/js/jquery.ui.plupload/jquery.ui.plupload.js HTTP/1.1" 200 6007 "http://easydrivers.activities.at/entry.php?id=11687&uploadmode=list&object=false&mode=list&mime=10015787&listview=list" "Mozilla/5.0 (Windows NT 10.0; Trident/7.0; rv:11.0) like Gecko"
83.65.142.74 - - [03/May/2017:12:24:02 +0200] "GET /gui/javascript/jquery/fileupload/js/i18n/de.js HTTP/1.1" 200 651 "http://easydrivers.activities.at/entry.php?id=11687&uploadmode=list&object=false&mode=list&mime=10015787&listview=list" "Mozilla/5.0 (Windows NT 10.0; Trident/7.0; rv:11.0) like Gecko"
83.65.142.74 - - [03/May/2017:12:24:02 +0200] "GET /gui/javascript/jquery/fileupload/js/plupload.full.js HTTP/1.1" 200 23055 "http://easydrivers.activities.at/entry.php?id=11687&uploadmode=list&object=false&mode=list&mime=10015787&listview=list" "Mozilla/5.0 (Windows NT 10.0; Trident/7.0; rv:11.0) like Gecko"
83.65.142.74 - - [03/May/2017:12:24:03 +0200] "GET /gui/javascript/jquery/fileupload/js/jquery.ui.plupload/img/buttons.png HTTP/1.1" 200 1439 "http://easydrivers.activities.at/entry.php?id=10711&object=10289206&chooserview=contetbinaries&view=contetbinaries" "Mozilla/5.0 (Windows NT 10.0; Trident/7.0; rv:11.0) like Gecko"
83.65.142.74 - - [03/May/2017:12:24:05 +0200] "GET /entry.php?id=10271&&ser=806984 HTTP/1.1" 200 987 "http://easydrivers.activities.at/entry.php?id=10271&&ser=806923" "Mozilla/5.0 (Windows NT 10.0; Trident/7.0; rv:11.0) like Gecko"
83.65.142.74 - - [03/May/2017:12:24:05 +0200] "GET /gui/javascript/form_form.js?1493807045 HTTP/1.1" 200 16206 "http://easydrivers.activities.at/entry.php?id=10271&&ser=806984" "Mozilla/5.0 (Windows NT 10.0; Trident/7.0; rv:11.0) like Gecko"
83.65.142.74 - - [03/May/2017:12:24:15 +0200] "GET /gui/javascript/jquery/css/gui-themes/images/ui-bg_highlight-soft_25_ffef8f_1x100.png HTTP/1.1" 200 119 "http://easydrivers.activities.at/entry.php?id=11687&uploadmode=list&object=false&mode=list&mime=10015787&listview=list" "Mozilla/5.0 (Windows NT 10.0; Trident/7.0; rv:11.0) like Gecko"
83.65.142.74 - - [03/May/2017:12:24:15 +0200] "GET /gui/javascript/jquery/css/gui-themes/images/ui-icons_2e83ff_256x240_ev.png HTTP/1.1" 200 6035 "http://easydrivers.activities.at/entry.php?id=11687&uploadmode=list&object=false&mode=list&mime=10015787&listview=list" "Mozilla/5.0 (Windows NT 10.0; Trident/7.0; rv:11.0) like Gecko"
83.65.142.74 - - [03/May/2017:12:24:15 +0200] "POST /entry.php?id=11687&ajaxaction=binary HTTP/1.1" 200 2396 "http://easydrivers.activities.at/entry.php?id=11687&uploadmode=list&object=false&mode=list&mime=10015787&listview=list" "Mozilla/5.0 (Windows NT 10.0; Trident/7.0; rv:11.0) like Gecko"
83.65.142.74 - - [03/May/2017:12:24:18 +0200] "POST /entry.php?id=11687&ajaxaction=binary HTTP/1.1" 200 2395 "http://easydrivers.activities.at/entry.php?id=11687&uploadmode=list&object=false&mode=list&mime=10015787&listview=list" "Mozilla/5.0 (Windows NT 10.0; Trident/7.0; rv:11.0) like Gecko"
83.65.142.74 - - [03/May/2017:12:24:20 +0200] "POST /entry.php?id=11687&ajaxaction=binary HTTP/1.1" 200 315 "http://easydrivers.activities.at/entry.php?id=11687&uploadmode=list&object=false&mode=list&mime=10015787&listview=list" "Mozilla/5.0 (Windows NT 10.0; Trident/7.0; rv:11.0) like Gecko"
83.65.142.74 - - [03/May/2017:12:24:32 +0200] "GET /entry.php?id=10711&object=10289206&chooserview=contetbinaries&view=contetbinaries HTTP/1.1" 200 1724 "-" "Mozilla/5.0 (Windows NT 10.0; Trident/7.0; rv:11.0) like Gecko"
83.65.142.74 - - [03/May/2017:12:24:32 +0200] "GET /gui/javascript/form_form.js?1493807072 HTTP/1.1" 200 16206 "http://easydrivers.activities.at/entry.php?id=10711&object=10289206&chooserview=contetbinaries&view=contetbinaries" "Mozilla/5.0 (Windows NT 10.0; Trident/7.0; rv:11.0) like Gecko"
83.65.142.74 - - [03/May/2017:12:24:33 +0200] "GET /entry.php?id=10676&title=Ressourcenverwaltung HTTP/1.1" 200 1396 "http://easydrivers.activities.at/entry.php?id=10711&object=10289206&chooserview=contetbinaries&view=contetbinaries" "Mozilla/5.0 (Windows NT 10.0; Trident/7.0; rv:11.0) like Gecko"
83.65.142.74 - - [03/May/2017:12:24:33 +0200] "GET /gui/javascript/form_form.js?1493807073 HTTP/1.1" 200 16206 "http://easydrivers.activities.at/entry.php?id=10676&title=Ressourcenverwaltung" "Mozilla/5.0 (Windows NT 10.0; Trident/7.0; rv:11.0) like Gecko"
83.65.142.74 - - [03/May/2017:12:24:33 +0200] "GET /entry.php?id=10703&&but=&object=10289206&class=&tag=&value=&chooserview=contetbinaries&function=&setlist=&t_width=&t_height=&view=contetbinaries HTTP/1.1" 200 2539 "http://easydrivers.activities.at/entry.php?id=10711&object=10289206&chooserview=contetbinaries&view=contetbinaries" "Mozilla/5.0 (Windows NT 10.0; Trident/7.0; rv:11.0) like Gecko"
83.65.142.74 - - [03/May/2017:12:24:33 +0200] "GET /entry.php?id=10704&&but=&object=10289206&class=&tag=&value=&chooserview=contetbinaries&function=&setlist=&t_width=&t_height=&view=contetbinaries HTTP/1.1" 200 3005 "http://easydrivers.activities.at/entry.php?id=10711&object=10289206&chooserview=contetbinaries&view=contetbinaries" "Mozilla/5.0 (Windows NT 10.0; Trident/7.0; rv:11.0) like Gecko"
83.65.142.74 - - [03/May/2017:12:24:35 +0200] "GET /gui/javascript/form_form.js?1493807074 HTTP/1.1" 200 16206 "http://easydrivers.activities.at/entry.php?id=10704&&but=&object=10289206&class=&tag=&value=&chooserview=contetbinaries&function=&setlist=&t_width=&t_height=&view=contetbinaries" "Mozilla/5.0 (Windows NT 10.0; Trident/7.0; rv:11.0) like Gecko"
83.65.142.74 - - [03/May/2017:12:24:35 +0200] "GET /entry.php?id=10776&form=10547&name=list& HTTP/1.1" 200 1290 "http://easydrivers.activities.at/entry.php?id=10703&&but=&object=10289206&class=&tag=&value=&chooserview=contetbinaries&function=&setlist=&t_width=&t_height=&view=contetbinaries" "Mozilla/5.0 (Windows NT 10.0; Trident/7.0; rv:11.0) like Gecko"
83.65.142.74 - - [03/May/2017:12:24:35 +0200] "GET /entry.php?id=10778&form=10547&name=list& HTTP/1.1" 200 3149 "http://easydrivers.activities.at/entry.php?id=10703&&but=&object=10289206&class=&tag=&value=&chooserview=contetbinaries&function=&setlist=&t_width=&t_height=&view=contetbinaries" "Mozilla/5.0 (Windows NT 10.0; Trident/7.0; rv:11.0) like Gecko"
83.65.142.74 - - [03/May/2017:12:24:36 +0200] "GET /entry.php?id=10778&form=10549&name=list& HTTP/1.1" 200 4101 "http://easydrivers.activities.at/entry.php?id=10704&&but=&object=10289206&class=&tag=&value=&chooserview=contetbinaries&function=&setlist=&t_width=&t_height=&view=contetbinaries" "Mozilla/5.0 (Windows NT 10.0; Trident/7.0; rv:11.0) like Gecko"
83.65.142.74 - - [03/May/2017:12:24:36 +0200] "GET /entry.php?id=10776&form=10549&name=list& HTTP/1.1" 200 1701 "http://easydrivers.activities.at/entry.php?id=10704&&but=&object=10289206&class=&tag=&value=&chooserview=contetbinaries&function=&setlist=&t_width=&t_height=&view=contetbinaries" "Mozilla/5.0 (Windows NT 10.0; Trident/7.0; rv:11.0) like Gecko"
83.65.142.74 - - [03/May/2017:12:24:47 +0200] "POST /entry.php?id=10704&&but=&object=10289206&class=&tag=&value=&chooserview=contetbinaries&function=&setlist=&t_width=&t_height=&view=contetbinaries HTTP/1.1" 200 3028 "http://easydrivers.activities.at/entry.php?id=10778&form=10549&name=list&" "Mozilla/5.0 (Windows NT 10.0; Trident/7.0; rv:11.0) like Gecko"
83.65.142.74 - - [03/May/2017:12:24:48 +0200] "GET /gui/javascript/form_form.js?1493807087 HTTP/1.1" 200 16206 "http://easydrivers.activities.at/entry.php?id=10704&&but=&object=10289206&class=&tag=&value=&chooserview=contetbinaries&function=&setlist=&t_width=&t_height=&view=contetbinaries" "Mozilla/5.0 (Windows NT 10.0; Trident/7.0; rv:11.0) like Gecko"
83.65.142.74 - - [03/May/2017:12:24:48 +0200] "POST /entry.php?id=11684 HTTP/1.1" 200 3423 "http://easydrivers.activities.at/entry.php?id=11684" "Mozilla/5.0 (Windows NT 10.0; Trident/7.0; rv:11.0) like Gecko"
83.65.142.74 - - [03/May/2017:12:24:48 +0200] "GET /entry.php?id=10776&form=10549&name=list& HTTP/1.1" 200 1701 "http://easydrivers.activities.at/entry.php?id=10704&&but=&object=10289206&class=&tag=&value=&chooserview=contetbinaries&function=&setlist=&t_width=&t_height=&view=contetbinaries" "Mozilla/5.0 (Windows NT 10.0; Trident/7.0; rv:11.0) like Gecko"
83.65.142.74 - - [03/May/2017:12:24:49 +0200] "GET /gui/javascript/form_form.js?1493807089 HTTP/1.1" 200 16206 "http://easydrivers.activities.at/entry.php?id=11684" "Mozilla/5.0 (Windows NT 10.0; Trident/7.0; rv:11.0) like Gecko"
83.65.142.74 - - [03/May/2017:12:24:48 +0200] "GET /entry.php?id=10778&form=10549&name=list& HTTP/1.1" 200 4094 "http://easydrivers.activities.at/entry.php?id=10704&&but=&object=10289206&class=&tag=&value=&chooserview=contetbinaries&function=&setlist=&t_width=&t_height=&view=contetbinaries" "Mozilla/5.0 (Windows NT 10.0; Trident/7.0; rv:11.0) like Gecko"
83.65.142.74 - - [03/May/2017:12:24:49 +0200] "GET /entry.php?id=10778&form=11506&name=binarie_list& HTTP/1.1" 200 2867 "http://easydrivers.activities.at/entry.php?id=11684" "Mozilla/5.0 (Windows NT 10.0; Trident/7.0; rv:11.0) like Gecko"
83.65.142.74 - - [03/May/2017:12:24:49 +0200] "GET /entry.php?id=10776&form=11506&name=binarie_list& HTTP/1.1" 200 1521 "http://easydrivers.activities.at/entry.php?id=11684" "Mozilla/5.0 (Windows NT 10.0; Trident/7.0; rv:11.0) like Gecko"
91.114.247.177 - - [03/May/2017:12:24:51 +0200] "GET /entry.php?id=10271&&ser=807030 HTTP/1.1" 200 986 "http://ed.activities.at/entry.php?id=10271&&ser=806970" "Mozilla/5.0 (Windows NT 10.0; WOW64; rv:53.0) Gecko/20100101 Firefox/53.0"
91.114.247.177 - - [03/May/2017:12:24:51 +0200] "GET /gui/javascript/form_form.js?1493807091 HTTP/1.1" 200 16206 "http://ed.activities.at/entry.php?id=10271&&ser=807030" "Mozilla/5.0 (Windows NT 10.0; WOW64; rv:53.0) Gecko/20100101 Firefox/53.0"
212.108.43.59 - - [03/May/2017:12:24:52 +0200] "GET /entry.php?id=10271&&ser=807031 HTTP/1.1" 200 987 "http://ed.activities.at/entry.php?id=10271&&ser=806970" "Mozilla/5.0 (Windows NT 10.0; Win64; x64) AppleWebKit/537.36 (KHTML, like Gecko) Chrome/57.0.2987.133 Safari/537.36"
212.108.43.59 - - [03/May/2017:12:24:52 +0200] "GET /gui/javascript/form_form.js?1493807092 HTTP/1.1" 200 16206 "http://ed.activities.at/entry.php?id=10271&&ser=807031" "Mozilla/5.0 (Windows NT 10.0; Win64; x64) AppleWebKit/537.36 (KHTML, like Gecko) Chrome/57.0.2987.133 Safari/537.36"
83.65.142.74 - - [03/May/2017:12:24:59 +0200] "POST /entry.php?id=11684 HTTP/1.1" 200 3965 "http://easydrivers.activities.at/entry.php?id=11684" "Mozilla/5.0 (Windows NT 10.0; Trident/7.0; rv:11.0) like Gecko"
83.65.142.74 - - [03/May/2017:12:24:59 +0200] "GET /gui/javascript/form_form.js?1493807099 HTTP/1.1" 200 16206 "http://easydrivers.activities.at/entry.php?id=11684" "Mozilla/5.0 (Windows NT 10.0; Trident/7.0; rv:11.0) like Gecko"
83.65.142.74 - - [03/May/2017:12:25:02 +0200] "POST /entry.php?id=11684 HTTP/1.1" 200 4219 "http://easydrivers.activities.at/entry.php?id=11684" "Mozilla/5.0 (Windows NT 10.0; Trident/7.0; rv:11.0) like Gecko"
83.65.142.74 - - [03/May/2017:12:25:02 +0200] "GET /gui/javascript/form_form.js?1493807102 HTTP/1.1" 200 16206 "http://easydrivers.activities.at/entry.php?id=11684" "Mozilla/5.0 (Windows NT 10.0; Trident/7.0; rv:11.0) like Gecko"
83.65.142.74 - - [03/May/2017:12:25:06 +0200] "GET /entry.php?id=10271&&ser=807045 HTTP/1.1" 200 986 "http://easydrivers.activities.at/entry.php?id=10271&&ser=806984" "Mozilla/5.0 (Windows NT 10.0; Trident/7.0; rv:11.0) like Gecko"
83.65.142.74 - - [03/May/2017:12:25:07 +0200] "GET /gui/javascript/form_form.js?1493807106 HTTP/1.1" 200 16206 "http://easydrivers.activities.at/entry.php?id=10271&&ser=807045" "Mozilla/5.0 (Windows NT 10.0; Trident/7.0; rv:11.0) like Gecko"
91.114.247.177 - - [03/May/2017:12:25:24 +0200] "POST /entry.php?id=11684 HTTP/1.1" 200 4226 "http://ed.activities.at/entry.php?id=11684" "Mozilla/5.0 (Windows NT 10.0; WOW64; rv:53.0) Gecko/20100101 Firefox/53.0"
91.114.247.177 - - [03/May/2017:12:25:25 +0200] "GET /gui/javascript/form_form.js?1493807125 HTTP/1.1" 200 16206 "http://ed.activities.at/entry.php?id=11684" "Mozilla/5.0 (Windows NT 10.0; WOW64; rv:53.0) Gecko/20100101 Firefox/53.0"
91.114.247.177 - - [03/May/2017:12:25:26 +0200] "GET /framework/webfx/javascript/tinymce/skins/lightgray/content.min.css HTTP/1.1" 404 327 "http://ed.activities.at/entry.php?id=11684" "Mozilla/5.0 (Windows NT 10.0; WOW64; rv:53.0) Gecko/20100101 Firefox/53.0"
91.114.247.177 - - [03/May/2017:12:25:29 +0200] "POST /entry.php?id=11677 HTTP/1.1" 200 5210 "http://ed.activities.at/entry.php?id=11677" "Mozilla/5.0 (Windows NT 10.0; WOW64; rv:53.0) Gecko/20100101 Firefox/53.0"
91.114.247.177 - - [03/May/2017:12:25:30 +0200] "GET /gui/javascript/form_form.js?1493807130 HTTP/1.1" 200 16206 "http://ed.activities.at/entry.php?id=11677" "Mozilla/5.0 (Windows NT 10.0; WOW64; rv:53.0) Gecko/20100101 Firefox/53.0"
91.114.247.177 - - [03/May/2017:12:25:32 +0200] "GET /entry.php?id=11681&chooserview=editnewmenueitem&hidetitle=true&object=10288640 HTTP/1.1" 200 348 "http://ed.activities.at/entry.php?id=11412" "Mozilla/5.0 (Windows NT 10.0; WOW64; rv:53.0) Gecko/20100101 Firefox/53.0"
91.114.247.177 - - [03/May/2017:12:25:32 +0200] "GET /entry.php?id=11683&chooserview=editnewmenueitem&object=10288640& HTTP/1.1" 200 2681 "http://ed.activities.at/entry.php?id=11681&chooserview=editnewmenueitem&hidetitle=true&object=10288640" "Mozilla/5.0 (Windows NT 10.0; WOW64; rv:53.0) Gecko/20100101 Firefox/53.0"
91.114.247.177 - - [03/May/2017:12:25:33 +0200] "GET /gui/javascript/form_form.js?1493807133 HTTP/1.1" 200 16206 "http://ed.activities.at/entry.php?id=11683&chooserview=editnewmenueitem&object=10288640&" "Mozilla/5.0 (Windows NT 10.0; WOW64; rv:53.0) Gecko/20100101 Firefox/53.0"
91.114.247.177 - - [03/May/2017:12:25:32 +0200] "GET /entry.php?id=11684&chooserview=editnewmenueitem&object=10288640& HTTP/1.1" 200 3973 "http://ed.activities.at/entry.php?id=11681&chooserview=editnewmenueitem&hidetitle=true&object=10288640" "Mozilla/5.0 (Windows NT 10.0; WOW64; rv:53.0) Gecko/20100101 Firefox/53.0"
91.114.247.177 - - [03/May/2017:12:25:33 +0200] "GET /entry.php?id=10776&form=11508&name=list& HTTP/1.1" 200 1808 "http://ed.activities.at/entry.php?id=11683&chooserview=editnewmenueitem&object=10288640&" "Mozilla/5.0 (Windows NT 10.0; WOW64; rv:53.0) Gecko/20100101 Firefox/53.0"
91.114.247.177 - - [03/May/2017:12:25:33 +0200] "GET /entry.php?id=10778&form=11508&name=list& HTTP/1.1" 200 5268 "http://ed.activities.at/entry.php?id=11683&chooserview=editnewmenueitem&object=10288640&" "Mozilla/5.0 (Windows NT 10.0; WOW64; rv:53.0) Gecko/20100101 Firefox/53.0"
91.114.247.177 - - [03/May/2017:12:25:37 +0200] "POST /entry.php?id=11684 HTTP/1.1" 200 3527 "http://ed.activities.at/entry.php?id=11684&chooserview=editnewmenueitem&object=10288640&" "Mozilla/5.0 (Windows NT 10.0; WOW64; rv:53.0) Gecko/20100101 Firefox/53.0"
91.114.247.177 - - [03/May/2017:12:25:37 +0200] "GET /gui/javascript/form_form.js?1493807137 HTTP/1.1" 200 16206 "http://ed.activities.at/entry.php?id=11684" "Mozilla/5.0 (Windows NT 10.0; WOW64; rv:53.0) Gecko/20100101 Firefox/53.0"
91.114.247.177 - - [03/May/2017:12:25:38 +0200] "GET /framework/webfx/javascript/tinymce/skins/lightgray/content.min.css HTTP/1.1" 404 327 "http://ed.activities.at/entry.php?id=11684" "Mozilla/5.0 (Windows NT 10.0; WOW64; rv:53.0) Gecko/20100101 Firefox/53.0"
91.114.247.177 - - [03/May/2017:12:25:52 +0200] "GET /entry.php?id=10271&&ser=807091 HTTP/1.1" 200 987 "http://ed.activities.at/entry.php?id=10271&&ser=807030" "Mozilla/5.0 (Windows NT 10.0; WOW64; rv:53.0) Gecko/20100101 Firefox/53.0"
91.114.247.177 - - [03/May/2017:12:25:52 +0200] "GET /gui/javascript/form_form.js?1493807152 HTTP/1.1" 200 16206 "http://ed.activities.at/entry.php?id=10271&&ser=807091" "Mozilla/5.0 (Windows NT 10.0; WOW64; rv:53.0) Gecko/20100101 Firefox/53.0"
212.108.43.59 - - [03/May/2017:12:25:53 +0200] "GET /entry.php?id=10271&&ser=807092 HTTP/1.1" 200 987 "http://ed.activities.at/entry.php?id=10271&&ser=807031" "Mozilla/5.0 (Windows NT 10.0; Win64; x64) AppleWebKit/537.36 (KHTML, like Gecko) Chrome/57.0.2987.133 Safari/537.36"
212.108.43.59 - - [03/May/2017:12:25:53 +0200] "GET /gui/javascript/form_form.js?1493807153 HTTP/1.1" 200 16206 "http://ed.activities.at/entry.php?id=10271&&ser=807092" "Mozilla/5.0 (Windows NT 10.0; Win64; x64) AppleWebKit/537.36 (KHTML, like Gecko) Chrome/57.0.2987.133 Safari/537.36"
91.114.247.177 - - [03/May/2017:12:25:54 +0200] "POST /entry.php?id=11677 HTTP/1.1" 200 5221 "http://ed.activities.at/entry.php?id=11677" "Mozilla/5.0 (Windows NT 10.0; WOW64; rv:53.0) Gecko/20100101 Firefox/53.0"
91.114.247.177 - - [03/May/2017:12:25:54 +0200] "GET /gui/javascript/form_form.js?1493807154 HTTP/1.1" 200 16206 "http://ed.activities.at/entry.php?id=11677" "Mozilla/5.0 (Windows NT 10.0; WOW64; rv:53.0) Gecko/20100101 Firefox/53.0"
91.114.247.177 - - [03/May/2017:12:25:56 +0200] "GET /entry.php?id=11681&chooserview=editnewmenueitem&hidetitle=true&object=10288628 HTTP/1.1" 200 348 "http://ed.activities.at/entry.php?id=11412" "Mozilla/5.0 (Windows NT 10.0; WOW64; rv:53.0) Gecko/20100101 Firefox/53.0"
91.114.247.177 - - [03/May/2017:12:25:57 +0200] "GET /entry.php?id=11683&chooserview=editnewmenueitem&object=10288628& HTTP/1.1" 200 2681 "http://ed.activities.at/entry.php?id=11681&chooserview=editnewmenueitem&hidetitle=true&object=10288628" "Mozilla/5.0 (Windows NT 10.0; WOW64; rv:53.0) Gecko/20100101 Firefox/53.0"
91.114.247.177 - - [03/May/2017:12:25:57 +0200] "GET /gui/javascript/form_form.js?1493807157 HTTP/1.1" 200 16206 "http://ed.activities.at/entry.php?id=11683&chooserview=editnewmenueitem&object=10288628&" "Mozilla/5.0 (Windows NT 10.0; WOW64; rv:53.0) Gecko/20100101 Firefox/53.0"
91.114.247.177 - - [03/May/2017:12:25:57 +0200] "GET /entry.php?id=11684&chooserview=editnewmenueitem&object=10288628& HTTP/1.1" 200 3979 "http://ed.activities.at/entry.php?id=11681&chooserview=editnewmenueitem&hidetitle=true&object=10288628" "Mozilla/5.0 (Windows NT 10.0; WOW64; rv:53.0) Gecko/20100101 Firefox/53.0"
91.114.247.177 - - [03/May/2017:12:25:57 +0200] "GET /entry.php?id=10776&form=11508&name=list& HTTP/1.1" 200 1808 "http://ed.activities.at/entry.php?id=11683&chooserview=editnewmenueitem&object=10288628&" "Mozilla/5.0 (Windows NT 10.0; WOW64; rv:53.0) Gecko/20100101 Firefox/53.0"
91.114.247.177 - - [03/May/2017:12:25:57 +0200] "GET /entry.php?id=10778&form=11508&name=list& HTTP/1.1" 200 5268 "http://ed.activities.at/entry.php?id=11683&chooserview=editnewmenueitem&object=10288628&" "Mozilla/5.0 (Windows NT 10.0; WOW64; rv:53.0) Gecko/20100101 Firefox/53.0"
91.114.247.177 - - [03/May/2017:12:26:00 +0200] "POST /entry.php?id=11684 HTTP/1.1" 200 3886 "http://ed.activities.at/entry.php?id=11684&chooserview=editnewmenueitem&object=10288628&" "Mozilla/5.0 (Windows NT 10.0; WOW64; rv:53.0) Gecko/20100101 Firefox/53.0"
91.114.247.177 - - [03/May/2017:12:26:00 +0200] "GET /gui/javascript/form_form.js?1493807160 HTTP/1.1" 200 16206 "http://ed.activities.at/entry.php?id=11684" "Mozilla/5.0 (Windows NT 10.0; WOW64; rv:53.0) Gecko/20100101 Firefox/53.0"
91.114.247.177 - - [03/May/2017:12:26:01 +0200] "GET /framework/webfx/javascript/tinymce/skins/lightgray/content.min.css HTTP/1.1" 404 327 "http://ed.activities.at/entry.php?id=11684" "Mozilla/5.0 (Windows NT 10.0; WOW64; rv:53.0) Gecko/20100101 Firefox/53.0"
83.65.142.74 - - [03/May/2017:12:26:07 +0200] "GET /entry.php?id=10271&&ser=807106 HTTP/1.1" 200 986 "http://easydrivers.activities.at/entry.php?id=10271&&ser=807045" "Mozilla/5.0 (Windows NT 10.0; Trident/7.0; rv:11.0) like Gecko"
83.65.142.74 - - [03/May/2017:12:26:08 +0200] "GET /gui/javascript/form_form.js?1493807168 HTTP/1.1" 200 16206 "http://easydrivers.activities.at/entry.php?id=10271&&ser=807106" "Mozilla/5.0 (Windows NT 10.0; Trident/7.0; rv:11.0) like Gecko"
91.114.247.177 - - [03/May/2017:12:26:41 +0200] "POST /entry.php?id=11684 HTTP/1.1" 200 4278 "http://ed.activities.at/entry.php?id=11684" "Mozilla/5.0 (Windows NT 10.0; WOW64; rv:53.0) Gecko/20100101 Firefox/53.0"
91.114.247.177 - - [03/May/2017:12:26:42 +0200] "GET /gui/javascript/form_form.js?1493807202 HTTP/1.1" 200 16206 "http://ed.activities.at/entry.php?id=11684" "Mozilla/5.0 (Windows NT 10.0; WOW64; rv:53.0) Gecko/20100101 Firefox/53.0"
91.114.247.177 - - [03/May/2017:12:26:43 +0200] "GET /framework/webfx/javascript/tinymce/skins/lightgray/content.min.css HTTP/1.1" 404 327 "http://ed.activities.at/entry.php?id=11684" "Mozilla/5.0 (Windows NT 10.0; WOW64; rv:53.0) Gecko/20100101 Firefox/53.0"
91.114.247.177 - - [03/May/2017:12:26:52 +0200] "POST /entry.php?id=11677 HTTP/1.1" 200 5114 "http://ed.activities.at/entry.php?id=11677" "Mozilla/5.0 (Windows NT 10.0; WOW64; rv:53.0) Gecko/20100101 Firefox/53.0"
91.114.247.177 - - [03/May/2017:12:26:52 +0200] "GET /entry.php?id=10271&&ser=807152 HTTP/1.1" 200 987 "http://ed.activities.at/entry.php?id=10271&&ser=807091" "Mozilla/5.0 (Windows NT 10.0; WOW64; rv:53.0) Gecko/20100101 Firefox/53.0"
91.114.247.177 - - [03/May/2017:12:26:52 +0200] "GET /gui/javascript/form_form.js?1493807212 HTTP/1.1" 200 16206 "http://ed.activities.at/entry.php?id=11677" "Mozilla/5.0 (Windows NT 10.0; WOW64; rv:53.0) Gecko/20100101 Firefox/53.0"
212.108.43.59 - - [03/May/2017:12:26:54 +0200] "GET /entry.php?id=10271&&ser=807153 HTTP/1.1" 200 987 "http://ed.activities.at/entry.php?id=10271&&ser=807092" "Mozilla/5.0 (Windows NT 10.0; Win64; x64) AppleWebKit/537.36 (KHTML, like Gecko) Chrome/57.0.2987.133 Safari/537.36"
212.108.43.59 - - [03/May/2017:12:26:54 +0200] "GET /gui/javascript/form_form.js?1493807214 HTTP/1.1" 200 16206 "http://ed.activities.at/entry.php?id=10271&&ser=807153" "Mozilla/5.0 (Windows NT 10.0; Win64; x64) AppleWebKit/537.36 (KHTML, like Gecko) Chrome/57.0.2987.133 Safari/537.36"
91.114.247.177 - - [03/May/2017:12:26:57 +0200] "GET /entry.php?id=11681&chooserview=editnewmenueitem&hidetitle=true&object=10288643 HTTP/1.1" 200 348 "http://ed.activities.at/entry.php?id=11412" "Mozilla/5.0 (Windows NT 10.0; WOW64; rv:53.0) Gecko/20100101 Firefox/53.0"
91.114.247.177 - - [03/May/2017:12:26:57 +0200] "GET /entry.php?id=11683&chooserview=editnewmenueitem&object=10288643& HTTP/1.1" 200 2681 "http://ed.activities.at/entry.php?id=11681&chooserview=editnewmenueitem&hidetitle=true&object=10288643" "Mozilla/5.0 (Windows NT 10.0; WOW64; rv:53.0) Gecko/20100101 Firefox/53.0"
91.114.247.177 - - [03/May/2017:12:26:58 +0200] "GET /gui/javascript/form_form.js?1493807218 HTTP/1.1" 200 16206 "http://ed.activities.at/entry.php?id=11683&chooserview=editnewmenueitem&object=10288643&" "Mozilla/5.0 (Windows NT 10.0; WOW64; rv:53.0) Gecko/20100101 Firefox/53.0"
91.114.247.177 - - [03/May/2017:12:26:58 +0200] "GET /entry.php?id=11684&chooserview=editnewmenueitem&object=10288643& HTTP/1.1" 200 3953 "http://ed.activities.at/entry.php?id=11681&chooserview=editnewmenueitem&hidetitle=true&object=10288643" "Mozilla/5.0 (Windows NT 10.0; WOW64; rv:53.0) Gecko/20100101 Firefox/53.0"
91.114.247.177 - - [03/May/2017:12:26:58 +0200] "GET /entry.php?id=10776&form=11508&name=list& HTTP/1.1" 200 1808 "http://ed.activities.at/entry.php?id=11683&chooserview=editnewmenueitem&object=10288643&" "Mozilla/5.0 (Windows NT 10.0; WOW64; rv:53.0) Gecko/20100101 Firefox/53.0"
91.114.247.177 - - [03/May/2017:12:26:58 +0200] "GET /entry.php?id=10778&form=11508&name=list& HTTP/1.1" 200 5270 "http://ed.activities.at/entry.php?id=11683&chooserview=editnewmenueitem&object=10288643&" "Mozilla/5.0 (Windows NT 10.0; WOW64; rv:53.0) Gecko/20100101 Firefox/53.0"
91.114.247.177 - - [03/May/2017:12:27:06 +0200] "POST /entry.php?id=11684 HTTP/1.1" 200 3429 "http://ed.activities.at/entry.php?id=11684&chooserview=editnewmenueitem&object=10288643&" "Mozilla/5.0 (Windows NT 10.0; WOW64; rv:53.0) Gecko/20100101 Firefox/53.0"
91.114.247.177 - - [03/May/2017:12:27:07 +0200] "GET /gui/javascript/form_form.js?1493807227 HTTP/1.1" 200 16206 "http://ed.activities.at/entry.php?id=11684" "Mozilla/5.0 (Windows NT 10.0; WOW64; rv:53.0) Gecko/20100101 Firefox/53.0"
91.114.247.177 - - [03/May/2017:12:27:07 +0200] "GET /framework/webfx/javascript/tinymce/skins/lightgray/content.min.css HTTP/1.1" 404 327 "http://ed.activities.at/entry.php?id=11684" "Mozilla/5.0 (Windows NT 10.0; WOW64; rv:53.0) Gecko/20100101 Firefox/53.0"
83.65.142.74 - - [03/May/2017:12:27:09 +0200] "GET /entry.php?id=10271&&ser=807168 HTTP/1.1" 200 987 "http://easydrivers.activities.at/entry.php?id=10271&&ser=807106" "Mozilla/5.0 (Windows NT 10.0; Trident/7.0; rv:11.0) like Gecko"
83.65.142.74 - - [03/May/2017:12:27:09 +0200] "GET /gui/javascript/form_form.js?1493807229 HTTP/1.1" 200 16206 "http://easydrivers.activities.at/entry.php?id=10271&&ser=807168" "Mozilla/5.0 (Windows NT 10.0; Trident/7.0; rv:11.0) like Gecko"
91.114.247.177 - - [03/May/2017:12:27:16 +0200] "POST /entry.php?id=11677 HTTP/1.1" 200 5234 "http://ed.activities.at/entry.php?id=11677" "Mozilla/5.0 (Windows NT 10.0; WOW64; rv:53.0) Gecko/20100101 Firefox/53.0"
91.114.247.177 - - [03/May/2017:12:27:16 +0200] "GET /gui/javascript/form_form.js?1493807236 HTTP/1.1" 200 16206 "http://ed.activities.at/entry.php?id=11677" "Mozilla/5.0 (Windows NT 10.0; WOW64; rv:53.0) Gecko/20100101 Firefox/53.0"
91.114.247.177 - - [03/May/2017:12:27:22 +0200] "GET /entry.php?id=11681&chooserview=editnewmenueitem&hidetitle=true&object=10288604 HTTP/1.1" 200 348 "http://ed.activities.at/entry.php?id=11412" "Mozilla/5.0 (Windows NT 10.0; WOW64; rv:53.0) Gecko/20100101 Firefox/53.0"
91.114.247.177 - - [03/May/2017:12:27:22 +0200] "GET /entry.php?id=11683&chooserview=editnewmenueitem&object=10288604& HTTP/1.1" 200 2682 "http://ed.activities.at/entry.php?id=11681&chooserview=editnewmenueitem&hidetitle=true&object=10288604" "Mozilla/5.0 (Windows NT 10.0; WOW64; rv:53.0) Gecko/20100101 Firefox/53.0"
91.114.247.177 - - [03/May/2017:12:27:22 +0200] "GET /gui/javascript/form_form.js?1493807242 HTTP/1.1" 200 16206 "http://ed.activities.at/entry.php?id=11683&chooserview=editnewmenueitem&object=10288604&" "Mozilla/5.0 (Windows NT 10.0; WOW64; rv:53.0) Gecko/20100101 Firefox/53.0"
91.114.247.177 - - [03/May/2017:12:27:22 +0200] "GET /entry.php?id=11684&chooserview=editnewmenueitem&object=10288604& HTTP/1.1" 200 3993 "http://ed.activities.at/entry.php?id=11681&chooserview=editnewmenueitem&hidetitle=true&object=10288604" "Mozilla/5.0 (Windows NT 10.0; WOW64; rv:53.0) Gecko/20100101 Firefox/53.0"
91.114.247.177 - - [03/May/2017:12:27:23 +0200] "GET /entry.php?id=10776&form=11508&name=list& HTTP/1.1" 200 1808 "http://ed.activities.at/entry.php?id=11683&chooserview=editnewmenueitem&object=10288604&" "Mozilla/5.0 (Windows NT 10.0; WOW64; rv:53.0) Gecko/20100101 Firefox/53.0"
91.114.247.177 - - [03/May/2017:12:27:23 +0200] "GET /entry.php?id=10778&form=11508&name=list& HTTP/1.1" 200 5270 "http://ed.activities.at/entry.php?id=11683&chooserview=editnewmenueitem&object=10288604&" "Mozilla/5.0 (Windows NT 10.0; WOW64; rv:53.0) Gecko/20100101 Firefox/53.0"
91.114.247.177 - - [03/May/2017:12:27:25 +0200] "POST /entry.php?id=11684 HTTP/1.1" 200 4191 "http://ed.activities.at/entry.php?id=11684&chooserview=editnewmenueitem&object=10288604&" "Mozilla/5.0 (Windows NT 10.0; WOW64; rv:53.0) Gecko/20100101 Firefox/53.0"
91.114.247.177 - - [03/May/2017:12:27:26 +0200] "GET /gui/javascript/form_form.js?1493807246 HTTP/1.1" 200 16206 "http://ed.activities.at/entry.php?id=11684" "Mozilla/5.0 (Windows NT 10.0; WOW64; rv:53.0) Gecko/20100101 Firefox/53.0"
91.114.247.177 - - [03/May/2017:12:27:27 +0200] "GET /framework/webfx/javascript/tinymce/skins/lightgray/content.min.css HTTP/1.1" 404 327 "http://ed.activities.at/entry.php?id=11684" "Mozilla/5.0 (Windows NT 10.0; WOW64; rv:53.0) Gecko/20100101 Firefox/53.0"
91.114.247.177 - - [03/May/2017:12:27:36 +0200] "POST /entry.php?id=11677 HTTP/1.1" 200 5113 "http://ed.activities.at/entry.php?id=11677" "Mozilla/5.0 (Windows NT 10.0; WOW64; rv:53.0) Gecko/20100101 Firefox/53.0"
91.114.247.177 - - [03/May/2017:12:27:37 +0200] "GET /gui/javascript/form_form.js?1493807257 HTTP/1.1" 200 16206 "http://ed.activities.at/entry.php?id=11677" "Mozilla/5.0 (Windows NT 10.0; WOW64; rv:53.0) Gecko/20100101 Firefox/53.0"
83.65.142.74 - - [03/May/2017:12:27:37 +0200] "POST /entry.php?id=11684 HTTP/1.1" 200 3088 "http://easydrivers.activities.at/entry.php?id=11684" "Mozilla/5.0 (Windows NT 10.0; Trident/7.0; rv:11.0) like Gecko"
83.65.142.74 - - [03/May/2017:12:27:38 +0200] "GET /gui/javascript/form_form.js?1493807258 HTTP/1.1" 200 16206 "http://easydrivers.activities.at/entry.php?id=11684" "Mozilla/5.0 (Windows NT 10.0; Trident/7.0; rv:11.0) like Gecko"
83.65.142.74 - - [03/May/2017:12:27:39 +0200] "GET /entry.php?id=10778&form=11506&name=binarie_list& HTTP/1.1" 200 2867 "http://easydrivers.activities.at/entry.php?id=11684" "Mozilla/5.0 (Windows NT 10.0; Trident/7.0; rv:11.0) like Gecko"
83.65.142.74 - - [03/May/2017:12:27:39 +0200] "GET /entry.php?id=10776&form=11506&name=binarie_list& HTTP/1.1" 200 1521 "http://easydrivers.activities.at/entry.php?id=11684" "Mozilla/5.0 (Windows NT 10.0; Trident/7.0; rv:11.0) like Gecko"
91.114.247.177 - - [03/May/2017:12:27:41 +0200] "GET /entry.php?id=11681&chooserview=editnewmenueitem&hidetitle=true&object=10288643 HTTP/1.1" 200 348 "http://ed.activities.at/entry.php?id=11412" "Mozilla/5.0 (Windows NT 10.0; WOW64; rv:53.0) Gecko/20100101 Firefox/53.0"
91.114.247.177 - - [03/May/2017:12:27:42 +0200] "GET /entry.php?id=11683&chooserview=editnewmenueitem&object=10288643& HTTP/1.1" 200 2681 "http://ed.activities.at/entry.php?id=11681&chooserview=editnewmenueitem&hidetitle=true&object=10288643" "Mozilla/5.0 (Windows NT 10.0; WOW64; rv:53.0) Gecko/20100101 Firefox/53.0"
91.114.247.177 - - [03/May/2017:12:27:42 +0200] "GET /gui/javascript/form_form.js?1493807262 HTTP/1.1" 200 16206 "http://ed.activities.at/entry.php?id=11683&chooserview=editnewmenueitem&object=10288643&" "Mozilla/5.0 (Windows NT 10.0; WOW64; rv:53.0) Gecko/20100101 Firefox/53.0"
91.114.247.177 - - [03/May/2017:12:27:42 +0200] "GET /entry.php?id=11684&chooserview=editnewmenueitem&object=10288643& HTTP/1.1" 200 3953 "http://ed.activities.at/entry.php?id=11681&chooserview=editnewmenueitem&hidetitle=true&object=10288643" "Mozilla/5.0 (Windows NT 10.0; WOW64; rv:53.0) Gecko/20100101 Firefox/53.0"
91.114.247.177 - - [03/May/2017:12:27:42 +0200] "GET /entry.php?id=10776&form=11508&name=list& HTTP/1.1" 200 1808 "http://ed.activities.at/entry.php?id=11683&chooserview=editnewmenueitem&object=10288643&" "Mozilla/5.0 (Windows NT 10.0; WOW64; rv:53.0) Gecko/20100101 Firefox/53.0"
91.114.247.177 - - [03/May/2017:12:27:42 +0200] "GET /entry.php?id=10778&form=11508&name=list& HTTP/1.1" 200 5270 "http://ed.activities.at/entry.php?id=11683&chooserview=editnewmenueitem&object=10288643&" "Mozilla/5.0 (Windows NT 10.0; WOW64; rv:53.0) Gecko/20100101 Firefox/53.0"
91.114.247.177 - - [03/May/2017:12:27:44 +0200] "POST /entry.php?id=11684 HTTP/1.1" 200 3429 "http://ed.activities.at/entry.php?id=11684&chooserview=editnewmenueitem&object=10288643&" "Mozilla/5.0 (Windows NT 10.0; WOW64; rv:53.0) Gecko/20100101 Firefox/53.0"
91.114.247.177 - - [03/May/2017:12:27:45 +0200] "GET /gui/javascript/form_form.js?1493807265 HTTP/1.1" 200 16206 "http://ed.activities.at/entry.php?id=11684" "Mozilla/5.0 (Windows NT 10.0; WOW64; rv:53.0) Gecko/20100101 Firefox/53.0"
91.114.247.177 - - [03/May/2017:12:27:45 +0200] "GET /framework/webfx/javascript/tinymce/skins/lightgray/content.min.css HTTP/1.1" 404 327 "http://ed.activities.at/entry.php?id=11684" "Mozilla/5.0 (Windows NT 10.0; WOW64; rv:53.0) Gecko/20100101 Firefox/53.0"
83.65.142.74 - - [03/May/2017:12:27:45 +0200] "POST /entry.php?id=11684 HTTP/1.1" 200 3446 "http://easydrivers.activities.at/entry.php?id=11684" "Mozilla/5.0 (Windows NT 10.0; Trident/7.0; rv:11.0) like Gecko"
83.65.142.74 - - [03/May/2017:12:27:46 +0200] "GET /gui/javascript/form_form.js?1493807266 HTTP/1.1" 200 16206 "http://easydrivers.activities.at/entry.php?id=11684" "Mozilla/5.0 (Windows NT 10.0; Trident/7.0; rv:11.0) like Gecko"
83.65.142.74 - - [03/May/2017:12:27:47 +0200] "GET /entry.php?id=10776&form=11506&name=binarie_list& HTTP/1.1" 200 1529 "http://easydrivers.activities.at/entry.php?id=11684" "Mozilla/5.0 (Windows NT 10.0; Trident/7.0; rv:11.0) like Gecko"
83.65.142.74 - - [03/May/2017:12:27:47 +0200] "GET /entry.php?id=10778&form=11506&name=binarie_list& HTTP/1.1" 200 2495 "http://easydrivers.activities.at/entry.php?id=11684" "Mozilla/5.0 (Windows NT 10.0; Trident/7.0; rv:11.0) like Gecko"
91.114.247.177 - - [03/May/2017:12:27:53 +0200] "GET /entry.php?id=10271&&ser=807212 HTTP/1.1" 200 987 "http://ed.activities.at/entry.php?id=10271&&ser=807152" "Mozilla/5.0 (Windows NT 10.0; WOW64; rv:53.0) Gecko/20100101 Firefox/53.0"
91.114.247.177 - - [03/May/2017:12:27:53 +0200] "GET /gui/javascript/form_form.js?1493807273 HTTP/1.1" 200 16206 "http://ed.activities.at/entry.php?id=10271&&ser=807212" "Mozilla/5.0 (Windows NT 10.0; WOW64; rv:53.0) Gecko/20100101 Firefox/53.0"
83.65.142.74 - - [03/May/2017:12:27:55 +0200] "GET /entry.php?id=10711&object=10289206&chooserview=contetbinaries&view=contetbinaries HTTP/1.1" 200 1725 "-" "Mozilla/5.0 (Windows NT 10.0; Trident/7.0; rv:11.0) like Gecko"
83.65.142.74 - - [03/May/2017:12:27:55 +0200] "GET /gui/javascript/form_form.js?1493807275 HTTP/1.1" 200 16206 "http://easydrivers.activities.at/entry.php?id=10711&object=10289206&chooserview=contetbinaries&view=contetbinaries" "Mozilla/5.0 (Windows NT 10.0; Trident/7.0; rv:11.0) like Gecko"
212.108.43.59 - - [03/May/2017:12:27:55 +0200] "GET /entry.php?id=10271&&ser=807214 HTTP/1.1" 200 987 "http://ed.activities.at/entry.php?id=10271&&ser=807153" "Mozilla/5.0 (Windows NT 10.0; Win64; x64) AppleWebKit/537.36 (KHTML, like Gecko) Chrome/57.0.2987.133 Safari/537.36"
212.108.43.59 - - [03/May/2017:12:27:55 +0200] "GET /gui/javascript/form_form.js?1493807275 HTTP/1.1" 200 16206 "http://ed.activities.at/entry.php?id=10271&&ser=807214" "Mozilla/5.0 (Windows NT 10.0; Win64; x64) AppleWebKit/537.36 (KHTML, like Gecko) Chrome/57.0.2987.133 Safari/537.36"
83.65.142.74 - - [03/May/2017:12:27:56 +0200] "GET /entry.php?id=10676&title=Ressourcenverwaltung HTTP/1.1" 200 1396 "http://easydrivers.activities.at/entry.php?id=10711&object=10289206&chooserview=contetbinaries&view=contetbinaries" "Mozilla/5.0 (Windows NT 10.0; Trident/7.0; rv:11.0) like Gecko"
83.65.142.74 - - [03/May/2017:12:27:56 +0200] "GET /gui/javascript/form_form.js?1493807276 HTTP/1.1" 200 16206 "http://easydrivers.activities.at/entry.php?id=10676&title=Ressourcenverwaltung" "Mozilla/5.0 (Windows NT 10.0; Trident/7.0; rv:11.0) like Gecko"
83.65.142.74 - - [03/May/2017:12:27:56 +0200] "GET /entry.php?id=10703&&but=&object=10289206&class=&tag=&value=&chooserview=contetbinaries&function=&setlist=&t_width=&t_height=&view=contetbinaries HTTP/1.1" 200 2541 "http://easydrivers.activities.at/entry.php?id=10711&object=10289206&chooserview=contetbinaries&view=contetbinaries" "Mozilla/5.0 (Windows NT 10.0; Trident/7.0; rv:11.0) like Gecko"
83.65.142.74 - - [03/May/2017:12:27:56 +0200] "GET /entry.php?id=10704&&but=&object=10289206&class=&tag=&value=&chooserview=contetbinaries&function=&setlist=&t_width=&t_height=&view=contetbinaries HTTP/1.1" 200 3006 "http://easydrivers.activities.at/entry.php?id=10711&object=10289206&chooserview=contetbinaries&view=contetbinaries" "Mozilla/5.0 (Windows NT 10.0; Trident/7.0; rv:11.0) like Gecko"
83.65.142.74 - - [03/May/2017:12:27:57 +0200] "GET /entry.php?id=10778&form=10547&name=list& HTTP/1.1" 200 3149 "http://easydrivers.activities.at/entry.php?id=10703&&but=&object=10289206&class=&tag=&value=&chooserview=contetbinaries&function=&setlist=&t_width=&t_height=&view=contetbinaries" "Mozilla/5.0 (Windows NT 10.0; Trident/7.0; rv:11.0) like Gecko"
83.65.142.74 - - [03/May/2017:12:27:57 +0200] "GET /entry.php?id=10776&form=10547&name=list& HTTP/1.1" 200 1290 "http://easydrivers.activities.at/entry.php?id=10703&&but=&object=10289206&class=&tag=&value=&chooserview=contetbinaries&function=&setlist=&t_width=&t_height=&view=contetbinaries" "Mozilla/5.0 (Windows NT 10.0; Trident/7.0; rv:11.0) like Gecko"
83.65.142.74 - - [03/May/2017:12:27:59 +0200] "GET /entry.php?id=10778&form=10549&name=list& HTTP/1.1" 200 4101 "http://easydrivers.activities.at/entry.php?id=10704&&but=&object=10289206&class=&tag=&value=&chooserview=contetbinaries&function=&setlist=&t_width=&t_height=&view=contetbinaries" "Mozilla/5.0 (Windows NT 10.0; Trident/7.0; rv:11.0) like Gecko"
83.65.142.74 - - [03/May/2017:12:27:59 +0200] "GET /entry.php?id=10776&form=10549&name=list& HTTP/1.1" 200 1701 "http://easydrivers.activities.at/entry.php?id=10704&&but=&object=10289206&class=&tag=&value=&chooserview=contetbinaries&function=&setlist=&t_width=&t_height=&view=contetbinaries" "Mozilla/5.0 (Windows NT 10.0; Trident/7.0; rv:11.0) like Gecko"
83.65.142.74 - - [03/May/2017:12:28:10 +0200] "GET /entry.php?id=10271&&ser=807229 HTTP/1.1" 200 987 "http://easydrivers.activities.at/entry.php?id=10271&&ser=807168" "Mozilla/5.0 (Windows NT 10.0; Trident/7.0; rv:11.0) like Gecko"
83.65.142.74 - - [03/May/2017:12:28:10 +0200] "GET /gui/javascript/form_form.js?1493807290 HTTP/1.1" 200 16206 "http://easydrivers.activities.at/entry.php?id=10271&&ser=807229" "Mozilla/5.0 (Windows NT 10.0; Trident/7.0; rv:11.0) like Gecko"
83.65.142.74 - - [03/May/2017:12:28:28 +0200] "GET /entry.php?id=11687&uploadmode=list&object=false&mode=list&mime=10015787&listview=list HTTP/1.1" 200 2396 "http://easydrivers.activities.at/entry.php?id=10711&object=10289206&chooserview=contetbinaries&view=contetbinaries" "Mozilla/5.0 (Windows NT 10.0; Trident/7.0; rv:11.0) like Gecko"
83.65.142.74 - - [03/May/2017:12:28:28 +0200] "GET /gui/javascript/form_form.js?1493807308 HTTP/1.1" 200 16206 "http://easydrivers.activities.at/entry.php?id=11687&uploadmode=list&object=false&mode=list&mime=10015787&listview=list" "Mozilla/5.0 (Windows NT 10.0; Trident/7.0; rv:11.0) like Gecko"
83.65.142.74 - - [03/May/2017:12:28:37 +0200] "POST /entry.php?id=11687&ajaxaction=binary HTTP/1.1" 200 2396 "http://easydrivers.activities.at/entry.php?id=11687&uploadmode=list&object=false&mode=list&mime=10015787&listview=list" "Mozilla/5.0 (Windows NT 10.0; Trident/7.0; rv:11.0) like Gecko"
83.65.142.74 - - [03/May/2017:12:28:40 +0200] "POST /entry.php?id=11687&ajaxaction=binary HTTP/1.1" 200 2396 "http://easydrivers.activities.at/entry.php?id=11687&uploadmode=list&object=false&mode=list&mime=10015787&listview=list" "Mozilla/5.0 (Windows NT 10.0; Trident/7.0; rv:11.0) like Gecko"
83.65.142.74 - - [03/May/2017:12:28:42 +0200] "POST /entry.php?id=11687&ajaxaction=binary HTTP/1.1" 200 294 "http://easydrivers.activities.at/entry.php?id=11687&uploadmode=list&object=false&mode=list&mime=10015787&listview=list" "Mozilla/5.0 (Windows NT 10.0; Trident/7.0; rv:11.0) like Gecko"
91.114.247.177 - - [03/May/2017:12:28:54 +0200] "GET /entry.php?id=10271&&ser=807273 HTTP/1.1" 200 988 "http://ed.activities.at/entry.php?id=10271&&ser=807212" "Mozilla/5.0 (Windows NT 10.0; WOW64; rv:53.0) Gecko/20100101 Firefox/53.0"
91.114.247.177 - - [03/May/2017:12:28:54 +0200] "GET /gui/javascript/form_form.js?1493807334 HTTP/1.1" 200 16206 "http://ed.activities.at/entry.php?id=10271&&ser=807273" "Mozilla/5.0 (Windows NT 10.0; WOW64; rv:53.0) Gecko/20100101 Firefox/53.0"
212.108.43.59 - - [03/May/2017:12:28:56 +0200] "GET /entry.php?id=10271&&ser=807275 HTTP/1.1" 200 988 "http://ed.activities.at/entry.php?id=10271&&ser=807214" "Mozilla/5.0 (Windows NT 10.0; Win64; x64) AppleWebKit/537.36 (KHTML, like Gecko) Chrome/57.0.2987.133 Safari/537.36"
212.108.43.59 - - [03/May/2017:12:28:56 +0200] "GET /gui/javascript/form_form.js?1493807336 HTTP/1.1" 200 16206 "http://ed.activities.at/entry.php?id=10271&&ser=807275" "Mozilla/5.0 (Windows NT 10.0; Win64; x64) AppleWebKit/537.36 (KHTML, like Gecko) Chrome/57.0.2987.133 Safari/537.36"
83.65.142.74 - - [03/May/2017:12:29:00 +0200] "POST /entry.php?id=10704&&but=&object=10289206&class=&tag=&value=&chooserview=contetbinaries&function=&setlist=&t_width=&t_height=&view=contetbinaries HTTP/1.1" 200 3027 "http://easydrivers.activities.at/entry.php?id=10778&form=10549&name=list&" "Mozilla/5.0 (Windows NT 10.0; Trident/7.0; rv:11.0) like Gecko"
83.65.142.74 - - [03/May/2017:12:29:00 +0200] "GET /gui/javascript/form_form.js?1493807340 HTTP/1.1" 200 16206 "http://easydrivers.activities.at/entry.php?id=10704&&but=&object=10289206&class=&tag=&value=&chooserview=contetbinaries&function=&setlist=&t_width=&t_height=&view=contetbinaries" "Mozilla/5.0 (Windows NT 10.0; Trident/7.0; rv:11.0) like Gecko"
83.65.142.74 - - [03/May/2017:12:29:01 +0200] "POST /entry.php?id=11684 HTTP/1.1" 200 3425 "http://easydrivers.activities.at/entry.php?id=11684" "Mozilla/5.0 (Windows NT 10.0; Trident/7.0; rv:11.0) like Gecko"
83.65.142.74 - - [03/May/2017:12:29:01 +0200] "GET /entry.php?id=10776&form=10549&name=list& HTTP/1.1" 200 1701 "http://easydrivers.activities.at/entry.php?id=10704&&but=&object=10289206&class=&tag=&value=&chooserview=contetbinaries&function=&setlist=&t_width=&t_height=&view=contetbinaries" "Mozilla/5.0 (Windows NT 10.0; Trident/7.0; rv:11.0) like Gecko"
83.65.142.74 - - [03/May/2017:12:29:02 +0200] "GET /gui/javascript/form_form.js?1493807342 HTTP/1.1" 200 16206 "http://easydrivers.activities.at/entry.php?id=11684" "Mozilla/5.0 (Windows NT 10.0; Trident/7.0; rv:11.0) like Gecko"
83.65.142.74 - - [03/May/2017:12:29:01 +0200] "GET /entry.php?id=10778&form=10549&name=list& HTTP/1.1" 200 4219 "http://easydrivers.activities.at/entry.php?id=10704&&but=&object=10289206&class=&tag=&value=&chooserview=contetbinaries&function=&setlist=&t_width=&t_height=&view=contetbinaries" "Mozilla/5.0 (Windows NT 10.0; Trident/7.0; rv:11.0) like Gecko"
83.65.142.74 - - [03/May/2017:12:29:03 +0200] "GET /entry.php?id=10776&form=11506&name=binarie_list& HTTP/1.1" 200 1521 "http://easydrivers.activities.at/entry.php?id=11684" "Mozilla/5.0 (Windows NT 10.0; Trident/7.0; rv:11.0) like Gecko"
83.65.142.74 - - [03/May/2017:12:29:03 +0200] "GET /entry.php?id=10778&form=11506&name=binarie_list& HTTP/1.1" 200 2849 "http://easydrivers.activities.at/entry.php?id=11684" "Mozilla/5.0 (Windows NT 10.0; Trident/7.0; rv:11.0) like Gecko"
83.65.142.74 - - [03/May/2017:12:29:11 +0200] "GET /entry.php?id=10271&&ser=807290 HTTP/1.1" 200 986 "http://easydrivers.activities.at/entry.php?id=10271&&ser=807229" "Mozilla/5.0 (Windows NT 10.0; Trident/7.0; rv:11.0) like Gecko"
83.65.142.74 - - [03/May/2017:12:29:11 +0200] "GET /gui/javascript/form_form.js?1493807351 HTTP/1.1" 200 16206 "http://easydrivers.activities.at/entry.php?id=10271&&ser=807290" "Mozilla/5.0 (Windows NT 10.0; Trident/7.0; rv:11.0) like Gecko"
83.65.142.74 - - [03/May/2017:12:29:14 +0200] "POST /entry.php?id=11684 HTTP/1.1" 200 3962 "http://easydrivers.activities.at/entry.php?id=11684" "Mozilla/5.0 (Windows NT 10.0; Trident/7.0; rv:11.0) like Gecko"
