91.114.247.177 - - [03/May/2017:11:39:28 +0200] "GET /gui/javascript/form_form.js?1493804368 HTTP/1.1" 200 16206 "http://ed.activities.at/entry.php?id=11677" "Mozilla/5.0 (Windows NT 10.0; WOW64; rv:53.0) Gecko/20100101 Firefox/53.0"
91.114.247.177 - - [03/May/2017:11:39:32 +0200] "GET /entry.php?id=11681&chooserview=editnewmenueitem&hidetitle=true&object=10288595 HTTP/1.1" 200 349 "http://ed.activities.at/entry.php?id=11412" "Mozilla/5.0 (Windows NT 10.0; WOW64; rv:53.0) Gecko/20100101 Firefox/53.0"
91.114.247.177 - - [03/May/2017:11:39:33 +0200] "GET /entry.php?id=11683&chooserview=editnewmenueitem&object=10288595& HTTP/1.1" 200 2681 "http://ed.activities.at/entry.php?id=11681&chooserview=editnewmenueitem&hidetitle=true&object=10288595" "Mozilla/5.0 (Windows NT 10.0; WOW64; rv:53.0) Gecko/20100101 Firefox/53.0"
91.114.247.177 - - [03/May/2017:11:39:33 +0200] "GET /gui/javascript/form_form.js?1493804373 HTTP/1.1" 200 16206 "http://ed.activities.at/entry.php?id=11683&chooserview=editnewmenueitem&object=10288595&" "Mozilla/5.0 (Windows NT 10.0; WOW64; rv:53.0) Gecko/20100101 Firefox/53.0"
91.114.247.177 - - [03/May/2017:11:39:33 +0200] "GET /entry.php?id=11684&chooserview=editnewmenueitem&object=10288595& HTTP/1.1" 200 3971 "http://ed.activities.at/entry.php?id=11681&chooserview=editnewmenueitem&hidetitle=true&object=10288595" "Mozilla/5.0 (Windows NT 10.0; WOW64; rv:53.0) Gecko/20100101 Firefox/53.0"
91.114.247.177 - - [03/May/2017:11:39:33 +0200] "GET /entry.php?id=10776&form=11508&name=list& HTTP/1.1" 200 1808 "http://ed.activities.at/entry.php?id=11683&chooserview=editnewmenueitem&object=10288595&" "Mozilla/5.0 (Windows NT 10.0; WOW64; rv:53.0) Gecko/20100101 Firefox/53.0"
91.114.247.177 - - [03/May/2017:11:39:33 +0200] "GET /entry.php?id=10778&form=11508&name=list& HTTP/1.1" 200 5254 "http://ed.activities.at/entry.php?id=11683&chooserview=editnewmenueitem&object=10288595&" "Mozilla/5.0 (Windows NT 10.0; WOW64; rv:53.0) Gecko/20100101 Firefox/53.0"
91.114.247.177 - - [03/May/2017:11:39:46 +0200] "POST /entry.php?id=11684 HTTP/1.1" 200 3785 "http://ed.activities.at/entry.php?id=11684&chooserview=editnewmenueitem&object=10288595&" "Mozilla/5.0 (Windows NT 10.0; WOW64; rv:53.0) Gecko/20100101 Firefox/53.0"
91.114.247.177 - - [03/May/2017:11:39:47 +0200] "GET /gui/javascript/form_form.js?1493804387 HTTP/1.1" 200 16206 "http://ed.activities.at/entry.php?id=11684" "Mozilla/5.0 (Windows NT 10.0; WOW64; rv:53.0) Gecko/20100101 Firefox/53.0"
91.114.247.177 - - [03/May/2017:11:39:47 +0200] "GET /framework/webfx/javascript/tinymce/skins/lightgray/content.min.css HTTP/1.1" 404 327 "http://ed.activities.at/entry.php?id=11684" "Mozilla/5.0 (Windows NT 10.0; WOW64; rv:53.0) Gecko/20100101 Firefox/53.0"
83.65.142.74 - - [03/May/2017:11:40:03 +0200] "GET /entry.php?id=10271&&ser=804342 HTTP/1.1" 200 987 "http://easydrivers.activities.at/entry.php?id=10271&&ser=804281" "Mozilla/5.0 (Windows NT 10.0; Trident/7.0; rv:11.0) like Gecko"
83.65.142.74 - - [03/May/2017:11:40:04 +0200] "GET /gui/javascript/form_form.js?1493804403 HTTP/1.1" 200 16206 "http://easydrivers.activities.at/entry.php?id=10271&&ser=804342" "Mozilla/5.0 (Windows NT 10.0; Trident/7.0; rv:11.0) like Gecko"
212.108.43.59 - - [03/May/2017:11:40:08 +0200] "GET /entry.php?id=10271&&ser=804347 HTTP/1.1" 200 987 "http://ed.activities.at/entry.php?id=10271&&ser=804286" "Mozilla/5.0 (Windows NT 10.0; Win64; x64) AppleWebKit/537.36 (KHTML, like Gecko) Chrome/57.0.2987.133 Safari/537.36"
212.108.43.59 - - [03/May/2017:11:40:08 +0200] "GET /gui/javascript/form_form.js?1493804408 HTTP/1.1" 200 16206 "http://ed.activities.at/entry.php?id=10271&&ser=804347" "Mozilla/5.0 (Windows NT 10.0; Win64; x64) AppleWebKit/537.36 (KHTML, like Gecko) Chrome/57.0.2987.133 Safari/537.36"
91.114.247.177 - - [03/May/2017:11:40:13 +0200] "GET /entry.php?id=10271&&ser=804353 HTTP/1.1" 200 986 "http://ed.activities.at/entry.php?id=10271&&ser=804292" "Mozilla/5.0 (Windows NT 10.0; WOW64; rv:53.0) Gecko/20100101 Firefox/53.0"
91.114.247.177 - - [03/May/2017:11:40:14 +0200] "GET /gui/javascript/form_form.js?1493804414 HTTP/1.1" 200 16206 "http://ed.activities.at/entry.php?id=10271&&ser=804353" "Mozilla/5.0 (Windows NT 10.0; WOW64; rv:53.0) Gecko/20100101 Firefox/53.0"
83.65.142.74 - - [03/May/2017:11:41:04 +0200] "GET /entry.php?id=10271&&ser=804403 HTTP/1.1" 200 987 "http://easydrivers.activities.at/entry.php?id=10271&&ser=804342" "Mozilla/5.0 (Windows NT 10.0; Trident/7.0; rv:11.0) like Gecko"
83.65.142.74 - - [03/May/2017:11:41:05 +0200] "GET /gui/javascript/form_form.js?1493804465 HTTP/1.1" 200 16206 "http://easydrivers.activities.at/entry.php?id=10271&&ser=804403" "Mozilla/5.0 (Windows NT 10.0; Trident/7.0; rv:11.0) like Gecko"
212.108.43.59 - - [03/May/2017:11:41:09 +0200] "GET /entry.php?id=10271&&ser=804408 HTTP/1.1" 200 987 "http://ed.activities.at/entry.php?id=10271&&ser=804347" "Mozilla/5.0 (Windows NT 10.0; Win64; x64) AppleWebKit/537.36 (KHTML, like Gecko) Chrome/57.0.2987.133 Safari/537.36"
212.108.43.59 - - [03/May/2017:11:41:09 +0200] "GET /gui/javascript/form_form.js?1493804469 HTTP/1.1" 200 16206 "http://ed.activities.at/entry.php?id=10271&&ser=804408" "Mozilla/5.0 (Windows NT 10.0; Win64; x64) AppleWebKit/537.36 (KHTML, like Gecko) Chrome/57.0.2987.133 Safari/537.36"
91.114.247.177 - - [03/May/2017:11:41:14 +0200] "GET /entry.php?id=10271&&ser=804414 HTTP/1.1" 200 986 "http://ed.activities.at/entry.php?id=10271&&ser=804353" "Mozilla/5.0 (Windows NT 10.0; WOW64; rv:53.0) Gecko/20100101 Firefox/53.0"
91.114.247.177 - - [03/May/2017:11:41:14 +0200] "GET /gui/javascript/form_form.js?1493804474 HTTP/1.1" 200 16206 "http://ed.activities.at/entry.php?id=10271&&ser=804414" "Mozilla/5.0 (Windows NT 10.0; WOW64; rv:53.0) Gecko/20100101 Firefox/53.0"
83.65.142.74 - - [03/May/2017:11:42:06 +0200] "GET /entry.php?id=10271&&ser=804465 HTTP/1.1" 200 987 "http://easydrivers.activities.at/entry.php?id=10271&&ser=804403" "Mozilla/5.0 (Windows NT 10.0; Trident/7.0; rv:11.0) like Gecko"
83.65.142.74 - - [03/May/2017:11:42:06 +0200] "GET /gui/javascript/form_form.js?1493804526 HTTP/1.1" 200 16206 "http://easydrivers.activities.at/entry.php?id=10271&&ser=804465" "Mozilla/5.0 (Windows NT 10.0; Trident/7.0; rv:11.0) like Gecko"
212.108.43.59 - - [03/May/2017:11:42:10 +0200] "GET /entry.php?id=10271&&ser=804469 HTTP/1.1" 200 987 "http://ed.activities.at/entry.php?id=10271&&ser=804408" "Mozilla/5.0 (Windows NT 10.0; Win64; x64) AppleWebKit/537.36 (KHTML, like Gecko) Chrome/57.0.2987.133 Safari/537.36"
212.108.43.59 - - [03/May/2017:11:42:10 +0200] "GET /gui/javascript/form_form.js?1493804530 HTTP/1.1" 200 16206 "http://ed.activities.at/entry.php?id=10271&&ser=804469" "Mozilla/5.0 (Windows NT 10.0; Win64; x64) AppleWebKit/537.36 (KHTML, like Gecko) Chrome/57.0.2987.133 Safari/537.36"
91.114.247.177 - - [03/May/2017:11:42:15 +0200] "GET /entry.php?id=10271&&ser=804474 HTTP/1.1" 200 987 "http://ed.activities.at/entry.php?id=10271&&ser=804414" "Mozilla/5.0 (Windows NT 10.0; WOW64; rv:53.0) Gecko/20100101 Firefox/53.0"
91.114.247.177 - - [03/May/2017:11:42:15 +0200] "GET /gui/javascript/form_form.js?1493804535 HTTP/1.1" 200 16206 "http://ed.activities.at/entry.php?id=10271&&ser=804474" "Mozilla/5.0 (Windows NT 10.0; WOW64; rv:53.0) Gecko/20100101 Firefox/53.0"
83.65.142.74 - - [03/May/2017:11:43:07 +0200] "GET /entry.php?id=10271&&ser=804526 HTTP/1.1" 200 987 "http://easydrivers.activities.at/entry.php?id=10271&&ser=804465" "Mozilla/5.0 (Windows NT 10.0; Trident/7.0; rv:11.0) like Gecko"
83.65.142.74 - - [03/May/2017:11:43:07 +0200] "GET /gui/javascript/form_form.js?1493804587 HTTP/1.1" 200 16206 "http://easydrivers.activities.at/entry.php?id=10271&&ser=804526" "Mozilla/5.0 (Windows NT 10.0; Trident/7.0; rv:11.0) like Gecko"
212.108.43.59 - - [03/May/2017:11:43:11 +0200] "GET /entry.php?id=10271&&ser=804530 HTTP/1.1" 200 986 "http://ed.activities.at/entry.php?id=10271&&ser=804469" "Mozilla/5.0 (Windows NT 10.0; Win64; x64) AppleWebKit/537.36 (KHTML, like Gecko) Chrome/57.0.2987.133 Safari/537.36"
212.108.43.59 - - [03/May/2017:11:43:11 +0200] "GET /gui/javascript/form_form.js?1493804591 HTTP/1.1" 200 16206 "http://ed.activities.at/entry.php?id=10271&&ser=804530" "Mozilla/5.0 (Windows NT 10.0; Win64; x64) AppleWebKit/537.36 (KHTML, like Gecko) Chrome/57.0.2987.133 Safari/537.36"
91.114.247.177 - - [03/May/2017:11:43:16 +0200] "GET /entry.php?id=10271&&ser=804535 HTTP/1.1" 200 987 "http://ed.activities.at/entry.php?id=10271&&ser=804474" "Mozilla/5.0 (Windows NT 10.0; WOW64; rv:53.0) Gecko/20100101 Firefox/53.0"
91.114.247.177 - - [03/May/2017:11:43:16 +0200] "GET /gui/javascript/form_form.js?1493804596 HTTP/1.1" 200 16206 "http://ed.activities.at/entry.php?id=10271&&ser=804535" "Mozilla/5.0 (Windows NT 10.0; WOW64; rv:53.0) Gecko/20100101 Firefox/53.0"
83.65.142.74 - - [03/May/2017:11:44:08 +0200] "GET /entry.php?id=10271&&ser=804587 HTTP/1.1" 200 987 "http://easydrivers.activities.at/entry.php?id=10271&&ser=804526" "Mozilla/5.0 (Windows NT 10.0; Trident/7.0; rv:11.0) like Gecko"
83.65.142.74 - - [03/May/2017:11:44:08 +0200] "GET /gui/javascript/form_form.js?1493804648 HTTP/1.1" 200 16206 "http://easydrivers.activities.at/entry.php?id=10271&&ser=804587" "Mozilla/5.0 (Windows NT 10.0; Trident/7.0; rv:11.0) like Gecko"
212.108.43.59 - - [03/May/2017:11:44:12 +0200] "GET /entry.php?id=10271&&ser=804591 HTTP/1.1" 200 987 "http://ed.activities.at/entry.php?id=10271&&ser=804530" "Mozilla/5.0 (Windows NT 10.0; Win64; x64) AppleWebKit/537.36 (KHTML, like Gecko) Chrome/57.0.2987.133 Safari/537.36"
212.108.43.59 - - [03/May/2017:11:44:12 +0200] "GET /gui/javascript/form_form.js?1493804652 HTTP/1.1" 200 16206 "http://ed.activities.at/entry.php?id=10271&&ser=804591" "Mozilla/5.0 (Windows NT 10.0; Win64; x64) AppleWebKit/537.36 (KHTML, like Gecko) Chrome/57.0.2987.133 Safari/537.36"
91.114.247.177 - - [03/May/2017:11:44:16 +0200] "GET /entry.php?id=10271&&ser=804596 HTTP/1.1" 200 987 "http://ed.activities.at/entry.php?id=10271&&ser=804535" "Mozilla/5.0 (Windows NT 10.0; WOW64; rv:53.0) Gecko/20100101 Firefox/53.0"
91.114.247.177 - - [03/May/2017:11:44:16 +0200] "GET /gui/javascript/form_form.js?1493804656 HTTP/1.1" 200 16206 "http://ed.activities.at/entry.php?id=10271&&ser=804596" "Mozilla/5.0 (Windows NT 10.0; WOW64; rv:53.0) Gecko/20100101 Firefox/53.0"
83.65.142.74 - - [03/May/2017:11:45:09 +0200] "GET /entry.php?id=10271&&ser=804648 HTTP/1.1" 200 987 "http://easydrivers.activities.at/entry.php?id=10271&&ser=804587" "Mozilla/5.0 (Windows NT 10.0; Trident/7.0; rv:11.0) like Gecko"
83.65.142.74 - - [03/May/2017:11:45:09 +0200] "GET /gui/javascript/form_form.js?1493804709 HTTP/1.1" 200 16206 "http://easydrivers.activities.at/entry.php?id=10271&&ser=804648" "Mozilla/5.0 (Windows NT 10.0; Trident/7.0; rv:11.0) like Gecko"
212.108.43.59 - - [03/May/2017:11:45:13 +0200] "GET /entry.php?id=10271&&ser=804652 HTTP/1.1" 200 987 "http://ed.activities.at/entry.php?id=10271&&ser=804591" "Mozilla/5.0 (Windows NT 10.0; Win64; x64) AppleWebKit/537.36 (KHTML, like Gecko) Chrome/57.0.2987.133 Safari/537.36"
212.108.43.59 - - [03/May/2017:11:45:13 +0200] "GET /gui/javascript/form_form.js?1493804713 HTTP/1.1" 200 16206 "http://ed.activities.at/entry.php?id=10271&&ser=804652" "Mozilla/5.0 (Windows NT 10.0; Win64; x64) AppleWebKit/537.36 (KHTML, like Gecko) Chrome/57.0.2987.133 Safari/537.36"
91.114.247.177 - - [03/May/2017:11:45:17 +0200] "GET /entry.php?id=10271&&ser=804656 HTTP/1.1" 200 987 "http://ed.activities.at/entry.php?id=10271&&ser=804596" "Mozilla/5.0 (Windows NT 10.0; WOW64; rv:53.0) Gecko/20100101 Firefox/53.0"
91.114.247.177 - - [03/May/2017:11:45:17 +0200] "GET /gui/javascript/form_form.js?1493804717 HTTP/1.1" 200 16206 "http://ed.activities.at/entry.php?id=10271&&ser=804656" "Mozilla/5.0 (Windows NT 10.0; WOW64; rv:53.0) Gecko/20100101 Firefox/53.0"
83.65.142.74 - - [03/May/2017:11:46:10 +0200] "GET /entry.php?id=10271&&ser=804709 HTTP/1.1" 200 987 "http://easydrivers.activities.at/entry.php?id=10271&&ser=804648" "Mozilla/5.0 (Windows NT 10.0; Trident/7.0; rv:11.0) like Gecko"
83.65.142.74 - - [03/May/2017:11:46:10 +0200] "GET /gui/javascript/form_form.js?1493804770 HTTP/1.1" 200 16206 "http://easydrivers.activities.at/entry.php?id=10271&&ser=804709" "Mozilla/5.0 (Windows NT 10.0; Trident/7.0; rv:11.0) like Gecko"
212.108.43.59 - - [03/May/2017:11:46:14 +0200] "GET /entry.php?id=10271&&ser=804713 HTTP/1.1" 200 987 "http://ed.activities.at/entry.php?id=10271&&ser=804652" "Mozilla/5.0 (Windows NT 10.0; Win64; x64) AppleWebKit/537.36 (KHTML, like Gecko) Chrome/57.0.2987.133 Safari/537.36"
212.108.43.59 - - [03/May/2017:11:46:14 +0200] "GET /gui/javascript/form_form.js?1493804774 HTTP/1.1" 200 16206 "http://ed.activities.at/entry.php?id=10271&&ser=804713" "Mozilla/5.0 (Windows NT 10.0; Win64; x64) AppleWebKit/537.36 (KHTML, like Gecko) Chrome/57.0.2987.133 Safari/537.36"
91.114.247.177 - - [03/May/2017:11:46:17 +0200] "GET /entry.php?id=10271&&ser=804717 HTTP/1.1" 200 989 "http://ed.activities.at/entry.php?id=10271&&ser=804656" "Mozilla/5.0 (Windows NT 10.0; WOW64; rv:53.0) Gecko/20100101 Firefox/53.0"
91.114.247.177 - - [03/May/2017:11:46:18 +0200] "GET /gui/javascript/form_form.js?1493804778 HTTP/1.1" 200 16206 "http://ed.activities.at/entry.php?id=10271&&ser=804717" "Mozilla/5.0 (Windows NT 10.0; WOW64; rv:53.0) Gecko/20100101 Firefox/53.0"
91.114.247.177 - - [03/May/2017:11:46:18 +0200] "POST /entry.php?id=11684 HTTP/1.1" 200 4236 "http://ed.activities.at/entry.php?id=11684" "Mozilla/5.0 (Windows NT 10.0; WOW64; rv:53.0) Gecko/20100101 Firefox/53.0"
91.114.247.177 - - [03/May/2017:11:46:19 +0200] "GET /gui/javascript/form_form.js?1493804779 HTTP/1.1" 200 16206 "http://ed.activities.at/entry.php?id=11684" "Mozilla/5.0 (Windows NT 10.0; WOW64; rv:53.0) Gecko/20100101 Firefox/53.0"
91.114.247.177 - - [03/May/2017:11:46:19 +0200] "GET /framework/webfx/javascript/tinymce/skins/lightgray/content.min.css HTTP/1.1" 404 327 "http://ed.activities.at/entry.php?id=11684" "Mozilla/5.0 (Windows NT 10.0; WOW64; rv:53.0) Gecko/20100101 Firefox/53.0"
91.114.247.177 - - [03/May/2017:11:46:30 +0200] "POST /entry.php?id=11677 HTTP/1.1" 200 5125 "http://ed.activities.at/entry.php?id=11677" "Mozilla/5.0 (Windows NT 10.0; WOW64; rv:53.0) Gecko/20100101 Firefox/53.0"
91.114.247.177 - - [03/May/2017:11:46:30 +0200] "GET /gui/javascript/form_form.js?1493804790 HTTP/1.1" 200 16206 "http://ed.activities.at/entry.php?id=11677" "Mozilla/5.0 (Windows NT 10.0; WOW64; rv:53.0) Gecko/20100101 Firefox/53.0"
91.114.247.177 - - [03/May/2017:11:46:36 +0200] "GET /entry.php?id=11681&chooserview=editnewmenueitem&hidetitle=true&object=10288625 HTTP/1.1" 200 349 "http://ed.activities.at/entry.php?id=11412" "Mozilla/5.0 (Windows NT 10.0; WOW64; rv:53.0) Gecko/20100101 Firefox/53.0"
91.114.247.177 - - [03/May/2017:11:46:37 +0200] "GET /entry.php?id=11683&chooserview=editnewmenueitem&object=10288625& HTTP/1.1" 200 2681 "http://ed.activities.at/entry.php?id=11681&chooserview=editnewmenueitem&hidetitle=true&object=10288625" "Mozilla/5.0 (Windows NT 10.0; WOW64; rv:53.0) Gecko/20100101 Firefox/53.0"
91.114.247.177 - - [03/May/2017:11:46:37 +0200] "GET /gui/javascript/form_form.js?1493804797 HTTP/1.1" 200 16206 "http://ed.activities.at/entry.php?id=11683&chooserview=editnewmenueitem&object=10288625&" "Mozilla/5.0 (Windows NT 10.0; WOW64; rv:53.0) Gecko/20100101 Firefox/53.0"
91.114.247.177 - - [03/May/2017:11:46:37 +0200] "GET /entry.php?id=11684&chooserview=editnewmenueitem&object=10288625& HTTP/1.1" 200 3963 "http://ed.activities.at/entry.php?id=11681&chooserview=editnewmenueitem&hidetitle=true&object=10288625" "Mozilla/5.0 (Windows NT 10.0; WOW64; rv:53.0) Gecko/20100101 Firefox/53.0"
91.114.247.177 - - [03/May/2017:11:46:37 +0200] "GET /entry.php?id=10776&form=11508&name=list& HTTP/1.1" 200 1808 "http://ed.activities.at/entry.php?id=11683&chooserview=editnewmenueitem&object=10288625&" "Mozilla/5.0 (Windows NT 10.0; WOW64; rv:53.0) Gecko/20100101 Firefox/53.0"
91.114.247.177 - - [03/May/2017:11:46:37 +0200] "GET /entry.php?id=10778&form=11508&name=list& HTTP/1.1" 200 5255 "http://ed.activities.at/entry.php?id=11683&chooserview=editnewmenueitem&object=10288625&" "Mozilla/5.0 (Windows NT 10.0; WOW64; rv:53.0) Gecko/20100101 Firefox/53.0"
91.114.247.177 - - [03/May/2017:11:46:40 +0200] "POST /entry.php?id=11684 HTTP/1.1" 200 3428 "http://ed.activities.at/entry.php?id=11684&chooserview=editnewmenueitem&object=10288625&" "Mozilla/5.0 (Windows NT 10.0; WOW64; rv:53.0) Gecko/20100101 Firefox/53.0"
91.114.247.177 - - [03/May/2017:11:46:40 +0200] "GET /gui/javascript/form_form.js?1493804800 HTTP/1.1" 200 16206 "http://ed.activities.at/entry.php?id=11684" "Mozilla/5.0 (Windows NT 10.0; WOW64; rv:53.0) Gecko/20100101 Firefox/53.0"
91.114.247.177 - - [03/May/2017:11:46:41 +0200] "GET /framework/webfx/javascript/tinymce/skins/lightgray/content.min.css HTTP/1.1" 404 327 "http://ed.activities.at/entry.php?id=11684" "Mozilla/5.0 (Windows NT 10.0; WOW64; rv:53.0) Gecko/20100101 Firefox/53.0"
83.65.142.74 - - [03/May/2017:11:47:11 +0200] "GET /entry.php?id=10271&&ser=804770 HTTP/1.1" 200 986 "http://easydrivers.activities.at/entry.php?id=10271&&ser=804709" "Mozilla/5.0 (Windows NT 10.0; Trident/7.0; rv:11.0) like Gecko"
83.65.142.74 - - [03/May/2017:11:47:11 +0200] "GET /gui/javascript/form_form.js?1493804831 HTTP/1.1" 200 16206 "http://easydrivers.activities.at/entry.php?id=10271&&ser=804770" "Mozilla/5.0 (Windows NT 10.0; Trident/7.0; rv:11.0) like Gecko"
212.108.43.59 - - [03/May/2017:11:47:15 +0200] "GET /entry.php?id=10271&&ser=804774 HTTP/1.1" 200 987 "http://ed.activities.at/entry.php?id=10271&&ser=804713" "Mozilla/5.0 (Windows NT 10.0; Win64; x64) AppleWebKit/537.36 (KHTML, like Gecko) Chrome/57.0.2987.133 Safari/537.36"
212.108.43.59 - - [03/May/2017:11:47:15 +0200] "GET /gui/javascript/form_form.js?1493804835 HTTP/1.1" 200 16206 "http://ed.activities.at/entry.php?id=10271&&ser=804774" "Mozilla/5.0 (Windows NT 10.0; Win64; x64) AppleWebKit/537.36 (KHTML, like Gecko) Chrome/57.0.2987.133 Safari/537.36"
91.114.247.177 - - [03/May/2017:11:47:18 +0200] "GET /entry.php?id=10271&&ser=804777 HTTP/1.1" 200 987 "http://ed.activities.at/entry.php?id=10271&&ser=804717" "Mozilla/5.0 (Windows NT 10.0; WOW64; rv:53.0) Gecko/20100101 Firefox/53.0"
91.114.247.177 - - [03/May/2017:11:47:18 +0200] "GET /gui/javascript/form_form.js?1493804838 HTTP/1.1" 200 16206 "http://ed.activities.at/entry.php?id=10271&&ser=804777" "Mozilla/5.0 (Windows NT 10.0; WOW64; rv:53.0) Gecko/20100101 Firefox/53.0"
83.65.142.74 - - [03/May/2017:11:48:13 +0200] "GET /entry.php?id=10271&&ser=804831 HTTP/1.1" 200 987 "http://easydrivers.activities.at/entry.php?id=10271&&ser=804770" "Mozilla/5.0 (Windows NT 10.0; Trident/7.0; rv:11.0) like Gecko"
83.65.142.74 - - [03/May/2017:11:48:13 +0200] "GET /gui/javascript/form_form.js?1493804893 HTTP/1.1" 200 16206 "http://easydrivers.activities.at/entry.php?id=10271&&ser=804831" "Mozilla/5.0 (Windows NT 10.0; Trident/7.0; rv:11.0) like Gecko"
212.108.43.59 - - [03/May/2017:11:48:16 +0200] "GET /entry.php?id=10271&&ser=804835 HTTP/1.1" 200 987 "http://ed.activities.at/entry.php?id=10271&&ser=804774" "Mozilla/5.0 (Windows NT 10.0; Win64; x64) AppleWebKit/537.36 (KHTML, like Gecko) Chrome/57.0.2987.133 Safari/537.36"
212.108.43.59 - - [03/May/2017:11:48:16 +0200] "GET /gui/javascript/form_form.js?1493804896 HTTP/1.1" 200 16206 "http://ed.activities.at/entry.php?id=10271&&ser=804835" "Mozilla/5.0 (Windows NT 10.0; Win64; x64) AppleWebKit/537.36 (KHTML, like Gecko) Chrome/57.0.2987.133 Safari/537.36"
91.114.247.177 - - [03/May/2017:11:48:18 +0200] "POST /entry.php?id=11677 HTTP/1.1" 200 5212 "http://ed.activities.at/entry.php?id=11677" "Mozilla/5.0 (Windows NT 10.0; WOW64; rv:53.0) Gecko/20100101 Firefox/53.0"
91.114.247.177 - - [03/May/2017:11:48:19 +0200] "GET /entry.php?id=10271&&ser=804838 HTTP/1.1" 200 987 "http://ed.activities.at/entry.php?id=10271&&ser=804777" "Mozilla/5.0 (Windows NT 10.0; WOW64; rv:53.0) Gecko/20100101 Firefox/53.0"
91.114.247.177 - - [03/May/2017:11:48:19 +0200] "GET /gui/javascript/form_form.js?1493804899 HTTP/1.1" 200 16206 "http://ed.activities.at/entry.php?id=11677" "Mozilla/5.0 (Windows NT 10.0; WOW64; rv:53.0) Gecko/20100101 Firefox/53.0"
91.114.247.177 - - [03/May/2017:11:48:30 +0200] "POST /entry.php?id=11677 HTTP/1.1" 200 5125 "http://ed.activities.at/entry.php?id=11677" "Mozilla/5.0 (Windows NT 10.0; WOW64; rv:53.0) Gecko/20100101 Firefox/53.0"
91.114.247.177 - - [03/May/2017:11:48:30 +0200] "GET /gui/javascript/form_form.js?1493804910 HTTP/1.1" 200 16206 "http://ed.activities.at/entry.php?id=11677" "Mozilla/5.0 (Windows NT 10.0; WOW64; rv:53.0) Gecko/20100101 Firefox/53.0"
91.114.247.177 - - [03/May/2017:11:48:53 +0200] "POST /entry.php?id=11677 HTTP/1.1" 200 5203 "http://ed.activities.at/entry.php?id=11677" "Mozilla/5.0 (Windows NT 10.0; WOW64; rv:53.0) Gecko/20100101 Firefox/53.0"
91.114.247.177 - - [03/May/2017:11:48:54 +0200] "GET /gui/javascript/form_form.js?1493804934 HTTP/1.1" 200 16206 "http://ed.activities.at/entry.php?id=11677" "Mozilla/5.0 (Windows NT 10.0; WOW64; rv:53.0) Gecko/20100101 Firefox/53.0"
91.114.247.177 - - [03/May/2017:11:48:57 +0200] "GET /activities/framework/KoolControls/KoolTreeView/icons/square_yellowS.gif HTTP/1.1" 200 541 "http://ed.activities.at/entry.php?id=11678&" "Mozilla/5.0 (Windows NT 10.0; WOW64; rv:53.0) Gecko/20100101 Firefox/53.0"
91.114.247.177 - - [03/May/2017:11:48:57 +0200] "GET /activities/framework/KoolControls/KoolTreeView/icons/square_yellowS.gif HTTP/1.1" 200 541 "http://ed.activities.at/entry.php?id=11678&" "Mozilla/5.0 (Windows NT 10.0; WOW64; rv:53.0) Gecko/20100101 Firefox/53.0"
91.114.247.177 - - [03/May/2017:11:49:03 +0200] "POST /entry.php?id=11677 HTTP/1.1" 200 5211 "http://ed.activities.at/entry.php?id=11677" "Mozilla/5.0 (Windows NT 10.0; WOW64; rv:53.0) Gecko/20100101 Firefox/53.0"
91.114.247.177 - - [03/May/2017:11:49:03 +0200] "GET /gui/javascript/form_form.js?1493804943 HTTP/1.1" 200 16206 "http://ed.activities.at/entry.php?id=11677" "Mozilla/5.0 (Windows NT 10.0; WOW64; rv:53.0) Gecko/20100101 Firefox/53.0"
91.114.247.177 - - [03/May/2017:11:49:08 +0200] "GET /entry.php?id=11681&chooserview=editnewmenueitem&hidetitle=true&object=10288598 HTTP/1.1" 200 349 "http://ed.activities.at/entry.php?id=11412" "Mozilla/5.0 (Windows NT 10.0; WOW64; rv:53.0) Gecko/20100101 Firefox/53.0"
91.114.247.177 - - [03/May/2017:11:49:08 +0200] "GET /entry.php?id=11683&chooserview=editnewmenueitem&object=10288598& HTTP/1.1" 200 2680 "http://ed.activities.at/entry.php?id=11681&chooserview=editnewmenueitem&hidetitle=true&object=10288598" "Mozilla/5.0 (Windows NT 10.0; WOW64; rv:53.0) Gecko/20100101 Firefox/53.0"
91.114.247.177 - - [03/May/2017:11:49:08 +0200] "GET /gui/javascript/form_form.js?1493804948 HTTP/1.1" 200 16206 "http://ed.activities.at/entry.php?id=11683&chooserview=editnewmenueitem&object=10288598&" "Mozilla/5.0 (Windows NT 10.0; WOW64; rv:53.0) Gecko/20100101 Firefox/53.0"
91.114.247.177 - - [03/May/2017:11:49:08 +0200] "GET /entry.php?id=11684&chooserview=editnewmenueitem&object=10288598& HTTP/1.1" 200 3968 "http://ed.activities.at/entry.php?id=11681&chooserview=editnewmenueitem&hidetitle=true&object=10288598" "Mozilla/5.0 (Windows NT 10.0; WOW64; rv:53.0) Gecko/20100101 Firefox/53.0"
91.114.247.177 - - [03/May/2017:11:49:09 +0200] "GET /gui/javascript/form_form.js?1493804949 HTTP/1.1" 200 16206 "http://ed.activities.at/entry.php?id=11684&chooserview=editnewmenueitem&object=10288598&" "Mozilla/5.0 (Windows NT 10.0; WOW64; rv:53.0) Gecko/20100101 Firefox/53.0"
91.114.247.177 - - [03/May/2017:11:49:09 +0200] "GET /entry.php?id=10776&form=11508&name=list& HTTP/1.1" 200 1808 "http://ed.activities.at/entry.php?id=11683&chooserview=editnewmenueitem&object=10288598&" "Mozilla/5.0 (Windows NT 10.0; WOW64; rv:53.0) Gecko/20100101 Firefox/53.0"
91.114.247.177 - - [03/May/2017:11:49:09 +0200] "GET /entry.php?id=10778&form=11508&name=list& HTTP/1.1" 200 5256 "http://ed.activities.at/entry.php?id=11683&chooserview=editnewmenueitem&object=10288598&" "Mozilla/5.0 (Windows NT 10.0; WOW64; rv:53.0) Gecko/20100101 Firefox/53.0"
91.114.247.177 - - [03/May/2017:11:49:12 +0200] "POST /entry.php?id=11684 HTTP/1.1" 200 4099 "http://ed.activities.at/entry.php?id=11684&chooserview=editnewmenueitem&object=10288598&" "Mozilla/5.0 (Windows NT 10.0; WOW64; rv:53.0) Gecko/20100101 Firefox/53.0"
91.114.247.177 - - [03/May/2017:11:49:12 +0200] "GET /gui/javascript/form_form.js?1493804952 HTTP/1.1" 200 16206 "http://ed.activities.at/entry.php?id=11684" "Mozilla/5.0 (Windows NT 10.0; WOW64; rv:53.0) Gecko/20100101 Firefox/53.0"
91.114.247.177 - - [03/May/2017:11:49:13 +0200] "GET /framework/webfx/javascript/tinymce/skins/lightgray/content.min.css HTTP/1.1" 404 327 "http://ed.activities.at/entry.php?id=11684" "Mozilla/5.0 (Windows NT 10.0; WOW64; rv:53.0) Gecko/20100101 Firefox/53.0"
83.65.142.74 - - [03/May/2017:11:49:14 +0200] "GET /entry.php?id=10271&&ser=804893 HTTP/1.1" 200 987 "http://easydrivers.activities.at/entry.php?id=10271&&ser=804831" "Mozilla/5.0 (Windows NT 10.0; Trident/7.0; rv:11.0) like Gecko"
83.65.142.74 - - [03/May/2017:11:49:14 +0200] "GET /gui/javascript/form_form.js?1493804954 HTTP/1.1" 200 16206 "http://easydrivers.activities.at/entry.php?id=10271&&ser=804893" "Mozilla/5.0 (Windows NT 10.0; Trident/7.0; rv:11.0) like Gecko"
212.108.43.59 - - [03/May/2017:11:49:17 +0200] "GET /entry.php?id=10271&&ser=804896 HTTP/1.1" 200 987 "http://ed.activities.at/entry.php?id=10271&&ser=804835" "Mozilla/5.0 (Windows NT 10.0; Win64; x64) AppleWebKit/537.36 (KHTML, like Gecko) Chrome/57.0.2987.133 Safari/537.36"
212.108.43.59 - - [03/May/2017:11:49:17 +0200] "GET /gui/javascript/form_form.js?1493804957 HTTP/1.1" 200 16206 "http://ed.activities.at/entry.php?id=10271&&ser=804896" "Mozilla/5.0 (Windows NT 10.0; Win64; x64) AppleWebKit/537.36 (KHTML, like Gecko) Chrome/57.0.2987.133 Safari/537.36"
91.114.247.177 - - [03/May/2017:11:49:20 +0200] "GET /entry.php?id=10271&&ser=804899 HTTP/1.1" 200 987 "http://ed.activities.at/entry.php?id=10271&&ser=804838" "Mozilla/5.0 (Windows NT 10.0; WOW64; rv:53.0) Gecko/20100101 Firefox/53.0"
91.114.247.177 - - [03/May/2017:11:49:20 +0200] "GET /gui/javascript/form_form.js?1493804960 HTTP/1.1" 200 16206 "http://ed.activities.at/entry.php?id=10271&&ser=804899" "Mozilla/5.0 (Windows NT 10.0; WOW64; rv:53.0) Gecko/20100101 Firefox/53.0"
83.65.142.74 - - [03/May/2017:11:50:15 +0200] "GET /entry.php?id=10271&&ser=804954 HTTP/1.1" 200 987 "http://easydrivers.activities.at/entry.php?id=10271&&ser=804893" "Mozilla/5.0 (Windows NT 10.0; Trident/7.0; rv:11.0) like Gecko"
91.114.247.177 - - [03/May/2017:11:50:15 +0200] "POST /entry.php?id=11684 HTTP/1.1" 200 4442 "http://ed.activities.at/entry.php?id=11684" "Mozilla/5.0 (Windows NT 10.0; WOW64; rv:53.0) Gecko/20100101 Firefox/53.0"
83.65.142.74 - - [03/May/2017:11:50:15 +0200] "GET /gui/javascript/form_form.js?1493805015 HTTP/1.1" 200 16206 "http://easydrivers.activities.at/entry.php?id=10271&&ser=804954" "Mozilla/5.0 (Windows NT 10.0; Trident/7.0; rv:11.0) like Gecko"
91.114.247.177 - - [03/May/2017:11:50:15 +0200] "GET /gui/javascript/form_form.js?1493805015 HTTP/1.1" 200 16206 "http://ed.activities.at/entry.php?id=11684" "Mozilla/5.0 (Windows NT 10.0; WOW64; rv:53.0) Gecko/20100101 Firefox/53.0"
91.114.247.177 - - [03/May/2017:11:50:16 +0200] "GET /framework/webfx/javascript/tinymce/skins/lightgray/content.min.css HTTP/1.1" 404 327 "http://ed.activities.at/entry.php?id=11684" "Mozilla/5.0 (Windows NT 10.0; WOW64; rv:53.0) Gecko/20100101 Firefox/53.0"
212.108.43.59 - - [03/May/2017:11:50:18 +0200] "GET /entry.php?id=10271&&ser=804957 HTTP/1.1" 200 986 "http://ed.activities.at/entry.php?id=10271&&ser=804896" "Mozilla/5.0 (Windows NT 10.0; Win64; x64) AppleWebKit/537.36 (KHTML, like Gecko) Chrome/57.0.2987.133 Safari/537.36"
212.108.43.59 - - [03/May/2017:11:50:18 +0200] "GET /gui/javascript/form_form.js?1493805018 HTTP/1.1" 200 16206 "http://ed.activities.at/entry.php?id=10271&&ser=804957" "Mozilla/5.0 (Windows NT 10.0; Win64; x64) AppleWebKit/537.36 (KHTML, like Gecko) Chrome/57.0.2987.133 Safari/537.36"
91.114.247.177 - - [03/May/2017:11:50:20 +0200] "GET /entry.php?id=10271&&ser=804960 HTTP/1.1" 200 986 "http://ed.activities.at/entry.php?id=10271&&ser=804899" "Mozilla/5.0 (Windows NT 10.0; WOW64; rv:53.0) Gecko/20100101 Firefox/53.0"
91.114.247.177 - - [03/May/2017:11:50:20 +0200] "GET /gui/javascript/form_form.js?1493805020 HTTP/1.1" 200 16206 "http://ed.activities.at/entry.php?id=10271&&ser=804960" "Mozilla/5.0 (Windows NT 10.0; WOW64; rv:53.0) Gecko/20100101 Firefox/53.0"
91.114.247.177 - - [03/May/2017:11:50:23 +0200] "POST /entry.php?id=11677 HTTP/1.1" 200 5217 "http://ed.activities.at/entry.php?id=11677" "Mozilla/5.0 (Windows NT 10.0; WOW64; rv:53.0) Gecko/20100101 Firefox/53.0"
91.114.247.177 - - [03/May/2017:11:50:23 +0200] "GET /gui/javascript/form_form.js?1493805023 HTTP/1.1" 200 16206 "http://ed.activities.at/entry.php?id=11677" "Mozilla/5.0 (Windows NT 10.0; WOW64; rv:53.0) Gecko/20100101 Firefox/53.0"
91.114.247.177 - - [03/May/2017:11:50:28 +0200] "GET /entry.php?id=11681&chooserview=editnewmenueitem&hidetitle=true&object=10288595 HTTP/1.1" 200 349 "http://ed.activities.at/entry.php?id=11412" "Mozilla/5.0 (Windows NT 10.0; WOW64; rv:53.0) Gecko/20100101 Firefox/53.0"
91.114.247.177 - - [03/May/2017:11:50:28 +0200] "GET /entry.php?id=11683&chooserview=editnewmenueitem&object=10288595& HTTP/1.1" 200 2680 "http://ed.activities.at/entry.php?id=11681&chooserview=editnewmenueitem&hidetitle=true&object=10288595" "Mozilla/5.0 (Windows NT 10.0; WOW64; rv:53.0) Gecko/20100101 Firefox/53.0"
91.114.247.177 - - [03/May/2017:11:50:28 +0200] "GET /gui/javascript/form_form.js?1493805028 HTTP/1.1" 200 16206 "http://ed.activities.at/entry.php?id=11683&chooserview=editnewmenueitem&object=10288595&" "Mozilla/5.0 (Windows NT 10.0; WOW64; rv:53.0) Gecko/20100101 Firefox/53.0"
91.114.247.177 - - [03/May/2017:11:50:28 +0200] "GET /entry.php?id=11684&chooserview=editnewmenueitem&object=10288595& HTTP/1.1" 200 3972 "http://ed.activities.at/entry.php?id=11681&chooserview=editnewmenueitem&hidetitle=true&object=10288595" "Mozilla/5.0 (Windows NT 10.0; WOW64; rv:53.0) Gecko/20100101 Firefox/53.0"
91.114.247.177 - - [03/May/2017:11:50:28 +0200] "GET /entry.php?id=10778&form=11508&name=list& HTTP/1.1" 200 5260 "http://ed.activities.at/entry.php?id=11683&chooserview=editnewmenueitem&object=10288595&" "Mozilla/5.0 (Windows NT 10.0; WOW64; rv:53.0) Gecko/20100101 Firefox/53.0"
91.114.247.177 - - [03/May/2017:11:50:28 +0200] "GET /entry.php?id=10776&form=11508&name=list& HTTP/1.1" 200 1808 "http://ed.activities.at/entry.php?id=11683&chooserview=editnewmenueitem&object=10288595&" "Mozilla/5.0 (Windows NT 10.0; WOW64; rv:53.0) Gecko/20100101 Firefox/53.0"
91.114.247.177 - - [03/May/2017:11:50:30 +0200] "POST /entry.php?id=11684 HTTP/1.1" 200 3895 "http://ed.activities.at/entry.php?id=11684&chooserview=editnewmenueitem&object=10288595&" "Mozilla/5.0 (Windows NT 10.0; WOW64; rv:53.0) Gecko/20100101 Firefox/53.0"
91.114.247.177 - - [03/May/2017:11:50:31 +0200] "GET /gui/javascript/form_form.js?1493805031 HTTP/1.1" 200 16206 "http://ed.activities.at/entry.php?id=11684" "Mozilla/5.0 (Windows NT 10.0; WOW64; rv:53.0) Gecko/20100101 Firefox/53.0"
91.114.247.177 - - [03/May/2017:11:50:32 +0200] "GET /framework/webfx/javascript/tinymce/skins/lightgray/content.min.css HTTP/1.1" 404 327 "http://ed.activities.at/entry.php?id=11684" "Mozilla/5.0 (Windows NT 10.0; WOW64; rv:53.0) Gecko/20100101 Firefox/53.0"
213.47.172.74 - - [03/May/2017:11:50:49 +0200] "GET / HTTP/1.1" 200 382 "-" "Mozilla/5.0 (Windows NT 6.1; Win64; x64) AppleWebKit/537.36 (KHTML, like Gecko) Chrome/57.0.2987.133 Safari/537.36"
213.47.172.74 - - [03/May/2017:11:50:50 +0200] "GET /layout.php HTTP/1.1" 200 916 "http://easydrivers.activities.at/" "Mozilla/5.0 (Windows NT 6.1; Win64; x64) AppleWebKit/537.36 (KHTML, like Gecko) Chrome/57.0.2987.133 Safari/537.36"
213.47.172.74 - - [03/May/2017:11:50:50 +0200] "GET /entry.php?id=10272 HTTP/1.1" 200 1188 "http://easydrivers.activities.at/layout.php" "Mozilla/5.0 (Windows NT 6.1; Win64; x64) AppleWebKit/537.36 (KHTML, like Gecko) Chrome/57.0.2987.133 Safari/537.36"
213.47.172.74 - - [03/May/2017:11:50:50 +0200] "GET /entry.php?id=10270 HTTP/1.1" 200 908 "http://easydrivers.activities.at/layout.php" "Mozilla/5.0 (Windows NT 6.1; Win64; x64) AppleWebKit/537.36 (KHTML, like Gecko) Chrome/57.0.2987.133 Safari/537.36"
213.47.172.74 - - [03/May/2017:11:50:50 +0200] "GET /gui/javascript/form_form.js?1493805050 HTTP/1.1" 200 16206 "http://easydrivers.activities.at/entry.php?id=10272" "Mozilla/5.0 (Windows NT 6.1; Win64; x64) AppleWebKit/537.36 (KHTML, like Gecko) Chrome/57.0.2987.133 Safari/537.36"
213.47.172.74 - - [03/May/2017:11:50:50 +0200] "GET /entry.php?id=10273 HTTP/1.1" 200 1932 "http://easydrivers.activities.at/layout.php" "Mozilla/5.0 (Windows NT 6.1; Win64; x64) AppleWebKit/537.36 (KHTML, like Gecko) Chrome/57.0.2987.133 Safari/537.36"
213.47.172.74 - - [03/May/2017:11:50:50 +0200] "GET /entry.php?id=11412 HTTP/1.1" 200 1759 "http://easydrivers.activities.at/layout.php" "Mozilla/5.0 (Windows NT 6.1; Win64; x64) AppleWebKit/537.36 (KHTML, like Gecko) Chrome/57.0.2987.133 Safari/537.36"
213.47.172.74 - - [03/May/2017:11:50:50 +0200] "GET /gui/images/icons/Logo_activites_RGB.gif HTTP/1.1" 200 1336 "http://easydrivers.activities.at/entry.php?id=10273" "Mozilla/5.0 (Windows NT 6.1; Win64; x64) AppleWebKit/537.36 (KHTML, like Gecko) Chrome/57.0.2987.133 Safari/537.36"
213.47.172.74 - - [03/May/2017:11:50:51 +0200] "GET /gui/images/icons/cancel.gif HTTP/1.1" 200 125 "http://easydrivers.activities.at/entry.php?id=11412" "Mozilla/5.0 (Windows NT 6.1; Win64; x64) AppleWebKit/537.36 (KHTML, like Gecko) Chrome/57.0.2987.133 Safari/537.36"
213.47.172.74 - - [03/May/2017:11:50:50 +0200] "GET /entry.php?id=10271&UIN=28d1333162e4e85058e4a1e2efb0bad2 HTTP/1.1" 200 933 "http://easydrivers.activities.at/entry.php?id=10272" "Mozilla/5.0 (Windows NT 6.1; Win64; x64) AppleWebKit/537.36 (KHTML, like Gecko) Chrome/57.0.2987.133 Safari/537.36"
213.47.172.74 - - [03/May/2017:11:50:51 +0200] "GET /gui/javascript/form_form.js?1493805051 HTTP/1.1" 200 16206 "http://easydrivers.activities.at/entry.php?id=10271&UIN=28d1333162e4e85058e4a1e2efb0bad2" "Mozilla/5.0 (Windows NT 6.1; Win64; x64) AppleWebKit/537.36 (KHTML, like Gecko) Chrome/57.0.2987.133 Safari/537.36"
213.47.172.74 - - [03/May/2017:11:50:51 +0200] "GET /entry.php?id=10287 HTTP/1.1" 200 2412 "http://easydrivers.activities.at/entry.php?id=11412" "Mozilla/5.0 (Windows NT 6.1; Win64; x64) AppleWebKit/537.36 (KHTML, like Gecko) Chrome/57.0.2987.133 Safari/537.36"
91.114.247.177 - - [03/May/2017:11:50:49 +0200] "POST /entry.php?id=11684 HTTP/1.1" 200 4257 "http://ed.activities.at/entry.php?id=11684" "Mozilla/5.0 (Windows NT 10.0; WOW64; rv:53.0) Gecko/20100101 Firefox/53.0"
91.114.247.177 - - [03/May/2017:11:50:51 +0200] "GET /gui/javascript/form_form.js?1493805051 HTTP/1.1" 200 16206 "http://ed.activities.at/entry.php?id=11684" "Mozilla/5.0 (Windows NT 10.0; WOW64; rv:53.0) Gecko/20100101 Firefox/53.0"
213.47.172.74 - - [03/May/2017:11:50:51 +0200] "GET /entry.php?id=10270& HTTP/1.1" 200 909 "http://easydrivers.activities.at/entry.php?id=10287" "Mozilla/5.0 (Windows NT 6.1; Win64; x64) AppleWebKit/537.36 (KHTML, like Gecko) Chrome/57.0.2987.133 Safari/537.36"
213.47.172.74 - - [03/May/2017:11:50:51 +0200] "GET /entry.php?id=10273& HTTP/1.1" 200 1902 "http://easydrivers.activities.at/entry.php?id=10287" "Mozilla/5.0 (Windows NT 6.1; Win64; x64) AppleWebKit/537.36 (KHTML, like Gecko) Chrome/57.0.2987.133 Safari/537.36"
91.114.247.177 - - [03/May/2017:11:50:52 +0200] "GET /framework/webfx/javascript/tinymce/skins/lightgray/content.min.css HTTP/1.1" 404 327 "http://ed.activities.at/entry.php?id=11684" "Mozilla/5.0 (Windows NT 10.0; WOW64; rv:53.0) Gecko/20100101 Firefox/53.0"
213.47.172.74 - - [03/May/2017:11:50:55 +0200] "POST /entry.php?id=10287& HTTP/1.1" 200 1997 "http://easydrivers.activities.at/entry.php?id=10287" "Mozilla/5.0 (Windows NT 6.1; Win64; x64) AppleWebKit/537.36 (KHTML, like Gecko) Chrome/57.0.2987.133 Safari/537.36"
213.47.172.74 - - [03/May/2017:11:50:56 +0200] "GET /gui/javascript/form_form.js?1493805055 HTTP/1.1" 200 16206 "http://easydrivers.activities.at/entry.php?id=10287&" "Mozilla/5.0 (Windows NT 6.1; Win64; x64) AppleWebKit/537.36 (KHTML, like Gecko) Chrome/57.0.2987.133 Safari/537.36"
213.47.172.74 - - [03/May/2017:11:50:56 +0200] "GET /entry.php?id=10271&UIN=28d1333162e4e85058e4a1e2efb0bad2 HTTP/1.1" 200 987 "http://easydrivers.activities.at/entry.php?id=10271&UIN=28d1333162e4e85058e4a1e2efb0bad2" "Mozilla/5.0 (Windows NT 6.1; Win64; x64) AppleWebKit/537.36 (KHTML, like Gecko) Chrome/57.0.2987.133 Safari/537.36"
213.47.172.74 - - [03/May/2017:11:50:56 +0200] "GET /gui/javascript/jquery/css/gui-themes/ui.spinner.css HTTP/1.1" 304 - "http://easydrivers.activities.at/entry.php?id=10271&UIN=28d1333162e4e85058e4a1e2efb0bad2" "Mozilla/5.0 (Windows NT 6.1; Win64; x64) AppleWebKit/537.36 (KHTML, like Gecko) Chrome/57.0.2987.133 Safari/537.36"
213.47.172.74 - - [03/May/2017:11:50:56 +0200] "GET /gui/javascript/jquery/css/gui-themes/custom.min.css HTTP/1.1" 304 - "http://easydrivers.activities.at/entry.php?id=10271&UIN=28d1333162e4e85058e4a1e2efb0bad2" "Mozilla/5.0 (Windows NT 6.1; Win64; x64) AppleWebKit/537.36 (KHTML, like Gecko) Chrome/57.0.2987.133 Safari/537.36"
213.47.172.74 - - [03/May/2017:11:50:56 +0200] "GET /gui/styles/tmplDefault.css HTTP/1.1" 304 - "http://easydrivers.activities.at/entry.php?id=10271&UIN=28d1333162e4e85058e4a1e2efb0bad2" "Mozilla/5.0 (Windows NT 6.1; Win64; x64) AppleWebKit/537.36 (KHTML, like Gecko) Chrome/57.0.2987.133 Safari/537.36"
213.47.172.74 - - [03/May/2017:11:50:56 +0200] "GET /gui/javascript/jquery/css/gui-themes/jquery.tooltip.css HTTP/1.1" 304 - "http://easydrivers.activities.at/entry.php?id=10271&UIN=28d1333162e4e85058e4a1e2efb0bad2" "Mozilla/5.0 (Windows NT 6.1; Win64; x64) AppleWebKit/537.36 (KHTML, like Gecko) Chrome/57.0.2987.133 Safari/537.36"
213.47.172.74 - - [03/May/2017:11:50:56 +0200] "GET /entry.php?id=10273& HTTP/1.1" 200 2015 "http://easydrivers.activities.at/entry.php?id=10287&" "Mozilla/5.0 (Windows NT 6.1; Win64; x64) AppleWebKit/537.36 (KHTML, like Gecko) Chrome/57.0.2987.133 Safari/537.36"
213.47.172.74 - - [03/May/2017:11:50:56 +0200] "GET /gui/javascript/form_form.js?1493805056 HTTP/1.1" 200 16206 "http://easydrivers.activities.at/entry.php?id=10271&UIN=28d1333162e4e85058e4a1e2efb0bad2" "Mozilla/5.0 (Windows NT 6.1; Win64; x64) AppleWebKit/537.36 (KHTML, like Gecko) Chrome/57.0.2987.133 Safari/537.36"
213.47.172.74 - - [03/May/2017:11:50:56 +0200] "GET /gui/javascript/jquery/js/jquery-1.8.2.js HTTP/1.1" 304 - "http://easydrivers.activities.at/entry.php?id=10271&UIN=28d1333162e4e85058e4a1e2efb0bad2" "Mozilla/5.0 (Windows NT 6.1; Win64; x64) AppleWebKit/537.36 (KHTML, like Gecko) Chrome/57.0.2987.133 Safari/537.36"
213.47.172.74 - - [03/May/2017:11:50:56 +0200] "GET /gui/javascript/jquery/js/jquery-ui-1.9.0.custom.min.js HTTP/1.1" 304 - "http://easydrivers.activities.at/entry.php?id=10271&UIN=28d1333162e4e85058e4a1e2efb0bad2" "Mozilla/5.0 (Windows NT 6.1; Win64; x64) AppleWebKit/537.36 (KHTML, like Gecko) Chrome/57.0.2987.133 Safari/537.36"
213.47.172.74 - - [03/May/2017:11:50:56 +0200] "GET /gui/javascript/jquery/jquery-tooltip/jquery.tooltip.min.js HTTP/1.1" 304 - "http://easydrivers.activities.at/entry.php?id=10271&UIN=28d1333162e4e85058e4a1e2efb0bad2" "Mozilla/5.0 (Windows NT 6.1; Win64; x64) AppleWebKit/537.36 (KHTML, like Gecko) Chrome/57.0.2987.133 Safari/537.36"
213.47.172.74 - - [03/May/2017:11:50:57 +0200] "GET /framework/webfx/style/toolbar/images/cbback.gif HTTP/1.1" 404 319 "http://easydrivers.activities.at/framework/webfx/style/toolbar/cb2.css" "Mozilla/5.0 (Windows NT 6.1; Win64; x64) AppleWebKit/537.36 (KHTML, like Gecko) Chrome/57.0.2987.133 Safari/537.36"
213.47.172.74 - - [03/May/2017:11:50:57 +0200] "GET /entry.php?id=10270&__app__=10006038 HTTP/1.1" 200 1650 "http://easydrivers.activities.at/entry.php?id=10273&" "Mozilla/5.0 (Windows NT 6.1; Win64; x64) AppleWebKit/537.36 (KHTML, like Gecko) Chrome/57.0.2987.133 Safari/537.36"
213.47.172.74 - - [03/May/2017:11:50:57 +0200] "GET /gui/javascript/form_form.js?1493805057 HTTP/1.1" 200 16206 "http://easydrivers.activities.at/entry.php?id=10270&__app__=10006038" "Mozilla/5.0 (Windows NT 6.1; Win64; x64) AppleWebKit/537.36 (KHTML, like Gecko) Chrome/57.0.2987.133 Safari/537.36"
213.47.172.74 - - [03/May/2017:11:50:57 +0200] "GET /gui/images/icons/pers_einstellungen.gif HTTP/1.1" 200 1461 "http://easydrivers.activities.at/entry.php?id=10270&__app__=10006038" "Mozilla/5.0 (Windows NT 6.1; Win64; x64) AppleWebKit/537.36 (KHTML, like Gecko) Chrome/57.0.2987.133 Safari/537.36"
213.47.172.74 - - [03/May/2017:11:50:57 +0200] "GET /framework/icons/navigation/arrowup.gif HTTP/1.1" 200 407 "http://easydrivers.activities.at/entry.php?id=10270&__app__=10006038" "Mozilla/5.0 (Windows NT 6.1; Win64; x64) AppleWebKit/537.36 (KHTML, like Gecko) Chrome/57.0.2987.133 Safari/537.36"
213.47.172.74 - - [03/May/2017:11:50:57 +0200] "GET /gui/images/icons/i_firmen.gif HTTP/1.1" 200 1463 "http://easydrivers.activities.at/entry.php?id=10270&__app__=10006038" "Mozilla/5.0 (Windows NT 6.1; Win64; x64) AppleWebKit/537.36 (KHTML, like Gecko) Chrome/57.0.2987.133 Safari/537.36"
213.47.172.74 - - [03/May/2017:11:50:57 +0200] "GET /framework/icons/navigation/arrowdown.gif HTTP/1.1" 200 424 "http://easydrivers.activities.at/entry.php?id=10270&__app__=10006038" "Mozilla/5.0 (Windows NT 6.1; Win64; x64) AppleWebKit/537.36 (KHTML, like Gecko) Chrome/57.0.2987.133 Safari/537.36"
213.47.172.74 - - [03/May/2017:11:50:57 +0200] "GET /gui/images/icons/i_artikel.gif HTTP/1.1" 200 1765 "http://easydrivers.activities.at/entry.php?id=10270&__app__=10006038" "Mozilla/5.0 (Windows NT 6.1; Win64; x64) AppleWebKit/537.36 (KHTML, like Gecko) Chrome/57.0.2987.133 Safari/537.36"
213.47.172.74 - - [03/May/2017:11:50:57 +0200] "GET /gui/images/icons/i_haendler_sollverteiler.gif HTTP/1.1" 200 1330 "http://easydrivers.activities.at/entry.php?id=10270&__app__=10006038" "Mozilla/5.0 (Windows NT 6.1; Win64; x64) AppleWebKit/537.36 (KHTML, like Gecko) Chrome/57.0.2987.133 Safari/537.36"
213.47.172.74 - - [03/May/2017:11:50:57 +0200] "GET /gui/images/icons/menumanagement.gif HTTP/1.1" 200 204 "http://easydrivers.activities.at/entry.php?id=10270&__app__=10006038" "Mozilla/5.0 (Windows NT 6.1; Win64; x64) AppleWebKit/537.36 (KHTML, like Gecko) Chrome/57.0.2987.133 Safari/537.36"
213.47.172.74 - - [03/May/2017:11:50:57 +0200] "GET /gui/images/icons/i_aktionsreminder.gif HTTP/1.1" 200 2181 "http://easydrivers.activities.at/entry.php?id=10270&__app__=10006038" "Mozilla/5.0 (Windows NT 6.1; Win64; x64) AppleWebKit/537.36 (KHTML, like Gecko) Chrome/57.0.2987.133 Safari/537.36"
213.47.172.74 - - [03/May/2017:11:50:57 +0200] "GET /gui/images/icons/artikelbearbeitung_verfassung.gif HTTP/1.1" 200 1719 "http://easydrivers.activities.at/entry.php?id=10270&__app__=10006038" "Mozilla/5.0 (Windows NT 6.1; Win64; x64) AppleWebKit/537.36 (KHTML, like Gecko) Chrome/57.0.2987.133 Safari/537.36"
213.47.172.74 - - [03/May/2017:11:50:57 +0200] "GET /gui/images/icons/i_aktionen.gif HTTP/1.1" 200 1920 "http://easydrivers.activities.at/entry.php?id=10270&__app__=10006038" "Mozilla/5.0 (Windows NT 6.1; Win64; x64) AppleWebKit/537.36 (KHTML, like Gecko) Chrome/57.0.2987.133 Safari/537.36"
213.47.172.74 - - [03/May/2017:11:50:57 +0200] "GET /undefined HTTP/1.1" 404 290 "http://easydrivers.activities.at/entry.php?id=10270&__app__=10006038" "Mozilla/5.0 (Windows NT 6.1; Win64; x64) AppleWebKit/537.36 (KHTML, like Gecko) Chrome/57.0.2987.133 Safari/537.36"
91.114.247.177 - - [03/May/2017:11:50:58 +0200] "POST /entry.php?id=11677 HTTP/1.1" 200 5209 "http://ed.activities.at/entry.php?id=11677" "Mozilla/5.0 (Windows NT 10.0; WOW64; rv:53.0) Gecko/20100101 Firefox/53.0"
91.114.247.177 - - [03/May/2017:11:50:58 +0200] "GET /gui/javascript/form_form.js?1493805058 HTTP/1.1" 200 16206 "http://ed.activities.at/entry.php?id=11677" "Mozilla/5.0 (Windows NT 10.0; WOW64; rv:53.0) Gecko/20100101 Firefox/53.0"
213.47.172.74 - - [03/May/2017:11:51:00 +0200] "GET /entry.php?id=11679 HTTP/1.1" 200 312 "http://easydrivers.activities.at/entry.php?id=10270&__app__=10006038" "Mozilla/5.0 (Windows NT 6.1; Win64; x64) AppleWebKit/537.36 (KHTML, like Gecko) Chrome/57.0.2987.133 Safari/537.36"
213.47.172.74 - - [03/May/2017:11:51:01 +0200] "GET /entry.php?id=10676&title=Portal& HTTP/1.1" 200 1385 "http://easydrivers.activities.at/entry.php?id=11679" "Mozilla/5.0 (Windows NT 6.1; Win64; x64) AppleWebKit/537.36 (KHTML, like Gecko) Chrome/57.0.2987.133 Safari/537.36"
213.47.172.74 - - [03/May/2017:11:51:01 +0200] "GET /gui/javascript/form_form.js?1493805061 HTTP/1.1" 200 16206 "http://easydrivers.activities.at/entry.php?id=10676&title=Portal&" "Mozilla/5.0 (Windows NT 6.1; Win64; x64) AppleWebKit/537.36 (KHTML, like Gecko) Chrome/57.0.2987.133 Safari/537.36"
213.47.172.74 - - [03/May/2017:11:51:01 +0200] "GET /entry.php?id=11678& HTTP/1.1" 200 3213 "http://easydrivers.activities.at/entry.php?id=11679" "Mozilla/5.0 (Windows NT 6.1; Win64; x64) AppleWebKit/537.36 (KHTML, like Gecko) Chrome/57.0.2987.133 Safari/537.36"
213.47.172.74 - - [03/May/2017:11:51:01 +0200] "GET /activities/framework/KoolControls/KoolAjax/koolajax.php?8436e354c842500aba3cbaf0584c0c24 HTTP/1.1" 200 4079 "http://easydrivers.activities.at/entry.php?id=11678&" "Mozilla/5.0 (Windows NT 6.1; Win64; x64) AppleWebKit/537.36 (KHTML, like Gecko) Chrome/57.0.2987.133 Safari/537.36"
213.47.172.74 - - [03/May/2017:11:51:01 +0200] "GET /activities/framework/KoolControls/KoolTreeView/icons/square_greenS.gif HTTP/1.1" 200 541 "http://easydrivers.activities.at/entry.php?id=11678&" "Mozilla/5.0 (Windows NT 6.1; Win64; x64) AppleWebKit/537.36 (KHTML, like Gecko) Chrome/57.0.2987.133 Safari/537.36"
213.47.172.74 - - [03/May/2017:11:51:01 +0200] "GET /activities/framework/KoolControls/KoolTreeView/icons/website.gif HTTP/1.1" 200 1049 "http://easydrivers.activities.at/entry.php?id=11678&" "Mozilla/5.0 (Windows NT 6.1; Win64; x64) AppleWebKit/537.36 (KHTML, like Gecko) Chrome/57.0.2987.133 Safari/537.36"
213.47.172.74 - - [03/May/2017:11:51:01 +0200] "GET /gui/images/icons/website_modified.gif HTTP/1.1" 200 1060 "http://easydrivers.activities.at/entry.php?id=11678&" "Mozilla/5.0 (Windows NT 6.1; Win64; x64) AppleWebKit/537.36 (KHTML, like Gecko) Chrome/57.0.2987.133 Safari/537.36"
213.47.172.74 - - [03/May/2017:11:51:01 +0200] "GET /gui/images/icons/square_yellowS.gif HTTP/1.1" 200 541 "http://easydrivers.activities.at/entry.php?id=11678&" "Mozilla/5.0 (Windows NT 6.1; Win64; x64) AppleWebKit/537.36 (KHTML, like Gecko) Chrome/57.0.2987.133 Safari/537.36"
213.47.172.74 - - [03/May/2017:11:51:01 +0200] "GET /gui/images/icons/square_greenS.gif HTTP/1.1" 200 541 "http://easydrivers.activities.at/entry.php?id=11678&" "Mozilla/5.0 (Windows NT 6.1; Win64; x64) AppleWebKit/537.36 (KHTML, like Gecko) Chrome/57.0.2987.133 Safari/537.36"
213.47.172.74 - - [03/May/2017:11:51:01 +0200] "GET /activities/framework/KoolControls/KoolTreeView/kooltreeview.php?c7cd9180e88ffef8e70f13526bb4f5f7 HTTP/1.1" 200 5055 "http://easydrivers.activities.at/entry.php?id=11678&" "Mozilla/5.0 (Windows NT 6.1; Win64; x64) AppleWebKit/537.36 (KHTML, like Gecko) Chrome/57.0.2987.133 Safari/537.36"
213.47.172.74 - - [03/May/2017:11:51:01 +0200] "GET /activities/framework/KoolControls/KoolTreeView/styles/default/L.gif HTTP/1.1" 200 67 "http://easydrivers.activities.at/activities/framework/KoolControls/KoolTreeView/styles/default/default.css" "Mozilla/5.0 (Windows NT 6.1; Win64; x64) AppleWebKit/537.36 (KHTML, like Gecko) Chrome/57.0.2987.133 Safari/537.36"
213.47.172.74 - - [03/May/2017:11:51:01 +0200] "GET /activities/framework/KoolControls/KoolTreeView/styles/default/pm.gif HTTP/1.1" 200 214 "http://easydrivers.activities.at/activities/framework/KoolControls/KoolTreeView/styles/default/default.css" "Mozilla/5.0 (Windows NT 6.1; Win64; x64) AppleWebKit/537.36 (KHTML, like Gecko) Chrome/57.0.2987.133 Safari/537.36"
213.47.172.74 - - [03/May/2017:11:51:01 +0200] "GET /gui/images/icons/square_greyS.gif HTTP/1.1" 200 342 "http://easydrivers.activities.at/entry.php?id=11678&" "Mozilla/5.0 (Windows NT 6.1; Win64; x64) AppleWebKit/537.36 (KHTML, like Gecko) Chrome/57.0.2987.133 Safari/537.36"
213.47.172.74 - - [03/May/2017:11:51:01 +0200] "GET /entry.php?id=11677& HTTP/1.1" 200 4374 "http://easydrivers.activities.at/entry.php?id=11679" "Mozilla/5.0 (Windows NT 6.1; Win64; x64) AppleWebKit/537.36 (KHTML, like Gecko) Chrome/57.0.2987.133 Safari/537.36"
213.47.172.74 - - [03/May/2017:11:51:02 +0200] "GET /gui/javascript/form_form.js?1493805062 HTTP/1.1" 200 16206 "http://easydrivers.activities.at/entry.php?id=11677&" "Mozilla/5.0 (Windows NT 6.1; Win64; x64) AppleWebKit/537.36 (KHTML, like Gecko) Chrome/57.0.2987.133 Safari/537.36"
213.47.172.74 - - [03/May/2017:11:51:02 +0200] "GET /gui/images/icons/disabled_lupe.gif HTTP/1.1" 200 322 "http://easydrivers.activities.at/entry.php?id=11677&" "Mozilla/5.0 (Windows NT 6.1; Win64; x64) AppleWebKit/537.36 (KHTML, like Gecko) Chrome/57.0.2987.133 Safari/537.36"
213.47.172.74 - - [03/May/2017:11:51:02 +0200] "GET /activities/framework/fwx_trans.gif HTTP/1.1" 200 43 "http://easydrivers.activities.at/entry.php?id=11677&" "Mozilla/5.0 (Windows NT 6.1; Win64; x64) AppleWebKit/537.36 (KHTML, like Gecko) Chrome/57.0.2987.133 Safari/537.36"
