83.65.142.74 - - [03/May/2017:10:04:54 +0200] "GET /entry.php?id=10704&&but=&object=10289206&class=&tag=&value=&chooserview=contetimages&function=&setlist=&t_width=&t_height=&view=contetimages HTTP/1.1" 200 3048 "http://easydrivers.activities.at/entry.php?id=10711&object=10289206&chooserview=contetimages&view=contetimages" "Mozilla/5.0 (Windows NT 10.0; Trident/7.0; rv:11.0) like Gecko"
83.65.142.74 - - [03/May/2017:10:04:55 +0200] "GET /gui/javascript/form_form.js?1493798695 HTTP/1.1" 200 16206 "http://easydrivers.activities.at/entry.php?id=10703&&but=&object=10289206&class=&tag=&value=&chooserview=contetimages&function=&setlist=&t_width=&t_height=&view=contetimages" "Mozilla/5.0 (Windows NT 10.0; Trident/7.0; rv:11.0) like Gecko"
83.65.142.74 - - [03/May/2017:10:04:57 +0200] "GET /entry.php?id=10778&form=10547&name=list& HTTP/1.1" 200 3002 "http://easydrivers.activities.at/entry.php?id=10703&&but=&object=10289206&class=&tag=&value=&chooserview=contetimages&function=&setlist=&t_width=&t_height=&view=contetimages" "Mozilla/5.0 (Windows NT 10.0; Trident/7.0; rv:11.0) like Gecko"
83.65.142.74 - - [03/May/2017:10:04:57 +0200] "GET /entry.php?id=10776&form=10547&name=list& HTTP/1.1" 200 1290 "http://easydrivers.activities.at/entry.php?id=10703&&but=&object=10289206&class=&tag=&value=&chooserview=contetimages&function=&setlist=&t_width=&t_height=&view=contetimages" "Mozilla/5.0 (Windows NT 10.0; Trident/7.0; rv:11.0) like Gecko"
83.65.142.74 - - [03/May/2017:10:04:57 +0200] "GET /entry.php?id=10776&form=10549&name=list& HTTP/1.1" 200 1702 "http://easydrivers.activities.at/entry.php?id=10704&&but=&object=10289206&class=&tag=&value=&chooserview=contetimages&function=&setlist=&t_width=&t_height=&view=contetimages" "Mozilla/5.0 (Windows NT 10.0; Trident/7.0; rv:11.0) like Gecko"
83.65.142.74 - - [03/May/2017:10:04:57 +0200] "GET /entry.php?id=10778&form=10549&name=list& HTTP/1.1" 200 9800 "http://easydrivers.activities.at/entry.php?id=10704&&but=&object=10289206&class=&tag=&value=&chooserview=contetimages&function=&setlist=&t_width=&t_height=&view=contetimages" "Mozilla/5.0 (Windows NT 10.0; Trident/7.0; rv:11.0) like Gecko"
83.65.142.74 - - [03/May/2017:10:04:57 +0200] "GET /entry.php?id=10777&form=10549&name=list& HTTP/1.1" 200 1340 "http://easydrivers.activities.at/entry.php?id=10704&&but=&object=10289206&class=&tag=&value=&chooserview=contetimages&function=&setlist=&t_width=&t_height=&view=contetimages" "Mozilla/5.0 (Windows NT 10.0; Trident/7.0; rv:11.0) like Gecko"
83.65.142.74 - - [03/May/2017:10:04:58 +0200] "GET /cache/emu/images/easy-drivers-amstetten10287972/edlogogpprofilbildpng_16_16_0.png HTTP/1.1" 304 - "http://easydrivers.activities.at/entry.php?id=10778&form=10549&name=list&" "Mozilla/5.0 (Windows NT 10.0; Trident/7.0; rv:11.0) like Gecko"
83.65.142.74 - - [03/May/2017:10:04:58 +0200] "GET /cache/emu/images/easy-drivers-amstetten10289204/03-ansichteasydriver17-04plakat-a2-1jpg_11_16_0.jpg HTTP/1.1" 304 - "http://easydrivers.activities.at/entry.php?id=10778&form=10549&name=list&" "Mozilla/5.0 (Windows NT 10.0; Trident/7.0; rv:11.0) like Gecko"
83.65.142.74 - - [03/May/2017:10:04:58 +0200] "GET /cache/emu/images/easy-drivers-amstetten10287960/sabinemadlencnikjpg_12_16_0.jpg HTTP/1.1" 304 - "http://easydrivers.activities.at/entry.php?id=10778&form=10549&name=list&" "Mozilla/5.0 (Windows NT 10.0; Trident/7.0; rv:11.0) like Gecko"
83.65.142.74 - - [03/May/2017:10:04:58 +0200] "GET /cache/emu/images/easy-drivers-amstetten10287810/bildwebedanschnittl830x300px8png_16_6_0.png HTTP/1.1" 304 - "http://easydrivers.activities.at/entry.php?id=10778&form=10549&name=list&" "Mozilla/5.0 (Windows NT 10.0; Trident/7.0; rv:11.0) like Gecko"
83.65.142.74 - - [03/May/2017:10:04:58 +0200] "GET /cache/emu/images/easy-drivers-amstetten10287969/auvalogosponsorlogojpg_16_8_0.jpg HTTP/1.1" 304 - "http://easydrivers.activities.at/entry.php?id=10778&form=10549&name=list&" "Mozilla/5.0 (Windows NT 10.0; Trident/7.0; rv:11.0) like Gecko"
83.65.142.74 - - [03/May/2017:10:04:58 +0200] "GET /cache/emu/images/easy-drivers-amstetten10287771/bildwebedanschnittl830x300px5png_16_6_0.png HTTP/1.1" 304 - "http://easydrivers.activities.at/entry.php?id=10778&form=10549&name=list&" "Mozilla/5.0 (Windows NT 10.0; Trident/7.0; rv:11.0) like Gecko"
83.65.142.74 - - [03/May/2017:10:04:58 +0200] "GET /cache/emu/images/easy-drivers-amstetten10287966/klimaaktivlogopartnerjpg_16_7_0.jpg HTTP/1.1" 304 - "http://easydrivers.activities.at/entry.php?id=10778&form=10549&name=list&" "Mozilla/5.0 (Windows NT 10.0; Trident/7.0; rv:11.0) like Gecko"
83.65.142.74 - - [03/May/2017:10:04:58 +0200] "GET /cache/emu/images/easy-drivers-amstetten10287970/bildungintegrjpg_16_8_0.jpg HTTP/1.1" 304 - "http://easydrivers.activities.at/entry.php?id=10778&form=10549&name=list&" "Mozilla/5.0 (Windows NT 10.0; Trident/7.0; rv:11.0) like Gecko"
83.65.142.74 - - [03/May/2017:10:04:58 +0200] "GET /cache/emu/images/easy-drivers-amstetten10287773/bildwebedanschnittr830x300px4png_16_6_0.png HTTP/1.1" 304 - "http://easydrivers.activities.at/entry.php?id=10778&form=10549&name=list&" "Mozilla/5.0 (Windows NT 10.0; Trident/7.0; rv:11.0) like Gecko"
83.65.142.74 - - [03/May/2017:10:04:58 +0200] "GET /cache/emu/images/easy-drivers-amstetten10254354/winterkurspng_16_9_0.png HTTP/1.1" 200 369 "http://easydrivers.activities.at/entry.php?id=10778&form=10549&name=list&" "Mozilla/5.0 (Windows NT 10.0; Trident/7.0; rv:11.0) like Gecko"
83.65.142.74 - - [03/May/2017:10:04:58 +0200] "GET /cache/emu/images/easy-drivers-amstetten10268008/widget-sonnenbrillepng_16_9_0.png HTTP/1.1" 200 383 "http://easydrivers.activities.at/entry.php?id=10778&form=10549&name=list&" "Mozilla/5.0 (Windows NT 10.0; Trident/7.0; rv:11.0) like Gecko"
83.65.142.74 - - [03/May/2017:10:04:58 +0200] "GET /cache/emu/images/easy-drivers-amstetten10287961/wernerebenbauerjpg_12_16_0.jpg HTTP/1.1" 304 - "http://easydrivers.activities.at/entry.php?id=10778&form=10549&name=list&" "Mozilla/5.0 (Windows NT 10.0; Trident/7.0; rv:11.0) like Gecko"
83.65.142.74 - - [03/May/2017:10:04:58 +0200] "GET /cache/emu/images/easy-drivers-amstetten10287809/bildwebedanschnittl830x300px6png_16_6_0.png HTTP/1.1" 304 - "http://easydrivers.activities.at/entry.php?id=10778&form=10549&name=list&" "Mozilla/5.0 (Windows NT 10.0; Trident/7.0; rv:11.0) like Gecko"
83.65.142.74 - - [03/May/2017:10:04:58 +0200] "GET /cache/emu/images/easy-drivers-amstetten10287967/umweltundverkehrwebjpg_16_8_0.jpg HTTP/1.1" 304 - "http://easydrivers.activities.at/entry.php?id=10778&form=10549&name=list&" "Mozilla/5.0 (Windows NT 10.0; Trident/7.0; rv:11.0) like Gecko"
83.65.142.74 - - [03/May/2017:10:04:58 +0200] "GET /cache/emu/images/easy-drivers-amstetten10287706/logo-bigjpg_16_6_0.jpg HTTP/1.1" 304 - "http://easydrivers.activities.at/entry.php?id=10778&form=10549&name=list&" "Mozilla/5.0 (Windows NT 10.0; Trident/7.0; rv:11.0) like Gecko"
83.65.142.74 - - [03/May/2017:10:04:58 +0200] "GET /cache/emu/images/easy-drivers-amstetten10287770/bildwebedanschnittl830x300px4png_16_6_0.png HTTP/1.1" 304 - "http://easydrivers.activities.at/entry.php?id=10778&form=10549&name=list&" "Mozilla/5.0 (Windows NT 10.0; Trident/7.0; rv:11.0) like Gecko"
83.65.142.74 - - [03/May/2017:10:04:58 +0200] "GET /cache/emu/images/easy-drivers-amstetten10287968/uniqajpg_16_13_0.jpg HTTP/1.1" 304 - "http://easydrivers.activities.at/entry.php?id=10778&form=10549&name=list&" "Mozilla/5.0 (Windows NT 10.0; Trident/7.0; rv:11.0) like Gecko"
83.65.142.74 - - [03/May/2017:10:04:58 +0200] "GET /cache/emu/images/easy-drivers-amstetten10287973/grosseschuetzenkleinejpg_16_8_0.jpg HTTP/1.1" 304 - "http://easydrivers.activities.at/entry.php?id=10778&form=10549&name=list&" "Mozilla/5.0 (Windows NT 10.0; Trident/7.0; rv:11.0) like Gecko"
83.65.142.74 - - [03/May/2017:10:04:58 +0200] "GET /cache/emu/images/easy-drivers-amstetten10287971/dare2b-logo-blackjpg_16_5_0.jpg HTTP/1.1" 304 - "http://easydrivers.activities.at/entry.php?id=10778&form=10549&name=list&" "Mozilla/5.0 (Windows NT 10.0; Trident/7.0; rv:11.0) like Gecko"
83.65.142.74 - - [03/May/2017:10:04:58 +0200] "GET /cache/emu/images/easy-drivers-amstetten10227329/widget-icon-trainingpng_16_9.png HTTP/1.1" 200 392 "http://easydrivers.activities.at/entry.php?id=10778&form=10549&name=list&" "Mozilla/5.0 (Windows NT 10.0; Trident/7.0; rv:11.0) like Gecko"
83.65.142.74 - - [03/May/2017:10:04:58 +0200] "GET /cache/emu/images/easy-drivers-amstetten10287772/bildwebedanschnittr830x300px3png_16_6_0.png HTTP/1.1" 304 - "http://easydrivers.activities.at/entry.php?id=10778&form=10549&name=list&" "Mozilla/5.0 (Windows NT 10.0; Trident/7.0; rv:11.0) like Gecko"
83.65.142.74 - - [03/May/2017:10:04:58 +0200] "GET /cache/emu/images/easy-drivers-amstetten10287974/kfvgif_16_7_0.gif HTTP/1.1" 304 - "http://easydrivers.activities.at/entry.php?id=10778&form=10549&name=list&" "Mozilla/5.0 (Windows NT 10.0; Trident/7.0; rv:11.0) like Gecko"
83.65.142.74 - - [03/May/2017:10:04:58 +0200] "GET /cache/emu/images/easy-drivers-amstetten10287959/madlencnikjpg_11_16_0.jpg HTTP/1.1" 304 - "http://easydrivers.activities.at/entry.php?id=10778&form=10549&name=list&" "Mozilla/5.0 (Windows NT 10.0; Trident/7.0; rv:11.0) like Gecko"
83.65.142.74 - - [03/May/2017:10:05:10 +0200] "GET /entry.php?id=10271&&ser=798649 HTTP/1.1" 200 987 "http://easydrivers.activities.at/entry.php?id=10271&&ser=798588" "Mozilla/5.0 (Windows NT 10.0; Trident/7.0; rv:11.0) like Gecko"
83.65.142.74 - - [03/May/2017:10:05:10 +0200] "GET /gui/javascript/form_form.js?1493798710 HTTP/1.1" 200 16206 "http://easydrivers.activities.at/entry.php?id=10271&&ser=798649" "Mozilla/5.0 (Windows NT 10.0; Trident/7.0; rv:11.0) like Gecko"
83.65.142.74 - - [03/May/2017:10:05:12 +0200] "POST /entry.php?id=10704&&but=&object=10289206&class=&tag=&value=&chooserview=contetimages&function=&setlist=&t_width=&t_height=&view=contetimages HTTP/1.1" 200 3072 "http://easydrivers.activities.at/entry.php?id=10778&form=10549&name=list&" "Mozilla/5.0 (Windows NT 10.0; Trident/7.0; rv:11.0) like Gecko"
83.65.142.74 - - [03/May/2017:10:05:13 +0200] "GET /gui/javascript/form_form.js?1493798713 HTTP/1.1" 200 16206 "http://easydrivers.activities.at/entry.php?id=10704&&but=&object=10289206&class=&tag=&value=&chooserview=contetimages&function=&setlist=&t_width=&t_height=&view=contetimages" "Mozilla/5.0 (Windows NT 10.0; Trident/7.0; rv:11.0) like Gecko"
83.65.142.74 - - [03/May/2017:10:05:13 +0200] "POST /entry.php?id=11684 HTTP/1.1" 200 3447 "http://easydrivers.activities.at/entry.php?id=11684" "Mozilla/5.0 (Windows NT 10.0; Trident/7.0; rv:11.0) like Gecko"
83.65.142.74 - - [03/May/2017:10:05:13 +0200] "GET /entry.php?id=10776&form=10549&name=list& HTTP/1.1" 200 1702 "http://easydrivers.activities.at/entry.php?id=10704&&but=&object=10289206&class=&tag=&value=&chooserview=contetimages&function=&setlist=&t_width=&t_height=&view=contetimages" "Mozilla/5.0 (Windows NT 10.0; Trident/7.0; rv:11.0) like Gecko"
83.65.142.74 - - [03/May/2017:10:05:13 +0200] "GET /entry.php?id=10777&form=10549&name=list& HTTP/1.1" 200 1340 "http://easydrivers.activities.at/entry.php?id=10704&&but=&object=10289206&class=&tag=&value=&chooserview=contetimages&function=&setlist=&t_width=&t_height=&view=contetimages" "Mozilla/5.0 (Windows NT 10.0; Trident/7.0; rv:11.0) like Gecko"
83.65.142.74 - - [03/May/2017:10:05:14 +0200] "GET /gui/javascript/form_form.js?1493798714 HTTP/1.1" 200 16206 "http://easydrivers.activities.at/entry.php?id=11684" "Mozilla/5.0 (Windows NT 10.0; Trident/7.0; rv:11.0) like Gecko"
83.65.142.74 - - [03/May/2017:10:05:13 +0200] "GET /entry.php?id=10778&form=10549&name=list& HTTP/1.1" 200 9783 "http://easydrivers.activities.at/entry.php?id=10704&&but=&object=10289206&class=&tag=&value=&chooserview=contetimages&function=&setlist=&t_width=&t_height=&view=contetimages" "Mozilla/5.0 (Windows NT 10.0; Trident/7.0; rv:11.0) like Gecko"
83.65.142.74 - - [03/May/2017:10:05:15 +0200] "GET /entry.php?id=10776&form=11506&name=image_list& HTTP/1.1" 200 1531 "http://easydrivers.activities.at/entry.php?id=11684" "Mozilla/5.0 (Windows NT 10.0; Trident/7.0; rv:11.0) like Gecko"
83.65.142.74 - - [03/May/2017:10:05:15 +0200] "GET /entry.php?id=10778&form=11506&name=image_list& HTTP/1.1" 200 3055 "http://easydrivers.activities.at/entry.php?id=11684" "Mozilla/5.0 (Windows NT 10.0; Trident/7.0; rv:11.0) like Gecko"
83.65.142.74 - - [03/May/2017:10:05:23 +0200] "POST /entry.php?id=11684 HTTP/1.1" 200 3100 "http://easydrivers.activities.at/entry.php?id=11684" "Mozilla/5.0 (Windows NT 10.0; Trident/7.0; rv:11.0) like Gecko"
83.65.142.74 - - [03/May/2017:10:05:24 +0200] "GET /gui/javascript/form_form.js?1493798724 HTTP/1.1" 200 16206 "http://easydrivers.activities.at/entry.php?id=11684" "Mozilla/5.0 (Windows NT 10.0; Trident/7.0; rv:11.0) like Gecko"
83.65.142.74 - - [03/May/2017:10:05:25 +0200] "GET /entry.php?id=10778&form=11506&name=binarie_list& HTTP/1.1" 200 2495 "http://easydrivers.activities.at/entry.php?id=11684" "Mozilla/5.0 (Windows NT 10.0; Trident/7.0; rv:11.0) like Gecko"
83.65.142.74 - - [03/May/2017:10:05:25 +0200] "GET /entry.php?id=10776&form=11506&name=binarie_list& HTTP/1.1" 200 1529 "http://easydrivers.activities.at/entry.php?id=11684" "Mozilla/5.0 (Windows NT 10.0; Trident/7.0; rv:11.0) like Gecko"
212.108.43.59 - - [03/May/2017:10:05:26 +0200] "GET /entry.php?id=10271&&ser=798665 HTTP/1.1" 200 987 "http://ed.activities.at/entry.php?id=10271&&ser=798604" "Mozilla/5.0 (Windows NT 10.0; Win64; x64) AppleWebKit/537.36 (KHTML, like Gecko) Chrome/57.0.2987.133 Safari/537.36"
212.108.43.59 - - [03/May/2017:10:05:26 +0200] "GET /gui/javascript/form_form.js?1493798726 HTTP/1.1" 200 16206 "http://ed.activities.at/entry.php?id=10271&&ser=798665" "Mozilla/5.0 (Windows NT 10.0; Win64; x64) AppleWebKit/537.36 (KHTML, like Gecko) Chrome/57.0.2987.133 Safari/537.36"
83.65.142.74 - - [03/May/2017:10:05:30 +0200] "POST /entry.php?id=11684 HTTP/1.1" 200 3952 "http://easydrivers.activities.at/entry.php?id=11684" "Mozilla/5.0 (Windows NT 10.0; Trident/7.0; rv:11.0) like Gecko"
83.65.142.74 - - [03/May/2017:10:05:31 +0200] "GET /gui/javascript/form_form.js?1493798731 HTTP/1.1" 200 16206 "http://easydrivers.activities.at/entry.php?id=11684" "Mozilla/5.0 (Windows NT 10.0; Trident/7.0; rv:11.0) like Gecko"
83.65.142.74 - - [03/May/2017:10:05:33 +0200] "POST /entry.php?id=11684 HTTP/1.1" 200 4214 "http://easydrivers.activities.at/entry.php?id=11684" "Mozilla/5.0 (Windows NT 10.0; Trident/7.0; rv:11.0) like Gecko"
83.65.142.74 - - [03/May/2017:10:05:34 +0200] "GET /gui/javascript/form_form.js?1493798734 HTTP/1.1" 200 16206 "http://easydrivers.activities.at/entry.php?id=11684" "Mozilla/5.0 (Windows NT 10.0; Trident/7.0; rv:11.0) like Gecko"
83.65.142.74 - - [03/May/2017:10:05:43 +0200] "POST /entry.php?id=11685 HTTP/1.1" 200 3614 "http://easydrivers.activities.at/entry.php?id=11685" "Mozilla/5.0 (Windows NT 10.0; Trident/7.0; rv:11.0) like Gecko"
83.65.142.74 - - [03/May/2017:10:05:44 +0200] "GET /gui/javascript/form_form.js?1493798744 HTTP/1.1" 200 16206 "http://easydrivers.activities.at/entry.php?id=11685" "Mozilla/5.0 (Windows NT 10.0; Trident/7.0; rv:11.0) like Gecko"
83.65.142.74 - - [03/May/2017:10:05:44 +0200] "GET /cache/emu/images/easy-drivers-amstetten10289204/03-ansichteasydriver17-04plakat-a2-1jpg_64_90_0.jpg HTTP/1.1" 304 - "http://easydrivers.activities.at/entry.php?id=11685" "Mozilla/5.0 (Windows NT 10.0; Trident/7.0; rv:11.0) like Gecko"
83.65.142.74 - - [03/May/2017:10:05:57 +0200] "GET /entry.php?id=11681&chooserview=addnewboxoffer&hidetitle=true&object=&chooserview=addnewboxoffer&hidetitle=true HTTP/1.1" 200 340 "http://easydrivers.activities.at/entry.php?id=11412" "Mozilla/5.0 (Windows NT 10.0; Trident/7.0; rv:11.0) like Gecko"
83.65.142.74 - - [03/May/2017:10:05:57 +0200] "GET /entry.php?id=11683&chooserview=addnewboxoffer&object=& HTTP/1.1" 200 2959 "http://easydrivers.activities.at/entry.php?id=11681&chooserview=addnewboxoffer&hidetitle=true&object=&chooserview=addnewboxoffer&hidetitle=true" "Mozilla/5.0 (Windows NT 10.0; Trident/7.0; rv:11.0) like Gecko"
83.65.142.74 - - [03/May/2017:10:05:57 +0200] "GET /gui/javascript/form_form.js?1493798757 HTTP/1.1" 200 16206 "http://easydrivers.activities.at/entry.php?id=11683&chooserview=addnewboxoffer&object=&" "Mozilla/5.0 (Windows NT 10.0; Trident/7.0; rv:11.0) like Gecko"
83.65.142.74 - - [03/May/2017:10:05:57 +0200] "GET /entry.php?id=11684&chooserview=addnewboxoffer&object=& HTTP/1.1" 200 3790 "http://easydrivers.activities.at/entry.php?id=11681&chooserview=addnewboxoffer&hidetitle=true&object=&chooserview=addnewboxoffer&hidetitle=true" "Mozilla/5.0 (Windows NT 10.0; Trident/7.0; rv:11.0) like Gecko"
83.65.142.74 - - [03/May/2017:10:05:59 +0200] "GET /entry.php?id=10778&form=11508&name=list& HTTP/1.1" 200 3084 "http://easydrivers.activities.at/entry.php?id=11683&chooserview=addnewboxoffer&object=&" "Mozilla/5.0 (Windows NT 10.0; Trident/7.0; rv:11.0) like Gecko"
83.65.142.74 - - [03/May/2017:10:05:59 +0200] "GET /entry.php?id=10776&form=11508&name=list& HTTP/1.1" 200 1808 "http://easydrivers.activities.at/entry.php?id=11683&chooserview=addnewboxoffer&object=&" "Mozilla/5.0 (Windows NT 10.0; Trident/7.0; rv:11.0) like Gecko"
83.65.142.74 - - [03/May/2017:10:06:06 +0200] "POST /entry.php?id=11685 HTTP/1.1" 200 3710 "http://easydrivers.activities.at/entry.php?id=11685" "Mozilla/5.0 (Windows NT 10.0; Trident/7.0; rv:11.0) like Gecko"
83.65.142.74 - - [03/May/2017:10:06:06 +0200] "GET /gui/javascript/form_form.js?1493798766 HTTP/1.1" 200 16206 "http://easydrivers.activities.at/entry.php?id=11685" "Mozilla/5.0 (Windows NT 10.0; Trident/7.0; rv:11.0) like Gecko"
83.65.142.74 - - [03/May/2017:10:06:11 +0200] "GET /entry.php?id=10271&&ser=798710 HTTP/1.1" 200 986 "http://easydrivers.activities.at/entry.php?id=10271&&ser=798649" "Mozilla/5.0 (Windows NT 10.0; Trident/7.0; rv:11.0) like Gecko"
83.65.142.74 - - [03/May/2017:10:06:11 +0200] "GET /gui/javascript/form_form.js?1493798771 HTTP/1.1" 200 16206 "http://easydrivers.activities.at/entry.php?id=10271&&ser=798710" "Mozilla/5.0 (Windows NT 10.0; Trident/7.0; rv:11.0) like Gecko"
212.108.43.59 - - [03/May/2017:10:06:27 +0200] "GET /entry.php?id=10271&&ser=798726 HTTP/1.1" 200 987 "http://ed.activities.at/entry.php?id=10271&&ser=798665" "Mozilla/5.0 (Windows NT 10.0; Win64; x64) AppleWebKit/537.36 (KHTML, like Gecko) Chrome/57.0.2987.133 Safari/537.36"
212.108.43.59 - - [03/May/2017:10:06:27 +0200] "GET /gui/javascript/form_form.js?1493798787 HTTP/1.1" 200 16206 "http://ed.activities.at/entry.php?id=10271&&ser=798726" "Mozilla/5.0 (Windows NT 10.0; Win64; x64) AppleWebKit/537.36 (KHTML, like Gecko) Chrome/57.0.2987.133 Safari/537.36"
83.65.142.74 - - [03/May/2017:10:06:41 +0200] "POST /entry.php?id=11677 HTTP/1.1" 200 3312 "http://easydrivers.activities.at/entry.php?id=10778&form=11502&name=list&" "Mozilla/5.0 (Windows NT 10.0; Trident/7.0; rv:11.0) like Gecko"
83.65.142.74 - - [03/May/2017:10:06:41 +0200] "GET /gui/javascript/form_form.js?1493798801 HTTP/1.1" 200 16206 "http://easydrivers.activities.at/entry.php?id=11677" "Mozilla/5.0 (Windows NT 10.0; Trident/7.0; rv:11.0) like Gecko"
83.65.142.74 - - [03/May/2017:10:06:42 +0200] "GET /entry.php?id=10778&form=11502&name=list& HTTP/1.1" 200 3850 "http://easydrivers.activities.at/entry.php?id=11677" "Mozilla/5.0 (Windows NT 10.0; Trident/7.0; rv:11.0) like Gecko"
83.65.142.74 - - [03/May/2017:10:06:42 +0200] "GET /entry.php?id=10776&form=11502&name=list& HTTP/1.1" 200 1475 "http://easydrivers.activities.at/entry.php?id=11677" "Mozilla/5.0 (Windows NT 10.0; Trident/7.0; rv:11.0) like Gecko"
83.65.142.74 - - [03/May/2017:10:06:48 +0200] "POST /entry.php?id=11677 HTTP/1.1" 200 4421 "http://easydrivers.activities.at/entry.php?id=11677" "Mozilla/5.0 (Windows NT 10.0; Trident/7.0; rv:11.0) like Gecko"
83.65.142.74 - - [03/May/2017:10:06:48 +0200] "GET /gui/javascript/form_form.js?1493798808 HTTP/1.1" 200 16206 "http://easydrivers.activities.at/entry.php?id=11677" "Mozilla/5.0 (Windows NT 10.0; Trident/7.0; rv:11.0) like Gecko"
83.65.142.74 - - [03/May/2017:10:06:50 +0200] "POST /entry.php?id=11678 HTTP/1.1" 200 3225 "http://easydrivers.activities.at/entry.php?id=11678&" "Mozilla/5.0 (Windows NT 10.0; Trident/7.0; rv:11.0) like Gecko"
83.65.142.74 - - [03/May/2017:10:06:51 +0200] "GET /activities/framework/KoolControls/KoolAjax/koolajax.php?8436e354c842500aba3cbaf0584c0c24 HTTP/1.1" 200 4079 "http://easydrivers.activities.at/entry.php?id=11678" "Mozilla/5.0 (Windows NT 10.0; Trident/7.0; rv:11.0) like Gecko"
83.65.142.74 - - [03/May/2017:10:06:51 +0200] "GET /gui/javascript/form_form.js?1493798811 HTTP/1.1" 200 16206 "http://easydrivers.activities.at/entry.php?id=11678" "Mozilla/5.0 (Windows NT 10.0; Trident/7.0; rv:11.0) like Gecko"
83.65.142.74 - - [03/May/2017:10:06:52 +0200] "GET /activities/framework/KoolControls/KoolTreeView/kooltreeview.php?c7cd9180e88ffef8e70f13526bb4f5f7 HTTP/1.1" 200 5055 "http://easydrivers.activities.at/entry.php?id=11678" "Mozilla/5.0 (Windows NT 10.0; Trident/7.0; rv:11.0) like Gecko"
83.65.142.74 - - [03/May/2017:10:06:55 +0200] "POST /entry.php?id=11677 HTTP/1.1" 200 4414 "http://easydrivers.activities.at/entry.php?id=11677" "Mozilla/5.0 (Windows NT 10.0; Trident/7.0; rv:11.0) like Gecko"
83.65.142.74 - - [03/May/2017:10:06:55 +0200] "GET /gui/javascript/form_form.js?1493798815 HTTP/1.1" 200 16206 "http://easydrivers.activities.at/entry.php?id=11677" "Mozilla/5.0 (Windows NT 10.0; Trident/7.0; rv:11.0) like Gecko"
83.65.142.74 - - [03/May/2017:10:07:12 +0200] "GET /entry.php?id=10271&&ser=798771 HTTP/1.1" 200 987 "http://easydrivers.activities.at/entry.php?id=10271&&ser=798710" "Mozilla/5.0 (Windows NT 10.0; Trident/7.0; rv:11.0) like Gecko"
83.65.142.74 - - [03/May/2017:10:07:13 +0200] "GET /gui/javascript/form_form.js?1493798832 HTTP/1.1" 200 16206 "http://easydrivers.activities.at/entry.php?id=10271&&ser=798771" "Mozilla/5.0 (Windows NT 10.0; Trident/7.0; rv:11.0) like Gecko"
212.108.43.59 - - [03/May/2017:10:07:28 +0200] "GET /entry.php?id=10271&&ser=798787 HTTP/1.1" 200 987 "http://ed.activities.at/entry.php?id=10271&&ser=798726" "Mozilla/5.0 (Windows NT 10.0; Win64; x64) AppleWebKit/537.36 (KHTML, like Gecko) Chrome/57.0.2987.133 Safari/537.36"
212.108.43.59 - - [03/May/2017:10:07:28 +0200] "GET /gui/javascript/form_form.js?1493798848 HTTP/1.1" 200 16206 "http://ed.activities.at/entry.php?id=10271&&ser=798787" "Mozilla/5.0 (Windows NT 10.0; Win64; x64) AppleWebKit/537.36 (KHTML, like Gecko) Chrome/57.0.2987.133 Safari/537.36"
83.65.142.74 - - [03/May/2017:10:08:13 +0200] "POST /entry.php?id=11677 HTTP/1.1" 200 3217 "http://easydrivers.activities.at/entry.php?id=11677" "Mozilla/5.0 (Windows NT 10.0; Trident/7.0; rv:11.0) like Gecko"
83.65.142.74 - - [03/May/2017:10:08:13 +0200] "GET /gui/javascript/form_form.js?1493798893 HTTP/1.1" 200 16206 "http://easydrivers.activities.at/entry.php?id=11677" "Mozilla/5.0 (Windows NT 10.0; Trident/7.0; rv:11.0) like Gecko"
83.65.142.74 - - [03/May/2017:10:08:14 +0200] "GET /entry.php?id=10271&&ser=798832 HTTP/1.1" 200 987 "http://easydrivers.activities.at/entry.php?id=10271&&ser=798771" "Mozilla/5.0 (Windows NT 10.0; Trident/7.0; rv:11.0) like Gecko"
83.65.142.74 - - [03/May/2017:10:08:14 +0200] "GET /entry.php?id=10776&form=11502&name=list& HTTP/1.1" 200 1475 "http://easydrivers.activities.at/entry.php?id=11677" "Mozilla/5.0 (Windows NT 10.0; Trident/7.0; rv:11.0) like Gecko"
83.65.142.74 - - [03/May/2017:10:08:14 +0200] "GET /entry.php?id=10778&form=11502&name=list& HTTP/1.1" 200 3850 "http://easydrivers.activities.at/entry.php?id=11677" "Mozilla/5.0 (Windows NT 10.0; Trident/7.0; rv:11.0) like Gecko"
83.65.142.74 - - [03/May/2017:10:08:15 +0200] "GET /gui/javascript/form_form.js?1493798894 HTTP/1.1" 200 16206 "http://easydrivers.activities.at/entry.php?id=10271&&ser=798832" "Mozilla/5.0 (Windows NT 10.0; Trident/7.0; rv:11.0) like Gecko"
83.65.142.74 - - [03/May/2017:10:08:20 +0200] "GET /entry.php?id=11686&object=10228812&site=10201431 HTTP/1.1" 200 1786 "http://easydrivers.activities.at/entry.php?id=11412" "Mozilla/5.0 (Windows NT 10.0; Trident/7.0; rv:11.0) like Gecko"
83.65.142.74 - - [03/May/2017:10:08:21 +0200] "GET /gui/javascript/form_form.js?1493798901 HTTP/1.1" 200 16206 "http://easydrivers.activities.at/entry.php?id=11686&object=10228812&site=10201431" "Mozilla/5.0 (Windows NT 10.0; Trident/7.0; rv:11.0) like Gecko"
212.108.43.59 - - [03/May/2017:10:08:29 +0200] "GET /entry.php?id=10271&&ser=798848 HTTP/1.1" 200 987 "http://ed.activities.at/entry.php?id=10271&&ser=798787" "Mozilla/5.0 (Windows NT 10.0; Win64; x64) AppleWebKit/537.36 (KHTML, like Gecko) Chrome/57.0.2987.133 Safari/537.36"
212.108.43.59 - - [03/May/2017:10:08:29 +0200] "GET /gui/javascript/form_form.js?1493798909 HTTP/1.1" 200 16206 "http://ed.activities.at/entry.php?id=10271&&ser=798848" "Mozilla/5.0 (Windows NT 10.0; Win64; x64) AppleWebKit/537.36 (KHTML, like Gecko) Chrome/57.0.2987.133 Safari/537.36"
83.65.142.74 - - [03/May/2017:10:08:36 +0200] "GET /entry.php?id=11685&object=10228812&site=10201431&item=10221968 HTTP/1.1" 200 3625 "http://easydrivers.activities.at/entry.php?id=11412" "Mozilla/5.0 (Windows NT 10.0; Trident/7.0; rv:11.0) like Gecko"
83.65.142.74 - - [03/May/2017:10:08:37 +0200] "GET /gui/javascript/form_form.js?1493798917 HTTP/1.1" 200 16206 "http://easydrivers.activities.at/entry.php?id=11685&object=10228812&site=10201431&item=10221968" "Mozilla/5.0 (Windows NT 10.0; Trident/7.0; rv:11.0) like Gecko"
83.65.142.74 - - [03/May/2017:10:08:39 +0200] "GET /gui/images/emptybar.gif HTTP/1.1" 200 89 "http://easydrivers.activities.at/entry.php?id=10272" "Mozilla/5.0 (Windows NT 10.0; Trident/7.0; rv:11.0) like Gecko"
83.65.142.74 - - [03/May/2017:10:08:44 +0200] "GET /gui/images/progressbar.gif HTTP/1.1" 200 2157 "http://easydrivers.activities.at/entry.php?id=10272" "Mozilla/5.0 (Windows NT 10.0; Trident/7.0; rv:11.0) like Gecko"
83.65.142.74 - - [03/May/2017:10:08:44 +0200] "POST /entry.php?id=11685 HTTP/1.1" 200 3708 "http://easydrivers.activities.at/entry.php?id=11685&object=10228812&site=10201431&item=10221968" "Mozilla/5.0 (Windows NT 10.0; Trident/7.0; rv:11.0) like Gecko"
83.65.142.74 - - [03/May/2017:10:08:45 +0200] "GET /gui/images/icons/delete.gif HTTP/1.1" 200 86 "http://easydrivers.activities.at/entry.php?id=11685" "Mozilla/5.0 (Windows NT 10.0; Trident/7.0; rv:11.0) like Gecko"
83.65.142.74 - - [03/May/2017:10:08:45 +0200] "GET /gui/javascript/form_form.js?1493798925 HTTP/1.1" 200 16206 "http://easydrivers.activities.at/entry.php?id=11685" "Mozilla/5.0 (Windows NT 10.0; Trident/7.0; rv:11.0) like Gecko"
83.65.142.74 - - [03/May/2017:10:08:46 +0200] "GET /activities/framework/KoolControls/KoolTreeView/icons/square_yellowS.gif HTTP/1.1" 200 541 "http://easydrivers.activities.at/entry.php?id=11678" "Mozilla/5.0 (Windows NT 10.0; Trident/7.0; rv:11.0) like Gecko"
83.65.142.74 - - [03/May/2017:10:09:10 +0200] "GET /entry.php?id=11681&chooserview=addnewboxoffer&hidetitle=true&object=10289205&chooserview=addnewboxoffer&hidetitle=true HTTP/1.1" 200 348 "http://easydrivers.activities.at/entry.php?id=11412" "Mozilla/5.0 (Windows NT 10.0; Trident/7.0; rv:11.0) like Gecko"
83.65.142.74 - - [03/May/2017:10:09:10 +0200] "GET /entry.php?id=11683&chooserview=addnewboxoffer&object=10289205& HTTP/1.1" 200 2958 "http://easydrivers.activities.at/entry.php?id=11681&chooserview=addnewboxoffer&hidetitle=true&object=10289205&chooserview=addnewboxoffer&hidetitle=true" "Mozilla/5.0 (Windows NT 10.0; Trident/7.0; rv:11.0) like Gecko"
83.65.142.74 - - [03/May/2017:10:09:11 +0200] "GET /gui/javascript/form_form.js?1493798951 HTTP/1.1" 200 16206 "http://easydrivers.activities.at/entry.php?id=11683&chooserview=addnewboxoffer&object=10289205&" "Mozilla/5.0 (Windows NT 10.0; Trident/7.0; rv:11.0) like Gecko"
83.65.142.74 - - [03/May/2017:10:09:10 +0200] "GET /entry.php?id=11684&chooserview=addnewboxoffer&object=10289205& HTTP/1.1" 200 3947 "http://easydrivers.activities.at/entry.php?id=11681&chooserview=addnewboxoffer&hidetitle=true&object=10289205&chooserview=addnewboxoffer&hidetitle=true" "Mozilla/5.0 (Windows NT 10.0; Trident/7.0; rv:11.0) like Gecko"
83.65.142.74 - - [03/May/2017:10:09:12 +0200] "GET /gui/images/icons/information.gif HTTP/1.1" 200 1025 "http://easydrivers.activities.at/entry.php?id=11684&chooserview=addnewboxoffer&object=10289205&" "Mozilla/5.0 (Windows NT 10.0; Trident/7.0; rv:11.0) like Gecko"
83.65.142.74 - - [03/May/2017:10:09:12 +0200] "GET /gui/images/icons/disabled_delete.gif HTTP/1.1" 200 86 "http://easydrivers.activities.at/entry.php?id=11684&chooserview=addnewboxoffer&object=10289205&" "Mozilla/5.0 (Windows NT 10.0; Trident/7.0; rv:11.0) like Gecko"
83.65.142.74 - - [03/May/2017:10:09:12 +0200] "GET /entry.php?id=10778&form=11508&name=list& HTTP/1.1" 200 3087 "http://easydrivers.activities.at/entry.php?id=11683&chooserview=addnewboxoffer&object=10289205&" "Mozilla/5.0 (Windows NT 10.0; Trident/7.0; rv:11.0) like Gecko"
83.65.142.74 - - [03/May/2017:10:09:12 +0200] "GET /entry.php?id=10776&form=11508&name=list& HTTP/1.1" 200 1808 "http://easydrivers.activities.at/entry.php?id=11683&chooserview=addnewboxoffer&object=10289205&" "Mozilla/5.0 (Windows NT 10.0; Trident/7.0; rv:11.0) like Gecko"
83.65.142.74 - - [03/May/2017:10:09:13 +0200] "GET /gui/images/icons/filter_on.gif HTTP/1.1" 200 316 "http://easydrivers.activities.at/entry.php?id=10776&form=11508&name=list&" "Mozilla/5.0 (Windows NT 10.0; Trident/7.0; rv:11.0) like Gecko"
83.65.142.74 - - [03/May/2017:10:09:13 +0200] "GET /framework/icons/sortUp.gif HTTP/1.1" 200 53 "http://easydrivers.activities.at/entry.php?id=10776&form=11508&name=list&" "Mozilla/5.0 (Windows NT 10.0; Trident/7.0; rv:11.0) like Gecko"
83.65.142.74 - - [03/May/2017:10:09:15 +0200] "GET /framework/icons/rowselect.gif HTTP/1.1" 200 67 "http://easydrivers.activities.at/entry.php?id=10778&form=11508&name=list&" "Mozilla/5.0 (Windows NT 10.0; Trident/7.0; rv:11.0) like Gecko"
83.65.142.74 - - [03/May/2017:10:09:18 +0200] "GET /entry.php?id=10271&&ser=798894 HTTP/1.1" 200 987 "http://easydrivers.activities.at/entry.php?id=10271&&ser=798832" "Mozilla/5.0 (Windows NT 10.0; Trident/7.0; rv:11.0) like Gecko"
83.65.142.74 - - [03/May/2017:10:09:18 +0200] "GET /gui/javascript/form_form.js?1493798958 HTTP/1.1" 200 16206 "http://easydrivers.activities.at/entry.php?id=10271&&ser=798894" "Mozilla/5.0 (Windows NT 10.0; Trident/7.0; rv:11.0) like Gecko"
212.108.43.59 - - [03/May/2017:10:09:30 +0200] "GET /entry.php?id=10271&&ser=798909 HTTP/1.1" 200 987 "http://ed.activities.at/entry.php?id=10271&&ser=798848" "Mozilla/5.0 (Windows NT 10.0; Win64; x64) AppleWebKit/537.36 (KHTML, like Gecko) Chrome/57.0.2987.133 Safari/537.36"
212.108.43.59 - - [03/May/2017:10:09:30 +0200] "GET /gui/javascript/form_form.js?1493798970 HTTP/1.1" 200 16206 "http://ed.activities.at/entry.php?id=10271&&ser=798909" "Mozilla/5.0 (Windows NT 10.0; Win64; x64) AppleWebKit/537.36 (KHTML, like Gecko) Chrome/57.0.2987.133 Safari/537.36"
83.65.142.74 - - [03/May/2017:10:09:39 +0200] "GET /entry.php?id=11681 HTTP/1.1" 200 328 "http://easydrivers.activities.at/entry.php?id=11412" "Mozilla/5.0 (Windows NT 10.0; Trident/7.0; rv:11.0) like Gecko"
83.65.142.74 - - [03/May/2017:10:09:39 +0200] "GET /entry.php?id=10676&&title=Contentverwaltung HTTP/1.1" 200 1392 "http://easydrivers.activities.at/entry.php?id=11681" "Mozilla/5.0 (Windows NT 10.0; Trident/7.0; rv:11.0) like Gecko"
83.65.142.74 - - [03/May/2017:10:09:39 +0200] "GET /gui/javascript/form_form.js?1493798979 HTTP/1.1" 200 16206 "http://easydrivers.activities.at/entry.php?id=10676&&title=Contentverwaltung" "Mozilla/5.0 (Windows NT 10.0; Trident/7.0; rv:11.0) like Gecko"
83.65.142.74 - - [03/May/2017:10:09:39 +0200] "GET /entry.php?id=11684& HTTP/1.1" 200 3805 "http://easydrivers.activities.at/entry.php?id=11681" "Mozilla/5.0 (Windows NT 10.0; Trident/7.0; rv:11.0) like Gecko"
83.65.142.74 - - [03/May/2017:10:09:39 +0200] "GET /entry.php?id=11683& HTTP/1.1" 200 2682 "http://easydrivers.activities.at/entry.php?id=11681" "Mozilla/5.0 (Windows NT 10.0; Trident/7.0; rv:11.0) like Gecko"
83.65.142.74 - - [03/May/2017:10:09:40 +0200] "GET /gui/images/icons/disabled_lupe.gif HTTP/1.1" 200 322 "http://easydrivers.activities.at/entry.php?id=11684&" "Mozilla/5.0 (Windows NT 10.0; Trident/7.0; rv:11.0) like Gecko"
83.65.142.74 - - [03/May/2017:10:09:40 +0200] "GET /gui/images/icons/disabled_information.gif HTTP/1.1" 200 624 "http://easydrivers.activities.at/entry.php?id=11684&" "Mozilla/5.0 (Windows NT 10.0; Trident/7.0; rv:11.0) like Gecko"
83.65.142.74 - - [03/May/2017:10:09:41 +0200] "GET /gui/javascript/form_form.js?1493798980 HTTP/1.1" 200 16206 "http://easydrivers.activities.at/entry.php?id=11683&" "Mozilla/5.0 (Windows NT 10.0; Trident/7.0; rv:11.0) like Gecko"
83.65.142.74 - - [03/May/2017:10:09:42 +0200] "GET /entry.php?id=10778&form=11508&name=list& HTTP/1.1" 200 3153 "http://easydrivers.activities.at/entry.php?id=11683&" "Mozilla/5.0 (Windows NT 10.0; Trident/7.0; rv:11.0) like Gecko"
83.65.142.74 - - [03/May/2017:10:09:42 +0200] "GET /entry.php?id=10776&form=11508&name=list& HTTP/1.1" 200 1895 "http://easydrivers.activities.at/entry.php?id=11683&" "Mozilla/5.0 (Windows NT 10.0; Trident/7.0; rv:11.0) like Gecko"
83.65.142.74 - - [03/May/2017:10:09:43 +0200] "GET /gui/images/icons/disable_light.gif HTTP/1.1" 200 616 "http://easydrivers.activities.at/entry.php?id=10776&form=11508&name=list&" "Mozilla/5.0 (Windows NT 10.0; Trident/7.0; rv:11.0) like Gecko"
83.65.142.74 - - [03/May/2017:10:09:46 +0200] "POST /entry.php?id=11684 HTTP/1.1" 200 3947 "http://easydrivers.activities.at/entry.php?id=11684&" "Mozilla/5.0 (Windows NT 10.0; Trident/7.0; rv:11.0) like Gecko"
83.65.142.74 - - [03/May/2017:10:09:46 +0200] "GET /gui/javascript/form_form.js?1493798986 HTTP/1.1" 200 16206 "http://easydrivers.activities.at/entry.php?id=11684" "Mozilla/5.0 (Windows NT 10.0; Trident/7.0; rv:11.0) like Gecko"
83.65.142.74 - - [03/May/2017:10:09:49 +0200] "POST /entry.php?id=11684 HTTP/1.1" 200 3056 "http://easydrivers.activities.at/entry.php?id=11684" "Mozilla/5.0 (Windows NT 10.0; Trident/7.0; rv:11.0) like Gecko"
83.65.142.74 - - [03/May/2017:10:09:50 +0200] "GET /gui/javascript/form_form.js?1493798990 HTTP/1.1" 200 16206 "http://easydrivers.activities.at/entry.php?id=11684" "Mozilla/5.0 (Windows NT 10.0; Trident/7.0; rv:11.0) like Gecko"
83.65.142.74 - - [03/May/2017:10:09:51 +0200] "GET /framework/webfx/javascript/tinymce/skins/lightgray/content.min.css HTTP/1.1" 404 331 "http://easydrivers.activities.at/entry.php?id=11684" "Mozilla/5.0 (Windows NT 10.0; Trident/7.0; rv:11.0) like Gecko"
83.65.142.74 - - [03/May/2017:10:10:01 +0200] "POST /entry.php?id=11684 HTTP/1.1" 200 3400 "http://easydrivers.activities.at/entry.php?id=11684" "Mozilla/5.0 (Windows NT 10.0; Trident/7.0; rv:11.0) like Gecko"
83.65.142.74 - - [03/May/2017:10:10:02 +0200] "GET /gui/javascript/form_form.js?1493799002 HTTP/1.1" 200 16206 "http://easydrivers.activities.at/entry.php?id=11684" "Mozilla/5.0 (Windows NT 10.0; Trident/7.0; rv:11.0) like Gecko"
83.65.142.74 - - [03/May/2017:10:10:03 +0200] "GET /framework/webfx/javascript/tinymce/skins/lightgray/content.min.css HTTP/1.1" 404 331 "http://easydrivers.activities.at/entry.php?id=11684" "Mozilla/5.0 (Windows NT 10.0; Trident/7.0; rv:11.0) like Gecko"
83.65.142.74 - - [03/May/2017:10:10:14 +0200] "POST /entry.php?id=11684 HTTP/1.1" 200 3959 "http://easydrivers.activities.at/entry.php?id=11684" "Mozilla/5.0 (Windows NT 10.0; Trident/7.0; rv:11.0) like Gecko"
83.65.142.74 - - [03/May/2017:10:10:15 +0200] "GET /gui/javascript/form_form.js?1493799015 HTTP/1.1" 200 16206 "http://easydrivers.activities.at/entry.php?id=11684" "Mozilla/5.0 (Windows NT 10.0; Trident/7.0; rv:11.0) like Gecko"
83.65.142.74 - - [03/May/2017:10:10:18 +0200] "POST /entry.php?id=11684 HTTP/1.1" 200 4213 "http://easydrivers.activities.at/entry.php?id=11684" "Mozilla/5.0 (Windows NT 10.0; Trident/7.0; rv:11.0) like Gecko"
83.65.142.74 - - [03/May/2017:10:10:18 +0200] "GET /gui/javascript/form_form.js?1493799018 HTTP/1.1" 200 16206 "http://easydrivers.activities.at/entry.php?id=11684" "Mozilla/5.0 (Windows NT 10.0; Trident/7.0; rv:11.0) like Gecko"
83.65.142.74 - - [03/May/2017:10:10:19 +0200] "GET /entry.php?id=10271&&ser=798958 HTTP/1.1" 200 987 "http://easydrivers.activities.at/entry.php?id=10271&&ser=798894" "Mozilla/5.0 (Windows NT 10.0; Trident/7.0; rv:11.0) like Gecko"
83.65.142.74 - - [03/May/2017:10:10:19 +0200] "GET /gui/javascript/form_form.js?1493799019 HTTP/1.1" 200 16206 "http://easydrivers.activities.at/entry.php?id=10271&&ser=798958" "Mozilla/5.0 (Windows NT 10.0; Trident/7.0; rv:11.0) like Gecko"
212.108.43.59 - - [03/May/2017:10:10:31 +0200] "GET /entry.php?id=10271&&ser=798970 HTTP/1.1" 200 987 "http://ed.activities.at/entry.php?id=10271&&ser=798909" "Mozilla/5.0 (Windows NT 10.0; Win64; x64) AppleWebKit/537.36 (KHTML, like Gecko) Chrome/57.0.2987.133 Safari/537.36"
212.108.43.59 - - [03/May/2017:10:10:31 +0200] "GET /gui/javascript/form_form.js?1493799031 HTTP/1.1" 200 16206 "http://ed.activities.at/entry.php?id=10271&&ser=798970" "Mozilla/5.0 (Windows NT 10.0; Win64; x64) AppleWebKit/537.36 (KHTML, like Gecko) Chrome/57.0.2987.133 Safari/537.36"
83.65.142.74 - - [03/May/2017:10:11:15 +0200] "GET /entry.php?id=11679 HTTP/1.1" 200 312 "http://easydrivers.activities.at/entry.php?id=11412" "Mozilla/5.0 (Windows NT 10.0; Trident/7.0; rv:11.0) like Gecko"
83.65.142.74 - - [03/May/2017:10:11:16 +0200] "GET /entry.php?id=10676&title=Portal& HTTP/1.1" 200 1387 "http://easydrivers.activities.at/entry.php?id=11679" "Mozilla/5.0 (Windows NT 10.0; Trident/7.0; rv:11.0) like Gecko"
83.65.142.74 - - [03/May/2017:10:11:16 +0200] "GET /gui/javascript/form_form.js?1493799076 HTTP/1.1" 200 16206 "http://easydrivers.activities.at/entry.php?id=10676&title=Portal&" "Mozilla/5.0 (Windows NT 10.0; Trident/7.0; rv:11.0) like Gecko"
83.65.142.74 - - [03/May/2017:10:11:16 +0200] "GET /entry.php?id=11677& HTTP/1.1" 200 4374 "http://easydrivers.activities.at/entry.php?id=11679" "Mozilla/5.0 (Windows NT 10.0; Trident/7.0; rv:11.0) like Gecko"
83.65.142.74 - - [03/May/2017:10:11:16 +0200] "GET /entry.php?id=11678& HTTP/1.1" 200 3177 "http://easydrivers.activities.at/entry.php?id=11679" "Mozilla/5.0 (Windows NT 10.0; Trident/7.0; rv:11.0) like Gecko"
83.65.142.74 - - [03/May/2017:10:11:17 +0200] "GET /activities/framework/KoolControls/KoolTreeView/icons/website.gif HTTP/1.1" 200 1049 "http://easydrivers.activities.at/entry.php?id=11678&" "Mozilla/5.0 (Windows NT 10.0; Trident/7.0; rv:11.0) like Gecko"
83.65.142.74 - - [03/May/2017:10:11:17 +0200] "GET /activities/framework/KoolControls/KoolTreeView/icons/square_greenS.gif HTTP/1.1" 200 541 "http://easydrivers.activities.at/entry.php?id=11678&" "Mozilla/5.0 (Windows NT 10.0; Trident/7.0; rv:11.0) like Gecko"
83.65.142.74 - - [03/May/2017:10:11:17 +0200] "GET /activities/framework/KoolControls/KoolAjax/koolajax.php?8436e354c842500aba3cbaf0584c0c24 HTTP/1.1" 200 4079 "http://easydrivers.activities.at/entry.php?id=11678&" "Mozilla/5.0 (Windows NT 10.0; Trident/7.0; rv:11.0) like Gecko"
83.65.142.74 - - [03/May/2017:10:11:17 +0200] "GET /activities/framework/KoolControls/KoolTreeView/icons/square_greyS.gif HTTP/1.1" 200 342 "http://easydrivers.activities.at/entry.php?id=11678&" "Mozilla/5.0 (Windows NT 10.0; Trident/7.0; rv:11.0) like Gecko"
83.65.142.74 - - [03/May/2017:10:11:17 +0200] "GET /gui/images/icons/square_yellowS.gif HTTP/1.1" 200 541 "http://easydrivers.activities.at/entry.php?id=11678&" "Mozilla/5.0 (Windows NT 10.0; Trident/7.0; rv:11.0) like Gecko"
83.65.142.74 - - [03/May/2017:10:11:17 +0200] "GET /gui/images/icons/website_modified.gif HTTP/1.1" 200 1060 "http://easydrivers.activities.at/entry.php?id=11678&" "Mozilla/5.0 (Windows NT 10.0; Trident/7.0; rv:11.0) like Gecko"
83.65.142.74 - - [03/May/2017:10:11:17 +0200] "GET /gui/javascript/jquery/js/i18n/jquery.ui.datepicker-de.js HTTP/1.1" 200 479 "http://easydrivers.activities.at/entry.php?id=11677&" "Mozilla/5.0 (Windows NT 10.0; Trident/7.0; rv:11.0) like Gecko"
83.65.142.74 - - [03/May/2017:10:11:17 +0200] "GET /gui/javascript/jquery/js/i18n/jquery-ui-timepicker-de.js HTTP/1.1" 200 333 "http://easydrivers.activities.at/entry.php?id=11677&" "Mozilla/5.0 (Windows NT 10.0; Trident/7.0; rv:11.0) like Gecko"
83.65.142.74 - - [03/May/2017:10:11:17 +0200] "GET /gui/images/icons/square_greyS.gif HTTP/1.1" 200 342 "http://easydrivers.activities.at/entry.php?id=11678&" "Mozilla/5.0 (Windows NT 10.0; Trident/7.0; rv:11.0) like Gecko"
83.65.142.74 - - [03/May/2017:10:11:17 +0200] "GET /gui/images/icons/square_greenS.gif HTTP/1.1" 200 541 "http://easydrivers.activities.at/entry.php?id=11678&" "Mozilla/5.0 (Windows NT 10.0; Trident/7.0; rv:11.0) like Gecko"
83.65.142.74 - - [03/May/2017:10:11:17 +0200] "GET /gui/javascript/jquery/js/ui-timepicker-addon.js HTTP/1.1" 200 17574 "http://easydrivers.activities.at/entry.php?id=11677&" "Mozilla/5.0 (Windows NT 10.0; Trident/7.0; rv:11.0) like Gecko"
83.65.142.74 - - [03/May/2017:10:11:17 +0200] "GET /gui/images/icons/edit.gif HTTP/1.1" 200 384 "http://easydrivers.activities.at/entry.php?id=11677&" "Mozilla/5.0 (Windows NT 10.0; Trident/7.0; rv:11.0) like Gecko"
83.65.142.74 - - [03/May/2017:10:11:17 +0200] "GET /gui/images/icons/disabled_wizard.png HTTP/1.1" 200 658 "http://easydrivers.activities.at/entry.php?id=11677&" "Mozilla/5.0 (Windows NT 10.0; Trident/7.0; rv:11.0) like Gecko"
83.65.142.74 - - [03/May/2017:10:11:18 +0200] "GET /activities/framework/KoolControls/KoolTreeView/styles/default/L.gif HTTP/1.1" 200 67 "http://easydrivers.activities.at/entry.php?id=11678&" "Mozilla/5.0 (Windows NT 10.0; Trident/7.0; rv:11.0) like Gecko"
83.65.142.74 - - [03/May/2017:10:11:18 +0200] "GET /activities/framework/KoolControls/KoolTreeView/kooltreeview.php?c7cd9180e88ffef8e70f13526bb4f5f7 HTTP/1.1" 200 5055 "http://easydrivers.activities.at/entry.php?id=11678&" "Mozilla/5.0 (Windows NT 10.0; Trident/7.0; rv:11.0) like Gecko"
83.65.142.74 - - [03/May/2017:10:11:18 +0200] "GET /activities/framework/KoolControls/KoolTreeView/styles/default/mid.gif HTTP/1.1" 200 71 "http://easydrivers.activities.at/entry.php?id=11678&" "Mozilla/5.0 (Windows NT 10.0; Trident/7.0; rv:11.0) like Gecko"
83.65.142.74 - - [03/May/2017:10:11:18 +0200] "GET /activities/framework/KoolControls/KoolTreeView/styles/default/horizon.gif HTTP/1.1" 200 844 "http://easydrivers.activities.at/entry.php?id=11678&" "Mozilla/5.0 (Windows NT 10.0; Trident/7.0; rv:11.0) like Gecko"
83.65.142.74 - - [03/May/2017:10:11:18 +0200] "GET /activities/framework/KoolControls/KoolTreeView/styles/default/v.gif HTTP/1.1" 200 1940 "http://easydrivers.activities.at/entry.php?id=11678&" "Mozilla/5.0 (Windows NT 10.0; Trident/7.0; rv:11.0) like Gecko"
83.65.142.74 - - [03/May/2017:10:11:19 +0200] "GET /activities/framework/KoolControls/KoolTreeView/styles/default/pm.gif HTTP/1.1" 200 214 "http://easydrivers.activities.at/entry.php?id=11678&" "Mozilla/5.0 (Windows NT 10.0; Trident/7.0; rv:11.0) like Gecko"
83.65.142.74 - - [03/May/2017:10:11:18 +0200] "GET /entry.php?id=11618&&object=&item=&emu_class= HTTP/1.1" 200 1699 "http://easydrivers.activities.at/entry.php?id=11677&" "Mozilla/5.0 (Windows NT 10.0; Trident/7.0; rv:11.0) like Gecko"
83.65.142.74 - - [03/May/2017:10:11:19 +0200] "POST /entry.php?id=11677 HTTP/1.1" 200 4420 "http://easydrivers.activities.at/entry.php?id=11677&" "Mozilla/5.0 (Windows NT 10.0; Trident/7.0; rv:11.0) like Gecko"
83.65.142.74 - - [03/May/2017:10:11:19 +0200] "GET /gui/javascript/form_form.js?1493799079 HTTP/1.1" 200 16206 "http://easydrivers.activities.at/entry.php?id=11677" "Mozilla/5.0 (Windows NT 10.0; Trident/7.0; rv:11.0) like Gecko"
83.65.142.74 - - [03/May/2017:10:11:19 +0200] "GET /gui/images/icons/wizard.png HTTP/1.1" 200 724 "http://easydrivers.activities.at/entry.php?id=11677" "Mozilla/5.0 (Windows NT 10.0; Trident/7.0; rv:11.0) like Gecko"
83.65.142.74 - - [03/May/2017:10:11:20 +0200] "POST /entry.php?id=11677 HTTP/1.1" 200 4420 "http://easydrivers.activities.at/entry.php?id=11677" "Mozilla/5.0 (Windows NT 10.0; Trident/7.0; rv:11.0) like Gecko"
83.65.142.74 - - [03/May/2017:10:11:20 +0200] "GET /entry.php?id=10271&&ser=799019 HTTP/1.1" 200 987 "http://easydrivers.activities.at/entry.php?id=10271&&ser=798958" "Mozilla/5.0 (Windows NT 10.0; Trident/7.0; rv:11.0) like Gecko"
83.65.142.74 - - [03/May/2017:10:11:20 +0200] "GET /gui/javascript/form_form.js?1493799080 HTTP/1.1" 200 16206 "http://easydrivers.activities.at/entry.php?id=11677" "Mozilla/5.0 (Windows NT 10.0; Trident/7.0; rv:11.0) like Gecko"
83.65.142.74 - - [03/May/2017:10:11:21 +0200] "GET /gui/javascript/form_form.js?1493799080 HTTP/1.1" 200 16206 "http://easydrivers.activities.at/entry.php?id=10271&&ser=799019" "Mozilla/5.0 (Windows NT 10.0; Trident/7.0; rv:11.0) like Gecko"
212.108.43.59 - - [03/May/2017:10:11:32 +0200] "GET /entry.php?id=10271&&ser=799031 HTTP/1.1" 200 987 "http://ed.activities.at/entry.php?id=10271&&ser=798970" "Mozilla/5.0 (Windows NT 10.0; Win64; x64) AppleWebKit/537.36 (KHTML, like Gecko) Chrome/57.0.2987.133 Safari/537.36"
212.108.43.59 - - [03/May/2017:10:11:32 +0200] "GET /gui/javascript/form_form.js?1493799092 HTTP/1.1" 200 16206 "http://ed.activities.at/entry.php?id=10271&&ser=799031" "Mozilla/5.0 (Windows NT 10.0; Win64; x64) AppleWebKit/537.36 (KHTML, like Gecko) Chrome/57.0.2987.133 Safari/537.36"
83.65.142.74 - - [03/May/2017:10:11:59 +0200] "POST /entry.php?id=11677 HTTP/1.1" 200 3217 "http://easydrivers.activities.at/entry.php?id=11677" "Mozilla/5.0 (Windows NT 10.0; Trident/7.0; rv:11.0) like Gecko"
83.65.142.74 - - [03/May/2017:10:11:59 +0200] "GET /gui/javascript/form_form.js?1493799119 HTTP/1.1" 200 16206 "http://easydrivers.activities.at/entry.php?id=11677" "Mozilla/5.0 (Windows NT 10.0; Trident/7.0; rv:11.0) like Gecko"
83.65.142.74 - - [03/May/2017:10:12:00 +0200] "GET /entry.php?id=10776&form=11502&name=list& HTTP/1.1" 200 1475 "http://easydrivers.activities.at/entry.php?id=11677" "Mozilla/5.0 (Windows NT 10.0; Trident/7.0; rv:11.0) like Gecko"
83.65.142.74 - - [03/May/2017:10:12:00 +0200] "GET /entry.php?id=10778&form=11502&name=list& HTTP/1.1" 200 3850 "http://easydrivers.activities.at/entry.php?id=11677" "Mozilla/5.0 (Windows NT 10.0; Trident/7.0; rv:11.0) like Gecko"
83.65.142.74 - - [03/May/2017:10:12:01 +0200] "GET /gui/images/icons/disabled_edit.gif HTTP/1.1" 200 408 "http://easydrivers.activities.at/entry.php?id=10778&form=11502&name=list&" "Mozilla/5.0 (Windows NT 10.0; Trident/7.0; rv:11.0) like Gecko"
83.65.142.74 - - [03/May/2017:10:12:01 +0200] "GET /gui/images/icons/lupe.png HTTP/1.1" 200 723 "http://easydrivers.activities.at/entry.php?id=10778&form=11502&name=list&" "Mozilla/5.0 (Windows NT 10.0; Trident/7.0; rv:11.0) like Gecko"
83.65.142.74 - - [03/May/2017:10:12:06 +0200] "GET /entry.php?id=11686&object=10228812&site=10201431 HTTP/1.1" 200 1785 "http://easydrivers.activities.at/entry.php?id=11412" "Mozilla/5.0 (Windows NT 10.0; Trident/7.0; rv:11.0) like Gecko"
83.65.142.74 - - [03/May/2017:10:12:07 +0200] "GET /gui/javascript/form_form.js?1493799127 HTTP/1.1" 200 16206 "http://easydrivers.activities.at/entry.php?id=11686&object=10228812&site=10201431" "Mozilla/5.0 (Windows NT 10.0; Trident/7.0; rv:11.0) like Gecko"
83.65.142.74 - - [03/May/2017:10:12:18 +0200] "GET /entry.php?id=11685&object=10228812&site=10201431&item=10221968 HTTP/1.1" 200 3622 "http://easydrivers.activities.at/entry.php?id=11412" "Mozilla/5.0 (Windows NT 10.0; Trident/7.0; rv:11.0) like Gecko"
83.65.142.74 - - [03/May/2017:10:12:18 +0200] "GET /gui/javascript/form_form.js?1493799138 HTTP/1.1" 200 16206 "http://easydrivers.activities.at/entry.php?id=11685&object=10228812&site=10201431&item=10221968" "Mozilla/5.0 (Windows NT 10.0; Trident/7.0; rv:11.0) like Gecko"
83.65.142.74 - - [03/May/2017:10:12:22 +0200] "GET /entry.php?id=10271&&ser=799080 HTTP/1.1" 200 987 "http://easydrivers.activities.at/entry.php?id=10271&&ser=799019" "Mozilla/5.0 (Windows NT 10.0; Trident/7.0; rv:11.0) like Gecko"
83.65.142.74 - - [03/May/2017:10:12:22 +0200] "GET /gui/javascript/form_form.js?1493799142 HTTP/1.1" 200 16206 "http://easydrivers.activities.at/entry.php?id=10271&&ser=799080" "Mozilla/5.0 (Windows NT 10.0; Trident/7.0; rv:11.0) like Gecko"
212.108.43.59 - - [03/May/2017:10:12:33 +0200] "GET /entry.php?id=10271&&ser=799092 HTTP/1.1" 200 988 "http://ed.activities.at/entry.php?id=10271&&ser=799031" "Mozilla/5.0 (Windows NT 10.0; Win64; x64) AppleWebKit/537.36 (KHTML, like Gecko) Chrome/57.0.2987.133 Safari/537.36"
212.108.43.59 - - [03/May/2017:10:12:33 +0200] "GET /gui/javascript/form_form.js?1493799153 HTTP/1.1" 200 16206 "http://ed.activities.at/entry.php?id=10271&&ser=799092" "Mozilla/5.0 (Windows NT 10.0; Win64; x64) AppleWebKit/537.36 (KHTML, like Gecko) Chrome/57.0.2987.133 Safari/537.36"
83.65.142.74 - - [03/May/2017:10:13:23 +0200] "GET /entry.php?id=10271&&ser=799142 HTTP/1.1" 200 987 "http://easydrivers.activities.at/entry.php?id=10271&&ser=799080" "Mozilla/5.0 (Windows NT 10.0; Trident/7.0; rv:11.0) like Gecko"
83.65.142.74 - - [03/May/2017:10:13:23 +0200] "GET /gui/javascript/form_form.js?1493799203 HTTP/1.1" 200 16206 "http://easydrivers.activities.at/entry.php?id=10271&&ser=799142" "Mozilla/5.0 (Windows NT 10.0; Trident/7.0; rv:11.0) like Gecko"
83.65.142.74 - - [03/May/2017:10:13:32 +0200] "POST /entry.php?id=11685 HTTP/1.1" 200 3698 "http://easydrivers.activities.at/entry.php?id=11685&object=10228812&site=10201431&item=10221968" "Mozilla/5.0 (Windows NT 10.0; Trident/7.0; rv:11.0) like Gecko"
83.65.142.74 - - [03/May/2017:10:13:33 +0200] "GET /gui/javascript/form_form.js?1493799213 HTTP/1.1" 200 16206 "http://easydrivers.activities.at/entry.php?id=11685" "Mozilla/5.0 (Windows NT 10.0; Trident/7.0; rv:11.0) like Gecko"
