83.65.142.74 - - [03/May/2017:12:29:15 +0200] "GET /gui/javascript/form_form.js?1493807355 HTTP/1.1" 200 16206 "http://easydrivers.activities.at/entry.php?id=11684" "Mozilla/5.0 (Windows NT 10.0; Trident/7.0; rv:11.0) like Gecko"
83.65.142.74 - - [03/May/2017:12:29:18 +0200] "POST /entry.php?id=11684 HTTP/1.1" 200 4219 "http://easydrivers.activities.at/entry.php?id=11684" "Mozilla/5.0 (Windows NT 10.0; Trident/7.0; rv:11.0) like Gecko"
83.65.142.74 - - [03/May/2017:12:29:19 +0200] "GET /gui/javascript/form_form.js?1493807359 HTTP/1.1" 200 16206 "http://easydrivers.activities.at/entry.php?id=11684" "Mozilla/5.0 (Windows NT 10.0; Trident/7.0; rv:11.0) like Gecko"
91.114.247.177 - - [03/May/2017:12:29:54 +0200] "GET /entry.php?id=10271&&ser=807334 HTTP/1.1" 200 987 "http://ed.activities.at/entry.php?id=10271&&ser=807273" "Mozilla/5.0 (Windows NT 10.0; WOW64; rv:53.0) Gecko/20100101 Firefox/53.0"
91.114.247.177 - - [03/May/2017:12:29:54 +0200] "GET /gui/javascript/form_form.js?1493807394 HTTP/1.1" 200 16206 "http://ed.activities.at/entry.php?id=10271&&ser=807334" "Mozilla/5.0 (Windows NT 10.0; WOW64; rv:53.0) Gecko/20100101 Firefox/53.0"
212.108.43.59 - - [03/May/2017:12:29:57 +0200] "GET /entry.php?id=10271&&ser=807336 HTTP/1.1" 200 987 "http://ed.activities.at/entry.php?id=10271&&ser=807275" "Mozilla/5.0 (Windows NT 10.0; Win64; x64) AppleWebKit/537.36 (KHTML, like Gecko) Chrome/57.0.2987.133 Safari/537.36"
212.108.43.59 - - [03/May/2017:12:29:57 +0200] "GET /gui/javascript/form_form.js?1493807397 HTTP/1.1" 200 16206 "http://ed.activities.at/entry.php?id=10271&&ser=807336" "Mozilla/5.0 (Windows NT 10.0; Win64; x64) AppleWebKit/537.36 (KHTML, like Gecko) Chrome/57.0.2987.133 Safari/537.36"
83.65.142.74 - - [03/May/2017:12:29:58 +0200] "GET /entry.php?id=11679 HTTP/1.1" 200 312 "http://easydrivers.activities.at/entry.php?id=11412" "Mozilla/5.0 (Windows NT 10.0; Trident/7.0; rv:11.0) like Gecko"
83.65.142.74 - - [03/May/2017:12:29:58 +0200] "GET /entry.php?id=10676&title=Portal& HTTP/1.1" 200 1387 "http://easydrivers.activities.at/entry.php?id=11679" "Mozilla/5.0 (Windows NT 10.0; Trident/7.0; rv:11.0) like Gecko"
83.65.142.74 - - [03/May/2017:12:29:59 +0200] "GET /gui/javascript/form_form.js?1493807399 HTTP/1.1" 200 16206 "http://easydrivers.activities.at/entry.php?id=10676&title=Portal&" "Mozilla/5.0 (Windows NT 10.0; Trident/7.0; rv:11.0) like Gecko"
83.65.142.74 - - [03/May/2017:12:29:58 +0200] "GET /entry.php?id=11678& HTTP/1.1" 200 3175 "http://easydrivers.activities.at/entry.php?id=11679" "Mozilla/5.0 (Windows NT 10.0; Trident/7.0; rv:11.0) like Gecko"
83.65.142.74 - - [03/May/2017:12:29:58 +0200] "GET /entry.php?id=11677& HTTP/1.1" 200 4374 "http://easydrivers.activities.at/entry.php?id=11679" "Mozilla/5.0 (Windows NT 10.0; Trident/7.0; rv:11.0) like Gecko"
83.65.142.74 - - [03/May/2017:12:29:59 +0200] "GET /activities/framework/KoolControls/KoolAjax/koolajax.php?8436e354c842500aba3cbaf0584c0c24 HTTP/1.1" 200 4079 "http://easydrivers.activities.at/entry.php?id=11678&" "Mozilla/5.0 (Windows NT 10.0; Trident/7.0; rv:11.0) like Gecko"
83.65.142.74 - - [03/May/2017:12:30:00 +0200] "GET /activities/framework/KoolControls/KoolTreeView/kooltreeview.php?c7cd9180e88ffef8e70f13526bb4f5f7 HTTP/1.1" 200 5055 "http://easydrivers.activities.at/entry.php?id=11678&" "Mozilla/5.0 (Windows NT 10.0; Trident/7.0; rv:11.0) like Gecko"
83.65.142.74 - - [03/May/2017:12:30:01 +0200] "GET /entry.php?id=11618&&object=&item=&emu_class= HTTP/1.1" 200 1697 "http://easydrivers.activities.at/entry.php?id=11677&" "Mozilla/5.0 (Windows NT 10.0; Trident/7.0; rv:11.0) like Gecko"
83.65.142.74 - - [03/May/2017:12:30:01 +0200] "GET /gui/javascript/form_form.js?1493807401 HTTP/1.1" 200 16206 "http://easydrivers.activities.at/entry.php?id=11618&&object=&item=&emu_class=" "Mozilla/5.0 (Windows NT 10.0; Trident/7.0; rv:11.0) like Gecko"
83.65.142.74 - - [03/May/2017:12:30:12 +0200] "GET /entry.php?id=10271&&ser=807351 HTTP/1.1" 200 987 "http://easydrivers.activities.at/entry.php?id=10271&&ser=807290" "Mozilla/5.0 (Windows NT 10.0; Trident/7.0; rv:11.0) like Gecko"
83.65.142.74 - - [03/May/2017:12:30:12 +0200] "GET /gui/javascript/form_form.js?1493807412 HTTP/1.1" 200 16206 "http://easydrivers.activities.at/entry.php?id=10271&&ser=807351" "Mozilla/5.0 (Windows NT 10.0; Trident/7.0; rv:11.0) like Gecko"
91.114.247.177 - - [03/May/2017:12:30:35 +0200] "POST /entry.php?id=11684 HTTP/1.1" 200 4505 "http://ed.activities.at/entry.php?id=11684" "Mozilla/5.0 (Windows NT 10.0; WOW64; rv:53.0) Gecko/20100101 Firefox/53.0"
91.114.247.177 - - [03/May/2017:12:30:36 +0200] "GET /gui/javascript/form_form.js?1493807436 HTTP/1.1" 200 16206 "http://ed.activities.at/entry.php?id=11684" "Mozilla/5.0 (Windows NT 10.0; WOW64; rv:53.0) Gecko/20100101 Firefox/53.0"
91.114.247.177 - - [03/May/2017:12:30:37 +0200] "GET /framework/webfx/javascript/tinymce/skins/lightgray/content.min.css HTTP/1.1" 404 327 "http://ed.activities.at/entry.php?id=11684" "Mozilla/5.0 (Windows NT 10.0; WOW64; rv:53.0) Gecko/20100101 Firefox/53.0"
91.114.247.177 - - [03/May/2017:12:30:40 +0200] "POST /entry.php?id=11677 HTTP/1.1" 200 5212 "http://ed.activities.at/entry.php?id=11677" "Mozilla/5.0 (Windows NT 10.0; WOW64; rv:53.0) Gecko/20100101 Firefox/53.0"
91.114.247.177 - - [03/May/2017:12:30:41 +0200] "GET /gui/javascript/form_form.js?1493807441 HTTP/1.1" 200 16206 "http://ed.activities.at/entry.php?id=11677" "Mozilla/5.0 (Windows NT 10.0; WOW64; rv:53.0) Gecko/20100101 Firefox/53.0"
91.114.247.177 - - [03/May/2017:12:30:44 +0200] "GET /entry.php?id=11681&chooserview=editnewmenueitem&hidetitle=true&object=10288589 HTTP/1.1" 200 349 "http://ed.activities.at/entry.php?id=11412" "Mozilla/5.0 (Windows NT 10.0; WOW64; rv:53.0) Gecko/20100101 Firefox/53.0"
91.114.247.177 - - [03/May/2017:12:30:44 +0200] "GET /entry.php?id=11683&chooserview=editnewmenueitem&object=10288589& HTTP/1.1" 200 2682 "http://ed.activities.at/entry.php?id=11681&chooserview=editnewmenueitem&hidetitle=true&object=10288589" "Mozilla/5.0 (Windows NT 10.0; WOW64; rv:53.0) Gecko/20100101 Firefox/53.0"
91.114.247.177 - - [03/May/2017:12:30:44 +0200] "GET /gui/javascript/form_form.js?1493807444 HTTP/1.1" 200 16206 "http://ed.activities.at/entry.php?id=11683&chooserview=editnewmenueitem&object=10288589&" "Mozilla/5.0 (Windows NT 10.0; WOW64; rv:53.0) Gecko/20100101 Firefox/53.0"
91.114.247.177 - - [03/May/2017:12:30:44 +0200] "GET /entry.php?id=11684&chooserview=editnewmenueitem&object=10288589& HTTP/1.1" 200 3967 "http://ed.activities.at/entry.php?id=11681&chooserview=editnewmenueitem&hidetitle=true&object=10288589" "Mozilla/5.0 (Windows NT 10.0; WOW64; rv:53.0) Gecko/20100101 Firefox/53.0"
91.114.247.177 - - [03/May/2017:12:30:45 +0200] "GET /entry.php?id=10776&form=11508&name=list& HTTP/1.1" 200 1808 "http://ed.activities.at/entry.php?id=11683&chooserview=editnewmenueitem&object=10288589&" "Mozilla/5.0 (Windows NT 10.0; WOW64; rv:53.0) Gecko/20100101 Firefox/53.0"
91.114.247.177 - - [03/May/2017:12:30:45 +0200] "GET /entry.php?id=10778&form=11508&name=list& HTTP/1.1" 200 5267 "http://ed.activities.at/entry.php?id=11683&chooserview=editnewmenueitem&object=10288589&" "Mozilla/5.0 (Windows NT 10.0; WOW64; rv:53.0) Gecko/20100101 Firefox/53.0"
91.114.247.177 - - [03/May/2017:12:30:47 +0200] "POST /entry.php?id=11684 HTTP/1.1" 200 3882 "http://ed.activities.at/entry.php?id=11684&chooserview=editnewmenueitem&object=10288589&" "Mozilla/5.0 (Windows NT 10.0; WOW64; rv:53.0) Gecko/20100101 Firefox/53.0"
91.114.247.177 - - [03/May/2017:12:30:47 +0200] "GET /gui/javascript/form_form.js?1493807447 HTTP/1.1" 200 16206 "http://ed.activities.at/entry.php?id=11684" "Mozilla/5.0 (Windows NT 10.0; WOW64; rv:53.0) Gecko/20100101 Firefox/53.0"
91.114.247.177 - - [03/May/2017:12:30:48 +0200] "GET /framework/webfx/javascript/tinymce/skins/lightgray/content.min.css HTTP/1.1" 404 327 "http://ed.activities.at/entry.php?id=11684" "Mozilla/5.0 (Windows NT 10.0; WOW64; rv:53.0) Gecko/20100101 Firefox/53.0"
91.114.247.177 - - [03/May/2017:12:30:55 +0200] "GET /entry.php?id=10271&&ser=807394 HTTP/1.1" 200 987 "http://ed.activities.at/entry.php?id=10271&&ser=807334" "Mozilla/5.0 (Windows NT 10.0; WOW64; rv:53.0) Gecko/20100101 Firefox/53.0"
91.114.247.177 - - [03/May/2017:12:30:55 +0200] "GET /gui/javascript/form_form.js?1493807455 HTTP/1.1" 200 16206 "http://ed.activities.at/entry.php?id=10271&&ser=807394" "Mozilla/5.0 (Windows NT 10.0; WOW64; rv:53.0) Gecko/20100101 Firefox/53.0"
212.108.43.59 - - [03/May/2017:12:30:58 +0200] "GET /entry.php?id=10271&&ser=807397 HTTP/1.1" 200 987 "http://ed.activities.at/entry.php?id=10271&&ser=807336" "Mozilla/5.0 (Windows NT 10.0; Win64; x64) AppleWebKit/537.36 (KHTML, like Gecko) Chrome/57.0.2987.133 Safari/537.36"
212.108.43.59 - - [03/May/2017:12:30:58 +0200] "GET /gui/javascript/form_form.js?1493807458 HTTP/1.1" 200 16206 "http://ed.activities.at/entry.php?id=10271&&ser=807397" "Mozilla/5.0 (Windows NT 10.0; Win64; x64) AppleWebKit/537.36 (KHTML, like Gecko) Chrome/57.0.2987.133 Safari/537.36"
83.65.142.74 - - [03/May/2017:12:31:13 +0200] "GET /entry.php?id=10271&&ser=807412 HTTP/1.1" 200 986 "http://easydrivers.activities.at/entry.php?id=10271&&ser=807351" "Mozilla/5.0 (Windows NT 10.0; Trident/7.0; rv:11.0) like Gecko"
83.65.142.74 - - [03/May/2017:12:31:13 +0200] "GET /gui/javascript/form_form.js?1493807473 HTTP/1.1" 200 16206 "http://easydrivers.activities.at/entry.php?id=10271&&ser=807412" "Mozilla/5.0 (Windows NT 10.0; Trident/7.0; rv:11.0) like Gecko"
83.65.142.74 - - [03/May/2017:12:31:35 +0200] "GET /entry.php?id=11679 HTTP/1.1" 200 312 "http://easydrivers.activities.at/entry.php?id=11412" "Mozilla/5.0 (Windows NT 10.0; Trident/7.0; rv:11.0) like Gecko"
83.65.142.74 - - [03/May/2017:12:31:36 +0200] "GET /entry.php?id=10676&title=Portal& HTTP/1.1" 200 1387 "http://easydrivers.activities.at/entry.php?id=11679" "Mozilla/5.0 (Windows NT 10.0; Trident/7.0; rv:11.0) like Gecko"
83.65.142.74 - - [03/May/2017:12:31:36 +0200] "GET /gui/javascript/form_form.js?1493807496 HTTP/1.1" 200 16206 "http://easydrivers.activities.at/entry.php?id=10676&title=Portal&" "Mozilla/5.0 (Windows NT 10.0; Trident/7.0; rv:11.0) like Gecko"
83.65.142.74 - - [03/May/2017:12:31:36 +0200] "GET /entry.php?id=11678& HTTP/1.1" 200 3176 "http://easydrivers.activities.at/entry.php?id=11679" "Mozilla/5.0 (Windows NT 10.0; Trident/7.0; rv:11.0) like Gecko"
83.65.142.74 - - [03/May/2017:12:31:36 +0200] "GET /entry.php?id=11677& HTTP/1.1" 200 4374 "http://easydrivers.activities.at/entry.php?id=11679" "Mozilla/5.0 (Windows NT 10.0; Trident/7.0; rv:11.0) like Gecko"
83.65.142.74 - - [03/May/2017:12:31:37 +0200] "GET /activities/framework/KoolControls/KoolAjax/koolajax.php?8436e354c842500aba3cbaf0584c0c24 HTTP/1.1" 200 4079 "http://easydrivers.activities.at/entry.php?id=11678&" "Mozilla/5.0 (Windows NT 10.0; Trident/7.0; rv:11.0) like Gecko"
83.65.142.74 - - [03/May/2017:12:31:37 +0200] "GET /activities/framework/KoolControls/KoolTreeView/kooltreeview.php?c7cd9180e88ffef8e70f13526bb4f5f7 HTTP/1.1" 200 5055 "http://easydrivers.activities.at/entry.php?id=11678&" "Mozilla/5.0 (Windows NT 10.0; Trident/7.0; rv:11.0) like Gecko"
83.65.142.74 - - [03/May/2017:12:31:38 +0200] "GET /entry.php?id=11618&&object=&item=&emu_class= HTTP/1.1" 200 1701 "http://easydrivers.activities.at/entry.php?id=11677&" "Mozilla/5.0 (Windows NT 10.0; Trident/7.0; rv:11.0) like Gecko"
83.65.142.74 - - [03/May/2017:12:31:39 +0200] "GET /gui/javascript/form_form.js?1493807499 HTTP/1.1" 200 16206 "http://easydrivers.activities.at/entry.php?id=11618&&object=&item=&emu_class=" "Mozilla/5.0 (Windows NT 10.0; Trident/7.0; rv:11.0) like Gecko"
83.65.142.74 - - [03/May/2017:12:31:41 +0200] "POST /entry.php?id=11677 HTTP/1.1" 200 5090 "http://easydrivers.activities.at/entry.php?id=11677&" "Mozilla/5.0 (Windows NT 10.0; Trident/7.0; rv:11.0) like Gecko"
83.65.142.74 - - [03/May/2017:12:31:42 +0200] "GET /gui/javascript/form_form.js?1493807501 HTTP/1.1" 200 16206 "http://easydrivers.activities.at/entry.php?id=11677" "Mozilla/5.0 (Windows NT 10.0; Trident/7.0; rv:11.0) like Gecko"
83.65.142.74 - - [03/May/2017:12:31:43 +0200] "POST /entry.php?id=11677 HTTP/1.1" 200 4414 "http://easydrivers.activities.at/entry.php?id=11677" "Mozilla/5.0 (Windows NT 10.0; Trident/7.0; rv:11.0) like Gecko"
83.65.142.74 - - [03/May/2017:12:31:44 +0200] "GET /gui/javascript/form_form.js?1493807504 HTTP/1.1" 200 16206 "http://easydrivers.activities.at/entry.php?id=11677" "Mozilla/5.0 (Windows NT 10.0; Trident/7.0; rv:11.0) like Gecko"
83.65.142.74 - - [03/May/2017:12:31:47 +0200] "POST /entry.php?id=11677 HTTP/1.1" 200 3218 "http://easydrivers.activities.at/entry.php?id=11677" "Mozilla/5.0 (Windows NT 10.0; Trident/7.0; rv:11.0) like Gecko"
83.65.142.74 - - [03/May/2017:12:31:47 +0200] "GET /gui/javascript/form_form.js?1493807507 HTTP/1.1" 200 16206 "http://easydrivers.activities.at/entry.php?id=11677" "Mozilla/5.0 (Windows NT 10.0; Trident/7.0; rv:11.0) like Gecko"
83.65.142.74 - - [03/May/2017:12:31:48 +0200] "GET /entry.php?id=10776&form=11502&name=list& HTTP/1.1" 200 1475 "http://easydrivers.activities.at/entry.php?id=11677" "Mozilla/5.0 (Windows NT 10.0; Trident/7.0; rv:11.0) like Gecko"
83.65.142.74 - - [03/May/2017:12:31:48 +0200] "GET /entry.php?id=10778&form=11502&name=list& HTTP/1.1" 200 3850 "http://easydrivers.activities.at/entry.php?id=11677" "Mozilla/5.0 (Windows NT 10.0; Trident/7.0; rv:11.0) like Gecko"
91.114.247.177 - - [03/May/2017:12:31:56 +0200] "GET /entry.php?id=10271&&ser=807455 HTTP/1.1" 200 987 "http://ed.activities.at/entry.php?id=10271&&ser=807394" "Mozilla/5.0 (Windows NT 10.0; WOW64; rv:53.0) Gecko/20100101 Firefox/53.0"
91.114.247.177 - - [03/May/2017:12:31:56 +0200] "GET /gui/javascript/form_form.js?1493807516 HTTP/1.1" 200 16206 "http://ed.activities.at/entry.php?id=10271&&ser=807455" "Mozilla/5.0 (Windows NT 10.0; WOW64; rv:53.0) Gecko/20100101 Firefox/53.0"
83.65.142.74 - - [03/May/2017:12:31:56 +0200] "GET /entry.php?id=11685&object=10228812&site=10201431&item=10221968 HTTP/1.1" 200 3565 "http://easydrivers.activities.at/entry.php?id=11412" "Mozilla/5.0 (Windows NT 10.0; Trident/7.0; rv:11.0) like Gecko"
83.65.142.74 - - [03/May/2017:12:31:57 +0200] "GET /gui/javascript/form_form.js?1493807516 HTTP/1.1" 200 16206 "http://easydrivers.activities.at/entry.php?id=11685&object=10228812&site=10201431&item=10221968" "Mozilla/5.0 (Windows NT 10.0; Trident/7.0; rv:11.0) like Gecko"
212.108.43.59 - - [03/May/2017:12:31:59 +0200] "GET /entry.php?id=10271&&ser=807458 HTTP/1.1" 200 987 "http://ed.activities.at/entry.php?id=10271&&ser=807397" "Mozilla/5.0 (Windows NT 10.0; Win64; x64) AppleWebKit/537.36 (KHTML, like Gecko) Chrome/57.0.2987.133 Safari/537.36"
212.108.43.59 - - [03/May/2017:12:31:59 +0200] "GET /gui/javascript/form_form.js?1493807519 HTTP/1.1" 200 16206 "http://ed.activities.at/entry.php?id=10271&&ser=807458" "Mozilla/5.0 (Windows NT 10.0; Win64; x64) AppleWebKit/537.36 (KHTML, like Gecko) Chrome/57.0.2987.133 Safari/537.36"
83.65.142.74 - - [03/May/2017:12:32:14 +0200] "GET /entry.php?id=10271&&ser=807473 HTTP/1.1" 200 987 "http://easydrivers.activities.at/entry.php?id=10271&&ser=807412" "Mozilla/5.0 (Windows NT 10.0; Trident/7.0; rv:11.0) like Gecko"
83.65.142.74 - - [03/May/2017:12:32:15 +0200] "GET /gui/javascript/form_form.js?1493807534 HTTP/1.1" 200 16206 "http://easydrivers.activities.at/entry.php?id=10271&&ser=807473" "Mozilla/5.0 (Windows NT 10.0; Trident/7.0; rv:11.0) like Gecko"
83.65.142.74 - - [03/May/2017:12:32:32 +0200] "POST /entry.php?id=11685 HTTP/1.1" 200 3660 "http://easydrivers.activities.at/entry.php?id=11685&object=10228812&site=10201431&item=10221968" "Mozilla/5.0 (Windows NT 10.0; Trident/7.0; rv:11.0) like Gecko"
83.65.142.74 - - [03/May/2017:12:32:33 +0200] "GET /gui/javascript/form_form.js?1493807552 HTTP/1.1" 200 16206 "http://easydrivers.activities.at/entry.php?id=11685" "Mozilla/5.0 (Windows NT 10.0; Trident/7.0; rv:11.0) like Gecko"
83.65.142.74 - - [03/May/2017:12:32:43 +0200] "POST /entry.php?id=11677 HTTP/1.1" 200 4420 "http://easydrivers.activities.at/entry.php?id=11677" "Mozilla/5.0 (Windows NT 10.0; Trident/7.0; rv:11.0) like Gecko"
83.65.142.74 - - [03/May/2017:12:32:44 +0200] "GET /gui/javascript/form_form.js?1493807564 HTTP/1.1" 200 16206 "http://easydrivers.activities.at/entry.php?id=11677" "Mozilla/5.0 (Windows NT 10.0; Trident/7.0; rv:11.0) like Gecko"
91.114.247.177 - - [03/May/2017:12:32:44 +0200] "POST /entry.php?id=11684 HTTP/1.1" 200 4230 "http://ed.activities.at/entry.php?id=11684" "Mozilla/5.0 (Windows NT 10.0; WOW64; rv:53.0) Gecko/20100101 Firefox/53.0"
91.114.247.177 - - [03/May/2017:12:32:44 +0200] "GET /gui/javascript/form_form.js?1493807564 HTTP/1.1" 200 16206 "http://ed.activities.at/entry.php?id=11684" "Mozilla/5.0 (Windows NT 10.0; WOW64; rv:53.0) Gecko/20100101 Firefox/53.0"
91.114.247.177 - - [03/May/2017:12:32:45 +0200] "GET /framework/webfx/javascript/tinymce/skins/lightgray/content.min.css HTTP/1.1" 404 327 "http://ed.activities.at/entry.php?id=11684" "Mozilla/5.0 (Windows NT 10.0; WOW64; rv:53.0) Gecko/20100101 Firefox/53.0"
83.65.142.74 - - [03/May/2017:12:32:47 +0200] "POST /entry.php?id=11678 HTTP/1.1" 200 3229 "http://easydrivers.activities.at/entry.php?id=11678&" "Mozilla/5.0 (Windows NT 10.0; Trident/7.0; rv:11.0) like Gecko"
83.65.142.74 - - [03/May/2017:12:32:47 +0200] "GET /gui/javascript/form_form.js?1493807567 HTTP/1.1" 200 16206 "http://easydrivers.activities.at/entry.php?id=11678" "Mozilla/5.0 (Windows NT 10.0; Trident/7.0; rv:11.0) like Gecko"
83.65.142.74 - - [03/May/2017:12:32:47 +0200] "GET /activities/framework/KoolControls/KoolAjax/koolajax.php?8436e354c842500aba3cbaf0584c0c24 HTTP/1.1" 200 4079 "http://easydrivers.activities.at/entry.php?id=11678" "Mozilla/5.0 (Windows NT 10.0; Trident/7.0; rv:11.0) like Gecko"
83.65.142.74 - - [03/May/2017:12:32:49 +0200] "GET /activities/framework/KoolControls/KoolTreeView/kooltreeview.php?c7cd9180e88ffef8e70f13526bb4f5f7 HTTP/1.1" 200 5055 "http://easydrivers.activities.at/entry.php?id=11678" "Mozilla/5.0 (Windows NT 10.0; Trident/7.0; rv:11.0) like Gecko"
83.65.142.74 - - [03/May/2017:12:32:50 +0200] "POST /entry.php?id=11677 HTTP/1.1" 200 4415 "http://easydrivers.activities.at/entry.php?id=11677" "Mozilla/5.0 (Windows NT 10.0; Trident/7.0; rv:11.0) like Gecko"
83.65.142.74 - - [03/May/2017:12:32:50 +0200] "GET /gui/javascript/form_form.js?1493807570 HTTP/1.1" 200 16206 "http://easydrivers.activities.at/entry.php?id=11677" "Mozilla/5.0 (Windows NT 10.0; Trident/7.0; rv:11.0) like Gecko"
91.114.247.177 - - [03/May/2017:12:32:53 +0200] "POST /entry.php?id=11677 HTTP/1.1" 200 5104 "http://ed.activities.at/entry.php?id=11677" "Mozilla/5.0 (Windows NT 10.0; WOW64; rv:53.0) Gecko/20100101 Firefox/53.0"
91.114.247.177 - - [03/May/2017:12:32:53 +0200] "GET /gui/javascript/form_form.js?1493807573 HTTP/1.1" 200 16206 "http://ed.activities.at/entry.php?id=11677" "Mozilla/5.0 (Windows NT 10.0; WOW64; rv:53.0) Gecko/20100101 Firefox/53.0"
91.114.247.177 - - [03/May/2017:12:32:56 +0200] "GET /entry.php?id=10271&&ser=807516 HTTP/1.1" 200 987 "http://ed.activities.at/entry.php?id=10271&&ser=807455" "Mozilla/5.0 (Windows NT 10.0; WOW64; rv:53.0) Gecko/20100101 Firefox/53.0"
91.114.247.177 - - [03/May/2017:12:32:56 +0200] "GET /gui/javascript/form_form.js?1493807576 HTTP/1.1" 200 16206 "http://ed.activities.at/entry.php?id=10271&&ser=807516" "Mozilla/5.0 (Windows NT 10.0; WOW64; rv:53.0) Gecko/20100101 Firefox/53.0"
91.114.247.177 - - [03/May/2017:12:32:57 +0200] "GET /entry.php?id=11681&chooserview=editnewmenueitem&hidetitle=true&object=10288634 HTTP/1.1" 200 348 "http://ed.activities.at/entry.php?id=11412" "Mozilla/5.0 (Windows NT 10.0; WOW64; rv:53.0) Gecko/20100101 Firefox/53.0"
91.114.247.177 - - [03/May/2017:12:32:57 +0200] "GET /entry.php?id=11683&chooserview=editnewmenueitem&object=10288634& HTTP/1.1" 200 2682 "http://ed.activities.at/entry.php?id=11681&chooserview=editnewmenueitem&hidetitle=true&object=10288634" "Mozilla/5.0 (Windows NT 10.0; WOW64; rv:53.0) Gecko/20100101 Firefox/53.0"
91.114.247.177 - - [03/May/2017:12:32:57 +0200] "GET /gui/javascript/form_form.js?1493807577 HTTP/1.1" 200 16206 "http://ed.activities.at/entry.php?id=11683&chooserview=editnewmenueitem&object=10288634&" "Mozilla/5.0 (Windows NT 10.0; WOW64; rv:53.0) Gecko/20100101 Firefox/53.0"
91.114.247.177 - - [03/May/2017:12:32:57 +0200] "GET /entry.php?id=11684&chooserview=editnewmenueitem&object=10288634& HTTP/1.1" 200 3937 "http://ed.activities.at/entry.php?id=11681&chooserview=editnewmenueitem&hidetitle=true&object=10288634" "Mozilla/5.0 (Windows NT 10.0; WOW64; rv:53.0) Gecko/20100101 Firefox/53.0"
91.114.247.177 - - [03/May/2017:12:32:58 +0200] "GET /entry.php?id=10776&form=11508&name=list& HTTP/1.1" 200 1808 "http://ed.activities.at/entry.php?id=11683&chooserview=editnewmenueitem&object=10288634&" "Mozilla/5.0 (Windows NT 10.0; WOW64; rv:53.0) Gecko/20100101 Firefox/53.0"
91.114.247.177 - - [03/May/2017:12:32:58 +0200] "GET /entry.php?id=10778&form=11508&name=list& HTTP/1.1" 200 5267 "http://ed.activities.at/entry.php?id=11683&chooserview=editnewmenueitem&object=10288634&" "Mozilla/5.0 (Windows NT 10.0; WOW64; rv:53.0) Gecko/20100101 Firefox/53.0"
212.108.43.59 - - [03/May/2017:12:33:00 +0200] "GET /entry.php?id=10271&&ser=807519 HTTP/1.1" 200 987 "http://ed.activities.at/entry.php?id=10271&&ser=807458" "Mozilla/5.0 (Windows NT 10.0; Win64; x64) AppleWebKit/537.36 (KHTML, like Gecko) Chrome/57.0.2987.133 Safari/537.36"
212.108.43.59 - - [03/May/2017:12:33:00 +0200] "GET /gui/javascript/form_form.js?1493807580 HTTP/1.1" 200 16206 "http://ed.activities.at/entry.php?id=10271&&ser=807519" "Mozilla/5.0 (Windows NT 10.0; Win64; x64) AppleWebKit/537.36 (KHTML, like Gecko) Chrome/57.0.2987.133 Safari/537.36"
91.114.247.177 - - [03/May/2017:12:33:04 +0200] "POST /entry.php?id=11684 HTTP/1.1" 200 3410 "http://ed.activities.at/entry.php?id=11684&chooserview=editnewmenueitem&object=10288634&" "Mozilla/5.0 (Windows NT 10.0; WOW64; rv:53.0) Gecko/20100101 Firefox/53.0"
91.114.247.177 - - [03/May/2017:12:33:04 +0200] "GET /gui/javascript/form_form.js?1493807584 HTTP/1.1" 200 16206 "http://ed.activities.at/entry.php?id=11684" "Mozilla/5.0 (Windows NT 10.0; WOW64; rv:53.0) Gecko/20100101 Firefox/53.0"
91.114.247.177 - - [03/May/2017:12:33:05 +0200] "GET /framework/webfx/javascript/tinymce/skins/lightgray/content.min.css HTTP/1.1" 404 327 "http://ed.activities.at/entry.php?id=11684" "Mozilla/5.0 (Windows NT 10.0; WOW64; rv:53.0) Gecko/20100101 Firefox/53.0"
83.65.142.74 - - [03/May/2017:12:33:06 +0200] "POST /entry.php?id=11677 HTTP/1.1" 200 3217 "http://easydrivers.activities.at/entry.php?id=11677" "Mozilla/5.0 (Windows NT 10.0; Trident/7.0; rv:11.0) like Gecko"
83.65.142.74 - - [03/May/2017:12:33:06 +0200] "GET /gui/javascript/form_form.js?1493807586 HTTP/1.1" 200 16206 "http://easydrivers.activities.at/entry.php?id=11677" "Mozilla/5.0 (Windows NT 10.0; Trident/7.0; rv:11.0) like Gecko"
83.65.142.74 - - [03/May/2017:12:33:07 +0200] "GET /entry.php?id=10778&form=11502&name=list& HTTP/1.1" 200 3850 "http://easydrivers.activities.at/entry.php?id=11677" "Mozilla/5.0 (Windows NT 10.0; Trident/7.0; rv:11.0) like Gecko"
83.65.142.74 - - [03/May/2017:12:33:07 +0200] "GET /entry.php?id=10776&form=11502&name=list& HTTP/1.1" 200 1475 "http://easydrivers.activities.at/entry.php?id=11677" "Mozilla/5.0 (Windows NT 10.0; Trident/7.0; rv:11.0) like Gecko"
83.65.142.74 - - [03/May/2017:12:33:12 +0200] "GET /entry.php?id=11685&object=10228812&site=10201431&item=10221968 HTTP/1.1" 200 3573 "http://easydrivers.activities.at/entry.php?id=11412" "Mozilla/5.0 (Windows NT 10.0; Trident/7.0; rv:11.0) like Gecko"
83.65.142.74 - - [03/May/2017:12:33:13 +0200] "GET /gui/javascript/form_form.js?1493807593 HTTP/1.1" 200 16206 "http://easydrivers.activities.at/entry.php?id=11685&object=10228812&site=10201431&item=10221968" "Mozilla/5.0 (Windows NT 10.0; Trident/7.0; rv:11.0) like Gecko"
83.65.142.74 - - [03/May/2017:12:33:15 +0200] "GET /entry.php?id=10271&&ser=807534 HTTP/1.1" 200 987 "http://easydrivers.activities.at/entry.php?id=10271&&ser=807473" "Mozilla/5.0 (Windows NT 10.0; Trident/7.0; rv:11.0) like Gecko"
83.65.142.74 - - [03/May/2017:12:33:16 +0200] "GET /gui/javascript/form_form.js?1493807596 HTTP/1.1" 200 16206 "http://easydrivers.activities.at/entry.php?id=10271&&ser=807534" "Mozilla/5.0 (Windows NT 10.0; Trident/7.0; rv:11.0) like Gecko"
91.114.247.177 - - [03/May/2017:12:33:57 +0200] "GET /entry.php?id=10271&&ser=807576 HTTP/1.1" 200 987 "http://ed.activities.at/entry.php?id=10271&&ser=807516" "Mozilla/5.0 (Windows NT 10.0; WOW64; rv:53.0) Gecko/20100101 Firefox/53.0"
91.114.247.177 - - [03/May/2017:12:33:57 +0200] "GET /gui/javascript/form_form.js?1493807637 HTTP/1.1" 200 16206 "http://ed.activities.at/entry.php?id=10271&&ser=807576" "Mozilla/5.0 (Windows NT 10.0; WOW64; rv:53.0) Gecko/20100101 Firefox/53.0"
91.114.247.177 - - [03/May/2017:12:33:58 +0200] "POST /entry.php?id=11677 HTTP/1.1" 200 5212 "http://ed.activities.at/entry.php?id=11677" "Mozilla/5.0 (Windows NT 10.0; WOW64; rv:53.0) Gecko/20100101 Firefox/53.0"
91.114.247.177 - - [03/May/2017:12:33:59 +0200] "GET /gui/javascript/form_form.js?1493807639 HTTP/1.1" 200 16206 "http://ed.activities.at/entry.php?id=11677" "Mozilla/5.0 (Windows NT 10.0; WOW64; rv:53.0) Gecko/20100101 Firefox/53.0"
212.108.43.59 - - [03/May/2017:12:34:01 +0200] "GET /entry.php?id=10271&&ser=807580 HTTP/1.1" 200 986 "http://ed.activities.at/entry.php?id=10271&&ser=807519" "Mozilla/5.0 (Windows NT 10.0; Win64; x64) AppleWebKit/537.36 (KHTML, like Gecko) Chrome/57.0.2987.133 Safari/537.36"
212.108.43.59 - - [03/May/2017:12:34:01 +0200] "GET /gui/javascript/form_form.js?1493807641 HTTP/1.1" 200 16206 "http://ed.activities.at/entry.php?id=10271&&ser=807580" "Mozilla/5.0 (Windows NT 10.0; Win64; x64) AppleWebKit/537.36 (KHTML, like Gecko) Chrome/57.0.2987.133 Safari/537.36"
91.114.247.177 - - [03/May/2017:12:34:04 +0200] "GET /entry.php?id=11681&chooserview=editnewmenueitem&hidetitle=true&object=10288589 HTTP/1.1" 200 349 "http://ed.activities.at/entry.php?id=11412" "Mozilla/5.0 (Windows NT 10.0; WOW64; rv:53.0) Gecko/20100101 Firefox/53.0"
91.114.247.177 - - [03/May/2017:12:34:04 +0200] "GET /entry.php?id=11683&chooserview=editnewmenueitem&object=10288589& HTTP/1.1" 200 2682 "http://ed.activities.at/entry.php?id=11681&chooserview=editnewmenueitem&hidetitle=true&object=10288589" "Mozilla/5.0 (Windows NT 10.0; WOW64; rv:53.0) Gecko/20100101 Firefox/53.0"
91.114.247.177 - - [03/May/2017:12:34:05 +0200] "GET /gui/javascript/form_form.js?1493807645 HTTP/1.1" 200 16206 "http://ed.activities.at/entry.php?id=11683&chooserview=editnewmenueitem&object=10288589&" "Mozilla/5.0 (Windows NT 10.0; WOW64; rv:53.0) Gecko/20100101 Firefox/53.0"
91.114.247.177 - - [03/May/2017:12:34:04 +0200] "GET /entry.php?id=11684&chooserview=editnewmenueitem&object=10288589& HTTP/1.1" 200 3969 "http://ed.activities.at/entry.php?id=11681&chooserview=editnewmenueitem&hidetitle=true&object=10288589" "Mozilla/5.0 (Windows NT 10.0; WOW64; rv:53.0) Gecko/20100101 Firefox/53.0"
91.114.247.177 - - [03/May/2017:12:34:05 +0200] "GET /entry.php?id=10776&form=11508&name=list& HTTP/1.1" 200 1808 "http://ed.activities.at/entry.php?id=11683&chooserview=editnewmenueitem&object=10288589&" "Mozilla/5.0 (Windows NT 10.0; WOW64; rv:53.0) Gecko/20100101 Firefox/53.0"
91.114.247.177 - - [03/May/2017:12:34:05 +0200] "GET /entry.php?id=10778&form=11508&name=list& HTTP/1.1" 200 5267 "http://ed.activities.at/entry.php?id=11683&chooserview=editnewmenueitem&object=10288589&" "Mozilla/5.0 (Windows NT 10.0; WOW64; rv:53.0) Gecko/20100101 Firefox/53.0"
91.114.247.177 - - [03/May/2017:12:34:07 +0200] "POST /entry.php?id=11684 HTTP/1.1" 200 3888 "http://ed.activities.at/entry.php?id=11684&chooserview=editnewmenueitem&object=10288589&" "Mozilla/5.0 (Windows NT 10.0; WOW64; rv:53.0) Gecko/20100101 Firefox/53.0"
91.114.247.177 - - [03/May/2017:12:34:07 +0200] "GET /gui/javascript/form_form.js?1493807647 HTTP/1.1" 200 16206 "http://ed.activities.at/entry.php?id=11684" "Mozilla/5.0 (Windows NT 10.0; WOW64; rv:53.0) Gecko/20100101 Firefox/53.0"
91.114.247.177 - - [03/May/2017:12:34:08 +0200] "GET /framework/webfx/javascript/tinymce/skins/lightgray/content.min.css HTTP/1.1" 404 327 "http://ed.activities.at/entry.php?id=11684" "Mozilla/5.0 (Windows NT 10.0; WOW64; rv:53.0) Gecko/20100101 Firefox/53.0"
83.65.142.74 - - [03/May/2017:12:34:16 +0200] "GET /entry.php?id=10271&&ser=807596 HTTP/1.1" 200 986 "http://easydrivers.activities.at/entry.php?id=10271&&ser=807534" "Mozilla/5.0 (Windows NT 10.0; Trident/7.0; rv:11.0) like Gecko"
83.65.142.74 - - [03/May/2017:12:34:17 +0200] "GET /gui/javascript/form_form.js?1493807657 HTTP/1.1" 200 16206 "http://easydrivers.activities.at/entry.php?id=10271&&ser=807596" "Mozilla/5.0 (Windows NT 10.0; Trident/7.0; rv:11.0) like Gecko"
91.114.247.177 - - [03/May/2017:12:34:16 +0200] "POST /entry.php?id=11677 HTTP/1.1" 200 5104 "http://ed.activities.at/entry.php?id=11677" "Mozilla/5.0 (Windows NT 10.0; WOW64; rv:53.0) Gecko/20100101 Firefox/53.0"
91.114.247.177 - - [03/May/2017:12:34:17 +0200] "GET /gui/javascript/form_form.js?1493807657 HTTP/1.1" 200 16206 "http://ed.activities.at/entry.php?id=11677" "Mozilla/5.0 (Windows NT 10.0; WOW64; rv:53.0) Gecko/20100101 Firefox/53.0"
91.114.247.177 - - [03/May/2017:12:34:21 +0200] "GET /entry.php?id=11681&chooserview=editnewmenueitem&hidetitle=true&object=10288634 HTTP/1.1" 200 348 "http://ed.activities.at/entry.php?id=11412" "Mozilla/5.0 (Windows NT 10.0; WOW64; rv:53.0) Gecko/20100101 Firefox/53.0"
91.114.247.177 - - [03/May/2017:12:34:22 +0200] "GET /entry.php?id=11683&chooserview=editnewmenueitem&object=10288634& HTTP/1.1" 200 2682 "http://ed.activities.at/entry.php?id=11681&chooserview=editnewmenueitem&hidetitle=true&object=10288634" "Mozilla/5.0 (Windows NT 10.0; WOW64; rv:53.0) Gecko/20100101 Firefox/53.0"
91.114.247.177 - - [03/May/2017:12:34:22 +0200] "GET /gui/javascript/form_form.js?1493807662 HTTP/1.1" 200 16206 "http://ed.activities.at/entry.php?id=11683&chooserview=editnewmenueitem&object=10288634&" "Mozilla/5.0 (Windows NT 10.0; WOW64; rv:53.0) Gecko/20100101 Firefox/53.0"
91.114.247.177 - - [03/May/2017:12:34:22 +0200] "GET /entry.php?id=11684&chooserview=editnewmenueitem&object=10288634& HTTP/1.1" 200 3938 "http://ed.activities.at/entry.php?id=11681&chooserview=editnewmenueitem&hidetitle=true&object=10288634" "Mozilla/5.0 (Windows NT 10.0; WOW64; rv:53.0) Gecko/20100101 Firefox/53.0"
91.114.247.177 - - [03/May/2017:12:34:22 +0200] "GET /entry.php?id=10776&form=11508&name=list& HTTP/1.1" 200 1808 "http://ed.activities.at/entry.php?id=11683&chooserview=editnewmenueitem&object=10288634&" "Mozilla/5.0 (Windows NT 10.0; WOW64; rv:53.0) Gecko/20100101 Firefox/53.0"
91.114.247.177 - - [03/May/2017:12:34:22 +0200] "GET /entry.php?id=10778&form=11508&name=list& HTTP/1.1" 200 5267 "http://ed.activities.at/entry.php?id=11683&chooserview=editnewmenueitem&object=10288634&" "Mozilla/5.0 (Windows NT 10.0; WOW64; rv:53.0) Gecko/20100101 Firefox/53.0"
91.114.247.177 - - [03/May/2017:12:34:24 +0200] "POST /entry.php?id=11684 HTTP/1.1" 200 3409 "http://ed.activities.at/entry.php?id=11684&chooserview=editnewmenueitem&object=10288634&" "Mozilla/5.0 (Windows NT 10.0; WOW64; rv:53.0) Gecko/20100101 Firefox/53.0"
91.114.247.177 - - [03/May/2017:12:34:25 +0200] "GET /gui/javascript/form_form.js?1493807665 HTTP/1.1" 200 16206 "http://ed.activities.at/entry.php?id=11684" "Mozilla/5.0 (Windows NT 10.0; WOW64; rv:53.0) Gecko/20100101 Firefox/53.0"
91.114.247.177 - - [03/May/2017:12:34:26 +0200] "GET /framework/webfx/javascript/tinymce/skins/lightgray/content.min.css HTTP/1.1" 404 327 "http://ed.activities.at/entry.php?id=11684" "Mozilla/5.0 (Windows NT 10.0; WOW64; rv:53.0) Gecko/20100101 Firefox/53.0"
83.65.142.74 - - [03/May/2017:12:34:42 +0200] "POST /entry.php?id=11685 HTTP/1.1" 200 3654 "http://easydrivers.activities.at/entry.php?id=11685&object=10228812&site=10201431&item=10221968" "Mozilla/5.0 (Windows NT 10.0; Trident/7.0; rv:11.0) like Gecko"
83.65.142.74 - - [03/May/2017:12:34:42 +0200] "GET /gui/javascript/form_form.js?1493807682 HTTP/1.1" 200 16206 "http://easydrivers.activities.at/entry.php?id=11685" "Mozilla/5.0 (Windows NT 10.0; Trident/7.0; rv:11.0) like Gecko"
83.65.142.74 - - [03/May/2017:12:34:42 +0200] "GET /cache/emu/images/easy-drivers-amstetten10289204/03-ansichteasydriver17-04plakat-a2-1jpg_64_90_0.jpg HTTP/1.1" 304 - "http://easydrivers.activities.at/entry.php?id=11685" "Mozilla/5.0 (Windows NT 10.0; Trident/7.0; rv:11.0) like Gecko"
83.65.142.74 - - [03/May/2017:12:34:49 +0200] "POST /entry.php?id=11677 HTTP/1.1" 200 4420 "http://easydrivers.activities.at/entry.php?id=11677" "Mozilla/5.0 (Windows NT 10.0; Trident/7.0; rv:11.0) like Gecko"
83.65.142.74 - - [03/May/2017:12:34:50 +0200] "GET /gui/javascript/form_form.js?1493807689 HTTP/1.1" 200 16206 "http://easydrivers.activities.at/entry.php?id=11677" "Mozilla/5.0 (Windows NT 10.0; Trident/7.0; rv:11.0) like Gecko"
83.65.142.74 - - [03/May/2017:12:34:53 +0200] "POST /entry.php?id=11678 HTTP/1.1" 200 3229 "http://easydrivers.activities.at/entry.php?id=11678" "Mozilla/5.0 (Windows NT 10.0; Trident/7.0; rv:11.0) like Gecko"
83.65.142.74 - - [03/May/2017:12:34:54 +0200] "GET /gui/javascript/form_form.js?1493807694 HTTP/1.1" 200 16206 "http://easydrivers.activities.at/entry.php?id=11678" "Mozilla/5.0 (Windows NT 10.0; Trident/7.0; rv:11.0) like Gecko"
83.65.142.74 - - [03/May/2017:12:34:54 +0200] "GET /activities/framework/KoolControls/KoolAjax/koolajax.php?8436e354c842500aba3cbaf0584c0c24 HTTP/1.1" 200 4079 "http://easydrivers.activities.at/entry.php?id=11678" "Mozilla/5.0 (Windows NT 10.0; Trident/7.0; rv:11.0) like Gecko"
83.65.142.74 - - [03/May/2017:12:34:55 +0200] "GET /activities/framework/KoolControls/KoolTreeView/kooltreeview.php?c7cd9180e88ffef8e70f13526bb4f5f7 HTTP/1.1" 200 5055 "http://easydrivers.activities.at/entry.php?id=11678" "Mozilla/5.0 (Windows NT 10.0; Trident/7.0; rv:11.0) like Gecko"
83.65.142.74 - - [03/May/2017:12:34:56 +0200] "POST /entry.php?id=11677 HTTP/1.1" 200 4416 "http://easydrivers.activities.at/entry.php?id=11677" "Mozilla/5.0 (Windows NT 10.0; Trident/7.0; rv:11.0) like Gecko"
83.65.142.74 - - [03/May/2017:12:34:56 +0200] "GET /gui/javascript/form_form.js?1493807696 HTTP/1.1" 200 16206 "http://easydrivers.activities.at/entry.php?id=11677" "Mozilla/5.0 (Windows NT 10.0; Trident/7.0; rv:11.0) like Gecko"
91.114.247.177 - - [03/May/2017:12:34:57 +0200] "GET /entry.php?id=10271&&ser=807637 HTTP/1.1" 200 987 "http://ed.activities.at/entry.php?id=10271&&ser=807576" "Mozilla/5.0 (Windows NT 10.0; WOW64; rv:53.0) Gecko/20100101 Firefox/53.0"
91.114.247.177 - - [03/May/2017:12:34:57 +0200] "GET /gui/javascript/form_form.js?1493807697 HTTP/1.1" 200 16206 "http://ed.activities.at/entry.php?id=10271&&ser=807637" "Mozilla/5.0 (Windows NT 10.0; WOW64; rv:53.0) Gecko/20100101 Firefox/53.0"
212.108.43.59 - - [03/May/2017:12:35:02 +0200] "GET /entry.php?id=10271&&ser=807641 HTTP/1.1" 200 987 "http://ed.activities.at/entry.php?id=10271&&ser=807580" "Mozilla/5.0 (Windows NT 10.0; Win64; x64) AppleWebKit/537.36 (KHTML, like Gecko) Chrome/57.0.2987.133 Safari/537.36"
212.108.43.59 - - [03/May/2017:12:35:02 +0200] "GET /gui/javascript/form_form.js?1493807702 HTTP/1.1" 200 16206 "http://ed.activities.at/entry.php?id=10271&&ser=807641" "Mozilla/5.0 (Windows NT 10.0; Win64; x64) AppleWebKit/537.36 (KHTML, like Gecko) Chrome/57.0.2987.133 Safari/537.36"
83.65.142.74 - - [03/May/2017:12:35:16 +0200] "POST /entry.php?id=11677 HTTP/1.1" 200 3218 "http://easydrivers.activities.at/entry.php?id=11677" "Mozilla/5.0 (Windows NT 10.0; Trident/7.0; rv:11.0) like Gecko"
83.65.142.74 - - [03/May/2017:12:35:17 +0200] "GET /gui/javascript/form_form.js?1493807717 HTTP/1.1" 200 16206 "http://easydrivers.activities.at/entry.php?id=11677" "Mozilla/5.0 (Windows NT 10.0; Trident/7.0; rv:11.0) like Gecko"
83.65.142.74 - - [03/May/2017:12:35:18 +0200] "GET /entry.php?id=10778&form=11502&name=list& HTTP/1.1" 200 3848 "http://easydrivers.activities.at/entry.php?id=11677" "Mozilla/5.0 (Windows NT 10.0; Trident/7.0; rv:11.0) like Gecko"
83.65.142.74 - - [03/May/2017:12:35:18 +0200] "GET /entry.php?id=10776&form=11502&name=list& HTTP/1.1" 200 1475 "http://easydrivers.activities.at/entry.php?id=11677" "Mozilla/5.0 (Windows NT 10.0; Trident/7.0; rv:11.0) like Gecko"
83.65.142.74 - - [03/May/2017:12:35:18 +0200] "GET /entry.php?id=10271&&ser=807657 HTTP/1.1" 200 987 "http://easydrivers.activities.at/entry.php?id=10271&&ser=807596" "Mozilla/5.0 (Windows NT 10.0; Trident/7.0; rv:11.0) like Gecko"
83.65.142.74 - - [03/May/2017:12:35:20 +0200] "GET /gui/javascript/form_form.js?1493807718 HTTP/1.1" 200 16206 "http://easydrivers.activities.at/entry.php?id=10271&&ser=807657" "Mozilla/5.0 (Windows NT 10.0; Trident/7.0; rv:11.0) like Gecko"
83.65.142.74 - - [03/May/2017:12:35:23 +0200] "GET /entry.php?id=11685&object=10228812&site=10201431&item=10221968 HTTP/1.1" 200 3564 "http://easydrivers.activities.at/entry.php?id=11412" "Mozilla/5.0 (Windows NT 10.0; Trident/7.0; rv:11.0) like Gecko"
83.65.142.74 - - [03/May/2017:12:35:23 +0200] "GET /gui/javascript/form_form.js?1493807723 HTTP/1.1" 200 16206 "http://easydrivers.activities.at/entry.php?id=11685&object=10228812&site=10201431&item=10221968" "Mozilla/5.0 (Windows NT 10.0; Trident/7.0; rv:11.0) like Gecko"
83.65.142.74 - - [03/May/2017:12:35:48 +0200] "POST /entry.php?id=11685 HTTP/1.1" 200 3660 "http://easydrivers.activities.at/entry.php?id=11685&object=10228812&site=10201431&item=10221968" "Mozilla/5.0 (Windows NT 10.0; Trident/7.0; rv:11.0) like Gecko"
83.65.142.74 - - [03/May/2017:12:35:48 +0200] "GET /gui/javascript/form_form.js?1493807748 HTTP/1.1" 200 16206 "http://easydrivers.activities.at/entry.php?id=11685" "Mozilla/5.0 (Windows NT 10.0; Trident/7.0; rv:11.0) like Gecko"
91.114.247.177 - - [03/May/2017:12:35:58 +0200] "GET /entry.php?id=10271&&ser=807697 HTTP/1.1" 200 987 "http://ed.activities.at/entry.php?id=10271&&ser=807637" "Mozilla/5.0 (Windows NT 10.0; WOW64; rv:53.0) Gecko/20100101 Firefox/53.0"
91.114.247.177 - - [03/May/2017:12:35:58 +0200] "GET /gui/javascript/form_form.js?1493807758 HTTP/1.1" 200 16206 "http://ed.activities.at/entry.php?id=10271&&ser=807697" "Mozilla/5.0 (Windows NT 10.0; WOW64; rv:53.0) Gecko/20100101 Firefox/53.0"
212.108.43.59 - - [03/May/2017:12:36:03 +0200] "GET /entry.php?id=10271&&ser=807702 HTTP/1.1" 200 987 "http://ed.activities.at/entry.php?id=10271&&ser=807641" "Mozilla/5.0 (Windows NT 10.0; Win64; x64) AppleWebKit/537.36 (KHTML, like Gecko) Chrome/57.0.2987.133 Safari/537.36"
212.108.43.59 - - [03/May/2017:12:36:03 +0200] "GET /gui/javascript/form_form.js?1493807763 HTTP/1.1" 200 16206 "http://ed.activities.at/entry.php?id=10271&&ser=807702" "Mozilla/5.0 (Windows NT 10.0; Win64; x64) AppleWebKit/537.36 (KHTML, like Gecko) Chrome/57.0.2987.133 Safari/537.36"
83.65.142.74 - - [03/May/2017:12:36:08 +0200] "POST /entry.php?id=11685 HTTP/1.1" 200 3652 "http://easydrivers.activities.at/entry.php?id=11685" "Mozilla/5.0 (Windows NT 10.0; Trident/7.0; rv:11.0) like Gecko"
83.65.142.74 - - [03/May/2017:12:36:09 +0200] "GET /gui/javascript/form_form.js?1493807769 HTTP/1.1" 200 16206 "http://easydrivers.activities.at/entry.php?id=11685" "Mozilla/5.0 (Windows NT 10.0; Trident/7.0; rv:11.0) like Gecko"
83.65.142.74 - - [03/May/2017:12:36:16 +0200] "POST /entry.php?id=11677 HTTP/1.1" 200 4418 "http://easydrivers.activities.at/entry.php?id=11677" "Mozilla/5.0 (Windows NT 10.0; Trident/7.0; rv:11.0) like Gecko"
83.65.142.74 - - [03/May/2017:12:36:17 +0200] "GET /gui/javascript/form_form.js?1493807777 HTTP/1.1" 200 16206 "http://easydrivers.activities.at/entry.php?id=11677" "Mozilla/5.0 (Windows NT 10.0; Trident/7.0; rv:11.0) like Gecko"
83.65.142.74 - - [03/May/2017:12:36:19 +0200] "POST /entry.php?id=11678 HTTP/1.1" 200 3228 "http://easydrivers.activities.at/entry.php?id=11678" "Mozilla/5.0 (Windows NT 10.0; Trident/7.0; rv:11.0) like Gecko"
83.65.142.74 - - [03/May/2017:12:36:20 +0200] "GET /gui/javascript/form_form.js?1493807780 HTTP/1.1" 200 16206 "http://easydrivers.activities.at/entry.php?id=11678" "Mozilla/5.0 (Windows NT 10.0; Trident/7.0; rv:11.0) like Gecko"
83.65.142.74 - - [03/May/2017:12:36:20 +0200] "GET /activities/framework/KoolControls/KoolAjax/koolajax.php?8436e354c842500aba3cbaf0584c0c24 HTTP/1.1" 200 4079 "http://easydrivers.activities.at/entry.php?id=11678" "Mozilla/5.0 (Windows NT 10.0; Trident/7.0; rv:11.0) like Gecko"
83.65.142.74 - - [03/May/2017:12:36:21 +0200] "GET /activities/framework/KoolControls/KoolTreeView/kooltreeview.php?c7cd9180e88ffef8e70f13526bb4f5f7 HTTP/1.1" 200 5055 "http://easydrivers.activities.at/entry.php?id=11678" "Mozilla/5.0 (Windows NT 10.0; Trident/7.0; rv:11.0) like Gecko"
83.65.142.74 - - [03/May/2017:12:36:21 +0200] "GET /entry.php?id=10271&&ser=807718 HTTP/1.1" 200 986 "http://easydrivers.activities.at/entry.php?id=10271&&ser=807657" "Mozilla/5.0 (Windows NT 10.0; Trident/7.0; rv:11.0) like Gecko"
83.65.142.74 - - [03/May/2017:12:36:22 +0200] "GET /gui/javascript/form_form.js?1493807781 HTTP/1.1" 200 16206 "http://easydrivers.activities.at/entry.php?id=10271&&ser=807718" "Mozilla/5.0 (Windows NT 10.0; Trident/7.0; rv:11.0) like Gecko"
83.65.142.74 - - [03/May/2017:12:36:22 +0200] "POST /entry.php?id=11677 HTTP/1.1" 200 4415 "http://easydrivers.activities.at/entry.php?id=11677" "Mozilla/5.0 (Windows NT 10.0; Trident/7.0; rv:11.0) like Gecko"
83.65.142.74 - - [03/May/2017:12:36:23 +0200] "GET /gui/javascript/form_form.js?1493807783 HTTP/1.1" 200 16206 "http://easydrivers.activities.at/entry.php?id=11677" "Mozilla/5.0 (Windows NT 10.0; Trident/7.0; rv:11.0) like Gecko"
91.114.247.177 - - [03/May/2017:12:36:58 +0200] "GET /entry.php?id=10271&&ser=807758 HTTP/1.1" 200 987 "http://ed.activities.at/entry.php?id=10271&&ser=807697" "Mozilla/5.0 (Windows NT 10.0; WOW64; rv:53.0) Gecko/20100101 Firefox/53.0"
91.114.247.177 - - [03/May/2017:12:36:58 +0200] "GET /gui/javascript/form_form.js?1493807818 HTTP/1.1" 200 16206 "http://ed.activities.at/entry.php?id=10271&&ser=807758" "Mozilla/5.0 (Windows NT 10.0; WOW64; rv:53.0) Gecko/20100101 Firefox/53.0"
91.114.247.177 - - [03/May/2017:12:37:00 +0200] "POST /entry.php?id=11684 HTTP/1.1" 200 3992 "http://ed.activities.at/entry.php?id=11684" "Mozilla/5.0 (Windows NT 10.0; WOW64; rv:53.0) Gecko/20100101 Firefox/53.0"
91.114.247.177 - - [03/May/2017:12:37:01 +0200] "GET /gui/javascript/form_form.js?1493807821 HTTP/1.1" 200 16206 "http://ed.activities.at/entry.php?id=11684" "Mozilla/5.0 (Windows NT 10.0; WOW64; rv:53.0) Gecko/20100101 Firefox/53.0"
91.114.247.177 - - [03/May/2017:12:37:02 +0200] "GET /framework/webfx/javascript/tinymce/skins/lightgray/content.min.css HTTP/1.1" 404 327 "http://ed.activities.at/entry.php?id=11684" "Mozilla/5.0 (Windows NT 10.0; WOW64; rv:53.0) Gecko/20100101 Firefox/53.0"
212.108.43.59 - - [03/May/2017:12:37:04 +0200] "GET /entry.php?id=10271&&ser=807763 HTTP/1.1" 200 987 "http://ed.activities.at/entry.php?id=10271&&ser=807702" "Mozilla/5.0 (Windows NT 10.0; Win64; x64) AppleWebKit/537.36 (KHTML, like Gecko) Chrome/57.0.2987.133 Safari/537.36"
212.108.43.59 - - [03/May/2017:12:37:04 +0200] "GET /gui/javascript/form_form.js?1493807824 HTTP/1.1" 200 16206 "http://ed.activities.at/entry.php?id=10271&&ser=807763" "Mozilla/5.0 (Windows NT 10.0; Win64; x64) AppleWebKit/537.36 (KHTML, like Gecko) Chrome/57.0.2987.133 Safari/537.36"
91.114.247.177 - - [03/May/2017:12:37:06 +0200] "POST /entry.php?id=11677 HTTP/1.1" 200 5105 "http://ed.activities.at/entry.php?id=11677" "Mozilla/5.0 (Windows NT 10.0; WOW64; rv:53.0) Gecko/20100101 Firefox/53.0"
91.114.247.177 - - [03/May/2017:12:37:07 +0200] "GET /gui/javascript/form_form.js?1493807826 HTTP/1.1" 200 16206 "http://ed.activities.at/entry.php?id=11677" "Mozilla/5.0 (Windows NT 10.0; WOW64; rv:53.0) Gecko/20100101 Firefox/53.0"
91.114.247.177 - - [03/May/2017:12:37:09 +0200] "GET /entry.php?id=11681&chooserview=editnewmenueitem&hidetitle=true&object=10288637 HTTP/1.1" 200 348 "http://ed.activities.at/entry.php?id=11412" "Mozilla/5.0 (Windows NT 10.0; WOW64; rv:53.0) Gecko/20100101 Firefox/53.0"
91.114.247.177 - - [03/May/2017:12:37:09 +0200] "GET /entry.php?id=11683&chooserview=editnewmenueitem&object=10288637& HTTP/1.1" 200 2682 "http://ed.activities.at/entry.php?id=11681&chooserview=editnewmenueitem&hidetitle=true&object=10288637" "Mozilla/5.0 (Windows NT 10.0; WOW64; rv:53.0) Gecko/20100101 Firefox/53.0"
91.114.247.177 - - [03/May/2017:12:37:09 +0200] "GET /gui/javascript/form_form.js?1493807829 HTTP/1.1" 200 16206 "http://ed.activities.at/entry.php?id=11683&chooserview=editnewmenueitem&object=10288637&" "Mozilla/5.0 (Windows NT 10.0; WOW64; rv:53.0) Gecko/20100101 Firefox/53.0"
91.114.247.177 - - [03/May/2017:12:37:09 +0200] "GET /entry.php?id=11684&chooserview=editnewmenueitem&object=10288637& HTTP/1.1" 200 3941 "http://ed.activities.at/entry.php?id=11681&chooserview=editnewmenueitem&hidetitle=true&object=10288637" "Mozilla/5.0 (Windows NT 10.0; WOW64; rv:53.0) Gecko/20100101 Firefox/53.0"
91.114.247.177 - - [03/May/2017:12:37:10 +0200] "GET /gui/javascript/form_form.js?1493807830 HTTP/1.1" 200 16206 "http://ed.activities.at/entry.php?id=11684&chooserview=editnewmenueitem&object=10288637&" "Mozilla/5.0 (Windows NT 10.0; WOW64; rv:53.0) Gecko/20100101 Firefox/53.0"
91.114.247.177 - - [03/May/2017:12:37:10 +0200] "GET /entry.php?id=10776&form=11508&name=list& HTTP/1.1" 200 1808 "http://ed.activities.at/entry.php?id=11683&chooserview=editnewmenueitem&object=10288637&" "Mozilla/5.0 (Windows NT 10.0; WOW64; rv:53.0) Gecko/20100101 Firefox/53.0"
91.114.247.177 - - [03/May/2017:12:37:10 +0200] "GET /entry.php?id=10778&form=11508&name=list& HTTP/1.1" 200 5269 "http://ed.activities.at/entry.php?id=11683&chooserview=editnewmenueitem&object=10288637&" "Mozilla/5.0 (Windows NT 10.0; WOW64; rv:53.0) Gecko/20100101 Firefox/53.0"
91.114.247.177 - - [03/May/2017:12:37:12 +0200] "POST /entry.php?id=11684 HTTP/1.1" 200 3412 "http://ed.activities.at/entry.php?id=11684&chooserview=editnewmenueitem&object=10288637&" "Mozilla/5.0 (Windows NT 10.0; WOW64; rv:53.0) Gecko/20100101 Firefox/53.0"
91.114.247.177 - - [03/May/2017:12:37:13 +0200] "GET /gui/javascript/form_form.js?1493807833 HTTP/1.1" 200 16206 "http://ed.activities.at/entry.php?id=11684" "Mozilla/5.0 (Windows NT 10.0; WOW64; rv:53.0) Gecko/20100101 Firefox/53.0"
91.114.247.177 - - [03/May/2017:12:37:14 +0200] "GET /framework/webfx/javascript/tinymce/skins/lightgray/content.min.css HTTP/1.1" 404 327 "http://ed.activities.at/entry.php?id=11684" "Mozilla/5.0 (Windows NT 10.0; WOW64; rv:53.0) Gecko/20100101 Firefox/53.0"
83.65.142.74 - - [03/May/2017:12:37:22 +0200] "GET /entry.php?id=10271&&ser=807781 HTTP/1.1" 200 987 "http://easydrivers.activities.at/entry.php?id=10271&&ser=807718" "Mozilla/5.0 (Windows NT 10.0; Trident/7.0; rv:11.0) like Gecko"
83.65.142.74 - - [03/May/2017:12:37:23 +0200] "GET /gui/javascript/form_form.js?1493807842 HTTP/1.1" 200 16206 "http://easydrivers.activities.at/entry.php?id=10271&&ser=807781" "Mozilla/5.0 (Windows NT 10.0; Trident/7.0; rv:11.0) like Gecko"
91.114.247.177 - - [03/May/2017:12:37:59 +0200] "GET /entry.php?id=10271&&ser=807818 HTTP/1.1" 200 987 "http://ed.activities.at/entry.php?id=10271&&ser=807758" "Mozilla/5.0 (Windows NT 10.0; WOW64; rv:53.0) Gecko/20100101 Firefox/53.0"
91.114.247.177 - - [03/May/2017:12:37:59 +0200] "GET /gui/javascript/form_form.js?1493807879 HTTP/1.1" 200 16206 "http://ed.activities.at/entry.php?id=10271&&ser=807818" "Mozilla/5.0 (Windows NT 10.0; WOW64; rv:53.0) Gecko/20100101 Firefox/53.0"
212.108.43.59 - - [03/May/2017:12:38:05 +0200] "GET /entry.php?id=10271&&ser=807824 HTTP/1.1" 200 987 "http://ed.activities.at/entry.php?id=10271&&ser=807763" "Mozilla/5.0 (Windows NT 10.0; Win64; x64) AppleWebKit/537.36 (KHTML, like Gecko) Chrome/57.0.2987.133 Safari/537.36"
212.108.43.59 - - [03/May/2017:12:38:05 +0200] "GET /gui/javascript/form_form.js?1493807885 HTTP/1.1" 200 16206 "http://ed.activities.at/entry.php?id=10271&&ser=807824" "Mozilla/5.0 (Windows NT 10.0; Win64; x64) AppleWebKit/537.36 (KHTML, like Gecko) Chrome/57.0.2987.133 Safari/537.36"
83.65.142.74 - - [03/May/2017:12:38:23 +0200] "GET /entry.php?id=10271&&ser=807842 HTTP/1.1" 200 987 "http://easydrivers.activities.at/entry.php?id=10271&&ser=807781" "Mozilla/5.0 (Windows NT 10.0; Trident/7.0; rv:11.0) like Gecko"
83.65.142.74 - - [03/May/2017:12:38:24 +0200] "GET /gui/javascript/form_form.js?1493807904 HTTP/1.1" 200 16206 "http://easydrivers.activities.at/entry.php?id=10271&&ser=807842" "Mozilla/5.0 (Windows NT 10.0; Trident/7.0; rv:11.0) like Gecko"
91.114.247.177 - - [03/May/2017:12:38:59 +0200] "GET /entry.php?id=10271&&ser=807879 HTTP/1.1" 200 987 "http://ed.activities.at/entry.php?id=10271&&ser=807818" "Mozilla/5.0 (Windows NT 10.0; WOW64; rv:53.0) Gecko/20100101 Firefox/53.0"
91.114.247.177 - - [03/May/2017:12:38:59 +0200] "GET /gui/javascript/form_form.js?1493807939 HTTP/1.1" 200 16206 "http://ed.activities.at/entry.php?id=10271&&ser=807879" "Mozilla/5.0 (Windows NT 10.0; WOW64; rv:53.0) Gecko/20100101 Firefox/53.0"
212.108.43.59 - - [03/May/2017:12:39:06 +0200] "GET /entry.php?id=10271&&ser=807885 HTTP/1.1" 200 987 "http://ed.activities.at/entry.php?id=10271&&ser=807824" "Mozilla/5.0 (Windows NT 10.0; Win64; x64) AppleWebKit/537.36 (KHTML, like Gecko) Chrome/57.0.2987.133 Safari/537.36"
212.108.43.59 - - [03/May/2017:12:39:06 +0200] "GET /gui/javascript/form_form.js?1493807946 HTTP/1.1" 200 16206 "http://ed.activities.at/entry.php?id=10271&&ser=807885" "Mozilla/5.0 (Windows NT 10.0; Win64; x64) AppleWebKit/537.36 (KHTML, like Gecko) Chrome/57.0.2987.133 Safari/537.36"
