212.108.43.59 - - [09/May/2017:15:25:33 +0200] "GET /entry.php?id=10778&form=11508&name=list& HTTP/1.1" 200 5540 "http://ed.activities.at/entry.php?id=11683&" "Mozilla/5.0 (Windows NT 10.0; Win64; x64) AppleWebKit/537.36 (KHTML, like Gecko) Chrome/57.0.2987.133 Safari/537.36"
212.108.43.59 - - [09/May/2017:15:25:37 +0200] "POST /entry.php?id=11684 HTTP/1.1" 200 3969 "http://ed.activities.at/entry.php?id=11684&" "Mozilla/5.0 (Windows NT 10.0; Win64; x64) AppleWebKit/537.36 (KHTML, like Gecko) Chrome/57.0.2987.133 Safari/537.36"
212.108.43.59 - - [09/May/2017:15:25:37 +0200] "GET /gui/javascript/form_form.js?1494336337 HTTP/1.1" 200 16206 "http://ed.activities.at/entry.php?id=11684" "Mozilla/5.0 (Windows NT 10.0; Win64; x64) AppleWebKit/537.36 (KHTML, like Gecko) Chrome/57.0.2987.133 Safari/537.36"
212.108.43.59 - - [09/May/2017:15:25:39 +0200] "POST /entry.php?id=11684 HTTP/1.1" 200 4225 "http://ed.activities.at/entry.php?id=11684" "Mozilla/5.0 (Windows NT 10.0; Win64; x64) AppleWebKit/537.36 (KHTML, like Gecko) Chrome/57.0.2987.133 Safari/537.36"
212.108.43.59 - - [09/May/2017:15:25:39 +0200] "GET /gui/javascript/form_form.js?1494336339 HTTP/1.1" 200 16206 "http://ed.activities.at/entry.php?id=11684" "Mozilla/5.0 (Windows NT 10.0; Win64; x64) AppleWebKit/537.36 (KHTML, like Gecko) Chrome/57.0.2987.133 Safari/537.36"
212.108.43.59 - - [09/May/2017:15:25:42 +0200] "POST /entry.php?id=11684 HTTP/1.1" 200 3965 "http://ed.activities.at/entry.php?id=11684" "Mozilla/5.0 (Windows NT 10.0; Win64; x64) AppleWebKit/537.36 (KHTML, like Gecko) Chrome/57.0.2987.133 Safari/537.36"
212.108.43.59 - - [09/May/2017:15:25:43 +0200] "GET /gui/javascript/form_form.js?1494336343 HTTP/1.1" 200 16206 "http://ed.activities.at/entry.php?id=11684" "Mozilla/5.0 (Windows NT 10.0; Win64; x64) AppleWebKit/537.36 (KHTML, like Gecko) Chrome/57.0.2987.133 Safari/537.36"
212.108.43.59 - - [09/May/2017:15:25:43 +0200] "POST /entry.php?id=11684 HTTP/1.1" 200 8463 "http://ed.activities.at/entry.php?id=11684" "Mozilla/5.0 (Windows NT 10.0; Win64; x64) AppleWebKit/537.36 (KHTML, like Gecko) Chrome/57.0.2987.133 Safari/537.36"
212.108.43.59 - - [09/May/2017:15:25:44 +0200] "GET /gui/javascript/form_form.js?1494336344 HTTP/1.1" 200 16206 "http://ed.activities.at/entry.php?id=11684" "Mozilla/5.0 (Windows NT 10.0; Win64; x64) AppleWebKit/537.36 (KHTML, like Gecko) Chrome/57.0.2987.133 Safari/537.36"
212.108.43.59 - - [09/May/2017:15:25:44 +0200] "GET /framework/webfx/javascript/tinymce/skins/lightgray/content.min.css HTTP/1.1" 404 327 "http://ed.activities.at/entry.php?id=11684" "Mozilla/5.0 (Windows NT 10.0; Win64; x64) AppleWebKit/537.36 (KHTML, like Gecko) Chrome/57.0.2987.133 Safari/537.36"
212.108.43.59 - - [09/May/2017:15:25:45 +0200] "GET /binaries/easy-drivers-portal/safe4cyclepng-1.png HTTP/1.1" 200 16726 "http://ed.activities.at/entry.php?id=11684" "Mozilla/5.0 (Windows NT 10.0; Win64; x64) AppleWebKit/537.36 (KHTML, like Gecko) Chrome/57.0.2987.133 Safari/537.36"
212.108.43.59 - - [09/May/2017:15:25:45 +0200] "GET /binaries/easy-drivers-portal/logoleistejpg.jpg HTTP/1.1" 200 32745 "http://ed.activities.at/entry.php?id=11684" "Mozilla/5.0 (Windows NT 10.0; Win64; x64) AppleWebKit/537.36 (KHTML, like Gecko) Chrome/57.0.2987.133 Safari/537.36"
212.108.43.59 - - [09/May/2017:15:25:45 +0200] "GET /binaries/easy-drivers-portal/e-bike-lehrpersonaljpg.jpg HTTP/1.1" 200 139806 "http://ed.activities.at/entry.php?id=11684" "Mozilla/5.0 (Windows NT 10.0; Win64; x64) AppleWebKit/537.36 (KHTML, like Gecko) Chrome/57.0.2987.133 Safari/537.36"
212.108.43.59 - - [09/May/2017:15:25:45 +0200] "GET /binaries/easy-drivers-portal/polizei-logojpg.jpg HTTP/1.1" 200 222235 "http://ed.activities.at/entry.php?id=11684" "Mozilla/5.0 (Windows NT 10.0; Win64; x64) AppleWebKit/537.36 (KHTML, like Gecko) Chrome/57.0.2987.133 Safari/537.36"
212.108.43.59 - - [09/May/2017:15:25:45 +0200] "GET /binaries/easy-drivers-portal/projektpartnerjpg.jpg HTTP/1.1" 200 432978 "http://ed.activities.at/entry.php?id=11684" "Mozilla/5.0 (Windows NT 10.0; Win64; x64) AppleWebKit/537.36 (KHTML, like Gecko) Chrome/57.0.2987.133 Safari/537.36"
212.108.43.59 - - [09/May/2017:15:25:45 +0200] "GET /binaries/easy-drivers-portal/projektpartnerunterzeichnenjpg.jpg HTTP/1.1" 200 274046 "http://ed.activities.at/entry.php?id=11684" "Mozilla/5.0 (Windows NT 10.0; Win64; x64) AppleWebKit/537.36 (KHTML, like Gecko) Chrome/57.0.2987.133 Safari/537.36"
212.108.43.59 - - [09/May/2017:15:25:45 +0200] "GET /binaries/easy-drivers-portal/klima-umwelt-schutz-auszeichnungjpg.jpg HTTP/1.1" 200 713351 "http://ed.activities.at/entry.php?id=11684" "Mozilla/5.0 (Windows NT 10.0; Win64; x64) AppleWebKit/537.36 (KHTML, like Gecko) Chrome/57.0.2987.133 Safari/537.36"
212.108.43.59 - - [09/May/2017:15:25:45 +0200] "GET /binaries/easy-drivers-portal/20160825fluechtlingsprojektwien-045jpg.jpg HTTP/1.1" 200 1606302 "http://ed.activities.at/entry.php?id=11684" "Mozilla/5.0 (Windows NT 10.0; Win64; x64) AppleWebKit/537.36 (KHTML, like Gecko) Chrome/57.0.2987.133 Safari/537.36"
212.108.43.59 - - [09/May/2017:15:26:18 +0200] "GET /entry.php?id=10271&&ser=336318 HTTP/1.1" 200 989 "http://ed.activities.at/entry.php?id=10271&&ser=336258" "Mozilla/5.0 (Windows NT 10.0; Win64; x64) AppleWebKit/537.36 (KHTML, like Gecko) Chrome/57.0.2987.133 Safari/537.36"
212.108.43.59 - - [09/May/2017:15:26:19 +0200] "GET /gui/javascript/form_form.js?1494336379 HTTP/1.1" 200 16206 "http://ed.activities.at/entry.php?id=10271&&ser=336318" "Mozilla/5.0 (Windows NT 10.0; Win64; x64) AppleWebKit/537.36 (KHTML, like Gecko) Chrome/57.0.2987.133 Safari/537.36"
81.189.93.28 - - [09/May/2017:15:26:33 +0200] "GET /entry.php?id=10271&&ser=336333 HTTP/1.1" 200 988 "http://ed.activities.at/entry.php?id=10271&&ser=336272" "Mozilla/5.0 (Windows NT 10.0; WOW64; rv:53.0) Gecko/20100101 Firefox/53.0"
81.189.93.28 - - [09/May/2017:15:26:33 +0200] "GET /gui/javascript/form_form.js?1494336393 HTTP/1.1" 200 16206 "http://ed.activities.at/entry.php?id=10271&&ser=336333" "Mozilla/5.0 (Windows NT 10.0; WOW64; rv:53.0) Gecko/20100101 Firefox/53.0"
212.108.43.59 - - [09/May/2017:15:27:19 +0200] "GET /entry.php?id=10271&&ser=336378 HTTP/1.1" 200 987 "http://ed.activities.at/entry.php?id=10271&&ser=336318" "Mozilla/5.0 (Windows NT 10.0; Win64; x64) AppleWebKit/537.36 (KHTML, like Gecko) Chrome/57.0.2987.133 Safari/537.36"
212.108.43.59 - - [09/May/2017:15:27:19 +0200] "GET /gui/javascript/form_form.js?1494336439 HTTP/1.1" 200 16206 "http://ed.activities.at/entry.php?id=10271&&ser=336378" "Mozilla/5.0 (Windows NT 10.0; Win64; x64) AppleWebKit/537.36 (KHTML, like Gecko) Chrome/57.0.2987.133 Safari/537.36"
81.189.93.28 - - [09/May/2017:15:27:34 +0200] "GET /entry.php?id=10271&&ser=336393 HTTP/1.1" 200 988 "http://ed.activities.at/entry.php?id=10271&&ser=336333" "Mozilla/5.0 (Windows NT 10.0; WOW64; rv:53.0) Gecko/20100101 Firefox/53.0"
81.189.93.28 - - [09/May/2017:15:27:34 +0200] "GET /gui/javascript/form_form.js?1494336454 HTTP/1.1" 200 16206 "http://ed.activities.at/entry.php?id=10271&&ser=336393" "Mozilla/5.0 (Windows NT 10.0; WOW64; rv:53.0) Gecko/20100101 Firefox/53.0"
212.108.43.59 - - [09/May/2017:15:28:19 +0200] "GET /entry.php?id=10271&&ser=336439 HTTP/1.1" 200 987 "http://ed.activities.at/entry.php?id=10271&&ser=336378" "Mozilla/5.0 (Windows NT 10.0; Win64; x64) AppleWebKit/537.36 (KHTML, like Gecko) Chrome/57.0.2987.133 Safari/537.36"
212.108.43.59 - - [09/May/2017:15:28:19 +0200] "GET /gui/javascript/form_form.js?1494336499 HTTP/1.1" 200 16206 "http://ed.activities.at/entry.php?id=10271&&ser=336439" "Mozilla/5.0 (Windows NT 10.0; Win64; x64) AppleWebKit/537.36 (KHTML, like Gecko) Chrome/57.0.2987.133 Safari/537.36"
81.189.93.28 - - [09/May/2017:15:28:34 +0200] "GET /entry.php?id=10271&&ser=336454 HTTP/1.1" 200 989 "http://ed.activities.at/entry.php?id=10271&&ser=336393" "Mozilla/5.0 (Windows NT 10.0; WOW64; rv:53.0) Gecko/20100101 Firefox/53.0"
81.189.93.28 - - [09/May/2017:15:28:35 +0200] "GET /gui/javascript/form_form.js?1494336515 HTTP/1.1" 200 16206 "http://ed.activities.at/entry.php?id=10271&&ser=336454" "Mozilla/5.0 (Windows NT 10.0; WOW64; rv:53.0) Gecko/20100101 Firefox/53.0"
212.108.43.59 - - [09/May/2017:15:29:19 +0200] "GET /entry.php?id=10271&&ser=336499 HTTP/1.1" 200 987 "http://ed.activities.at/entry.php?id=10271&&ser=336439" "Mozilla/5.0 (Windows NT 10.0; Win64; x64) AppleWebKit/537.36 (KHTML, like Gecko) Chrome/57.0.2987.133 Safari/537.36"
212.108.43.59 - - [09/May/2017:15:29:20 +0200] "GET /gui/javascript/form_form.js?1494336560 HTTP/1.1" 200 16206 "http://ed.activities.at/entry.php?id=10271&&ser=336499" "Mozilla/5.0 (Windows NT 10.0; Win64; x64) AppleWebKit/537.36 (KHTML, like Gecko) Chrome/57.0.2987.133 Safari/537.36"
81.189.93.28 - - [09/May/2017:15:29:35 +0200] "GET /entry.php?id=10271&&ser=336514 HTTP/1.1" 200 987 "http://ed.activities.at/entry.php?id=10271&&ser=336454" "Mozilla/5.0 (Windows NT 10.0; WOW64; rv:53.0) Gecko/20100101 Firefox/53.0"
81.189.93.28 - - [09/May/2017:15:29:35 +0200] "GET /gui/javascript/form_form.js?1494336575 HTTP/1.1" 200 16206 "http://ed.activities.at/entry.php?id=10271&&ser=336514" "Mozilla/5.0 (Windows NT 10.0; WOW64; rv:53.0) Gecko/20100101 Firefox/53.0"
212.108.43.59 - - [09/May/2017:15:30:20 +0200] "GET /entry.php?id=10271&&ser=336560 HTTP/1.1" 200 987 "http://ed.activities.at/entry.php?id=10271&&ser=336499" "Mozilla/5.0 (Windows NT 10.0; Win64; x64) AppleWebKit/537.36 (KHTML, like Gecko) Chrome/57.0.2987.133 Safari/537.36"
212.108.43.59 - - [09/May/2017:15:30:20 +0200] "GET /gui/javascript/form_form.js?1494336620 HTTP/1.1" 200 16206 "http://ed.activities.at/entry.php?id=10271&&ser=336560" "Mozilla/5.0 (Windows NT 10.0; Win64; x64) AppleWebKit/537.36 (KHTML, like Gecko) Chrome/57.0.2987.133 Safari/537.36"
81.189.93.28 - - [09/May/2017:15:30:35 +0200] "GET /entry.php?id=10271&&ser=336575 HTTP/1.1" 200 988 "http://ed.activities.at/entry.php?id=10271&&ser=336514" "Mozilla/5.0 (Windows NT 10.0; WOW64; rv:53.0) Gecko/20100101 Firefox/53.0"
81.189.93.28 - - [09/May/2017:15:30:36 +0200] "GET /gui/javascript/form_form.js?1494336636 HTTP/1.1" 200 16206 "http://ed.activities.at/entry.php?id=10271&&ser=336575" "Mozilla/5.0 (Windows NT 10.0; WOW64; rv:53.0) Gecko/20100101 Firefox/53.0"
212.108.43.59 - - [09/May/2017:15:31:20 +0200] "GET /entry.php?id=10271&&ser=336620 HTTP/1.1" 200 987 "http://ed.activities.at/entry.php?id=10271&&ser=336560" "Mozilla/5.0 (Windows NT 10.0; Win64; x64) AppleWebKit/537.36 (KHTML, like Gecko) Chrome/57.0.2987.133 Safari/537.36"
212.108.43.59 - - [09/May/2017:15:31:20 +0200] "GET /gui/javascript/form_form.js?1494336680 HTTP/1.1" 200 16206 "http://ed.activities.at/entry.php?id=10271&&ser=336620" "Mozilla/5.0 (Windows NT 10.0; Win64; x64) AppleWebKit/537.36 (KHTML, like Gecko) Chrome/57.0.2987.133 Safari/537.36"
81.189.93.28 - - [09/May/2017:15:31:36 +0200] "GET /entry.php?id=10271&&ser=336636 HTTP/1.1" 200 987 "http://ed.activities.at/entry.php?id=10271&&ser=336575" "Mozilla/5.0 (Windows NT 10.0; WOW64; rv:53.0) Gecko/20100101 Firefox/53.0"
81.189.93.28 - - [09/May/2017:15:31:36 +0200] "GET /gui/javascript/form_form.js?1494336696 HTTP/1.1" 200 16206 "http://ed.activities.at/entry.php?id=10271&&ser=336636" "Mozilla/5.0 (Windows NT 10.0; WOW64; rv:53.0) Gecko/20100101 Firefox/53.0"
212.108.43.59 - - [09/May/2017:15:32:21 +0200] "GET /entry.php?id=10271&&ser=336680 HTTP/1.1" 200 987 "http://ed.activities.at/entry.php?id=10271&&ser=336620" "Mozilla/5.0 (Windows NT 10.0; Win64; x64) AppleWebKit/537.36 (KHTML, like Gecko) Chrome/57.0.2987.133 Safari/537.36"
212.108.43.59 - - [09/May/2017:15:32:21 +0200] "GET /gui/javascript/form_form.js?1494336741 HTTP/1.1" 200 16206 "http://ed.activities.at/entry.php?id=10271&&ser=336680" "Mozilla/5.0 (Windows NT 10.0; Win64; x64) AppleWebKit/537.36 (KHTML, like Gecko) Chrome/57.0.2987.133 Safari/537.36"
81.189.93.28 - - [09/May/2017:15:32:37 +0200] "GET /entry.php?id=10271&&ser=336696 HTTP/1.1" 200 987 "http://ed.activities.at/entry.php?id=10271&&ser=336636" "Mozilla/5.0 (Windows NT 10.0; WOW64; rv:53.0) Gecko/20100101 Firefox/53.0"
81.189.93.28 - - [09/May/2017:15:32:38 +0200] "GET /gui/javascript/form_form.js?1494336757 HTTP/1.1" 200 16206 "http://ed.activities.at/entry.php?id=10271&&ser=336696" "Mozilla/5.0 (Windows NT 10.0; WOW64; rv:53.0) Gecko/20100101 Firefox/53.0"
212.108.43.59 - - [09/May/2017:15:33:21 +0200] "GET /entry.php?id=10271&&ser=336741 HTTP/1.1" 200 986 "http://ed.activities.at/entry.php?id=10271&&ser=336680" "Mozilla/5.0 (Windows NT 10.0; Win64; x64) AppleWebKit/537.36 (KHTML, like Gecko) Chrome/57.0.2987.133 Safari/537.36"
212.108.43.59 - - [09/May/2017:15:33:21 +0200] "GET /gui/javascript/form_form.js?1494336801 HTTP/1.1" 200 16206 "http://ed.activities.at/entry.php?id=10271&&ser=336741" "Mozilla/5.0 (Windows NT 10.0; Win64; x64) AppleWebKit/537.36 (KHTML, like Gecko) Chrome/57.0.2987.133 Safari/537.36"
81.189.93.28 - - [09/May/2017:15:33:38 +0200] "GET /entry.php?id=10271&&ser=336757 HTTP/1.1" 200 987 "http://ed.activities.at/entry.php?id=10271&&ser=336696" "Mozilla/5.0 (Windows NT 10.0; WOW64; rv:53.0) Gecko/20100101 Firefox/53.0"
81.189.93.28 - - [09/May/2017:15:33:38 +0200] "GET /gui/javascript/form_form.js?1494336818 HTTP/1.1" 200 16206 "http://ed.activities.at/entry.php?id=10271&&ser=336757" "Mozilla/5.0 (Windows NT 10.0; WOW64; rv:53.0) Gecko/20100101 Firefox/53.0"
212.108.43.59 - - [09/May/2017:15:34:22 +0200] "GET /entry.php?id=10271&&ser=336801 HTTP/1.1" 200 987 "http://ed.activities.at/entry.php?id=10271&&ser=336741" "Mozilla/5.0 (Windows NT 10.0; Win64; x64) AppleWebKit/537.36 (KHTML, like Gecko) Chrome/57.0.2987.133 Safari/537.36"
212.108.43.59 - - [09/May/2017:15:34:22 +0200] "GET /gui/javascript/form_form.js?1494336862 HTTP/1.1" 200 16206 "http://ed.activities.at/entry.php?id=10271&&ser=336801" "Mozilla/5.0 (Windows NT 10.0; Win64; x64) AppleWebKit/537.36 (KHTML, like Gecko) Chrome/57.0.2987.133 Safari/537.36"
81.189.93.28 - - [09/May/2017:15:34:38 +0200] "GET /entry.php?id=10271&&ser=336818 HTTP/1.1" 200 987 "http://ed.activities.at/entry.php?id=10271&&ser=336757" "Mozilla/5.0 (Windows NT 10.0; WOW64; rv:53.0) Gecko/20100101 Firefox/53.0"
81.189.93.28 - - [09/May/2017:15:34:39 +0200] "GET /gui/javascript/form_form.js?1494336879 HTTP/1.1" 200 16206 "http://ed.activities.at/entry.php?id=10271&&ser=336818" "Mozilla/5.0 (Windows NT 10.0; WOW64; rv:53.0) Gecko/20100101 Firefox/53.0"
212.108.43.59 - - [09/May/2017:15:35:22 +0200] "GET /entry.php?id=10271&&ser=336862 HTTP/1.1" 200 986 "http://ed.activities.at/entry.php?id=10271&&ser=336801" "Mozilla/5.0 (Windows NT 10.0; Win64; x64) AppleWebKit/537.36 (KHTML, like Gecko) Chrome/57.0.2987.133 Safari/537.36"
212.108.43.59 - - [09/May/2017:15:35:22 +0200] "GET /gui/javascript/form_form.js?1494336922 HTTP/1.1" 200 16206 "http://ed.activities.at/entry.php?id=10271&&ser=336862" "Mozilla/5.0 (Windows NT 10.0; Win64; x64) AppleWebKit/537.36 (KHTML, like Gecko) Chrome/57.0.2987.133 Safari/537.36"
81.189.93.28 - - [09/May/2017:15:35:39 +0200] "GET /entry.php?id=10271&&ser=336879 HTTP/1.1" 200 987 "http://ed.activities.at/entry.php?id=10271&&ser=336818" "Mozilla/5.0 (Windows NT 10.0; WOW64; rv:53.0) Gecko/20100101 Firefox/53.0"
81.189.93.28 - - [09/May/2017:15:35:39 +0200] "GET /gui/javascript/form_form.js?1494336939 HTTP/1.1" 200 16206 "http://ed.activities.at/entry.php?id=10271&&ser=336879" "Mozilla/5.0 (Windows NT 10.0; WOW64; rv:53.0) Gecko/20100101 Firefox/53.0"
212.108.43.59 - - [09/May/2017:15:36:22 +0200] "GET /entry.php?id=10271&&ser=336922 HTTP/1.1" 200 987 "http://ed.activities.at/entry.php?id=10271&&ser=336862" "Mozilla/5.0 (Windows NT 10.0; Win64; x64) AppleWebKit/537.36 (KHTML, like Gecko) Chrome/57.0.2987.133 Safari/537.36"
212.108.43.59 - - [09/May/2017:15:36:22 +0200] "GET /gui/javascript/form_form.js?1494336982 HTTP/1.1" 200 16206 "http://ed.activities.at/entry.php?id=10271&&ser=336922" "Mozilla/5.0 (Windows NT 10.0; Win64; x64) AppleWebKit/537.36 (KHTML, like Gecko) Chrome/57.0.2987.133 Safari/537.36"
81.189.93.28 - - [09/May/2017:15:36:40 +0200] "GET /entry.php?id=10271&&ser=336939 HTTP/1.1" 200 987 "http://ed.activities.at/entry.php?id=10271&&ser=336879" "Mozilla/5.0 (Windows NT 10.0; WOW64; rv:53.0) Gecko/20100101 Firefox/53.0"
81.189.93.28 - - [09/May/2017:15:36:40 +0200] "GET /gui/javascript/form_form.js?1494337000 HTTP/1.1" 200 16206 "http://ed.activities.at/entry.php?id=10271&&ser=336939" "Mozilla/5.0 (Windows NT 10.0; WOW64; rv:53.0) Gecko/20100101 Firefox/53.0"
212.108.43.59 - - [09/May/2017:15:37:23 +0200] "GET /entry.php?id=10271&&ser=336982 HTTP/1.1" 200 988 "http://ed.activities.at/entry.php?id=10271&&ser=336922" "Mozilla/5.0 (Windows NT 10.0; Win64; x64) AppleWebKit/537.36 (KHTML, like Gecko) Chrome/57.0.2987.133 Safari/537.36"
212.108.43.59 - - [09/May/2017:15:37:23 +0200] "GET /gui/javascript/form_form.js?1494337043 HTTP/1.1" 200 16206 "http://ed.activities.at/entry.php?id=10271&&ser=336982" "Mozilla/5.0 (Windows NT 10.0; Win64; x64) AppleWebKit/537.36 (KHTML, like Gecko) Chrome/57.0.2987.133 Safari/537.36"
81.189.93.28 - - [09/May/2017:15:37:40 +0200] "GET /entry.php?id=10271&&ser=337000 HTTP/1.1" 200 988 "http://ed.activities.at/entry.php?id=10271&&ser=336939" "Mozilla/5.0 (Windows NT 10.0; WOW64; rv:53.0) Gecko/20100101 Firefox/53.0"
81.189.93.28 - - [09/May/2017:15:37:41 +0200] "GET /gui/javascript/form_form.js?1494337061 HTTP/1.1" 200 16206 "http://ed.activities.at/entry.php?id=10271&&ser=337000" "Mozilla/5.0 (Windows NT 10.0; WOW64; rv:53.0) Gecko/20100101 Firefox/53.0"
212.108.43.59 - - [09/May/2017:15:38:23 +0200] "GET /entry.php?id=10271&&ser=337043 HTTP/1.1" 200 988 "http://ed.activities.at/entry.php?id=10271&&ser=336982" "Mozilla/5.0 (Windows NT 10.0; Win64; x64) AppleWebKit/537.36 (KHTML, like Gecko) Chrome/57.0.2987.133 Safari/537.36"
212.108.43.59 - - [09/May/2017:15:38:23 +0200] "GET /gui/javascript/form_form.js?1494337103 HTTP/1.1" 200 16206 "http://ed.activities.at/entry.php?id=10271&&ser=337043" "Mozilla/5.0 (Windows NT 10.0; Win64; x64) AppleWebKit/537.36 (KHTML, like Gecko) Chrome/57.0.2987.133 Safari/537.36"
81.189.93.28 - - [09/May/2017:15:38:41 +0200] "GET /entry.php?id=10271&&ser=337060 HTTP/1.1" 200 987 "http://ed.activities.at/entry.php?id=10271&&ser=337000" "Mozilla/5.0 (Windows NT 10.0; WOW64; rv:53.0) Gecko/20100101 Firefox/53.0"
81.189.93.28 - - [09/May/2017:15:38:41 +0200] "GET /gui/javascript/form_form.js?1494337121 HTTP/1.1" 200 16206 "http://ed.activities.at/entry.php?id=10271&&ser=337060" "Mozilla/5.0 (Windows NT 10.0; WOW64; rv:53.0) Gecko/20100101 Firefox/53.0"
212.108.43.59 - - [09/May/2017:15:39:23 +0200] "GET /entry.php?id=10271&&ser=337103 HTTP/1.1" 200 988 "http://ed.activities.at/entry.php?id=10271&&ser=337043" "Mozilla/5.0 (Windows NT 10.0; Win64; x64) AppleWebKit/537.36 (KHTML, like Gecko) Chrome/57.0.2987.133 Safari/537.36"
212.108.43.59 - - [09/May/2017:15:39:24 +0200] "GET /gui/javascript/form_form.js?1494337163 HTTP/1.1" 200 16206 "http://ed.activities.at/entry.php?id=10271&&ser=337103" "Mozilla/5.0 (Windows NT 10.0; Win64; x64) AppleWebKit/537.36 (KHTML, like Gecko) Chrome/57.0.2987.133 Safari/537.36"
81.189.93.28 - - [09/May/2017:15:39:42 +0200] "GET /entry.php?id=10271&&ser=337121 HTTP/1.1" 200 987 "http://ed.activities.at/entry.php?id=10271&&ser=337060" "Mozilla/5.0 (Windows NT 10.0; WOW64; rv:53.0) Gecko/20100101 Firefox/53.0"
81.189.93.28 - - [09/May/2017:15:39:42 +0200] "GET /gui/javascript/form_form.js?1494337182 HTTP/1.1" 200 16206 "http://ed.activities.at/entry.php?id=10271&&ser=337121" "Mozilla/5.0 (Windows NT 10.0; WOW64; rv:53.0) Gecko/20100101 Firefox/53.0"
212.108.43.59 - - [09/May/2017:15:40:24 +0200] "GET /entry.php?id=10271&&ser=337163 HTTP/1.1" 200 987 "http://ed.activities.at/entry.php?id=10271&&ser=337103" "Mozilla/5.0 (Windows NT 10.0; Win64; x64) AppleWebKit/537.36 (KHTML, like Gecko) Chrome/57.0.2987.133 Safari/537.36"
212.108.43.59 - - [09/May/2017:15:40:24 +0200] "GET /gui/javascript/form_form.js?1494337224 HTTP/1.1" 200 16206 "http://ed.activities.at/entry.php?id=10271&&ser=337163" "Mozilla/5.0 (Windows NT 10.0; Win64; x64) AppleWebKit/537.36 (KHTML, like Gecko) Chrome/57.0.2987.133 Safari/537.36"
81.189.93.28 - - [09/May/2017:15:40:42 +0200] "GET /entry.php?id=10271&&ser=337182 HTTP/1.1" 200 987 "http://ed.activities.at/entry.php?id=10271&&ser=337121" "Mozilla/5.0 (Windows NT 10.0; WOW64; rv:53.0) Gecko/20100101 Firefox/53.0"
81.189.93.28 - - [09/May/2017:15:40:42 +0200] "GET /gui/javascript/form_form.js?1494337242 HTTP/1.1" 200 16206 "http://ed.activities.at/entry.php?id=10271&&ser=337182" "Mozilla/5.0 (Windows NT 10.0; WOW64; rv:53.0) Gecko/20100101 Firefox/53.0"
212.108.43.59 - - [09/May/2017:15:41:24 +0200] "GET /entry.php?id=10271&&ser=337224 HTTP/1.1" 200 987 "http://ed.activities.at/entry.php?id=10271&&ser=337163" "Mozilla/5.0 (Windows NT 10.0; Win64; x64) AppleWebKit/537.36 (KHTML, like Gecko) Chrome/57.0.2987.133 Safari/537.36"
212.108.43.59 - - [09/May/2017:15:41:24 +0200] "GET /gui/javascript/form_form.js?1494337284 HTTP/1.1" 200 16206 "http://ed.activities.at/entry.php?id=10271&&ser=337224" "Mozilla/5.0 (Windows NT 10.0; Win64; x64) AppleWebKit/537.36 (KHTML, like Gecko) Chrome/57.0.2987.133 Safari/537.36"
81.189.93.28 - - [09/May/2017:15:41:43 +0200] "GET /entry.php?id=10271&&ser=337242 HTTP/1.1" 200 988 "http://ed.activities.at/entry.php?id=10271&&ser=337182" "Mozilla/5.0 (Windows NT 10.0; WOW64; rv:53.0) Gecko/20100101 Firefox/53.0"
81.189.93.28 - - [09/May/2017:15:41:43 +0200] "GET /gui/javascript/form_form.js?1494337303 HTTP/1.1" 200 16206 "http://ed.activities.at/entry.php?id=10271&&ser=337242" "Mozilla/5.0 (Windows NT 10.0; WOW64; rv:53.0) Gecko/20100101 Firefox/53.0"
212.108.43.59 - - [09/May/2017:15:42:24 +0200] "GET /entry.php?id=10271&&ser=337284 HTTP/1.1" 200 988 "http://ed.activities.at/entry.php?id=10271&&ser=337224" "Mozilla/5.0 (Windows NT 10.0; Win64; x64) AppleWebKit/537.36 (KHTML, like Gecko) Chrome/57.0.2987.133 Safari/537.36"
212.108.43.59 - - [09/May/2017:15:42:24 +0200] "GET /gui/javascript/form_form.js?1494337344 HTTP/1.1" 200 16206 "http://ed.activities.at/entry.php?id=10271&&ser=337284" "Mozilla/5.0 (Windows NT 10.0; Win64; x64) AppleWebKit/537.36 (KHTML, like Gecko) Chrome/57.0.2987.133 Safari/537.36"
81.189.93.28 - - [09/May/2017:15:42:43 +0200] "GET /entry.php?id=10271&&ser=337303 HTTP/1.1" 200 988 "http://ed.activities.at/entry.php?id=10271&&ser=337242" "Mozilla/5.0 (Windows NT 10.0; WOW64; rv:53.0) Gecko/20100101 Firefox/53.0"
81.189.93.28 - - [09/May/2017:15:42:44 +0200] "GET /gui/javascript/form_form.js?1494337364 HTTP/1.1" 200 16206 "http://ed.activities.at/entry.php?id=10271&&ser=337303" "Mozilla/5.0 (Windows NT 10.0; WOW64; rv:53.0) Gecko/20100101 Firefox/53.0"
212.108.43.59 - - [09/May/2017:15:43:25 +0200] "GET /entry.php?id=10271&&ser=337344 HTTP/1.1" 200 987 "http://ed.activities.at/entry.php?id=10271&&ser=337284" "Mozilla/5.0 (Windows NT 10.0; Win64; x64) AppleWebKit/537.36 (KHTML, like Gecko) Chrome/57.0.2987.133 Safari/537.36"
212.108.43.59 - - [09/May/2017:15:43:25 +0200] "GET /gui/javascript/form_form.js?1494337405 HTTP/1.1" 200 16206 "http://ed.activities.at/entry.php?id=10271&&ser=337344" "Mozilla/5.0 (Windows NT 10.0; Win64; x64) AppleWebKit/537.36 (KHTML, like Gecko) Chrome/57.0.2987.133 Safari/537.36"
81.189.93.28 - - [09/May/2017:15:43:44 +0200] "GET /entry.php?id=10271&&ser=337364 HTTP/1.1" 200 988 "http://ed.activities.at/entry.php?id=10271&&ser=337303" "Mozilla/5.0 (Windows NT 10.0; WOW64; rv:53.0) Gecko/20100101 Firefox/53.0"
81.189.93.28 - - [09/May/2017:15:43:44 +0200] "GET /gui/javascript/form_form.js?1494337424 HTTP/1.1" 200 16206 "http://ed.activities.at/entry.php?id=10271&&ser=337364" "Mozilla/5.0 (Windows NT 10.0; WOW64; rv:53.0) Gecko/20100101 Firefox/53.0"
212.108.43.59 - - [09/May/2017:15:44:25 +0200] "GET /entry.php?id=10271&&ser=337405 HTTP/1.1" 200 987 "http://ed.activities.at/entry.php?id=10271&&ser=337344" "Mozilla/5.0 (Windows NT 10.0; Win64; x64) AppleWebKit/537.36 (KHTML, like Gecko) Chrome/57.0.2987.133 Safari/537.36"
212.108.43.59 - - [09/May/2017:15:44:25 +0200] "GET /gui/javascript/form_form.js?1494337465 HTTP/1.1" 200 16206 "http://ed.activities.at/entry.php?id=10271&&ser=337405" "Mozilla/5.0 (Windows NT 10.0; Win64; x64) AppleWebKit/537.36 (KHTML, like Gecko) Chrome/57.0.2987.133 Safari/537.36"
81.189.93.28 - - [09/May/2017:15:44:44 +0200] "GET /entry.php?id=10271&&ser=337424 HTTP/1.1" 200 987 "http://ed.activities.at/entry.php?id=10271&&ser=337364" "Mozilla/5.0 (Windows NT 10.0; WOW64; rv:53.0) Gecko/20100101 Firefox/53.0"
81.189.93.28 - - [09/May/2017:15:44:45 +0200] "GET /gui/javascript/form_form.js?1494337485 HTTP/1.1" 200 16206 "http://ed.activities.at/entry.php?id=10271&&ser=337424" "Mozilla/5.0 (Windows NT 10.0; WOW64; rv:53.0) Gecko/20100101 Firefox/53.0"
212.108.43.59 - - [09/May/2017:15:45:25 +0200] "GET /entry.php?id=10271&&ser=337465 HTTP/1.1" 200 987 "http://ed.activities.at/entry.php?id=10271&&ser=337405" "Mozilla/5.0 (Windows NT 10.0; Win64; x64) AppleWebKit/537.36 (KHTML, like Gecko) Chrome/57.0.2987.133 Safari/537.36"
212.108.43.59 - - [09/May/2017:15:45:25 +0200] "GET /gui/javascript/form_form.js?1494337525 HTTP/1.1" 200 16206 "http://ed.activities.at/entry.php?id=10271&&ser=337465" "Mozilla/5.0 (Windows NT 10.0; Win64; x64) AppleWebKit/537.36 (KHTML, like Gecko) Chrome/57.0.2987.133 Safari/537.36"
81.189.93.28 - - [09/May/2017:15:45:45 +0200] "GET /entry.php?id=10271&&ser=337485 HTTP/1.1" 200 987 "http://ed.activities.at/entry.php?id=10271&&ser=337424" "Mozilla/5.0 (Windows NT 10.0; WOW64; rv:53.0) Gecko/20100101 Firefox/53.0"
81.189.93.28 - - [09/May/2017:15:45:45 +0200] "GET /gui/javascript/form_form.js?1494337545 HTTP/1.1" 200 16206 "http://ed.activities.at/entry.php?id=10271&&ser=337485" "Mozilla/5.0 (Windows NT 10.0; WOW64; rv:53.0) Gecko/20100101 Firefox/53.0"
81.189.93.28 - - [09/May/2017:15:46:03 +0200] "GET /entry.php?id=10287&login=1 HTTP/1.1" 200 2222 "http://ed.activities.at/entry.php?id=10273&" "Mozilla/5.0 (Windows NT 10.0; WOW64; rv:53.0) Gecko/20100101 Firefox/53.0"
81.189.93.28 - - [09/May/2017:15:46:03 +0200] "GET /gui/javascript/form_form.js?1494337563 HTTP/1.1" 200 16206 "http://ed.activities.at/entry.php?id=10287&login=1" "Mozilla/5.0 (Windows NT 10.0; WOW64; rv:53.0) Gecko/20100101 Firefox/53.0"
81.189.93.28 - - [09/May/2017:15:46:05 +0200] "POST /entry.php?id=10287& HTTP/1.1" 200 2437 "http://ed.activities.at/entry.php?id=10287&login=1" "Mozilla/5.0 (Windows NT 10.0; WOW64; rv:53.0) Gecko/20100101 Firefox/53.0"
81.189.93.28 - - [09/May/2017:15:46:05 +0200] "GET /gui/javascript/form_form.js?1494337565 HTTP/1.1" 200 16206 "http://ed.activities.at/entry.php?id=10287&" "Mozilla/5.0 (Windows NT 10.0; WOW64; rv:53.0) Gecko/20100101 Firefox/53.0"
81.189.93.28 - - [09/May/2017:15:46:05 +0200] "GET /entry.php?id=10270& HTTP/1.1" 200 908 "http://ed.activities.at/entry.php?id=10287&" "Mozilla/5.0 (Windows NT 10.0; WOW64; rv:53.0) Gecko/20100101 Firefox/53.0"
81.189.93.28 - - [09/May/2017:15:46:05 +0200] "GET /entry.php?id=10273&logout=true& HTTP/1.1" 200 1910 "http://ed.activities.at/entry.php?id=10287&" "Mozilla/5.0 (Windows NT 10.0; WOW64; rv:53.0) Gecko/20100101 Firefox/53.0"
81.189.93.28 - - [09/May/2017:15:46:06 +0200] "GET /gui/javascript/form_form.js?1494337566 HTTP/1.1" 200 16206 "http://ed.activities.at/entry.php?id=10270&" "Mozilla/5.0 (Windows NT 10.0; WOW64; rv:53.0) Gecko/20100101 Firefox/53.0"
81.189.93.28 - - [09/May/2017:15:46:10 +0200] "POST /entry.php?id=10287& HTTP/1.1" 200 2391 "http://ed.activities.at/entry.php?id=10287&" "Mozilla/5.0 (Windows NT 10.0; WOW64; rv:53.0) Gecko/20100101 Firefox/53.0"
81.189.93.28 - - [09/May/2017:15:46:10 +0200] "GET /gui/javascript/form_form.js?1494337570 HTTP/1.1" 200 16206 "http://ed.activities.at/entry.php?id=10287&" "Mozilla/5.0 (Windows NT 10.0; WOW64; rv:53.0) Gecko/20100101 Firefox/53.0"
81.189.93.28 - - [09/May/2017:15:46:23 +0200] "POST /entry.php?id=10287& HTTP/1.1" 200 2313 "http://ed.activities.at/entry.php?id=10287&" "Mozilla/5.0 (Windows NT 10.0; WOW64; rv:53.0) Gecko/20100101 Firefox/53.0"
81.189.93.28 - - [09/May/2017:15:46:24 +0200] "GET /gui/javascript/form_form.js?1494337583 HTTP/1.1" 200 16206 "http://ed.activities.at/entry.php?id=10287&" "Mozilla/5.0 (Windows NT 10.0; WOW64; rv:53.0) Gecko/20100101 Firefox/53.0"
81.189.93.28 - - [09/May/2017:15:46:24 +0200] "GET /entry.php?id=10271&&ser=337485 HTTP/1.1" 200 987 "http://ed.activities.at/entry.php?id=10271&&ser=337424" "Mozilla/5.0 (Windows NT 10.0; WOW64; rv:53.0) Gecko/20100101 Firefox/53.0"
81.189.93.28 - - [09/May/2017:15:46:24 +0200] "GET /gui/javascript/jquery/css/gui-themes/custom.min.css HTTP/1.1" 304 - "http://ed.activities.at/entry.php?id=10271&&ser=337485" "Mozilla/5.0 (Windows NT 10.0; WOW64; rv:53.0) Gecko/20100101 Firefox/53.0"
81.189.93.28 - - [09/May/2017:15:46:24 +0200] "GET /gui/javascript/jquery/css/gui-themes/ui.spinner.css HTTP/1.1" 304 - "http://ed.activities.at/entry.php?id=10271&&ser=337485" "Mozilla/5.0 (Windows NT 10.0; WOW64; rv:53.0) Gecko/20100101 Firefox/53.0"
81.189.93.28 - - [09/May/2017:15:46:24 +0200] "GET /gui/javascript/jquery/css/gui-themes/jquery.tooltip.css HTTP/1.1" 304 - "http://ed.activities.at/entry.php?id=10271&&ser=337485" "Mozilla/5.0 (Windows NT 10.0; WOW64; rv:53.0) Gecko/20100101 Firefox/53.0"
81.189.93.28 - - [09/May/2017:15:46:24 +0200] "GET /entry.php?id=10273& HTTP/1.1" 200 2030 "http://ed.activities.at/entry.php?id=10287&" "Mozilla/5.0 (Windows NT 10.0; WOW64; rv:53.0) Gecko/20100101 Firefox/53.0"
81.189.93.28 - - [09/May/2017:15:46:24 +0200] "GET /gui/styles/tmplDefault.css HTTP/1.1" 304 - "http://ed.activities.at/entry.php?id=10271&&ser=337485" "Mozilla/5.0 (Windows NT 10.0; WOW64; rv:53.0) Gecko/20100101 Firefox/53.0"
81.189.93.28 - - [09/May/2017:15:46:24 +0200] "GET /gui/javascript/jquery/js/jquery-1.8.2.js HTTP/1.1" 304 - "http://ed.activities.at/entry.php?id=10271&&ser=337485" "Mozilla/5.0 (Windows NT 10.0; WOW64; rv:53.0) Gecko/20100101 Firefox/53.0"
81.189.93.28 - - [09/May/2017:15:46:24 +0200] "GET /gui/javascript/jquery/js/jquery-ui-1.9.0.custom.min.js HTTP/1.1" 304 - "http://ed.activities.at/entry.php?id=10271&&ser=337485" "Mozilla/5.0 (Windows NT 10.0; WOW64; rv:53.0) Gecko/20100101 Firefox/53.0"
81.189.93.28 - - [09/May/2017:15:46:24 +0200] "GET /gui/javascript/form_form.js?1494337584 HTTP/1.1" 200 16206 "http://ed.activities.at/entry.php?id=10271&&ser=337485" "Mozilla/5.0 (Windows NT 10.0; WOW64; rv:53.0) Gecko/20100101 Firefox/53.0"
81.189.93.28 - - [09/May/2017:15:46:24 +0200] "GET /gui/javascript/jquery/jquery-tooltip/jquery.tooltip.min.js HTTP/1.1" 304 - "http://ed.activities.at/entry.php?id=10271&&ser=337485" "Mozilla/5.0 (Windows NT 10.0; WOW64; rv:53.0) Gecko/20100101 Firefox/53.0"
81.189.93.28 - - [09/May/2017:15:46:25 +0200] "GET /framework/webfx/style/toolbar/images/cbback.gif HTTP/1.1" 404 314 "http://ed.activities.at/framework/webfx/style/toolbar/cb2.css" "Mozilla/5.0 (Windows NT 10.0; WOW64; rv:53.0) Gecko/20100101 Firefox/53.0"
81.189.93.28 - - [09/May/2017:15:46:25 +0200] "GET /entry.php?id=10270&__app__=10006038 HTTP/1.1" 200 1649 "http://ed.activities.at/entry.php?id=10273&" "Mozilla/5.0 (Windows NT 10.0; WOW64; rv:53.0) Gecko/20100101 Firefox/53.0"
81.189.93.28 - - [09/May/2017:15:46:25 +0200] "GET /gui/javascript/form_form.js?1494337585 HTTP/1.1" 200 16206 "http://ed.activities.at/entry.php?id=10270&__app__=10006038" "Mozilla/5.0 (Windows NT 10.0; WOW64; rv:53.0) Gecko/20100101 Firefox/53.0"
81.189.93.28 - - [09/May/2017:15:46:25 +0200] "GET /undefined HTTP/1.1" 404 285 "http://ed.activities.at/entry.php?id=10270&__app__=10006038" "Mozilla/5.0 (Windows NT 10.0; WOW64; rv:53.0) Gecko/20100101 Firefox/53.0"
212.108.43.59 - - [09/May/2017:15:46:26 +0200] "GET /entry.php?id=10271&&ser=337525 HTTP/1.1" 200 987 "http://ed.activities.at/entry.php?id=10271&&ser=337465" "Mozilla/5.0 (Windows NT 10.0; Win64; x64) AppleWebKit/537.36 (KHTML, like Gecko) Chrome/57.0.2987.133 Safari/537.36"
212.108.43.59 - - [09/May/2017:15:46:26 +0200] "GET /gui/javascript/form_form.js?1494337586 HTTP/1.1" 200 16206 "http://ed.activities.at/entry.php?id=10271&&ser=337525" "Mozilla/5.0 (Windows NT 10.0; Win64; x64) AppleWebKit/537.36 (KHTML, like Gecko) Chrome/57.0.2987.133 Safari/537.36"
81.189.93.28 - - [09/May/2017:15:46:29 +0200] "POST /entry.php?id=10287& HTTP/1.1" 200 2275 "http://ed.activities.at/entry.php?id=10287&" "Mozilla/5.0 (Windows NT 10.0; WOW64; rv:53.0) Gecko/20100101 Firefox/53.0"
81.189.93.28 - - [09/May/2017:15:46:30 +0200] "GET /gui/javascript/form_form.js?1494337589 HTTP/1.1" 200 16206 "http://ed.activities.at/entry.php?id=10287&" "Mozilla/5.0 (Windows NT 10.0; WOW64; rv:53.0) Gecko/20100101 Firefox/53.0"
81.189.93.28 - - [09/May/2017:15:46:30 +0200] "GET /entry.php?id=10271&&ser=337485 HTTP/1.1" 200 987 "http://ed.activities.at/entry.php?id=10271&&ser=337424" "Mozilla/5.0 (Windows NT 10.0; WOW64; rv:53.0) Gecko/20100101 Firefox/53.0"
81.189.93.28 - - [09/May/2017:15:46:30 +0200] "GET /gui/javascript/jquery/css/gui-themes/custom.min.css HTTP/1.1" 304 - "http://ed.activities.at/entry.php?id=10271&&ser=337485" "Mozilla/5.0 (Windows NT 10.0; WOW64; rv:53.0) Gecko/20100101 Firefox/53.0"
81.189.93.28 - - [09/May/2017:15:46:30 +0200] "GET /gui/javascript/jquery/css/gui-themes/ui.spinner.css HTTP/1.1" 304 - "http://ed.activities.at/entry.php?id=10271&&ser=337485" "Mozilla/5.0 (Windows NT 10.0; WOW64; rv:53.0) Gecko/20100101 Firefox/53.0"
81.189.93.28 - - [09/May/2017:15:46:30 +0200] "GET /gui/javascript/jquery/css/gui-themes/jquery.tooltip.css HTTP/1.1" 304 - "http://ed.activities.at/entry.php?id=10271&&ser=337485" "Mozilla/5.0 (Windows NT 10.0; WOW64; rv:53.0) Gecko/20100101 Firefox/53.0"
81.189.93.28 - - [09/May/2017:15:46:30 +0200] "GET /gui/styles/tmplDefault.css HTTP/1.1" 304 - "http://ed.activities.at/entry.php?id=10271&&ser=337485" "Mozilla/5.0 (Windows NT 10.0; WOW64; rv:53.0) Gecko/20100101 Firefox/53.0"
81.189.93.28 - - [09/May/2017:15:46:30 +0200] "GET /gui/javascript/jquery/js/jquery-1.8.2.js HTTP/1.1" 304 - "http://ed.activities.at/entry.php?id=10271&&ser=337485" "Mozilla/5.0 (Windows NT 10.0; WOW64; rv:53.0) Gecko/20100101 Firefox/53.0"
81.189.93.28 - - [09/May/2017:15:46:30 +0200] "GET /gui/javascript/form_form.js?1494337590 HTTP/1.1" 200 16206 "http://ed.activities.at/entry.php?id=10271&&ser=337485" "Mozilla/5.0 (Windows NT 10.0; WOW64; rv:53.0) Gecko/20100101 Firefox/53.0"
81.189.93.28 - - [09/May/2017:15:46:30 +0200] "GET /gui/javascript/jquery/js/jquery-ui-1.9.0.custom.min.js HTTP/1.1" 304 - "http://ed.activities.at/entry.php?id=10271&&ser=337485" "Mozilla/5.0 (Windows NT 10.0; WOW64; rv:53.0) Gecko/20100101 Firefox/53.0"
81.189.93.28 - - [09/May/2017:15:46:30 +0200] "GET /gui/javascript/jquery/jquery-tooltip/jquery.tooltip.min.js HTTP/1.1" 304 - "http://ed.activities.at/entry.php?id=10271&&ser=337485" "Mozilla/5.0 (Windows NT 10.0; WOW64; rv:53.0) Gecko/20100101 Firefox/53.0"
81.189.93.28 - - [09/May/2017:15:46:38 +0200] "GET /entry.php?id=11679 HTTP/1.1" 200 312 "http://ed.activities.at/entry.php?id=10270&__app__=10006038" "Mozilla/5.0 (Windows NT 10.0; WOW64; rv:53.0) Gecko/20100101 Firefox/53.0"
81.189.93.28 - - [09/May/2017:15:46:38 +0200] "GET /entry.php?id=10676&title=Portal& HTTP/1.1" 200 1385 "http://ed.activities.at/entry.php?id=11679" "Mozilla/5.0 (Windows NT 10.0; WOW64; rv:53.0) Gecko/20100101 Firefox/53.0"
81.189.93.28 - - [09/May/2017:15:46:38 +0200] "GET /gui/javascript/form_form.js?1494337598 HTTP/1.1" 200 16206 "http://ed.activities.at/entry.php?id=10676&title=Portal&" "Mozilla/5.0 (Windows NT 10.0; WOW64; rv:53.0) Gecko/20100101 Firefox/53.0"
81.189.93.28 - - [09/May/2017:15:46:38 +0200] "GET /entry.php?id=11678& HTTP/1.1" 200 3371 "http://ed.activities.at/entry.php?id=11679" "Mozilla/5.0 (Windows NT 10.0; WOW64; rv:53.0) Gecko/20100101 Firefox/53.0"
81.189.93.28 - - [09/May/2017:15:46:38 +0200] "GET /gui/javascript/form_cm_menu_item.js?id=2 HTTP/1.1" 200 6317 "http://ed.activities.at/entry.php?id=11678&" "Mozilla/5.0 (Windows NT 10.0; WOW64; rv:53.0) Gecko/20100101 Firefox/53.0"
81.189.93.28 - - [09/May/2017:15:46:38 +0200] "GET /activities/framework/KoolControls/KoolAjax/koolajax.php?8436e354c842500aba3cbaf0584c0c24 HTTP/1.1" 200 4079 "http://ed.activities.at/entry.php?id=11678&" "Mozilla/5.0 (Windows NT 10.0; WOW64; rv:53.0) Gecko/20100101 Firefox/53.0"
81.189.93.28 - - [09/May/2017:15:46:39 +0200] "GET /activities/framework/KoolControls/KoolTreeView/icons/website.gif HTTP/1.1" 200 1049 "http://ed.activities.at/entry.php?id=11678&" "Mozilla/5.0 (Windows NT 10.0; WOW64; rv:53.0) Gecko/20100101 Firefox/53.0"
81.189.93.28 - - [09/May/2017:15:46:39 +0200] "GET /activities/framework/KoolControls/KoolTreeView/icons/square_greenS.gif HTTP/1.1" 200 541 "http://ed.activities.at/entry.php?id=11678&" "Mozilla/5.0 (Windows NT 10.0; WOW64; rv:53.0) Gecko/20100101 Firefox/53.0"
81.189.93.28 - - [09/May/2017:15:46:39 +0200] "GET /gui/images/icons/website_modified.gif HTTP/1.1" 200 1060 "http://ed.activities.at/entry.php?id=11678&" "Mozilla/5.0 (Windows NT 10.0; WOW64; rv:53.0) Gecko/20100101 Firefox/53.0"
81.189.93.28 - - [09/May/2017:15:46:39 +0200] "GET /gui/images/icons/square_greenS.gif HTTP/1.1" 200 541 "http://ed.activities.at/entry.php?id=11678&" "Mozilla/5.0 (Windows NT 10.0; WOW64; rv:53.0) Gecko/20100101 Firefox/53.0"
81.189.93.28 - - [09/May/2017:15:46:39 +0200] "GET /gui/images/icons/square_yellowS.gif HTTP/1.1" 200 541 "http://ed.activities.at/entry.php?id=11678&" "Mozilla/5.0 (Windows NT 10.0; WOW64; rv:53.0) Gecko/20100101 Firefox/53.0"
81.189.93.28 - - [09/May/2017:15:46:39 +0200] "GET /gui/images/icons/square_greyS.gif HTTP/1.1" 200 342 "http://ed.activities.at/entry.php?id=11678&" "Mozilla/5.0 (Windows NT 10.0; WOW64; rv:53.0) Gecko/20100101 Firefox/53.0"
81.189.93.28 - - [09/May/2017:15:46:39 +0200] "GET /activities/framework/KoolControls/KoolTreeView/styles/default/default.css HTTP/1.1" 304 - "http://ed.activities.at/entry.php?id=11678&" "Mozilla/5.0 (Windows NT 10.0; WOW64; rv:53.0) Gecko/20100101 Firefox/53.0"
81.189.93.28 - - [09/May/2017:15:46:39 +0200] "GET /activities/framework/KoolControls/KoolTreeView/icons/square_greyS.gif HTTP/1.1" 304 - "http://ed.activities.at/entry.php?id=11678&" "Mozilla/5.0 (Windows NT 10.0; WOW64; rv:53.0) Gecko/20100101 Firefox/53.0"
81.189.93.28 - - [09/May/2017:15:46:39 +0200] "GET /activities/framework/KoolControls/KoolTreeView/kooltreeview.php?c7cd9180e88ffef8e70f13526bb4f5f7 HTTP/1.1" 200 5055 "http://ed.activities.at/entry.php?id=11678&" "Mozilla/5.0 (Windows NT 10.0; WOW64; rv:53.0) Gecko/20100101 Firefox/53.0"
81.189.93.28 - - [09/May/2017:15:46:39 +0200] "GET /activities/framework/KoolControls/KoolTreeView/styles/default/pm.gif HTTP/1.1" 304 - "http://ed.activities.at/activities/framework/KoolControls/KoolTreeView/styles/default/default.css" "Mozilla/5.0 (Windows NT 10.0; WOW64; rv:53.0) Gecko/20100101 Firefox/53.0"
81.189.93.28 - - [09/May/2017:15:46:39 +0200] "GET /activities/framework/KoolControls/KoolTreeView/styles/default/L.gif HTTP/1.1" 304 - "http://ed.activities.at/activities/framework/KoolControls/KoolTreeView/styles/default/default.css" "Mozilla/5.0 (Windows NT 10.0; WOW64; rv:53.0) Gecko/20100101 Firefox/53.0"
81.189.93.28 - - [09/May/2017:15:46:38 +0200] "GET /entry.php?id=11677& HTTP/1.1" 200 4372 "http://ed.activities.at/entry.php?id=11679" "Mozilla/5.0 (Windows NT 10.0; WOW64; rv:53.0) Gecko/20100101 Firefox/53.0"
81.189.93.28 - - [09/May/2017:15:46:39 +0200] "GET /gui/javascript/form_form.js?1494337599 HTTP/1.1" 200 16206 "http://ed.activities.at/entry.php?id=11677&" "Mozilla/5.0 (Windows NT 10.0; WOW64; rv:53.0) Gecko/20100101 Firefox/53.0"
81.189.93.28 - - [09/May/2017:15:46:39 +0200] "GET /gui/images/icons/edit.gif HTTP/1.1" 200 384 "http://ed.activities.at/entry.php?id=11677&" "Mozilla/5.0 (Windows NT 10.0; WOW64; rv:53.0) Gecko/20100101 Firefox/53.0"
81.189.93.28 - - [09/May/2017:15:46:39 +0200] "GET /gui/images/icons/disabled_wizard.png HTTP/1.1" 304 - "http://ed.activities.at/entry.php?id=11677&" "Mozilla/5.0 (Windows NT 10.0; WOW64; rv:53.0) Gecko/20100101 Firefox/53.0"
81.189.93.28 - - [09/May/2017:15:46:39 +0200] "GET /entry.php?id=11618&&object=&item=&emu_class= HTTP/1.1" 200 1696 "http://ed.activities.at/entry.php?id=11677&" "Mozilla/5.0 (Windows NT 10.0; WOW64; rv:53.0) Gecko/20100101 Firefox/53.0"
81.189.93.28 - - [09/May/2017:15:46:43 +0200] "POST /entry.php?id=11677 HTTP/1.1" 200 4413 "http://ed.activities.at/entry.php?id=11677&" "Mozilla/5.0 (Windows NT 10.0; WOW64; rv:53.0) Gecko/20100101 Firefox/53.0"
81.189.93.28 - - [09/May/2017:15:46:43 +0200] "GET /gui/javascript/form_form.js?1494337603 HTTP/1.1" 200 16206 "http://ed.activities.at/entry.php?id=11677" "Mozilla/5.0 (Windows NT 10.0; WOW64; rv:53.0) Gecko/20100101 Firefox/53.0"
81.189.93.28 - - [09/May/2017:15:46:43 +0200] "GET /gui/images/icons/wizard.png HTTP/1.1" 304 - "http://ed.activities.at/entry.php?id=11677" "Mozilla/5.0 (Windows NT 10.0; WOW64; rv:53.0) Gecko/20100101 Firefox/53.0"
81.189.93.28 - - [09/May/2017:15:46:45 +0200] "POST /entry.php?id=11677 HTTP/1.1" 200 3218 "http://ed.activities.at/entry.php?id=11677" "Mozilla/5.0 (Windows NT 10.0; WOW64; rv:53.0) Gecko/20100101 Firefox/53.0"
81.189.93.28 - - [09/May/2017:15:46:46 +0200] "GET /gui/javascript/form_form.js?1494337605 HTTP/1.1" 200 16206 "http://ed.activities.at/entry.php?id=11677" "Mozilla/5.0 (Windows NT 10.0; WOW64; rv:53.0) Gecko/20100101 Firefox/53.0"
81.189.93.28 - - [09/May/2017:15:46:46 +0200] "GET /entry.php?id=10776&form=11502&name=list& HTTP/1.1" 200 1475 "http://ed.activities.at/entry.php?id=11677" "Mozilla/5.0 (Windows NT 10.0; WOW64; rv:53.0) Gecko/20100101 Firefox/53.0"
81.189.93.28 - - [09/May/2017:15:46:46 +0200] "GET /entry.php?id=10778&form=11502&name=list& HTTP/1.1" 200 3864 "http://ed.activities.at/entry.php?id=11677" "Mozilla/5.0 (Windows NT 10.0; WOW64; rv:53.0) Gecko/20100101 Firefox/53.0"
81.189.93.28 - - [09/May/2017:15:46:46 +0200] "GET /gui/images/icons/lupe.png HTTP/1.1" 200 723 "http://ed.activities.at/entry.php?id=10778&form=11502&name=list&" "Mozilla/5.0 (Windows NT 10.0; WOW64; rv:53.0) Gecko/20100101 Firefox/53.0"
81.189.93.28 - - [09/May/2017:15:46:46 +0200] "GET /gui/images/icons/disabled_edit.gif HTTP/1.1" 200 408 "http://ed.activities.at/entry.php?id=10778&form=11502&name=list&" "Mozilla/5.0 (Windows NT 10.0; WOW64; rv:53.0) Gecko/20100101 Firefox/53.0"
212.108.43.59 - - [09/May/2017:15:47:26 +0200] "GET /entry.php?id=10271&&ser=337586 HTTP/1.1" 200 987 "http://ed.activities.at/entry.php?id=10271&&ser=337525" "Mozilla/5.0 (Windows NT 10.0; Win64; x64) AppleWebKit/537.36 (KHTML, like Gecko) Chrome/57.0.2987.133 Safari/537.36"
212.108.43.59 - - [09/May/2017:15:47:26 +0200] "GET /gui/javascript/form_form.js?1494337646 HTTP/1.1" 200 16206 "http://ed.activities.at/entry.php?id=10271&&ser=337586" "Mozilla/5.0 (Windows NT 10.0; Win64; x64) AppleWebKit/537.36 (KHTML, like Gecko) Chrome/57.0.2987.133 Safari/537.36"
81.189.93.28 - - [09/May/2017:15:47:30 +0200] "GET /entry.php?id=10271&&ser=337590 HTTP/1.1" 200 987 "http://ed.activities.at/entry.php?id=10271&&ser=337485" "Mozilla/5.0 (Windows NT 10.0; WOW64; rv:53.0) Gecko/20100101 Firefox/53.0"
81.189.93.28 - - [09/May/2017:15:47:31 +0200] "GET /gui/javascript/form_form.js?1494337650 HTTP/1.1" 200 16206 "http://ed.activities.at/entry.php?id=10271&&ser=337590" "Mozilla/5.0 (Windows NT 10.0; WOW64; rv:53.0) Gecko/20100101 Firefox/53.0"
81.189.93.28 - - [09/May/2017:15:48:20 +0200] "POST /entry.php?id=11677 HTTP/1.1" 200 3316 "http://ed.activities.at/entry.php?id=10778&form=11502&name=list&" "Mozilla/5.0 (Windows NT 10.0; WOW64; rv:53.0) Gecko/20100101 Firefox/53.0"
81.189.93.28 - - [09/May/2017:15:48:21 +0200] "GET /gui/javascript/form_form.js?1494337701 HTTP/1.1" 200 16206 "http://ed.activities.at/entry.php?id=11677" "Mozilla/5.0 (Windows NT 10.0; WOW64; rv:53.0) Gecko/20100101 Firefox/53.0"
81.189.93.28 - - [09/May/2017:15:48:22 +0200] "GET /entry.php?id=10776&form=11502&name=list& HTTP/1.1" 200 1475 "http://ed.activities.at/entry.php?id=11677" "Mozilla/5.0 (Windows NT 10.0; WOW64; rv:53.0) Gecko/20100101 Firefox/53.0"
81.189.93.28 - - [09/May/2017:15:48:22 +0200] "GET /entry.php?id=10778&form=11502&name=list& HTTP/1.1" 200 3862 "http://ed.activities.at/entry.php?id=11677" "Mozilla/5.0 (Windows NT 10.0; WOW64; rv:53.0) Gecko/20100101 Firefox/53.0"
81.189.93.28 - - [09/May/2017:15:48:22 +0200] "GET /activities/framework/KoolControls/KoolTreeView/icons/square_yellowS.gif HTTP/1.1" 304 - "http://ed.activities.at/entry.php?id=11678&" "Mozilla/5.0 (Windows NT 10.0; WOW64; rv:53.0) Gecko/20100101 Firefox/53.0"
212.108.43.59 - - [09/May/2017:15:48:26 +0200] "GET /entry.php?id=10271&&ser=337646 HTTP/1.1" 200 988 "http://ed.activities.at/entry.php?id=10271&&ser=337586" "Mozilla/5.0 (Windows NT 10.0; Win64; x64) AppleWebKit/537.36 (KHTML, like Gecko) Chrome/57.0.2987.133 Safari/537.36"
212.108.43.59 - - [09/May/2017:15:48:27 +0200] "GET /gui/javascript/form_form.js?1494337707 HTTP/1.1" 200 16206 "http://ed.activities.at/entry.php?id=10271&&ser=337646" "Mozilla/5.0 (Windows NT 10.0; Win64; x64) AppleWebKit/537.36 (KHTML, like Gecko) Chrome/57.0.2987.133 Safari/537.36"
81.189.93.28 - - [09/May/2017:15:48:31 +0200] "GET /entry.php?id=10271&&ser=337650 HTTP/1.1" 200 987 "http://ed.activities.at/entry.php?id=10271&&ser=337590" "Mozilla/5.0 (Windows NT 10.0; WOW64; rv:53.0) Gecko/20100101 Firefox/53.0"
81.189.93.28 - - [09/May/2017:15:48:32 +0200] "GET /gui/javascript/form_form.js?1494337712 HTTP/1.1" 200 16206 "http://ed.activities.at/entry.php?id=10271&&ser=337650" "Mozilla/5.0 (Windows NT 10.0; WOW64; rv:53.0) Gecko/20100101 Firefox/53.0"
81.189.93.28 - - [09/May/2017:15:48:36 +0200] "GET /gui/javascript/jquery/css/gui-themes/images/ui-bg_flat_90_eeeeee_40x100.png HTTP/1.1" 200 180 "http://ed.activities.at/gui/javascript/jquery/css/gui-themes/custom.min.css" "Mozilla/5.0 (Windows NT 10.0; WOW64; rv:53.0) Gecko/20100101 Firefox/53.0"
81.189.93.28 - - [09/May/2017:15:48:36 +0200] "GET /gui/javascript/jquery/css/gui-themes/images/ui-bg_flat_100_808080_40x100.png HTTP/1.1" 200 209 "http://ed.activities.at/gui/javascript/jquery/css/gui-themes/custom.min.css" "Mozilla/5.0 (Windows NT 10.0; WOW64; rv:53.0) Gecko/20100101 Firefox/53.0"
81.189.93.28 - - [09/May/2017:15:48:36 +0200] "GET /gui/javascript/jquery/css/gui-themes/images/ui-icons_ffffff_256x240_ev.png HTTP/1.1" 200 6912 "http://ed.activities.at/gui/javascript/jquery/css/gui-themes/custom.min.css" "Mozilla/5.0 (Windows NT 10.0; WOW64; rv:53.0) Gecko/20100101 Firefox/53.0"
81.189.93.28 - - [09/May/2017:15:48:36 +0200] "GET /gui/javascript/jquery/css/gui-themes/images/ui-icons_72a7cf_256x240_ev.png HTTP/1.1" 200 6036 "http://ed.activities.at/gui/javascript/jquery/css/gui-themes/custom.min.css" "Mozilla/5.0 (Windows NT 10.0; WOW64; rv:53.0) Gecko/20100101 Firefox/53.0"
81.189.93.28 - - [09/May/2017:15:48:36 +0200] "GET /entry.php?id=11685&object=10230379&site=10201431&item=10221971 HTTP/1.1" 200 3627 "http://ed.activities.at/entry.php?id=11412" "Mozilla/5.0 (Windows NT 10.0; WOW64; rv:53.0) Gecko/20100101 Firefox/53.0"
81.189.93.28 - - [09/May/2017:15:48:37 +0200] "GET /gui/javascript/form_form.js?1494337716 HTTP/1.1" 200 16206 "http://ed.activities.at/entry.php?id=11685&object=10230379&site=10201431&item=10221971" "Mozilla/5.0 (Windows NT 10.0; WOW64; rv:53.0) Gecko/20100101 Firefox/53.0"
81.189.93.28 - - [09/May/2017:15:48:38 +0200] "GET /cache/emu/images/easy-drivers-spittelau10244082/osterkursejpg_160_90_0.jpg HTTP/1.1" 200 3470 "http://ed.activities.at/entry.php?id=11685&object=10230379&site=10201431&item=10221971" "Mozilla/5.0 (Windows NT 10.0; WOW64; rv:53.0) Gecko/20100101 Firefox/53.0"
81.189.93.28 - - [09/May/2017:15:48:38 +0200] "GET /gui/images/icons/delete.gif HTTP/1.1" 200 86 "http://ed.activities.at/entry.php?id=11685&object=10230379&site=10201431&item=10221971" "Mozilla/5.0 (Windows NT 10.0; WOW64; rv:53.0) Gecko/20100101 Firefox/53.0"
81.189.93.28 - - [09/May/2017:15:49:21 +0200] "GET /entry.php?id=10711&chooserview=image_single&view=boxofferimage HTTP/1.1" 200 1725 "http://ed.activities.at/entry.php?id=11685&object=10230379&site=10201431&item=10221971" "Mozilla/5.0 (Windows NT 10.0; WOW64; rv:53.0) Gecko/20100101 Firefox/53.0"
81.189.93.28 - - [09/May/2017:15:49:21 +0200] "GET /gui/javascript/jquery/js/ui.splitter.js HTTP/1.1" 200 3473 "http://ed.activities.at/entry.php?id=10711&chooserview=image_single&view=boxofferimage" "Mozilla/5.0 (Windows NT 10.0; WOW64; rv:53.0) Gecko/20100101 Firefox/53.0"
81.189.93.28 - - [09/May/2017:15:49:21 +0200] "GET /gui/javascript/form_binary.js HTTP/1.1" 200 3410 "http://ed.activities.at/entry.php?id=10711&chooserview=image_single&view=boxofferimage" "Mozilla/5.0 (Windows NT 10.0; WOW64; rv:53.0) Gecko/20100101 Firefox/53.0"
81.189.93.28 - - [09/May/2017:15:49:21 +0200] "GET /gui/javascript/form_form.js?1494337761 HTTP/1.1" 200 16206 "http://ed.activities.at/entry.php?id=10711&chooserview=image_single&view=boxofferimage" "Mozilla/5.0 (Windows NT 10.0; WOW64; rv:53.0) Gecko/20100101 Firefox/53.0"
81.189.93.28 - - [09/May/2017:15:49:22 +0200] "GET /entry.php?id=10676&title=Ressourcenverwaltung HTTP/1.1" 200 1395 "http://ed.activities.at/entry.php?id=10711&chooserview=image_single&view=boxofferimage" "Mozilla/5.0 (Windows NT 10.0; WOW64; rv:53.0) Gecko/20100101 Firefox/53.0"
81.189.93.28 - - [09/May/2017:15:49:22 +0200] "GET /gui/javascript/form_form.js?1494337762 HTTP/1.1" 200 16206 "http://ed.activities.at/entry.php?id=10676&title=Ressourcenverwaltung" "Mozilla/5.0 (Windows NT 10.0; WOW64; rv:53.0) Gecko/20100101 Firefox/53.0"
