212.108.43.59 - - [15/May/2017:11:21:10 +0200] "GET /entry.php?id=10704&&but=&object=10288646&class=&tag=&value=&chooserview=menuitemimages&function=&setlist=&t_width=&t_height=&view=menuitemimages HTTP/1.1" 200 2950 "http://ed.activities.at/entry.php?id=10711&object=10288646&chooserview=menuitemimages&view=menuitemimages" "Mozilla/5.0 (Windows NT 10.0; Win64; x64) AppleWebKit/537.36 (KHTML, like Gecko) Chrome/57.0.2987.133 Safari/537.36"
212.108.43.59 - - [15/May/2017:11:21:10 +0200] "GET /entry.php?id=10776&form=10547&name=list& HTTP/1.1" 200 1290 "http://ed.activities.at/entry.php?id=10703&&but=&object=10288646&class=&tag=&value=&chooserview=menuitemimages&function=&setlist=&t_width=&t_height=&view=menuitemimages" "Mozilla/5.0 (Windows NT 10.0; Win64; x64) AppleWebKit/537.36 (KHTML, like Gecko) Chrome/57.0.2987.133 Safari/537.36"
212.108.43.59 - - [15/May/2017:11:21:11 +0200] "GET /entry.php?id=10778&form=10549&name=list& HTTP/1.1" 200 2814 "http://ed.activities.at/entry.php?id=10704&&but=&object=10288646&class=&tag=&value=&chooserview=menuitemimages&function=&setlist=&t_width=&t_height=&view=menuitemimages" "Mozilla/5.0 (Windows NT 10.0; Win64; x64) AppleWebKit/537.36 (KHTML, like Gecko) Chrome/57.0.2987.133 Safari/537.36"
212.108.43.59 - - [15/May/2017:11:21:11 +0200] "GET /entry.php?id=10776&form=10549&name=list& HTTP/1.1" 200 1646 "http://ed.activities.at/entry.php?id=10704&&but=&object=10288646&class=&tag=&value=&chooserview=menuitemimages&function=&setlist=&t_width=&t_height=&view=menuitemimages" "Mozilla/5.0 (Windows NT 10.0; Win64; x64) AppleWebKit/537.36 (KHTML, like Gecko) Chrome/57.0.2987.133 Safari/537.36"
212.108.43.59 - - [15/May/2017:11:21:11 +0200] "GET /gui/images/icons/disabled_view_grid.gif HTTP/1.1" 200 399 "http://ed.activities.at/entry.php?id=10776&form=10549&name=list&" "Mozilla/5.0 (Windows NT 10.0; Win64; x64) AppleWebKit/537.36 (KHTML, like Gecko) Chrome/57.0.2987.133 Safari/537.36"
212.108.43.59 - - [15/May/2017:11:21:11 +0200] "GET /framework/icons/sortUp.gif HTTP/1.1" 200 53 "http://ed.activities.at/entry.php?id=10776&form=10549&name=list&" "Mozilla/5.0 (Windows NT 10.0; Win64; x64) AppleWebKit/537.36 (KHTML, like Gecko) Chrome/57.0.2987.133 Safari/537.36"
212.108.43.59 - - [15/May/2017:11:21:12 +0200] "GET /gui/javascript/jquery/css/gui-themes/images/ui-bg_flat_90_eeeeee_40x100.png HTTP/1.1" 200 180 "http://ed.activities.at/gui/javascript/jquery/css/gui-themes/custom.min.css" "Mozilla/5.0 (Windows NT 10.0; Win64; x64) AppleWebKit/537.36 (KHTML, like Gecko) Chrome/57.0.2987.133 Safari/537.36"
212.108.43.59 - - [15/May/2017:11:21:12 +0200] "GET /gui/javascript/jquery/css/gui-themes/images/ui-bg_flat_100_808080_40x100.png HTTP/1.1" 200 209 "http://ed.activities.at/gui/javascript/jquery/css/gui-themes/custom.min.css" "Mozilla/5.0 (Windows NT 10.0; Win64; x64) AppleWebKit/537.36 (KHTML, like Gecko) Chrome/57.0.2987.133 Safari/537.36"
212.108.43.59 - - [15/May/2017:11:21:12 +0200] "GET /gui/javascript/jquery/css/gui-themes/images/ui-icons_ffffff_256x240_ev.png HTTP/1.1" 200 6912 "http://ed.activities.at/gui/javascript/jquery/css/gui-themes/custom.min.css" "Mozilla/5.0 (Windows NT 10.0; Win64; x64) AppleWebKit/537.36 (KHTML, like Gecko) Chrome/57.0.2987.133 Safari/537.36"
212.108.43.59 - - [15/May/2017:11:21:12 +0200] "GET /entry.php?id=11687&uploadmode=list&object=false&mode=list&mime=10015786&listview=list HTTP/1.1" 200 2348 "http://ed.activities.at/entry.php?id=10711&object=10288646&chooserview=menuitemimages&view=menuitemimages" "Mozilla/5.0 (Windows NT 10.0; Win64; x64) AppleWebKit/537.36 (KHTML, like Gecko) Chrome/57.0.2987.133 Safari/537.36"
212.108.43.59 - - [15/May/2017:11:21:12 +0200] "GET /gui/javascript/jquery/fileupload/js/jquery.ui.plupload/css/jquery.ui.plupload.css HTTP/1.1" 200 1380 "http://ed.activities.at/entry.php?id=11687&uploadmode=list&object=false&mode=list&mime=10015786&listview=list" "Mozilla/5.0 (Windows NT 10.0; Win64; x64) AppleWebKit/537.36 (KHTML, like Gecko) Chrome/57.0.2987.133 Safari/537.36"
212.108.43.59 - - [15/May/2017:11:21:12 +0200] "GET /gui/javascript/form_file_upload.js HTTP/1.1" 200 3545 "http://ed.activities.at/entry.php?id=11687&uploadmode=list&object=false&mode=list&mime=10015786&listview=list" "Mozilla/5.0 (Windows NT 10.0; Win64; x64) AppleWebKit/537.36 (KHTML, like Gecko) Chrome/57.0.2987.133 Safari/537.36"
212.108.43.59 - - [15/May/2017:11:21:12 +0200] "GET /gui/javascript/form_form.js?1494840072 HTTP/1.1" 200 16206 "http://ed.activities.at/entry.php?id=11687&uploadmode=list&object=false&mode=list&mime=10015786&listview=list" "Mozilla/5.0 (Windows NT 10.0; Win64; x64) AppleWebKit/537.36 (KHTML, like Gecko) Chrome/57.0.2987.133 Safari/537.36"
212.108.43.59 - - [15/May/2017:11:21:12 +0200] "GET /gui/javascript/jquery/fileupload/js/i18n/de.js HTTP/1.1" 200 651 "http://ed.activities.at/entry.php?id=11687&uploadmode=list&object=false&mode=list&mime=10015786&listview=list" "Mozilla/5.0 (Windows NT 10.0; Win64; x64) AppleWebKit/537.36 (KHTML, like Gecko) Chrome/57.0.2987.133 Safari/537.36"
212.108.43.59 - - [15/May/2017:11:21:12 +0200] "GET /gui/javascript/jquery/fileupload/js/jquery.ui.plupload/jquery.ui.plupload.js HTTP/1.1" 200 6007 "http://ed.activities.at/entry.php?id=11687&uploadmode=list&object=false&mode=list&mime=10015786&listview=list" "Mozilla/5.0 (Windows NT 10.0; Win64; x64) AppleWebKit/537.36 (KHTML, like Gecko) Chrome/57.0.2987.133 Safari/537.36"
212.108.43.59 - - [15/May/2017:11:21:12 +0200] "GET /gui/javascript/jquery/fileupload/js/plupload.full.js HTTP/1.1" 200 23055 "http://ed.activities.at/entry.php?id=11687&uploadmode=list&object=false&mode=list&mime=10015786&listview=list" "Mozilla/5.0 (Windows NT 10.0; Win64; x64) AppleWebKit/537.36 (KHTML, like Gecko) Chrome/57.0.2987.133 Safari/537.36"
212.108.43.59 - - [15/May/2017:11:21:13 +0200] "GET /gui/javascript/jquery/fileupload/js/jquery.ui.plupload/img/buttons.png HTTP/1.1" 200 1439 "http://ed.activities.at/gui/javascript/jquery/fileupload/js/jquery.ui.plupload/css/jquery.ui.plupload.css" "Mozilla/5.0 (Windows NT 10.0; Win64; x64) AppleWebKit/537.36 (KHTML, like Gecko) Chrome/57.0.2987.133 Safari/537.36"
212.108.43.59 - - [15/May/2017:11:21:13 +0200] "GET /gui/javascript/jquery/css/gui-themes/images/ui-bg_flat_80_ece9d8_40x100.png HTTP/1.1" 200 183 "http://ed.activities.at/gui/javascript/jquery/css/gui-themes/custom.min.css" "Mozilla/5.0 (Windows NT 10.0; Win64; x64) AppleWebKit/537.36 (KHTML, like Gecko) Chrome/57.0.2987.133 Safari/537.36"
212.108.43.59 - - [15/May/2017:11:21:13 +0200] "GET /gui/javascript/jquery/css/gui-themes/images/ui-icons_000000_256x240_ev.png HTTP/1.1" 200 11218 "http://ed.activities.at/gui/javascript/jquery/css/gui-themes/custom.min.css" "Mozilla/5.0 (Windows NT 10.0; Win64; x64) AppleWebKit/537.36 (KHTML, like Gecko) Chrome/57.0.2987.133 Safari/537.36"
62.46.183.233 - - [15/May/2017:11:21:18 +0200] "GET /entry.php?id=10271&&ser=840018 HTTP/1.1" 200 987 "http://ed.activities.at/entry.php?id=10271&&ser=839957" "Mozilla/5.0 (Windows NT 10.0; WOW64; rv:53.0) Gecko/20100101 Firefox/53.0"
62.46.183.233 - - [15/May/2017:11:21:19 +0200] "GET /gui/javascript/form_form.js?1494840078 HTTP/1.1" 200 16206 "http://ed.activities.at/entry.php?id=10271&&ser=840018" "Mozilla/5.0 (Windows NT 10.0; WOW64; rv:53.0) Gecko/20100101 Firefox/53.0"
212.108.43.59 - - [15/May/2017:11:21:25 +0200] "GET /gui/javascript/jquery/css/gui-themes/images/ui-bg_flat_100_ffffff_40x100.png HTTP/1.1" 200 178 "http://ed.activities.at/gui/javascript/jquery/css/gui-themes/custom.min.css" "Mozilla/5.0 (Windows NT 10.0; Win64; x64) AppleWebKit/537.36 (KHTML, like Gecko) Chrome/57.0.2987.133 Safari/537.36"
212.108.43.59 - - [15/May/2017:11:21:26 +0200] "GET /gui/javascript/jquery/css/gui-themes/images/ui-icons_2e83ff_256x240_ev.png HTTP/1.1" 200 6035 "http://ed.activities.at/gui/javascript/jquery/css/gui-themes/custom.min.css" "Mozilla/5.0 (Windows NT 10.0; Win64; x64) AppleWebKit/537.36 (KHTML, like Gecko) Chrome/57.0.2987.133 Safari/537.36"
212.108.43.59 - - [15/May/2017:11:21:26 +0200] "GET /gui/javascript/jquery/css/gui-themes/images/ui-bg_highlight-soft_25_ffef8f_1x100.png HTTP/1.1" 200 119 "http://ed.activities.at/gui/javascript/jquery/css/gui-themes/custom.min.css" "Mozilla/5.0 (Windows NT 10.0; Win64; x64) AppleWebKit/537.36 (KHTML, like Gecko) Chrome/57.0.2987.133 Safari/537.36"
212.108.43.59 - - [15/May/2017:11:21:26 +0200] "POST /entry.php?id=11687&ajaxaction=binary HTTP/1.1" 200 350 "http://ed.activities.at/entry.php?id=11687&uploadmode=list&object=false&mode=list&mime=10015786&listview=list" "Mozilla/5.0 (Windows NT 10.0; Win64; x64) AppleWebKit/537.36 (KHTML, like Gecko) Chrome/57.0.2987.133 Safari/537.36"
212.108.43.59 - - [15/May/2017:11:21:27 +0200] "GET /cache/emu/images/radfahrschule10289401/bildwebedanschnittl830x300px5png_16_6_0.png HTTP/1.1" 200 439 "http://ed.activities.at/entry.php?id=10778&form=10549&name=list&" "Mozilla/5.0 (Windows NT 10.0; Win64; x64) AppleWebKit/537.36 (KHTML, like Gecko) Chrome/57.0.2987.133 Safari/537.36"
212.108.43.59 - - [15/May/2017:11:21:27 +0200] "GET /framework/icons/note_msg_icon.gif HTTP/1.1" 200 1022 "http://ed.activities.at/gui/styles/tmplDefault.css" "Mozilla/5.0 (Windows NT 10.0; Win64; x64) AppleWebKit/537.36 (KHTML, like Gecko) Chrome/57.0.2987.133 Safari/537.36"
212.108.43.59 - - [15/May/2017:11:21:32 +0200] "POST /entry.php?id=10704&&but=&object=10288646&class=&tag=&value=&chooserview=menuitemimages&function=&setlist=&t_width=&t_height=&view=menuitemimages HTTP/1.1" 200 2974 "http://ed.activities.at/entry.php?id=10778&form=10549&name=list&" "Mozilla/5.0 (Windows NT 10.0; Win64; x64) AppleWebKit/537.36 (KHTML, like Gecko) Chrome/57.0.2987.133 Safari/537.36"
212.108.43.59 - - [15/May/2017:11:21:32 +0200] "GET /gui/javascript/form_form.js?1494840092 HTTP/1.1" 200 16206 "http://ed.activities.at/entry.php?id=10704&&but=&object=10288646&class=&tag=&value=&chooserview=menuitemimages&function=&setlist=&t_width=&t_height=&view=menuitemimages" "Mozilla/5.0 (Windows NT 10.0; Win64; x64) AppleWebKit/537.36 (KHTML, like Gecko) Chrome/57.0.2987.133 Safari/537.36"
212.108.43.59 - - [15/May/2017:11:21:32 +0200] "POST /entry.php?id=11677 HTTP/1.1" 200 2874 "http://ed.activities.at/entry.php?id=11677" "Mozilla/5.0 (Windows NT 10.0; Win64; x64) AppleWebKit/537.36 (KHTML, like Gecko) Chrome/57.0.2987.133 Safari/537.36"
212.108.43.59 - - [15/May/2017:11:21:33 +0200] "GET /gui/javascript/form_form.js?1494840093 HTTP/1.1" 200 16206 "http://ed.activities.at/entry.php?id=11677" "Mozilla/5.0 (Windows NT 10.0; Win64; x64) AppleWebKit/537.36 (KHTML, like Gecko) Chrome/57.0.2987.133 Safari/537.36"
212.108.43.59 - - [15/May/2017:11:21:32 +0200] "GET /entry.php?id=10776&form=10549&name=list& HTTP/1.1" 200 1646 "http://ed.activities.at/entry.php?id=10704&&but=&object=10288646&class=&tag=&value=&chooserview=menuitemimages&function=&setlist=&t_width=&t_height=&view=menuitemimages" "Mozilla/5.0 (Windows NT 10.0; Win64; x64) AppleWebKit/537.36 (KHTML, like Gecko) Chrome/57.0.2987.133 Safari/537.36"
212.108.43.59 - - [15/May/2017:11:21:32 +0200] "GET /entry.php?id=10778&form=10549&name=list& HTTP/1.1" 200 2814 "http://ed.activities.at/entry.php?id=10704&&but=&object=10288646&class=&tag=&value=&chooserview=menuitemimages&function=&setlist=&t_width=&t_height=&view=menuitemimages" "Mozilla/5.0 (Windows NT 10.0; Win64; x64) AppleWebKit/537.36 (KHTML, like Gecko) Chrome/57.0.2987.133 Safari/537.36"
212.108.43.59 - - [15/May/2017:11:21:33 +0200] "GET /entry.php?id=10778&form=11502&name=image_list& HTTP/1.1" 200 2924 "http://ed.activities.at/entry.php?id=11677" "Mozilla/5.0 (Windows NT 10.0; Win64; x64) AppleWebKit/537.36 (KHTML, like Gecko) Chrome/57.0.2987.133 Safari/537.36"
212.108.43.59 - - [15/May/2017:11:21:33 +0200] "GET /cache/emu/images/radfahrschule10289401/bildwebedanschnittl830x300px5png_16_6_0.png HTTP/1.1" 200 439 "http://ed.activities.at/entry.php?id=10778&form=11502&name=image_list&" "Mozilla/5.0 (Windows NT 10.0; Win64; x64) AppleWebKit/537.36 (KHTML, like Gecko) Chrome/57.0.2987.133 Safari/537.36"
212.108.43.59 - - [15/May/2017:11:21:33 +0200] "GET /entry.php?id=10776&form=11502&name=image_list& HTTP/1.1" 200 1522 "http://ed.activities.at/entry.php?id=11677" "Mozilla/5.0 (Windows NT 10.0; Win64; x64) AppleWebKit/537.36 (KHTML, like Gecko) Chrome/57.0.2987.133 Safari/537.36"
212.108.43.59 - - [15/May/2017:11:21:40 +0200] "POST /entry.php?id=11677 HTTP/1.1" 200 2872 "http://ed.activities.at/entry.php?id=11677" "Mozilla/5.0 (Windows NT 10.0; Win64; x64) AppleWebKit/537.36 (KHTML, like Gecko) Chrome/57.0.2987.133 Safari/537.36"
212.108.43.59 - - [15/May/2017:11:21:41 +0200] "GET /gui/javascript/form_form.js?1494840101 HTTP/1.1" 200 16206 "http://ed.activities.at/entry.php?id=11677" "Mozilla/5.0 (Windows NT 10.0; Win64; x64) AppleWebKit/537.36 (KHTML, like Gecko) Chrome/57.0.2987.133 Safari/537.36"
212.108.43.59 - - [15/May/2017:11:21:41 +0200] "GET /entry.php?id=10776&form=11502&name=image_list& HTTP/1.1" 200 1531 "http://ed.activities.at/entry.php?id=11677" "Mozilla/5.0 (Windows NT 10.0; Win64; x64) AppleWebKit/537.36 (KHTML, like Gecko) Chrome/57.0.2987.133 Safari/537.36"
212.108.43.59 - - [15/May/2017:11:21:41 +0200] "GET /entry.php?id=10778&form=11502&name=image_list& HTTP/1.1" 200 2501 "http://ed.activities.at/entry.php?id=11677" "Mozilla/5.0 (Windows NT 10.0; Win64; x64) AppleWebKit/537.36 (KHTML, like Gecko) Chrome/57.0.2987.133 Safari/537.36"
62.46.183.233 - - [15/May/2017:11:21:59 +0200] "GET /entry.php?id=10711&chooserview=PinEditimages&view=PinEditimages HTTP/1.1" 200 1720 "http://ed.activities.at/entry.php?id=11684" "Mozilla/5.0 (Windows NT 10.0; WOW64; rv:53.0) Gecko/20100101 Firefox/53.0"
62.46.183.233 - - [15/May/2017:11:21:59 +0200] "GET /gui/javascript/form_form.js?1494840119 HTTP/1.1" 200 16206 "http://ed.activities.at/entry.php?id=10711&chooserview=PinEditimages&view=PinEditimages" "Mozilla/5.0 (Windows NT 10.0; WOW64; rv:53.0) Gecko/20100101 Firefox/53.0"
62.46.183.233 - - [15/May/2017:11:22:00 +0200] "GET /entry.php?id=10676&title=Ressourcenverwaltung HTTP/1.1" 200 1395 "http://ed.activities.at/entry.php?id=10711&chooserview=PinEditimages&view=PinEditimages" "Mozilla/5.0 (Windows NT 10.0; WOW64; rv:53.0) Gecko/20100101 Firefox/53.0"
62.46.183.233 - - [15/May/2017:11:22:00 +0200] "GET /gui/javascript/form_form.js?1494840120 HTTP/1.1" 200 16206 "http://ed.activities.at/entry.php?id=10676&title=Ressourcenverwaltung" "Mozilla/5.0 (Windows NT 10.0; WOW64; rv:53.0) Gecko/20100101 Firefox/53.0"
62.46.183.233 - - [15/May/2017:11:22:00 +0200] "GET /entry.php?id=10703&&but=&object=&class=&tag=&value=&chooserview=PinEditimages&function=&setlist=&t_width=&t_height=&view=PinEditimages HTTP/1.1" 200 2542 "http://ed.activities.at/entry.php?id=10711&chooserview=PinEditimages&view=PinEditimages" "Mozilla/5.0 (Windows NT 10.0; WOW64; rv:53.0) Gecko/20100101 Firefox/53.0"
62.46.183.233 - - [15/May/2017:11:22:00 +0200] "GET /entry.php?id=10704&&but=&object=&class=&tag=&value=&chooserview=PinEditimages&function=&setlist=&t_width=&t_height=&view=PinEditimages HTTP/1.1" 200 2943 "http://ed.activities.at/entry.php?id=10711&chooserview=PinEditimages&view=PinEditimages" "Mozilla/5.0 (Windows NT 10.0; WOW64; rv:53.0) Gecko/20100101 Firefox/53.0"
62.46.183.233 - - [15/May/2017:11:22:00 +0200] "GET /entry.php?id=10776&form=10547&name=list& HTTP/1.1" 200 1290 "http://ed.activities.at/entry.php?id=10703&&but=&object=&class=&tag=&value=&chooserview=PinEditimages&function=&setlist=&t_width=&t_height=&view=PinEditimages" "Mozilla/5.0 (Windows NT 10.0; WOW64; rv:53.0) Gecko/20100101 Firefox/53.0"
62.46.183.233 - - [15/May/2017:11:22:00 +0200] "GET /entry.php?id=10778&form=10547&name=list& HTTP/1.1" 200 3000 "http://ed.activities.at/entry.php?id=10703&&but=&object=&class=&tag=&value=&chooserview=PinEditimages&function=&setlist=&t_width=&t_height=&view=PinEditimages" "Mozilla/5.0 (Windows NT 10.0; WOW64; rv:53.0) Gecko/20100101 Firefox/53.0"
62.46.183.233 - - [15/May/2017:11:22:00 +0200] "GET /entry.php?id=10776&form=10549&name=list& HTTP/1.1" 200 1608 "http://ed.activities.at/entry.php?id=10704&&but=&object=&class=&tag=&value=&chooserview=PinEditimages&function=&setlist=&t_width=&t_height=&view=PinEditimages" "Mozilla/5.0 (Windows NT 10.0; WOW64; rv:53.0) Gecko/20100101 Firefox/53.0"
62.46.183.233 - - [15/May/2017:11:22:00 +0200] "GET /entry.php?id=10778&form=10549&name=list& HTTP/1.1" 200 7576 "http://ed.activities.at/entry.php?id=10704&&but=&object=&class=&tag=&value=&chooserview=PinEditimages&function=&setlist=&t_width=&t_height=&view=PinEditimages" "Mozilla/5.0 (Windows NT 10.0; WOW64; rv:53.0) Gecko/20100101 Firefox/53.0"
62.46.183.233 - - [15/May/2017:11:22:01 +0200] "GET /cache/emu/images/radfahrschule10244141/appstorelogomobilejpg_16_5_1.jpg HTTP/1.1" 304 - "http://ed.activities.at/entry.php?id=10778&form=10549&name=list&" "Mozilla/5.0 (Windows NT 10.0; WOW64; rv:53.0) Gecko/20100101 Firefox/53.0"
62.46.183.233 - - [15/May/2017:11:22:01 +0200] "GET /cache/emu/images/radfahrschule10244077/aktionjpg_16_9_0.jpg HTTP/1.1" 304 - "http://ed.activities.at/entry.php?id=10778&form=10549&name=list&" "Mozilla/5.0 (Windows NT 10.0; WOW64; rv:53.0) Gecko/20100101 Firefox/53.0"
62.46.183.233 - - [15/May/2017:11:22:01 +0200] "GET /cache/emu/images/radfahrschule10287970/bildungintegrjpg_16_8_0.jpg HTTP/1.1" 304 - "http://ed.activities.at/entry.php?id=10778&form=10549&name=list&" "Mozilla/5.0 (Windows NT 10.0; WOW64; rv:53.0) Gecko/20100101 Firefox/53.0"
62.46.183.233 - - [15/May/2017:11:22:01 +0200] "GET /cache/emu/images/radfahrschule10287770/bildwebedanschnittl830x300px4png_16_6_0.png HTTP/1.1" 304 - "http://ed.activities.at/entry.php?id=10778&form=10549&name=list&" "Mozilla/5.0 (Windows NT 10.0; WOW64; rv:53.0) Gecko/20100101 Firefox/53.0"
62.46.183.233 - - [15/May/2017:11:22:01 +0200] "GET /cache/emu/images/radfahrschule10287771/bildwebedanschnittl830x300px5png_16_6_0.png HTTP/1.1" 304 - "http://ed.activities.at/entry.php?id=10778&form=10549&name=list&" "Mozilla/5.0 (Windows NT 10.0; WOW64; rv:53.0) Gecko/20100101 Firefox/53.0"
62.46.183.233 - - [15/May/2017:11:22:01 +0200] "GET /cache/emu/images/radfahrschule10289401/bildwebedanschnittl830x300px5png_16_6_0.png HTTP/1.1" 200 439 "http://ed.activities.at/entry.php?id=10778&form=10549&name=list&" "Mozilla/5.0 (Windows NT 10.0; WOW64; rv:53.0) Gecko/20100101 Firefox/53.0"
62.46.183.233 - - [15/May/2017:11:22:01 +0200] "GET /cache/emu/images/radfahrschule10287809/bildwebedanschnittl830x300px6png_16_6_0.png HTTP/1.1" 304 - "http://ed.activities.at/entry.php?id=10778&form=10549&name=list&" "Mozilla/5.0 (Windows NT 10.0; WOW64; rv:53.0) Gecko/20100101 Firefox/53.0"
62.46.183.233 - - [15/May/2017:11:22:01 +0200] "GET /cache/emu/images/radfahrschule10287810/bildwebedanschnittl830x300px8png_16_6_0.png HTTP/1.1" 304 - "http://ed.activities.at/entry.php?id=10778&form=10549&name=list&" "Mozilla/5.0 (Windows NT 10.0; WOW64; rv:53.0) Gecko/20100101 Firefox/53.0"
62.46.183.233 - - [15/May/2017:11:22:01 +0200] "GET /cache/emu/images/radfahrschule10287772/bildwebedanschnittr830x300px3png_16_6_0.png HTTP/1.1" 304 - "http://ed.activities.at/entry.php?id=10778&form=10549&name=list&" "Mozilla/5.0 (Windows NT 10.0; WOW64; rv:53.0) Gecko/20100101 Firefox/53.0"
62.46.183.233 - - [15/May/2017:11:22:01 +0200] "GET /cache/emu/images/radfahrschule10287773/bildwebedanschnittr830x300px4png_16_6_0.png HTTP/1.1" 304 - "http://ed.activities.at/entry.php?id=10778&form=10549&name=list&" "Mozilla/5.0 (Windows NT 10.0; WOW64; rv:53.0) Gecko/20100101 Firefox/53.0"
62.46.183.233 - - [15/May/2017:11:22:01 +0200] "GET /cache/emu/images/radfahrschule10287969/auvalogosponsorlogojpg_16_8_0.jpg HTTP/1.1" 304 - "http://ed.activities.at/entry.php?id=10778&form=10549&name=list&" "Mozilla/5.0 (Windows NT 10.0; WOW64; rv:53.0) Gecko/20100101 Firefox/53.0"
62.46.183.233 - - [15/May/2017:11:22:02 +0200] "GET /cache/emu/images/radfahrschule10244088/ed-autoaudijpg_16_11_0.jpg HTTP/1.1" 304 - "http://ed.activities.at/entry.php?id=10778&form=10549&name=list&" "Mozilla/5.0 (Windows NT 10.0; WOW64; rv:53.0) Gecko/20100101 Firefox/53.0"
62.46.183.233 - - [15/May/2017:11:22:02 +0200] "GET /cache/emu/images/radfahrschule10287971/dare2b-logo-blackjpg_16_5_0.jpg HTTP/1.1" 304 - "http://ed.activities.at/entry.php?id=10778&form=10549&name=list&" "Mozilla/5.0 (Windows NT 10.0; WOW64; rv:53.0) Gecko/20100101 Firefox/53.0"
62.46.183.233 - - [15/May/2017:11:22:02 +0200] "GET /cache/emu/images/radfahrschule10244086/ed-audicabriojpg_16_11_0.jpg HTTP/1.1" 304 - "http://ed.activities.at/entry.php?id=10778&form=10549&name=list&" "Mozilla/5.0 (Windows NT 10.0; WOW64; rv:53.0) Gecko/20100101 Firefox/53.0"
62.46.183.233 - - [15/May/2017:11:22:02 +0200] "GET /cache/emu/images/radfahrschule10244089/ed-autocabriodetailjpg_16_12_0.jpg HTTP/1.1" 304 - "http://ed.activities.at/entry.php?id=10778&form=10549&name=list&" "Mozilla/5.0 (Windows NT 10.0; WOW64; rv:53.0) Gecko/20100101 Firefox/53.0"
62.46.183.233 - - [15/May/2017:11:22:02 +0200] "GET /cache/emu/images/radfahrschule10244091/ed-autojeepjpg_16_11_0.jpg HTTP/1.1" 304 - "http://ed.activities.at/entry.php?id=10778&form=10549&name=list&" "Mozilla/5.0 (Windows NT 10.0; WOW64; rv:53.0) Gecko/20100101 Firefox/53.0"
62.46.183.233 - - [15/May/2017:11:22:02 +0200] "GET /cache/emu/images/radfahrschule10244090/ed-autodetailjpg_16_11_0.jpg HTTP/1.1" 304 - "http://ed.activities.at/entry.php?id=10778&form=10549&name=list&" "Mozilla/5.0 (Windows NT 10.0; WOW64; rv:53.0) Gecko/20100101 Firefox/53.0"
62.46.183.233 - - [15/May/2017:11:22:02 +0200] "GET /cache/emu/images/radfahrschule10244093/ed-flottejpg_16_9_0.jpg HTTP/1.1" 304 - "http://ed.activities.at/entry.php?id=10778&form=10549&name=list&" "Mozilla/5.0 (Windows NT 10.0; WOW64; rv:53.0) Gecko/20100101 Firefox/53.0"
62.46.183.233 - - [15/May/2017:11:22:02 +0200] "GET /cache/emu/images/radfahrschule10244087/ed-auto-vwjpg_16_11_0.jpg HTTP/1.1" 304 - "http://ed.activities.at/entry.php?id=10778&form=10549&name=list&" "Mozilla/5.0 (Windows NT 10.0; WOW64; rv:53.0) Gecko/20100101 Firefox/53.0"
62.46.183.233 - - [15/May/2017:11:22:02 +0200] "GET /cache/emu/images/radfahrschule10244092/ed-automercedesjpg_16_11_0.jpg HTTP/1.1" 304 - "http://ed.activities.at/entry.php?id=10778&form=10549&name=list&" "Mozilla/5.0 (Windows NT 10.0; WOW64; rv:53.0) Gecko/20100101 Firefox/53.0"
62.46.183.233 - - [15/May/2017:11:22:02 +0200] "GET /cache/emu/images/radfahrschule10244094/ed-logodetailjpg_16_11_0.jpg HTTP/1.1" 304 - "http://ed.activities.at/entry.php?id=10778&form=10549&name=list&" "Mozilla/5.0 (Windows NT 10.0; WOW64; rv:53.0) Gecko/20100101 Firefox/53.0"
62.46.183.233 - - [15/May/2017:11:22:02 +0200] "GET /cache/emu/images/radfahrschule10287972/edlogogpprofilbildpng_16_16_0.png HTTP/1.1" 304 - "http://ed.activities.at/entry.php?id=10778&form=10549&name=list&" "Mozilla/5.0 (Windows NT 10.0; WOW64; rv:53.0) Gecko/20100101 Firefox/53.0"
62.46.183.233 - - [15/May/2017:11:22:02 +0200] "GET /cache/emu/images/radfahrschule10244078/edlogoljpg_16_9_0.jpg HTTP/1.1" 304 - "http://ed.activities.at/entry.php?id=10778&form=10549&name=list&" "Mozilla/5.0 (Windows NT 10.0; WOW64; rv:53.0) Gecko/20100101 Firefox/53.0"
62.46.183.233 - - [15/May/2017:11:22:02 +0200] "GET /cache/emu/images/radfahrschule10244079/fuehrerscheinajpg_16_9_0.jpg HTTP/1.1" 304 - "http://ed.activities.at/entry.php?id=10778&form=10549&name=list&" "Mozilla/5.0 (Windows NT 10.0; WOW64; rv:53.0) Gecko/20100101 Firefox/53.0"
62.46.183.233 - - [15/May/2017:11:22:02 +0200] "GET /cache/emu/images/radfahrschule10244142/googleplaylogomobilejpg_16_5_1.jpg HTTP/1.1" 304 - "http://ed.activities.at/entry.php?id=10778&form=10549&name=list&" "Mozilla/5.0 (Windows NT 10.0; WOW64; rv:53.0) Gecko/20100101 Firefox/53.0"
62.46.183.233 - - [15/May/2017:11:22:02 +0200] "GET /cache/emu/images/radfahrschule10244080/fuehrerscheinbjpg_16_9_0.jpg HTTP/1.1" 304 - "http://ed.activities.at/entry.php?id=10778&form=10549&name=list&" "Mozilla/5.0 (Windows NT 10.0; WOW64; rv:53.0) Gecko/20100101 Firefox/53.0"
62.46.183.233 - - [15/May/2017:11:22:02 +0200] "GET /cache/emu/images/radfahrschule10287973/grosseschuetzenkleinejpg_16_8_0.jpg HTTP/1.1" 304 - "http://ed.activities.at/entry.php?id=10778&form=10549&name=list&" "Mozilla/5.0 (Windows NT 10.0; WOW64; rv:53.0) Gecko/20100101 Firefox/53.0"
212.108.43.59 - - [15/May/2017:11:22:02 +0200] "GET /entry.php?id=10271&&ser=840062 HTTP/1.1" 200 987 "http://ed.activities.at/entry.php?id=10271&&ser=840001" "Mozilla/5.0 (Windows NT 10.0; Win64; x64) AppleWebKit/537.36 (KHTML, like Gecko) Chrome/57.0.2987.133 Safari/537.36"
62.46.183.233 - - [15/May/2017:11:22:02 +0200] "GET /cache/emu/images/radfahrschule10244081/herbstkursejpg_16_9_0.jpg HTTP/1.1" 304 - "http://ed.activities.at/entry.php?id=10778&form=10549&name=list&" "Mozilla/5.0 (Windows NT 10.0; WOW64; rv:53.0) Gecko/20100101 Firefox/53.0"
62.46.183.233 - - [15/May/2017:11:22:02 +0200] "GET /cache/emu/images/radfahrschule10287974/kfvgif_16_7_0.gif HTTP/1.1" 304 - "http://ed.activities.at/entry.php?id=10778&form=10549&name=list&" "Mozilla/5.0 (Windows NT 10.0; WOW64; rv:53.0) Gecko/20100101 Firefox/53.0"
62.46.183.233 - - [15/May/2017:11:22:02 +0200] "GET /cache/emu/images/radfahrschule10244068/jetztanmeldenjpg_16_9_0.jpg HTTP/1.1" 304 - "http://ed.activities.at/entry.php?id=10778&form=10549&name=list&" "Mozilla/5.0 (Windows NT 10.0; WOW64; rv:53.0) Gecko/20100101 Firefox/53.0"
62.46.183.233 - - [15/May/2017:11:22:02 +0200] "GET /cache/emu/images/radfahrschule10287966/klimaaktivlogopartnerjpg_16_7_0.jpg HTTP/1.1" 304 - "http://ed.activities.at/entry.php?id=10778&form=10549&name=list&" "Mozilla/5.0 (Windows NT 10.0; WOW64; rv:53.0) Gecko/20100101 Firefox/53.0"
212.108.43.59 - - [15/May/2017:11:22:02 +0200] "GET /gui/javascript/form_form.js?1494840122 HTTP/1.1" 200 16206 "http://ed.activities.at/entry.php?id=10271&&ser=840062" "Mozilla/5.0 (Windows NT 10.0; Win64; x64) AppleWebKit/537.36 (KHTML, like Gecko) Chrome/57.0.2987.133 Safari/537.36"
62.46.183.233 - - [15/May/2017:11:22:02 +0200] "GET /cache/emu/images/radfahrschule10287706/logo-bigjpg_16_6_0.jpg HTTP/1.1" 304 - "http://ed.activities.at/entry.php?id=10778&form=10549&name=list&" "Mozilla/5.0 (Windows NT 10.0; WOW64; rv:53.0) Gecko/20100101 Firefox/53.0"
62.46.183.233 - - [15/May/2017:11:22:02 +0200] "GET /cache/emu/images/radfahrschule10287959/madlencnikjpg_11_16_0.jpg HTTP/1.1" 304 - "http://ed.activities.at/entry.php?id=10778&form=10549&name=list&" "Mozilla/5.0 (Windows NT 10.0; WOW64; rv:53.0) Gecko/20100101 Firefox/53.0"
62.46.183.233 - - [15/May/2017:11:22:02 +0200] "GET /cache/emu/images/radfahrschule10244082/osterkursejpg_16_9_0.jpg HTTP/1.1" 304 - "http://ed.activities.at/entry.php?id=10778&form=10549&name=list&" "Mozilla/5.0 (Windows NT 10.0; WOW64; rv:53.0) Gecko/20100101 Firefox/53.0"
62.46.183.233 - - [15/May/2017:11:22:02 +0200] "GET /cache/emu/images/radfahrschule10287960/sabinemadlencnikjpg_12_16_0.jpg HTTP/1.1" 304 - "http://ed.activities.at/entry.php?id=10778&form=10549&name=list&" "Mozilla/5.0 (Windows NT 10.0; WOW64; rv:53.0) Gecko/20100101 Firefox/53.0"
62.46.183.233 - - [15/May/2017:11:22:02 +0200] "GET /cache/emu/images/radfahrschule10244083/schnellkursjpg_16_9_0.jpg HTTP/1.1" 304 - "http://ed.activities.at/entry.php?id=10778&form=10549&name=list&" "Mozilla/5.0 (Windows NT 10.0; WOW64; rv:53.0) Gecko/20100101 Firefox/53.0"
62.46.183.233 - - [15/May/2017:11:22:02 +0200] "GET /cache/emu/images/radfahrschule10241568/schnellkursjpg_16_9_0.jpg HTTP/1.1" 304 - "http://ed.activities.at/entry.php?id=10778&form=10549&name=list&" "Mozilla/5.0 (Windows NT 10.0; WOW64; rv:53.0) Gecko/20100101 Firefox/53.0"
62.46.183.233 - - [15/May/2017:11:22:02 +0200] "GET /cache/emu/images/radfahrschule10244084/sommerkursejpg_16_9_0.jpg HTTP/1.1" 304 - "http://ed.activities.at/entry.php?id=10778&form=10549&name=list&" "Mozilla/5.0 (Windows NT 10.0; WOW64; rv:53.0) Gecko/20100101 Firefox/53.0"
62.46.183.233 - - [15/May/2017:11:22:02 +0200] "GET /cache/emu/images/radfahrschule10287968/uniqajpg_16_13_0.jpg HTTP/1.1" 304 - "http://ed.activities.at/entry.php?id=10778&form=10549&name=list&" "Mozilla/5.0 (Windows NT 10.0; WOW64; rv:53.0) Gecko/20100101 Firefox/53.0"
62.46.183.233 - - [15/May/2017:11:22:02 +0200] "GET /cache/emu/images/radfahrschule10264046/weihnachtsbaumjpg_16_16_0.jpg HTTP/1.1" 304 - "http://ed.activities.at/entry.php?id=10778&form=10549&name=list&" "Mozilla/5.0 (Windows NT 10.0; WOW64; rv:53.0) Gecko/20100101 Firefox/53.0"
62.46.183.233 - - [15/May/2017:11:22:02 +0200] "GET /cache/emu/images/radfahrschule10287967/umweltundverkehrwebjpg_16_8_0.jpg HTTP/1.1" 304 - "http://ed.activities.at/entry.php?id=10778&form=10549&name=list&" "Mozilla/5.0 (Windows NT 10.0; WOW64; rv:53.0) Gecko/20100101 Firefox/53.0"
62.46.183.233 - - [15/May/2017:11:22:02 +0200] "GET /cache/emu/images/radfahrschule10264045/weihnachtsbaumjpg_16_16_0.jpg HTTP/1.1" 304 - "http://ed.activities.at/entry.php?id=10778&form=10549&name=list&" "Mozilla/5.0 (Windows NT 10.0; WOW64; rv:53.0) Gecko/20100101 Firefox/53.0"
62.46.183.233 - - [15/May/2017:11:22:02 +0200] "GET /cache/emu/images/radfahrschule10264038/weihnachtsbaumpng_16_16_0.png HTTP/1.1" 304 - "http://ed.activities.at/entry.php?id=10778&form=10549&name=list&" "Mozilla/5.0 (Windows NT 10.0; WOW64; rv:53.0) Gecko/20100101 Firefox/53.0"
62.46.183.233 - - [15/May/2017:11:22:02 +0200] "GET /cache/emu/images/radfahrschule10287961/wernerebenbauerjpg_12_16_0.jpg HTTP/1.1" 304 - "http://ed.activities.at/entry.php?id=10778&form=10549&name=list&" "Mozilla/5.0 (Windows NT 10.0; WOW64; rv:53.0) Gecko/20100101 Firefox/53.0"
62.46.183.233 - - [15/May/2017:11:22:02 +0200] "GET /cache/emu/images/radfahrschule10227326/widget-icon-aktionenpng_16_9.png HTTP/1.1" 304 - "http://ed.activities.at/entry.php?id=10778&form=10549&name=list&" "Mozilla/5.0 (Windows NT 10.0; WOW64; rv:53.0) Gecko/20100101 Firefox/53.0"
62.46.183.233 - - [15/May/2017:11:22:02 +0200] "GET /cache/emu/images/radfahrschule10227327/widget-icon-apppng_16_9.png HTTP/1.1" 304 - "http://ed.activities.at/entry.php?id=10778&form=10549&name=list&" "Mozilla/5.0 (Windows NT 10.0; WOW64; rv:53.0) Gecko/20100101 Firefox/53.0"
62.46.183.233 - - [15/May/2017:11:22:02 +0200] "GET /cache/emu/images/radfahrschule10227328/widget-icon-expertspng_16_9.png HTTP/1.1" 304 - "http://ed.activities.at/entry.php?id=10778&form=10549&name=list&" "Mozilla/5.0 (Windows NT 10.0; WOW64; rv:53.0) Gecko/20100101 Firefox/53.0"
62.46.183.233 - - [15/May/2017:11:22:02 +0200] "GET /cache/emu/images/radfahrschule10227329/widget-icon-trainingpng_16_9.png HTTP/1.1" 304 - "http://ed.activities.at/entry.php?id=10778&form=10549&name=list&" "Mozilla/5.0 (Windows NT 10.0; WOW64; rv:53.0) Gecko/20100101 Firefox/53.0"
62.46.183.233 - - [15/May/2017:11:22:02 +0200] "GET /cache/emu/images/radfahrschule10268008/widget-sonnenbrillepng_16_9_0.png HTTP/1.1" 304 - "http://ed.activities.at/entry.php?id=10778&form=10549&name=list&" "Mozilla/5.0 (Windows NT 10.0; WOW64; rv:53.0) Gecko/20100101 Firefox/53.0"
62.46.183.233 - - [15/May/2017:11:22:02 +0200] "GET /cache/emu/images/radfahrschule10254354/winterkurspng_16_9_0.png HTTP/1.1" 304 - "http://ed.activities.at/entry.php?id=10778&form=10549&name=list&" "Mozilla/5.0 (Windows NT 10.0; WOW64; rv:53.0) Gecko/20100101 Firefox/53.0"
212.108.43.59 - - [15/May/2017:11:22:05 +0200] "GET /entry.php?id=10711&object=10287953&chooserview=menuitemimages&view=menuitemimages HTTP/1.1" 200 1724 "http://ed.activities.at/entry.php?id=11677" "Mozilla/5.0 (Windows NT 10.0; Win64; x64) AppleWebKit/537.36 (KHTML, like Gecko) Chrome/57.0.2987.133 Safari/537.36"
212.108.43.59 - - [15/May/2017:11:22:05 +0200] "GET /gui/javascript/form_form.js?1494840125 HTTP/1.1" 200 16206 "http://ed.activities.at/entry.php?id=10711&object=10287953&chooserview=menuitemimages&view=menuitemimages" "Mozilla/5.0 (Windows NT 10.0; Win64; x64) AppleWebKit/537.36 (KHTML, like Gecko) Chrome/57.0.2987.133 Safari/537.36"
212.108.43.59 - - [15/May/2017:11:22:05 +0200] "GET /entry.php?id=10703&&but=&object=10287953&class=&tag=&value=&chooserview=menuitemimages&function=&setlist=&t_width=&t_height=&view=menuitemimages HTTP/1.1" 200 2542 "http://ed.activities.at/entry.php?id=10711&object=10287953&chooserview=menuitemimages&view=menuitemimages" "Mozilla/5.0 (Windows NT 10.0; Win64; x64) AppleWebKit/537.36 (KHTML, like Gecko) Chrome/57.0.2987.133 Safari/537.36"
212.108.43.59 - - [15/May/2017:11:22:05 +0200] "GET /entry.php?id=10676&title=Ressourcenverwaltung HTTP/1.1" 200 1396 "http://ed.activities.at/entry.php?id=10711&object=10287953&chooserview=menuitemimages&view=menuitemimages" "Mozilla/5.0 (Windows NT 10.0; Win64; x64) AppleWebKit/537.36 (KHTML, like Gecko) Chrome/57.0.2987.133 Safari/537.36"
212.108.43.59 - - [15/May/2017:11:22:06 +0200] "GET /gui/javascript/form_form.js?1494840126 HTTP/1.1" 200 16206 "http://ed.activities.at/entry.php?id=10676&title=Ressourcenverwaltung" "Mozilla/5.0 (Windows NT 10.0; Win64; x64) AppleWebKit/537.36 (KHTML, like Gecko) Chrome/57.0.2987.133 Safari/537.36"
212.108.43.59 - - [15/May/2017:11:22:05 +0200] "GET /entry.php?id=10704&&but=&object=10287953&class=&tag=&value=&chooserview=menuitemimages&function=&setlist=&t_width=&t_height=&view=menuitemimages HTTP/1.1" 200 2950 "http://ed.activities.at/entry.php?id=10711&object=10287953&chooserview=menuitemimages&view=menuitemimages" "Mozilla/5.0 (Windows NT 10.0; Win64; x64) AppleWebKit/537.36 (KHTML, like Gecko) Chrome/57.0.2987.133 Safari/537.36"
212.108.43.59 - - [15/May/2017:11:22:06 +0200] "GET /entry.php?id=10778&form=10547&name=list& HTTP/1.1" 200 3008 "http://ed.activities.at/entry.php?id=10703&&but=&object=10287953&class=&tag=&value=&chooserview=menuitemimages&function=&setlist=&t_width=&t_height=&view=menuitemimages" "Mozilla/5.0 (Windows NT 10.0; Win64; x64) AppleWebKit/537.36 (KHTML, like Gecko) Chrome/57.0.2987.133 Safari/537.36"
212.108.43.59 - - [15/May/2017:11:22:06 +0200] "GET /entry.php?id=10776&form=10547&name=list& HTTP/1.1" 200 1290 "http://ed.activities.at/entry.php?id=10703&&but=&object=10287953&class=&tag=&value=&chooserview=menuitemimages&function=&setlist=&t_width=&t_height=&view=menuitemimages" "Mozilla/5.0 (Windows NT 10.0; Win64; x64) AppleWebKit/537.36 (KHTML, like Gecko) Chrome/57.0.2987.133 Safari/537.36"
212.108.43.59 - - [15/May/2017:11:22:06 +0200] "GET /entry.php?id=10776&form=10549&name=list& HTTP/1.1" 200 1646 "http://ed.activities.at/entry.php?id=10704&&but=&object=10287953&class=&tag=&value=&chooserview=menuitemimages&function=&setlist=&t_width=&t_height=&view=menuitemimages" "Mozilla/5.0 (Windows NT 10.0; Win64; x64) AppleWebKit/537.36 (KHTML, like Gecko) Chrome/57.0.2987.133 Safari/537.36"
212.108.43.59 - - [15/May/2017:11:22:06 +0200] "GET /entry.php?id=10778&form=10549&name=list& HTTP/1.1" 200 2815 "http://ed.activities.at/entry.php?id=10704&&but=&object=10287953&class=&tag=&value=&chooserview=menuitemimages&function=&setlist=&t_width=&t_height=&view=menuitemimages" "Mozilla/5.0 (Windows NT 10.0; Win64; x64) AppleWebKit/537.36 (KHTML, like Gecko) Chrome/57.0.2987.133 Safari/537.36"
62.46.183.233 - - [15/May/2017:11:22:11 +0200] "GET /entry.php?id=11687&uploadmode=list&object=false&mode=list&mime=10015786&listview=list HTTP/1.1" 200 2347 "http://ed.activities.at/entry.php?id=10711&chooserview=PinEditimages&view=PinEditimages" "Mozilla/5.0 (Windows NT 10.0; WOW64; rv:53.0) Gecko/20100101 Firefox/53.0"
62.46.183.233 - - [15/May/2017:11:22:11 +0200] "GET /entry.php?id=11687&uploadmode=list&object=false&mode=list&mime=10015786&listview=list HTTP/1.1" 200 2348 "http://ed.activities.at/entry.php?id=10711&chooserview=PinEditimages&view=PinEditimages" "Mozilla/5.0 (Windows NT 10.0; WOW64; rv:53.0) Gecko/20100101 Firefox/53.0"
62.46.183.233 - - [15/May/2017:11:22:12 +0200] "GET /gui/javascript/jquery/fileupload/js/jquery.ui.plupload/css/jquery.ui.plupload.css HTTP/1.1" 200 1380 "http://ed.activities.at/entry.php?id=11687&uploadmode=list&object=false&mode=list&mime=10015786&listview=list" "Mozilla/5.0 (Windows NT 10.0; WOW64; rv:53.0) Gecko/20100101 Firefox/53.0"
62.46.183.233 - - [15/May/2017:11:22:12 +0200] "GET /gui/javascript/form_file_upload.js HTTP/1.1" 200 3545 "http://ed.activities.at/entry.php?id=11687&uploadmode=list&object=false&mode=list&mime=10015786&listview=list" "Mozilla/5.0 (Windows NT 10.0; WOW64; rv:53.0) Gecko/20100101 Firefox/53.0"
62.46.183.233 - - [15/May/2017:11:22:12 +0200] "GET /gui/javascript/form_form.js?1494840132 HTTP/1.1" 200 16206 "http://ed.activities.at/entry.php?id=11687&uploadmode=list&object=false&mode=list&mime=10015786&listview=list" "Mozilla/5.0 (Windows NT 10.0; WOW64; rv:53.0) Gecko/20100101 Firefox/53.0"
62.46.183.233 - - [15/May/2017:11:22:12 +0200] "GET /gui/javascript/jquery/fileupload/js/i18n/de.js HTTP/1.1" 200 651 "http://ed.activities.at/entry.php?id=11687&uploadmode=list&object=false&mode=list&mime=10015786&listview=list" "Mozilla/5.0 (Windows NT 10.0; WOW64; rv:53.0) Gecko/20100101 Firefox/53.0"
62.46.183.233 - - [15/May/2017:11:22:12 +0200] "GET /gui/javascript/jquery/fileupload/js/jquery.ui.plupload/jquery.ui.plupload.js HTTP/1.1" 200 6007 "http://ed.activities.at/entry.php?id=11687&uploadmode=list&object=false&mode=list&mime=10015786&listview=list" "Mozilla/5.0 (Windows NT 10.0; WOW64; rv:53.0) Gecko/20100101 Firefox/53.0"
62.46.183.233 - - [15/May/2017:11:22:12 +0200] "GET /gui/javascript/jquery/fileupload/js/plupload.full.js HTTP/1.1" 200 23055 "http://ed.activities.at/entry.php?id=11687&uploadmode=list&object=false&mode=list&mime=10015786&listview=list" "Mozilla/5.0 (Windows NT 10.0; WOW64; rv:53.0) Gecko/20100101 Firefox/53.0"
62.46.183.233 - - [15/May/2017:11:22:12 +0200] "GET /gui/javascript/jquery/fileupload/js/jquery.ui.plupload/img/buttons.png HTTP/1.1" 200 1439 "http://ed.activities.at/gui/javascript/jquery/fileupload/js/jquery.ui.plupload/css/jquery.ui.plupload.css" "Mozilla/5.0 (Windows NT 10.0; WOW64; rv:53.0) Gecko/20100101 Firefox/53.0"
62.46.183.233 - - [15/May/2017:11:22:12 +0200] "GET /gui/javascript/jquery/css/gui-themes/images/ui-bg_flat_80_ece9d8_40x100.png HTTP/1.1" 200 183 "http://ed.activities.at/gui/javascript/jquery/css/gui-themes/custom.min.css" "Mozilla/5.0 (Windows NT 10.0; WOW64; rv:53.0) Gecko/20100101 Firefox/53.0"
62.46.183.233 - - [15/May/2017:11:22:19 +0200] "GET /entry.php?id=10271&&ser=840078 HTTP/1.1" 200 987 "http://ed.activities.at/entry.php?id=10271&&ser=840018" "Mozilla/5.0 (Windows NT 10.0; WOW64; rv:53.0) Gecko/20100101 Firefox/53.0"
62.46.183.233 - - [15/May/2017:11:22:19 +0200] "GET /gui/javascript/form_form.js?1494840139 HTTP/1.1" 200 16206 "http://ed.activities.at/entry.php?id=10271&&ser=840078" "Mozilla/5.0 (Windows NT 10.0; WOW64; rv:53.0) Gecko/20100101 Firefox/53.0"
212.108.43.59 - - [15/May/2017:11:22:28 +0200] "GET /entry.php?id=11687&uploadmode=list&object=false&mode=list&mime=10015786&listview=list HTTP/1.1" 200 2347 "http://ed.activities.at/entry.php?id=10711&object=10287953&chooserview=menuitemimages&view=menuitemimages" "Mozilla/5.0 (Windows NT 10.0; Win64; x64) AppleWebKit/537.36 (KHTML, like Gecko) Chrome/57.0.2987.133 Safari/537.36"
212.108.43.59 - - [15/May/2017:11:22:28 +0200] "GET /gui/javascript/form_form.js?1494840148 HTTP/1.1" 200 16206 "http://ed.activities.at/entry.php?id=11687&uploadmode=list&object=false&mode=list&mime=10015786&listview=list" "Mozilla/5.0 (Windows NT 10.0; Win64; x64) AppleWebKit/537.36 (KHTML, like Gecko) Chrome/57.0.2987.133 Safari/537.36"
212.108.43.59 - - [15/May/2017:11:22:43 +0200] "POST /entry.php?id=11687&ajaxaction=binary HTTP/1.1" 200 350 "http://ed.activities.at/entry.php?id=11687&uploadmode=list&object=false&mode=list&mime=10015786&listview=list" "Mozilla/5.0 (Windows NT 10.0; Win64; x64) AppleWebKit/537.36 (KHTML, like Gecko) Chrome/57.0.2987.133 Safari/537.36"
212.108.43.59 - - [15/May/2017:11:22:43 +0200] "GET /cache/emu/images/radfahrschule10289402/bildwebedanschnittl830x300px7png_16_6_0.png HTTP/1.1" 200 418 "http://ed.activities.at/entry.php?id=10778&form=10549&name=list&" "Mozilla/5.0 (Windows NT 10.0; Win64; x64) AppleWebKit/537.36 (KHTML, like Gecko) Chrome/57.0.2987.133 Safari/537.36"
62.46.183.233 - - [15/May/2017:11:22:48 +0200] "GET /gui/javascript/jquery/css/gui-themes/images/ui-bg_flat_100_ffffff_40x100.png HTTP/1.1" 200 178 "http://ed.activities.at/gui/javascript/jquery/css/gui-themes/custom.min.css" "Mozilla/5.0 (Windows NT 10.0; WOW64; rv:53.0) Gecko/20100101 Firefox/53.0"
62.46.183.233 - - [15/May/2017:11:22:49 +0200] "GET /gui/javascript/jquery/css/gui-themes/images/ui-bg_highlight-soft_25_ffef8f_1x100.png HTTP/1.1" 200 119 "http://ed.activities.at/gui/javascript/jquery/css/gui-themes/custom.min.css" "Mozilla/5.0 (Windows NT 10.0; WOW64; rv:53.0) Gecko/20100101 Firefox/53.0"
62.46.183.233 - - [15/May/2017:11:22:49 +0200] "GET /gui/javascript/jquery/css/gui-themes/images/ui-icons_2e83ff_256x240_ev.png HTTP/1.1" 200 6035 "http://ed.activities.at/gui/javascript/jquery/css/gui-themes/custom.min.css" "Mozilla/5.0 (Windows NT 10.0; WOW64; rv:53.0) Gecko/20100101 Firefox/53.0"
212.108.43.59 - - [15/May/2017:11:22:49 +0200] "POST /entry.php?id=10704&&but=&object=10287953&class=&tag=&value=&chooserview=menuitemimages&function=&setlist=&t_width=&t_height=&view=menuitemimages HTTP/1.1" 200 2975 "http://ed.activities.at/entry.php?id=10778&form=10549&name=list&" "Mozilla/5.0 (Windows NT 10.0; Win64; x64) AppleWebKit/537.36 (KHTML, like Gecko) Chrome/57.0.2987.133 Safari/537.36"
212.108.43.59 - - [15/May/2017:11:22:49 +0200] "GET /gui/javascript/form_form.js?1494840169 HTTP/1.1" 200 16206 "http://ed.activities.at/entry.php?id=10704&&but=&object=10287953&class=&tag=&value=&chooserview=menuitemimages&function=&setlist=&t_width=&t_height=&view=menuitemimages" "Mozilla/5.0 (Windows NT 10.0; Win64; x64) AppleWebKit/537.36 (KHTML, like Gecko) Chrome/57.0.2987.133 Safari/537.36"
212.108.43.59 - - [15/May/2017:11:22:49 +0200] "POST /entry.php?id=11677 HTTP/1.1" 200 2872 "http://ed.activities.at/entry.php?id=11677" "Mozilla/5.0 (Windows NT 10.0; Win64; x64) AppleWebKit/537.36 (KHTML, like Gecko) Chrome/57.0.2987.133 Safari/537.36"
212.108.43.59 - - [15/May/2017:11:22:50 +0200] "GET /gui/javascript/form_form.js?1494840170 HTTP/1.1" 200 16206 "http://ed.activities.at/entry.php?id=11677" "Mozilla/5.0 (Windows NT 10.0; Win64; x64) AppleWebKit/537.36 (KHTML, like Gecko) Chrome/57.0.2987.133 Safari/537.36"
212.108.43.59 - - [15/May/2017:11:22:49 +0200] "GET /entry.php?id=10776&form=10549&name=list& HTTP/1.1" 200 1646 "http://ed.activities.at/entry.php?id=10704&&but=&object=10287953&class=&tag=&value=&chooserview=menuitemimages&function=&setlist=&t_width=&t_height=&view=menuitemimages" "Mozilla/5.0 (Windows NT 10.0; Win64; x64) AppleWebKit/537.36 (KHTML, like Gecko) Chrome/57.0.2987.133 Safari/537.36"
212.108.43.59 - - [15/May/2017:11:22:49 +0200] "GET /entry.php?id=10778&form=10549&name=list& HTTP/1.1" 200 2815 "http://ed.activities.at/entry.php?id=10704&&but=&object=10287953&class=&tag=&value=&chooserview=menuitemimages&function=&setlist=&t_width=&t_height=&view=menuitemimages" "Mozilla/5.0 (Windows NT 10.0; Win64; x64) AppleWebKit/537.36 (KHTML, like Gecko) Chrome/57.0.2987.133 Safari/537.36"
212.108.43.59 - - [15/May/2017:11:22:50 +0200] "GET /entry.php?id=10776&form=11502&name=image_list& HTTP/1.1" 200 1522 "http://ed.activities.at/entry.php?id=11677" "Mozilla/5.0 (Windows NT 10.0; Win64; x64) AppleWebKit/537.36 (KHTML, like Gecko) Chrome/57.0.2987.133 Safari/537.36"
212.108.43.59 - - [15/May/2017:11:22:50 +0200] "GET /entry.php?id=10778&form=11502&name=image_list& HTTP/1.1" 200 2924 "http://ed.activities.at/entry.php?id=11677" "Mozilla/5.0 (Windows NT 10.0; Win64; x64) AppleWebKit/537.36 (KHTML, like Gecko) Chrome/57.0.2987.133 Safari/537.36"
212.108.43.59 - - [15/May/2017:11:22:51 +0200] "GET /cache/emu/images/radfahrschule10289402/bildwebedanschnittl830x300px7png_16_6_0.png HTTP/1.1" 200 418 "http://ed.activities.at/entry.php?id=10778&form=11502&name=image_list&" "Mozilla/5.0 (Windows NT 10.0; Win64; x64) AppleWebKit/537.36 (KHTML, like Gecko) Chrome/57.0.2987.133 Safari/537.36"
62.46.183.233 - - [15/May/2017:11:22:48 +0200] "POST /entry.php?id=11687&ajaxaction=binary HTTP/1.1" 200 324 "http://ed.activities.at/entry.php?id=11687&uploadmode=list&object=false&mode=list&mime=10015786&listview=list" "Mozilla/5.0 (Windows NT 10.0; WOW64; rv:53.0) Gecko/20100101 Firefox/53.0"
62.46.183.233 - - [15/May/2017:11:22:51 +0200] "GET /cache/emu/images/radfahrschule10289403/verkehrsplanungstadtjpg_16_7_0.jpg HTTP/1.1" 200 745 "http://ed.activities.at/entry.php?id=10778&form=10549&name=list&" "Mozilla/5.0 (Windows NT 10.0; WOW64; rv:53.0) Gecko/20100101 Firefox/53.0"
62.46.183.233 - - [15/May/2017:11:22:51 +0200] "GET /framework/icons/note_msg_icon.gif HTTP/1.1" 200 1022 "http://ed.activities.at/gui/styles/tmplDefault.css" "Mozilla/5.0 (Windows NT 10.0; WOW64; rv:53.0) Gecko/20100101 Firefox/53.0"
212.108.43.59 - - [15/May/2017:11:22:57 +0200] "POST /entry.php?id=11677 HTTP/1.1" 200 4497 "http://ed.activities.at/entry.php?id=11677" "Mozilla/5.0 (Windows NT 10.0; Win64; x64) AppleWebKit/537.36 (KHTML, like Gecko) Chrome/57.0.2987.133 Safari/537.36"
212.108.43.59 - - [15/May/2017:11:22:58 +0200] "GET /gui/javascript/form_form.js?1494840178 HTTP/1.1" 200 16206 "http://ed.activities.at/entry.php?id=11677" "Mozilla/5.0 (Windows NT 10.0; Win64; x64) AppleWebKit/537.36 (KHTML, like Gecko) Chrome/57.0.2987.133 Safari/537.36"
212.108.43.59 - - [15/May/2017:11:23:02 +0200] "GET /entry.php?id=10271&&ser=840122 HTTP/1.1" 200 986 "http://ed.activities.at/entry.php?id=10271&&ser=840062" "Mozilla/5.0 (Windows NT 10.0; Win64; x64) AppleWebKit/537.36 (KHTML, like Gecko) Chrome/57.0.2987.133 Safari/537.36"
212.108.43.59 - - [15/May/2017:11:23:02 +0200] "GET /gui/javascript/form_form.js?1494840182 HTTP/1.1" 200 16206 "http://ed.activities.at/entry.php?id=10271&&ser=840122" "Mozilla/5.0 (Windows NT 10.0; Win64; x64) AppleWebKit/537.36 (KHTML, like Gecko) Chrome/57.0.2987.133 Safari/537.36"
62.46.183.233 - - [15/May/2017:11:23:04 +0200] "POST /entry.php?id=11687 HTTP/1.1" 200 2577 "http://ed.activities.at/entry.php?id=11687&uploadmode=list&object=false&mode=list&mime=10015786&listview=list" "Mozilla/5.0 (Windows NT 10.0; WOW64; rv:53.0) Gecko/20100101 Firefox/53.0"
62.46.183.233 - - [15/May/2017:11:23:04 +0200] "GET /gui/javascript/form_form.js?1494840184 HTTP/1.1" 200 16206 "http://ed.activities.at/entry.php?id=11687" "Mozilla/5.0 (Windows NT 10.0; WOW64; rv:53.0) Gecko/20100101 Firefox/53.0"
212.108.43.59 - - [15/May/2017:11:23:03 +0200] "POST /entry.php?id=11677 HTTP/1.1" 200 5289 "http://ed.activities.at/entry.php?id=11677" "Mozilla/5.0 (Windows NT 10.0; Win64; x64) AppleWebKit/537.36 (KHTML, like Gecko) Chrome/57.0.2987.133 Safari/537.36"
212.108.43.59 - - [15/May/2017:11:23:04 +0200] "GET /gui/javascript/form_form.js?1494840184 HTTP/1.1" 200 16206 "http://ed.activities.at/entry.php?id=11677" "Mozilla/5.0 (Windows NT 10.0; Win64; x64) AppleWebKit/537.36 (KHTML, like Gecko) Chrome/57.0.2987.133 Safari/537.36"
62.46.183.233 - - [15/May/2017:11:23:04 +0200] "GET /entry.php?id=10776&form=11512&name=list& HTTP/1.1" 200 1300 "http://ed.activities.at/entry.php?id=11687" "Mozilla/5.0 (Windows NT 10.0; WOW64; rv:53.0) Gecko/20100101 Firefox/53.0"
62.46.183.233 - - [15/May/2017:11:23:04 +0200] "GET /entry.php?id=10778&form=11512&name=list& HTTP/1.1" 200 3556 "http://ed.activities.at/entry.php?id=11687" "Mozilla/5.0 (Windows NT 10.0; WOW64; rv:53.0) Gecko/20100101 Firefox/53.0"
62.46.183.233 - - [15/May/2017:11:23:05 +0200] "GET /entry.php?id=11148&object=10289403&view=thumbnail&width=150&height=150&wrap=false&tmp=true HTTP/1.1" 200 1619 "http://ed.activities.at/entry.php?id=10778&form=11512&name=list&" "Mozilla/5.0 (Windows NT 10.0; WOW64; rv:53.0) Gecko/20100101 Firefox/53.0"
62.46.183.233 - - [15/May/2017:11:23:05 +0200] "GET /gui/javascript/form_form.js?1494840185 HTTP/1.1" 200 16206 "http://ed.activities.at/entry.php?id=11148&object=10289403&view=thumbnail&width=150&height=150&wrap=false&tmp=true" "Mozilla/5.0 (Windows NT 10.0; WOW64; rv:53.0) Gecko/20100101 Firefox/53.0"
62.46.183.233 - - [15/May/2017:11:23:06 +0200] "GET /cache/emu/images/radfahrschule10289403/verkehrsplanungstadtjpg_150_62_0.jpg HTTP/1.1" 200 3442 "http://ed.activities.at/entry.php?id=11148&object=10289403&view=thumbnail&width=150&height=150&wrap=false&tmp=true" "Mozilla/5.0 (Windows NT 10.0; WOW64; rv:53.0) Gecko/20100101 Firefox/53.0"
212.108.43.59 - - [15/May/2017:11:23:14 +0200] "POST /entry.php?id=11678 HTTP/1.1" 200 4667 "http://ed.activities.at/entry.php?id=11678&" "Mozilla/5.0 (Windows NT 10.0; Win64; x64) AppleWebKit/537.36 (KHTML, like Gecko) Chrome/57.0.2987.133 Safari/537.36"
212.108.43.59 - - [15/May/2017:11:23:15 +0200] "GET /activities/framework/KoolControls/KoolAjax/koolajax.php?8436e354c842500aba3cbaf0584c0c24 HTTP/1.1" 200 4079 "http://ed.activities.at/entry.php?id=11678" "Mozilla/5.0 (Windows NT 10.0; Win64; x64) AppleWebKit/537.36 (KHTML, like Gecko) Chrome/57.0.2987.133 Safari/537.36"
212.108.43.59 - - [15/May/2017:11:23:15 +0200] "GET /gui/javascript/form_form.js?1494840195 HTTP/1.1" 200 16206 "http://ed.activities.at/entry.php?id=11678" "Mozilla/5.0 (Windows NT 10.0; Win64; x64) AppleWebKit/537.36 (KHTML, like Gecko) Chrome/57.0.2987.133 Safari/537.36"
212.108.43.59 - - [15/May/2017:11:23:15 +0200] "GET /activities/framework/KoolControls/KoolTreeView/kooltreeview.php?c7cd9180e88ffef8e70f13526bb4f5f7 HTTP/1.1" 200 5055 "http://ed.activities.at/entry.php?id=11678" "Mozilla/5.0 (Windows NT 10.0; Win64; x64) AppleWebKit/537.36 (KHTML, like Gecko) Chrome/57.0.2987.133 Safari/537.36"
212.108.43.59 - - [15/May/2017:11:23:16 +0200] "POST /entry.php?id=11677 HTTP/1.1" 200 5185 "http://ed.activities.at/entry.php?id=11677" "Mozilla/5.0 (Windows NT 10.0; Win64; x64) AppleWebKit/537.36 (KHTML, like Gecko) Chrome/57.0.2987.133 Safari/537.36"
