95.143.230.128 - - [10/Jul/2017:15:13:54 +0200] "GET /gui/javascript/form_form.js?1499692434 HTTP/1.1" 200 16206 "http://ed.activities.at/entry.php?id=10711&object=10221912&class=emuc_company&chooserview=customerimages&setlist=list&view=customerimages" "Mozilla/5.0 (Windows NT 6.1; WOW64; rv:54.0) Gecko/20100101 Firefox/54.0"
95.143.230.128 - - [10/Jul/2017:15:13:54 +0200] "GET /entry.php?id=10676&title=Ressourcenverwaltung HTTP/1.1" 200 1396 "http://ed.activities.at/entry.php?id=10711&object=10221912&class=emuc_company&chooserview=customerimages&setlist=list&view=customerimages" "Mozilla/5.0 (Windows NT 6.1; WOW64; rv:54.0) Gecko/20100101 Firefox/54.0"
95.143.230.128 - - [10/Jul/2017:15:13:54 +0200] "GET /entry.php?id=10704&&but=&object=10221912&class=emuc_company&tag=&value=&chooserview=customerimages&function=&setlist=list&t_width=&t_height=&view=customerimages HTTP/1.1" 200 2841 "http://ed.activities.at/entry.php?id=10711&object=10221912&class=emuc_company&chooserview=customerimages&setlist=list&view=customerimages" "Mozilla/5.0 (Windows NT 6.1; WOW64; rv:54.0) Gecko/20100101 Firefox/54.0"
95.143.230.128 - - [10/Jul/2017:15:13:54 +0200] "GET /entry.php?id=10703&&but=&object=10221912&class=emuc_company&tag=&value=&chooserview=customerimages&function=&setlist=list&t_width=&t_height=&view=customerimages HTTP/1.1" 200 2541 "http://ed.activities.at/entry.php?id=10711&object=10221912&class=emuc_company&chooserview=customerimages&setlist=list&view=customerimages" "Mozilla/5.0 (Windows NT 6.1; WOW64; rv:54.0) Gecko/20100101 Firefox/54.0"
95.143.230.128 - - [10/Jul/2017:15:13:54 +0200] "GET /entry.php?id=10776&form=10549&name=list& HTTP/1.1" 200 1646 "http://ed.activities.at/entry.php?id=10704&&but=&object=10221912&class=emuc_company&tag=&value=&chooserview=customerimages&function=&setlist=list&t_width=&t_height=&view=customerimages" "Mozilla/5.0 (Windows NT 6.1; WOW64; rv:54.0) Gecko/20100101 Firefox/54.0"
95.143.230.128 - - [10/Jul/2017:15:13:54 +0200] "GET /entry.php?id=10778&form=10549&name=list& HTTP/1.1" 200 2821 "http://ed.activities.at/entry.php?id=10704&&but=&object=10221912&class=emuc_company&tag=&value=&chooserview=customerimages&function=&setlist=list&t_width=&t_height=&view=customerimages" "Mozilla/5.0 (Windows NT 6.1; WOW64; rv:54.0) Gecko/20100101 Firefox/54.0"
95.143.230.128 - - [10/Jul/2017:15:13:55 +0200] "GET /gui/images/icons/disabled_view_grid.gif HTTP/1.1" 200 399 "http://ed.activities.at/entry.php?id=10776&form=10549&name=list&" "Mozilla/5.0 (Windows NT 6.1; WOW64; rv:54.0) Gecko/20100101 Firefox/54.0"
95.143.230.128 - - [10/Jul/2017:15:13:55 +0200] "GET /entry.php?id=10776&form=10547&name=list& HTTP/1.1" 200 1290 "http://ed.activities.at/entry.php?id=10703&&but=&object=10221912&class=emuc_company&tag=&value=&chooserview=customerimages&function=&setlist=list&t_width=&t_height=&view=customerimages" "Mozilla/5.0 (Windows NT 6.1; WOW64; rv:54.0) Gecko/20100101 Firefox/54.0"
95.143.230.128 - - [10/Jul/2017:15:13:55 +0200] "GET /entry.php?id=10778&form=10547&name=list& HTTP/1.1" 200 3019 "http://ed.activities.at/entry.php?id=10703&&but=&object=10221912&class=emuc_company&tag=&value=&chooserview=customerimages&function=&setlist=list&t_width=&t_height=&view=customerimages" "Mozilla/5.0 (Windows NT 6.1; WOW64; rv:54.0) Gecko/20100101 Firefox/54.0"
95.143.230.128 - - [10/Jul/2017:15:14:08 +0200] "POST /entry.php?id=10703 HTTP/1.1" 200 3301 "http://ed.activities.at/entry.php?id=10703&&but=&object=10221912&class=emuc_company&tag=&value=&chooserview=customerimages&function=&setlist=list&t_width=&t_height=&view=customerimages" "Mozilla/5.0 (Windows NT 6.1; WOW64; rv:54.0) Gecko/20100101 Firefox/54.0"
95.143.230.128 - - [10/Jul/2017:15:14:08 +0200] "GET /activities/framework/KoolControls/KoolAjax/koolajax.php?8436e354c842500aba3cbaf0584c0c24 HTTP/1.1" 200 4079 "http://ed.activities.at/entry.php?id=10703" "Mozilla/5.0 (Windows NT 6.1; WOW64; rv:54.0) Gecko/20100101 Firefox/54.0"
95.143.230.128 - - [10/Jul/2017:15:14:08 +0200] "GET /gui/javascript/form_form.js?1499692448 HTTP/1.1" 200 16206 "http://ed.activities.at/entry.php?id=10703" "Mozilla/5.0 (Windows NT 6.1; WOW64; rv:54.0) Gecko/20100101 Firefox/54.0"
95.143.230.128 - - [10/Jul/2017:15:14:08 +0200] "GET /activities/framework/KoolControls/KoolTreeView/icons/bullet_star.png HTTP/1.1" 200 331 "http://ed.activities.at/entry.php?id=10703" "Mozilla/5.0 (Windows NT 6.1; WOW64; rv:54.0) Gecko/20100101 Firefox/54.0"
95.143.230.128 - - [10/Jul/2017:15:14:08 +0200] "GET /activities/framework/KoolControls/KoolTreeView/kooltreeview.php?c7cd9180e88ffef8e70f13526bb4f5f7 HTTP/1.1" 200 5055 "http://ed.activities.at/entry.php?id=10703" "Mozilla/5.0 (Windows NT 6.1; WOW64; rv:54.0) Gecko/20100101 Firefox/54.0"
95.143.230.128 - - [10/Jul/2017:15:14:10 +0200] "GET /entry.php?id=10271&&ser=692389 HTTP/1.1" 200 986 "http://ed.activities.at/entry.php?id=10271&&ser=692329" "Mozilla/5.0 (Windows NT 6.1; WOW64; rv:54.0) Gecko/20100101 Firefox/54.0"
95.143.230.128 - - [10/Jul/2017:15:14:10 +0200] "GET /gui/javascript/form_form.js?1499692450 HTTP/1.1" 200 16206 "http://ed.activities.at/entry.php?id=10271&&ser=692389" "Mozilla/5.0 (Windows NT 6.1; WOW64; rv:54.0) Gecko/20100101 Firefox/54.0"
95.143.230.128 - - [10/Jul/2017:15:14:10 +0200] "POST /entry.php?id=10703 HTTP/1.1" 200 2540 "http://ed.activities.at/entry.php?id=10703" "Mozilla/5.0 (Windows NT 6.1; WOW64; rv:54.0) Gecko/20100101 Firefox/54.0"
95.143.230.128 - - [10/Jul/2017:15:14:11 +0200] "GET /entry.php?id=10776&form=10547&name=list& HTTP/1.1" 200 1290 "http://ed.activities.at/entry.php?id=10703" "Mozilla/5.0 (Windows NT 6.1; WOW64; rv:54.0) Gecko/20100101 Firefox/54.0"
95.143.230.128 - - [10/Jul/2017:15:14:11 +0200] "GET /entry.php?id=10778&form=10547&name=list& HTTP/1.1" 200 2940 "http://ed.activities.at/entry.php?id=10703" "Mozilla/5.0 (Windows NT 6.1; WOW64; rv:54.0) Gecko/20100101 Firefox/54.0"
95.143.230.128 - - [10/Jul/2017:15:14:12 +0200] "POST /entry.php?id=10703 HTTP/1.1" 200 3300 "http://ed.activities.at/entry.php?id=10703" "Mozilla/5.0 (Windows NT 6.1; WOW64; rv:54.0) Gecko/20100101 Firefox/54.0"
95.143.230.128 - - [10/Jul/2017:15:14:12 +0200] "GET /activities/framework/KoolControls/KoolAjax/koolajax.php?8436e354c842500aba3cbaf0584c0c24 HTTP/1.1" 200 4079 "http://ed.activities.at/entry.php?id=10703" "Mozilla/5.0 (Windows NT 6.1; WOW64; rv:54.0) Gecko/20100101 Firefox/54.0"
95.143.230.128 - - [10/Jul/2017:15:14:12 +0200] "GET /gui/javascript/form_form.js?1499692452 HTTP/1.1" 200 16206 "http://ed.activities.at/entry.php?id=10703" "Mozilla/5.0 (Windows NT 6.1; WOW64; rv:54.0) Gecko/20100101 Firefox/54.0"
95.143.230.128 - - [10/Jul/2017:15:14:13 +0200] "GET /activities/framework/KoolControls/KoolTreeView/kooltreeview.php?c7cd9180e88ffef8e70f13526bb4f5f7 HTTP/1.1" 200 5055 "http://ed.activities.at/entry.php?id=10703" "Mozilla/5.0 (Windows NT 6.1; WOW64; rv:54.0) Gecko/20100101 Firefox/54.0"
95.143.230.128 - - [10/Jul/2017:15:14:14 +0200] "GET /entry.php?id=10271&&ser=692394 HTTP/1.1" 200 986 "http://ed.activities.at/entry.php?id=10271&&ser=692334" "Mozilla/5.0 (Windows NT 6.1; WOW64; rv:54.0) Gecko/20100101 Firefox/54.0"
95.143.230.128 - - [10/Jul/2017:15:14:14 +0200] "GET /gui/javascript/form_form.js?1499692454 HTTP/1.1" 200 16206 "http://ed.activities.at/entry.php?id=10271&&ser=692394" "Mozilla/5.0 (Windows NT 6.1; WOW64; rv:54.0) Gecko/20100101 Firefox/54.0"
80.122.130.46 - - [10/Jul/2017:15:14:19 +0200] "GET /framework/icons/rowselect.gif HTTP/1.1" 200 67 "http://ed.activities.at/entry.php?id=10778&form=11497&name=list&" "Mozilla/5.0 (Windows NT 10.0; Win64; x64) AppleWebKit/537.36 (KHTML, like Gecko) Chrome/51.0.2704.79 Safari/537.36 Edge/14.14393"
80.122.130.46 - - [10/Jul/2017:15:14:19 +0200] "POST /entry.php?id=11671 HTTP/1.1" 200 4754 "http://ed.activities.at/entry.php?id=11671&" "Mozilla/5.0 (Windows NT 10.0; Win64; x64) AppleWebKit/537.36 (KHTML, like Gecko) Chrome/51.0.2704.79 Safari/537.36 Edge/14.14393"
80.122.130.46 - - [10/Jul/2017:15:14:20 +0200] "GET /gui/images/icons/wizard.png HTTP/1.1" 200 724 "http://ed.activities.at/entry.php?id=11671" "Mozilla/5.0 (Windows NT 10.0; Win64; x64) AppleWebKit/537.36 (KHTML, like Gecko) Chrome/51.0.2704.79 Safari/537.36 Edge/14.14393"
80.122.130.46 - - [10/Jul/2017:15:14:20 +0200] "GET /gui/javascript/form_form.js?1499692460 HTTP/1.1" 200 16206 "http://ed.activities.at/entry.php?id=11671" "Mozilla/5.0 (Windows NT 10.0; Win64; x64) AppleWebKit/537.36 (KHTML, like Gecko) Chrome/51.0.2704.79 Safari/537.36 Edge/14.14393"
80.122.130.46 - - [10/Jul/2017:15:14:21 +0200] "GET /gui/images/icons/calendar.png HTTP/1.1" 200 675 "http://ed.activities.at/entry.php?id=11671" "Mozilla/5.0 (Windows NT 10.0; Win64; x64) AppleWebKit/537.36 (KHTML, like Gecko) Chrome/51.0.2704.79 Safari/537.36 Edge/14.14393"
80.122.130.46 - - [10/Jul/2017:15:14:21 +0200] "GET /entry.php?id=10776&form=11496&name=list& HTTP/1.1" 200 1519 "http://ed.activities.at/entry.php?id=11671" "Mozilla/5.0 (Windows NT 10.0; Win64; x64) AppleWebKit/537.36 (KHTML, like Gecko) Chrome/51.0.2704.79 Safari/537.36 Edge/14.14393"
80.122.130.46 - - [10/Jul/2017:15:14:21 +0200] "GET /entry.php?id=10778&form=11496&name=list& HTTP/1.1" 200 5841 "http://ed.activities.at/entry.php?id=11671" "Mozilla/5.0 (Windows NT 10.0; Win64; x64) AppleWebKit/537.36 (KHTML, like Gecko) Chrome/51.0.2704.79 Safari/537.36 Edge/14.14393"
95.143.230.128 - - [10/Jul/2017:15:14:27 +0200] "POST /entry.php?id=10704 HTTP/1.1" 200 2910 "http://ed.activities.at/entry.php?id=10704&&but=&object=10221912&class=emuc_company&tag=&value=&chooserview=customerimages&function=&setlist=list&t_width=&t_height=&view=customerimages" "Mozilla/5.0 (Windows NT 6.1; WOW64; rv:54.0) Gecko/20100101 Firefox/54.0"
95.143.230.128 - - [10/Jul/2017:15:14:28 +0200] "GET /gui/javascript/form_form.js?1499692468 HTTP/1.1" 200 16206 "http://ed.activities.at/entry.php?id=10704" "Mozilla/5.0 (Windows NT 6.1; WOW64; rv:54.0) Gecko/20100101 Firefox/54.0"
95.143.230.128 - - [10/Jul/2017:15:14:28 +0200] "GET /entry.php?id=10776&form=10549&name=list& HTTP/1.1" 200 1701 "http://ed.activities.at/entry.php?id=10704" "Mozilla/5.0 (Windows NT 6.1; WOW64; rv:54.0) Gecko/20100101 Firefox/54.0"
95.143.230.128 - - [10/Jul/2017:15:14:28 +0200] "GET /entry.php?id=10778&form=10549&name=list& HTTP/1.1" 200 3418 "http://ed.activities.at/entry.php?id=10704" "Mozilla/5.0 (Windows NT 6.1; WOW64; rv:54.0) Gecko/20100101 Firefox/54.0"
95.143.230.128 - - [10/Jul/2017:15:14:28 +0200] "POST /entry.php?id=10704 HTTP/1.1" 200 2909 "http://ed.activities.at/entry.php?id=10704" "Mozilla/5.0 (Windows NT 6.1; WOW64; rv:54.0) Gecko/20100101 Firefox/54.0"
95.143.230.128 - - [10/Jul/2017:15:14:29 +0200] "GET /gui/javascript/form_form.js?1499692469 HTTP/1.1" 200 16206 "http://ed.activities.at/entry.php?id=10704" "Mozilla/5.0 (Windows NT 6.1; WOW64; rv:54.0) Gecko/20100101 Firefox/54.0"
95.143.230.128 - - [10/Jul/2017:15:14:29 +0200] "GET /entry.php?id=10776&form=10549&name=list& HTTP/1.1" 200 1701 "http://ed.activities.at/entry.php?id=10704" "Mozilla/5.0 (Windows NT 6.1; WOW64; rv:54.0) Gecko/20100101 Firefox/54.0"
95.143.230.128 - - [10/Jul/2017:15:14:29 +0200] "GET /gui/images/icons/view_grid.gif HTTP/1.1" 200 382 "http://ed.activities.at/entry.php?id=10776&form=10549&name=list&" "Mozilla/5.0 (Windows NT 6.1; WOW64; rv:54.0) Gecko/20100101 Firefox/54.0"
95.143.230.128 - - [10/Jul/2017:15:14:29 +0200] "GET /entry.php?id=10778&form=10549&name=list& HTTP/1.1" 200 3418 "http://ed.activities.at/entry.php?id=10704" "Mozilla/5.0 (Windows NT 6.1; WOW64; rv:54.0) Gecko/20100101 Firefox/54.0"
95.143.230.128 - - [10/Jul/2017:15:14:29 +0200] "GET /cache/emu/images/easy-drivers-eisenstadt10287960/sabinemadlencnikjpg_12_16_0.jpg HTTP/1.1" 200 797 "http://ed.activities.at/entry.php?id=10778&form=10549&name=list&" "Mozilla/5.0 (Windows NT 6.1; WOW64; rv:54.0) Gecko/20100101 Firefox/54.0"
95.143.230.128 - - [10/Jul/2017:15:14:29 +0200] "GET /cache/emu/images/easy-drivers-eisenstadt10287961/wernerebenbauerjpg_12_16_0.jpg HTTP/1.1" 200 810 "http://ed.activities.at/entry.php?id=10778&form=10549&name=list&" "Mozilla/5.0 (Windows NT 6.1; WOW64; rv:54.0) Gecko/20100101 Firefox/54.0"
95.143.230.128 - - [10/Jul/2017:15:14:29 +0200] "GET /cache/emu/images/easy-drivers-eisenstadt10287959/madlencnikjpg_11_16_0.jpg HTTP/1.1" 200 790 "http://ed.activities.at/entry.php?id=10778&form=10549&name=list&" "Mozilla/5.0 (Windows NT 6.1; WOW64; rv:54.0) Gecko/20100101 Firefox/54.0"
95.143.230.128 - - [10/Jul/2017:15:14:32 +0200] "GET /entry.php?id=10271&&ser=692412 HTTP/1.1" 200 986 "http://ed.activities.at/entry.php?id=10271&&ser=692352" "Mozilla/5.0 (Windows NT 6.1; WOW64; rv:54.0) Gecko/20100101 Firefox/54.0"
95.143.230.128 - - [10/Jul/2017:15:14:33 +0200] "GET /gui/javascript/form_form.js?1499692473 HTTP/1.1" 200 16206 "http://ed.activities.at/entry.php?id=10271&&ser=692412" "Mozilla/5.0 (Windows NT 6.1; WOW64; rv:54.0) Gecko/20100101 Firefox/54.0"
95.143.230.128 - - [10/Jul/2017:15:14:35 +0200] "GET /entry.php?id=10271&&ser=692414 HTTP/1.1" 200 986 "http://ed.activities.at/entry.php?id=10271&&ser=692353" "Mozilla/5.0 (Windows NT 6.1; WOW64; rv:54.0) Gecko/20100101 Firefox/54.0"
95.143.230.128 - - [10/Jul/2017:15:14:35 +0200] "GET /gui/javascript/form_form.js?1499692475 HTTP/1.1" 200 16206 "http://ed.activities.at/entry.php?id=10271&&ser=692414" "Mozilla/5.0 (Windows NT 6.1; WOW64; rv:54.0) Gecko/20100101 Firefox/54.0"
95.143.230.128 - - [10/Jul/2017:15:14:38 +0200] "GET /entry.php?id=10271&&ser=692418 HTTP/1.1" 200 986 "http://ed.activities.at/entry.php?id=10271&&ser=692358" "Mozilla/5.0 (Windows NT 6.1; WOW64; rv:54.0) Gecko/20100101 Firefox/54.0"
95.143.230.128 - - [10/Jul/2017:15:14:39 +0200] "GET /gui/javascript/form_form.js?1499692479 HTTP/1.1" 200 16206 "http://ed.activities.at/entry.php?id=10271&&ser=692418" "Mozilla/5.0 (Windows NT 6.1; WOW64; rv:54.0) Gecko/20100101 Firefox/54.0"
80.122.130.46 - - [10/Jul/2017:15:14:46 +0200] "GET /entry.php?id=10271&&ser=692425 HTTP/1.1" 200 986 "http://ed.activities.at/entry.php?id=10271&&ser=692364" "Mozilla/5.0 (Windows NT 10.0; Win64; x64) AppleWebKit/537.36 (KHTML, like Gecko) Chrome/51.0.2704.79 Safari/537.36 Edge/14.14393"
80.122.130.46 - - [10/Jul/2017:15:14:46 +0200] "GET /gui/javascript/form_form.js?1499692486 HTTP/1.1" 200 16206 "http://ed.activities.at/entry.php?id=10271&&ser=692425" "Mozilla/5.0 (Windows NT 10.0; Win64; x64) AppleWebKit/537.36 (KHTML, like Gecko) Chrome/51.0.2704.79 Safari/537.36 Edge/14.14393"
95.143.230.128 - - [10/Jul/2017:15:15:10 +0200] "GET /entry.php?id=10271&&ser=692450 HTTP/1.1" 200 986 "http://ed.activities.at/entry.php?id=10271&&ser=692389" "Mozilla/5.0 (Windows NT 6.1; WOW64; rv:54.0) Gecko/20100101 Firefox/54.0"
95.143.230.128 - - [10/Jul/2017:15:15:10 +0200] "GET /gui/javascript/form_form.js?1499692510 HTTP/1.1" 200 16206 "http://ed.activities.at/entry.php?id=10271&&ser=692450" "Mozilla/5.0 (Windows NT 6.1; WOW64; rv:54.0) Gecko/20100101 Firefox/54.0"
95.143.230.128 - - [10/Jul/2017:15:15:15 +0200] "GET /entry.php?id=10271&&ser=692454 HTTP/1.1" 200 987 "http://ed.activities.at/entry.php?id=10271&&ser=692394" "Mozilla/5.0 (Windows NT 6.1; WOW64; rv:54.0) Gecko/20100101 Firefox/54.0"
95.143.230.128 - - [10/Jul/2017:15:15:15 +0200] "GET /gui/javascript/form_form.js?1499692515 HTTP/1.1" 200 16206 "http://ed.activities.at/entry.php?id=10271&&ser=692454" "Mozilla/5.0 (Windows NT 6.1; WOW64; rv:54.0) Gecko/20100101 Firefox/54.0"
80.122.130.46 - - [10/Jul/2017:15:15:28 +0200] "POST /entry.php?id=11671 HTTP/1.1" 200 4754 "http://ed.activities.at/entry.php?id=11671" "Mozilla/5.0 (Windows NT 10.0; Win64; x64) AppleWebKit/537.36 (KHTML, like Gecko) Chrome/51.0.2704.79 Safari/537.36 Edge/14.14393"
80.122.130.46 - - [10/Jul/2017:15:15:29 +0200] "GET /gui/javascript/form_form.js?1499692529 HTTP/1.1" 200 16206 "http://ed.activities.at/entry.php?id=11671" "Mozilla/5.0 (Windows NT 10.0; Win64; x64) AppleWebKit/537.36 (KHTML, like Gecko) Chrome/51.0.2704.79 Safari/537.36 Edge/14.14393"
80.122.130.46 - - [10/Jul/2017:15:15:30 +0200] "GET /entry.php?id=10778&form=11496&name=list& HTTP/1.1" 200 5841 "http://ed.activities.at/entry.php?id=11671" "Mozilla/5.0 (Windows NT 10.0; Win64; x64) AppleWebKit/537.36 (KHTML, like Gecko) Chrome/51.0.2704.79 Safari/537.36 Edge/14.14393"
80.122.130.46 - - [10/Jul/2017:15:15:30 +0200] "GET /entry.php?id=10776&form=11496&name=list& HTTP/1.1" 200 1519 "http://ed.activities.at/entry.php?id=11671" "Mozilla/5.0 (Windows NT 10.0; Win64; x64) AppleWebKit/537.36 (KHTML, like Gecko) Chrome/51.0.2704.79 Safari/537.36 Edge/14.14393"
95.143.230.128 - - [10/Jul/2017:15:15:33 +0200] "GET /entry.php?id=10271&&ser=692473 HTTP/1.1" 200 987 "http://ed.activities.at/entry.php?id=10271&&ser=692412" "Mozilla/5.0 (Windows NT 6.1; WOW64; rv:54.0) Gecko/20100101 Firefox/54.0"
95.143.230.128 - - [10/Jul/2017:15:15:33 +0200] "GET /gui/javascript/form_form.js?1499692533 HTTP/1.1" 200 16206 "http://ed.activities.at/entry.php?id=10271&&ser=692473" "Mozilla/5.0 (Windows NT 6.1; WOW64; rv:54.0) Gecko/20100101 Firefox/54.0"
95.143.230.128 - - [10/Jul/2017:15:15:35 +0200] "GET /entry.php?id=10271&&ser=692475 HTTP/1.1" 200 987 "http://ed.activities.at/entry.php?id=10271&&ser=692414" "Mozilla/5.0 (Windows NT 6.1; WOW64; rv:54.0) Gecko/20100101 Firefox/54.0"
95.143.230.128 - - [10/Jul/2017:15:15:35 +0200] "GET /gui/javascript/form_form.js?1499692535 HTTP/1.1" 200 16206 "http://ed.activities.at/entry.php?id=10271&&ser=692475" "Mozilla/5.0 (Windows NT 6.1; WOW64; rv:54.0) Gecko/20100101 Firefox/54.0"
95.143.230.128 - - [10/Jul/2017:15:15:39 +0200] "GET /entry.php?id=10271&&ser=692479 HTTP/1.1" 200 987 "http://ed.activities.at/entry.php?id=10271&&ser=692418" "Mozilla/5.0 (Windows NT 6.1; WOW64; rv:54.0) Gecko/20100101 Firefox/54.0"
95.143.230.128 - - [10/Jul/2017:15:15:39 +0200] "GET /gui/javascript/form_form.js?1499692539 HTTP/1.1" 200 16206 "http://ed.activities.at/entry.php?id=10271&&ser=692479" "Mozilla/5.0 (Windows NT 6.1; WOW64; rv:54.0) Gecko/20100101 Firefox/54.0"
80.122.130.46 - - [10/Jul/2017:15:15:42 +0200] "GET /gui/javascript/jquery/css/gui-themes/images/ui-bg_flat_80_ece9d8_40x100.png HTTP/1.1" 200 183 "http://ed.activities.at/entry.php?id=11671" "Mozilla/5.0 (Windows NT 10.0; Win64; x64) AppleWebKit/537.36 (KHTML, like Gecko) Chrome/51.0.2704.79 Safari/537.36 Edge/14.14393"
80.122.130.46 - - [10/Jul/2017:15:15:43 +0200] "GET /gui/javascript/jquery/css/gui-themes/images/ui-bg_flat_100_808080_40x100.png HTTP/1.1" 200 209 "http://ed.activities.at/entry.php?id=11671" "Mozilla/5.0 (Windows NT 10.0; Win64; x64) AppleWebKit/537.36 (KHTML, like Gecko) Chrome/51.0.2704.79 Safari/537.36 Edge/14.14393"
80.122.130.46 - - [10/Jul/2017:15:15:47 +0200] "GET /entry.php?id=10271&&ser=692486 HTTP/1.1" 200 987 "http://ed.activities.at/entry.php?id=10271&&ser=692425" "Mozilla/5.0 (Windows NT 10.0; Win64; x64) AppleWebKit/537.36 (KHTML, like Gecko) Chrome/51.0.2704.79 Safari/537.36 Edge/14.14393"
80.122.130.46 - - [10/Jul/2017:15:15:47 +0200] "GET /gui/javascript/form_form.js?1499692547 HTTP/1.1" 200 16206 "http://ed.activities.at/entry.php?id=10271&&ser=692486" "Mozilla/5.0 (Windows NT 10.0; Win64; x64) AppleWebKit/537.36 (KHTML, like Gecko) Chrome/51.0.2704.79 Safari/537.36 Edge/14.14393"
80.122.130.46 - - [10/Jul/2017:15:15:48 +0200] "GET /gui/javascript/jquery/css/gui-themes/images/ui-bg_flat_100_ffffff_40x100.png HTTP/1.1" 200 178 "http://ed.activities.at/entry.php?id=11671" "Mozilla/5.0 (Windows NT 10.0; Win64; x64) AppleWebKit/537.36 (KHTML, like Gecko) Chrome/51.0.2704.79 Safari/537.36 Edge/14.14393"
95.143.230.128 - - [10/Jul/2017:15:16:11 +0200] "GET /entry.php?id=10271&&ser=692510 HTTP/1.1" 200 986 "http://ed.activities.at/entry.php?id=10271&&ser=692450" "Mozilla/5.0 (Windows NT 6.1; WOW64; rv:54.0) Gecko/20100101 Firefox/54.0"
95.143.230.128 - - [10/Jul/2017:15:16:11 +0200] "GET /gui/javascript/form_form.js?1499692571 HTTP/1.1" 200 16206 "http://ed.activities.at/entry.php?id=10271&&ser=692510" "Mozilla/5.0 (Windows NT 6.1; WOW64; rv:54.0) Gecko/20100101 Firefox/54.0"
95.143.230.128 - - [10/Jul/2017:15:16:15 +0200] "GET /entry.php?id=10271&&ser=692515 HTTP/1.1" 200 987 "http://ed.activities.at/entry.php?id=10271&&ser=692454" "Mozilla/5.0 (Windows NT 6.1; WOW64; rv:54.0) Gecko/20100101 Firefox/54.0"
95.143.230.128 - - [10/Jul/2017:15:16:15 +0200] "GET /gui/javascript/form_form.js?1499692575 HTTP/1.1" 200 16206 "http://ed.activities.at/entry.php?id=10271&&ser=692515" "Mozilla/5.0 (Windows NT 6.1; WOW64; rv:54.0) Gecko/20100101 Firefox/54.0"
95.143.230.128 - - [10/Jul/2017:15:16:33 +0200] "GET /entry.php?id=10271&&ser=692533 HTTP/1.1" 200 987 "http://ed.activities.at/entry.php?id=10271&&ser=692473" "Mozilla/5.0 (Windows NT 6.1; WOW64; rv:54.0) Gecko/20100101 Firefox/54.0"
95.143.230.128 - - [10/Jul/2017:15:16:34 +0200] "GET /gui/javascript/form_form.js?1499692594 HTTP/1.1" 200 16206 "http://ed.activities.at/entry.php?id=10271&&ser=692533" "Mozilla/5.0 (Windows NT 6.1; WOW64; rv:54.0) Gecko/20100101 Firefox/54.0"
95.143.230.128 - - [10/Jul/2017:15:16:35 +0200] "GET /entry.php?id=10271&&ser=692535 HTTP/1.1" 200 987 "http://ed.activities.at/entry.php?id=10271&&ser=692475" "Mozilla/5.0 (Windows NT 6.1; WOW64; rv:54.0) Gecko/20100101 Firefox/54.0"
95.143.230.128 - - [10/Jul/2017:15:16:36 +0200] "GET /gui/javascript/form_form.js?1499692596 HTTP/1.1" 200 16206 "http://ed.activities.at/entry.php?id=10271&&ser=692535" "Mozilla/5.0 (Windows NT 6.1; WOW64; rv:54.0) Gecko/20100101 Firefox/54.0"
95.143.230.128 - - [10/Jul/2017:15:16:39 +0200] "GET /entry.php?id=10271&&ser=692539 HTTP/1.1" 200 987 "http://ed.activities.at/entry.php?id=10271&&ser=692479" "Mozilla/5.0 (Windows NT 6.1; WOW64; rv:54.0) Gecko/20100101 Firefox/54.0"
95.143.230.128 - - [10/Jul/2017:15:16:39 +0200] "GET /gui/javascript/form_form.js?1499692599 HTTP/1.1" 200 16206 "http://ed.activities.at/entry.php?id=10271&&ser=692539" "Mozilla/5.0 (Windows NT 6.1; WOW64; rv:54.0) Gecko/20100101 Firefox/54.0"
80.122.130.46 - - [10/Jul/2017:15:16:47 +0200] "GET /entry.php?id=10271&&ser=692547 HTTP/1.1" 200 987 "http://ed.activities.at/entry.php?id=10271&&ser=692486" "Mozilla/5.0 (Windows NT 10.0; Win64; x64) AppleWebKit/537.36 (KHTML, like Gecko) Chrome/51.0.2704.79 Safari/537.36 Edge/14.14393"
80.122.130.46 - - [10/Jul/2017:15:16:47 +0200] "GET /gui/javascript/form_form.js?1499692607 HTTP/1.1" 200 16206 "http://ed.activities.at/entry.php?id=10271&&ser=692547" "Mozilla/5.0 (Windows NT 10.0; Win64; x64) AppleWebKit/537.36 (KHTML, like Gecko) Chrome/51.0.2704.79 Safari/537.36 Edge/14.14393"
80.122.130.46 - - [10/Jul/2017:15:17:04 +0200] "POST /entry.php?id=11671 HTTP/1.1" 200 4967 "http://ed.activities.at/entry.php?id=11671" "Mozilla/5.0 (Windows NT 10.0; Win64; x64) AppleWebKit/537.36 (KHTML, like Gecko) Chrome/51.0.2704.79 Safari/537.36 Edge/14.14393"
80.122.130.46 - - [10/Jul/2017:15:17:06 +0200] "GET /gui/javascript/form_form.js?1499692626 HTTP/1.1" 200 16206 "http://ed.activities.at/entry.php?id=11671" "Mozilla/5.0 (Windows NT 10.0; Win64; x64) AppleWebKit/537.36 (KHTML, like Gecko) Chrome/51.0.2704.79 Safari/537.36 Edge/14.14393"
80.122.130.46 - - [10/Jul/2017:15:17:06 +0200] "GET /entry.php?id=10778&form=11496&name=list& HTTP/1.1" 200 5841 "http://ed.activities.at/entry.php?id=11671" "Mozilla/5.0 (Windows NT 10.0; Win64; x64) AppleWebKit/537.36 (KHTML, like Gecko) Chrome/51.0.2704.79 Safari/537.36 Edge/14.14393"
80.122.130.46 - - [10/Jul/2017:15:17:06 +0200] "GET /entry.php?id=10776&form=11496&name=list& HTTP/1.1" 200 1519 "http://ed.activities.at/entry.php?id=11671" "Mozilla/5.0 (Windows NT 10.0; Win64; x64) AppleWebKit/537.36 (KHTML, like Gecko) Chrome/51.0.2704.79 Safari/537.36 Edge/14.14393"
95.143.230.128 - - [10/Jul/2017:15:17:11 +0200] "GET /entry.php?id=10271&&ser=692571 HTTP/1.1" 200 986 "http://ed.activities.at/entry.php?id=10271&&ser=692510" "Mozilla/5.0 (Windows NT 6.1; WOW64; rv:54.0) Gecko/20100101 Firefox/54.0"
95.143.230.128 - - [10/Jul/2017:15:17:11 +0200] "GET /gui/javascript/form_form.js?1499692631 HTTP/1.1" 200 16206 "http://ed.activities.at/entry.php?id=10271&&ser=692571" "Mozilla/5.0 (Windows NT 6.1; WOW64; rv:54.0) Gecko/20100101 Firefox/54.0"
95.143.230.128 - - [10/Jul/2017:15:17:15 +0200] "GET /entry.php?id=10271&&ser=692575 HTTP/1.1" 200 987 "http://ed.activities.at/entry.php?id=10271&&ser=692515" "Mozilla/5.0 (Windows NT 6.1; WOW64; rv:54.0) Gecko/20100101 Firefox/54.0"
95.143.230.128 - - [10/Jul/2017:15:17:16 +0200] "GET /gui/javascript/form_form.js?1499692636 HTTP/1.1" 200 16206 "http://ed.activities.at/entry.php?id=10271&&ser=692575" "Mozilla/5.0 (Windows NT 6.1; WOW64; rv:54.0) Gecko/20100101 Firefox/54.0"
95.143.230.128 - - [10/Jul/2017:15:17:23 +0200] "GET / HTTP/1.1" 200 382 "-" "Mozilla/5.0 (Windows NT 6.1; WOW64; rv:54.0) Gecko/20100101 Firefox/54.0"
95.143.230.128 - - [10/Jul/2017:15:17:24 +0200] "GET /layout.php HTTP/1.1" 200 910 "http://ed.activities.at/" "Mozilla/5.0 (Windows NT 6.1; WOW64; rv:54.0) Gecko/20100101 Firefox/54.0"
95.143.230.128 - - [10/Jul/2017:15:17:24 +0200] "GET /entry.php?id=10272 HTTP/1.1" 200 1159 "http://ed.activities.at/layout.php" "Mozilla/5.0 (Windows NT 6.1; WOW64; rv:54.0) Gecko/20100101 Firefox/54.0"
95.143.230.128 - - [10/Jul/2017:15:17:24 +0200] "GET /entry.php?id=10273 HTTP/1.1" 200 2014 "http://ed.activities.at/layout.php" "Mozilla/5.0 (Windows NT 6.1; WOW64; rv:54.0) Gecko/20100101 Firefox/54.0"
95.143.230.128 - - [10/Jul/2017:15:17:24 +0200] "GET /entry.php?id=10270 HTTP/1.1" 200 908 "http://ed.activities.at/layout.php" "Mozilla/5.0 (Windows NT 6.1; WOW64; rv:54.0) Gecko/20100101 Firefox/54.0"
95.143.230.128 - - [10/Jul/2017:15:17:24 +0200] "GET /gui/javascript/form_form.js?1499692644 HTTP/1.1" 200 16206 "http://ed.activities.at/entry.php?id=10272" "Mozilla/5.0 (Windows NT 6.1; WOW64; rv:54.0) Gecko/20100101 Firefox/54.0"
95.143.230.128 - - [10/Jul/2017:15:17:24 +0200] "GET /entry.php?id=11412 HTTP/1.1" 200 1765 "http://ed.activities.at/layout.php" "Mozilla/5.0 (Windows NT 6.1; WOW64; rv:54.0) Gecko/20100101 Firefox/54.0"
95.143.230.128 - - [10/Jul/2017:15:17:24 +0200] "GET /framework/webfx/style/toolbar/images/cbback.gif HTTP/1.1" 404 314 "http://ed.activities.at/framework/webfx/style/toolbar/cb2.css" "Mozilla/5.0 (Windows NT 6.1; WOW64; rv:54.0) Gecko/20100101 Firefox/54.0"
95.143.230.128 - - [10/Jul/2017:15:17:24 +0200] "GET /entry.php?id=10271& HTTP/1.1" 200 987 "http://ed.activities.at/entry.php?id=10272" "Mozilla/5.0 (Windows NT 6.1; WOW64; rv:54.0) Gecko/20100101 Firefox/54.0"
95.143.230.128 - - [10/Jul/2017:15:17:24 +0200] "GET /entry.php?id=10270&__app__=10006038 HTTP/1.1" 200 1649 "http://ed.activities.at/entry.php?id=10273" "Mozilla/5.0 (Windows NT 6.1; WOW64; rv:54.0) Gecko/20100101 Firefox/54.0"
95.143.230.128 - - [10/Jul/2017:15:17:24 +0200] "GET /entry.php?id=10287 HTTP/1.1" 200 1877 "http://ed.activities.at/entry.php?id=11412" "Mozilla/5.0 (Windows NT 6.1; WOW64; rv:54.0) Gecko/20100101 Firefox/54.0"
95.143.230.128 - - [10/Jul/2017:15:17:25 +0200] "GET /gui/javascript/form_form.js?1499692645 HTTP/1.1" 200 16206 "http://ed.activities.at/entry.php?id=10270&__app__=10006038" "Mozilla/5.0 (Windows NT 6.1; WOW64; rv:54.0) Gecko/20100101 Firefox/54.0"
95.143.230.128 - - [10/Jul/2017:15:17:25 +0200] "GET /undefined HTTP/1.1" 404 285 "http://ed.activities.at/entry.php?id=10270&__app__=10006038" "Mozilla/5.0 (Windows NT 6.1; WOW64; rv:54.0) Gecko/20100101 Firefox/54.0"
80.122.130.46 - - [10/Jul/2017:15:17:28 +0200] "POST /entry.php?id=11671 HTTP/1.1" 200 3191 "http://ed.activities.at/entry.php?id=11671" "Mozilla/5.0 (Windows NT 10.0; Win64; x64) AppleWebKit/537.36 (KHTML, like Gecko) Chrome/51.0.2704.79 Safari/537.36 Edge/14.14393"
80.122.130.46 - - [10/Jul/2017:15:17:28 +0200] "GET /gui/javascript/form_form.js?1499692648 HTTP/1.1" 200 16206 "http://ed.activities.at/entry.php?id=11671" "Mozilla/5.0 (Windows NT 10.0; Win64; x64) AppleWebKit/537.36 (KHTML, like Gecko) Chrome/51.0.2704.79 Safari/537.36 Edge/14.14393"
80.122.130.46 - - [10/Jul/2017:15:17:28 +0200] "GET /framework/webfx/javascript/tinymce/tinyEdit.js HTTP/1.1" 200 1251 "http://ed.activities.at/entry.php?id=11671" "Mozilla/5.0 (Windows NT 10.0; Win64; x64) AppleWebKit/537.36 (KHTML, like Gecko) Chrome/51.0.2704.79 Safari/537.36 Edge/14.14393"
95.143.230.128 - - [10/Jul/2017:15:17:28 +0200] "GET / HTTP/1.1" 200 382 "-" "Mozilla/5.0 (Windows NT 6.1; WOW64; rv:54.0) Gecko/20100101 Firefox/54.0"
80.122.130.46 - - [10/Jul/2017:15:17:28 +0200] "GET /framework/webfx/javascript/tinymce/tinymce.min.js HTTP/1.1" 200 101898 "http://ed.activities.at/entry.php?id=11671" "Mozilla/5.0 (Windows NT 10.0; Win64; x64) AppleWebKit/537.36 (KHTML, like Gecko) Chrome/51.0.2704.79 Safari/537.36 Edge/14.14393"
95.143.230.128 - - [10/Jul/2017:15:17:29 +0200] "GET /layout.php HTTP/1.1" 200 910 "http://ed.activities.at/" "Mozilla/5.0 (Windows NT 6.1; WOW64; rv:54.0) Gecko/20100101 Firefox/54.0"
80.122.130.46 - - [10/Jul/2017:15:17:29 +0200] "GET /framework/webfx/javascript/tinymce/themes/modern/theme.min.js HTTP/1.1" 200 2636 "http://ed.activities.at/entry.php?id=11671" "Mozilla/5.0 (Windows NT 10.0; Win64; x64) AppleWebKit/537.36 (KHTML, like Gecko) Chrome/51.0.2704.79 Safari/537.36 Edge/14.14393"
80.122.130.46 - - [10/Jul/2017:15:17:29 +0200] "GET /framework/webfx/javascript/tinymce/langs/de.js HTTP/1.1" 200 3001 "http://ed.activities.at/entry.php?id=11671" "Mozilla/5.0 (Windows NT 10.0; Win64; x64) AppleWebKit/537.36 (KHTML, like Gecko) Chrome/51.0.2704.79 Safari/537.36 Edge/14.14393"
80.122.130.46 - - [10/Jul/2017:15:17:29 +0200] "GET /framework/webfx/javascript/tinymce/plugins/advlist/plugin.min.js HTTP/1.1" 200 613 "http://ed.activities.at/entry.php?id=11671" "Mozilla/5.0 (Windows NT 10.0; Win64; x64) AppleWebKit/537.36 (KHTML, like Gecko) Chrome/51.0.2704.79 Safari/537.36 Edge/14.14393"
80.122.130.46 - - [10/Jul/2017:15:17:29 +0200] "GET /framework/webfx/javascript/tinymce/plugins/preview/plugin.min.js HTTP/1.1" 200 734 "http://ed.activities.at/entry.php?id=11671" "Mozilla/5.0 (Windows NT 10.0; Win64; x64) AppleWebKit/537.36 (KHTML, like Gecko) Chrome/51.0.2704.79 Safari/537.36 Edge/14.14393"
80.122.130.46 - - [10/Jul/2017:15:17:29 +0200] "GET /framework/webfx/javascript/tinymce/plugins/lists/plugin.min.js HTTP/1.1" 200 2642 "http://ed.activities.at/entry.php?id=11671" "Mozilla/5.0 (Windows NT 10.0; Win64; x64) AppleWebKit/537.36 (KHTML, like Gecko) Chrome/51.0.2704.79 Safari/537.36 Edge/14.14393"
80.122.130.46 - - [10/Jul/2017:15:17:29 +0200] "GET /framework/webfx/javascript/tinymce/plugins/hr/plugin.min.js HTTP/1.1" 200 191 "http://ed.activities.at/entry.php?id=11671" "Mozilla/5.0 (Windows NT 10.0; Win64; x64) AppleWebKit/537.36 (KHTML, like Gecko) Chrome/51.0.2704.79 Safari/537.36 Edge/14.14393"
80.122.130.46 - - [10/Jul/2017:15:17:29 +0200] "GET /framework/webfx/javascript/tinymce/plugins/anchor/plugin.min.js HTTP/1.1" 200 338 "http://ed.activities.at/entry.php?id=11671" "Mozilla/5.0 (Windows NT 10.0; Win64; x64) AppleWebKit/537.36 (KHTML, like Gecko) Chrome/51.0.2704.79 Safari/537.36 Edge/14.14393"
80.122.130.46 - - [10/Jul/2017:15:17:29 +0200] "GET /framework/webfx/javascript/tinymce/plugins/pagebreak/plugin.min.js HTTP/1.1" 200 636 "http://ed.activities.at/entry.php?id=11671" "Mozilla/5.0 (Windows NT 10.0; Win64; x64) AppleWebKit/537.36 (KHTML, like Gecko) Chrome/51.0.2704.79 Safari/537.36 Edge/14.14393"
80.122.130.46 - - [10/Jul/2017:15:17:29 +0200] "GET /framework/webfx/javascript/tinymce/plugins/searchreplace/plugin.min.js HTTP/1.1" 200 2568 "http://ed.activities.at/entry.php?id=11671" "Mozilla/5.0 (Windows NT 10.0; Win64; x64) AppleWebKit/537.36 (KHTML, like Gecko) Chrome/51.0.2704.79 Safari/537.36 Edge/14.14393"
80.122.130.46 - - [10/Jul/2017:15:17:29 +0200] "GET /framework/webfx/javascript/tinymce/plugins/wordcount/plugin.min.js HTTP/1.1" 200 524 "http://ed.activities.at/entry.php?id=11671" "Mozilla/5.0 (Windows NT 10.0; Win64; x64) AppleWebKit/537.36 (KHTML, like Gecko) Chrome/51.0.2704.79 Safari/537.36 Edge/14.14393"
80.122.130.46 - - [10/Jul/2017:15:17:29 +0200] "GET /framework/webfx/javascript/tinymce/plugins/visualblocks/plugin.min.js HTTP/1.1" 200 523 "http://ed.activities.at/entry.php?id=11671" "Mozilla/5.0 (Windows NT 10.0; Win64; x64) AppleWebKit/537.36 (KHTML, like Gecko) Chrome/51.0.2704.79 Safari/537.36 Edge/14.14393"
80.122.130.46 - - [10/Jul/2017:15:17:29 +0200] "GET /framework/webfx/javascript/tinymce/plugins/visualchars/plugin.min.js HTTP/1.1" 200 602 "http://ed.activities.at/entry.php?id=11671" "Mozilla/5.0 (Windows NT 10.0; Win64; x64) AppleWebKit/537.36 (KHTML, like Gecko) Chrome/51.0.2704.79 Safari/537.36 Edge/14.14393"
95.143.230.128 - - [10/Jul/2017:15:17:29 +0200] "GET /entry.php?id=10270 HTTP/1.1" 200 909 "http://ed.activities.at/layout.php" "Mozilla/5.0 (Windows NT 6.1; WOW64; rv:54.0) Gecko/20100101 Firefox/54.0"
95.143.230.128 - - [10/Jul/2017:15:17:29 +0200] "GET /entry.php?id=10273 HTTP/1.1" 200 2014 "http://ed.activities.at/layout.php" "Mozilla/5.0 (Windows NT 6.1; WOW64; rv:54.0) Gecko/20100101 Firefox/54.0"
95.143.230.128 - - [10/Jul/2017:15:17:29 +0200] "GET /entry.php?id=10272 HTTP/1.1" 200 1159 "http://ed.activities.at/layout.php" "Mozilla/5.0 (Windows NT 6.1; WOW64; rv:54.0) Gecko/20100101 Firefox/54.0"
80.122.130.46 - - [10/Jul/2017:15:17:29 +0200] "GET /framework/webfx/javascript/tinymce/plugins/nonbreaking/plugin.min.js HTTP/1.1" 200 371 "http://ed.activities.at/entry.php?id=11671" "Mozilla/5.0 (Windows NT 10.0; Win64; x64) AppleWebKit/537.36 (KHTML, like Gecko) Chrome/51.0.2704.79 Safari/537.36 Edge/14.14393"
80.122.130.46 - - [10/Jul/2017:15:17:29 +0200] "GET /framework/webfx/javascript/tinymce/plugins/template/plugin.min.js HTTP/1.1" 200 1703 "http://ed.activities.at/entry.php?id=11671" "Mozilla/5.0 (Windows NT 10.0; Win64; x64) AppleWebKit/537.36 (KHTML, like Gecko) Chrome/51.0.2704.79 Safari/537.36 Edge/14.14393"
80.122.130.46 - - [10/Jul/2017:15:17:29 +0200] "GET /framework/webfx/javascript/tinymce/plugins/textcolor/plugin.min.js HTTP/1.1" 200 1636 "http://ed.activities.at/entry.php?id=11671" "Mozilla/5.0 (Windows NT 10.0; Win64; x64) AppleWebKit/537.36 (KHTML, like Gecko) Chrome/51.0.2704.79 Safari/537.36 Edge/14.14393"
95.143.230.128 - - [10/Jul/2017:15:17:29 +0200] "GET /gui/javascript/form_form.js?1499692649 HTTP/1.1" 200 16206 "http://ed.activities.at/entry.php?id=10270" "Mozilla/5.0 (Windows NT 6.1; WOW64; rv:54.0) Gecko/20100101 Firefox/54.0"
80.122.130.46 - - [10/Jul/2017:15:17:29 +0200] "GET /framework/webfx/javascript/tinymce/plugins/paste/plugin.min.js HTTP/1.1" 200 6164 "http://ed.activities.at/entry.php?id=11671" "Mozilla/5.0 (Windows NT 10.0; Win64; x64) AppleWebKit/537.36 (KHTML, like Gecko) Chrome/51.0.2704.79 Safari/537.36 Edge/14.14393"
80.122.130.46 - - [10/Jul/2017:15:17:29 +0200] "GET /framework/webfx/javascript/tinymce/plugins/colorpicker/plugin.min.js HTTP/1.1" 200 613 "http://ed.activities.at/entry.php?id=11671" "Mozilla/5.0 (Windows NT 10.0; Win64; x64) AppleWebKit/537.36 (KHTML, like Gecko) Chrome/51.0.2704.79 Safari/537.36 Edge/14.14393"
95.143.230.128 - - [10/Jul/2017:15:17:29 +0200] "GET /entry.php?id=11412 HTTP/1.1" 200 1765 "http://ed.activities.at/layout.php" "Mozilla/5.0 (Windows NT 6.1; WOW64; rv:54.0) Gecko/20100101 Firefox/54.0"
80.122.130.46 - - [10/Jul/2017:15:17:29 +0200] "GET /framework/webfx/javascript/tinymce/skins/lightgray/skin.min.css HTTP/1.1" 200 6110 "http://ed.activities.at/entry.php?id=11671" "Mozilla/5.0 (Windows NT 10.0; Win64; x64) AppleWebKit/537.36 (KHTML, like Gecko) Chrome/51.0.2704.79 Safari/537.36 Edge/14.14393"
80.122.130.46 - - [10/Jul/2017:15:17:29 +0200] "GET /framework/webfx/javascript/tinymce/skins/lightgray/content.min.css HTTP/1.1" 404 327 "http://ed.activities.at/entry.php?id=11671" "Mozilla/5.0 (Windows NT 10.0; Win64; x64) AppleWebKit/537.36 (KHTML, like Gecko) Chrome/51.0.2704.79 Safari/537.36 Edge/14.14393"
80.122.130.46 - - [10/Jul/2017:15:17:29 +0200] "GET /framework/webfx/javascript/tinymce/skins/lightgray/fonts/tinymce.woff HTTP/1.1" 200 7664 "http://ed.activities.at/entry.php?id=11671" "Mozilla/5.0 (Windows NT 10.0; Win64; x64) AppleWebKit/537.36 (KHTML, like Gecko) Chrome/51.0.2704.79 Safari/537.36 Edge/14.14393"
80.122.130.46 - - [10/Jul/2017:15:17:29 +0200] "GET /framework/webfx/javascript/tinymce/skins/lightgray/fonts/tinymce-small.woff HTTP/1.1" 200 7848 "http://ed.activities.at/entry.php?id=11671" "Mozilla/5.0 (Windows NT 10.0; Win64; x64) AppleWebKit/537.36 (KHTML, like Gecko) Chrome/51.0.2704.79 Safari/537.36 Edge/14.14393"
95.143.230.128 - - [10/Jul/2017:15:17:30 +0200] "GET /framework/webfx/style/toolbar/images/cbback.gif HTTP/1.1" 404 314 "http://ed.activities.at/framework/webfx/style/toolbar/cb2.css" "Mozilla/5.0 (Windows NT 6.1; WOW64; rv:54.0) Gecko/20100101 Firefox/54.0"
95.143.230.128 - - [10/Jul/2017:15:17:29 +0200] "GET /entry.php?id=10271& HTTP/1.1" 200 987 "http://ed.activities.at/entry.php?id=10272" "Mozilla/5.0 (Windows NT 6.1; WOW64; rv:54.0) Gecko/20100101 Firefox/54.0"
95.143.230.128 - - [10/Jul/2017:15:17:30 +0200] "GET /gui/javascript/form_form.js?1499692650 HTTP/1.1" 200 16206 "http://ed.activities.at/entry.php?id=10271&" "Mozilla/5.0 (Windows NT 6.1; WOW64; rv:54.0) Gecko/20100101 Firefox/54.0"
95.143.230.128 - - [10/Jul/2017:15:17:29 +0200] "GET /entry.php?id=10270&__app__=10006038 HTTP/1.1" 200 1649 "http://ed.activities.at/entry.php?id=10273" "Mozilla/5.0 (Windows NT 6.1; WOW64; rv:54.0) Gecko/20100101 Firefox/54.0"
95.143.230.128 - - [10/Jul/2017:15:17:30 +0200] "GET /entry.php?id=10287 HTTP/1.1" 200 1878 "http://ed.activities.at/entry.php?id=11412" "Mozilla/5.0 (Windows NT 6.1; WOW64; rv:54.0) Gecko/20100101 Firefox/54.0"
95.143.230.128 - - [10/Jul/2017:15:17:30 +0200] "GET /undefined HTTP/1.1" 404 285 "http://ed.activities.at/entry.php?id=10270&__app__=10006038" "Mozilla/5.0 (Windows NT 6.1; WOW64; rv:54.0) Gecko/20100101 Firefox/54.0"
95.143.230.128 - - [10/Jul/2017:15:17:34 +0200] "GET /entry.php?id=10271&&ser=692594 HTTP/1.1" 200 987 "http://ed.activities.at/entry.php?id=10271&&ser=692533" "Mozilla/5.0 (Windows NT 6.1; WOW64; rv:54.0) Gecko/20100101 Firefox/54.0"
95.143.230.128 - - [10/Jul/2017:15:17:34 +0200] "GET /gui/javascript/form_form.js?1499692654 HTTP/1.1" 200 16206 "http://ed.activities.at/entry.php?id=10271&&ser=692594" "Mozilla/5.0 (Windows NT 6.1; WOW64; rv:54.0) Gecko/20100101 Firefox/54.0"
95.143.230.128 - - [10/Jul/2017:15:17:34 +0200] "GET /entry.php?id=11681 HTTP/1.1" 200 328 "http://ed.activities.at/entry.php?id=10270&__app__=10006038" "Mozilla/5.0 (Windows NT 6.1; WOW64; rv:54.0) Gecko/20100101 Firefox/54.0"
95.143.230.128 - - [10/Jul/2017:15:17:34 +0200] "GET /entry.php?id=10676&&title=Contentverwaltung HTTP/1.1" 200 1392 "http://ed.activities.at/entry.php?id=11681" "Mozilla/5.0 (Windows NT 6.1; WOW64; rv:54.0) Gecko/20100101 Firefox/54.0"
95.143.230.128 - - [10/Jul/2017:15:17:35 +0200] "GET /gui/javascript/form_form.js?1499692655 HTTP/1.1" 200 16206 "http://ed.activities.at/entry.php?id=10676&&title=Contentverwaltung" "Mozilla/5.0 (Windows NT 6.1; WOW64; rv:54.0) Gecko/20100101 Firefox/54.0"
95.143.230.128 - - [10/Jul/2017:15:17:34 +0200] "GET /entry.php?id=11684& HTTP/1.1" 200 3805 "http://ed.activities.at/entry.php?id=11681" "Mozilla/5.0 (Windows NT 6.1; WOW64; rv:54.0) Gecko/20100101 Firefox/54.0"
95.143.230.128 - - [10/Jul/2017:15:17:34 +0200] "GET /entry.php?id=11683& HTTP/1.1" 200 2623 "http://ed.activities.at/entry.php?id=11681" "Mozilla/5.0 (Windows NT 6.1; WOW64; rv:54.0) Gecko/20100101 Firefox/54.0"
95.143.230.128 - - [10/Jul/2017:15:17:35 +0200] "GET /entry.php?id=10778&form=11508&name=list& HTTP/1.1" 200 2617 "http://ed.activities.at/entry.php?id=11683&" "Mozilla/5.0 (Windows NT 6.1; WOW64; rv:54.0) Gecko/20100101 Firefox/54.0"
95.143.230.128 - - [10/Jul/2017:15:17:35 +0200] "GET /entry.php?id=10776&form=11508&name=list& HTTP/1.1" 200 1851 "http://ed.activities.at/entry.php?id=11683&" "Mozilla/5.0 (Windows NT 6.1; WOW64; rv:54.0) Gecko/20100101 Firefox/54.0"
95.143.230.128 - - [10/Jul/2017:15:17:36 +0200] "GET /entry.php?id=10271&&ser=692596 HTTP/1.1" 200 987 "http://ed.activities.at/entry.php?id=10271&&ser=692535" "Mozilla/5.0 (Windows NT 6.1; WOW64; rv:54.0) Gecko/20100101 Firefox/54.0"
95.143.230.128 - - [10/Jul/2017:15:17:36 +0200] "GET /gui/javascript/form_form.js?1499692656 HTTP/1.1" 200 16206 "http://ed.activities.at/entry.php?id=10271&&ser=692596" "Mozilla/5.0 (Windows NT 6.1; WOW64; rv:54.0) Gecko/20100101 Firefox/54.0"
95.143.230.128 - - [10/Jul/2017:15:17:39 +0200] "GET /entry.php?id=11674 HTTP/1.1" 200 321 "http://ed.activities.at/entry.php?id=10270&__app__=10006038" "Mozilla/5.0 (Windows NT 6.1; WOW64; rv:54.0) Gecko/20100101 Firefox/54.0"
95.143.230.128 - - [10/Jul/2017:15:17:39 +0200] "GET /entry.php?id=10676&&title=Aktionen HTTP/1.1" 200 1388 "http://ed.activities.at/entry.php?id=11674" "Mozilla/5.0 (Windows NT 6.1; WOW64; rv:54.0) Gecko/20100101 Firefox/54.0"
95.143.230.128 - - [10/Jul/2017:15:17:39 +0200] "GET /gui/javascript/form_form.js?1499692659 HTTP/1.1" 200 16206 "http://ed.activities.at/entry.php?id=10676&&title=Aktionen" "Mozilla/5.0 (Windows NT 6.1; WOW64; rv:54.0) Gecko/20100101 Firefox/54.0"
95.143.230.128 - - [10/Jul/2017:15:17:39 +0200] "GET /entry.php?id=11676& HTTP/1.1" 200 4385 "http://ed.activities.at/entry.php?id=11674" "Mozilla/5.0 (Windows NT 6.1; WOW64; rv:54.0) Gecko/20100101 Firefox/54.0"
95.143.230.128 - - [10/Jul/2017:15:17:39 +0200] "GET /entry.php?id=11675& HTTP/1.1" 200 2692 "http://ed.activities.at/entry.php?id=11674" "Mozilla/5.0 (Windows NT 6.1; WOW64; rv:54.0) Gecko/20100101 Firefox/54.0"
95.143.230.128 - - [10/Jul/2017:15:17:40 +0200] "GET /gui/javascript/form_form.js?1499692660 HTTP/1.1" 200 16206 "http://ed.activities.at/entry.php?id=11675&" "Mozilla/5.0 (Windows NT 6.1; WOW64; rv:54.0) Gecko/20100101 Firefox/54.0"
95.143.230.128 - - [10/Jul/2017:15:17:40 +0200] "GET /entry.php?id=10271&&ser=692599 HTTP/1.1" 200 987 "http://ed.activities.at/entry.php?id=10271&&ser=692539" "Mozilla/5.0 (Windows NT 6.1; WOW64; rv:54.0) Gecko/20100101 Firefox/54.0"
95.143.230.128 - - [10/Jul/2017:15:17:40 +0200] "GET /entry.php?id=10778&form=11500&name=list& HTTP/1.1" 200 3371 "http://ed.activities.at/entry.php?id=11675&" "Mozilla/5.0 (Windows NT 6.1; WOW64; rv:54.0) Gecko/20100101 Firefox/54.0"
95.143.230.128 - - [10/Jul/2017:15:17:40 +0200] "GET /entry.php?id=10776&form=11500&name=list& HTTP/1.1" 200 2450 "http://ed.activities.at/entry.php?id=11675&" "Mozilla/5.0 (Windows NT 6.1; WOW64; rv:54.0) Gecko/20100101 Firefox/54.0"
95.143.230.128 - - [10/Jul/2017:15:17:42 +0200] "GET /entry.php?id=11673 HTTP/1.1" 200 358 "http://ed.activities.at/entry.php?id=10270&__app__=10006038" "Mozilla/5.0 (Windows NT 6.1; WOW64; rv:54.0) Gecko/20100101 Firefox/54.0"
95.143.230.128 - - [10/Jul/2017:15:17:42 +0200] "GET /entry.php?id=10676&&title=F%FChrerscheinkurse HTTP/1.1" 200 1396 "http://ed.activities.at/entry.php?id=11673" "Mozilla/5.0 (Windows NT 6.1; WOW64; rv:54.0) Gecko/20100101 Firefox/54.0"
95.143.230.128 - - [10/Jul/2017:15:17:43 +0200] "GET /gui/javascript/form_form.js?1499692663 HTTP/1.1" 200 16206 "http://ed.activities.at/entry.php?id=10676&&title=F%FChrerscheinkurse" "Mozilla/5.0 (Windows NT 6.1; WOW64; rv:54.0) Gecko/20100101 Firefox/54.0"
95.143.230.128 - - [10/Jul/2017:15:17:42 +0200] "GET /entry.php?id=11672& HTTP/1.1" 200 2692 "http://ed.activities.at/entry.php?id=11673" "Mozilla/5.0 (Windows NT 6.1; WOW64; rv:54.0) Gecko/20100101 Firefox/54.0"
95.143.230.128 - - [10/Jul/2017:15:17:42 +0200] "GET /entry.php?id=11694& HTTP/1.1" 200 3333 "http://ed.activities.at/entry.php?id=11673" "Mozilla/5.0 (Windows NT 6.1; WOW64; rv:54.0) Gecko/20100101 Firefox/54.0"
95.143.230.128 - - [10/Jul/2017:15:17:44 +0200] "GET /activities/framework/KoolControls/KoolAjax/koolajax.php?8436e354c842500aba3cbaf0584c0c24 HTTP/1.1" 200 4079 "http://ed.activities.at/entry.php?id=11694&" "Mozilla/5.0 (Windows NT 6.1; WOW64; rv:54.0) Gecko/20100101 Firefox/54.0"
95.143.230.128 - - [10/Jul/2017:15:17:44 +0200] "GET /gui/javascript/form_form.js?1499692664 HTTP/1.1" 200 16206 "http://ed.activities.at/entry.php?id=11694&" "Mozilla/5.0 (Windows NT 6.1; WOW64; rv:54.0) Gecko/20100101 Firefox/54.0"
95.143.230.128 - - [10/Jul/2017:15:17:44 +0200] "GET /activities/framework/KoolControls/KoolTreeView/kooltreeview.php?c7cd9180e88ffef8e70f13526bb4f5f7 HTTP/1.1" 200 5055 "http://ed.activities.at/entry.php?id=11694&" "Mozilla/5.0 (Windows NT 6.1; WOW64; rv:54.0) Gecko/20100101 Firefox/54.0"
95.143.230.128 - - [10/Jul/2017:15:17:42 +0200] "GET /entry.php?id=11671& HTTP/1.1" 200 4539 "http://ed.activities.at/entry.php?id=11673" "Mozilla/5.0 (Windows NT 6.1; WOW64; rv:54.0) Gecko/20100101 Firefox/54.0"
95.143.230.128 - - [10/Jul/2017:15:17:43 +0200] "GET /entry.php?id=10778&form=11497&name=list& HTTP/1.1" 200 10183 "http://ed.activities.at/entry.php?id=11672&" "Mozilla/5.0 (Windows NT 6.1; WOW64; rv:54.0) Gecko/20100101 Firefox/54.0"
95.143.230.128 - - [10/Jul/2017:15:17:43 +0200] "GET /entry.php?id=10776&form=11497&name=list& HTTP/1.1" 200 1943 "http://ed.activities.at/entry.php?id=11672&" "Mozilla/5.0 (Windows NT 6.1; WOW64; rv:54.0) Gecko/20100101 Firefox/54.0"
95.143.230.128 - - [10/Jul/2017:15:17:44 +0200] "GET /entry.php?id=10776&form=11496&name=list& HTTP/1.1" 200 1526 "http://ed.activities.at/entry.php?id=11671&" "Mozilla/5.0 (Windows NT 6.1; WOW64; rv:54.0) Gecko/20100101 Firefox/54.0"
95.143.230.128 - - [10/Jul/2017:15:17:44 +0200] "GET /entry.php?id=10778&form=11496&name=list& HTTP/1.1" 200 2493 "http://ed.activities.at/entry.php?id=11671&" "Mozilla/5.0 (Windows NT 6.1; WOW64; rv:54.0) Gecko/20100101 Firefox/54.0"
80.122.130.46 - - [10/Jul/2017:15:17:48 +0200] "GET /entry.php?id=10271&&ser=692607 HTTP/1.1" 200 987 "http://ed.activities.at/entry.php?id=10271&&ser=692547" "Mozilla/5.0 (Windows NT 10.0; Win64; x64) AppleWebKit/537.36 (KHTML, like Gecko) Chrome/51.0.2704.79 Safari/537.36 Edge/14.14393"
80.122.130.46 - - [10/Jul/2017:15:17:48 +0200] "GET /gui/javascript/form_form.js?1499692668 HTTP/1.1" 200 16206 "http://ed.activities.at/entry.php?id=10271&&ser=692607" "Mozilla/5.0 (Windows NT 10.0; Win64; x64) AppleWebKit/537.36 (KHTML, like Gecko) Chrome/51.0.2704.79 Safari/537.36 Edge/14.14393"
95.143.230.128 - - [10/Jul/2017:15:17:48 +0200] "GET /entry.php?id=11679 HTTP/1.1" 200 312 "http://ed.activities.at/entry.php?id=10270&__app__=10006038" "Mozilla/5.0 (Windows NT 6.1; WOW64; rv:54.0) Gecko/20100101 Firefox/54.0"
95.143.230.128 - - [10/Jul/2017:15:17:48 +0200] "GET /entry.php?id=10676&title=Portal& HTTP/1.1" 200 1387 "http://ed.activities.at/entry.php?id=11679" "Mozilla/5.0 (Windows NT 6.1; WOW64; rv:54.0) Gecko/20100101 Firefox/54.0"
95.143.230.128 - - [10/Jul/2017:15:17:49 +0200] "GET /gui/javascript/form_form.js?1499692669 HTTP/1.1" 200 16206 "http://ed.activities.at/entry.php?id=10676&title=Portal&" "Mozilla/5.0 (Windows NT 6.1; WOW64; rv:54.0) Gecko/20100101 Firefox/54.0"
95.143.230.128 - - [10/Jul/2017:15:17:48 +0200] "GET /entry.php?id=11677& HTTP/1.1" 200 4374 "http://ed.activities.at/entry.php?id=11679" "Mozilla/5.0 (Windows NT 6.1; WOW64; rv:54.0) Gecko/20100101 Firefox/54.0"
95.143.230.128 - - [10/Jul/2017:15:17:48 +0200] "GET /entry.php?id=11678& HTTP/1.1" 200 3050 "http://ed.activities.at/entry.php?id=11679" "Mozilla/5.0 (Windows NT 6.1; WOW64; rv:54.0) Gecko/20100101 Firefox/54.0"
95.143.230.128 - - [10/Jul/2017:15:17:49 +0200] "GET /activities/framework/KoolControls/KoolAjax/koolajax.php?8436e354c842500aba3cbaf0584c0c24 HTTP/1.1" 200 4079 "http://ed.activities.at/entry.php?id=11678&" "Mozilla/5.0 (Windows NT 6.1; WOW64; rv:54.0) Gecko/20100101 Firefox/54.0"
95.143.230.128 - - [10/Jul/2017:15:17:49 +0200] "GET /activities/framework/KoolControls/KoolTreeView/kooltreeview.php?c7cd9180e88ffef8e70f13526bb4f5f7 HTTP/1.1" 200 5055 "http://ed.activities.at/entry.php?id=11678&" "Mozilla/5.0 (Windows NT 6.1; WOW64; rv:54.0) Gecko/20100101 Firefox/54.0"
95.143.230.128 - - [10/Jul/2017:15:17:49 +0200] "GET /entry.php?id=11618&&object=&item=&emu_class= HTTP/1.1" 200 1699 "http://ed.activities.at/entry.php?id=11677&" "Mozilla/5.0 (Windows NT 6.1; WOW64; rv:54.0) Gecko/20100101 Firefox/54.0"
95.143.230.128 - - [10/Jul/2017:15:17:49 +0200] "POST /entry.php?id=11677 HTTP/1.1" 200 4415 "http://ed.activities.at/entry.php?id=11677&" "Mozilla/5.0 (Windows NT 6.1; WOW64; rv:54.0) Gecko/20100101 Firefox/54.0"
95.143.230.128 - - [10/Jul/2017:15:17:50 +0200] "GET /gui/javascript/form_form.js?1499692670 HTTP/1.1" 200 16206 "http://ed.activities.at/entry.php?id=11677" "Mozilla/5.0 (Windows NT 6.1; WOW64; rv:54.0) Gecko/20100101 Firefox/54.0"
95.143.230.128 - - [10/Jul/2017:15:17:50 +0200] "POST /entry.php?id=11677 HTTP/1.1" 200 4414 "http://ed.activities.at/entry.php?id=11677" "Mozilla/5.0 (Windows NT 6.1; WOW64; rv:54.0) Gecko/20100101 Firefox/54.0"
95.143.230.128 - - [10/Jul/2017:15:17:51 +0200] "GET /gui/javascript/form_form.js?1499692671 HTTP/1.1" 200 16206 "http://ed.activities.at/entry.php?id=11677" "Mozilla/5.0 (Windows NT 6.1; WOW64; rv:54.0) Gecko/20100101 Firefox/54.0"
95.143.230.128 - - [10/Jul/2017:15:17:52 +0200] "POST /entry.php?id=11677 HTTP/1.1" 200 3219 "http://ed.activities.at/entry.php?id=11677" "Mozilla/5.0 (Windows NT 6.1; WOW64; rv:54.0) Gecko/20100101 Firefox/54.0"
95.143.230.128 - - [10/Jul/2017:15:17:52 +0200] "GET /gui/javascript/form_form.js?1499692672 HTTP/1.1" 200 16206 "http://ed.activities.at/entry.php?id=11677" "Mozilla/5.0 (Windows NT 6.1; WOW64; rv:54.0) Gecko/20100101 Firefox/54.0"
95.143.230.128 - - [10/Jul/2017:15:17:53 +0200] "GET /entry.php?id=10776&form=11502&name=list& HTTP/1.1" 200 1475 "http://ed.activities.at/entry.php?id=11677" "Mozilla/5.0 (Windows NT 6.1; WOW64; rv:54.0) Gecko/20100101 Firefox/54.0"
