95.143.230.128 - - [10/Jul/2017:16:49:35 +0200] "GET /gui/javascript/form_form.js?1499698175 HTTP/1.1" 200 16206 "http://ed.activities.at/entry.php?id=11677" "Mozilla/5.0 (Windows NT 6.1; WOW64; rv:54.0) Gecko/20100101 Firefox/54.0"
212.108.43.59 - - [10/Jul/2017:16:50:07 +0200] "GET /entry.php?id=10271&&ser=698146 HTTP/1.1" 200 986 "http://ed.activities.at/entry.php?id=10271&&ser=698085" "Mozilla/5.0 (Windows NT 10.0; Win64; x64) AppleWebKit/537.36 (KHTML, like Gecko) Chrome/59.0.3071.115 Safari/537.36"
212.108.43.59 - - [10/Jul/2017:16:50:07 +0200] "GET /gui/javascript/form_form.js?1499698207 HTTP/1.1" 200 16206 "http://ed.activities.at/entry.php?id=10271&&ser=698146" "Mozilla/5.0 (Windows NT 10.0; Win64; x64) AppleWebKit/537.36 (KHTML, like Gecko) Chrome/59.0.3071.115 Safari/537.36"
95.143.230.128 - - [10/Jul/2017:16:50:13 +0200] "POST /entry.php?id=11677 HTTP/1.1" 200 5062 "http://ed.activities.at/entry.php?id=11677" "Mozilla/5.0 (Windows NT 6.1; WOW64; rv:54.0) Gecko/20100101 Firefox/54.0"
95.143.230.128 - - [10/Jul/2017:16:50:14 +0200] "GET /gui/javascript/form_form.js?1499698214 HTTP/1.1" 200 16206 "http://ed.activities.at/entry.php?id=11677" "Mozilla/5.0 (Windows NT 6.1; WOW64; rv:54.0) Gecko/20100101 Firefox/54.0"
95.143.230.128 - - [10/Jul/2017:16:50:14 +0200] "GET /entry.php?id=11618&&object=&item=10290102&emu_class= HTTP/1.1" 200 1710 "http://ed.activities.at/entry.php?id=11677" "Mozilla/5.0 (Windows NT 6.1; WOW64; rv:54.0) Gecko/20100101 Firefox/54.0"
95.143.230.128 - - [10/Jul/2017:16:50:15 +0200] "POST /entry.php?id=11677 HTTP/1.1" 200 5091 "http://ed.activities.at/entry.php?id=11677" "Mozilla/5.0 (Windows NT 6.1; WOW64; rv:54.0) Gecko/20100101 Firefox/54.0"
95.143.230.128 - - [10/Jul/2017:16:50:16 +0200] "GET /gui/javascript/form_form.js?1499698216 HTTP/1.1" 200 16206 "http://ed.activities.at/entry.php?id=11677" "Mozilla/5.0 (Windows NT 6.1; WOW64; rv:54.0) Gecko/20100101 Firefox/54.0"
95.143.230.128 - - [10/Jul/2017:16:50:26 +0200] "GET /entry.php?id=10271&&ser=698166 HTTP/1.1" 200 986 "http://ed.activities.at/entry.php?id=10271&&ser=698106" "Mozilla/5.0 (Windows NT 6.1; WOW64; rv:54.0) Gecko/20100101 Firefox/54.0"
95.143.230.128 - - [10/Jul/2017:16:50:27 +0200] "GET /gui/javascript/form_form.js?1499698227 HTTP/1.1" 200 16206 "http://ed.activities.at/entry.php?id=10271&&ser=698166" "Mozilla/5.0 (Windows NT 6.1; WOW64; rv:54.0) Gecko/20100101 Firefox/54.0"
212.108.43.59 - - [10/Jul/2017:16:51:08 +0200] "GET /entry.php?id=10271&&ser=698207 HTTP/1.1" 200 986 "http://ed.activities.at/entry.php?id=10271&&ser=698146" "Mozilla/5.0 (Windows NT 10.0; Win64; x64) AppleWebKit/537.36 (KHTML, like Gecko) Chrome/59.0.3071.115 Safari/537.36"
212.108.43.59 - - [10/Jul/2017:16:51:08 +0200] "GET /gui/javascript/form_form.js?1499698268 HTTP/1.1" 200 16206 "http://ed.activities.at/entry.php?id=10271&&ser=698207" "Mozilla/5.0 (Windows NT 10.0; Win64; x64) AppleWebKit/537.36 (KHTML, like Gecko) Chrome/59.0.3071.115 Safari/537.36"
95.143.230.128 - - [10/Jul/2017:16:51:27 +0200] "GET /entry.php?id=10271&&ser=698227 HTTP/1.1" 200 986 "http://ed.activities.at/entry.php?id=10271&&ser=698166" "Mozilla/5.0 (Windows NT 6.1; WOW64; rv:54.0) Gecko/20100101 Firefox/54.0"
95.143.230.128 - - [10/Jul/2017:16:51:27 +0200] "GET /gui/javascript/form_form.js?1499698287 HTTP/1.1" 200 16206 "http://ed.activities.at/entry.php?id=10271&&ser=698227" "Mozilla/5.0 (Windows NT 6.1; WOW64; rv:54.0) Gecko/20100101 Firefox/54.0"
212.108.43.59 - - [10/Jul/2017:16:52:09 +0200] "GET /entry.php?id=10271&&ser=698268 HTTP/1.1" 200 986 "http://ed.activities.at/entry.php?id=10271&&ser=698207" "Mozilla/5.0 (Windows NT 10.0; Win64; x64) AppleWebKit/537.36 (KHTML, like Gecko) Chrome/59.0.3071.115 Safari/537.36"
212.108.43.59 - - [10/Jul/2017:16:52:09 +0200] "GET /gui/javascript/form_form.js?1499698329 HTTP/1.1" 200 16206 "http://ed.activities.at/entry.php?id=10271&&ser=698268" "Mozilla/5.0 (Windows NT 10.0; Win64; x64) AppleWebKit/537.36 (KHTML, like Gecko) Chrome/59.0.3071.115 Safari/537.36"
95.143.230.128 - - [10/Jul/2017:16:52:27 +0200] "GET /entry.php?id=10271&&ser=698287 HTTP/1.1" 200 986 "http://ed.activities.at/entry.php?id=10271&&ser=698227" "Mozilla/5.0 (Windows NT 6.1; WOW64; rv:54.0) Gecko/20100101 Firefox/54.0"
95.143.230.128 - - [10/Jul/2017:16:52:27 +0200] "GET /gui/javascript/form_form.js?1499698347 HTTP/1.1" 200 16206 "http://ed.activities.at/entry.php?id=10271&&ser=698287" "Mozilla/5.0 (Windows NT 6.1; WOW64; rv:54.0) Gecko/20100101 Firefox/54.0"
212.108.43.59 - - [10/Jul/2017:16:53:10 +0200] "GET /entry.php?id=10271&&ser=698329 HTTP/1.1" 200 986 "http://ed.activities.at/entry.php?id=10271&&ser=698268" "Mozilla/5.0 (Windows NT 10.0; Win64; x64) AppleWebKit/537.36 (KHTML, like Gecko) Chrome/59.0.3071.115 Safari/537.36"
212.108.43.59 - - [10/Jul/2017:16:53:10 +0200] "GET /gui/javascript/form_form.js?1499698390 HTTP/1.1" 200 16206 "http://ed.activities.at/entry.php?id=10271&&ser=698329" "Mozilla/5.0 (Windows NT 10.0; Win64; x64) AppleWebKit/537.36 (KHTML, like Gecko) Chrome/59.0.3071.115 Safari/537.36"
95.143.230.128 - - [10/Jul/2017:16:53:28 +0200] "GET /entry.php?id=10271&&ser=698347 HTTP/1.1" 200 986 "http://ed.activities.at/entry.php?id=10271&&ser=698287" "Mozilla/5.0 (Windows NT 6.1; WOW64; rv:54.0) Gecko/20100101 Firefox/54.0"
95.143.230.128 - - [10/Jul/2017:16:53:28 +0200] "GET /gui/javascript/form_form.js?1499698408 HTTP/1.1" 200 16206 "http://ed.activities.at/entry.php?id=10271&&ser=698347" "Mozilla/5.0 (Windows NT 6.1; WOW64; rv:54.0) Gecko/20100101 Firefox/54.0"
212.108.43.59 - - [10/Jul/2017:16:54:11 +0200] "GET /entry.php?id=10271&&ser=698390 HTTP/1.1" 200 986 "http://ed.activities.at/entry.php?id=10271&&ser=698329" "Mozilla/5.0 (Windows NT 10.0; Win64; x64) AppleWebKit/537.36 (KHTML, like Gecko) Chrome/59.0.3071.115 Safari/537.36"
212.108.43.59 - - [10/Jul/2017:16:54:11 +0200] "GET /gui/javascript/form_form.js?1499698451 HTTP/1.1" 200 16206 "http://ed.activities.at/entry.php?id=10271&&ser=698390" "Mozilla/5.0 (Windows NT 10.0; Win64; x64) AppleWebKit/537.36 (KHTML, like Gecko) Chrome/59.0.3071.115 Safari/537.36"
95.143.230.128 - - [10/Jul/2017:16:54:28 +0200] "GET /entry.php?id=10271&&ser=698408 HTTP/1.1" 200 986 "http://ed.activities.at/entry.php?id=10271&&ser=698347" "Mozilla/5.0 (Windows NT 6.1; WOW64; rv:54.0) Gecko/20100101 Firefox/54.0"
95.143.230.128 - - [10/Jul/2017:16:54:28 +0200] "GET /gui/javascript/form_form.js?1499698468 HTTP/1.1" 200 16206 "http://ed.activities.at/entry.php?id=10271&&ser=698408" "Mozilla/5.0 (Windows NT 6.1; WOW64; rv:54.0) Gecko/20100101 Firefox/54.0"
212.108.43.59 - - [10/Jul/2017:16:55:12 +0200] "GET /entry.php?id=10271&&ser=698451 HTTP/1.1" 200 986 "http://ed.activities.at/entry.php?id=10271&&ser=698390" "Mozilla/5.0 (Windows NT 10.0; Win64; x64) AppleWebKit/537.36 (KHTML, like Gecko) Chrome/59.0.3071.115 Safari/537.36"
212.108.43.59 - - [10/Jul/2017:16:55:12 +0200] "GET /gui/javascript/form_form.js?1499698512 HTTP/1.1" 200 16206 "http://ed.activities.at/entry.php?id=10271&&ser=698451" "Mozilla/5.0 (Windows NT 10.0; Win64; x64) AppleWebKit/537.36 (KHTML, like Gecko) Chrome/59.0.3071.115 Safari/537.36"
95.143.230.128 - - [10/Jul/2017:16:55:28 +0200] "GET /entry.php?id=10271&&ser=698468 HTTP/1.1" 200 986 "http://ed.activities.at/entry.php?id=10271&&ser=698408" "Mozilla/5.0 (Windows NT 6.1; WOW64; rv:54.0) Gecko/20100101 Firefox/54.0"
95.143.230.128 - - [10/Jul/2017:16:55:29 +0200] "GET /gui/javascript/form_form.js?1499698529 HTTP/1.1" 200 16206 "http://ed.activities.at/entry.php?id=10271&&ser=698468" "Mozilla/5.0 (Windows NT 6.1; WOW64; rv:54.0) Gecko/20100101 Firefox/54.0"
212.108.43.59 - - [10/Jul/2017:16:56:13 +0200] "GET /entry.php?id=10271&&ser=698512 HTTP/1.1" 200 986 "http://ed.activities.at/entry.php?id=10271&&ser=698451" "Mozilla/5.0 (Windows NT 10.0; Win64; x64) AppleWebKit/537.36 (KHTML, like Gecko) Chrome/59.0.3071.115 Safari/537.36"
212.108.43.59 - - [10/Jul/2017:16:56:13 +0200] "GET /gui/javascript/form_form.js?1499698573 HTTP/1.1" 200 16206 "http://ed.activities.at/entry.php?id=10271&&ser=698512" "Mozilla/5.0 (Windows NT 10.0; Win64; x64) AppleWebKit/537.36 (KHTML, like Gecko) Chrome/59.0.3071.115 Safari/537.36"
95.143.230.128 - - [10/Jul/2017:16:56:29 +0200] "GET /entry.php?id=10271&&ser=698529 HTTP/1.1" 200 986 "http://ed.activities.at/entry.php?id=10271&&ser=698468" "Mozilla/5.0 (Windows NT 6.1; WOW64; rv:54.0) Gecko/20100101 Firefox/54.0"
95.143.230.128 - - [10/Jul/2017:16:56:29 +0200] "GET /gui/javascript/form_form.js?1499698589 HTTP/1.1" 200 16206 "http://ed.activities.at/entry.php?id=10271&&ser=698529" "Mozilla/5.0 (Windows NT 6.1; WOW64; rv:54.0) Gecko/20100101 Firefox/54.0"
212.108.43.59 - - [10/Jul/2017:16:57:14 +0200] "GET /entry.php?id=10271&&ser=698573 HTTP/1.1" 200 986 "http://ed.activities.at/entry.php?id=10271&&ser=698512" "Mozilla/5.0 (Windows NT 10.0; Win64; x64) AppleWebKit/537.36 (KHTML, like Gecko) Chrome/59.0.3071.115 Safari/537.36"
212.108.43.59 - - [10/Jul/2017:16:57:14 +0200] "GET /gui/javascript/form_form.js?1499698634 HTTP/1.1" 200 16206 "http://ed.activities.at/entry.php?id=10271&&ser=698573" "Mozilla/5.0 (Windows NT 10.0; Win64; x64) AppleWebKit/537.36 (KHTML, like Gecko) Chrome/59.0.3071.115 Safari/537.36"
95.143.230.128 - - [10/Jul/2017:16:57:29 +0200] "GET /entry.php?id=10271&&ser=698589 HTTP/1.1" 200 986 "http://ed.activities.at/entry.php?id=10271&&ser=698529" "Mozilla/5.0 (Windows NT 6.1; WOW64; rv:54.0) Gecko/20100101 Firefox/54.0"
95.143.230.128 - - [10/Jul/2017:16:57:30 +0200] "GET /gui/javascript/form_form.js?1499698650 HTTP/1.1" 200 16206 "http://ed.activities.at/entry.php?id=10271&&ser=698589" "Mozilla/5.0 (Windows NT 6.1; WOW64; rv:54.0) Gecko/20100101 Firefox/54.0"
212.108.43.59 - - [10/Jul/2017:16:58:15 +0200] "GET /entry.php?id=10271&&ser=698634 HTTP/1.1" 200 986 "http://ed.activities.at/entry.php?id=10271&&ser=698573" "Mozilla/5.0 (Windows NT 10.0; Win64; x64) AppleWebKit/537.36 (KHTML, like Gecko) Chrome/59.0.3071.115 Safari/537.36"
212.108.43.59 - - [10/Jul/2017:16:58:15 +0200] "GET /gui/javascript/form_form.js?1499698695 HTTP/1.1" 200 16206 "http://ed.activities.at/entry.php?id=10271&&ser=698634" "Mozilla/5.0 (Windows NT 10.0; Win64; x64) AppleWebKit/537.36 (KHTML, like Gecko) Chrome/59.0.3071.115 Safari/537.36"
95.143.230.128 - - [10/Jul/2017:16:58:30 +0200] "GET /entry.php?id=10271&&ser=698650 HTTP/1.1" 200 986 "http://ed.activities.at/entry.php?id=10271&&ser=698589" "Mozilla/5.0 (Windows NT 6.1; WOW64; rv:54.0) Gecko/20100101 Firefox/54.0"
95.143.230.128 - - [10/Jul/2017:16:58:30 +0200] "GET /gui/javascript/form_form.js?1499698710 HTTP/1.1" 200 16206 "http://ed.activities.at/entry.php?id=10271&&ser=698650" "Mozilla/5.0 (Windows NT 6.1; WOW64; rv:54.0) Gecko/20100101 Firefox/54.0"
212.108.43.59 - - [10/Jul/2017:16:59:16 +0200] "GET /entry.php?id=10271&&ser=698695 HTTP/1.1" 200 986 "http://ed.activities.at/entry.php?id=10271&&ser=698634" "Mozilla/5.0 (Windows NT 10.0; Win64; x64) AppleWebKit/537.36 (KHTML, like Gecko) Chrome/59.0.3071.115 Safari/537.36"
212.108.43.59 - - [10/Jul/2017:16:59:16 +0200] "GET /gui/javascript/form_form.js?1499698756 HTTP/1.1" 200 16206 "http://ed.activities.at/entry.php?id=10271&&ser=698695" "Mozilla/5.0 (Windows NT 10.0; Win64; x64) AppleWebKit/537.36 (KHTML, like Gecko) Chrome/59.0.3071.115 Safari/537.36"
95.143.230.128 - - [10/Jul/2017:16:59:30 +0200] "GET /entry.php?id=10271&&ser=698710 HTTP/1.1" 200 986 "http://ed.activities.at/entry.php?id=10271&&ser=698650" "Mozilla/5.0 (Windows NT 6.1; WOW64; rv:54.0) Gecko/20100101 Firefox/54.0"
95.143.230.128 - - [10/Jul/2017:16:59:30 +0200] "GET /gui/javascript/form_form.js?1499698770 HTTP/1.1" 200 16206 "http://ed.activities.at/entry.php?id=10271&&ser=698710" "Mozilla/5.0 (Windows NT 6.1; WOW64; rv:54.0) Gecko/20100101 Firefox/54.0"
212.108.43.59 - - [10/Jul/2017:17:00:17 +0200] "GET /entry.php?id=10271&&ser=698756 HTTP/1.1" 200 986 "http://ed.activities.at/entry.php?id=10271&&ser=698695" "Mozilla/5.0 (Windows NT 10.0; Win64; x64) AppleWebKit/537.36 (KHTML, like Gecko) Chrome/59.0.3071.115 Safari/537.36"
212.108.43.59 - - [10/Jul/2017:17:00:17 +0200] "GET /gui/javascript/form_form.js?1499698817 HTTP/1.1" 200 16206 "http://ed.activities.at/entry.php?id=10271&&ser=698756" "Mozilla/5.0 (Windows NT 10.0; Win64; x64) AppleWebKit/537.36 (KHTML, like Gecko) Chrome/59.0.3071.115 Safari/537.36"
95.143.230.128 - - [10/Jul/2017:17:00:31 +0200] "GET /entry.php?id=10271&&ser=698770 HTTP/1.1" 200 986 "http://ed.activities.at/entry.php?id=10271&&ser=698710" "Mozilla/5.0 (Windows NT 6.1; WOW64; rv:54.0) Gecko/20100101 Firefox/54.0"
95.143.230.128 - - [10/Jul/2017:17:00:31 +0200] "GET /gui/javascript/form_form.js?1499698831 HTTP/1.1" 200 16206 "http://ed.activities.at/entry.php?id=10271&&ser=698770" "Mozilla/5.0 (Windows NT 6.1; WOW64; rv:54.0) Gecko/20100101 Firefox/54.0"
212.108.43.59 - - [10/Jul/2017:17:01:18 +0200] "GET /entry.php?id=10271&&ser=698817 HTTP/1.1" 200 986 "http://ed.activities.at/entry.php?id=10271&&ser=698756" "Mozilla/5.0 (Windows NT 10.0; Win64; x64) AppleWebKit/537.36 (KHTML, like Gecko) Chrome/59.0.3071.115 Safari/537.36"
212.108.43.59 - - [10/Jul/2017:17:01:18 +0200] "GET /gui/javascript/form_form.js?1499698878 HTTP/1.1" 200 16206 "http://ed.activities.at/entry.php?id=10271&&ser=698817" "Mozilla/5.0 (Windows NT 10.0; Win64; x64) AppleWebKit/537.36 (KHTML, like Gecko) Chrome/59.0.3071.115 Safari/537.36"
95.143.230.128 - - [10/Jul/2017:17:01:31 +0200] "GET /entry.php?id=10271&&ser=698831 HTTP/1.1" 200 986 "http://ed.activities.at/entry.php?id=10271&&ser=698770" "Mozilla/5.0 (Windows NT 6.1; WOW64; rv:54.0) Gecko/20100101 Firefox/54.0"
95.143.230.128 - - [10/Jul/2017:17:01:31 +0200] "GET /gui/javascript/form_form.js?1499698891 HTTP/1.1" 200 16206 "http://ed.activities.at/entry.php?id=10271&&ser=698831" "Mozilla/5.0 (Windows NT 6.1; WOW64; rv:54.0) Gecko/20100101 Firefox/54.0"
95.143.230.128 - - [10/Jul/2017:17:01:59 +0200] "POST /entry.php?id=11677 HTTP/1.1" 200 4065 "http://ed.activities.at/entry.php?id=11677" "Mozilla/5.0 (Windows NT 6.1; WOW64; rv:54.0) Gecko/20100101 Firefox/54.0"
95.143.230.128 - - [10/Jul/2017:17:02:00 +0200] "GET /gui/javascript/form_form.js?1499698920 HTTP/1.1" 200 16206 "http://ed.activities.at/entry.php?id=11677" "Mozilla/5.0 (Windows NT 6.1; WOW64; rv:54.0) Gecko/20100101 Firefox/54.0"
95.143.230.128 - - [10/Jul/2017:17:02:04 +0200] "POST /entry.php?id=11677 HTTP/1.1" 200 4023 "http://ed.activities.at/entry.php?id=11677" "Mozilla/5.0 (Windows NT 6.1; WOW64; rv:54.0) Gecko/20100101 Firefox/54.0"
95.143.230.128 - - [10/Jul/2017:17:02:05 +0200] "GET /gui/javascript/form_form.js?1499698924 HTTP/1.1" 200 16206 "http://ed.activities.at/entry.php?id=11677" "Mozilla/5.0 (Windows NT 6.1; WOW64; rv:54.0) Gecko/20100101 Firefox/54.0"
95.143.230.128 - - [10/Jul/2017:17:02:08 +0200] "POST /entry.php?id=11677 HTTP/1.1" 200 5063 "http://ed.activities.at/entry.php?id=11677" "Mozilla/5.0 (Windows NT 6.1; WOW64; rv:54.0) Gecko/20100101 Firefox/54.0"
95.143.230.128 - - [10/Jul/2017:17:02:08 +0200] "GET /gui/javascript/form_form.js?1499698928 HTTP/1.1" 200 16206 "http://ed.activities.at/entry.php?id=11677" "Mozilla/5.0 (Windows NT 6.1; WOW64; rv:54.0) Gecko/20100101 Firefox/54.0"
95.143.230.128 - - [10/Jul/2017:17:02:09 +0200] "GET /entry.php?id=11618&&object=&item=10290102&emu_class= HTTP/1.1" 200 1709 "http://ed.activities.at/entry.php?id=11677" "Mozilla/5.0 (Windows NT 6.1; WOW64; rv:54.0) Gecko/20100101 Firefox/54.0"
95.143.230.128 - - [10/Jul/2017:17:02:09 +0200] "GET /gui/javascript/form_form.js?1499698929 HTTP/1.1" 200 16206 "http://ed.activities.at/entry.php?id=11618&&object=&item=10290102&emu_class=" "Mozilla/5.0 (Windows NT 6.1; WOW64; rv:54.0) Gecko/20100101 Firefox/54.0"
212.108.43.59 - - [10/Jul/2017:17:02:19 +0200] "GET /entry.php?id=10271&&ser=698878 HTTP/1.1" 200 986 "http://ed.activities.at/entry.php?id=10271&&ser=698817" "Mozilla/5.0 (Windows NT 10.0; Win64; x64) AppleWebKit/537.36 (KHTML, like Gecko) Chrome/59.0.3071.115 Safari/537.36"
212.108.43.59 - - [10/Jul/2017:17:02:19 +0200] "GET /gui/javascript/form_form.js?1499698939 HTTP/1.1" 200 16206 "http://ed.activities.at/entry.php?id=10271&&ser=698878" "Mozilla/5.0 (Windows NT 10.0; Win64; x64) AppleWebKit/537.36 (KHTML, like Gecko) Chrome/59.0.3071.115 Safari/537.36"
95.143.230.128 - - [10/Jul/2017:17:02:21 +0200] "GET /entry.php?id=11693 HTTP/1.1" 200 2507 "http://ed.activities.at/entry.php?id=10270&__app__=10006038" "Mozilla/5.0 (Windows NT 6.1; WOW64; rv:54.0) Gecko/20100101 Firefox/54.0"
95.143.230.128 - - [10/Jul/2017:17:02:21 +0200] "GET /gui/javascript/form_form.js?1499698941 HTTP/1.1" 200 16206 "http://ed.activities.at/entry.php?id=11693" "Mozilla/5.0 (Windows NT 6.1; WOW64; rv:54.0) Gecko/20100101 Firefox/54.0"
95.143.230.128 - - [10/Jul/2017:17:02:21 +0200] "GET /entry.php?id=10776&form=11518&name=list& HTTP/1.1" 200 1662 "http://ed.activities.at/entry.php?id=11693" "Mozilla/5.0 (Windows NT 6.1; WOW64; rv:54.0) Gecko/20100101 Firefox/54.0"
95.143.230.128 - - [10/Jul/2017:17:02:21 +0200] "GET /entry.php?id=10778&form=11518&name=list& HTTP/1.1" 200 5182 "http://ed.activities.at/entry.php?id=11693" "Mozilla/5.0 (Windows NT 6.1; WOW64; rv:54.0) Gecko/20100101 Firefox/54.0"
95.143.230.128 - - [10/Jul/2017:17:02:22 +0200] "GET /entry.php?id=11148&object=10203650&view=thumbnail&width=100&height=100&wrap=false&mime=image/jpeg&image=jpg.gif HTTP/1.1" 200 1611 "http://ed.activities.at/entry.php?id=10778&form=11518&name=list&" "Mozilla/5.0 (Windows NT 6.1; WOW64; rv:54.0) Gecko/20100101 Firefox/54.0"
95.143.230.128 - - [10/Jul/2017:17:02:22 +0200] "GET /gui/javascript/form_form.js?1499698942 HTTP/1.1" 200 16206 "http://ed.activities.at/entry.php?id=11148&object=10203650&view=thumbnail&width=100&height=100&wrap=false&mime=image/jpeg&image=jpg.gif" "Mozilla/5.0 (Windows NT 6.1; WOW64; rv:54.0) Gecko/20100101 Firefox/54.0"
95.143.230.128 - - [10/Jul/2017:17:02:22 +0200] "GET /entry.php?id=11148&object=10203650&view=thumbnail&width=100&height=100&wrap=false&mime=image/jpeg&image=jpg.gif HTTP/1.1" 200 1614 "http://ed.activities.at/entry.php?id=10778&form=11518&name=list&" "Mozilla/5.0 (Windows NT 6.1; WOW64; rv:54.0) Gecko/20100101 Firefox/54.0"
95.143.230.128 - - [10/Jul/2017:17:02:22 +0200] "GET /entry.php?id=11148&object=10203650&view=thumbnail&width=100&height=100&wrap=false&mime=image/jpeg&image=jpg.gif HTTP/1.1" 200 1613 "http://ed.activities.at/entry.php?id=10778&form=11518&name=list&" "Mozilla/5.0 (Windows NT 6.1; WOW64; rv:54.0) Gecko/20100101 Firefox/54.0"
95.143.230.128 - - [10/Jul/2017:17:02:22 +0200] "GET /entry.php?id=11148&object=10203650&view=thumbnail&width=100&height=100&wrap=false&mime=image/jpeg&image=jpg.gif HTTP/1.1" 200 1613 "http://ed.activities.at/entry.php?id=10778&form=11518&name=list&" "Mozilla/5.0 (Windows NT 6.1; WOW64; rv:54.0) Gecko/20100101 Firefox/54.0"
95.143.230.128 - - [10/Jul/2017:17:02:23 +0200] "GET /gui/javascript/form_form.js?1499698943 HTTP/1.1" 200 16206 "http://ed.activities.at/entry.php?id=11148&object=10203650&view=thumbnail&width=100&height=100&wrap=false&mime=image/jpeg&image=jpg.gif" "Mozilla/5.0 (Windows NT 6.1; WOW64; rv:54.0) Gecko/20100101 Firefox/54.0"
95.143.230.128 - - [10/Jul/2017:17:02:25 +0200] "GET /entry.php?id=11667&object=10290098&company=10221912&hiddetabs=true HTTP/1.1" 200 3100 "http://ed.activities.at/entry.php?id=11412" "Mozilla/5.0 (Windows NT 6.1; WOW64; rv:54.0) Gecko/20100101 Firefox/54.0"
95.143.230.128 - - [10/Jul/2017:17:02:26 +0200] "GET /gui/javascript/form_form.js?1499698946 HTTP/1.1" 200 16206 "http://ed.activities.at/entry.php?id=11667&object=10290098&company=10221912&hiddetabs=true" "Mozilla/5.0 (Windows NT 6.1; WOW64; rv:54.0) Gecko/20100101 Firefox/54.0"
95.143.230.128 - - [10/Jul/2017:17:02:26 +0200] "GET /entry.php?id=11148 HTTP/1.1" 200 1478 "http://ed.activities.at/entry.php?id=11667&object=10290098&company=10221912&hiddetabs=true" "Mozilla/5.0 (Windows NT 6.1; WOW64; rv:54.0) Gecko/20100101 Firefox/54.0"
95.143.230.128 - - [10/Jul/2017:17:02:26 +0200] "GET /framework/webfx/javascript/tinymce/skins/lightgray/content.min.css HTTP/1.1" 404 327 "http://ed.activities.at/entry.php?id=11667&object=10290098&company=10221912&hiddetabs=true" "Mozilla/5.0 (Windows NT 6.1; WOW64; rv:54.0) Gecko/20100101 Firefox/54.0"
95.143.230.128 - - [10/Jul/2017:17:02:29 +0200] "GET /entry.php?id=11664 HTTP/1.1" 200 343 "http://ed.activities.at/entry.php?id=10270&__app__=10006038" "Mozilla/5.0 (Windows NT 6.1; WOW64; rv:54.0) Gecko/20100101 Firefox/54.0"
95.143.230.128 - - [10/Jul/2017:17:02:30 +0200] "GET /entry.php?id=10676&&title=Standorte HTTP/1.1" 200 1390 "http://ed.activities.at/entry.php?id=11664" "Mozilla/5.0 (Windows NT 6.1; WOW64; rv:54.0) Gecko/20100101 Firefox/54.0"
95.143.230.128 - - [10/Jul/2017:17:02:30 +0200] "GET /gui/javascript/form_form.js?1499698950 HTTP/1.1" 200 16206 "http://ed.activities.at/entry.php?id=10676&&title=Standorte" "Mozilla/5.0 (Windows NT 6.1; WOW64; rv:54.0) Gecko/20100101 Firefox/54.0"
95.143.230.128 - - [10/Jul/2017:17:02:30 +0200] "GET /entry.php?id=11665& HTTP/1.1" 200 2317 "http://ed.activities.at/entry.php?id=11664" "Mozilla/5.0 (Windows NT 6.1; WOW64; rv:54.0) Gecko/20100101 Firefox/54.0"
95.143.230.128 - - [10/Jul/2017:17:02:30 +0200] "GET /entry.php?id=11666& HTTP/1.1" 200 3736 "http://ed.activities.at/entry.php?id=11664" "Mozilla/5.0 (Windows NT 6.1; WOW64; rv:54.0) Gecko/20100101 Firefox/54.0"
95.143.230.128 - - [10/Jul/2017:17:02:30 +0200] "GET /entry.php?id=11697& HTTP/1.1" 200 2602 "http://ed.activities.at/entry.php?id=11664" "Mozilla/5.0 (Windows NT 6.1; WOW64; rv:54.0) Gecko/20100101 Firefox/54.0"
95.143.230.128 - - [10/Jul/2017:17:02:31 +0200] "GET /gui/javascript/form_form.js?1499698951 HTTP/1.1" 200 16206 "http://ed.activities.at/entry.php?id=11697&" "Mozilla/5.0 (Windows NT 6.1; WOW64; rv:54.0) Gecko/20100101 Firefox/54.0"
95.143.230.128 - - [10/Jul/2017:17:02:30 +0200] "GET /entry.php?id=10776&form=11490&name=list& HTTP/1.1" 200 2009 "http://ed.activities.at/entry.php?id=11665&" "Mozilla/5.0 (Windows NT 6.1; WOW64; rv:54.0) Gecko/20100101 Firefox/54.0"
95.143.230.128 - - [10/Jul/2017:17:02:30 +0200] "GET /entry.php?id=10778&form=11490&name=list& HTTP/1.1" 200 2763 "http://ed.activities.at/entry.php?id=11665&" "Mozilla/5.0 (Windows NT 6.1; WOW64; rv:54.0) Gecko/20100101 Firefox/54.0"
95.143.230.128 - - [10/Jul/2017:17:02:31 +0200] "GET /entry.php?id=10776&form=11522&name=list& HTTP/1.1" 200 2254 "http://ed.activities.at/entry.php?id=11697&" "Mozilla/5.0 (Windows NT 6.1; WOW64; rv:54.0) Gecko/20100101 Firefox/54.0"
95.143.230.128 - - [10/Jul/2017:17:02:31 +0200] "GET /entry.php?id=10778&form=11522&name=list& HTTP/1.1" 200 3645 "http://ed.activities.at/entry.php?id=11697&" "Mozilla/5.0 (Windows NT 6.1; WOW64; rv:54.0) Gecko/20100101 Firefox/54.0"
95.143.230.128 - - [10/Jul/2017:17:02:31 +0200] "GET /entry.php?id=10271&&ser=698891 HTTP/1.1" 200 986 "http://ed.activities.at/entry.php?id=10271&&ser=698831" "Mozilla/5.0 (Windows NT 6.1; WOW64; rv:54.0) Gecko/20100101 Firefox/54.0"
95.143.230.128 - - [10/Jul/2017:17:02:32 +0200] "GET /gui/javascript/form_form.js?1499698952 HTTP/1.1" 200 16206 "http://ed.activities.at/entry.php?id=10271&&ser=698891" "Mozilla/5.0 (Windows NT 6.1; WOW64; rv:54.0) Gecko/20100101 Firefox/54.0"
95.143.230.128 - - [10/Jul/2017:17:02:36 +0200] "GET /entry.php?id=11667&object=10290098&company=10221912 HTTP/1.1" 200 4075 "http://ed.activities.at/entry.php?id=11412" "Mozilla/5.0 (Windows NT 6.1; WOW64; rv:54.0) Gecko/20100101 Firefox/54.0"
95.143.230.128 - - [10/Jul/2017:17:02:37 +0200] "GET /gui/javascript/form_form.js?1499698957 HTTP/1.1" 200 16206 "http://ed.activities.at/entry.php?id=11667&object=10290098&company=10221912" "Mozilla/5.0 (Windows NT 6.1; WOW64; rv:54.0) Gecko/20100101 Firefox/54.0"
95.143.230.128 - - [10/Jul/2017:17:02:37 +0200] "GET /entry.php?id=10776&form=11492&name=mandantlist& HTTP/1.1" 200 1407 "http://ed.activities.at/entry.php?id=11667&object=10290098&company=10221912" "Mozilla/5.0 (Windows NT 6.1; WOW64; rv:54.0) Gecko/20100101 Firefox/54.0"
95.143.230.128 - - [10/Jul/2017:17:02:37 +0200] "GET /entry.php?id=10778&form=11492&name=mandantlist& HTTP/1.1" 200 2884 "http://ed.activities.at/entry.php?id=11667&object=10290098&company=10221912" "Mozilla/5.0 (Windows NT 6.1; WOW64; rv:54.0) Gecko/20100101 Firefox/54.0"
95.143.230.128 - - [10/Jul/2017:17:02:42 +0200] "POST /entry.php?id=11667 HTTP/1.1" 200 3394 "http://ed.activities.at/entry.php?id=11667&object=10290098&company=10221912" "Mozilla/5.0 (Windows NT 6.1; WOW64; rv:54.0) Gecko/20100101 Firefox/54.0"
95.143.230.128 - - [10/Jul/2017:17:02:43 +0200] "GET /gui/javascript/form_form.js?1499698962 HTTP/1.1" 200 16206 "http://ed.activities.at/entry.php?id=11667" "Mozilla/5.0 (Windows NT 6.1; WOW64; rv:54.0) Gecko/20100101 Firefox/54.0"
95.143.230.128 - - [10/Jul/2017:17:02:45 +0200] "POST /entry.php?id=11667 HTTP/1.1" 200 3658 "http://ed.activities.at/entry.php?id=11667" "Mozilla/5.0 (Windows NT 6.1; WOW64; rv:54.0) Gecko/20100101 Firefox/54.0"
95.143.230.128 - - [10/Jul/2017:17:02:45 +0200] "GET /gui/javascript/form_form.js?1499698965 HTTP/1.1" 200 16206 "http://ed.activities.at/entry.php?id=11667" "Mozilla/5.0 (Windows NT 6.1; WOW64; rv:54.0) Gecko/20100101 Firefox/54.0"
95.143.230.128 - - [10/Jul/2017:17:02:46 +0200] "GET /entry.php?id=11148 HTTP/1.1" 200 1478 "http://ed.activities.at/entry.php?id=11667" "Mozilla/5.0 (Windows NT 6.1; WOW64; rv:54.0) Gecko/20100101 Firefox/54.0"
95.143.230.128 - - [10/Jul/2017:17:02:46 +0200] "GET /framework/webfx/javascript/tinymce/skins/lightgray/content.min.css HTTP/1.1" 404 327 "http://ed.activities.at/entry.php?id=11667" "Mozilla/5.0 (Windows NT 6.1; WOW64; rv:54.0) Gecko/20100101 Firefox/54.0"
95.143.230.128 - - [10/Jul/2017:17:02:46 +0200] "GET /gui/javascript/form_form.js?1499698966 HTTP/1.1" 200 16206 "http://ed.activities.at/entry.php?id=11148" "Mozilla/5.0 (Windows NT 6.1; WOW64; rv:54.0) Gecko/20100101 Firefox/54.0"
95.143.230.128 - - [10/Jul/2017:17:02:47 +0200] "POST /entry.php?id=11667 HTTP/1.1" 200 3310 "http://ed.activities.at/entry.php?id=11667" "Mozilla/5.0 (Windows NT 6.1; WOW64; rv:54.0) Gecko/20100101 Firefox/54.0"
95.143.230.128 - - [10/Jul/2017:17:02:48 +0200] "GET /gui/javascript/form_form.js?1499698968 HTTP/1.1" 200 16206 "http://ed.activities.at/entry.php?id=11667" "Mozilla/5.0 (Windows NT 6.1; WOW64; rv:54.0) Gecko/20100101 Firefox/54.0"
95.143.230.128 - - [10/Jul/2017:17:02:48 +0200] "GET /entry.php?id=10319&user=10290098& HTTP/1.1" 200 944 "http://ed.activities.at/entry.php?id=11667" "Mozilla/5.0 (Windows NT 6.1; WOW64; rv:54.0) Gecko/20100101 Firefox/54.0"
95.143.230.128 - - [10/Jul/2017:17:02:49 +0200] "POST /entry.php?id=11667 HTTP/1.1" 200 3275 "http://ed.activities.at/entry.php?id=11667" "Mozilla/5.0 (Windows NT 6.1; WOW64; rv:54.0) Gecko/20100101 Firefox/54.0"
95.143.230.128 - - [10/Jul/2017:17:02:50 +0200] "GET /gui/javascript/form_form.js?1499698970 HTTP/1.1" 200 16206 "http://ed.activities.at/entry.php?id=11667" "Mozilla/5.0 (Windows NT 6.1; WOW64; rv:54.0) Gecko/20100101 Firefox/54.0"
95.143.230.128 - - [10/Jul/2017:17:02:50 +0200] "GET /entry.php?id=10778&form=11492&name=grouplist& HTTP/1.1" 200 3054 "http://ed.activities.at/entry.php?id=11667" "Mozilla/5.0 (Windows NT 6.1; WOW64; rv:54.0) Gecko/20100101 Firefox/54.0"
95.143.230.128 - - [10/Jul/2017:17:02:50 +0200] "GET /entry.php?id=10776&form=11492&name=grouplist& HTTP/1.1" 200 1397 "http://ed.activities.at/entry.php?id=11667" "Mozilla/5.0 (Windows NT 6.1; WOW64; rv:54.0) Gecko/20100101 Firefox/54.0"
95.143.230.128 - - [10/Jul/2017:17:02:54 +0200] "POST /entry.php?id=11667 HTTP/1.1" 200 3657 "http://ed.activities.at/entry.php?id=11667" "Mozilla/5.0 (Windows NT 6.1; WOW64; rv:54.0) Gecko/20100101 Firefox/54.0"
95.143.230.128 - - [10/Jul/2017:17:02:55 +0200] "GET /gui/javascript/form_form.js?1499698975 HTTP/1.1" 200 16206 "http://ed.activities.at/entry.php?id=11667" "Mozilla/5.0 (Windows NT 6.1; WOW64; rv:54.0) Gecko/20100101 Firefox/54.0"
95.143.230.128 - - [10/Jul/2017:17:02:55 +0200] "GET /entry.php?id=11148 HTTP/1.1" 200 1478 "http://ed.activities.at/entry.php?id=11667" "Mozilla/5.0 (Windows NT 6.1; WOW64; rv:54.0) Gecko/20100101 Firefox/54.0"
95.143.230.128 - - [10/Jul/2017:17:02:56 +0200] "GET /framework/webfx/javascript/tinymce/skins/lightgray/content.min.css HTTP/1.1" 404 327 "http://ed.activities.at/entry.php?id=11667" "Mozilla/5.0 (Windows NT 6.1; WOW64; rv:54.0) Gecko/20100101 Firefox/54.0"
95.143.230.128 - - [10/Jul/2017:17:03:00 +0200] "POST /entry.php?id=11667 HTTP/1.1" 200 3394 "http://ed.activities.at/entry.php?id=11667" "Mozilla/5.0 (Windows NT 6.1; WOW64; rv:54.0) Gecko/20100101 Firefox/54.0"
95.143.230.128 - - [10/Jul/2017:17:03:00 +0200] "GET /gui/javascript/form_form.js?1499698980 HTTP/1.1" 200 16206 "http://ed.activities.at/entry.php?id=11667" "Mozilla/5.0 (Windows NT 6.1; WOW64; rv:54.0) Gecko/20100101 Firefox/54.0"
95.143.230.128 - - [10/Jul/2017:17:03:03 +0200] "POST /entry.php?id=11667 HTTP/1.1" 200 4075 "http://ed.activities.at/entry.php?id=11667" "Mozilla/5.0 (Windows NT 6.1; WOW64; rv:54.0) Gecko/20100101 Firefox/54.0"
95.143.230.128 - - [10/Jul/2017:17:03:04 +0200] "GET /gui/javascript/form_form.js?1499698984 HTTP/1.1" 200 16206 "http://ed.activities.at/entry.php?id=11667" "Mozilla/5.0 (Windows NT 6.1; WOW64; rv:54.0) Gecko/20100101 Firefox/54.0"
95.143.230.128 - - [10/Jul/2017:17:03:04 +0200] "GET /entry.php?id=10776&form=11492&name=mandantlist& HTTP/1.1" 200 1407 "http://ed.activities.at/entry.php?id=11667" "Mozilla/5.0 (Windows NT 6.1; WOW64; rv:54.0) Gecko/20100101 Firefox/54.0"
95.143.230.128 - - [10/Jul/2017:17:03:04 +0200] "GET /entry.php?id=10778&form=11492&name=mandantlist& HTTP/1.1" 200 2866 "http://ed.activities.at/entry.php?id=11667" "Mozilla/5.0 (Windows NT 6.1; WOW64; rv:54.0) Gecko/20100101 Firefox/54.0"
95.143.230.128 - - [10/Jul/2017:17:03:15 +0200] "GET /entry.php?id=11667&object=&company=10221912 HTTP/1.1" 200 3962 "http://ed.activities.at/entry.php?id=11412" "Mozilla/5.0 (Windows NT 6.1; WOW64; rv:54.0) Gecko/20100101 Firefox/54.0"
95.143.230.128 - - [10/Jul/2017:17:03:16 +0200] "GET /gui/javascript/form_form.js?1499698996 HTTP/1.1" 200 16206 "http://ed.activities.at/entry.php?id=11667&object=&company=10221912" "Mozilla/5.0 (Windows NT 6.1; WOW64; rv:54.0) Gecko/20100101 Firefox/54.0"
95.143.230.128 - - [10/Jul/2017:17:03:16 +0200] "GET /entry.php?id=10776&form=11492&name=mandantlist& HTTP/1.1" 200 1407 "http://ed.activities.at/entry.php?id=11667&object=&company=10221912" "Mozilla/5.0 (Windows NT 6.1; WOW64; rv:54.0) Gecko/20100101 Firefox/54.0"
95.143.230.128 - - [10/Jul/2017:17:03:16 +0200] "GET /entry.php?id=10778&form=11492&name=mandantlist& HTTP/1.1" 200 2880 "http://ed.activities.at/entry.php?id=11667&object=&company=10221912" "Mozilla/5.0 (Windows NT 6.1; WOW64; rv:54.0) Gecko/20100101 Firefox/54.0"
212.108.43.59 - - [10/Jul/2017:17:03:20 +0200] "GET /entry.php?id=10271&&ser=698939 HTTP/1.1" 200 987 "http://ed.activities.at/entry.php?id=10271&&ser=698878" "Mozilla/5.0 (Windows NT 10.0; Win64; x64) AppleWebKit/537.36 (KHTML, like Gecko) Chrome/59.0.3071.115 Safari/537.36"
212.108.43.59 - - [10/Jul/2017:17:03:20 +0200] "GET /gui/javascript/form_form.js?1499699000 HTTP/1.1" 200 16206 "http://ed.activities.at/entry.php?id=10271&&ser=698939" "Mozilla/5.0 (Windows NT 10.0; Win64; x64) AppleWebKit/537.36 (KHTML, like Gecko) Chrome/59.0.3071.115 Safari/537.36"
95.143.230.128 - - [10/Jul/2017:17:03:20 +0200] "POST /entry.php?id=11697 HTTP/1.1" 200 2603 "http://ed.activities.at/entry.php?id=11697&" "Mozilla/5.0 (Windows NT 6.1; WOW64; rv:54.0) Gecko/20100101 Firefox/54.0"
95.143.230.128 - - [10/Jul/2017:17:03:20 +0200] "GET /gui/javascript/form_form.js?1499699000 HTTP/1.1" 200 16206 "http://ed.activities.at/entry.php?id=11697" "Mozilla/5.0 (Windows NT 6.1; WOW64; rv:54.0) Gecko/20100101 Firefox/54.0"
95.143.230.128 - - [10/Jul/2017:17:03:20 +0200] "GET /entry.php?id=10776&form=11522&name=list& HTTP/1.1" 200 2254 "http://ed.activities.at/entry.php?id=11697" "Mozilla/5.0 (Windows NT 6.1; WOW64; rv:54.0) Gecko/20100101 Firefox/54.0"
95.143.230.128 - - [10/Jul/2017:17:03:20 +0200] "GET /entry.php?id=10778&form=11522&name=list& HTTP/1.1" 200 3650 "http://ed.activities.at/entry.php?id=11697" "Mozilla/5.0 (Windows NT 6.1; WOW64; rv:54.0) Gecko/20100101 Firefox/54.0"
95.143.230.128 - - [10/Jul/2017:17:03:25 +0200] "POST /entry.php?id=11666 HTTP/1.1" 200 3172 "http://ed.activities.at/entry.php?id=11666&" "Mozilla/5.0 (Windows NT 6.1; WOW64; rv:54.0) Gecko/20100101 Firefox/54.0"
95.143.230.128 - - [10/Jul/2017:17:03:26 +0200] "GET /gui/javascript/form_form.js?1499699006 HTTP/1.1" 200 16206 "http://ed.activities.at/entry.php?id=11666" "Mozilla/5.0 (Windows NT 6.1; WOW64; rv:54.0) Gecko/20100101 Firefox/54.0"
95.143.230.128 - - [10/Jul/2017:17:03:26 +0200] "GET /entry.php?id=10776&form=11491&name=list& HTTP/1.1" 200 1547 "http://ed.activities.at/entry.php?id=11666" "Mozilla/5.0 (Windows NT 6.1; WOW64; rv:54.0) Gecko/20100101 Firefox/54.0"
95.143.230.128 - - [10/Jul/2017:17:03:26 +0200] "GET /entry.php?id=10778&form=11491&name=list& HTTP/1.1" 200 2687 "http://ed.activities.at/entry.php?id=11666" "Mozilla/5.0 (Windows NT 6.1; WOW64; rv:54.0) Gecko/20100101 Firefox/54.0"
95.143.230.128 - - [10/Jul/2017:17:03:26 +0200] "GET /entry.php?id=10683 HTTP/1.1" 200 990 "http://ed.activities.at/entry.php?id=11666" "Mozilla/5.0 (Windows NT 6.1; WOW64; rv:54.0) Gecko/20100101 Firefox/54.0"
95.143.230.128 - - [10/Jul/2017:17:03:29 +0200] "GET /entry.php?id=11693 HTTP/1.1" 200 2506 "http://ed.activities.at/entry.php?id=10270&__app__=10006038" "Mozilla/5.0 (Windows NT 6.1; WOW64; rv:54.0) Gecko/20100101 Firefox/54.0"
95.143.230.128 - - [10/Jul/2017:17:03:29 +0200] "GET /gui/javascript/form_form.js?1499699009 HTTP/1.1" 200 16206 "http://ed.activities.at/entry.php?id=11693" "Mozilla/5.0 (Windows NT 6.1; WOW64; rv:54.0) Gecko/20100101 Firefox/54.0"
95.143.230.128 - - [10/Jul/2017:17:03:29 +0200] "GET /entry.php?id=10778&form=11518&name=list& HTTP/1.1" 200 5182 "http://ed.activities.at/entry.php?id=11693" "Mozilla/5.0 (Windows NT 6.1; WOW64; rv:54.0) Gecko/20100101 Firefox/54.0"
95.143.230.128 - - [10/Jul/2017:17:03:29 +0200] "GET /entry.php?id=10776&form=11518&name=list& HTTP/1.1" 200 1662 "http://ed.activities.at/entry.php?id=11693" "Mozilla/5.0 (Windows NT 6.1; WOW64; rv:54.0) Gecko/20100101 Firefox/54.0"
95.143.230.128 - - [10/Jul/2017:17:03:29 +0200] "GET /entry.php?id=11148&object=10203650&view=thumbnail&width=100&height=100&wrap=false&mime=image/jpeg&image=jpg.gif HTTP/1.1" 200 1612 "http://ed.activities.at/entry.php?id=10778&form=11518&name=list&" "Mozilla/5.0 (Windows NT 6.1; WOW64; rv:54.0) Gecko/20100101 Firefox/54.0"
95.143.230.128 - - [10/Jul/2017:17:03:30 +0200] "GET /gui/javascript/form_form.js?1499699010 HTTP/1.1" 200 16206 "http://ed.activities.at/entry.php?id=11148&object=10203650&view=thumbnail&width=100&height=100&wrap=false&mime=image/jpeg&image=jpg.gif" "Mozilla/5.0 (Windows NT 6.1; WOW64; rv:54.0) Gecko/20100101 Firefox/54.0"
95.143.230.128 - - [10/Jul/2017:17:03:30 +0200] "GET /entry.php?id=11148&object=10203650&view=thumbnail&width=100&height=100&wrap=false&mime=image/jpeg&image=jpg.gif HTTP/1.1" 200 1612 "http://ed.activities.at/entry.php?id=10778&form=11518&name=list&" "Mozilla/5.0 (Windows NT 6.1; WOW64; rv:54.0) Gecko/20100101 Firefox/54.0"
95.143.230.128 - - [10/Jul/2017:17:03:30 +0200] "GET /entry.php?id=11148&object=10203650&view=thumbnail&width=100&height=100&wrap=false&mime=image/jpeg&image=jpg.gif HTTP/1.1" 200 1613 "http://ed.activities.at/entry.php?id=10778&form=11518&name=list&" "Mozilla/5.0 (Windows NT 6.1; WOW64; rv:54.0) Gecko/20100101 Firefox/54.0"
95.143.230.128 - - [10/Jul/2017:17:03:30 +0200] "GET /entry.php?id=11148&object=10203650&view=thumbnail&width=100&height=100&wrap=false&mime=image/jpeg&image=jpg.gif HTTP/1.1" 200 1611 "http://ed.activities.at/entry.php?id=10778&form=11518&name=list&" "Mozilla/5.0 (Windows NT 6.1; WOW64; rv:54.0) Gecko/20100101 Firefox/54.0"
95.143.230.128 - - [10/Jul/2017:17:03:31 +0200] "GET /gui/javascript/form_form.js?1499699011 HTTP/1.1" 200 16206 "http://ed.activities.at/entry.php?id=11148&object=10203650&view=thumbnail&width=100&height=100&wrap=false&mime=image/jpeg&image=jpg.gif" "Mozilla/5.0 (Windows NT 6.1; WOW64; rv:54.0) Gecko/20100101 Firefox/54.0"
95.143.230.128 - - [10/Jul/2017:17:03:32 +0200] "GET /entry.php?id=10271&&ser=698952 HTTP/1.1" 200 987 "http://ed.activities.at/entry.php?id=10271&&ser=698891" "Mozilla/5.0 (Windows NT 6.1; WOW64; rv:54.0) Gecko/20100101 Firefox/54.0"
95.143.230.128 - - [10/Jul/2017:17:03:32 +0200] "GET /gui/javascript/form_form.js?1499699012 HTTP/1.1" 200 16206 "http://ed.activities.at/entry.php?id=10271&&ser=698952" "Mozilla/5.0 (Windows NT 6.1; WOW64; rv:54.0) Gecko/20100101 Firefox/54.0"
95.143.230.128 - - [10/Jul/2017:17:03:33 +0200] "GET /entry.php?id=11667&object=10290098&company=10221912&hiddetabs=true HTTP/1.1" 200 3099 "http://ed.activities.at/entry.php?id=11412" "Mozilla/5.0 (Windows NT 6.1; WOW64; rv:54.0) Gecko/20100101 Firefox/54.0"
95.143.230.128 - - [10/Jul/2017:17:03:34 +0200] "GET /gui/javascript/form_form.js?1499699014 HTTP/1.1" 200 16206 "http://ed.activities.at/entry.php?id=11667&object=10290098&company=10221912&hiddetabs=true" "Mozilla/5.0 (Windows NT 6.1; WOW64; rv:54.0) Gecko/20100101 Firefox/54.0"
95.143.230.128 - - [10/Jul/2017:17:03:34 +0200] "GET /entry.php?id=11148 HTTP/1.1" 200 1477 "http://ed.activities.at/entry.php?id=11667&object=10290098&company=10221912&hiddetabs=true" "Mozilla/5.0 (Windows NT 6.1; WOW64; rv:54.0) Gecko/20100101 Firefox/54.0"
95.143.230.128 - - [10/Jul/2017:17:03:34 +0200] "GET /framework/webfx/javascript/tinymce/skins/lightgray/content.min.css HTTP/1.1" 404 327 "http://ed.activities.at/entry.php?id=11667&object=10290098&company=10221912&hiddetabs=true" "Mozilla/5.0 (Windows NT 6.1; WOW64; rv:54.0) Gecko/20100101 Firefox/54.0"
95.143.230.128 - - [10/Jul/2017:17:03:46 +0200] "GET /entry.php?id=11679 HTTP/1.1" 200 312 "http://ed.activities.at/entry.php?id=10270&__app__=10006038" "Mozilla/5.0 (Windows NT 6.1; WOW64; rv:54.0) Gecko/20100101 Firefox/54.0"
95.143.230.128 - - [10/Jul/2017:17:03:47 +0200] "GET /entry.php?id=11677& HTTP/1.1" 200 4375 "http://ed.activities.at/entry.php?id=11679" "Mozilla/5.0 (Windows NT 6.1; WOW64; rv:54.0) Gecko/20100101 Firefox/54.0"
95.143.230.128 - - [10/Jul/2017:17:03:47 +0200] "GET /gui/javascript/form_form.js?1499699027 HTTP/1.1" 200 16206 "http://ed.activities.at/entry.php?id=11677&" "Mozilla/5.0 (Windows NT 6.1; WOW64; rv:54.0) Gecko/20100101 Firefox/54.0"
95.143.230.128 - - [10/Jul/2017:17:03:47 +0200] "GET /entry.php?id=11678& HTTP/1.1" 200 3127 "http://ed.activities.at/entry.php?id=11679" "Mozilla/5.0 (Windows NT 6.1; WOW64; rv:54.0) Gecko/20100101 Firefox/54.0"
95.143.230.128 - - [10/Jul/2017:17:03:47 +0200] "GET /activities/framework/KoolControls/KoolAjax/koolajax.php?8436e354c842500aba3cbaf0584c0c24 HTTP/1.1" 200 4079 "http://ed.activities.at/entry.php?id=11678&" "Mozilla/5.0 (Windows NT 6.1; WOW64; rv:54.0) Gecko/20100101 Firefox/54.0"
95.143.230.128 - - [10/Jul/2017:17:03:47 +0200] "GET /entry.php?id=10676&title=Portal& HTTP/1.1" 200 1388 "http://ed.activities.at/entry.php?id=11679" "Mozilla/5.0 (Windows NT 6.1; WOW64; rv:54.0) Gecko/20100101 Firefox/54.0"
95.143.230.128 - - [10/Jul/2017:17:03:48 +0200] "GET /activities/framework/KoolControls/KoolTreeView/kooltreeview.php?c7cd9180e88ffef8e70f13526bb4f5f7 HTTP/1.1" 200 5055 "http://ed.activities.at/entry.php?id=11678&" "Mozilla/5.0 (Windows NT 6.1; WOW64; rv:54.0) Gecko/20100101 Firefox/54.0"
95.143.230.128 - - [10/Jul/2017:17:03:48 +0200] "GET /gui/javascript/form_form.js?1499699028 HTTP/1.1" 200 16206 "http://ed.activities.at/entry.php?id=10676&title=Portal&" "Mozilla/5.0 (Windows NT 6.1; WOW64; rv:54.0) Gecko/20100101 Firefox/54.0"
95.143.230.128 - - [10/Jul/2017:17:03:47 +0200] "GET /entry.php?id=11618&&object=&item=&emu_class= HTTP/1.1" 200 1699 "http://ed.activities.at/entry.php?id=11677&" "Mozilla/5.0 (Windows NT 6.1; WOW64; rv:54.0) Gecko/20100101 Firefox/54.0"
95.143.230.128 - - [10/Jul/2017:17:03:48 +0200] "POST /entry.php?id=11677 HTTP/1.1" 200 4414 "http://ed.activities.at/entry.php?id=11677&" "Mozilla/5.0 (Windows NT 6.1; WOW64; rv:54.0) Gecko/20100101 Firefox/54.0"
95.143.230.128 - - [10/Jul/2017:17:03:49 +0200] "POST /entry.php?id=11677 HTTP/1.1" 200 4414 "http://ed.activities.at/entry.php?id=11677" "Mozilla/5.0 (Windows NT 6.1; WOW64; rv:54.0) Gecko/20100101 Firefox/54.0"
95.143.230.128 - - [10/Jul/2017:17:03:49 +0200] "GET /gui/javascript/form_form.js?1499699029 HTTP/1.1" 200 16206 "http://ed.activities.at/entry.php?id=11677" "Mozilla/5.0 (Windows NT 6.1; WOW64; rv:54.0) Gecko/20100101 Firefox/54.0"
95.143.230.128 - - [10/Jul/2017:17:03:50 +0200] "POST /entry.php?id=11677 HTTP/1.1" 200 5062 "http://ed.activities.at/entry.php?id=11677" "Mozilla/5.0 (Windows NT 6.1; WOW64; rv:54.0) Gecko/20100101 Firefox/54.0"
95.143.230.128 - - [10/Jul/2017:17:03:50 +0200] "GET /gui/javascript/form_form.js?1499699030 HTTP/1.1" 200 16206 "http://ed.activities.at/entry.php?id=11677" "Mozilla/5.0 (Windows NT 6.1; WOW64; rv:54.0) Gecko/20100101 Firefox/54.0"
95.143.230.128 - - [10/Jul/2017:17:03:51 +0200] "GET /entry.php?id=11618&&object=&item=10290102&emu_class= HTTP/1.1" 200 1707 "http://ed.activities.at/entry.php?id=11677" "Mozilla/5.0 (Windows NT 6.1; WOW64; rv:54.0) Gecko/20100101 Firefox/54.0"
95.143.230.128 - - [10/Jul/2017:17:03:51 +0200] "GET /gui/javascript/form_form.js?1499699031 HTTP/1.1" 200 16206 "http://ed.activities.at/entry.php?id=11618&&object=&item=10290102&emu_class=" "Mozilla/5.0 (Windows NT 6.1; WOW64; rv:54.0) Gecko/20100101 Firefox/54.0"
95.143.230.128 - - [10/Jul/2017:17:04:04 +0200] "POST /entry.php?id=11677 HTTP/1.1" 200 4032 "http://ed.activities.at/entry.php?id=11677" "Mozilla/5.0 (Windows NT 6.1; WOW64; rv:54.0) Gecko/20100101 Firefox/54.0"
95.143.230.128 - - [10/Jul/2017:17:04:04 +0200] "GET /gui/javascript/form_form.js?1499699044 HTTP/1.1" 200 16206 "http://ed.activities.at/entry.php?id=11677" "Mozilla/5.0 (Windows NT 6.1; WOW64; rv:54.0) Gecko/20100101 Firefox/54.0"
95.143.230.128 - - [10/Jul/2017:17:04:17 +0200] "POST /entry.php?id=11677 HTTP/1.1" 200 4114 "http://ed.activities.at/entry.php?id=11677" "Mozilla/5.0 (Windows NT 6.1; WOW64; rv:54.0) Gecko/20100101 Firefox/54.0"
95.143.230.128 - - [10/Jul/2017:17:04:17 +0200] "GET /gui/javascript/form_form.js?1499699057 HTTP/1.1" 200 16206 "http://ed.activities.at/entry.php?id=11677" "Mozilla/5.0 (Windows NT 6.1; WOW64; rv:54.0) Gecko/20100101 Firefox/54.0"
212.108.43.59 - - [10/Jul/2017:17:04:21 +0200] "GET /entry.php?id=10271&&ser=699000 HTTP/1.1" 200 987 "http://ed.activities.at/entry.php?id=10271&&ser=698939" "Mozilla/5.0 (Windows NT 10.0; Win64; x64) AppleWebKit/537.36 (KHTML, like Gecko) Chrome/59.0.3071.115 Safari/537.36"
212.108.43.59 - - [10/Jul/2017:17:04:21 +0200] "GET /gui/javascript/form_form.js?1499699061 HTTP/1.1" 200 16206 "http://ed.activities.at/entry.php?id=10271&&ser=699000" "Mozilla/5.0 (Windows NT 10.0; Win64; x64) AppleWebKit/537.36 (KHTML, like Gecko) Chrome/59.0.3071.115 Safari/537.36"
95.143.230.128 - - [10/Jul/2017:17:04:32 +0200] "GET /entry.php?id=10271&&ser=699012 HTTP/1.1" 200 987 "http://ed.activities.at/entry.php?id=10271&&ser=698952" "Mozilla/5.0 (Windows NT 6.1; WOW64; rv:54.0) Gecko/20100101 Firefox/54.0"
95.143.230.128 - - [10/Jul/2017:17:04:32 +0200] "GET /gui/javascript/form_form.js?1499699072 HTTP/1.1" 200 16206 "http://ed.activities.at/entry.php?id=10271&&ser=699012" "Mozilla/5.0 (Windows NT 6.1; WOW64; rv:54.0) Gecko/20100101 Firefox/54.0"
95.143.230.128 - - [10/Jul/2017:17:04:50 +0200] "POST /entry.php?id=11677 HTTP/1.1" 200 5068 "http://ed.activities.at/entry.php?id=11677" "Mozilla/5.0 (Windows NT 6.1; WOW64; rv:54.0) Gecko/20100101 Firefox/54.0"
95.143.230.128 - - [10/Jul/2017:17:04:51 +0200] "GET /gui/javascript/form_form.js?1499699090 HTTP/1.1" 200 16206 "http://ed.activities.at/entry.php?id=11677" "Mozilla/5.0 (Windows NT 6.1; WOW64; rv:54.0) Gecko/20100101 Firefox/54.0"
95.143.230.128 - - [10/Jul/2017:17:04:51 +0200] "GET /entry.php?id=11618&&object=&item=10290102&emu_class= HTTP/1.1" 200 1709 "http://ed.activities.at/entry.php?id=11677" "Mozilla/5.0 (Windows NT 6.1; WOW64; rv:54.0) Gecko/20100101 Firefox/54.0"
95.143.230.128 - - [10/Jul/2017:17:04:51 +0200] "GET /gui/javascript/form_form.js?1499699091 HTTP/1.1" 200 16206 "http://ed.activities.at/entry.php?id=11618&&object=&item=10290102&emu_class=" "Mozilla/5.0 (Windows NT 6.1; WOW64; rv:54.0) Gecko/20100101 Firefox/54.0"
95.143.230.128 - - [10/Jul/2017:17:05:03 +0200] "POST /entry.php?id=11677 HTTP/1.1" 200 4039 "http://ed.activities.at/entry.php?id=11677" "Mozilla/5.0 (Windows NT 6.1; WOW64; rv:54.0) Gecko/20100101 Firefox/54.0"
95.143.230.128 - - [10/Jul/2017:17:05:04 +0200] "GET /gui/javascript/form_form.js?1499699103 HTTP/1.1" 200 16206 "http://ed.activities.at/entry.php?id=11677" "Mozilla/5.0 (Windows NT 6.1; WOW64; rv:54.0) Gecko/20100101 Firefox/54.0"
95.143.230.128 - - [10/Jul/2017:17:05:16 +0200] "GET /entry.php?id=11681 HTTP/1.1" 200 328 "http://ed.activities.at/entry.php?id=10270&__app__=10006038" "Mozilla/5.0 (Windows NT 6.1; WOW64; rv:54.0) Gecko/20100101 Firefox/54.0"
95.143.230.128 - - [10/Jul/2017:17:05:17 +0200] "GET /entry.php?id=10676&&title=Contentverwaltung HTTP/1.1" 200 1393 "http://ed.activities.at/entry.php?id=11681" "Mozilla/5.0 (Windows NT 6.1; WOW64; rv:54.0) Gecko/20100101 Firefox/54.0"
95.143.230.128 - - [10/Jul/2017:17:05:17 +0200] "GET /gui/javascript/form_form.js?1499699117 HTTP/1.1" 200 16206 "http://ed.activities.at/entry.php?id=10676&&title=Contentverwaltung" "Mozilla/5.0 (Windows NT 6.1; WOW64; rv:54.0) Gecko/20100101 Firefox/54.0"
95.143.230.128 - - [10/Jul/2017:17:05:17 +0200] "GET /entry.php?id=11683& HTTP/1.1" 200 2625 "http://ed.activities.at/entry.php?id=11681" "Mozilla/5.0 (Windows NT 6.1; WOW64; rv:54.0) Gecko/20100101 Firefox/54.0"
95.143.230.128 - - [10/Jul/2017:17:05:17 +0200] "GET /entry.php?id=11684& HTTP/1.1" 200 3806 "http://ed.activities.at/entry.php?id=11681" "Mozilla/5.0 (Windows NT 6.1; WOW64; rv:54.0) Gecko/20100101 Firefox/54.0"
95.143.230.128 - - [10/Jul/2017:17:05:17 +0200] "GET /entry.php?id=10776&form=11508&name=list& HTTP/1.1" 200 1851 "http://ed.activities.at/entry.php?id=11683&" "Mozilla/5.0 (Windows NT 6.1; WOW64; rv:54.0) Gecko/20100101 Firefox/54.0"
95.143.230.128 - - [10/Jul/2017:17:05:17 +0200] "GET /entry.php?id=10778&form=11508&name=list& HTTP/1.1" 200 2617 "http://ed.activities.at/entry.php?id=11683&" "Mozilla/5.0 (Windows NT 6.1; WOW64; rv:54.0) Gecko/20100101 Firefox/54.0"
212.108.43.59 - - [10/Jul/2017:17:05:22 +0200] "GET /entry.php?id=10271&&ser=699061 HTTP/1.1" 200 987 "http://ed.activities.at/entry.php?id=10271&&ser=699000" "Mozilla/5.0 (Windows NT 10.0; Win64; x64) AppleWebKit/537.36 (KHTML, like Gecko) Chrome/59.0.3071.115 Safari/537.36"
212.108.43.59 - - [10/Jul/2017:17:05:22 +0200] "GET /gui/javascript/form_form.js?1499699122 HTTP/1.1" 200 16206 "http://ed.activities.at/entry.php?id=10271&&ser=699061" "Mozilla/5.0 (Windows NT 10.0; Win64; x64) AppleWebKit/537.36 (KHTML, like Gecko) Chrome/59.0.3071.115 Safari/537.36"
95.143.230.128 - - [10/Jul/2017:17:05:33 +0200] "GET /entry.php?id=10271&&ser=699072 HTTP/1.1" 200 987 "http://ed.activities.at/entry.php?id=10271&&ser=699012" "Mozilla/5.0 (Windows NT 6.1; WOW64; rv:54.0) Gecko/20100101 Firefox/54.0"
95.143.230.128 - - [10/Jul/2017:17:05:33 +0200] "GET /gui/javascript/form_form.js?1499699133 HTTP/1.1" 200 16206 "http://ed.activities.at/entry.php?id=10271&&ser=699072" "Mozilla/5.0 (Windows NT 6.1; WOW64; rv:54.0) Gecko/20100101 Firefox/54.0"
95.143.230.128 - - [10/Jul/2017:17:05:58 +0200] "GET /entry.php?id=11681 HTTP/1.1" 200 328 "http://ed.activities.at/entry.php?id=10270&__app__=10006038" "Mozilla/5.0 (Windows NT 6.1; WOW64; rv:54.0) Gecko/20100101 Firefox/54.0"
95.143.230.128 - - [10/Jul/2017:17:05:59 +0200] "GET /entry.php?id=10676&&title=Contentverwaltung HTTP/1.1" 200 1392 "http://ed.activities.at/entry.php?id=11681" "Mozilla/5.0 (Windows NT 6.1; WOW64; rv:54.0) Gecko/20100101 Firefox/54.0"
95.143.230.128 - - [10/Jul/2017:17:05:59 +0200] "GET /gui/javascript/form_form.js?1499699159 HTTP/1.1" 200 16206 "http://ed.activities.at/entry.php?id=10676&&title=Contentverwaltung" "Mozilla/5.0 (Windows NT 6.1; WOW64; rv:54.0) Gecko/20100101 Firefox/54.0"
95.143.230.128 - - [10/Jul/2017:17:05:59 +0200] "GET /entry.php?id=11684& HTTP/1.1" 200 3805 "http://ed.activities.at/entry.php?id=11681" "Mozilla/5.0 (Windows NT 6.1; WOW64; rv:54.0) Gecko/20100101 Firefox/54.0"
95.143.230.128 - - [10/Jul/2017:17:05:59 +0200] "GET /entry.php?id=11683& HTTP/1.1" 200 2624 "http://ed.activities.at/entry.php?id=11681" "Mozilla/5.0 (Windows NT 6.1; WOW64; rv:54.0) Gecko/20100101 Firefox/54.0"
95.143.230.128 - - [10/Jul/2017:17:05:59 +0200] "GET /entry.php?id=10776&form=11508&name=list& HTTP/1.1" 200 1851 "http://ed.activities.at/entry.php?id=11683&" "Mozilla/5.0 (Windows NT 6.1; WOW64; rv:54.0) Gecko/20100101 Firefox/54.0"
95.143.230.128 - - [10/Jul/2017:17:05:59 +0200] "GET /entry.php?id=10778&form=11508&name=list& HTTP/1.1" 200 2617 "http://ed.activities.at/entry.php?id=11683&" "Mozilla/5.0 (Windows NT 6.1; WOW64; rv:54.0) Gecko/20100101 Firefox/54.0"
95.143.230.128 - - [10/Jul/2017:17:06:03 +0200] "POST /entry.php?id=11684 HTTP/1.1" 200 3785 "http://ed.activities.at/entry.php?id=11684&" "Mozilla/5.0 (Windows NT 6.1; WOW64; rv:54.0) Gecko/20100101 Firefox/54.0"
95.143.230.128 - - [10/Jul/2017:17:06:03 +0200] "GET /gui/javascript/form_form.js?1499699163 HTTP/1.1" 200 16206 "http://ed.activities.at/entry.php?id=11684" "Mozilla/5.0 (Windows NT 6.1; WOW64; rv:54.0) Gecko/20100101 Firefox/54.0"
