95.143.230.128 - - [10/Jul/2017:15:27:22 +0200] "GET /entry.php?id=10273 HTTP/1.1" 200 2014 "http://ed.activities.at/layout.php" "Mozilla/5.0 (Windows NT 6.1; WOW64; rv:54.0) Gecko/20100101 Firefox/54.0"
95.143.230.128 - - [10/Jul/2017:15:27:22 +0200] "GET /entry.php?id=10270 HTTP/1.1" 200 908 "http://ed.activities.at/layout.php" "Mozilla/5.0 (Windows NT 6.1; WOW64; rv:54.0) Gecko/20100101 Firefox/54.0"
95.143.230.128 - - [10/Jul/2017:15:27:22 +0200] "GET /entry.php?id=10272 HTTP/1.1" 200 1159 "http://ed.activities.at/layout.php" "Mozilla/5.0 (Windows NT 6.1; WOW64; rv:54.0) Gecko/20100101 Firefox/54.0"
95.143.230.128 - - [10/Jul/2017:15:27:23 +0200] "GET /gui/javascript/form_form.js?1499693243 HTTP/1.1" 200 16206 "http://ed.activities.at/entry.php?id=10273" "Mozilla/5.0 (Windows NT 6.1; WOW64; rv:54.0) Gecko/20100101 Firefox/54.0"
95.143.230.128 - - [10/Jul/2017:15:27:22 +0200] "GET /entry.php?id=11412 HTTP/1.1" 200 1766 "http://ed.activities.at/layout.php" "Mozilla/5.0 (Windows NT 6.1; WOW64; rv:54.0) Gecko/20100101 Firefox/54.0"
95.143.230.128 - - [10/Jul/2017:15:27:23 +0200] "GET /framework/webfx/style/toolbar/images/cbback.gif HTTP/1.1" 404 314 "http://ed.activities.at/framework/webfx/style/toolbar/cb2.css" "Mozilla/5.0 (Windows NT 6.1; WOW64; rv:54.0) Gecko/20100101 Firefox/54.0"
95.143.230.128 - - [10/Jul/2017:15:27:23 +0200] "GET /entry.php?id=10271& HTTP/1.1" 200 987 "http://ed.activities.at/entry.php?id=10272" "Mozilla/5.0 (Windows NT 6.1; WOW64; rv:54.0) Gecko/20100101 Firefox/54.0"
95.143.230.128 - - [10/Jul/2017:15:27:23 +0200] "GET /entry.php?id=10270&__app__=10006038 HTTP/1.1" 200 1650 "http://ed.activities.at/entry.php?id=10273" "Mozilla/5.0 (Windows NT 6.1; WOW64; rv:54.0) Gecko/20100101 Firefox/54.0"
95.143.230.128 - - [10/Jul/2017:15:27:23 +0200] "GET /undefined HTTP/1.1" 404 285 "http://ed.activities.at/entry.php?id=10270&__app__=10006038" "Mozilla/5.0 (Windows NT 6.1; WOW64; rv:54.0) Gecko/20100101 Firefox/54.0"
95.143.230.128 - - [10/Jul/2017:15:27:23 +0200] "GET /entry.php?id=10287 HTTP/1.1" 200 1878 "http://ed.activities.at/entry.php?id=11412" "Mozilla/5.0 (Windows NT 6.1; WOW64; rv:54.0) Gecko/20100101 Firefox/54.0"
80.122.130.46 - - [10/Jul/2017:15:27:27 +0200] "POST /entry.php?id=11671 HTTP/1.1" 200 3435 "http://ed.activities.at/entry.php?id=11671" "Mozilla/5.0 (Windows NT 10.0; Win64; x64) AppleWebKit/537.36 (KHTML, like Gecko) Chrome/51.0.2704.79 Safari/537.36 Edge/14.14393"
80.122.130.46 - - [10/Jul/2017:15:27:28 +0200] "GET /gui/javascript/form_form.js?1499693247 HTTP/1.1" 200 16206 "http://ed.activities.at/entry.php?id=11671" "Mozilla/5.0 (Windows NT 10.0; Win64; x64) AppleWebKit/537.36 (KHTML, like Gecko) Chrome/51.0.2704.79 Safari/537.36 Edge/14.14393"
80.122.130.46 - - [10/Jul/2017:15:27:28 +0200] "GET /framework/webfx/javascript/tinymce/skins/lightgray/content.min.css HTTP/1.1" 404 327 "http://ed.activities.at/entry.php?id=11671" "Mozilla/5.0 (Windows NT 10.0; Win64; x64) AppleWebKit/537.36 (KHTML, like Gecko) Chrome/51.0.2704.79 Safari/537.36 Edge/14.14393"
95.143.230.128 - - [10/Jul/2017:15:27:28 +0200] "GET /entry.php?id=11664 HTTP/1.1" 200 343 "http://ed.activities.at/entry.php?id=10270&__app__=10006038" "Mozilla/5.0 (Windows NT 6.1; WOW64; rv:54.0) Gecko/20100101 Firefox/54.0"
95.143.230.128 - - [10/Jul/2017:15:27:28 +0200] "GET /entry.php?id=10676&&title=Standorte HTTP/1.1" 200 1389 "http://ed.activities.at/entry.php?id=11664" "Mozilla/5.0 (Windows NT 6.1; WOW64; rv:54.0) Gecko/20100101 Firefox/54.0"
95.143.230.128 - - [10/Jul/2017:15:27:28 +0200] "GET /gui/javascript/form_form.js?1499693248 HTTP/1.1" 200 16206 "http://ed.activities.at/entry.php?id=10676&&title=Standorte" "Mozilla/5.0 (Windows NT 6.1; WOW64; rv:54.0) Gecko/20100101 Firefox/54.0"
95.143.230.128 - - [10/Jul/2017:15:27:28 +0200] "GET /entry.php?id=11697& HTTP/1.1" 200 2603 "http://ed.activities.at/entry.php?id=11664" "Mozilla/5.0 (Windows NT 6.1; WOW64; rv:54.0) Gecko/20100101 Firefox/54.0"
95.143.230.128 - - [10/Jul/2017:15:27:28 +0200] "GET /entry.php?id=11666& HTTP/1.1" 200 3735 "http://ed.activities.at/entry.php?id=11664" "Mozilla/5.0 (Windows NT 6.1; WOW64; rv:54.0) Gecko/20100101 Firefox/54.0"
95.143.230.128 - - [10/Jul/2017:15:27:29 +0200] "GET /gui/javascript/form_form.js?1499693249 HTTP/1.1" 200 16206 "http://ed.activities.at/entry.php?id=11666&" "Mozilla/5.0 (Windows NT 6.1; WOW64; rv:54.0) Gecko/20100101 Firefox/54.0"
95.143.230.128 - - [10/Jul/2017:15:27:28 +0200] "GET /entry.php?id=10776&form=11522&name=list& HTTP/1.1" 200 2254 "http://ed.activities.at/entry.php?id=11697&" "Mozilla/5.0 (Windows NT 6.1; WOW64; rv:54.0) Gecko/20100101 Firefox/54.0"
95.143.230.128 - - [10/Jul/2017:15:27:28 +0200] "GET /entry.php?id=10271&&ser=693188 HTTP/1.1" 200 987 "http://ed.activities.at/entry.php?id=10271&&ser=693127" "Mozilla/5.0 (Windows NT 6.1; WOW64; rv:54.0) Gecko/20100101 Firefox/54.0"
95.143.230.128 - - [10/Jul/2017:15:27:28 +0200] "GET /entry.php?id=10778&form=11522&name=list& HTTP/1.1" 200 3271 "http://ed.activities.at/entry.php?id=11697&" "Mozilla/5.0 (Windows NT 6.1; WOW64; rv:54.0) Gecko/20100101 Firefox/54.0"
95.143.230.128 - - [10/Jul/2017:15:27:28 +0200] "GET /entry.php?id=11665& HTTP/1.1" 200 2317 "http://ed.activities.at/entry.php?id=11664" "Mozilla/5.0 (Windows NT 6.1; WOW64; rv:54.0) Gecko/20100101 Firefox/54.0"
95.143.230.128 - - [10/Jul/2017:15:27:29 +0200] "GET /entry.php?id=10776&form=11490&name=list& HTTP/1.1" 200 2009 "http://ed.activities.at/entry.php?id=11665&" "Mozilla/5.0 (Windows NT 6.1; WOW64; rv:54.0) Gecko/20100101 Firefox/54.0"
95.143.230.128 - - [10/Jul/2017:15:27:29 +0200] "GET /entry.php?id=10778&form=11490&name=list& HTTP/1.1" 200 2763 "http://ed.activities.at/entry.php?id=11665&" "Mozilla/5.0 (Windows NT 6.1; WOW64; rv:54.0) Gecko/20100101 Firefox/54.0"
95.143.230.128 - - [10/Jul/2017:15:27:34 +0200] "GET /entry.php?id=10271&&ser=693193 HTTP/1.1" 200 987 "http://ed.activities.at/entry.php?id=10271&&ser=693133" "Mozilla/5.0 (Windows NT 6.1; WOW64; rv:54.0) Gecko/20100101 Firefox/54.0"
95.143.230.128 - - [10/Jul/2017:15:27:34 +0200] "GET /gui/javascript/form_form.js?1499693254 HTTP/1.1" 200 16206 "http://ed.activities.at/entry.php?id=10271&&ser=693193" "Mozilla/5.0 (Windows NT 6.1; WOW64; rv:54.0) Gecko/20100101 Firefox/54.0"
95.143.230.128 - - [10/Jul/2017:15:27:34 +0200] "POST /entry.php?id=11666 HTTP/1.1" 200 2350 "http://ed.activities.at/entry.php?id=11666&" "Mozilla/5.0 (Windows NT 6.1; WOW64; rv:54.0) Gecko/20100101 Firefox/54.0"
95.143.230.128 - - [10/Jul/2017:15:27:34 +0200] "GET /entry.php?id=10646&&object=10221912&hiddetabs=true HTTP/1.1" 200 2159 "http://ed.activities.at/entry.php?id=11666" "Mozilla/5.0 (Windows NT 6.1; WOW64; rv:54.0) Gecko/20100101 Firefox/54.0"
95.143.230.128 - - [10/Jul/2017:15:27:35 +0200] "GET /gui/javascript/form_form.js?1499693255 HTTP/1.1" 200 16206 "http://ed.activities.at/entry.php?id=10646&&object=10221912&hiddetabs=true" "Mozilla/5.0 (Windows NT 6.1; WOW64; rv:54.0) Gecko/20100101 Firefox/54.0"
95.143.230.128 - - [10/Jul/2017:15:27:35 +0200] "GET /entry.php?id=10778&form=10490&name=list& HTTP/1.1" 200 2942 "http://ed.activities.at/entry.php?id=10646&&object=10221912&hiddetabs=true" "Mozilla/5.0 (Windows NT 6.1; WOW64; rv:54.0) Gecko/20100101 Firefox/54.0"
95.143.230.128 - - [10/Jul/2017:15:27:35 +0200] "GET /entry.php?id=10776&form=10490&name=list& HTTP/1.1" 200 1419 "http://ed.activities.at/entry.php?id=10646&&object=10221912&hiddetabs=true" "Mozilla/5.0 (Windows NT 6.1; WOW64; rv:54.0) Gecko/20100101 Firefox/54.0"
95.143.230.128 - - [10/Jul/2017:15:27:38 +0200] "GET /entry.php?id=10271&&ser=693197 HTTP/1.1" 200 987 "http://ed.activities.at/entry.php?id=10271&&ser=693137" "Mozilla/5.0 (Windows NT 6.1; WOW64; rv:54.0) Gecko/20100101 Firefox/54.0"
95.143.230.128 - - [10/Jul/2017:15:27:38 +0200] "GET /gui/javascript/form_form.js?1499693258 HTTP/1.1" 200 16206 "http://ed.activities.at/entry.php?id=10271&&ser=693197" "Mozilla/5.0 (Windows NT 6.1; WOW64; rv:54.0) Gecko/20100101 Firefox/54.0"
95.143.230.128 - - [10/Jul/2017:15:27:41 +0200] "POST /entry.php?id=11666 HTTP/1.1" 200 3735 "http://ed.activities.at/entry.php?id=11666" "Mozilla/5.0 (Windows NT 6.1; WOW64; rv:54.0) Gecko/20100101 Firefox/54.0"
95.143.230.128 - - [10/Jul/2017:15:27:41 +0200] "GET /gui/javascript/form_form.js?1499693261 HTTP/1.1" 200 16206 "http://ed.activities.at/entry.php?id=11666" "Mozilla/5.0 (Windows NT 6.1; WOW64; rv:54.0) Gecko/20100101 Firefox/54.0"
95.143.230.128 - - [10/Jul/2017:15:27:41 +0200] "GET /entry.php?id=10271&&ser=693201 HTTP/1.1" 200 987 "http://ed.activities.at/entry.php?id=10271&&ser=693140" "Mozilla/5.0 (Windows NT 6.1; WOW64; rv:54.0) Gecko/20100101 Firefox/54.0"
95.143.230.128 - - [10/Jul/2017:15:27:44 +0200] "GET /entry.php?id=10271&&ser=693203 HTTP/1.1" 200 987 "http://ed.activities.at/entry.php?id=10271&&ser=693143" "Mozilla/5.0 (Windows NT 6.1; WOW64; rv:54.0) Gecko/20100101 Firefox/54.0"
95.143.230.128 - - [10/Jul/2017:15:27:44 +0200] "GET /gui/javascript/form_form.js?1499693264 HTTP/1.1" 200 16206 "http://ed.activities.at/entry.php?id=10271&&ser=693203" "Mozilla/5.0 (Windows NT 6.1; WOW64; rv:54.0) Gecko/20100101 Firefox/54.0"
95.143.230.128 - - [10/Jul/2017:15:27:47 +0200] "POST /entry.php?id=11666 HTTP/1.1" 200 3736 "http://ed.activities.at/entry.php?id=11666" "Mozilla/5.0 (Windows NT 6.1; WOW64; rv:54.0) Gecko/20100101 Firefox/54.0"
95.143.230.128 - - [10/Jul/2017:15:27:47 +0200] "GET /gui/javascript/form_form.js?1499693267 HTTP/1.1" 200 16206 "http://ed.activities.at/entry.php?id=11666" "Mozilla/5.0 (Windows NT 6.1; WOW64; rv:54.0) Gecko/20100101 Firefox/54.0"
80.122.130.46 - - [10/Jul/2017:15:27:53 +0200] "GET /entry.php?id=10271&&ser=693213 HTTP/1.1" 200 986 "http://ed.activities.at/entry.php?id=10271&&ser=693152" "Mozilla/5.0 (Windows NT 10.0; Win64; x64) AppleWebKit/537.36 (KHTML, like Gecko) Chrome/51.0.2704.79 Safari/537.36 Edge/14.14393"
80.122.130.46 - - [10/Jul/2017:15:27:54 +0200] "GET /gui/javascript/form_form.js?1499693274 HTTP/1.1" 200 16206 "http://ed.activities.at/entry.php?id=10271&&ser=693213" "Mozilla/5.0 (Windows NT 10.0; Win64; x64) AppleWebKit/537.36 (KHTML, like Gecko) Chrome/51.0.2704.79 Safari/537.36 Edge/14.14393"
80.122.130.46 - - [10/Jul/2017:15:28:11 +0200] "POST /entry.php?id=11671 HTTP/1.1" 200 3468 "http://ed.activities.at/entry.php?id=11671" "Mozilla/5.0 (Windows NT 10.0; Win64; x64) AppleWebKit/537.36 (KHTML, like Gecko) Chrome/51.0.2704.79 Safari/537.36 Edge/14.14393"
80.122.130.46 - - [10/Jul/2017:15:28:12 +0200] "GET /gui/javascript/form_form.js?1499693292 HTTP/1.1" 200 16206 "http://ed.activities.at/entry.php?id=11671" "Mozilla/5.0 (Windows NT 10.0; Win64; x64) AppleWebKit/537.36 (KHTML, like Gecko) Chrome/51.0.2704.79 Safari/537.36 Edge/14.14393"
80.122.130.46 - - [10/Jul/2017:15:28:12 +0200] "GET /framework/webfx/javascript/tinymce/skins/lightgray/content.min.css HTTP/1.1" 404 327 "http://ed.activities.at/entry.php?id=11671" "Mozilla/5.0 (Windows NT 10.0; Win64; x64) AppleWebKit/537.36 (KHTML, like Gecko) Chrome/51.0.2704.79 Safari/537.36 Edge/14.14393"
80.122.130.46 - - [10/Jul/2017:15:28:17 +0200] "POST /entry.php?id=11671 HTTP/1.1" 200 4824 "http://ed.activities.at/entry.php?id=11671" "Mozilla/5.0 (Windows NT 10.0; Win64; x64) AppleWebKit/537.36 (KHTML, like Gecko) Chrome/51.0.2704.79 Safari/537.36 Edge/14.14393"
95.143.230.128 - - [10/Jul/2017:15:28:18 +0200] "GET /entry.php?id=10271&&ser=693237 HTTP/1.1" 200 987 "http://ed.activities.at/entry.php?id=10271&&ser=693177" "Mozilla/5.0 (Windows NT 6.1; WOW64; rv:54.0) Gecko/20100101 Firefox/54.0"
95.143.230.128 - - [10/Jul/2017:15:28:18 +0200] "GET /gui/javascript/form_form.js?1499693298 HTTP/1.1" 200 16206 "http://ed.activities.at/entry.php?id=10271&&ser=693237" "Mozilla/5.0 (Windows NT 6.1; WOW64; rv:54.0) Gecko/20100101 Firefox/54.0"
80.122.130.46 - - [10/Jul/2017:15:28:18 +0200] "GET /gui/javascript/form_form.js?1499693298 HTTP/1.1" 200 16206 "http://ed.activities.at/entry.php?id=11671" "Mozilla/5.0 (Windows NT 10.0; Win64; x64) AppleWebKit/537.36 (KHTML, like Gecko) Chrome/51.0.2704.79 Safari/537.36 Edge/14.14393"
80.122.130.46 - - [10/Jul/2017:15:28:18 +0200] "GET /entry.php?id=10778&form=11496&name=list& HTTP/1.1" 200 5819 "http://ed.activities.at/entry.php?id=11671" "Mozilla/5.0 (Windows NT 10.0; Win64; x64) AppleWebKit/537.36 (KHTML, like Gecko) Chrome/51.0.2704.79 Safari/537.36 Edge/14.14393"
80.122.130.46 - - [10/Jul/2017:15:28:18 +0200] "GET /entry.php?id=10776&form=11496&name=list& HTTP/1.1" 200 1519 "http://ed.activities.at/entry.php?id=11671" "Mozilla/5.0 (Windows NT 10.0; Win64; x64) AppleWebKit/537.36 (KHTML, like Gecko) Chrome/51.0.2704.79 Safari/537.36 Edge/14.14393"
95.143.230.128 - - [10/Jul/2017:15:28:20 +0200] "GET /entry.php?id=10271&&ser=693240 HTTP/1.1" 200 987 "http://ed.activities.at/entry.php?id=10271&&ser=693179" "Mozilla/5.0 (Windows NT 6.1; WOW64; rv:54.0) Gecko/20100101 Firefox/54.0"
95.143.230.128 - - [10/Jul/2017:15:28:20 +0200] "GET /gui/javascript/form_form.js?1499693300 HTTP/1.1" 200 16206 "http://ed.activities.at/entry.php?id=10271&&ser=693240" "Mozilla/5.0 (Windows NT 6.1; WOW64; rv:54.0) Gecko/20100101 Firefox/54.0"
95.143.230.128 - - [10/Jul/2017:15:28:23 +0200] "GET /entry.php?id=10271&&ser=693243 HTTP/1.1" 200 988 "http://ed.activities.at/entry.php?id=10271&" "Mozilla/5.0 (Windows NT 6.1; WOW64; rv:54.0) Gecko/20100101 Firefox/54.0"
95.143.230.128 - - [10/Jul/2017:15:28:23 +0200] "GET /gui/javascript/form_form.js?1499693303 HTTP/1.1" 200 16206 "http://ed.activities.at/entry.php?id=10271&&ser=693243" "Mozilla/5.0 (Windows NT 6.1; WOW64; rv:54.0) Gecko/20100101 Firefox/54.0"
95.143.230.128 - - [10/Jul/2017:15:28:29 +0200] "GET /entry.php?id=10271&&ser=693249 HTTP/1.1" 200 987 "http://ed.activities.at/entry.php?id=10271&&ser=693188" "Mozilla/5.0 (Windows NT 6.1; WOW64; rv:54.0) Gecko/20100101 Firefox/54.0"
95.143.230.128 - - [10/Jul/2017:15:28:29 +0200] "GET /gui/javascript/form_form.js?1499693309 HTTP/1.1" 200 16206 "http://ed.activities.at/entry.php?id=10271&&ser=693249" "Mozilla/5.0 (Windows NT 6.1; WOW64; rv:54.0) Gecko/20100101 Firefox/54.0"
95.143.230.128 - - [10/Jul/2017:15:28:34 +0200] "GET /entry.php?id=10271&&ser=693254 HTTP/1.1" 200 987 "http://ed.activities.at/entry.php?id=10271&&ser=693193" "Mozilla/5.0 (Windows NT 6.1; WOW64; rv:54.0) Gecko/20100101 Firefox/54.0"
95.143.230.128 - - [10/Jul/2017:15:28:34 +0200] "GET /gui/javascript/form_form.js?1499693314 HTTP/1.1" 200 16206 "http://ed.activities.at/entry.php?id=10271&&ser=693254" "Mozilla/5.0 (Windows NT 6.1; WOW64; rv:54.0) Gecko/20100101 Firefox/54.0"
95.143.230.128 - - [10/Jul/2017:15:28:38 +0200] "GET /entry.php?id=10271&&ser=693258 HTTP/1.1" 200 987 "http://ed.activities.at/entry.php?id=10271&&ser=693197" "Mozilla/5.0 (Windows NT 6.1; WOW64; rv:54.0) Gecko/20100101 Firefox/54.0"
95.143.230.128 - - [10/Jul/2017:15:28:38 +0200] "GET /gui/javascript/form_form.js?1499693318 HTTP/1.1" 200 16206 "http://ed.activities.at/entry.php?id=10271&&ser=693258" "Mozilla/5.0 (Windows NT 6.1; WOW64; rv:54.0) Gecko/20100101 Firefox/54.0"
80.122.130.46 - - [10/Jul/2017:15:28:39 +0200] "POST /entry.php?id=11671 HTTP/1.1" 200 3236 "http://ed.activities.at/entry.php?id=11671" "Mozilla/5.0 (Windows NT 10.0; Win64; x64) AppleWebKit/537.36 (KHTML, like Gecko) Chrome/51.0.2704.79 Safari/537.36 Edge/14.14393"
80.122.130.46 - - [10/Jul/2017:15:28:40 +0200] "GET /gui/javascript/form_form.js?1499693320 HTTP/1.1" 200 16206 "http://ed.activities.at/entry.php?id=11671" "Mozilla/5.0 (Windows NT 10.0; Win64; x64) AppleWebKit/537.36 (KHTML, like Gecko) Chrome/51.0.2704.79 Safari/537.36 Edge/14.14393"
80.122.130.46 - - [10/Jul/2017:15:28:40 +0200] "GET /framework/webfx/javascript/tinymce/skins/lightgray/content.min.css HTTP/1.1" 404 327 "http://ed.activities.at/entry.php?id=11671" "Mozilla/5.0 (Windows NT 10.0; Win64; x64) AppleWebKit/537.36 (KHTML, like Gecko) Chrome/51.0.2704.79 Safari/537.36 Edge/14.14393"
95.143.230.128 - - [10/Jul/2017:15:28:42 +0200] "GET /entry.php?id=10271&&ser=693261 HTTP/1.1" 200 987 "http://ed.activities.at/entry.php?id=10271&&ser=693201" "Mozilla/5.0 (Windows NT 6.1; WOW64; rv:54.0) Gecko/20100101 Firefox/54.0"
95.143.230.128 - - [10/Jul/2017:15:28:42 +0200] "GET /gui/javascript/form_form.js?1499693322 HTTP/1.1" 200 16206 "http://ed.activities.at/entry.php?id=10271&&ser=693261" "Mozilla/5.0 (Windows NT 6.1; WOW64; rv:54.0) Gecko/20100101 Firefox/54.0"
80.122.130.46 - - [10/Jul/2017:15:28:43 +0200] "POST /entry.php?id=11671 HTTP/1.1" 200 4824 "http://ed.activities.at/entry.php?id=11671" "Mozilla/5.0 (Windows NT 10.0; Win64; x64) AppleWebKit/537.36 (KHTML, like Gecko) Chrome/51.0.2704.79 Safari/537.36 Edge/14.14393"
80.122.130.46 - - [10/Jul/2017:15:28:44 +0200] "GET /gui/javascript/form_form.js?1499693324 HTTP/1.1" 200 16206 "http://ed.activities.at/entry.php?id=11671" "Mozilla/5.0 (Windows NT 10.0; Win64; x64) AppleWebKit/537.36 (KHTML, like Gecko) Chrome/51.0.2704.79 Safari/537.36 Edge/14.14393"
80.122.130.46 - - [10/Jul/2017:15:28:44 +0200] "GET /entry.php?id=10778&form=11496&name=list& HTTP/1.1" 200 5819 "http://ed.activities.at/entry.php?id=11671" "Mozilla/5.0 (Windows NT 10.0; Win64; x64) AppleWebKit/537.36 (KHTML, like Gecko) Chrome/51.0.2704.79 Safari/537.36 Edge/14.14393"
80.122.130.46 - - [10/Jul/2017:15:28:44 +0200] "GET /entry.php?id=10776&form=11496&name=list& HTTP/1.1" 200 1519 "http://ed.activities.at/entry.php?id=11671" "Mozilla/5.0 (Windows NT 10.0; Win64; x64) AppleWebKit/537.36 (KHTML, like Gecko) Chrome/51.0.2704.79 Safari/537.36 Edge/14.14393"
95.143.230.128 - - [10/Jul/2017:15:28:44 +0200] "GET /entry.php?id=10271&&ser=693264 HTTP/1.1" 200 987 "http://ed.activities.at/entry.php?id=10271&&ser=693203" "Mozilla/5.0 (Windows NT 6.1; WOW64; rv:54.0) Gecko/20100101 Firefox/54.0"
95.143.230.128 - - [10/Jul/2017:15:28:44 +0200] "GET /gui/javascript/form_form.js?1499693324 HTTP/1.1" 200 16206 "http://ed.activities.at/entry.php?id=10271&&ser=693264" "Mozilla/5.0 (Windows NT 6.1; WOW64; rv:54.0) Gecko/20100101 Firefox/54.0"
80.122.130.46 - - [10/Jul/2017:15:28:45 +0200] "POST /entry.php?id=11671 HTTP/1.1" 200 5005 "http://ed.activities.at/entry.php?id=11671" "Mozilla/5.0 (Windows NT 10.0; Win64; x64) AppleWebKit/537.36 (KHTML, like Gecko) Chrome/51.0.2704.79 Safari/537.36 Edge/14.14393"
80.122.130.46 - - [10/Jul/2017:15:28:47 +0200] "GET /gui/javascript/form_form.js?1499693326 HTTP/1.1" 200 16206 "http://ed.activities.at/entry.php?id=11671" "Mozilla/5.0 (Windows NT 10.0; Win64; x64) AppleWebKit/537.36 (KHTML, like Gecko) Chrome/51.0.2704.79 Safari/537.36 Edge/14.14393"
80.122.130.46 - - [10/Jul/2017:15:28:47 +0200] "GET /entry.php?id=10778&form=11496&name=list& HTTP/1.1" 200 5819 "http://ed.activities.at/entry.php?id=11671" "Mozilla/5.0 (Windows NT 10.0; Win64; x64) AppleWebKit/537.36 (KHTML, like Gecko) Chrome/51.0.2704.79 Safari/537.36 Edge/14.14393"
80.122.130.46 - - [10/Jul/2017:15:28:47 +0200] "GET /entry.php?id=10776&form=11496&name=list& HTTP/1.1" 200 1519 "http://ed.activities.at/entry.php?id=11671" "Mozilla/5.0 (Windows NT 10.0; Win64; x64) AppleWebKit/537.36 (KHTML, like Gecko) Chrome/51.0.2704.79 Safari/537.36 Edge/14.14393"
80.122.130.46 - - [10/Jul/2017:15:28:54 +0200] "GET /entry.php?id=10271&&ser=693274 HTTP/1.1" 200 988 "http://ed.activities.at/entry.php?id=10271&&ser=693213" "Mozilla/5.0 (Windows NT 10.0; Win64; x64) AppleWebKit/537.36 (KHTML, like Gecko) Chrome/51.0.2704.79 Safari/537.36 Edge/14.14393"
80.122.130.46 - - [10/Jul/2017:15:28:54 +0200] "GET /gui/javascript/form_form.js?1499693334 HTTP/1.1" 200 16206 "http://ed.activities.at/entry.php?id=10271&&ser=693274" "Mozilla/5.0 (Windows NT 10.0; Win64; x64) AppleWebKit/537.36 (KHTML, like Gecko) Chrome/51.0.2704.79 Safari/537.36 Edge/14.14393"
95.143.230.128 - - [10/Jul/2017:15:29:18 +0200] "GET /entry.php?id=10271&&ser=693298 HTTP/1.1" 200 987 "http://ed.activities.at/entry.php?id=10271&&ser=693237" "Mozilla/5.0 (Windows NT 6.1; WOW64; rv:54.0) Gecko/20100101 Firefox/54.0"
95.143.230.128 - - [10/Jul/2017:15:29:19 +0200] "GET /gui/javascript/form_form.js?1499693358 HTTP/1.1" 200 16206 "http://ed.activities.at/entry.php?id=10271&&ser=693298" "Mozilla/5.0 (Windows NT 6.1; WOW64; rv:54.0) Gecko/20100101 Firefox/54.0"
95.143.230.128 - - [10/Jul/2017:15:29:20 +0200] "GET /entry.php?id=10271&&ser=693300 HTTP/1.1" 200 987 "http://ed.activities.at/entry.php?id=10271&&ser=693240" "Mozilla/5.0 (Windows NT 6.1; WOW64; rv:54.0) Gecko/20100101 Firefox/54.0"
95.143.230.128 - - [10/Jul/2017:15:29:20 +0200] "GET /gui/javascript/form_form.js?1499693360 HTTP/1.1" 200 16206 "http://ed.activities.at/entry.php?id=10271&&ser=693300" "Mozilla/5.0 (Windows NT 6.1; WOW64; rv:54.0) Gecko/20100101 Firefox/54.0"
95.143.230.128 - - [10/Jul/2017:15:29:24 +0200] "GET /entry.php?id=10271&&ser=693303 HTTP/1.1" 200 987 "http://ed.activities.at/entry.php?id=10271&&ser=693243" "Mozilla/5.0 (Windows NT 6.1; WOW64; rv:54.0) Gecko/20100101 Firefox/54.0"
95.143.230.128 - - [10/Jul/2017:15:29:24 +0200] "GET /gui/javascript/form_form.js?1499693364 HTTP/1.1" 200 16206 "http://ed.activities.at/entry.php?id=10271&&ser=693303" "Mozilla/5.0 (Windows NT 6.1; WOW64; rv:54.0) Gecko/20100101 Firefox/54.0"
95.143.230.128 - - [10/Jul/2017:15:29:30 +0200] "GET /entry.php?id=10271&&ser=693309 HTTP/1.1" 200 987 "http://ed.activities.at/entry.php?id=10271&&ser=693249" "Mozilla/5.0 (Windows NT 6.1; WOW64; rv:54.0) Gecko/20100101 Firefox/54.0"
95.143.230.128 - - [10/Jul/2017:15:29:30 +0200] "GET /gui/javascript/form_form.js?1499693370 HTTP/1.1" 200 16206 "http://ed.activities.at/entry.php?id=10271&&ser=693309" "Mozilla/5.0 (Windows NT 6.1; WOW64; rv:54.0) Gecko/20100101 Firefox/54.0"
95.143.230.128 - - [10/Jul/2017:15:29:34 +0200] "GET /entry.php?id=10271&&ser=693314 HTTP/1.1" 200 987 "http://ed.activities.at/entry.php?id=10271&&ser=693254" "Mozilla/5.0 (Windows NT 6.1; WOW64; rv:54.0) Gecko/20100101 Firefox/54.0"
95.143.230.128 - - [10/Jul/2017:15:29:35 +0200] "GET /gui/javascript/form_form.js?1499693375 HTTP/1.1" 200 16206 "http://ed.activities.at/entry.php?id=10271&&ser=693314" "Mozilla/5.0 (Windows NT 6.1; WOW64; rv:54.0) Gecko/20100101 Firefox/54.0"
95.143.230.128 - - [10/Jul/2017:15:29:38 +0200] "GET /entry.php?id=10271&&ser=693318 HTTP/1.1" 200 987 "http://ed.activities.at/entry.php?id=10271&&ser=693258" "Mozilla/5.0 (Windows NT 6.1; WOW64; rv:54.0) Gecko/20100101 Firefox/54.0"
95.143.230.128 - - [10/Jul/2017:15:29:39 +0200] "GET /gui/javascript/form_form.js?1499693379 HTTP/1.1" 200 16206 "http://ed.activities.at/entry.php?id=10271&&ser=693318" "Mozilla/5.0 (Windows NT 6.1; WOW64; rv:54.0) Gecko/20100101 Firefox/54.0"
95.143.230.128 - - [10/Jul/2017:15:29:42 +0200] "GET /entry.php?id=10271&&ser=693322 HTTP/1.1" 200 987 "http://ed.activities.at/entry.php?id=10271&&ser=693261" "Mozilla/5.0 (Windows NT 6.1; WOW64; rv:54.0) Gecko/20100101 Firefox/54.0"
95.143.230.128 - - [10/Jul/2017:15:29:42 +0200] "GET /gui/javascript/form_form.js?1499693382 HTTP/1.1" 200 16206 "http://ed.activities.at/entry.php?id=10271&&ser=693322" "Mozilla/5.0 (Windows NT 6.1; WOW64; rv:54.0) Gecko/20100101 Firefox/54.0"
95.143.230.128 - - [10/Jul/2017:15:29:44 +0200] "GET /entry.php?id=10271&&ser=693324 HTTP/1.1" 200 987 "http://ed.activities.at/entry.php?id=10271&&ser=693264" "Mozilla/5.0 (Windows NT 6.1; WOW64; rv:54.0) Gecko/20100101 Firefox/54.0"
95.143.230.128 - - [10/Jul/2017:15:29:45 +0200] "GET /gui/javascript/form_form.js?1499693385 HTTP/1.1" 200 16206 "http://ed.activities.at/entry.php?id=10271&&ser=693324" "Mozilla/5.0 (Windows NT 6.1; WOW64; rv:54.0) Gecko/20100101 Firefox/54.0"
80.122.130.46 - - [10/Jul/2017:15:29:55 +0200] "GET /entry.php?id=10271&&ser=693334 HTTP/1.1" 200 987 "http://ed.activities.at/entry.php?id=10271&&ser=693274" "Mozilla/5.0 (Windows NT 10.0; Win64; x64) AppleWebKit/537.36 (KHTML, like Gecko) Chrome/51.0.2704.79 Safari/537.36 Edge/14.14393"
80.122.130.46 - - [10/Jul/2017:15:29:55 +0200] "GET /gui/javascript/form_form.js?1499693395 HTTP/1.1" 200 16206 "http://ed.activities.at/entry.php?id=10271&&ser=693334" "Mozilla/5.0 (Windows NT 10.0; Win64; x64) AppleWebKit/537.36 (KHTML, like Gecko) Chrome/51.0.2704.79 Safari/537.36 Edge/14.14393"
95.143.230.128 - - [10/Jul/2017:15:30:19 +0200] "GET /entry.php?id=10271&&ser=693358 HTTP/1.1" 200 987 "http://ed.activities.at/entry.php?id=10271&&ser=693298" "Mozilla/5.0 (Windows NT 6.1; WOW64; rv:54.0) Gecko/20100101 Firefox/54.0"
95.143.230.128 - - [10/Jul/2017:15:30:19 +0200] "GET /gui/javascript/form_form.js?1499693419 HTTP/1.1" 200 16206 "http://ed.activities.at/entry.php?id=10271&&ser=693358" "Mozilla/5.0 (Windows NT 6.1; WOW64; rv:54.0) Gecko/20100101 Firefox/54.0"
95.143.230.128 - - [10/Jul/2017:15:30:21 +0200] "GET /entry.php?id=10271&&ser=693360 HTTP/1.1" 200 987 "http://ed.activities.at/entry.php?id=10271&&ser=693300" "Mozilla/5.0 (Windows NT 6.1; WOW64; rv:54.0) Gecko/20100101 Firefox/54.0"
95.143.230.128 - - [10/Jul/2017:15:30:21 +0200] "GET /gui/javascript/form_form.js?1499693421 HTTP/1.1" 200 16206 "http://ed.activities.at/entry.php?id=10271&&ser=693360" "Mozilla/5.0 (Windows NT 6.1; WOW64; rv:54.0) Gecko/20100101 Firefox/54.0"
95.143.230.128 - - [10/Jul/2017:15:30:24 +0200] "GET /entry.php?id=10271&&ser=693364 HTTP/1.1" 200 987 "http://ed.activities.at/entry.php?id=10271&&ser=693303" "Mozilla/5.0 (Windows NT 6.1; WOW64; rv:54.0) Gecko/20100101 Firefox/54.0"
95.143.230.128 - - [10/Jul/2017:15:30:24 +0200] "GET /gui/javascript/form_form.js?1499693424 HTTP/1.1" 200 16206 "http://ed.activities.at/entry.php?id=10271&&ser=693364" "Mozilla/5.0 (Windows NT 6.1; WOW64; rv:54.0) Gecko/20100101 Firefox/54.0"
80.122.130.46 - - [10/Jul/2017:15:30:24 +0200] "GET /entry.php?id=11670 HTTP/1.1" 200 320 "http://ed.activities.at/entry.php?id=11412" "Mozilla/5.0 (Windows NT 10.0; Win64; x64) AppleWebKit/537.36 (KHTML, like Gecko) Chrome/51.0.2704.79 Safari/537.36 Edge/14.14393"
80.122.130.46 - - [10/Jul/2017:15:30:24 +0200] "GET /entry.php?id=10676&&title=Produkte HTTP/1.1" 200 1389 "http://ed.activities.at/entry.php?id=11670" "Mozilla/5.0 (Windows NT 10.0; Win64; x64) AppleWebKit/537.36 (KHTML, like Gecko) Chrome/51.0.2704.79 Safari/537.36 Edge/14.14393"
80.122.130.46 - - [10/Jul/2017:15:30:25 +0200] "GET /gui/javascript/form_form.js?1499693425 HTTP/1.1" 200 16206 "http://ed.activities.at/entry.php?id=10676&&title=Produkte" "Mozilla/5.0 (Windows NT 10.0; Win64; x64) AppleWebKit/537.36 (KHTML, like Gecko) Chrome/51.0.2704.79 Safari/537.36 Edge/14.14393"
80.122.130.46 - - [10/Jul/2017:15:30:24 +0200] "GET /entry.php?id=11668& HTTP/1.1" 200 3368 "http://ed.activities.at/entry.php?id=11670" "Mozilla/5.0 (Windows NT 10.0; Win64; x64) AppleWebKit/537.36 (KHTML, like Gecko) Chrome/51.0.2704.79 Safari/537.36 Edge/14.14393"
80.122.130.46 - - [10/Jul/2017:15:30:24 +0200] "GET /entry.php?id=11669& HTTP/1.1" 200 2282 "http://ed.activities.at/entry.php?id=11670" "Mozilla/5.0 (Windows NT 10.0; Win64; x64) AppleWebKit/537.36 (KHTML, like Gecko) Chrome/51.0.2704.79 Safari/537.36 Edge/14.14393"
80.122.130.46 - - [10/Jul/2017:15:30:26 +0200] "GET /gui/javascript/form_ed_articles.js HTTP/1.1" 200 2191 "http://ed.activities.at/entry.php?id=11668&" "Mozilla/5.0 (Windows NT 10.0; Win64; x64) AppleWebKit/537.36 (KHTML, like Gecko) Chrome/51.0.2704.79 Safari/537.36 Edge/14.14393"
80.122.130.46 - - [10/Jul/2017:15:30:26 +0200] "GET /entry.php?id=10778&form=11493&name=list& HTTP/1.1" 200 2487 "http://ed.activities.at/entry.php?id=11668&" "Mozilla/5.0 (Windows NT 10.0; Win64; x64) AppleWebKit/537.36 (KHTML, like Gecko) Chrome/51.0.2704.79 Safari/537.36 Edge/14.14393"
80.122.130.46 - - [10/Jul/2017:15:30:26 +0200] "GET /entry.php?id=10776&form=11493&name=list& HTTP/1.1" 200 1487 "http://ed.activities.at/entry.php?id=11668&" "Mozilla/5.0 (Windows NT 10.0; Win64; x64) AppleWebKit/537.36 (KHTML, like Gecko) Chrome/51.0.2704.79 Safari/537.36 Edge/14.14393"
80.122.130.46 - - [10/Jul/2017:15:30:27 +0200] "GET /entry.php?id=10778&form=11494&name=list& HTTP/1.1" 200 4952 "http://ed.activities.at/entry.php?id=11669&" "Mozilla/5.0 (Windows NT 10.0; Win64; x64) AppleWebKit/537.36 (KHTML, like Gecko) Chrome/51.0.2704.79 Safari/537.36 Edge/14.14393"
80.122.130.46 - - [10/Jul/2017:15:30:27 +0200] "GET /entry.php?id=10776&form=11494&name=list& HTTP/1.1" 200 1990 "http://ed.activities.at/entry.php?id=11669&" "Mozilla/5.0 (Windows NT 10.0; Win64; x64) AppleWebKit/537.36 (KHTML, like Gecko) Chrome/51.0.2704.79 Safari/537.36 Edge/14.14393"
95.143.230.128 - - [10/Jul/2017:15:30:28 +0200] "GET /gui/javascript/jquery/css/gui-themes/images/ui-icons_72a7cf_256x240_ev.png HTTP/1.1" 200 6036 "http://ed.activities.at/gui/javascript/jquery/css/gui-themes/custom.min.css" "Mozilla/5.0 (Windows NT 6.1; WOW64; rv:54.0) Gecko/20100101 Firefox/54.0"
95.143.230.128 - - [10/Jul/2017:15:30:28 +0200] "GET /entry.php?id=11667&object=10244031&company=10221912 HTTP/1.1" 200 4092 "http://ed.activities.at/entry.php?id=11412" "Mozilla/5.0 (Windows NT 6.1; WOW64; rv:54.0) Gecko/20100101 Firefox/54.0"
95.143.230.128 - - [10/Jul/2017:15:30:29 +0200] "GET /gui/javascript/form_form.js?1499693429 HTTP/1.1" 200 16206 "http://ed.activities.at/entry.php?id=11667&object=10244031&company=10221912" "Mozilla/5.0 (Windows NT 6.1; WOW64; rv:54.0) Gecko/20100101 Firefox/54.0"
95.143.230.128 - - [10/Jul/2017:15:30:29 +0200] "GET /entry.php?id=10776&form=11492&name=mandantlist& HTTP/1.1" 200 1407 "http://ed.activities.at/entry.php?id=11667&object=10244031&company=10221912" "Mozilla/5.0 (Windows NT 6.1; WOW64; rv:54.0) Gecko/20100101 Firefox/54.0"
95.143.230.128 - - [10/Jul/2017:15:30:29 +0200] "GET /entry.php?id=10778&form=11492&name=mandantlist& HTTP/1.1" 200 2884 "http://ed.activities.at/entry.php?id=11667&object=10244031&company=10221912" "Mozilla/5.0 (Windows NT 6.1; WOW64; rv:54.0) Gecko/20100101 Firefox/54.0"
95.143.230.128 - - [10/Jul/2017:15:30:30 +0200] "GET /entry.php?id=10271&&ser=693370 HTTP/1.1" 200 987 "http://ed.activities.at/entry.php?id=10271&&ser=693309" "Mozilla/5.0 (Windows NT 6.1; WOW64; rv:54.0) Gecko/20100101 Firefox/54.0"
95.143.230.128 - - [10/Jul/2017:15:30:30 +0200] "GET /gui/javascript/form_form.js?1499693430 HTTP/1.1" 200 16206 "http://ed.activities.at/entry.php?id=10271&&ser=693370" "Mozilla/5.0 (Windows NT 6.1; WOW64; rv:54.0) Gecko/20100101 Firefox/54.0"
95.143.230.128 - - [10/Jul/2017:15:30:35 +0200] "GET /entry.php?id=10271&&ser=693375 HTTP/1.1" 200 987 "http://ed.activities.at/entry.php?id=10271&&ser=693314" "Mozilla/5.0 (Windows NT 6.1; WOW64; rv:54.0) Gecko/20100101 Firefox/54.0"
95.143.230.128 - - [10/Jul/2017:15:30:35 +0200] "GET /gui/javascript/form_form.js?1499693435 HTTP/1.1" 200 16206 "http://ed.activities.at/entry.php?id=10271&&ser=693375" "Mozilla/5.0 (Windows NT 6.1; WOW64; rv:54.0) Gecko/20100101 Firefox/54.0"
95.143.230.128 - - [10/Jul/2017:15:30:39 +0200] "GET /entry.php?id=10271&&ser=693379 HTTP/1.1" 200 987 "http://ed.activities.at/entry.php?id=10271&&ser=693318" "Mozilla/5.0 (Windows NT 6.1; WOW64; rv:54.0) Gecko/20100101 Firefox/54.0"
95.143.230.128 - - [10/Jul/2017:15:30:39 +0200] "GET /gui/javascript/form_form.js?1499693439 HTTP/1.1" 200 16206 "http://ed.activities.at/entry.php?id=10271&&ser=693379" "Mozilla/5.0 (Windows NT 6.1; WOW64; rv:54.0) Gecko/20100101 Firefox/54.0"
95.143.230.128 - - [10/Jul/2017:15:30:42 +0200] "GET /entry.php?id=10271&&ser=693382 HTTP/1.1" 200 987 "http://ed.activities.at/entry.php?id=10271&&ser=693322" "Mozilla/5.0 (Windows NT 6.1; WOW64; rv:54.0) Gecko/20100101 Firefox/54.0"
95.143.230.128 - - [10/Jul/2017:15:30:43 +0200] "GET /gui/javascript/form_form.js?1499693442 HTTP/1.1" 200 16206 "http://ed.activities.at/entry.php?id=10271&&ser=693382" "Mozilla/5.0 (Windows NT 6.1; WOW64; rv:54.0) Gecko/20100101 Firefox/54.0"
95.143.230.128 - - [10/Jul/2017:15:30:45 +0200] "GET /entry.php?id=10271&&ser=693385 HTTP/1.1" 200 987 "http://ed.activities.at/entry.php?id=10271&&ser=693324" "Mozilla/5.0 (Windows NT 6.1; WOW64; rv:54.0) Gecko/20100101 Firefox/54.0"
95.143.230.128 - - [10/Jul/2017:15:30:45 +0200] "GET /gui/javascript/form_form.js?1499693445 HTTP/1.1" 200 16206 "http://ed.activities.at/entry.php?id=10271&&ser=693385" "Mozilla/5.0 (Windows NT 6.1; WOW64; rv:54.0) Gecko/20100101 Firefox/54.0"
80.122.130.46 - - [10/Jul/2017:15:30:55 +0200] "GET /entry.php?id=10271&&ser=693395 HTTP/1.1" 200 987 "http://ed.activities.at/entry.php?id=10271&&ser=693334" "Mozilla/5.0 (Windows NT 10.0; Win64; x64) AppleWebKit/537.36 (KHTML, like Gecko) Chrome/51.0.2704.79 Safari/537.36 Edge/14.14393"
80.122.130.46 - - [10/Jul/2017:15:30:56 +0200] "GET /gui/javascript/form_form.js?1499693456 HTTP/1.1" 200 16206 "http://ed.activities.at/entry.php?id=10271&&ser=693395" "Mozilla/5.0 (Windows NT 10.0; Win64; x64) AppleWebKit/537.36 (KHTML, like Gecko) Chrome/51.0.2704.79 Safari/537.36 Edge/14.14393"
95.143.230.128 - - [10/Jul/2017:15:30:58 +0200] "GET /entry.php?id=11667&object=10244031&company=10221912 HTTP/1.1" 200 4092 "http://ed.activities.at/entry.php?id=11412" "Mozilla/5.0 (Windows NT 6.1; WOW64; rv:54.0) Gecko/20100101 Firefox/54.0"
95.143.230.128 - - [10/Jul/2017:15:30:59 +0200] "GET /gui/javascript/form_form.js?1499693459 HTTP/1.1" 200 16206 "http://ed.activities.at/entry.php?id=11667&object=10244031&company=10221912" "Mozilla/5.0 (Windows NT 6.1; WOW64; rv:54.0) Gecko/20100101 Firefox/54.0"
95.143.230.128 - - [10/Jul/2017:15:30:59 +0200] "GET /entry.php?id=10776&form=11492&name=mandantlist& HTTP/1.1" 200 1407 "http://ed.activities.at/entry.php?id=11667&object=10244031&company=10221912" "Mozilla/5.0 (Windows NT 6.1; WOW64; rv:54.0) Gecko/20100101 Firefox/54.0"
95.143.230.128 - - [10/Jul/2017:15:30:59 +0200] "GET /entry.php?id=10778&form=11492&name=mandantlist& HTTP/1.1" 200 2884 "http://ed.activities.at/entry.php?id=11667&object=10244031&company=10221912" "Mozilla/5.0 (Windows NT 6.1; WOW64; rv:54.0) Gecko/20100101 Firefox/54.0"
95.143.230.128 - - [10/Jul/2017:15:31:01 +0200] "POST /entry.php?id=11667 HTTP/1.1" 200 3470 "http://ed.activities.at/entry.php?id=11667&object=10244031&company=10221912" "Mozilla/5.0 (Windows NT 6.1; WOW64; rv:54.0) Gecko/20100101 Firefox/54.0"
95.143.230.128 - - [10/Jul/2017:15:31:01 +0200] "GET /gui/javascript/form_form.js?1499693461 HTTP/1.1" 200 16206 "http://ed.activities.at/entry.php?id=11667" "Mozilla/5.0 (Windows NT 6.1; WOW64; rv:54.0) Gecko/20100101 Firefox/54.0"
95.143.230.128 - - [10/Jul/2017:15:31:01 +0200] "GET /gui/images/icons/disabled_url.gif HTTP/1.1" 200 368 "http://ed.activities.at/entry.php?id=11667" "Mozilla/5.0 (Windows NT 6.1; WOW64; rv:54.0) Gecko/20100101 Firefox/54.0"
95.143.230.128 - - [10/Jul/2017:15:31:04 +0200] "POST /entry.php?id=11667 HTTP/1.1" 200 3618 "http://ed.activities.at/entry.php?id=11667" "Mozilla/5.0 (Windows NT 6.1; WOW64; rv:54.0) Gecko/20100101 Firefox/54.0"
95.143.230.128 - - [10/Jul/2017:15:31:04 +0200] "GET /gui/javascript/form_form.js?1499693464 HTTP/1.1" 200 16206 "http://ed.activities.at/entry.php?id=11667" "Mozilla/5.0 (Windows NT 6.1; WOW64; rv:54.0) Gecko/20100101 Firefox/54.0"
95.143.230.128 - - [10/Jul/2017:15:31:05 +0200] "GET /entry.php?id=11148 HTTP/1.1" 200 1478 "http://ed.activities.at/entry.php?id=11667" "Mozilla/5.0 (Windows NT 6.1; WOW64; rv:54.0) Gecko/20100101 Firefox/54.0"
95.143.230.128 - - [10/Jul/2017:15:31:05 +0200] "GET /framework/webfx/javascript/tinymce/skins/lightgray/content.min.css HTTP/1.1" 404 327 "http://ed.activities.at/entry.php?id=11667" "Mozilla/5.0 (Windows NT 6.1; WOW64; rv:54.0) Gecko/20100101 Firefox/54.0"
95.143.230.128 - - [10/Jul/2017:15:31:05 +0200] "GET /gui/javascript/form_form.js?1499693465 HTTP/1.1" 200 16206 "http://ed.activities.at/entry.php?id=11148" "Mozilla/5.0 (Windows NT 6.1; WOW64; rv:54.0) Gecko/20100101 Firefox/54.0"
95.143.230.128 - - [10/Jul/2017:15:31:07 +0200] "POST /entry.php?id=11667 HTTP/1.1" 200 3355 "http://ed.activities.at/entry.php?id=11667" "Mozilla/5.0 (Windows NT 6.1; WOW64; rv:54.0) Gecko/20100101 Firefox/54.0"
95.143.230.128 - - [10/Jul/2017:15:31:07 +0200] "GET /gui/javascript/form_form.js?1499693467 HTTP/1.1" 200 16206 "http://ed.activities.at/entry.php?id=11667" "Mozilla/5.0 (Windows NT 6.1; WOW64; rv:54.0) Gecko/20100101 Firefox/54.0"
95.143.230.128 - - [10/Jul/2017:15:31:08 +0200] "GET /entry.php?id=10319&user=10244031& HTTP/1.1" 200 1702 "http://ed.activities.at/entry.php?id=11667" "Mozilla/5.0 (Windows NT 6.1; WOW64; rv:54.0) Gecko/20100101 Firefox/54.0"
95.143.230.128 - - [10/Jul/2017:15:31:08 +0200] "GET /framework/webfx/javascript/treeview/ua.js HTTP/1.1" 200 1378 "http://ed.activities.at/entry.php?id=10319&user=10244031&" "Mozilla/5.0 (Windows NT 6.1; WOW64; rv:54.0) Gecko/20100101 Firefox/54.0"
95.143.230.128 - - [10/Jul/2017:15:31:08 +0200] "GET /framework/webfx/javascript/treeview/ftiens4.js HTTP/1.1" 200 9905 "http://ed.activities.at/entry.php?id=10319&user=10244031&" "Mozilla/5.0 (Windows NT 6.1; WOW64; rv:54.0) Gecko/20100101 Firefox/54.0"
95.143.230.128 - - [10/Jul/2017:15:31:08 +0200] "GET /gui/javascript/form_form.js?1499693468 HTTP/1.1" 200 16206 "http://ed.activities.at/entry.php?id=10319&user=10244031&" "Mozilla/5.0 (Windows NT 6.1; WOW64; rv:54.0) Gecko/20100101 Firefox/54.0"
95.143.230.128 - - [10/Jul/2017:15:31:08 +0200] "GET /framework/icons/treeview/ftv2folderclosed.gif HTTP/1.1" 200 161 "http://ed.activities.at/entry.php?id=10319&user=10244031&" "Mozilla/5.0 (Windows NT 6.1; WOW64; rv:54.0) Gecko/20100101 Firefox/54.0"
95.143.230.128 - - [10/Jul/2017:15:31:08 +0200] "GET /framework/icons/treeview/ftv2plastnode.gif HTTP/1.1" 200 130 "http://ed.activities.at/entry.php?id=10319&user=10244031&" "Mozilla/5.0 (Windows NT 6.1; WOW64; rv:54.0) Gecko/20100101 Firefox/54.0"
95.143.230.128 - - [10/Jul/2017:15:31:08 +0200] "GET /framework/icons/treeview/ftv2doc.gif HTTP/1.1" 200 199 "http://ed.activities.at/entry.php?id=10319&user=10244031&" "Mozilla/5.0 (Windows NT 6.1; WOW64; rv:54.0) Gecko/20100101 Firefox/54.0"
95.143.230.128 - - [10/Jul/2017:15:31:08 +0200] "GET /framework/icons/treeview/ftv2blank.gif HTTP/1.1" 200 135 "http://ed.activities.at/entry.php?id=10319&user=10244031&" "Mozilla/5.0 (Windows NT 6.1; WOW64; rv:54.0) Gecko/20100101 Firefox/54.0"
95.143.230.128 - - [10/Jul/2017:15:31:08 +0200] "GET /framework/icons/treeview/ftv2pnode.gif HTTP/1.1" 200 133 "http://ed.activities.at/entry.php?id=10319&user=10244031&" "Mozilla/5.0 (Windows NT 6.1; WOW64; rv:54.0) Gecko/20100101 Firefox/54.0"
95.143.230.128 - - [10/Jul/2017:15:31:08 +0200] "GET /framework/icons/treeview/myBox.gif HTTP/1.1" 200 936 "http://ed.activities.at/entry.php?id=10319&user=10244031&" "Mozilla/5.0 (Windows NT 6.1; WOW64; rv:54.0) Gecko/20100101 Firefox/54.0"
95.143.230.128 - - [10/Jul/2017:15:31:08 +0200] "GET /framework/icons/treeview/ftv2vertline.gif HTTP/1.1" 200 140 "http://ed.activities.at/entry.php?id=10319&user=10244031&" "Mozilla/5.0 (Windows NT 6.1; WOW64; rv:54.0) Gecko/20100101 Firefox/54.0"
95.143.230.128 - - [10/Jul/2017:15:31:08 +0200] "GET /framework/icons/treeview/ftv2node.gif HTTP/1.1" 200 147 "http://ed.activities.at/entry.php?id=10319&user=10244031&" "Mozilla/5.0 (Windows NT 6.1; WOW64; rv:54.0) Gecko/20100101 Firefox/54.0"
95.143.230.128 - - [10/Jul/2017:15:31:08 +0200] "GET /framework/icons/treeview/ftv2lastnode.gif HTTP/1.1" 200 142 "http://ed.activities.at/entry.php?id=10319&user=10244031&" "Mozilla/5.0 (Windows NT 6.1; WOW64; rv:54.0) Gecko/20100101 Firefox/54.0"
95.143.230.128 - - [10/Jul/2017:15:31:10 +0200] "POST /entry.php?id=11667 HTTP/1.1" 200 3275 "http://ed.activities.at/entry.php?id=11667" "Mozilla/5.0 (Windows NT 6.1; WOW64; rv:54.0) Gecko/20100101 Firefox/54.0"
95.143.230.128 - - [10/Jul/2017:15:31:10 +0200] "GET /gui/javascript/form_form.js?1499693470 HTTP/1.1" 200 16206 "http://ed.activities.at/entry.php?id=11667" "Mozilla/5.0 (Windows NT 6.1; WOW64; rv:54.0) Gecko/20100101 Firefox/54.0"
95.143.230.128 - - [10/Jul/2017:15:31:10 +0200] "GET /entry.php?id=10776&form=11492&name=grouplist& HTTP/1.1" 200 1397 "http://ed.activities.at/entry.php?id=11667" "Mozilla/5.0 (Windows NT 6.1; WOW64; rv:54.0) Gecko/20100101 Firefox/54.0"
95.143.230.128 - - [10/Jul/2017:15:31:10 +0200] "GET /entry.php?id=10778&form=11492&name=grouplist& HTTP/1.1" 200 3059 "http://ed.activities.at/entry.php?id=11667" "Mozilla/5.0 (Windows NT 6.1; WOW64; rv:54.0) Gecko/20100101 Firefox/54.0"
95.143.230.128 - - [10/Jul/2017:15:31:14 +0200] "POST /entry.php?id=11667 HTTP/1.1" 200 4092 "http://ed.activities.at/entry.php?id=11667" "Mozilla/5.0 (Windows NT 6.1; WOW64; rv:54.0) Gecko/20100101 Firefox/54.0"
95.143.230.128 - - [10/Jul/2017:15:31:14 +0200] "GET /gui/javascript/form_form.js?1499693474 HTTP/1.1" 200 16206 "http://ed.activities.at/entry.php?id=11667" "Mozilla/5.0 (Windows NT 6.1; WOW64; rv:54.0) Gecko/20100101 Firefox/54.0"
95.143.230.128 - - [10/Jul/2017:15:31:15 +0200] "GET /entry.php?id=10776&form=11492&name=mandantlist& HTTP/1.1" 200 1407 "http://ed.activities.at/entry.php?id=11667" "Mozilla/5.0 (Windows NT 6.1; WOW64; rv:54.0) Gecko/20100101 Firefox/54.0"
95.143.230.128 - - [10/Jul/2017:15:31:15 +0200] "GET /entry.php?id=10778&form=11492&name=mandantlist& HTTP/1.1" 200 2866 "http://ed.activities.at/entry.php?id=11667" "Mozilla/5.0 (Windows NT 6.1; WOW64; rv:54.0) Gecko/20100101 Firefox/54.0"
95.143.230.128 - - [10/Jul/2017:15:31:20 +0200] "GET /entry.php?id=10271&&ser=693419 HTTP/1.1" 200 987 "http://ed.activities.at/entry.php?id=10271&&ser=693358" "Mozilla/5.0 (Windows NT 6.1; WOW64; rv:54.0) Gecko/20100101 Firefox/54.0"
95.143.230.128 - - [10/Jul/2017:15:31:20 +0200] "GET /gui/javascript/form_form.js?1499693480 HTTP/1.1" 200 16206 "http://ed.activities.at/entry.php?id=10271&&ser=693419" "Mozilla/5.0 (Windows NT 6.1; WOW64; rv:54.0) Gecko/20100101 Firefox/54.0"
95.143.230.128 - - [10/Jul/2017:15:31:21 +0200] "GET /entry.php?id=10271&&ser=693421 HTTP/1.1" 200 987 "http://ed.activities.at/entry.php?id=10271&&ser=693360" "Mozilla/5.0 (Windows NT 6.1; WOW64; rv:54.0) Gecko/20100101 Firefox/54.0"
95.143.230.128 - - [10/Jul/2017:15:31:21 +0200] "GET /gui/javascript/form_form.js?1499693481 HTTP/1.1" 200 16206 "http://ed.activities.at/entry.php?id=10271&&ser=693421" "Mozilla/5.0 (Windows NT 6.1; WOW64; rv:54.0) Gecko/20100101 Firefox/54.0"
95.143.230.128 - - [10/Jul/2017:15:31:24 +0200] "GET /entry.php?id=10271&&ser=693424 HTTP/1.1" 200 987 "http://ed.activities.at/entry.php?id=10271&&ser=693364" "Mozilla/5.0 (Windows NT 6.1; WOW64; rv:54.0) Gecko/20100101 Firefox/54.0"
95.143.230.128 - - [10/Jul/2017:15:31:25 +0200] "GET /gui/javascript/form_form.js?1499693485 HTTP/1.1" 200 16206 "http://ed.activities.at/entry.php?id=10271&&ser=693424" "Mozilla/5.0 (Windows NT 6.1; WOW64; rv:54.0) Gecko/20100101 Firefox/54.0"
95.143.230.128 - - [10/Jul/2017:15:31:30 +0200] "GET /entry.php?id=10271&&ser=693430 HTTP/1.1" 200 987 "http://ed.activities.at/entry.php?id=10271&&ser=693370" "Mozilla/5.0 (Windows NT 6.1; WOW64; rv:54.0) Gecko/20100101 Firefox/54.0"
95.143.230.128 - - [10/Jul/2017:15:31:31 +0200] "GET /gui/javascript/form_form.js?1499693491 HTTP/1.1" 200 16206 "http://ed.activities.at/entry.php?id=10271&&ser=693430" "Mozilla/5.0 (Windows NT 6.1; WOW64; rv:54.0) Gecko/20100101 Firefox/54.0"
95.143.230.128 - - [10/Jul/2017:15:31:35 +0200] "GET /entry.php?id=10271&&ser=693435 HTTP/1.1" 200 987 "http://ed.activities.at/entry.php?id=10271&&ser=693375" "Mozilla/5.0 (Windows NT 6.1; WOW64; rv:54.0) Gecko/20100101 Firefox/54.0"
95.143.230.128 - - [10/Jul/2017:15:31:35 +0200] "GET /gui/javascript/form_form.js?1499693495 HTTP/1.1" 200 16206 "http://ed.activities.at/entry.php?id=10271&&ser=693435" "Mozilla/5.0 (Windows NT 6.1; WOW64; rv:54.0) Gecko/20100101 Firefox/54.0"
95.143.230.128 - - [10/Jul/2017:15:31:39 +0200] "GET /entry.php?id=10271&&ser=693439 HTTP/1.1" 200 986 "http://ed.activities.at/entry.php?id=10271&&ser=693379" "Mozilla/5.0 (Windows NT 6.1; WOW64; rv:54.0) Gecko/20100101 Firefox/54.0"
95.143.230.128 - - [10/Jul/2017:15:31:39 +0200] "GET /gui/javascript/form_form.js?1499693499 HTTP/1.1" 200 16206 "http://ed.activities.at/entry.php?id=10271&&ser=693439" "Mozilla/5.0 (Windows NT 6.1; WOW64; rv:54.0) Gecko/20100101 Firefox/54.0"
95.143.230.128 - - [10/Jul/2017:15:31:43 +0200] "GET /entry.php?id=10271&&ser=693442 HTTP/1.1" 200 987 "http://ed.activities.at/entry.php?id=10271&&ser=693382" "Mozilla/5.0 (Windows NT 6.1; WOW64; rv:54.0) Gecko/20100101 Firefox/54.0"
95.143.230.128 - - [10/Jul/2017:15:31:43 +0200] "GET /gui/javascript/form_form.js?1499693503 HTTP/1.1" 200 16206 "http://ed.activities.at/entry.php?id=10271&&ser=693442" "Mozilla/5.0 (Windows NT 6.1; WOW64; rv:54.0) Gecko/20100101 Firefox/54.0"
95.143.230.128 - - [10/Jul/2017:15:31:45 +0200] "GET /entry.php?id=10271&&ser=693445 HTTP/1.1" 200 987 "http://ed.activities.at/entry.php?id=10271&&ser=693385" "Mozilla/5.0 (Windows NT 6.1; WOW64; rv:54.0) Gecko/20100101 Firefox/54.0"
95.143.230.128 - - [10/Jul/2017:15:31:46 +0200] "GET /gui/javascript/form_form.js?1499693505 HTTP/1.1" 200 16206 "http://ed.activities.at/entry.php?id=10271&&ser=693445" "Mozilla/5.0 (Windows NT 6.1; WOW64; rv:54.0) Gecko/20100101 Firefox/54.0"
80.122.130.46 - - [10/Jul/2017:15:31:54 +0200] "POST /entry.php?id=11668 HTTP/1.1" 200 3476 "http://ed.activities.at/entry.php?id=11668&" "Mozilla/5.0 (Windows NT 10.0; Win64; x64) AppleWebKit/537.36 (KHTML, like Gecko) Chrome/51.0.2704.79 Safari/537.36 Edge/14.14393"
80.122.130.46 - - [10/Jul/2017:15:31:55 +0200] "GET /gui/javascript/form_form.js?1499693515 HTTP/1.1" 200 16206 "http://ed.activities.at/entry.php?id=11668" "Mozilla/5.0 (Windows NT 10.0; Win64; x64) AppleWebKit/537.36 (KHTML, like Gecko) Chrome/51.0.2704.79 Safari/537.36 Edge/14.14393"
80.122.130.46 - - [10/Jul/2017:15:31:55 +0200] "GET /entry.php?id=10778&form=11493&name=list& HTTP/1.1" 200 3198 "http://ed.activities.at/entry.php?id=11668" "Mozilla/5.0 (Windows NT 10.0; Win64; x64) AppleWebKit/537.36 (KHTML, like Gecko) Chrome/51.0.2704.79 Safari/537.36 Edge/14.14393"
80.122.130.46 - - [10/Jul/2017:15:31:55 +0200] "GET /entry.php?id=10776&form=11493&name=list& HTTP/1.1" 200 1479 "http://ed.activities.at/entry.php?id=11668" "Mozilla/5.0 (Windows NT 10.0; Win64; x64) AppleWebKit/537.36 (KHTML, like Gecko) Chrome/51.0.2704.79 Safari/537.36 Edge/14.14393"
80.122.130.46 - - [10/Jul/2017:15:31:56 +0200] "GET /entry.php?id=10271&&ser=693456 HTTP/1.1" 200 987 "http://ed.activities.at/entry.php?id=10271&&ser=693395" "Mozilla/5.0 (Windows NT 10.0; Win64; x64) AppleWebKit/537.36 (KHTML, like Gecko) Chrome/51.0.2704.79 Safari/537.36 Edge/14.14393"
80.122.130.46 - - [10/Jul/2017:15:31:56 +0200] "GET /gui/javascript/form_form.js?1499693516 HTTP/1.1" 200 16206 "http://ed.activities.at/entry.php?id=10271&&ser=693456" "Mozilla/5.0 (Windows NT 10.0; Win64; x64) AppleWebKit/537.36 (KHTML, like Gecko) Chrome/51.0.2704.79 Safari/537.36 Edge/14.14393"
80.122.130.46 - - [10/Jul/2017:15:32:18 +0200] "POST /entry.php?id=11668 HTTP/1.1" 200 3604 "http://ed.activities.at/entry.php?id=11668" "Mozilla/5.0 (Windows NT 10.0; Win64; x64) AppleWebKit/537.36 (KHTML, like Gecko) Chrome/51.0.2704.79 Safari/537.36 Edge/14.14393"
80.122.130.46 - - [10/Jul/2017:15:32:19 +0200] "GET /gui/javascript/form_form.js?1499693539 HTTP/1.1" 200 16206 "http://ed.activities.at/entry.php?id=11668" "Mozilla/5.0 (Windows NT 10.0; Win64; x64) AppleWebKit/537.36 (KHTML, like Gecko) Chrome/51.0.2704.79 Safari/537.36 Edge/14.14393"
80.122.130.46 - - [10/Jul/2017:15:32:19 +0200] "GET /entry.php?id=10778&form=11493&name=list& HTTP/1.1" 200 3183 "http://ed.activities.at/entry.php?id=11668" "Mozilla/5.0 (Windows NT 10.0; Win64; x64) AppleWebKit/537.36 (KHTML, like Gecko) Chrome/51.0.2704.79 Safari/537.36 Edge/14.14393"
80.122.130.46 - - [10/Jul/2017:15:32:19 +0200] "GET /entry.php?id=10776&form=11493&name=list& HTTP/1.1" 200 1479 "http://ed.activities.at/entry.php?id=11668" "Mozilla/5.0 (Windows NT 10.0; Win64; x64) AppleWebKit/537.36 (KHTML, like Gecko) Chrome/51.0.2704.79 Safari/537.36 Edge/14.14393"
95.143.230.128 - - [10/Jul/2017:15:32:20 +0200] "GET /entry.php?id=10271&&ser=693480 HTTP/1.1" 200 987 "http://ed.activities.at/entry.php?id=10271&&ser=693419" "Mozilla/5.0 (Windows NT 6.1; WOW64; rv:54.0) Gecko/20100101 Firefox/54.0"
95.143.230.128 - - [10/Jul/2017:15:32:20 +0200] "GET /gui/javascript/form_form.js?1499693540 HTTP/1.1" 200 16206 "http://ed.activities.at/entry.php?id=10271&&ser=693480" "Mozilla/5.0 (Windows NT 6.1; WOW64; rv:54.0) Gecko/20100101 Firefox/54.0"
95.143.230.128 - - [10/Jul/2017:15:32:21 +0200] "GET /entry.php?id=10271&&ser=693481 HTTP/1.1" 200 987 "http://ed.activities.at/entry.php?id=10271&&ser=693421" "Mozilla/5.0 (Windows NT 6.1; WOW64; rv:54.0) Gecko/20100101 Firefox/54.0"
95.143.230.128 - - [10/Jul/2017:15:32:22 +0200] "GET /gui/javascript/form_form.js?1499693542 HTTP/1.1" 200 16206 "http://ed.activities.at/entry.php?id=10271&&ser=693481" "Mozilla/5.0 (Windows NT 6.1; WOW64; rv:54.0) Gecko/20100101 Firefox/54.0"
95.143.230.128 - - [10/Jul/2017:15:32:25 +0200] "GET /entry.php?id=10271&&ser=693485 HTTP/1.1" 200 987 "http://ed.activities.at/entry.php?id=10271&&ser=693424" "Mozilla/5.0 (Windows NT 6.1; WOW64; rv:54.0) Gecko/20100101 Firefox/54.0"
95.143.230.128 - - [10/Jul/2017:15:32:25 +0200] "GET /gui/javascript/form_form.js?1499693545 HTTP/1.1" 200 16206 "http://ed.activities.at/entry.php?id=10271&&ser=693485" "Mozilla/5.0 (Windows NT 6.1; WOW64; rv:54.0) Gecko/20100101 Firefox/54.0"
95.143.230.128 - - [10/Jul/2017:15:32:31 +0200] "GET /entry.php?id=10271&&ser=693491 HTTP/1.1" 200 987 "http://ed.activities.at/entry.php?id=10271&&ser=693430" "Mozilla/5.0 (Windows NT 6.1; WOW64; rv:54.0) Gecko/20100101 Firefox/54.0"
95.143.230.128 - - [10/Jul/2017:15:32:31 +0200] "GET /gui/javascript/form_form.js?1499693551 HTTP/1.1" 200 16206 "http://ed.activities.at/entry.php?id=10271&&ser=693491" "Mozilla/5.0 (Windows NT 6.1; WOW64; rv:54.0) Gecko/20100101 Firefox/54.0"
