80.110.19.165 - - [08/Aug/2017:10:42:53 +0200] "GET /entry.php?id=10778&form=11496&name=list& HTTP/1.1" 200 3040 "http://easydrivers.activities.at/entry.php?id=11671" "Mozilla/5.0 (Windows NT 6.1; WOW64; rv:54.0) Gecko/20100101 Firefox/54.0"
80.110.19.165 - - [08/Aug/2017:10:42:54 +0200] "POST /entry.php?id=11671 HTTP/1.1" 200 4794 "http://easydrivers.activities.at/entry.php?id=11671" "Mozilla/5.0 (Windows NT 6.1; WOW64; rv:54.0) Gecko/20100101 Firefox/54.0"
80.110.19.165 - - [08/Aug/2017:10:42:56 +0200] "GET /gui/javascript/form_form.js?1502181776 HTTP/1.1" 200 16206 "http://easydrivers.activities.at/entry.php?id=11671" "Mozilla/5.0 (Windows NT 6.1; WOW64; rv:54.0) Gecko/20100101 Firefox/54.0"
80.110.19.165 - - [08/Aug/2017:10:42:56 +0200] "GET /entry.php?id=10776&form=11496&name=list& HTTP/1.1" 200 1524 "http://easydrivers.activities.at/entry.php?id=11671" "Mozilla/5.0 (Windows NT 6.1; WOW64; rv:54.0) Gecko/20100101 Firefox/54.0"
80.110.19.165 - - [08/Aug/2017:10:42:56 +0200] "GET /entry.php?id=10778&form=11496&name=list& HTTP/1.1" 200 3040 "http://easydrivers.activities.at/entry.php?id=11671" "Mozilla/5.0 (Windows NT 6.1; WOW64; rv:54.0) Gecko/20100101 Firefox/54.0"
80.110.19.165 - - [08/Aug/2017:10:43:08 +0200] "GET /entry.php?id=10271&&ser=181728 HTTP/1.1" 200 986 "http://easydrivers.activities.at/entry.php?id=10271&&ser=181667" "Mozilla/5.0 (Windows NT 6.1; WOW64; rv:54.0) Gecko/20100101 Firefox/54.0"
80.110.19.165 - - [08/Aug/2017:10:43:08 +0200] "GET /gui/javascript/form_form.js?1502181788 HTTP/1.1" 200 16206 "http://easydrivers.activities.at/entry.php?id=10271&&ser=181728" "Mozilla/5.0 (Windows NT 6.1; WOW64; rv:54.0) Gecko/20100101 Firefox/54.0"
188.22.216.221 - - [08/Aug/2017:10:43:16 +0200] "GET /entry.php?id=10271&&ser=181735 HTTP/1.1" 200 986 "http://ed.activities.at/entry.php?id=10271&&ser=181675" "Mozilla/5.0 (Windows NT 6.1; WOW64; Trident/7.0; rv:11.0) like Gecko"
188.22.216.221 - - [08/Aug/2017:10:43:16 +0200] "GET /gui/javascript/form_form.js?1502181796 HTTP/1.1" 200 16206 "http://ed.activities.at/entry.php?id=10271&&ser=181735" "Mozilla/5.0 (Windows NT 6.1; WOW64; Trident/7.0; rv:11.0) like Gecko"
80.110.19.165 - - [08/Aug/2017:10:43:23 +0200] "POST /entry.php?id=11671 HTTP/1.1" 200 4512 "http://easydrivers.activities.at/entry.php?id=11671" "Mozilla/5.0 (Windows NT 6.1; WOW64; rv:54.0) Gecko/20100101 Firefox/54.0"
80.110.19.165 - - [08/Aug/2017:10:43:24 +0200] "GET /gui/javascript/form_form.js?1502181804 HTTP/1.1" 200 16206 "http://easydrivers.activities.at/entry.php?id=11671" "Mozilla/5.0 (Windows NT 6.1; WOW64; rv:54.0) Gecko/20100101 Firefox/54.0"
80.110.19.165 - - [08/Aug/2017:10:43:24 +0200] "GET /entry.php?id=10776&form=11496&name=list& HTTP/1.1" 200 1518 "http://easydrivers.activities.at/entry.php?id=11671" "Mozilla/5.0 (Windows NT 6.1; WOW64; rv:54.0) Gecko/20100101 Firefox/54.0"
80.110.19.165 - - [08/Aug/2017:10:43:24 +0200] "GET /entry.php?id=10778&form=11496&name=list& HTTP/1.1" 200 2937 "http://easydrivers.activities.at/entry.php?id=11671" "Mozilla/5.0 (Windows NT 6.1; WOW64; rv:54.0) Gecko/20100101 Firefox/54.0"
80.110.19.165 - - [08/Aug/2017:10:44:08 +0200] "GET /entry.php?id=10271&&ser=181788 HTTP/1.1" 200 986 "http://easydrivers.activities.at/entry.php?id=10271&&ser=181728" "Mozilla/5.0 (Windows NT 6.1; WOW64; rv:54.0) Gecko/20100101 Firefox/54.0"
80.110.19.165 - - [08/Aug/2017:10:44:09 +0200] "GET /gui/javascript/form_form.js?1502181849 HTTP/1.1" 200 16206 "http://easydrivers.activities.at/entry.php?id=10271&&ser=181788" "Mozilla/5.0 (Windows NT 6.1; WOW64; rv:54.0) Gecko/20100101 Firefox/54.0"
188.22.216.221 - - [08/Aug/2017:10:44:16 +0200] "GET /entry.php?id=10271&&ser=181796 HTTP/1.1" 200 986 "http://ed.activities.at/entry.php?id=10271&&ser=181735" "Mozilla/5.0 (Windows NT 6.1; WOW64; Trident/7.0; rv:11.0) like Gecko"
188.22.216.221 - - [08/Aug/2017:10:44:16 +0200] "GET /gui/javascript/form_form.js?1502181856 HTTP/1.1" 200 16206 "http://ed.activities.at/entry.php?id=10271&&ser=181796" "Mozilla/5.0 (Windows NT 6.1; WOW64; Trident/7.0; rv:11.0) like Gecko"
80.110.19.165 - - [08/Aug/2017:10:45:09 +0200] "GET /entry.php?id=10271&&ser=181849 HTTP/1.1" 200 986 "http://easydrivers.activities.at/entry.php?id=10271&&ser=181788" "Mozilla/5.0 (Windows NT 6.1; WOW64; rv:54.0) Gecko/20100101 Firefox/54.0"
80.110.19.165 - - [08/Aug/2017:10:45:09 +0200] "GET /gui/javascript/form_form.js?1502181909 HTTP/1.1" 200 16206 "http://easydrivers.activities.at/entry.php?id=10271&&ser=181849" "Mozilla/5.0 (Windows NT 6.1; WOW64; rv:54.0) Gecko/20100101 Firefox/54.0"
188.22.216.221 - - [08/Aug/2017:10:45:17 +0200] "GET /entry.php?id=10271&&ser=181856 HTTP/1.1" 200 986 "http://ed.activities.at/entry.php?id=10271&&ser=181796" "Mozilla/5.0 (Windows NT 6.1; WOW64; Trident/7.0; rv:11.0) like Gecko"
188.22.216.221 - - [08/Aug/2017:10:45:17 +0200] "GET /gui/javascript/form_form.js?1502181917 HTTP/1.1" 200 16206 "http://ed.activities.at/entry.php?id=10271&&ser=181856" "Mozilla/5.0 (Windows NT 6.1; WOW64; Trident/7.0; rv:11.0) like Gecko"
80.110.19.165 - - [08/Aug/2017:10:46:09 +0200] "GET /entry.php?id=10271&&ser=181909 HTTP/1.1" 200 986 "http://easydrivers.activities.at/entry.php?id=10271&&ser=181849" "Mozilla/5.0 (Windows NT 6.1; WOW64; rv:54.0) Gecko/20100101 Firefox/54.0"
80.110.19.165 - - [08/Aug/2017:10:46:09 +0200] "GET /gui/javascript/form_form.js?1502181969 HTTP/1.1" 200 16206 "http://easydrivers.activities.at/entry.php?id=10271&&ser=181909" "Mozilla/5.0 (Windows NT 6.1; WOW64; rv:54.0) Gecko/20100101 Firefox/54.0"
188.22.216.221 - - [08/Aug/2017:10:46:17 +0200] "GET /entry.php?id=10271&&ser=181917 HTTP/1.1" 200 986 "http://ed.activities.at/entry.php?id=10271&&ser=181856" "Mozilla/5.0 (Windows NT 6.1; WOW64; Trident/7.0; rv:11.0) like Gecko"
188.22.216.221 - - [08/Aug/2017:10:46:17 +0200] "GET /gui/javascript/form_form.js?1502181977 HTTP/1.1" 200 16206 "http://ed.activities.at/entry.php?id=10271&&ser=181917" "Mozilla/5.0 (Windows NT 6.1; WOW64; Trident/7.0; rv:11.0) like Gecko"
80.110.19.165 - - [08/Aug/2017:10:46:26 +0200] "POST /entry.php?id=11671 HTTP/1.1" 200 4602 "http://easydrivers.activities.at/entry.php?id=11671" "Mozilla/5.0 (Windows NT 6.1; WOW64; rv:54.0) Gecko/20100101 Firefox/54.0"
80.110.19.165 - - [08/Aug/2017:10:46:26 +0200] "GET /gui/javascript/form_form.js?1502181986 HTTP/1.1" 200 16206 "http://easydrivers.activities.at/entry.php?id=11671" "Mozilla/5.0 (Windows NT 6.1; WOW64; rv:54.0) Gecko/20100101 Firefox/54.0"
80.110.19.165 - - [08/Aug/2017:10:46:26 +0200] "GET /entry.php?id=10776&form=11496&name=list& HTTP/1.1" 200 1518 "http://easydrivers.activities.at/entry.php?id=11671" "Mozilla/5.0 (Windows NT 6.1; WOW64; rv:54.0) Gecko/20100101 Firefox/54.0"
80.110.19.165 - - [08/Aug/2017:10:46:26 +0200] "GET /entry.php?id=10778&form=11496&name=list& HTTP/1.1" 200 2937 "http://easydrivers.activities.at/entry.php?id=11671" "Mozilla/5.0 (Windows NT 6.1; WOW64; rv:54.0) Gecko/20100101 Firefox/54.0"
80.110.19.165 - - [08/Aug/2017:10:46:42 +0200] "POST /entry.php?id=11671 HTTP/1.1" 200 4857 "http://easydrivers.activities.at/entry.php?id=11671" "Mozilla/5.0 (Windows NT 6.1; WOW64; rv:54.0) Gecko/20100101 Firefox/54.0"
80.110.19.165 - - [08/Aug/2017:10:46:42 +0200] "GET /gui/javascript/form_form.js?1502182002 HTTP/1.1" 200 16206 "http://easydrivers.activities.at/entry.php?id=11671" "Mozilla/5.0 (Windows NT 6.1; WOW64; rv:54.0) Gecko/20100101 Firefox/54.0"
80.110.19.165 - - [08/Aug/2017:10:46:42 +0200] "GET /entry.php?id=10776&form=11496&name=list& HTTP/1.1" 200 1524 "http://easydrivers.activities.at/entry.php?id=11671" "Mozilla/5.0 (Windows NT 6.1; WOW64; rv:54.0) Gecko/20100101 Firefox/54.0"
80.110.19.165 - - [08/Aug/2017:10:46:42 +0200] "GET /entry.php?id=10778&form=11496&name=list& HTTP/1.1" 200 3040 "http://easydrivers.activities.at/entry.php?id=11671" "Mozilla/5.0 (Windows NT 6.1; WOW64; rv:54.0) Gecko/20100101 Firefox/54.0"
80.110.19.165 - - [08/Aug/2017:10:46:46 +0200] "POST /entry.php?id=11671 HTTP/1.1" 200 4805 "http://easydrivers.activities.at/entry.php?id=11671" "Mozilla/5.0 (Windows NT 6.1; WOW64; rv:54.0) Gecko/20100101 Firefox/54.0"
80.110.19.165 - - [08/Aug/2017:10:46:47 +0200] "GET /gui/javascript/form_form.js?1502182007 HTTP/1.1" 200 16206 "http://easydrivers.activities.at/entry.php?id=11671" "Mozilla/5.0 (Windows NT 6.1; WOW64; rv:54.0) Gecko/20100101 Firefox/54.0"
80.110.19.165 - - [08/Aug/2017:10:46:47 +0200] "GET /entry.php?id=10776&form=11496&name=list& HTTP/1.1" 200 1524 "http://easydrivers.activities.at/entry.php?id=11671" "Mozilla/5.0 (Windows NT 6.1; WOW64; rv:54.0) Gecko/20100101 Firefox/54.0"
80.110.19.165 - - [08/Aug/2017:10:46:47 +0200] "GET /entry.php?id=10778&form=11496&name=list& HTTP/1.1" 200 3040 "http://easydrivers.activities.at/entry.php?id=11671" "Mozilla/5.0 (Windows NT 6.1; WOW64; rv:54.0) Gecko/20100101 Firefox/54.0"
80.110.19.165 - - [08/Aug/2017:10:47:09 +0200] "GET /entry.php?id=10271&&ser=181969 HTTP/1.1" 200 985 "http://easydrivers.activities.at/entry.php?id=10271&&ser=181909" "Mozilla/5.0 (Windows NT 6.1; WOW64; rv:54.0) Gecko/20100101 Firefox/54.0"
80.110.19.165 - - [08/Aug/2017:10:47:10 +0200] "GET /gui/javascript/form_form.js?1502182030 HTTP/1.1" 200 16206 "http://easydrivers.activities.at/entry.php?id=10271&&ser=181969" "Mozilla/5.0 (Windows NT 6.1; WOW64; rv:54.0) Gecko/20100101 Firefox/54.0"
80.110.19.165 - - [08/Aug/2017:10:47:15 +0200] "POST /entry.php?id=11671 HTTP/1.1" 200 4512 "http://easydrivers.activities.at/entry.php?id=11671" "Mozilla/5.0 (Windows NT 6.1; WOW64; rv:54.0) Gecko/20100101 Firefox/54.0"
80.110.19.165 - - [08/Aug/2017:10:47:15 +0200] "GET /gui/javascript/form_form.js?1502182035 HTTP/1.1" 200 16206 "http://easydrivers.activities.at/entry.php?id=11671" "Mozilla/5.0 (Windows NT 6.1; WOW64; rv:54.0) Gecko/20100101 Firefox/54.0"
80.110.19.165 - - [08/Aug/2017:10:47:15 +0200] "GET /entry.php?id=10776&form=11496&name=list& HTTP/1.1" 200 1518 "http://easydrivers.activities.at/entry.php?id=11671" "Mozilla/5.0 (Windows NT 6.1; WOW64; rv:54.0) Gecko/20100101 Firefox/54.0"
80.110.19.165 - - [08/Aug/2017:10:47:15 +0200] "GET /entry.php?id=10778&form=11496&name=list& HTTP/1.1" 200 2937 "http://easydrivers.activities.at/entry.php?id=11671" "Mozilla/5.0 (Windows NT 6.1; WOW64; rv:54.0) Gecko/20100101 Firefox/54.0"
188.22.216.221 - - [08/Aug/2017:10:47:17 +0200] "GET /entry.php?id=10271&&ser=181977 HTTP/1.1" 200 985 "http://ed.activities.at/entry.php?id=10271&&ser=181917" "Mozilla/5.0 (Windows NT 6.1; WOW64; Trident/7.0; rv:11.0) like Gecko"
188.22.216.221 - - [08/Aug/2017:10:47:18 +0200] "GET /gui/javascript/form_form.js?1502182038 HTTP/1.1" 200 16206 "http://ed.activities.at/entry.php?id=10271&&ser=181977" "Mozilla/5.0 (Windows NT 6.1; WOW64; Trident/7.0; rv:11.0) like Gecko"
80.110.19.165 - - [08/Aug/2017:10:48:03 +0200] "POST /entry.php?id=11671 HTTP/1.1" 200 4847 "http://easydrivers.activities.at/entry.php?id=11671" "Mozilla/5.0 (Windows NT 6.1; WOW64; rv:54.0) Gecko/20100101 Firefox/54.0"
80.110.19.165 - - [08/Aug/2017:10:48:04 +0200] "GET /gui/javascript/form_form.js?1502182084 HTTP/1.1" 200 16206 "http://easydrivers.activities.at/entry.php?id=11671" "Mozilla/5.0 (Windows NT 6.1; WOW64; rv:54.0) Gecko/20100101 Firefox/54.0"
80.110.19.165 - - [08/Aug/2017:10:48:04 +0200] "GET /entry.php?id=10778&form=11496&name=list& HTTP/1.1" 200 3040 "http://easydrivers.activities.at/entry.php?id=11671" "Mozilla/5.0 (Windows NT 6.1; WOW64; rv:54.0) Gecko/20100101 Firefox/54.0"
80.110.19.165 - - [08/Aug/2017:10:48:04 +0200] "GET /entry.php?id=10776&form=11496&name=list& HTTP/1.1" 200 1524 "http://easydrivers.activities.at/entry.php?id=11671" "Mozilla/5.0 (Windows NT 6.1; WOW64; rv:54.0) Gecko/20100101 Firefox/54.0"
80.110.19.165 - - [08/Aug/2017:10:48:07 +0200] "POST /entry.php?id=11671 HTTP/1.1" 200 4798 "http://easydrivers.activities.at/entry.php?id=11671" "Mozilla/5.0 (Windows NT 6.1; WOW64; rv:54.0) Gecko/20100101 Firefox/54.0"
80.110.19.165 - - [08/Aug/2017:10:48:08 +0200] "GET /gui/javascript/form_form.js?1502182088 HTTP/1.1" 200 16206 "http://easydrivers.activities.at/entry.php?id=11671" "Mozilla/5.0 (Windows NT 6.1; WOW64; rv:54.0) Gecko/20100101 Firefox/54.0"
80.110.19.165 - - [08/Aug/2017:10:48:08 +0200] "GET /entry.php?id=10778&form=11496&name=list& HTTP/1.1" 200 3040 "http://easydrivers.activities.at/entry.php?id=11671" "Mozilla/5.0 (Windows NT 6.1; WOW64; rv:54.0) Gecko/20100101 Firefox/54.0"
80.110.19.165 - - [08/Aug/2017:10:48:08 +0200] "GET /entry.php?id=10776&form=11496&name=list& HTTP/1.1" 200 1524 "http://easydrivers.activities.at/entry.php?id=11671" "Mozilla/5.0 (Windows NT 6.1; WOW64; rv:54.0) Gecko/20100101 Firefox/54.0"
80.110.19.165 - - [08/Aug/2017:10:48:10 +0200] "GET /entry.php?id=10271&&ser=182030 HTTP/1.1" 200 985 "http://easydrivers.activities.at/entry.php?id=10271&&ser=181969" "Mozilla/5.0 (Windows NT 6.1; WOW64; rv:54.0) Gecko/20100101 Firefox/54.0"
80.110.19.165 - - [08/Aug/2017:10:48:10 +0200] "GET /gui/javascript/form_form.js?1502182090 HTTP/1.1" 200 16206 "http://easydrivers.activities.at/entry.php?id=10271&&ser=182030" "Mozilla/5.0 (Windows NT 6.1; WOW64; rv:54.0) Gecko/20100101 Firefox/54.0"
80.110.19.165 - - [08/Aug/2017:10:48:11 +0200] "POST /entry.php?id=11671 HTTP/1.1" 200 4512 "http://easydrivers.activities.at/entry.php?id=11671" "Mozilla/5.0 (Windows NT 6.1; WOW64; rv:54.0) Gecko/20100101 Firefox/54.0"
80.110.19.165 - - [08/Aug/2017:10:48:12 +0200] "GET /gui/javascript/form_form.js?1502182092 HTTP/1.1" 200 16206 "http://easydrivers.activities.at/entry.php?id=11671" "Mozilla/5.0 (Windows NT 6.1; WOW64; rv:54.0) Gecko/20100101 Firefox/54.0"
80.110.19.165 - - [08/Aug/2017:10:48:12 +0200] "GET /entry.php?id=10776&form=11496&name=list& HTTP/1.1" 200 1518 "http://easydrivers.activities.at/entry.php?id=11671" "Mozilla/5.0 (Windows NT 6.1; WOW64; rv:54.0) Gecko/20100101 Firefox/54.0"
80.110.19.165 - - [08/Aug/2017:10:48:12 +0200] "GET /entry.php?id=10778&form=11496&name=list& HTTP/1.1" 200 2937 "http://easydrivers.activities.at/entry.php?id=11671" "Mozilla/5.0 (Windows NT 6.1; WOW64; rv:54.0) Gecko/20100101 Firefox/54.0"
188.22.216.221 - - [08/Aug/2017:10:48:18 +0200] "GET /entry.php?id=10271&&ser=182038 HTTP/1.1" 200 985 "http://ed.activities.at/entry.php?id=10271&&ser=181977" "Mozilla/5.0 (Windows NT 6.1; WOW64; Trident/7.0; rv:11.0) like Gecko"
188.22.216.221 - - [08/Aug/2017:10:48:18 +0200] "GET /gui/javascript/form_form.js?1502182098 HTTP/1.1" 200 16206 "http://ed.activities.at/entry.php?id=10271&&ser=182038" "Mozilla/5.0 (Windows NT 6.1; WOW64; Trident/7.0; rv:11.0) like Gecko"
80.110.19.165 - - [08/Aug/2017:10:48:52 +0200] "POST /entry.php?id=11671 HTTP/1.1" 200 4850 "http://easydrivers.activities.at/entry.php?id=11671" "Mozilla/5.0 (Windows NT 6.1; WOW64; rv:54.0) Gecko/20100101 Firefox/54.0"
80.110.19.165 - - [08/Aug/2017:10:48:52 +0200] "GET /gui/javascript/form_form.js?1502182132 HTTP/1.1" 200 16206 "http://easydrivers.activities.at/entry.php?id=11671" "Mozilla/5.0 (Windows NT 6.1; WOW64; rv:54.0) Gecko/20100101 Firefox/54.0"
80.110.19.165 - - [08/Aug/2017:10:48:53 +0200] "GET /entry.php?id=10776&form=11496&name=list& HTTP/1.1" 200 1524 "http://easydrivers.activities.at/entry.php?id=11671" "Mozilla/5.0 (Windows NT 6.1; WOW64; rv:54.0) Gecko/20100101 Firefox/54.0"
80.110.19.165 - - [08/Aug/2017:10:48:53 +0200] "GET /entry.php?id=10778&form=11496&name=list& HTTP/1.1" 200 3040 "http://easydrivers.activities.at/entry.php?id=11671" "Mozilla/5.0 (Windows NT 6.1; WOW64; rv:54.0) Gecko/20100101 Firefox/54.0"
80.110.19.165 - - [08/Aug/2017:10:48:53 +0200] "POST /entry.php?id=11671 HTTP/1.1" 200 4801 "http://easydrivers.activities.at/entry.php?id=11671" "Mozilla/5.0 (Windows NT 6.1; WOW64; rv:54.0) Gecko/20100101 Firefox/54.0"
80.110.19.165 - - [08/Aug/2017:10:48:55 +0200] "GET /gui/javascript/form_form.js?1502182134 HTTP/1.1" 200 16206 "http://easydrivers.activities.at/entry.php?id=11671" "Mozilla/5.0 (Windows NT 6.1; WOW64; rv:54.0) Gecko/20100101 Firefox/54.0"
80.110.19.165 - - [08/Aug/2017:10:48:55 +0200] "GET /entry.php?id=10778&form=11496&name=list& HTTP/1.1" 200 3040 "http://easydrivers.activities.at/entry.php?id=11671" "Mozilla/5.0 (Windows NT 6.1; WOW64; rv:54.0) Gecko/20100101 Firefox/54.0"
80.110.19.165 - - [08/Aug/2017:10:48:55 +0200] "GET /entry.php?id=10776&form=11496&name=list& HTTP/1.1" 200 1524 "http://easydrivers.activities.at/entry.php?id=11671" "Mozilla/5.0 (Windows NT 6.1; WOW64; rv:54.0) Gecko/20100101 Firefox/54.0"
80.110.19.165 - - [08/Aug/2017:10:49:03 +0200] "GET /entry.php?id=10287&login=1 HTTP/1.1" 200 1876 "http://easydrivers.activities.at/entry.php?id=10273&" "Mozilla/5.0 (Windows NT 6.1; WOW64; rv:54.0) Gecko/20100101 Firefox/54.0"
80.110.19.165 - - [08/Aug/2017:10:49:03 +0200] "GET /gui/javascript/form_form.js?1502182143 HTTP/1.1" 200 16206 "http://easydrivers.activities.at/entry.php?id=10287&login=1" "Mozilla/5.0 (Windows NT 6.1; WOW64; rv:54.0) Gecko/20100101 Firefox/54.0"
80.110.19.165 - - [08/Aug/2017:10:49:05 +0200] "POST /entry.php?id=10287& HTTP/1.1" 200 2418 "http://easydrivers.activities.at/entry.php?id=10287&login=1" "Mozilla/5.0 (Windows NT 6.1; WOW64; rv:54.0) Gecko/20100101 Firefox/54.0"
80.110.19.165 - - [08/Aug/2017:10:49:05 +0200] "GET /gui/javascript/form_form.js?1502182145 HTTP/1.1" 200 16206 "http://easydrivers.activities.at/entry.php?id=10287&" "Mozilla/5.0 (Windows NT 6.1; WOW64; rv:54.0) Gecko/20100101 Firefox/54.0"
80.110.19.165 - - [08/Aug/2017:10:49:06 +0200] "GET /entry.php?id=10270& HTTP/1.1" 200 907 "http://easydrivers.activities.at/entry.php?id=10287&" "Mozilla/5.0 (Windows NT 6.1; WOW64; rv:54.0) Gecko/20100101 Firefox/54.0"
80.110.19.165 - - [08/Aug/2017:10:49:06 +0200] "GET /gui/javascript/form_form.js?1502182146 HTTP/1.1" 200 16206 "http://easydrivers.activities.at/entry.php?id=10270&" "Mozilla/5.0 (Windows NT 6.1; WOW64; rv:54.0) Gecko/20100101 Firefox/54.0"
80.110.19.165 - - [08/Aug/2017:10:49:06 +0200] "GET /entry.php?id=10273&logout=true& HTTP/1.1" 200 1912 "http://easydrivers.activities.at/entry.php?id=10287&" "Mozilla/5.0 (Windows NT 6.1; WOW64; rv:54.0) Gecko/20100101 Firefox/54.0"
188.22.216.221 - - [08/Aug/2017:10:49:18 +0200] "GET /entry.php?id=10271&&ser=182098 HTTP/1.1" 200 985 "http://ed.activities.at/entry.php?id=10271&&ser=182038" "Mozilla/5.0 (Windows NT 6.1; WOW64; Trident/7.0; rv:11.0) like Gecko"
188.22.216.221 - - [08/Aug/2017:10:49:18 +0200] "GET /gui/javascript/form_form.js?1502182158 HTTP/1.1" 200 16206 "http://ed.activities.at/entry.php?id=10271&&ser=182098" "Mozilla/5.0 (Windows NT 6.1; WOW64; Trident/7.0; rv:11.0) like Gecko"
80.110.19.165 - - [08/Aug/2017:10:50:12 +0200] "GET / HTTP/1.1" 200 382 "-" "Mozilla/5.0 (Windows NT 6.1; WOW64; rv:54.0) Gecko/20100101 Firefox/54.0"
80.110.19.165 - - [08/Aug/2017:10:50:13 +0200] "GET /layout.php HTTP/1.1" 200 913 "http://easydrivers.activities.at/" "Mozilla/5.0 (Windows NT 6.1; WOW64; rv:54.0) Gecko/20100101 Firefox/54.0"
80.110.19.165 - - [08/Aug/2017:10:50:13 +0200] "GET /entry.php?id=10272 HTTP/1.1" 200 1158 "http://easydrivers.activities.at/layout.php" "Mozilla/5.0 (Windows NT 6.1; WOW64; rv:54.0) Gecko/20100101 Firefox/54.0"
80.110.19.165 - - [08/Aug/2017:10:50:13 +0200] "GET /gui/javascript/form_form.js?1502182213 HTTP/1.1" 200 16206 "http://easydrivers.activities.at/entry.php?id=10272" "Mozilla/5.0 (Windows NT 6.1; WOW64; rv:54.0) Gecko/20100101 Firefox/54.0"
80.110.19.165 - - [08/Aug/2017:10:50:13 +0200] "GET /entry.php?id=11412 HTTP/1.1" 200 1758 "http://easydrivers.activities.at/layout.php" "Mozilla/5.0 (Windows NT 6.1; WOW64; rv:54.0) Gecko/20100101 Firefox/54.0"
80.110.19.165 - - [08/Aug/2017:10:50:13 +0200] "GET /entry.php?id=10270 HTTP/1.1" 200 907 "http://easydrivers.activities.at/layout.php" "Mozilla/5.0 (Windows NT 6.1; WOW64; rv:54.0) Gecko/20100101 Firefox/54.0"
80.110.19.165 - - [08/Aug/2017:10:50:13 +0200] "GET /entry.php?id=10273 HTTP/1.1" 200 1901 "http://easydrivers.activities.at/layout.php" "Mozilla/5.0 (Windows NT 6.1; WOW64; rv:54.0) Gecko/20100101 Firefox/54.0"
80.110.19.165 - - [08/Aug/2017:10:50:13 +0200] "GET /entry.php?id=10271& HTTP/1.1" 200 932 "http://easydrivers.activities.at/entry.php?id=10272" "Mozilla/5.0 (Windows NT 6.1; WOW64; rv:54.0) Gecko/20100101 Firefox/54.0"
80.110.19.165 - - [08/Aug/2017:10:50:13 +0200] "GET /entry.php?id=10287 HTTP/1.1" 200 2403 "http://easydrivers.activities.at/entry.php?id=11412" "Mozilla/5.0 (Windows NT 6.1; WOW64; rv:54.0) Gecko/20100101 Firefox/54.0"
80.110.19.165 - - [08/Aug/2017:10:50:13 +0200] "GET /entry.php?id=10270& HTTP/1.1" 200 907 "http://easydrivers.activities.at/entry.php?id=10287" "Mozilla/5.0 (Windows NT 6.1; WOW64; rv:54.0) Gecko/20100101 Firefox/54.0"
80.110.19.165 - - [08/Aug/2017:10:50:13 +0200] "GET /entry.php?id=10273& HTTP/1.1" 200 1902 "http://easydrivers.activities.at/entry.php?id=10287" "Mozilla/5.0 (Windows NT 6.1; WOW64; rv:54.0) Gecko/20100101 Firefox/54.0"
80.110.19.165 - - [08/Aug/2017:10:50:14 +0200] "GET /gui/javascript/form_form.js?1502182214 HTTP/1.1" 200 16206 "http://easydrivers.activities.at/entry.php?id=10270&" "Mozilla/5.0 (Windows NT 6.1; WOW64; rv:54.0) Gecko/20100101 Firefox/54.0"
188.22.216.221 - - [08/Aug/2017:10:50:19 +0200] "GET /entry.php?id=10271&&ser=182158 HTTP/1.1" 200 985 "http://ed.activities.at/entry.php?id=10271&&ser=182098" "Mozilla/5.0 (Windows NT 6.1; WOW64; Trident/7.0; rv:11.0) like Gecko"
188.22.216.221 - - [08/Aug/2017:10:50:19 +0200] "GET /gui/javascript/form_form.js?1502182219 HTTP/1.1" 200 16206 "http://ed.activities.at/entry.php?id=10271&&ser=182158" "Mozilla/5.0 (Windows NT 6.1; WOW64; Trident/7.0; rv:11.0) like Gecko"
80.110.19.165 - - [08/Aug/2017:10:50:29 +0200] "POST /entry.php?id=10287& HTTP/1.1" 200 1992 "http://easydrivers.activities.at/entry.php?id=10287" "Mozilla/5.0 (Windows NT 6.1; WOW64; rv:54.0) Gecko/20100101 Firefox/54.0"
80.110.19.165 - - [08/Aug/2017:10:50:30 +0200] "GET /gui/javascript/form_form.js?1502182229 HTTP/1.1" 200 16206 "http://easydrivers.activities.at/entry.php?id=10287&" "Mozilla/5.0 (Windows NT 6.1; WOW64; rv:54.0) Gecko/20100101 Firefox/54.0"
80.110.19.165 - - [08/Aug/2017:10:50:30 +0200] "GET /entry.php?id=10273& HTTP/1.1" 200 2012 "http://easydrivers.activities.at/entry.php?id=10287&" "Mozilla/5.0 (Windows NT 6.1; WOW64; rv:54.0) Gecko/20100101 Firefox/54.0"
80.110.19.165 - - [08/Aug/2017:10:50:30 +0200] "GET /gui/javascript/form_form.js?1502182230 HTTP/1.1" 200 16206 "http://easydrivers.activities.at/entry.php?id=10273&" "Mozilla/5.0 (Windows NT 6.1; WOW64; rv:54.0) Gecko/20100101 Firefox/54.0"
80.110.19.165 - - [08/Aug/2017:10:50:30 +0200] "GET /framework/webfx/style/toolbar/images/cbback.gif HTTP/1.1" 404 318 "http://easydrivers.activities.at/framework/webfx/style/toolbar/cb2.css" "Mozilla/5.0 (Windows NT 6.1; WOW64; rv:54.0) Gecko/20100101 Firefox/54.0"
80.110.19.165 - - [08/Aug/2017:10:50:30 +0200] "GET /entry.php?id=10270&__app__=10006038 HTTP/1.1" 200 1647 "http://easydrivers.activities.at/entry.php?id=10273&" "Mozilla/5.0 (Windows NT 6.1; WOW64; rv:54.0) Gecko/20100101 Firefox/54.0"
80.110.19.165 - - [08/Aug/2017:10:50:30 +0200] "GET /entry.php?id=10271& HTTP/1.1" 200 986 "http://easydrivers.activities.at/entry.php?id=10272" "Mozilla/5.0 (Windows NT 6.1; WOW64; rv:54.0) Gecko/20100101 Firefox/54.0"
80.110.19.165 - - [08/Aug/2017:10:50:31 +0200] "GET /gui/javascript/jquery/css/gui-themes/custom.min.css HTTP/1.1" 304 - "http://easydrivers.activities.at/entry.php?id=10271&" "Mozilla/5.0 (Windows NT 6.1; WOW64; rv:54.0) Gecko/20100101 Firefox/54.0"
80.110.19.165 - - [08/Aug/2017:10:50:31 +0200] "GET /gui/javascript/jquery/css/gui-themes/ui.spinner.css HTTP/1.1" 304 - "http://easydrivers.activities.at/entry.php?id=10271&" "Mozilla/5.0 (Windows NT 6.1; WOW64; rv:54.0) Gecko/20100101 Firefox/54.0"
80.110.19.165 - - [08/Aug/2017:10:50:31 +0200] "GET /gui/styles/tmplDefault.css HTTP/1.1" 304 - "http://easydrivers.activities.at/entry.php?id=10271&" "Mozilla/5.0 (Windows NT 6.1; WOW64; rv:54.0) Gecko/20100101 Firefox/54.0"
80.110.19.165 - - [08/Aug/2017:10:50:31 +0200] "GET /gui/javascript/jquery/css/gui-themes/jquery.tooltip.css HTTP/1.1" 304 - "http://easydrivers.activities.at/entry.php?id=10271&" "Mozilla/5.0 (Windows NT 6.1; WOW64; rv:54.0) Gecko/20100101 Firefox/54.0"
80.110.19.165 - - [08/Aug/2017:10:50:31 +0200] "GET /gui/javascript/jquery/js/jquery-1.8.2.js HTTP/1.1" 304 - "http://easydrivers.activities.at/entry.php?id=10271&" "Mozilla/5.0 (Windows NT 6.1; WOW64; rv:54.0) Gecko/20100101 Firefox/54.0"
80.110.19.165 - - [08/Aug/2017:10:50:31 +0200] "GET /gui/javascript/form_form.js?1502182231 HTTP/1.1" 200 16206 "http://easydrivers.activities.at/entry.php?id=10270&__app__=10006038" "Mozilla/5.0 (Windows NT 6.1; WOW64; rv:54.0) Gecko/20100101 Firefox/54.0"
80.110.19.165 - - [08/Aug/2017:10:50:31 +0200] "GET /gui/javascript/jquery/js/jquery-ui-1.9.0.custom.min.js HTTP/1.1" 304 - "http://easydrivers.activities.at/entry.php?id=10271&" "Mozilla/5.0 (Windows NT 6.1; WOW64; rv:54.0) Gecko/20100101 Firefox/54.0"
80.110.19.165 - - [08/Aug/2017:10:50:31 +0200] "GET /gui/javascript/jquery/jquery-tooltip/jquery.tooltip.min.js HTTP/1.1" 304 - "http://easydrivers.activities.at/entry.php?id=10271&" "Mozilla/5.0 (Windows NT 6.1; WOW64; rv:54.0) Gecko/20100101 Firefox/54.0"
80.110.19.165 - - [08/Aug/2017:10:50:31 +0200] "GET /gui/javascript/form_form.js?1502182231 HTTP/1.1" 304 - "http://easydrivers.activities.at/entry.php?id=10271&" "Mozilla/5.0 (Windows NT 6.1; WOW64; rv:54.0) Gecko/20100101 Firefox/54.0"
80.110.19.165 - - [08/Aug/2017:10:50:31 +0200] "GET /undefined HTTP/1.1" 404 288 "http://easydrivers.activities.at/entry.php?id=10270&__app__=10006038" "Mozilla/5.0 (Windows NT 6.1; WOW64; rv:54.0) Gecko/20100101 Firefox/54.0"
80.110.19.165 - - [08/Aug/2017:10:50:34 +0200] "GET /entry.php?id=11673 HTTP/1.1" 200 358 "http://easydrivers.activities.at/entry.php?id=10270&__app__=10006038" "Mozilla/5.0 (Windows NT 6.1; WOW64; rv:54.0) Gecko/20100101 Firefox/54.0"
80.110.19.165 - - [08/Aug/2017:10:50:34 +0200] "GET /entry.php?id=11694& HTTP/1.1" 200 3387 "http://easydrivers.activities.at/entry.php?id=11673" "Mozilla/5.0 (Windows NT 6.1; WOW64; rv:54.0) Gecko/20100101 Firefox/54.0"
80.110.19.165 - - [08/Aug/2017:10:50:35 +0200] "GET /gui/javascript/form_form.js?1502182235 HTTP/1.1" 200 16206 "http://easydrivers.activities.at/entry.php?id=11694&" "Mozilla/5.0 (Windows NT 6.1; WOW64; rv:54.0) Gecko/20100101 Firefox/54.0"
80.110.19.165 - - [08/Aug/2017:10:50:35 +0200] "GET /activities/framework/KoolControls/KoolAjax/koolajax.php?8436e354c842500aba3cbaf0584c0c24 HTTP/1.1" 200 4079 "http://easydrivers.activities.at/entry.php?id=11694&" "Mozilla/5.0 (Windows NT 6.1; WOW64; rv:54.0) Gecko/20100101 Firefox/54.0"
80.110.19.165 - - [08/Aug/2017:10:50:34 +0200] "GET /entry.php?id=10676&&title=F%FChrerscheinkurse HTTP/1.1" 200 1395 "http://easydrivers.activities.at/entry.php?id=11673" "Mozilla/5.0 (Windows NT 6.1; WOW64; rv:54.0) Gecko/20100101 Firefox/54.0"
80.110.19.165 - - [08/Aug/2017:10:50:35 +0200] "GET /activities/framework/KoolControls/KoolTreeView/kooltreeview.php?c7cd9180e88ffef8e70f13526bb4f5f7 HTTP/1.1" 200 5055 "http://easydrivers.activities.at/entry.php?id=11694&" "Mozilla/5.0 (Windows NT 6.1; WOW64; rv:54.0) Gecko/20100101 Firefox/54.0"
80.110.19.165 - - [08/Aug/2017:10:50:34 +0200] "GET /entry.php?id=11672& HTTP/1.1" 200 2690 "http://easydrivers.activities.at/entry.php?id=11673" "Mozilla/5.0 (Windows NT 6.1; WOW64; rv:54.0) Gecko/20100101 Firefox/54.0"
80.110.19.165 - - [08/Aug/2017:10:50:34 +0200] "GET /entry.php?id=11671& HTTP/1.1" 200 4539 "http://easydrivers.activities.at/entry.php?id=11673" "Mozilla/5.0 (Windows NT 6.1; WOW64; rv:54.0) Gecko/20100101 Firefox/54.0"
80.110.19.165 - - [08/Aug/2017:10:50:36 +0200] "GET /gui/javascript/form_form.js?1502182236 HTTP/1.1" 200 16206 "http://easydrivers.activities.at/entry.php?id=11671&" "Mozilla/5.0 (Windows NT 6.1; WOW64; rv:54.0) Gecko/20100101 Firefox/54.0"
80.110.19.165 - - [08/Aug/2017:10:50:35 +0200] "GET /entry.php?id=10776&form=11497&name=list& HTTP/1.1" 200 1942 "http://easydrivers.activities.at/entry.php?id=11672&" "Mozilla/5.0 (Windows NT 6.1; WOW64; rv:54.0) Gecko/20100101 Firefox/54.0"
80.110.19.165 - - [08/Aug/2017:10:50:35 +0200] "GET /entry.php?id=10778&form=11497&name=list& HTTP/1.1" 200 7541 "http://easydrivers.activities.at/entry.php?id=11672&" "Mozilla/5.0 (Windows NT 6.1; WOW64; rv:54.0) Gecko/20100101 Firefox/54.0"
80.110.19.165 - - [08/Aug/2017:10:50:36 +0200] "GET /entry.php?id=10778&form=11496&name=list& HTTP/1.1" 200 2493 "http://easydrivers.activities.at/entry.php?id=11671&" "Mozilla/5.0 (Windows NT 6.1; WOW64; rv:54.0) Gecko/20100101 Firefox/54.0"
80.110.19.165 - - [08/Aug/2017:10:50:36 +0200] "GET /entry.php?id=10776&form=11496&name=list& HTTP/1.1" 200 1526 "http://easydrivers.activities.at/entry.php?id=11671&" "Mozilla/5.0 (Windows NT 6.1; WOW64; rv:54.0) Gecko/20100101 Firefox/54.0"
80.110.19.165 - - [08/Aug/2017:10:50:53 +0200] "POST /entry.php?id=11672 HTTP/1.1" 200 2701 "http://easydrivers.activities.at/entry.php?id=11672&" "Mozilla/5.0 (Windows NT 6.1; WOW64; rv:54.0) Gecko/20100101 Firefox/54.0"
80.110.19.165 - - [08/Aug/2017:10:50:53 +0200] "GET /gui/javascript/form_form.js?1502182253 HTTP/1.1" 200 16206 "http://easydrivers.activities.at/entry.php?id=11672" "Mozilla/5.0 (Windows NT 6.1; WOW64; rv:54.0) Gecko/20100101 Firefox/54.0"
80.110.19.165 - - [08/Aug/2017:10:50:53 +0200] "GET /entry.php?id=10776&form=11497&name=list& HTTP/1.1" 200 1942 "http://easydrivers.activities.at/entry.php?id=11672" "Mozilla/5.0 (Windows NT 6.1; WOW64; rv:54.0) Gecko/20100101 Firefox/54.0"
80.110.19.165 - - [08/Aug/2017:10:50:53 +0200] "GET /entry.php?id=10778&form=11497&name=list& HTTP/1.1" 200 7540 "http://easydrivers.activities.at/entry.php?id=11672" "Mozilla/5.0 (Windows NT 6.1; WOW64; rv:54.0) Gecko/20100101 Firefox/54.0"
80.110.19.165 - - [08/Aug/2017:10:50:57 +0200] "POST /entry.php?id=11672 HTTP/1.1" 200 2701 "http://easydrivers.activities.at/entry.php?id=11672" "Mozilla/5.0 (Windows NT 6.1; WOW64; rv:54.0) Gecko/20100101 Firefox/54.0"
80.110.19.165 - - [08/Aug/2017:10:50:58 +0200] "GET /gui/javascript/form_form.js?1502182258 HTTP/1.1" 200 16206 "http://easydrivers.activities.at/entry.php?id=11672" "Mozilla/5.0 (Windows NT 6.1; WOW64; rv:54.0) Gecko/20100101 Firefox/54.0"
80.110.19.165 - - [08/Aug/2017:10:50:58 +0200] "GET /entry.php?id=10776&form=11497&name=list& HTTP/1.1" 200 1943 "http://easydrivers.activities.at/entry.php?id=11672" "Mozilla/5.0 (Windows NT 6.1; WOW64; rv:54.0) Gecko/20100101 Firefox/54.0"
80.110.19.165 - - [08/Aug/2017:10:50:58 +0200] "GET /framework/icons/sortDown.gif HTTP/1.1" 200 54 "http://easydrivers.activities.at/entry.php?id=10776&form=11497&name=list&" "Mozilla/5.0 (Windows NT 6.1; WOW64; rv:54.0) Gecko/20100101 Firefox/54.0"
80.110.19.165 - - [08/Aug/2017:10:50:58 +0200] "GET /entry.php?id=10778&form=11497&name=list& HTTP/1.1" 200 7539 "http://easydrivers.activities.at/entry.php?id=11672" "Mozilla/5.0 (Windows NT 6.1; WOW64; rv:54.0) Gecko/20100101 Firefox/54.0"
80.110.19.165 - - [08/Aug/2017:10:51:04 +0200] "POST /entry.php?id=11672 HTTP/1.1" 200 2702 "http://easydrivers.activities.at/entry.php?id=11672" "Mozilla/5.0 (Windows NT 6.1; WOW64; rv:54.0) Gecko/20100101 Firefox/54.0"
80.110.19.165 - - [08/Aug/2017:10:51:05 +0200] "GET /gui/javascript/form_form.js?1502182265 HTTP/1.1" 200 16206 "http://easydrivers.activities.at/entry.php?id=11672" "Mozilla/5.0 (Windows NT 6.1; WOW64; rv:54.0) Gecko/20100101 Firefox/54.0"
80.110.19.165 - - [08/Aug/2017:10:51:05 +0200] "GET /entry.php?id=10776&form=11497&name=list& HTTP/1.1" 200 1942 "http://easydrivers.activities.at/entry.php?id=11672" "Mozilla/5.0 (Windows NT 6.1; WOW64; rv:54.0) Gecko/20100101 Firefox/54.0"
80.110.19.165 - - [08/Aug/2017:10:51:05 +0200] "GET /entry.php?id=10778&form=11497&name=list& HTTP/1.1" 200 7540 "http://easydrivers.activities.at/entry.php?id=11672" "Mozilla/5.0 (Windows NT 6.1; WOW64; rv:54.0) Gecko/20100101 Firefox/54.0"
80.110.19.165 - - [08/Aug/2017:10:51:09 +0200] "POST /entry.php?id=11672 HTTP/1.1" 200 2703 "http://easydrivers.activities.at/entry.php?id=11672" "Mozilla/5.0 (Windows NT 6.1; WOW64; rv:54.0) Gecko/20100101 Firefox/54.0"
80.110.19.165 - - [08/Aug/2017:10:51:10 +0200] "GET /gui/javascript/form_form.js?1502182270 HTTP/1.1" 200 16206 "http://easydrivers.activities.at/entry.php?id=11672" "Mozilla/5.0 (Windows NT 6.1; WOW64; rv:54.0) Gecko/20100101 Firefox/54.0"
80.110.19.165 - - [08/Aug/2017:10:51:10 +0200] "GET /entry.php?id=10776&form=11497&name=list& HTTP/1.1" 200 1945 "http://easydrivers.activities.at/entry.php?id=11672" "Mozilla/5.0 (Windows NT 6.1; WOW64; rv:54.0) Gecko/20100101 Firefox/54.0"
80.110.19.165 - - [08/Aug/2017:10:51:10 +0200] "GET /entry.php?id=10778&form=11497&name=list& HTTP/1.1" 200 7088 "http://easydrivers.activities.at/entry.php?id=11672" "Mozilla/5.0 (Windows NT 6.1; WOW64; rv:54.0) Gecko/20100101 Firefox/54.0"
188.22.216.221 - - [08/Aug/2017:10:51:19 +0200] "GET /entry.php?id=10271&&ser=182219 HTTP/1.1" 200 985 "http://ed.activities.at/entry.php?id=10271&&ser=182158" "Mozilla/5.0 (Windows NT 6.1; WOW64; Trident/7.0; rv:11.0) like Gecko"
188.22.216.221 - - [08/Aug/2017:10:51:19 +0200] "GET /gui/javascript/form_form.js?1502182279 HTTP/1.1" 200 16206 "http://ed.activities.at/entry.php?id=10271&&ser=182219" "Mozilla/5.0 (Windows NT 6.1; WOW64; Trident/7.0; rv:11.0) like Gecko"
80.110.19.165 - - [08/Aug/2017:10:51:23 +0200] "POST /entry.php?id=11671 HTTP/1.1" 200 4645 "http://easydrivers.activities.at/entry.php?id=11671&" "Mozilla/5.0 (Windows NT 6.1; WOW64; rv:54.0) Gecko/20100101 Firefox/54.0"
80.110.19.165 - - [08/Aug/2017:10:51:24 +0200] "GET /gui/javascript/form_form.js?1502182284 HTTP/1.1" 200 16206 "http://easydrivers.activities.at/entry.php?id=11671" "Mozilla/5.0 (Windows NT 6.1; WOW64; rv:54.0) Gecko/20100101 Firefox/54.0"
80.110.19.165 - - [08/Aug/2017:10:51:24 +0200] "GET /entry.php?id=10776&form=11496&name=list& HTTP/1.1" 200 1524 "http://easydrivers.activities.at/entry.php?id=11671" "Mozilla/5.0 (Windows NT 6.1; WOW64; rv:54.0) Gecko/20100101 Firefox/54.0"
80.110.19.165 - - [08/Aug/2017:10:51:24 +0200] "GET /entry.php?id=10778&form=11496&name=list& HTTP/1.1" 200 3040 "http://easydrivers.activities.at/entry.php?id=11671" "Mozilla/5.0 (Windows NT 6.1; WOW64; rv:54.0) Gecko/20100101 Firefox/54.0"
80.110.19.165 - - [08/Aug/2017:10:51:28 +0200] "GET /gui/javascript/jquery/css/gui-themes/images/ui-icons_000000_256x240_ev.png HTTP/1.1" 200 11218 "http://easydrivers.activities.at/gui/javascript/jquery/css/gui-themes/custom.min.css" "Mozilla/5.0 (Windows NT 6.1; WOW64; rv:54.0) Gecko/20100101 Firefox/54.0"
80.110.19.165 - - [08/Aug/2017:10:51:31 +0200] "GET /entry.php?id=10271&&ser=182230 HTTP/1.1" 200 985 "http://easydrivers.activities.at/entry.php?id=10271&" "Mozilla/5.0 (Windows NT 6.1; WOW64; rv:54.0) Gecko/20100101 Firefox/54.0"
80.110.19.165 - - [08/Aug/2017:10:51:31 +0200] "GET /gui/javascript/form_form.js?1502182291 HTTP/1.1" 200 16206 "http://easydrivers.activities.at/entry.php?id=10271&&ser=182230" "Mozilla/5.0 (Windows NT 6.1; WOW64; rv:54.0) Gecko/20100101 Firefox/54.0"
80.110.19.165 - - [08/Aug/2017:10:51:47 +0200] "POST /entry.php?id=11671 HTTP/1.1" 200 4823 "http://easydrivers.activities.at/entry.php?id=11671" "Mozilla/5.0 (Windows NT 6.1; WOW64; rv:54.0) Gecko/20100101 Firefox/54.0"
80.110.19.165 - - [08/Aug/2017:10:51:48 +0200] "GET /gui/javascript/form_form.js?1502182307 HTTP/1.1" 200 16206 "http://easydrivers.activities.at/entry.php?id=11671" "Mozilla/5.0 (Windows NT 6.1; WOW64; rv:54.0) Gecko/20100101 Firefox/54.0"
80.110.19.165 - - [08/Aug/2017:10:51:48 +0200] "GET /entry.php?id=10778&form=11496&name=list& HTTP/1.1" 200 3040 "http://easydrivers.activities.at/entry.php?id=11671" "Mozilla/5.0 (Windows NT 6.1; WOW64; rv:54.0) Gecko/20100101 Firefox/54.0"
80.110.19.165 - - [08/Aug/2017:10:51:48 +0200] "GET /entry.php?id=10776&form=11496&name=list& HTTP/1.1" 200 1524 "http://easydrivers.activities.at/entry.php?id=11671" "Mozilla/5.0 (Windows NT 6.1; WOW64; rv:54.0) Gecko/20100101 Firefox/54.0"
188.22.216.221 - - [08/Aug/2017:10:52:19 +0200] "GET /entry.php?id=10271&&ser=182279 HTTP/1.1" 200 984 "http://ed.activities.at/entry.php?id=10271&&ser=182219" "Mozilla/5.0 (Windows NT 6.1; WOW64; Trident/7.0; rv:11.0) like Gecko"
188.22.216.221 - - [08/Aug/2017:10:52:20 +0200] "GET /gui/javascript/form_form.js?1502182340 HTTP/1.1" 200 16206 "http://ed.activities.at/entry.php?id=10271&&ser=182279" "Mozilla/5.0 (Windows NT 6.1; WOW64; Trident/7.0; rv:11.0) like Gecko"
80.110.19.165 - - [08/Aug/2017:10:52:21 +0200] "POST /entry.php?id=11671 HTTP/1.1" 200 4804 "http://easydrivers.activities.at/entry.php?id=11671" "Mozilla/5.0 (Windows NT 6.1; WOW64; rv:54.0) Gecko/20100101 Firefox/54.0"
80.110.19.165 - - [08/Aug/2017:10:52:21 +0200] "GET /gui/javascript/form_form.js?1502182341 HTTP/1.1" 200 16206 "http://easydrivers.activities.at/entry.php?id=11671" "Mozilla/5.0 (Windows NT 6.1; WOW64; rv:54.0) Gecko/20100101 Firefox/54.0"
80.110.19.165 - - [08/Aug/2017:10:52:21 +0200] "GET /entry.php?id=10776&form=11496&name=list& HTTP/1.1" 200 1524 "http://easydrivers.activities.at/entry.php?id=11671" "Mozilla/5.0 (Windows NT 6.1; WOW64; rv:54.0) Gecko/20100101 Firefox/54.0"
80.110.19.165 - - [08/Aug/2017:10:52:21 +0200] "GET /entry.php?id=10778&form=11496&name=list& HTTP/1.1" 200 3040 "http://easydrivers.activities.at/entry.php?id=11671" "Mozilla/5.0 (Windows NT 6.1; WOW64; rv:54.0) Gecko/20100101 Firefox/54.0"
80.110.19.165 - - [08/Aug/2017:10:52:30 +0200] "GET /entry.php?id=10287&login=1 HTTP/1.1" 200 1876 "http://easydrivers.activities.at/entry.php?id=10273&" "Mozilla/5.0 (Windows NT 6.1; WOW64; rv:54.0) Gecko/20100101 Firefox/54.0"
80.110.19.165 - - [08/Aug/2017:10:52:30 +0200] "GET /gui/javascript/form_form.js?1502182350 HTTP/1.1" 200 16206 "http://easydrivers.activities.at/entry.php?id=10287&login=1" "Mozilla/5.0 (Windows NT 6.1; WOW64; rv:54.0) Gecko/20100101 Firefox/54.0"
80.110.19.165 - - [08/Aug/2017:10:52:31 +0200] "GET /entry.php?id=10271&&ser=182291 HTTP/1.1" 200 983 "http://easydrivers.activities.at/entry.php?id=10271&&ser=182230" "Mozilla/5.0 (Windows NT 6.1; WOW64; rv:54.0) Gecko/20100101 Firefox/54.0"
80.110.19.165 - - [08/Aug/2017:10:52:31 +0200] "GET /gui/javascript/form_form.js?1502182351 HTTP/1.1" 200 16206 "http://easydrivers.activities.at/entry.php?id=10271&&ser=182291" "Mozilla/5.0 (Windows NT 6.1; WOW64; rv:54.0) Gecko/20100101 Firefox/54.0"
80.110.19.165 - - [08/Aug/2017:10:52:32 +0200] "POST /entry.php?id=10287& HTTP/1.1" 200 2418 "http://easydrivers.activities.at/entry.php?id=10287&login=1" "Mozilla/5.0 (Windows NT 6.1; WOW64; rv:54.0) Gecko/20100101 Firefox/54.0"
80.110.19.165 - - [08/Aug/2017:10:52:32 +0200] "GET /gui/javascript/form_form.js?1502182352 HTTP/1.1" 200 16206 "http://easydrivers.activities.at/entry.php?id=10287&" "Mozilla/5.0 (Windows NT 6.1; WOW64; rv:54.0) Gecko/20100101 Firefox/54.0"
80.110.19.165 - - [08/Aug/2017:10:52:32 +0200] "GET /entry.php?id=10270& HTTP/1.1" 200 906 "http://easydrivers.activities.at/entry.php?id=10287&" "Mozilla/5.0 (Windows NT 6.1; WOW64; rv:54.0) Gecko/20100101 Firefox/54.0"
80.110.19.165 - - [08/Aug/2017:10:52:32 +0200] "GET /entry.php?id=10273&logout=true& HTTP/1.1" 200 1912 "http://easydrivers.activities.at/entry.php?id=10287&" "Mozilla/5.0 (Windows NT 6.1; WOW64; rv:54.0) Gecko/20100101 Firefox/54.0"
188.22.216.221 - - [08/Aug/2017:10:53:20 +0200] "GET /entry.php?id=10271&&ser=182340 HTTP/1.1" 200 985 "http://ed.activities.at/entry.php?id=10271&&ser=182279" "Mozilla/5.0 (Windows NT 6.1; WOW64; Trident/7.0; rv:11.0) like Gecko"
188.22.216.221 - - [08/Aug/2017:10:53:20 +0200] "GET /gui/javascript/form_form.js?1502182400 HTTP/1.1" 200 16206 "http://ed.activities.at/entry.php?id=10271&&ser=182340" "Mozilla/5.0 (Windows NT 6.1; WOW64; Trident/7.0; rv:11.0) like Gecko"
188.22.216.221 - - [08/Aug/2017:10:54:20 +0200] "GET /entry.php?id=10271&&ser=182400 HTTP/1.1" 200 985 "http://ed.activities.at/entry.php?id=10271&&ser=182340" "Mozilla/5.0 (Windows NT 6.1; WOW64; Trident/7.0; rv:11.0) like Gecko"
188.22.216.221 - - [08/Aug/2017:10:54:20 +0200] "GET /gui/javascript/form_form.js?1502182460 HTTP/1.1" 200 16206 "http://ed.activities.at/entry.php?id=10271&&ser=182400" "Mozilla/5.0 (Windows NT 6.1; WOW64; Trident/7.0; rv:11.0) like Gecko"
188.22.216.221 - - [08/Aug/2017:10:55:21 +0200] "GET /entry.php?id=10271&&ser=182460 HTTP/1.1" 200 985 "http://ed.activities.at/entry.php?id=10271&&ser=182400" "Mozilla/5.0 (Windows NT 6.1; WOW64; Trident/7.0; rv:11.0) like Gecko"
188.22.216.221 - - [08/Aug/2017:10:55:21 +0200] "GET /gui/javascript/form_form.js?1502182521 HTTP/1.1" 200 16206 "http://ed.activities.at/entry.php?id=10271&&ser=182460" "Mozilla/5.0 (Windows NT 6.1; WOW64; Trident/7.0; rv:11.0) like Gecko"
188.22.216.221 - - [08/Aug/2017:10:56:21 +0200] "GET /entry.php?id=10271&&ser=182521 HTTP/1.1" 200 984 "http://ed.activities.at/entry.php?id=10271&&ser=182460" "Mozilla/5.0 (Windows NT 6.1; WOW64; Trident/7.0; rv:11.0) like Gecko"
188.22.216.221 - - [08/Aug/2017:10:56:21 +0200] "GET /gui/javascript/form_form.js?1502182581 HTTP/1.1" 200 16206 "http://ed.activities.at/entry.php?id=10271&&ser=182521" "Mozilla/5.0 (Windows NT 6.1; WOW64; Trident/7.0; rv:11.0) like Gecko"
188.22.216.221 - - [08/Aug/2017:10:57:21 +0200] "GET /entry.php?id=10271&&ser=182581 HTTP/1.1" 200 985 "http://ed.activities.at/entry.php?id=10271&&ser=182521" "Mozilla/5.0 (Windows NT 6.1; WOW64; Trident/7.0; rv:11.0) like Gecko"
188.22.216.221 - - [08/Aug/2017:10:57:22 +0200] "GET /gui/javascript/form_form.js?1502182642 HTTP/1.1" 200 16206 "http://ed.activities.at/entry.php?id=10271&&ser=182581" "Mozilla/5.0 (Windows NT 6.1; WOW64; Trident/7.0; rv:11.0) like Gecko"
188.22.216.221 - - [08/Aug/2017:10:58:22 +0200] "GET /entry.php?id=10271&&ser=182642 HTTP/1.1" 200 985 "http://ed.activities.at/entry.php?id=10271&&ser=182581" "Mozilla/5.0 (Windows NT 6.1; WOW64; Trident/7.0; rv:11.0) like Gecko"
188.22.216.221 - - [08/Aug/2017:10:58:22 +0200] "GET /gui/javascript/form_form.js?1502182702 HTTP/1.1" 200 16206 "http://ed.activities.at/entry.php?id=10271&&ser=182642" "Mozilla/5.0 (Windows NT 6.1; WOW64; Trident/7.0; rv:11.0) like Gecko"
188.22.216.221 - - [08/Aug/2017:10:59:22 +0200] "GET /entry.php?id=10271&&ser=182702 HTTP/1.1" 200 987 "http://ed.activities.at/entry.php?id=10271&&ser=182642" "Mozilla/5.0 (Windows NT 6.1; WOW64; Trident/7.0; rv:11.0) like Gecko"
188.22.216.221 - - [08/Aug/2017:10:59:23 +0200] "GET /gui/javascript/form_form.js?1502182763 HTTP/1.1" 200 16206 "http://ed.activities.at/entry.php?id=10271&&ser=182702" "Mozilla/5.0 (Windows NT 6.1; WOW64; Trident/7.0; rv:11.0) like Gecko"
188.22.216.221 - - [08/Aug/2017:11:00:23 +0200] "GET /entry.php?id=10271&&ser=182762 HTTP/1.1" 200 985 "http://ed.activities.at/entry.php?id=10271&&ser=182702" "Mozilla/5.0 (Windows NT 6.1; WOW64; Trident/7.0; rv:11.0) like Gecko"
188.22.216.221 - - [08/Aug/2017:11:00:23 +0200] "GET /gui/javascript/form_form.js?1502182823 HTTP/1.1" 200 16206 "http://ed.activities.at/entry.php?id=10271&&ser=182762" "Mozilla/5.0 (Windows NT 6.1; WOW64; Trident/7.0; rv:11.0) like Gecko"
188.22.216.221 - - [08/Aug/2017:11:01:23 +0200] "GET /entry.php?id=10271&&ser=182823 HTTP/1.1" 200 985 "http://ed.activities.at/entry.php?id=10271&&ser=182762" "Mozilla/5.0 (Windows NT 6.1; WOW64; Trident/7.0; rv:11.0) like Gecko"
188.22.216.221 - - [08/Aug/2017:11:01:23 +0200] "GET /gui/javascript/form_form.js?1502182883 HTTP/1.1" 200 16206 "http://ed.activities.at/entry.php?id=10271&&ser=182823" "Mozilla/5.0 (Windows NT 6.1; WOW64; Trident/7.0; rv:11.0) like Gecko"
188.22.216.221 - - [08/Aug/2017:11:02:24 +0200] "GET /entry.php?id=10271&&ser=182883 HTTP/1.1" 200 985 "http://ed.activities.at/entry.php?id=10271&&ser=182823" "Mozilla/5.0 (Windows NT 6.1; WOW64; Trident/7.0; rv:11.0) like Gecko"
188.22.216.221 - - [08/Aug/2017:11:02:24 +0200] "GET /gui/javascript/form_form.js?1502182944 HTTP/1.1" 200 16206 "http://ed.activities.at/entry.php?id=10271&&ser=182883" "Mozilla/5.0 (Windows NT 6.1; WOW64; Trident/7.0; rv:11.0) like Gecko"
188.22.216.221 - - [08/Aug/2017:11:03:24 +0200] "GET /entry.php?id=10271&&ser=182944 HTTP/1.1" 200 986 "http://ed.activities.at/entry.php?id=10271&&ser=182883" "Mozilla/5.0 (Windows NT 6.1; WOW64; Trident/7.0; rv:11.0) like Gecko"
188.22.216.221 - - [08/Aug/2017:11:03:24 +0200] "GET /gui/javascript/form_form.js?1502183004 HTTP/1.1" 200 16206 "http://ed.activities.at/entry.php?id=10271&&ser=182944" "Mozilla/5.0 (Windows NT 6.1; WOW64; Trident/7.0; rv:11.0) like Gecko"
188.22.216.221 - - [08/Aug/2017:11:03:33 +0200] "GET /entry.php?id=11685&object=10276437&site=10201431&item=10276250 HTTP/1.1" 200 3568 "http://ed.activities.at/entry.php?id=11412" "Mozilla/5.0 (Windows NT 6.1; WOW64; Trident/7.0; rv:11.0) like Gecko"
188.22.216.221 - - [08/Aug/2017:11:03:34 +0200] "GET /gui/javascript/form_form.js?1502183014 HTTP/1.1" 200 16206 "http://ed.activities.at/entry.php?id=11685&object=10276437&site=10201431&item=10276250" "Mozilla/5.0 (Windows NT 6.1; WOW64; Trident/7.0; rv:11.0) like Gecko"
188.22.216.221 - - [08/Aug/2017:11:03:35 +0200] "GET /entry.php?id=10711&chooserview=image_single&view=boxofferimage HTTP/1.1" 200 1727 "-" "Mozilla/5.0 (Windows NT 6.1; WOW64; Trident/7.0; rv:11.0) like Gecko"
188.22.216.221 - - [08/Aug/2017:11:03:36 +0200] "GET /gui/javascript/form_form.js?1502183016 HTTP/1.1" 200 16206 "http://ed.activities.at/entry.php?id=10711&chooserview=image_single&view=boxofferimage" "Mozilla/5.0 (Windows NT 6.1; WOW64; Trident/7.0; rv:11.0) like Gecko"
188.22.216.221 - - [08/Aug/2017:11:03:36 +0200] "GET /entry.php?id=10676&title=Ressourcenverwaltung HTTP/1.1" 200 1395 "http://ed.activities.at/entry.php?id=10711&chooserview=image_single&view=boxofferimage" "Mozilla/5.0 (Windows NT 6.1; WOW64; Trident/7.0; rv:11.0) like Gecko"
188.22.216.221 - - [08/Aug/2017:11:03:36 +0200] "GET /entry.php?id=10703&&but=&object=&class=&tag=&value=&chooserview=image_single&function=&setlist=&t_width=&t_height=&view=boxofferimage HTTP/1.1" 200 3300 "http://ed.activities.at/entry.php?id=10711&chooserview=image_single&view=boxofferimage" "Mozilla/5.0 (Windows NT 6.1; WOW64; Trident/7.0; rv:11.0) like Gecko"
188.22.216.221 - - [08/Aug/2017:11:03:36 +0200] "GET /activities/framework/KoolControls/KoolAjax/koolajax.php?8436e354c842500aba3cbaf0584c0c24 HTTP/1.1" 200 4079 "http://ed.activities.at/entry.php?id=10703&&but=&object=&class=&tag=&value=&chooserview=image_single&function=&setlist=&t_width=&t_height=&view=boxofferimage" "Mozilla/5.0 (Windows NT 6.1; WOW64; Trident/7.0; rv:11.0) like Gecko"
188.22.216.221 - - [08/Aug/2017:11:03:36 +0200] "GET /activities/framework/KoolControls/KoolTreeView/kooltreeview.php?c7cd9180e88ffef8e70f13526bb4f5f7 HTTP/1.1" 200 5055 "http://ed.activities.at/entry.php?id=10703&&but=&object=&class=&tag=&value=&chooserview=image_single&function=&setlist=&t_width=&t_height=&view=boxofferimage" "Mozilla/5.0 (Windows NT 6.1; WOW64; Trident/7.0; rv:11.0) like Gecko"
188.22.216.221 - - [08/Aug/2017:11:03:36 +0200] "GET /entry.php?id=10704&&but=&object=&class=&tag=&value=&chooserview=image_single&function=&setlist=&t_width=&t_height=&view=boxofferimage HTTP/1.1" 200 2926 "http://ed.activities.at/entry.php?id=10711&chooserview=image_single&view=boxofferimage" "Mozilla/5.0 (Windows NT 6.1; WOW64; Trident/7.0; rv:11.0) like Gecko"
188.22.216.221 - - [08/Aug/2017:11:03:36 +0200] "GET /entry.php?id=10776&form=10549&name=list& HTTP/1.1" 200 1608 "http://ed.activities.at/entry.php?id=10704&&but=&object=&class=&tag=&value=&chooserview=image_single&function=&setlist=&t_width=&t_height=&view=boxofferimage" "Mozilla/5.0 (Windows NT 6.1; WOW64; Trident/7.0; rv:11.0) like Gecko"
188.22.216.221 - - [08/Aug/2017:11:03:36 +0200] "GET /entry.php?id=10778&form=10549&name=list& HTTP/1.1" 200 6356 "http://ed.activities.at/entry.php?id=10704&&but=&object=&class=&tag=&value=&chooserview=image_single&function=&setlist=&t_width=&t_height=&view=boxofferimage" "Mozilla/5.0 (Windows NT 6.1; WOW64; Trident/7.0; rv:11.0) like Gecko"
188.22.216.221 - - [08/Aug/2017:11:03:45 +0200] "GET /entry.php?id=11150&object=10227329 HTTP/1.1" 200 2195 "-" "Mozilla/5.0 (Windows NT 6.1; WOW64; Trident/7.0; rv:11.0) like Gecko"
188.22.216.221 - - [08/Aug/2017:11:03:45 +0200] "GET /entry.php?id=11150&object=10227329 HTTP/1.1" 200 2194 "-" "Mozilla/5.0 (Windows NT 6.1; WOW64; Trident/7.0; rv:11.0) like Gecko"
188.22.216.221 - - [08/Aug/2017:11:03:45 +0200] "GET /gui/javascript/form_form.js?1502183025 HTTP/1.1" 200 16206 "http://ed.activities.at/entry.php?id=11150&object=10227329" "Mozilla/5.0 (Windows NT 6.1; WOW64; Trident/7.0; rv:11.0) like Gecko"
188.22.216.221 - - [08/Aug/2017:11:03:57 +0200] "GET /entry.php?id=11149&object=10227329 HTTP/1.1" 200 20 "http://ed.activities.at/entry.php?id=11150&object=10227329" "Mozilla/5.0 (Windows NT 6.1; WOW64; Trident/7.0; rv:11.0) like Gecko"
188.22.216.221 - - [08/Aug/2017:11:04:19 +0200] "POST /entry.php?id=10704 HTTP/1.1" 200 3018 "http://ed.activities.at/entry.php?id=10704&&but=&object=&class=&tag=&value=&chooserview=image_single&function=&setlist=&t_width=&t_height=&view=boxofferimage" "Mozilla/5.0 (Windows NT 6.1; WOW64; Trident/7.0; rv:11.0) like Gecko"
188.22.216.221 - - [08/Aug/2017:11:04:20 +0200] "GET /gui/javascript/form_form.js?1502183060 HTTP/1.1" 200 16206 "http://ed.activities.at/entry.php?id=10704" "Mozilla/5.0 (Windows NT 6.1; WOW64; Trident/7.0; rv:11.0) like Gecko"
188.22.216.221 - - [08/Aug/2017:11:04:20 +0200] "GET /entry.php?id=10776&form=10549&name=list& HTTP/1.1" 200 1608 "http://ed.activities.at/entry.php?id=10704" "Mozilla/5.0 (Windows NT 6.1; WOW64; Trident/7.0; rv:11.0) like Gecko"
188.22.216.221 - - [08/Aug/2017:11:04:20 +0200] "GET /entry.php?id=10778&form=10549&name=list& HTTP/1.1" 200 501 "http://ed.activities.at/entry.php?id=10704" "Mozilla/5.0 (Windows NT 6.1; WOW64; Trident/7.0; rv:11.0) like Gecko"
