213.47.172.74 - - [16/Aug/2017:14:43:28 +0200] "GET /gui/javascript/form_form.js?1502887408 HTTP/1.1" 200 16206 "http://easydrivers.activities.at/entry.php?id=11671" "Mozilla/5.0 (Windows NT 6.1; Win64; x64) AppleWebKit/537.36 (KHTML, like Gecko) Chrome/60.0.3112.90 Safari/537.36"
213.47.172.74 - - [16/Aug/2017:14:43:29 +0200] "GET /entry.php?id=10776&form=11496&name=list& HTTP/1.1" 200 1518 "http://easydrivers.activities.at/entry.php?id=11671" "Mozilla/5.0 (Windows NT 6.1; Win64; x64) AppleWebKit/537.36 (KHTML, like Gecko) Chrome/60.0.3112.90 Safari/537.36"
213.47.172.74 - - [16/Aug/2017:14:43:29 +0200] "GET /entry.php?id=10778&form=11496&name=list& HTTP/1.1" 200 3551 "http://easydrivers.activities.at/entry.php?id=11671" "Mozilla/5.0 (Windows NT 6.1; Win64; x64) AppleWebKit/537.36 (KHTML, like Gecko) Chrome/60.0.3112.90 Safari/537.36"
213.47.172.74 - - [16/Aug/2017:14:43:29 +0200] "POST /entry.php?id=11671 HTTP/1.1" 200 3273 "http://easydrivers.activities.at/entry.php?id=11671" "Mozilla/5.0 (Windows NT 6.1; Win64; x64) AppleWebKit/537.36 (KHTML, like Gecko) Chrome/60.0.3112.90 Safari/537.36"
213.47.172.74 - - [16/Aug/2017:14:43:30 +0200] "GET /gui/javascript/form_form.js?1502887410 HTTP/1.1" 200 16206 "http://easydrivers.activities.at/entry.php?id=11671" "Mozilla/5.0 (Windows NT 6.1; Win64; x64) AppleWebKit/537.36 (KHTML, like Gecko) Chrome/60.0.3112.90 Safari/537.36"
213.47.172.74 - - [16/Aug/2017:14:43:31 +0200] "GET /framework/webfx/javascript/tinymce/skins/lightgray/content.min.css HTTP/1.1" 404 330 "http://easydrivers.activities.at/entry.php?id=11671" "Mozilla/5.0 (Windows NT 6.1; Win64; x64) AppleWebKit/537.36 (KHTML, like Gecko) Chrome/60.0.3112.90 Safari/537.36"
80.123.96.46 - - [16/Aug/2017:14:43:32 +0200] "GET /entry.php?id=11679 HTTP/1.1" 200 312 "http://ed.activities.at/entry.php?id=10270&__app__=10006038" "Mozilla/5.0 (Windows NT 6.1; WOW64; rv:27.0) Gecko/20100101 Firefox/27.0"
80.123.96.46 - - [16/Aug/2017:14:43:33 +0200] "GET /entry.php?id=10676&title=Portal& HTTP/1.1" 200 1387 "http://ed.activities.at/entry.php?id=11679" "Mozilla/5.0 (Windows NT 6.1; WOW64; rv:27.0) Gecko/20100101 Firefox/27.0"
80.123.96.46 - - [16/Aug/2017:14:43:33 +0200] "GET /gui/javascript/form_form.js?1502887413 HTTP/1.1" 200 16206 "http://ed.activities.at/entry.php?id=10676&title=Portal&" "Mozilla/5.0 (Windows NT 6.1; WOW64; rv:27.0) Gecko/20100101 Firefox/27.0"
80.123.96.46 - - [16/Aug/2017:14:43:33 +0200] "GET /entry.php?id=11678& HTTP/1.1" 200 3313 "http://ed.activities.at/entry.php?id=11679" "Mozilla/5.0 (Windows NT 6.1; WOW64; rv:27.0) Gecko/20100101 Firefox/27.0"
80.123.96.46 - - [16/Aug/2017:14:43:33 +0200] "GET /gui/javascript/form_form.js?1502887413 HTTP/1.1" 304 - "http://ed.activities.at/entry.php?id=11678&" "Mozilla/5.0 (Windows NT 6.1; WOW64; rv:27.0) Gecko/20100101 Firefox/27.0"
80.123.96.46 - - [16/Aug/2017:14:43:33 +0200] "GET /gui/javascript/form_cm_menu_item.js?id=2 HTTP/1.1" 304 - "http://ed.activities.at/entry.php?id=11678&" "Mozilla/5.0 (Windows NT 6.1; WOW64; rv:27.0) Gecko/20100101 Firefox/27.0"
80.123.96.46 - - [16/Aug/2017:14:43:33 +0200] "GET /activities/framework/KoolControls/KoolAjax/koolajax.php?8436e354c842500aba3cbaf0584c0c24 HTTP/1.1" 200 4079 "http://ed.activities.at/entry.php?id=11678&" "Mozilla/5.0 (Windows NT 6.1; WOW64; rv:27.0) Gecko/20100101 Firefox/27.0"
80.123.96.46 - - [16/Aug/2017:14:43:33 +0200] "GET /activities/framework/KoolControls/KoolTreeView/kooltreeview.php?c7cd9180e88ffef8e70f13526bb4f5f7 HTTP/1.1" 200 5055 "http://ed.activities.at/entry.php?id=11678&" "Mozilla/5.0 (Windows NT 6.1; WOW64; rv:27.0) Gecko/20100101 Firefox/27.0"
80.123.96.46 - - [16/Aug/2017:14:43:33 +0200] "GET /entry.php?id=11677& HTTP/1.1" 200 4372 "http://ed.activities.at/entry.php?id=11679" "Mozilla/5.0 (Windows NT 6.1; WOW64; rv:27.0) Gecko/20100101 Firefox/27.0"
80.123.96.46 - - [16/Aug/2017:14:43:33 +0200] "GET /gui/javascript/form_form.js?1502887413 HTTP/1.1" 304 - "http://ed.activities.at/entry.php?id=11677&" "Mozilla/5.0 (Windows NT 6.1; WOW64; rv:27.0) Gecko/20100101 Firefox/27.0"
80.123.96.46 - - [16/Aug/2017:14:43:33 +0200] "GET /gui/javascript/form_cm_menu_item.js?id=2 HTTP/1.1" 304 - "http://ed.activities.at/entry.php?id=11677&" "Mozilla/5.0 (Windows NT 6.1; WOW64; rv:27.0) Gecko/20100101 Firefox/27.0"
80.123.96.46 - - [16/Aug/2017:14:43:33 +0200] "GET /entry.php?id=11618&&object=&item=&emu_class= HTTP/1.1" 200 1698 "http://ed.activities.at/entry.php?id=11677&" "Mozilla/5.0 (Windows NT 6.1; WOW64; rv:27.0) Gecko/20100101 Firefox/27.0"
80.123.96.46 - - [16/Aug/2017:14:43:34 +0200] "GET /gui/javascript/form_cm_menu_item.js?id=2 HTTP/1.1" 304 - "http://ed.activities.at/entry.php?id=11618&&object=&item=&emu_class=" "Mozilla/5.0 (Windows NT 6.1; WOW64; rv:27.0) Gecko/20100101 Firefox/27.0"
80.123.96.46 - - [16/Aug/2017:14:43:34 +0200] "GET /gui/javascript/form_form.js?1502887414 HTTP/1.1" 200 16206 "http://ed.activities.at/entry.php?id=11618&&object=&item=&emu_class=" "Mozilla/5.0 (Windows NT 6.1; WOW64; rv:27.0) Gecko/20100101 Firefox/27.0"
213.47.172.74 - - [16/Aug/2017:14:43:40 +0200] "GET /entry.php?id=10271&&ser=887360 HTTP/1.1" 200 986 "http://easydrivers.activities.at/entry.php?id=10271&&ser=887300" "Mozilla/5.0 (Windows NT 6.1; Win64; x64) AppleWebKit/537.36 (KHTML, like Gecko) Chrome/60.0.3112.90 Safari/537.36"
213.47.172.74 - - [16/Aug/2017:14:43:41 +0200] "GET /gui/javascript/form_form.js?1502887421 HTTP/1.1" 200 16206 "http://easydrivers.activities.at/entry.php?id=10271&&ser=887360" "Mozilla/5.0 (Windows NT 6.1; Win64; x64) AppleWebKit/537.36 (KHTML, like Gecko) Chrome/60.0.3112.90 Safari/537.36"
80.123.96.46 - - [16/Aug/2017:14:43:41 +0200] "POST /entry.php?id=11677 HTTP/1.1" 200 5092 "http://ed.activities.at/entry.php?id=11677&" "Mozilla/5.0 (Windows NT 6.1; WOW64; rv:27.0) Gecko/20100101 Firefox/27.0"
80.123.96.46 - - [16/Aug/2017:14:43:42 +0200] "GET /gui/javascript/form_form.js?1502887422 HTTP/1.1" 200 16206 "http://ed.activities.at/entry.php?id=11677" "Mozilla/5.0 (Windows NT 6.1; WOW64; rv:27.0) Gecko/20100101 Firefox/27.0"
80.123.96.46 - - [16/Aug/2017:14:43:42 +0200] "GET /gui/javascript/form_cm_menu_item.js?id=2 HTTP/1.1" 304 - "http://ed.activities.at/entry.php?id=11677" "Mozilla/5.0 (Windows NT 6.1; WOW64; rv:27.0) Gecko/20100101 Firefox/27.0"
80.123.96.46 - - [16/Aug/2017:14:43:44 +0200] "POST /entry.php?id=11677 HTTP/1.1" 200 4065 "http://ed.activities.at/entry.php?id=11677" "Mozilla/5.0 (Windows NT 6.1; WOW64; rv:27.0) Gecko/20100101 Firefox/27.0"
80.123.96.46 - - [16/Aug/2017:14:43:45 +0200] "GET /gui/javascript/form_cm_menu_item.js?id=2 HTTP/1.1" 304 - "http://ed.activities.at/entry.php?id=11677" "Mozilla/5.0 (Windows NT 6.1; WOW64; rv:27.0) Gecko/20100101 Firefox/27.0"
80.123.96.46 - - [16/Aug/2017:14:43:45 +0200] "GET /gui/javascript/form_form.js?1502887425 HTTP/1.1" 200 16206 "http://ed.activities.at/entry.php?id=11677" "Mozilla/5.0 (Windows NT 6.1; WOW64; rv:27.0) Gecko/20100101 Firefox/27.0"
213.47.172.74 - - [16/Aug/2017:14:43:47 +0200] "POST /entry.php?id=11671 HTTP/1.1" 200 3461 "http://easydrivers.activities.at/entry.php?id=11671" "Mozilla/5.0 (Windows NT 6.1; Win64; x64) AppleWebKit/537.36 (KHTML, like Gecko) Chrome/60.0.3112.90 Safari/537.36"
213.47.172.74 - - [16/Aug/2017:14:43:48 +0200] "GET /gui/javascript/form_form.js?1502887428 HTTP/1.1" 200 16206 "http://easydrivers.activities.at/entry.php?id=11671" "Mozilla/5.0 (Windows NT 6.1; Win64; x64) AppleWebKit/537.36 (KHTML, like Gecko) Chrome/60.0.3112.90 Safari/537.36"
213.47.172.74 - - [16/Aug/2017:14:43:48 +0200] "GET /framework/webfx/javascript/tinymce/skins/lightgray/content.min.css HTTP/1.1" 404 330 "http://easydrivers.activities.at/entry.php?id=11671" "Mozilla/5.0 (Windows NT 6.1; Win64; x64) AppleWebKit/537.36 (KHTML, like Gecko) Chrome/60.0.3112.90 Safari/537.36"
80.123.96.46 - - [16/Aug/2017:14:43:50 +0200] "GET /entry.php?id=10271&&ser=887369 HTTP/1.1" 200 986 "http://ed.activities.at/entry.php?id=10271&UIN=fcb258df6cda41d869dd368127312e9a" "Mozilla/5.0 (Windows NT 6.1; WOW64; rv:27.0) Gecko/20100101 Firefox/27.0"
80.123.96.46 - - [16/Aug/2017:14:43:50 +0200] "GET /gui/javascript/form_form.js?1502887430 HTTP/1.1" 200 16206 "http://ed.activities.at/entry.php?id=10271&&ser=887369" "Mozilla/5.0 (Windows NT 6.1; WOW64; rv:27.0) Gecko/20100101 Firefox/27.0"
213.47.172.74 - - [16/Aug/2017:14:43:49 +0200] "POST /entry.php?id=11671 HTTP/1.1" 200 4849 "http://easydrivers.activities.at/entry.php?id=11671" "Mozilla/5.0 (Windows NT 6.1; Win64; x64) AppleWebKit/537.36 (KHTML, like Gecko) Chrome/60.0.3112.90 Safari/537.36"
213.47.172.74 - - [16/Aug/2017:14:43:51 +0200] "GET /gui/javascript/form_form.js?1502887430 HTTP/1.1" 200 16206 "http://easydrivers.activities.at/entry.php?id=11671" "Mozilla/5.0 (Windows NT 6.1; Win64; x64) AppleWebKit/537.36 (KHTML, like Gecko) Chrome/60.0.3112.90 Safari/537.36"
213.47.172.74 - - [16/Aug/2017:14:43:51 +0200] "GET /entry.php?id=10776&form=11496&name=list& HTTP/1.1" 200 1518 "http://easydrivers.activities.at/entry.php?id=11671" "Mozilla/5.0 (Windows NT 6.1; Win64; x64) AppleWebKit/537.36 (KHTML, like Gecko) Chrome/60.0.3112.90 Safari/537.36"
213.47.172.74 - - [16/Aug/2017:14:43:51 +0200] "GET /entry.php?id=10778&form=11496&name=list& HTTP/1.1" 200 3551 "http://easydrivers.activities.at/entry.php?id=11671" "Mozilla/5.0 (Windows NT 6.1; Win64; x64) AppleWebKit/537.36 (KHTML, like Gecko) Chrome/60.0.3112.90 Safari/537.36"
213.47.172.74 - - [16/Aug/2017:14:43:52 +0200] "POST /entry.php?id=11671 HTTP/1.1" 200 4996 "http://easydrivers.activities.at/entry.php?id=11671" "Mozilla/5.0 (Windows NT 6.1; Win64; x64) AppleWebKit/537.36 (KHTML, like Gecko) Chrome/60.0.3112.90 Safari/537.36"
213.47.172.74 - - [16/Aug/2017:14:43:53 +0200] "GET /gui/javascript/form_form.js?1502887433 HTTP/1.1" 200 16206 "http://easydrivers.activities.at/entry.php?id=11671" "Mozilla/5.0 (Windows NT 6.1; Win64; x64) AppleWebKit/537.36 (KHTML, like Gecko) Chrome/60.0.3112.90 Safari/537.36"
213.47.172.74 - - [16/Aug/2017:14:43:53 +0200] "GET /entry.php?id=10776&form=11496&name=list& HTTP/1.1" 200 1518 "http://easydrivers.activities.at/entry.php?id=11671" "Mozilla/5.0 (Windows NT 6.1; Win64; x64) AppleWebKit/537.36 (KHTML, like Gecko) Chrome/60.0.3112.90 Safari/537.36"
213.47.172.74 - - [16/Aug/2017:14:43:53 +0200] "GET /entry.php?id=10778&form=11496&name=list& HTTP/1.1" 200 3551 "http://easydrivers.activities.at/entry.php?id=11671" "Mozilla/5.0 (Windows NT 6.1; Win64; x64) AppleWebKit/537.36 (KHTML, like Gecko) Chrome/60.0.3112.90 Safari/537.36"
80.123.96.46 - - [16/Aug/2017:14:43:55 +0200] "GET /entry.php?id=11673 HTTP/1.1" 200 358 "http://ed.activities.at/entry.php?id=10270&__app__=10006038" "Mozilla/5.0 (Windows NT 6.1; WOW64; rv:27.0) Gecko/20100101 Firefox/27.0"
80.123.96.46 - - [16/Aug/2017:14:43:55 +0200] "GET /entry.php?id=11694& HTTP/1.1" 200 3477 "http://ed.activities.at/entry.php?id=11673" "Mozilla/5.0 (Windows NT 6.1; WOW64; rv:27.0) Gecko/20100101 Firefox/27.0"
80.123.96.46 - - [16/Aug/2017:14:43:56 +0200] "GET /gui/javascript/form_form.js?1502887436 HTTP/1.1" 200 16206 "http://ed.activities.at/entry.php?id=11694&" "Mozilla/5.0 (Windows NT 6.1; WOW64; rv:27.0) Gecko/20100101 Firefox/27.0"
80.123.96.46 - - [16/Aug/2017:14:43:56 +0200] "GET /activities/framework/KoolControls/KoolAjax/koolajax.php?8436e354c842500aba3cbaf0584c0c24 HTTP/1.1" 200 4079 "http://ed.activities.at/entry.php?id=11694&" "Mozilla/5.0 (Windows NT 6.1; WOW64; rv:27.0) Gecko/20100101 Firefox/27.0"
213.47.172.74 - - [16/Aug/2017:14:43:56 +0200] "POST /entry.php?id=11671 HTTP/1.1" 200 4843 "http://easydrivers.activities.at/entry.php?id=11671" "Mozilla/5.0 (Windows NT 6.1; Win64; x64) AppleWebKit/537.36 (KHTML, like Gecko) Chrome/60.0.3112.90 Safari/537.36"
80.123.96.46 - - [16/Aug/2017:14:43:57 +0200] "GET /activities/framework/KoolControls/KoolTreeView/kooltreeview.php?c7cd9180e88ffef8e70f13526bb4f5f7 HTTP/1.1" 200 5055 "http://ed.activities.at/entry.php?id=11694&" "Mozilla/5.0 (Windows NT 6.1; WOW64; rv:27.0) Gecko/20100101 Firefox/27.0"
213.47.172.74 - - [16/Aug/2017:14:43:57 +0200] "GET /gui/javascript/form_form.js?1502887437 HTTP/1.1" 200 16206 "http://easydrivers.activities.at/entry.php?id=11671" "Mozilla/5.0 (Windows NT 6.1; Win64; x64) AppleWebKit/537.36 (KHTML, like Gecko) Chrome/60.0.3112.90 Safari/537.36"
80.123.96.46 - - [16/Aug/2017:14:43:55 +0200] "GET /entry.php?id=11671& HTTP/1.1" 200 4541 "http://ed.activities.at/entry.php?id=11673" "Mozilla/5.0 (Windows NT 6.1; WOW64; rv:27.0) Gecko/20100101 Firefox/27.0"
80.123.96.46 - - [16/Aug/2017:14:43:57 +0200] "GET /gui/javascript/form_form.js?1502887437 HTTP/1.1" 200 16206 "http://ed.activities.at/entry.php?id=11671&" "Mozilla/5.0 (Windows NT 6.1; WOW64; rv:27.0) Gecko/20100101 Firefox/27.0"
213.47.172.74 - - [16/Aug/2017:14:43:57 +0200] "GET /entry.php?id=10776&form=11496&name=list& HTTP/1.1" 200 1518 "http://easydrivers.activities.at/entry.php?id=11671" "Mozilla/5.0 (Windows NT 6.1; Win64; x64) AppleWebKit/537.36 (KHTML, like Gecko) Chrome/60.0.3112.90 Safari/537.36"
213.47.172.74 - - [16/Aug/2017:14:43:57 +0200] "GET /entry.php?id=10778&form=11496&name=list& HTTP/1.1" 200 3551 "http://easydrivers.activities.at/entry.php?id=11671" "Mozilla/5.0 (Windows NT 6.1; Win64; x64) AppleWebKit/537.36 (KHTML, like Gecko) Chrome/60.0.3112.90 Safari/537.36"
80.123.96.46 - - [16/Aug/2017:14:43:55 +0200] "GET /entry.php?id=11672& HTTP/1.1" 200 2737 "http://ed.activities.at/entry.php?id=11673" "Mozilla/5.0 (Windows NT 6.1; WOW64; rv:27.0) Gecko/20100101 Firefox/27.0"
80.123.96.46 - - [16/Aug/2017:14:43:55 +0200] "GET /entry.php?id=10676&&title=F%FChrerscheinkurse HTTP/1.1" 200 1395 "http://ed.activities.at/entry.php?id=11673" "Mozilla/5.0 (Windows NT 6.1; WOW64; rv:27.0) Gecko/20100101 Firefox/27.0"
80.123.96.46 - - [16/Aug/2017:14:43:57 +0200] "GET /entry.php?id=10776&form=11496&name=list& HTTP/1.1" 200 1526 "http://ed.activities.at/entry.php?id=11671&" "Mozilla/5.0 (Windows NT 6.1; WOW64; rv:27.0) Gecko/20100101 Firefox/27.0"
80.123.96.46 - - [16/Aug/2017:14:43:57 +0200] "GET /entry.php?id=11674 HTTP/1.1" 200 321 "http://ed.activities.at/entry.php?id=10270&__app__=10006038" "Mozilla/5.0 (Windows NT 6.1; WOW64; rv:27.0) Gecko/20100101 Firefox/27.0"
80.123.96.46 - - [16/Aug/2017:14:43:57 +0200] "GET /entry.php?id=10778&form=11496&name=list& HTTP/1.1" 200 2493 "http://ed.activities.at/entry.php?id=11671&" "Mozilla/5.0 (Windows NT 6.1; WOW64; rv:27.0) Gecko/20100101 Firefox/27.0"
80.123.96.46 - - [16/Aug/2017:14:43:58 +0200] "GET /entry.php?id=10676&&title=Aktionen HTTP/1.1" 200 1388 "http://ed.activities.at/entry.php?id=11674" "Mozilla/5.0 (Windows NT 6.1; WOW64; rv:27.0) Gecko/20100101 Firefox/27.0"
80.123.96.46 - - [16/Aug/2017:14:43:58 +0200] "GET /gui/javascript/form_form.js?1502887438 HTTP/1.1" 200 16206 "http://ed.activities.at/entry.php?id=10676&&title=Aktionen" "Mozilla/5.0 (Windows NT 6.1; WOW64; rv:27.0) Gecko/20100101 Firefox/27.0"
80.123.96.46 - - [16/Aug/2017:14:43:58 +0200] "GET /entry.php?id=11676& HTTP/1.1" 200 4383 "http://ed.activities.at/entry.php?id=11674" "Mozilla/5.0 (Windows NT 6.1; WOW64; rv:27.0) Gecko/20100101 Firefox/27.0"
80.123.96.46 - - [16/Aug/2017:14:43:59 +0200] "GET /gui/javascript/form_form.js?1502887439 HTTP/1.1" 200 16206 "http://ed.activities.at/entry.php?id=11676&" "Mozilla/5.0 (Windows NT 6.1; WOW64; rv:27.0) Gecko/20100101 Firefox/27.0"
80.123.96.46 - - [16/Aug/2017:14:43:58 +0200] "GET /entry.php?id=11675& HTTP/1.1" 200 2633 "http://ed.activities.at/entry.php?id=11674" "Mozilla/5.0 (Windows NT 6.1; WOW64; rv:27.0) Gecko/20100101 Firefox/27.0"
80.123.96.46 - - [16/Aug/2017:14:43:59 +0200] "GET /gui/javascript/form_form.js?1502887439 HTTP/1.1" 304 - "http://ed.activities.at/entry.php?id=11675&" "Mozilla/5.0 (Windows NT 6.1; WOW64; rv:27.0) Gecko/20100101 Firefox/27.0"
80.123.96.46 - - [16/Aug/2017:14:43:59 +0200] "GET /entry.php?id=11681 HTTP/1.1" 200 328 "http://ed.activities.at/entry.php?id=10270&__app__=10006038" "Mozilla/5.0 (Windows NT 6.1; WOW64; rv:27.0) Gecko/20100101 Firefox/27.0"
80.123.96.46 - - [16/Aug/2017:14:43:59 +0200] "GET /entry.php?id=11683& HTTP/1.1" 200 2681 "http://ed.activities.at/entry.php?id=11681" "Mozilla/5.0 (Windows NT 6.1; WOW64; rv:27.0) Gecko/20100101 Firefox/27.0"
80.123.96.46 - - [16/Aug/2017:14:44:00 +0200] "GET /gui/javascript/form_form.js?1502887440 HTTP/1.1" 200 16206 "http://ed.activities.at/entry.php?id=11683&" "Mozilla/5.0 (Windows NT 6.1; WOW64; rv:27.0) Gecko/20100101 Firefox/27.0"
80.123.96.46 - - [16/Aug/2017:14:43:59 +0200] "GET /entry.php?id=10676&&title=Contentverwaltung HTTP/1.1" 200 1391 "http://ed.activities.at/entry.php?id=11681" "Mozilla/5.0 (Windows NT 6.1; WOW64; rv:27.0) Gecko/20100101 Firefox/27.0"
80.123.96.46 - - [16/Aug/2017:14:44:00 +0200] "GET /gui/javascript/form_form.js?1502887440 HTTP/1.1" 304 - "http://ed.activities.at/entry.php?id=10676&&title=Contentverwaltung" "Mozilla/5.0 (Windows NT 6.1; WOW64; rv:27.0) Gecko/20100101 Firefox/27.0"
80.123.96.46 - - [16/Aug/2017:14:43:59 +0200] "GET /entry.php?id=11684& HTTP/1.1" 200 3804 "http://ed.activities.at/entry.php?id=11681" "Mozilla/5.0 (Windows NT 6.1; WOW64; rv:27.0) Gecko/20100101 Firefox/27.0"
80.123.96.46 - - [16/Aug/2017:14:44:00 +0200] "GET /entry.php?id=10778&form=11508&name=list& HTTP/1.1" 200 2963 "http://ed.activities.at/entry.php?id=11683&" "Mozilla/5.0 (Windows NT 6.1; WOW64; rv:27.0) Gecko/20100101 Firefox/27.0"
80.123.96.46 - - [16/Aug/2017:14:44:00 +0200] "GET /gui/javascript/form_form.js?1502887440 HTTP/1.1" 304 - "http://ed.activities.at/entry.php?id=11684&" "Mozilla/5.0 (Windows NT 6.1; WOW64; rv:27.0) Gecko/20100101 Firefox/27.0"
80.123.96.46 - - [16/Aug/2017:14:44:00 +0200] "GET /entry.php?id=10776&form=11508&name=list& HTTP/1.1" 200 1894 "http://ed.activities.at/entry.php?id=11683&" "Mozilla/5.0 (Windows NT 6.1; WOW64; rv:27.0) Gecko/20100101 Firefox/27.0"
80.123.96.46 - - [16/Aug/2017:14:44:05 +0200] "GET /entry.php?id=11681 HTTP/1.1" 200 328 "http://ed.activities.at/entry.php?id=10270&__app__=10006038" "Mozilla/5.0 (Windows NT 6.1; WOW64; rv:27.0) Gecko/20100101 Firefox/27.0"
80.123.96.46 - - [16/Aug/2017:14:44:05 +0200] "GET /entry.php?id=10676&&title=Contentverwaltung HTTP/1.1" 200 1392 "http://ed.activities.at/entry.php?id=11681" "Mozilla/5.0 (Windows NT 6.1; WOW64; rv:27.0) Gecko/20100101 Firefox/27.0"
80.123.96.46 - - [16/Aug/2017:14:44:05 +0200] "GET /gui/javascript/form_form.js?1502887445 HTTP/1.1" 200 16206 "http://ed.activities.at/entry.php?id=10676&&title=Contentverwaltung" "Mozilla/5.0 (Windows NT 6.1; WOW64; rv:27.0) Gecko/20100101 Firefox/27.0"
80.123.96.46 - - [16/Aug/2017:14:44:05 +0200] "GET /entry.php?id=11684& HTTP/1.1" 200 3805 "http://ed.activities.at/entry.php?id=11681" "Mozilla/5.0 (Windows NT 6.1; WOW64; rv:27.0) Gecko/20100101 Firefox/27.0"
80.123.96.46 - - [16/Aug/2017:14:44:06 +0200] "GET /gui/javascript/form_form.js?1502887446 HTTP/1.1" 200 16206 "http://ed.activities.at/entry.php?id=11684&" "Mozilla/5.0 (Windows NT 6.1; WOW64; rv:27.0) Gecko/20100101 Firefox/27.0"
80.123.96.46 - - [16/Aug/2017:14:44:05 +0200] "GET /entry.php?id=11683& HTTP/1.1" 200 2682 "http://ed.activities.at/entry.php?id=11681" "Mozilla/5.0 (Windows NT 6.1; WOW64; rv:27.0) Gecko/20100101 Firefox/27.0"
80.123.96.46 - - [16/Aug/2017:14:44:06 +0200] "GET /gui/javascript/form_form.js?1502887446 HTTP/1.1" 304 - "http://ed.activities.at/entry.php?id=11683&" "Mozilla/5.0 (Windows NT 6.1; WOW64; rv:27.0) Gecko/20100101 Firefox/27.0"
80.123.96.46 - - [16/Aug/2017:14:44:06 +0200] "GET /entry.php?id=10778&form=11508&name=list& HTTP/1.1" 200 2963 "http://ed.activities.at/entry.php?id=11683&" "Mozilla/5.0 (Windows NT 6.1; WOW64; rv:27.0) Gecko/20100101 Firefox/27.0"
80.123.96.46 - - [16/Aug/2017:14:44:06 +0200] "GET /entry.php?id=10776&form=11508&name=list& HTTP/1.1" 200 1894 "http://ed.activities.at/entry.php?id=11683&" "Mozilla/5.0 (Windows NT 6.1; WOW64; rv:27.0) Gecko/20100101 Firefox/27.0"
80.123.96.46 - - [16/Aug/2017:14:44:07 +0200] "GET /entry.php?id=11679 HTTP/1.1" 200 312 "http://ed.activities.at/entry.php?id=10270&__app__=10006038" "Mozilla/5.0 (Windows NT 6.1; WOW64; rv:27.0) Gecko/20100101 Firefox/27.0"
80.123.96.46 - - [16/Aug/2017:14:44:07 +0200] "GET /entry.php?id=10676&title=Portal& HTTP/1.1" 200 1387 "http://ed.activities.at/entry.php?id=11679" "Mozilla/5.0 (Windows NT 6.1; WOW64; rv:27.0) Gecko/20100101 Firefox/27.0"
80.123.96.46 - - [16/Aug/2017:14:44:08 +0200] "GET /gui/javascript/form_form.js?1502887447 HTTP/1.1" 200 16206 "http://ed.activities.at/entry.php?id=10676&title=Portal&" "Mozilla/5.0 (Windows NT 6.1; WOW64; rv:27.0) Gecko/20100101 Firefox/27.0"
80.123.96.46 - - [16/Aug/2017:14:44:07 +0200] "GET /entry.php?id=11677& HTTP/1.1" 200 4372 "http://ed.activities.at/entry.php?id=11679" "Mozilla/5.0 (Windows NT 6.1; WOW64; rv:27.0) Gecko/20100101 Firefox/27.0"
80.123.96.46 - - [16/Aug/2017:14:44:08 +0200] "GET /gui/javascript/form_form.js?1502887448 HTTP/1.1" 200 16206 "http://ed.activities.at/entry.php?id=11677&" "Mozilla/5.0 (Windows NT 6.1; WOW64; rv:27.0) Gecko/20100101 Firefox/27.0"
80.123.96.46 - - [16/Aug/2017:14:44:08 +0200] "GET /gui/javascript/form_cm_menu_item.js?id=2 HTTP/1.1" 304 - "http://ed.activities.at/entry.php?id=11677&" "Mozilla/5.0 (Windows NT 6.1; WOW64; rv:27.0) Gecko/20100101 Firefox/27.0"
80.123.96.46 - - [16/Aug/2017:14:44:07 +0200] "GET /entry.php?id=11678& HTTP/1.1" 200 3314 "http://ed.activities.at/entry.php?id=11679" "Mozilla/5.0 (Windows NT 6.1; WOW64; rv:27.0) Gecko/20100101 Firefox/27.0"
80.123.96.46 - - [16/Aug/2017:14:44:08 +0200] "GET /gui/javascript/form_form.js?1502887448 HTTP/1.1" 304 - "http://ed.activities.at/entry.php?id=11678&" "Mozilla/5.0 (Windows NT 6.1; WOW64; rv:27.0) Gecko/20100101 Firefox/27.0"
80.123.96.46 - - [16/Aug/2017:14:44:08 +0200] "GET /gui/javascript/form_cm_menu_item.js?id=2 HTTP/1.1" 304 - "http://ed.activities.at/entry.php?id=11678&" "Mozilla/5.0 (Windows NT 6.1; WOW64; rv:27.0) Gecko/20100101 Firefox/27.0"
80.123.96.46 - - [16/Aug/2017:14:44:08 +0200] "GET /activities/framework/KoolControls/KoolAjax/koolajax.php?8436e354c842500aba3cbaf0584c0c24 HTTP/1.1" 200 4079 "http://ed.activities.at/entry.php?id=11678&" "Mozilla/5.0 (Windows NT 6.1; WOW64; rv:27.0) Gecko/20100101 Firefox/27.0"
80.123.96.46 - - [16/Aug/2017:14:44:08 +0200] "GET /activities/framework/KoolControls/KoolTreeView/kooltreeview.php?c7cd9180e88ffef8e70f13526bb4f5f7 HTTP/1.1" 200 5055 "http://ed.activities.at/entry.php?id=11678&" "Mozilla/5.0 (Windows NT 6.1; WOW64; rv:27.0) Gecko/20100101 Firefox/27.0"
80.123.96.46 - - [16/Aug/2017:14:44:08 +0200] "GET /entry.php?id=11618&&object=&item=&emu_class= HTTP/1.1" 200 1698 "http://ed.activities.at/entry.php?id=11677&" "Mozilla/5.0 (Windows NT 6.1; WOW64; rv:27.0) Gecko/20100101 Firefox/27.0"
80.123.96.46 - - [16/Aug/2017:14:44:08 +0200] "POST /entry.php?id=11677 HTTP/1.1" 200 4422 "http://ed.activities.at/entry.php?id=11677&" "Mozilla/5.0 (Windows NT 6.1; WOW64; rv:27.0) Gecko/20100101 Firefox/27.0"
80.123.96.46 - - [16/Aug/2017:14:44:09 +0200] "GET /gui/javascript/form_cm_menu_item.js?id=2 HTTP/1.1" 304 - "http://ed.activities.at/entry.php?id=11677" "Mozilla/5.0 (Windows NT 6.1; WOW64; rv:27.0) Gecko/20100101 Firefox/27.0"
80.123.96.46 - - [16/Aug/2017:14:44:09 +0200] "GET /gui/javascript/form_form.js?1502887449 HTTP/1.1" 200 16206 "http://ed.activities.at/entry.php?id=11677" "Mozilla/5.0 (Windows NT 6.1; WOW64; rv:27.0) Gecko/20100101 Firefox/27.0"
80.123.96.46 - - [16/Aug/2017:14:44:09 +0200] "POST /entry.php?id=11677 HTTP/1.1" 200 5092 "http://ed.activities.at/entry.php?id=11677" "Mozilla/5.0 (Windows NT 6.1; WOW64; rv:27.0) Gecko/20100101 Firefox/27.0"
80.123.96.46 - - [16/Aug/2017:14:44:10 +0200] "GET /gui/javascript/form_cm_menu_item.js?id=2 HTTP/1.1" 304 - "http://ed.activities.at/entry.php?id=11677" "Mozilla/5.0 (Windows NT 6.1; WOW64; rv:27.0) Gecko/20100101 Firefox/27.0"
80.123.96.46 - - [16/Aug/2017:14:44:10 +0200] "GET /gui/javascript/form_form.js?1502887450 HTTP/1.1" 200 16206 "http://ed.activities.at/entry.php?id=11677" "Mozilla/5.0 (Windows NT 6.1; WOW64; rv:27.0) Gecko/20100101 Firefox/27.0"
80.123.96.46 - - [16/Aug/2017:14:44:12 +0200] "POST /entry.php?id=11677 HTTP/1.1" 200 4421 "http://ed.activities.at/entry.php?id=11677" "Mozilla/5.0 (Windows NT 6.1; WOW64; rv:27.0) Gecko/20100101 Firefox/27.0"
80.123.96.46 - - [16/Aug/2017:14:44:12 +0200] "GET /gui/javascript/form_cm_menu_item.js?id=2 HTTP/1.1" 304 - "http://ed.activities.at/entry.php?id=11677" "Mozilla/5.0 (Windows NT 6.1; WOW64; rv:27.0) Gecko/20100101 Firefox/27.0"
80.123.96.46 - - [16/Aug/2017:14:44:12 +0200] "GET /gui/javascript/form_form.js?1502887452 HTTP/1.1" 200 16206 "http://ed.activities.at/entry.php?id=11677" "Mozilla/5.0 (Windows NT 6.1; WOW64; rv:27.0) Gecko/20100101 Firefox/27.0"
80.123.96.46 - - [16/Aug/2017:14:44:15 +0200] "POST /entry.php?id=11677 HTTP/1.1" 200 3217 "http://ed.activities.at/entry.php?id=11677" "Mozilla/5.0 (Windows NT 6.1; WOW64; rv:27.0) Gecko/20100101 Firefox/27.0"
80.123.96.46 - - [16/Aug/2017:14:44:15 +0200] "GET /gui/javascript/form_cm_menu_item.js?id=2 HTTP/1.1" 304 - "http://ed.activities.at/entry.php?id=11677" "Mozilla/5.0 (Windows NT 6.1; WOW64; rv:27.0) Gecko/20100101 Firefox/27.0"
80.123.96.46 - - [16/Aug/2017:14:44:15 +0200] "GET /gui/javascript/form_form.js?1502887455 HTTP/1.1" 200 16206 "http://ed.activities.at/entry.php?id=11677" "Mozilla/5.0 (Windows NT 6.1; WOW64; rv:27.0) Gecko/20100101 Firefox/27.0"
80.123.96.46 - - [16/Aug/2017:14:44:16 +0200] "GET /entry.php?id=10776&form=11502&name=list& HTTP/1.1" 200 1475 "http://ed.activities.at/entry.php?id=11677" "Mozilla/5.0 (Windows NT 6.1; WOW64; rv:27.0) Gecko/20100101 Firefox/27.0"
80.123.96.46 - - [16/Aug/2017:14:44:16 +0200] "GET /entry.php?id=10778&form=11502&name=list& HTTP/1.1" 200 3814 "http://ed.activities.at/entry.php?id=11677" "Mozilla/5.0 (Windows NT 6.1; WOW64; rv:27.0) Gecko/20100101 Firefox/27.0"
213.47.172.74 - - [16/Aug/2017:14:44:24 +0200] "POST /entry.php?id=11671 HTTP/1.1" 200 5019 "http://easydrivers.activities.at/entry.php?id=11671" "Mozilla/5.0 (Windows NT 6.1; Win64; x64) AppleWebKit/537.36 (KHTML, like Gecko) Chrome/60.0.3112.90 Safari/537.36"
213.47.172.74 - - [16/Aug/2017:14:44:25 +0200] "GET /gui/javascript/form_form.js?1502887465 HTTP/1.1" 200 16206 "http://easydrivers.activities.at/entry.php?id=11671" "Mozilla/5.0 (Windows NT 6.1; Win64; x64) AppleWebKit/537.36 (KHTML, like Gecko) Chrome/60.0.3112.90 Safari/537.36"
213.47.172.74 - - [16/Aug/2017:14:44:25 +0200] "GET /entry.php?id=10776&form=11496&name=list& HTTP/1.1" 200 1518 "http://easydrivers.activities.at/entry.php?id=11671" "Mozilla/5.0 (Windows NT 6.1; Win64; x64) AppleWebKit/537.36 (KHTML, like Gecko) Chrome/60.0.3112.90 Safari/537.36"
213.47.172.74 - - [16/Aug/2017:14:44:25 +0200] "GET /entry.php?id=10778&form=11496&name=list& HTTP/1.1" 200 3551 "http://easydrivers.activities.at/entry.php?id=11671" "Mozilla/5.0 (Windows NT 6.1; Win64; x64) AppleWebKit/537.36 (KHTML, like Gecko) Chrome/60.0.3112.90 Safari/537.36"
213.47.172.74 - - [16/Aug/2017:14:44:28 +0200] "POST /entry.php?id=11671 HTTP/1.1" 200 3282 "http://easydrivers.activities.at/entry.php?id=11671" "Mozilla/5.0 (Windows NT 6.1; Win64; x64) AppleWebKit/537.36 (KHTML, like Gecko) Chrome/60.0.3112.90 Safari/537.36"
213.47.172.74 - - [16/Aug/2017:14:44:29 +0200] "GET /gui/javascript/form_form.js?1502887469 HTTP/1.1" 200 16206 "http://easydrivers.activities.at/entry.php?id=11671" "Mozilla/5.0 (Windows NT 6.1; Win64; x64) AppleWebKit/537.36 (KHTML, like Gecko) Chrome/60.0.3112.90 Safari/537.36"
213.47.172.74 - - [16/Aug/2017:14:44:29 +0200] "GET /framework/webfx/javascript/tinymce/skins/lightgray/content.min.css HTTP/1.1" 404 330 "http://easydrivers.activities.at/entry.php?id=11671" "Mozilla/5.0 (Windows NT 6.1; Win64; x64) AppleWebKit/537.36 (KHTML, like Gecko) Chrome/60.0.3112.90 Safari/537.36"
213.47.172.74 - - [16/Aug/2017:14:44:41 +0200] "GET /entry.php?id=10271&&ser=887421 HTTP/1.1" 200 986 "http://easydrivers.activities.at/entry.php?id=10271&&ser=887360" "Mozilla/5.0 (Windows NT 6.1; Win64; x64) AppleWebKit/537.36 (KHTML, like Gecko) Chrome/60.0.3112.90 Safari/537.36"
213.47.172.74 - - [16/Aug/2017:14:44:41 +0200] "GET /gui/javascript/form_form.js?1502887481 HTTP/1.1" 200 16206 "http://easydrivers.activities.at/entry.php?id=10271&&ser=887421" "Mozilla/5.0 (Windows NT 6.1; Win64; x64) AppleWebKit/537.36 (KHTML, like Gecko) Chrome/60.0.3112.90 Safari/537.36"
80.123.96.46 - - [16/Aug/2017:14:44:50 +0200] "GET /entry.php?id=10271&&ser=887430 HTTP/1.1" 200 987 "http://ed.activities.at/entry.php?id=10271&&ser=887369" "Mozilla/5.0 (Windows NT 6.1; WOW64; rv:27.0) Gecko/20100101 Firefox/27.0"
80.123.96.46 - - [16/Aug/2017:14:44:50 +0200] "GET /gui/javascript/form_form.js?1502887490 HTTP/1.1" 200 16206 "http://ed.activities.at/entry.php?id=10271&&ser=887430" "Mozilla/5.0 (Windows NT 6.1; WOW64; rv:27.0) Gecko/20100101 Firefox/27.0"
213.47.172.74 - - [16/Aug/2017:14:44:53 +0200] "POST /entry.php?id=11671 HTTP/1.1" 200 3472 "http://easydrivers.activities.at/entry.php?id=11671" "Mozilla/5.0 (Windows NT 6.1; Win64; x64) AppleWebKit/537.36 (KHTML, like Gecko) Chrome/60.0.3112.90 Safari/537.36"
213.47.172.74 - - [16/Aug/2017:14:44:54 +0200] "GET /gui/javascript/form_form.js?1502887493 HTTP/1.1" 200 16206 "http://easydrivers.activities.at/entry.php?id=11671" "Mozilla/5.0 (Windows NT 6.1; Win64; x64) AppleWebKit/537.36 (KHTML, like Gecko) Chrome/60.0.3112.90 Safari/537.36"
213.47.172.74 - - [16/Aug/2017:14:44:54 +0200] "GET /framework/webfx/javascript/tinymce/skins/lightgray/content.min.css HTTP/1.1" 404 330 "http://easydrivers.activities.at/entry.php?id=11671" "Mozilla/5.0 (Windows NT 6.1; Win64; x64) AppleWebKit/537.36 (KHTML, like Gecko) Chrome/60.0.3112.90 Safari/537.36"
213.47.172.74 - - [16/Aug/2017:14:44:55 +0200] "POST /entry.php?id=11671 HTTP/1.1" 200 4856 "http://easydrivers.activities.at/entry.php?id=11671" "Mozilla/5.0 (Windows NT 6.1; Win64; x64) AppleWebKit/537.36 (KHTML, like Gecko) Chrome/60.0.3112.90 Safari/537.36"
213.47.172.74 - - [16/Aug/2017:14:44:56 +0200] "GET /gui/javascript/form_form.js?1502887495 HTTP/1.1" 200 16206 "http://easydrivers.activities.at/entry.php?id=11671" "Mozilla/5.0 (Windows NT 6.1; Win64; x64) AppleWebKit/537.36 (KHTML, like Gecko) Chrome/60.0.3112.90 Safari/537.36"
213.47.172.74 - - [16/Aug/2017:14:44:56 +0200] "GET /entry.php?id=10776&form=11496&name=list& HTTP/1.1" 200 1518 "http://easydrivers.activities.at/entry.php?id=11671" "Mozilla/5.0 (Windows NT 6.1; Win64; x64) AppleWebKit/537.36 (KHTML, like Gecko) Chrome/60.0.3112.90 Safari/537.36"
213.47.172.74 - - [16/Aug/2017:14:44:56 +0200] "GET /entry.php?id=10778&form=11496&name=list& HTTP/1.1" 200 3551 "http://easydrivers.activities.at/entry.php?id=11671" "Mozilla/5.0 (Windows NT 6.1; Win64; x64) AppleWebKit/537.36 (KHTML, like Gecko) Chrome/60.0.3112.90 Safari/537.36"
213.47.172.74 - - [16/Aug/2017:14:44:57 +0200] "POST /entry.php?id=11671 HTTP/1.1" 200 5003 "http://easydrivers.activities.at/entry.php?id=11671" "Mozilla/5.0 (Windows NT 6.1; Win64; x64) AppleWebKit/537.36 (KHTML, like Gecko) Chrome/60.0.3112.90 Safari/537.36"
213.47.172.74 - - [16/Aug/2017:14:44:59 +0200] "GET /gui/javascript/form_form.js?1502887498 HTTP/1.1" 200 16206 "http://easydrivers.activities.at/entry.php?id=11671" "Mozilla/5.0 (Windows NT 6.1; Win64; x64) AppleWebKit/537.36 (KHTML, like Gecko) Chrome/60.0.3112.90 Safari/537.36"
213.47.172.74 - - [16/Aug/2017:14:44:59 +0200] "GET /entry.php?id=10776&form=11496&name=list& HTTP/1.1" 200 1518 "http://easydrivers.activities.at/entry.php?id=11671" "Mozilla/5.0 (Windows NT 6.1; Win64; x64) AppleWebKit/537.36 (KHTML, like Gecko) Chrome/60.0.3112.90 Safari/537.36"
213.47.172.74 - - [16/Aug/2017:14:44:59 +0200] "GET /entry.php?id=10778&form=11496&name=list& HTTP/1.1" 200 3551 "http://easydrivers.activities.at/entry.php?id=11671" "Mozilla/5.0 (Windows NT 6.1; Win64; x64) AppleWebKit/537.36 (KHTML, like Gecko) Chrome/60.0.3112.90 Safari/537.36"
80.123.96.46 - - [16/Aug/2017:14:45:16 +0200] "POST /entry.php?id=11677 HTTP/1.1" 200 3317 "http://ed.activities.at/entry.php?id=10778&form=11502&name=list&" "Mozilla/5.0 (Windows NT 6.1; WOW64; rv:27.0) Gecko/20100101 Firefox/27.0"
80.123.96.46 - - [16/Aug/2017:14:45:17 +0200] "GET /gui/javascript/form_form.js?1502887517 HTTP/1.1" 200 16206 "http://ed.activities.at/entry.php?id=11677" "Mozilla/5.0 (Windows NT 6.1; WOW64; rv:27.0) Gecko/20100101 Firefox/27.0"
80.123.96.46 - - [16/Aug/2017:14:45:17 +0200] "GET /gui/javascript/form_cm_menu_item.js?id=2 HTTP/1.1" 304 - "http://ed.activities.at/entry.php?id=11677" "Mozilla/5.0 (Windows NT 6.1; WOW64; rv:27.0) Gecko/20100101 Firefox/27.0"
213.47.172.74 - - [16/Aug/2017:14:45:16 +0200] "POST /entry.php?id=11671 HTTP/1.1" 200 4855 "http://easydrivers.activities.at/entry.php?id=11671" "Mozilla/5.0 (Windows NT 6.1; Win64; x64) AppleWebKit/537.36 (KHTML, like Gecko) Chrome/60.0.3112.90 Safari/537.36"
213.47.172.74 - - [16/Aug/2017:14:45:17 +0200] "GET /gui/javascript/form_form.js?1502887517 HTTP/1.1" 200 16206 "http://easydrivers.activities.at/entry.php?id=11671" "Mozilla/5.0 (Windows NT 6.1; Win64; x64) AppleWebKit/537.36 (KHTML, like Gecko) Chrome/60.0.3112.90 Safari/537.36"
80.123.96.46 - - [16/Aug/2017:14:45:17 +0200] "GET /entry.php?id=10778&form=11502&name=list& HTTP/1.1" 200 3804 "http://ed.activities.at/entry.php?id=11677" "Mozilla/5.0 (Windows NT 6.1; WOW64; rv:27.0) Gecko/20100101 Firefox/27.0"
80.123.96.46 - - [16/Aug/2017:14:45:17 +0200] "GET /entry.php?id=10776&form=11502&name=list& HTTP/1.1" 200 1475 "http://ed.activities.at/entry.php?id=11677" "Mozilla/5.0 (Windows NT 6.1; WOW64; rv:27.0) Gecko/20100101 Firefox/27.0"
213.47.172.74 - - [16/Aug/2017:14:45:17 +0200] "GET /entry.php?id=10776&form=11496&name=list& HTTP/1.1" 200 1518 "http://easydrivers.activities.at/entry.php?id=11671" "Mozilla/5.0 (Windows NT 6.1; Win64; x64) AppleWebKit/537.36 (KHTML, like Gecko) Chrome/60.0.3112.90 Safari/537.36"
213.47.172.74 - - [16/Aug/2017:14:45:17 +0200] "GET /entry.php?id=10778&form=11496&name=list& HTTP/1.1" 200 3551 "http://easydrivers.activities.at/entry.php?id=11671" "Mozilla/5.0 (Windows NT 6.1; Win64; x64) AppleWebKit/537.36 (KHTML, like Gecko) Chrome/60.0.3112.90 Safari/537.36"
80.123.96.46 - - [16/Aug/2017:14:45:27 +0200] "POST /entry.php?id=11677 HTTP/1.1" 200 4427 "http://ed.activities.at/entry.php?id=11677" "Mozilla/5.0 (Windows NT 6.1; WOW64; rv:27.0) Gecko/20100101 Firefox/27.0"
80.123.96.46 - - [16/Aug/2017:14:45:27 +0200] "GET /gui/javascript/form_cm_menu_item.js?id=2 HTTP/1.1" 304 - "http://ed.activities.at/entry.php?id=11677" "Mozilla/5.0 (Windows NT 6.1; WOW64; rv:27.0) Gecko/20100101 Firefox/27.0"
80.123.96.46 - - [16/Aug/2017:14:45:27 +0200] "GET /gui/javascript/form_form.js?1502887527 HTTP/1.1" 200 16206 "http://ed.activities.at/entry.php?id=11677" "Mozilla/5.0 (Windows NT 6.1; WOW64; rv:27.0) Gecko/20100101 Firefox/27.0"
80.123.96.46 - - [16/Aug/2017:14:45:32 +0200] "POST /entry.php?id=11678 HTTP/1.1" 200 3367 "http://ed.activities.at/entry.php?id=11678&" "Mozilla/5.0 (Windows NT 6.1; WOW64; rv:27.0) Gecko/20100101 Firefox/27.0"
80.123.96.46 - - [16/Aug/2017:14:45:32 +0200] "GET /gui/javascript/form_cm_menu_item.js?id=2 HTTP/1.1" 304 - "http://ed.activities.at/entry.php?id=11678" "Mozilla/5.0 (Windows NT 6.1; WOW64; rv:27.0) Gecko/20100101 Firefox/27.0"
80.123.96.46 - - [16/Aug/2017:14:45:32 +0200] "GET /gui/javascript/form_form.js?1502887532 HTTP/1.1" 200 16206 "http://ed.activities.at/entry.php?id=11678" "Mozilla/5.0 (Windows NT 6.1; WOW64; rv:27.0) Gecko/20100101 Firefox/27.0"
80.123.96.46 - - [16/Aug/2017:14:45:33 +0200] "GET /activities/framework/KoolControls/KoolAjax/koolajax.php?8436e354c842500aba3cbaf0584c0c24 HTTP/1.1" 200 4079 "http://ed.activities.at/entry.php?id=11678" "Mozilla/5.0 (Windows NT 6.1; WOW64; rv:27.0) Gecko/20100101 Firefox/27.0"
80.123.96.46 - - [16/Aug/2017:14:45:34 +0200] "GET /activities/framework/KoolControls/KoolTreeView/kooltreeview.php?c7cd9180e88ffef8e70f13526bb4f5f7 HTTP/1.1" 200 5055 "http://ed.activities.at/entry.php?id=11678" "Mozilla/5.0 (Windows NT 6.1; WOW64; rv:27.0) Gecko/20100101 Firefox/27.0"
80.123.96.46 - - [16/Aug/2017:14:45:35 +0200] "POST /entry.php?id=11677 HTTP/1.1" 200 4422 "http://ed.activities.at/entry.php?id=11677" "Mozilla/5.0 (Windows NT 6.1; WOW64; rv:27.0) Gecko/20100101 Firefox/27.0"
80.123.96.46 - - [16/Aug/2017:14:45:35 +0200] "GET /gui/javascript/form_cm_menu_item.js?id=2 HTTP/1.1" 304 - "http://ed.activities.at/entry.php?id=11677" "Mozilla/5.0 (Windows NT 6.1; WOW64; rv:27.0) Gecko/20100101 Firefox/27.0"
80.123.96.46 - - [16/Aug/2017:14:45:35 +0200] "GET /gui/javascript/form_form.js?1502887535 HTTP/1.1" 200 16206 "http://ed.activities.at/entry.php?id=11677" "Mozilla/5.0 (Windows NT 6.1; WOW64; rv:27.0) Gecko/20100101 Firefox/27.0"
213.47.172.74 - - [16/Aug/2017:14:45:41 +0200] "POST /entry.php?id=11671 HTTP/1.1" 200 5035 "http://easydrivers.activities.at/entry.php?id=11671" "Mozilla/5.0 (Windows NT 6.1; Win64; x64) AppleWebKit/537.36 (KHTML, like Gecko) Chrome/60.0.3112.90 Safari/537.36"
213.47.172.74 - - [16/Aug/2017:14:45:41 +0200] "GET /entry.php?id=10271&&ser=887481 HTTP/1.1" 200 987 "http://easydrivers.activities.at/entry.php?id=10271&&ser=887421" "Mozilla/5.0 (Windows NT 6.1; Win64; x64) AppleWebKit/537.36 (KHTML, like Gecko) Chrome/60.0.3112.90 Safari/537.36"
213.47.172.74 - - [16/Aug/2017:14:45:42 +0200] "GET /gui/javascript/form_form.js?1502887542 HTTP/1.1" 200 16206 "http://easydrivers.activities.at/entry.php?id=11671" "Mozilla/5.0 (Windows NT 6.1; Win64; x64) AppleWebKit/537.36 (KHTML, like Gecko) Chrome/60.0.3112.90 Safari/537.36"
213.47.172.74 - - [16/Aug/2017:14:45:43 +0200] "GET /entry.php?id=10776&form=11496&name=list& HTTP/1.1" 200 1518 "http://easydrivers.activities.at/entry.php?id=11671" "Mozilla/5.0 (Windows NT 6.1; Win64; x64) AppleWebKit/537.36 (KHTML, like Gecko) Chrome/60.0.3112.90 Safari/537.36"
213.47.172.74 - - [16/Aug/2017:14:45:43 +0200] "GET /entry.php?id=10778&form=11496&name=list& HTTP/1.1" 200 3551 "http://easydrivers.activities.at/entry.php?id=11671" "Mozilla/5.0 (Windows NT 6.1; Win64; x64) AppleWebKit/537.36 (KHTML, like Gecko) Chrome/60.0.3112.90 Safari/537.36"
213.47.172.74 - - [16/Aug/2017:14:45:45 +0200] "POST /entry.php?id=11671 HTTP/1.1" 200 3295 "http://easydrivers.activities.at/entry.php?id=11671" "Mozilla/5.0 (Windows NT 6.1; Win64; x64) AppleWebKit/537.36 (KHTML, like Gecko) Chrome/60.0.3112.90 Safari/537.36"
213.47.172.74 - - [16/Aug/2017:14:45:46 +0200] "GET /gui/javascript/form_form.js?1502887546 HTTP/1.1" 200 16206 "http://easydrivers.activities.at/entry.php?id=11671" "Mozilla/5.0 (Windows NT 6.1; Win64; x64) AppleWebKit/537.36 (KHTML, like Gecko) Chrome/60.0.3112.90 Safari/537.36"
213.47.172.74 - - [16/Aug/2017:14:45:46 +0200] "GET /framework/webfx/javascript/tinymce/skins/lightgray/content.min.css HTTP/1.1" 404 330 "http://easydrivers.activities.at/entry.php?id=11671" "Mozilla/5.0 (Windows NT 6.1; Win64; x64) AppleWebKit/537.36 (KHTML, like Gecko) Chrome/60.0.3112.90 Safari/537.36"
80.123.96.46 - - [16/Aug/2017:14:45:50 +0200] "GET /entry.php?id=10271&&ser=887490 HTTP/1.1" 200 987 "http://ed.activities.at/entry.php?id=10271&&ser=887430" "Mozilla/5.0 (Windows NT 6.1; WOW64; rv:27.0) Gecko/20100101 Firefox/27.0"
80.123.96.46 - - [16/Aug/2017:14:45:51 +0200] "GET /gui/javascript/form_form.js?1502887551 HTTP/1.1" 200 16206 "http://ed.activities.at/entry.php?id=10271&&ser=887490" "Mozilla/5.0 (Windows NT 6.1; WOW64; rv:27.0) Gecko/20100101 Firefox/27.0"
213.47.172.74 - - [16/Aug/2017:14:46:40 +0200] "POST /entry.php?id=11671 HTTP/1.1" 200 3487 "http://easydrivers.activities.at/entry.php?id=11671" "Mozilla/5.0 (Windows NT 6.1; Win64; x64) AppleWebKit/537.36 (KHTML, like Gecko) Chrome/60.0.3112.90 Safari/537.36"
213.47.172.74 - - [16/Aug/2017:14:46:41 +0200] "GET /gui/javascript/form_form.js?1502887601 HTTP/1.1" 200 16206 "http://easydrivers.activities.at/entry.php?id=11671" "Mozilla/5.0 (Windows NT 6.1; Win64; x64) AppleWebKit/537.36 (KHTML, like Gecko) Chrome/60.0.3112.90 Safari/537.36"
213.47.172.74 - - [16/Aug/2017:14:46:41 +0200] "GET /framework/webfx/javascript/tinymce/skins/lightgray/content.min.css HTTP/1.1" 404 330 "http://easydrivers.activities.at/entry.php?id=11671" "Mozilla/5.0 (Windows NT 6.1; Win64; x64) AppleWebKit/537.36 (KHTML, like Gecko) Chrome/60.0.3112.90 Safari/537.36"
213.47.172.74 - - [16/Aug/2017:14:46:42 +0200] "GET /entry.php?id=10271&&ser=887542 HTTP/1.1" 200 987 "http://easydrivers.activities.at/entry.php?id=10271&&ser=887481" "Mozilla/5.0 (Windows NT 6.1; Win64; x64) AppleWebKit/537.36 (KHTML, like Gecko) Chrome/60.0.3112.90 Safari/537.36"
213.47.172.74 - - [16/Aug/2017:14:46:43 +0200] "GET /gui/javascript/form_form.js?1502887603 HTTP/1.1" 200 16206 "http://easydrivers.activities.at/entry.php?id=10271&&ser=887542" "Mozilla/5.0 (Windows NT 6.1; Win64; x64) AppleWebKit/537.36 (KHTML, like Gecko) Chrome/60.0.3112.90 Safari/537.36"
80.123.96.46 - - [16/Aug/2017:14:46:51 +0200] "GET /entry.php?id=10271&&ser=887551 HTTP/1.1" 200 986 "http://ed.activities.at/entry.php?id=10271&&ser=887490" "Mozilla/5.0 (Windows NT 6.1; WOW64; rv:27.0) Gecko/20100101 Firefox/27.0"
80.123.96.46 - - [16/Aug/2017:14:46:51 +0200] "GET /gui/javascript/form_form.js?1502887611 HTTP/1.1" 200 16206 "http://ed.activities.at/entry.php?id=10271&&ser=887551" "Mozilla/5.0 (Windows NT 6.1; WOW64; rv:27.0) Gecko/20100101 Firefox/27.0"
213.47.172.74 - - [16/Aug/2017:14:47:09 +0200] "POST /entry.php?id=11671 HTTP/1.1" 200 4876 "http://easydrivers.activities.at/entry.php?id=11671" "Mozilla/5.0 (Windows NT 6.1; Win64; x64) AppleWebKit/537.36 (KHTML, like Gecko) Chrome/60.0.3112.90 Safari/537.36"
213.47.172.74 - - [16/Aug/2017:14:47:10 +0200] "GET /gui/javascript/form_form.js?1502887630 HTTP/1.1" 200 16206 "http://easydrivers.activities.at/entry.php?id=11671" "Mozilla/5.0 (Windows NT 6.1; Win64; x64) AppleWebKit/537.36 (KHTML, like Gecko) Chrome/60.0.3112.90 Safari/537.36"
213.47.172.74 - - [16/Aug/2017:14:47:10 +0200] "GET /entry.php?id=10776&form=11496&name=list& HTTP/1.1" 200 1518 "http://easydrivers.activities.at/entry.php?id=11671" "Mozilla/5.0 (Windows NT 6.1; Win64; x64) AppleWebKit/537.36 (KHTML, like Gecko) Chrome/60.0.3112.90 Safari/537.36"
213.47.172.74 - - [16/Aug/2017:14:47:10 +0200] "GET /entry.php?id=10778&form=11496&name=list& HTTP/1.1" 200 3551 "http://easydrivers.activities.at/entry.php?id=11671" "Mozilla/5.0 (Windows NT 6.1; Win64; x64) AppleWebKit/537.36 (KHTML, like Gecko) Chrome/60.0.3112.90 Safari/537.36"
213.47.172.74 - - [16/Aug/2017:14:47:12 +0200] "POST /entry.php?id=11671 HTTP/1.1" 200 5024 "http://easydrivers.activities.at/entry.php?id=11671" "Mozilla/5.0 (Windows NT 6.1; Win64; x64) AppleWebKit/537.36 (KHTML, like Gecko) Chrome/60.0.3112.90 Safari/537.36"
213.47.172.74 - - [16/Aug/2017:14:47:14 +0200] "GET /gui/javascript/form_form.js?1502887634 HTTP/1.1" 200 16206 "http://easydrivers.activities.at/entry.php?id=11671" "Mozilla/5.0 (Windows NT 6.1; Win64; x64) AppleWebKit/537.36 (KHTML, like Gecko) Chrome/60.0.3112.90 Safari/537.36"
213.47.172.74 - - [16/Aug/2017:14:47:14 +0200] "GET /entry.php?id=10776&form=11496&name=list& HTTP/1.1" 200 1518 "http://easydrivers.activities.at/entry.php?id=11671" "Mozilla/5.0 (Windows NT 6.1; Win64; x64) AppleWebKit/537.36 (KHTML, like Gecko) Chrome/60.0.3112.90 Safari/537.36"
213.47.172.74 - - [16/Aug/2017:14:47:14 +0200] "GET /entry.php?id=10778&form=11496&name=list& HTTP/1.1" 200 3551 "http://easydrivers.activities.at/entry.php?id=11671" "Mozilla/5.0 (Windows NT 6.1; Win64; x64) AppleWebKit/537.36 (KHTML, like Gecko) Chrome/60.0.3112.90 Safari/537.36"
213.47.172.74 - - [16/Aug/2017:14:47:19 +0200] "POST /entry.php?id=11671 HTTP/1.1" 200 4902 "http://easydrivers.activities.at/entry.php?id=11671" "Mozilla/5.0 (Windows NT 6.1; Win64; x64) AppleWebKit/537.36 (KHTML, like Gecko) Chrome/60.0.3112.90 Safari/537.36"
213.47.172.74 - - [16/Aug/2017:14:47:20 +0200] "GET /gui/javascript/form_form.js?1502887640 HTTP/1.1" 200 16206 "http://easydrivers.activities.at/entry.php?id=11671" "Mozilla/5.0 (Windows NT 6.1; Win64; x64) AppleWebKit/537.36 (KHTML, like Gecko) Chrome/60.0.3112.90 Safari/537.36"
213.47.172.74 - - [16/Aug/2017:14:47:20 +0200] "GET /entry.php?id=10776&form=11496&name=list& HTTP/1.1" 200 1518 "http://easydrivers.activities.at/entry.php?id=11671" "Mozilla/5.0 (Windows NT 6.1; Win64; x64) AppleWebKit/537.36 (KHTML, like Gecko) Chrome/60.0.3112.90 Safari/537.36"
213.47.172.74 - - [16/Aug/2017:14:47:20 +0200] "GET /entry.php?id=10778&form=11496&name=list& HTTP/1.1" 200 3551 "http://easydrivers.activities.at/entry.php?id=11671" "Mozilla/5.0 (Windows NT 6.1; Win64; x64) AppleWebKit/537.36 (KHTML, like Gecko) Chrome/60.0.3112.90 Safari/537.36"
213.47.172.74 - - [16/Aug/2017:14:47:43 +0200] "GET /entry.php?id=10271&&ser=887603 HTTP/1.1" 200 987 "http://easydrivers.activities.at/entry.php?id=10271&&ser=887542" "Mozilla/5.0 (Windows NT 6.1; Win64; x64) AppleWebKit/537.36 (KHTML, like Gecko) Chrome/60.0.3112.90 Safari/537.36"
213.47.172.74 - - [16/Aug/2017:14:47:43 +0200] "GET /gui/javascript/form_form.js?1502887663 HTTP/1.1" 200 16206 "http://easydrivers.activities.at/entry.php?id=10271&&ser=887603" "Mozilla/5.0 (Windows NT 6.1; Win64; x64) AppleWebKit/537.36 (KHTML, like Gecko) Chrome/60.0.3112.90 Safari/537.36"
213.47.172.74 - - [16/Aug/2017:14:47:44 +0200] "POST /entry.php?id=11671 HTTP/1.1" 200 5070 "http://easydrivers.activities.at/entry.php?id=11671" "Mozilla/5.0 (Windows NT 6.1; Win64; x64) AppleWebKit/537.36 (KHTML, like Gecko) Chrome/60.0.3112.90 Safari/537.36"
213.47.172.74 - - [16/Aug/2017:14:47:45 +0200] "GET /gui/javascript/form_form.js?1502887665 HTTP/1.1" 200 16206 "http://easydrivers.activities.at/entry.php?id=11671" "Mozilla/5.0 (Windows NT 6.1; Win64; x64) AppleWebKit/537.36 (KHTML, like Gecko) Chrome/60.0.3112.90 Safari/537.36"
213.47.172.74 - - [16/Aug/2017:14:47:46 +0200] "GET /entry.php?id=10776&form=11496&name=list& HTTP/1.1" 200 1518 "http://easydrivers.activities.at/entry.php?id=11671" "Mozilla/5.0 (Windows NT 6.1; Win64; x64) AppleWebKit/537.36 (KHTML, like Gecko) Chrome/60.0.3112.90 Safari/537.36"
213.47.172.74 - - [16/Aug/2017:14:47:46 +0200] "GET /entry.php?id=10778&form=11496&name=list& HTTP/1.1" 200 3551 "http://easydrivers.activities.at/entry.php?id=11671" "Mozilla/5.0 (Windows NT 6.1; Win64; x64) AppleWebKit/537.36 (KHTML, like Gecko) Chrome/60.0.3112.90 Safari/537.36"
213.47.172.74 - - [16/Aug/2017:14:47:47 +0200] "POST /entry.php?id=11671 HTTP/1.1" 200 3326 "http://easydrivers.activities.at/entry.php?id=11671" "Mozilla/5.0 (Windows NT 6.1; Win64; x64) AppleWebKit/537.36 (KHTML, like Gecko) Chrome/60.0.3112.90 Safari/537.36"
213.47.172.74 - - [16/Aug/2017:14:47:47 +0200] "GET /gui/javascript/form_form.js?1502887667 HTTP/1.1" 200 16206 "http://easydrivers.activities.at/entry.php?id=11671" "Mozilla/5.0 (Windows NT 6.1; Win64; x64) AppleWebKit/537.36 (KHTML, like Gecko) Chrome/60.0.3112.90 Safari/537.36"
213.47.172.74 - - [16/Aug/2017:14:47:48 +0200] "GET /framework/webfx/javascript/tinymce/skins/lightgray/content.min.css HTTP/1.1" 404 330 "http://easydrivers.activities.at/entry.php?id=11671" "Mozilla/5.0 (Windows NT 6.1; Win64; x64) AppleWebKit/537.36 (KHTML, like Gecko) Chrome/60.0.3112.90 Safari/537.36"
80.123.96.46 - - [16/Aug/2017:14:47:52 +0200] "GET /entry.php?id=10271&&ser=887611 HTTP/1.1" 200 987 "http://ed.activities.at/entry.php?id=10271&&ser=887551" "Mozilla/5.0 (Windows NT 6.1; WOW64; rv:27.0) Gecko/20100101 Firefox/27.0"
80.123.96.46 - - [16/Aug/2017:14:47:52 +0200] "GET /gui/javascript/form_form.js?1502887672 HTTP/1.1" 200 16206 "http://ed.activities.at/entry.php?id=10271&&ser=887611" "Mozilla/5.0 (Windows NT 6.1; WOW64; rv:27.0) Gecko/20100101 Firefox/27.0"
213.47.172.74 - - [16/Aug/2017:14:48:43 +0200] "GET /entry.php?id=10271&&ser=887663 HTTP/1.1" 200 986 "http://easydrivers.activities.at/entry.php?id=10271&&ser=887603" "Mozilla/5.0 (Windows NT 6.1; Win64; x64) AppleWebKit/537.36 (KHTML, like Gecko) Chrome/60.0.3112.90 Safari/537.36"
213.47.172.74 - - [16/Aug/2017:14:48:44 +0200] "GET /gui/javascript/form_form.js?1502887724 HTTP/1.1" 200 16206 "http://easydrivers.activities.at/entry.php?id=10271&&ser=887663" "Mozilla/5.0 (Windows NT 6.1; Win64; x64) AppleWebKit/537.36 (KHTML, like Gecko) Chrome/60.0.3112.90 Safari/537.36"
80.123.96.46 - - [16/Aug/2017:14:48:52 +0200] "GET /entry.php?id=10271&&ser=887672 HTTP/1.1" 200 986 "http://ed.activities.at/entry.php?id=10271&&ser=887611" "Mozilla/5.0 (Windows NT 6.1; WOW64; rv:27.0) Gecko/20100101 Firefox/27.0"
80.123.96.46 - - [16/Aug/2017:14:48:52 +0200] "GET /gui/javascript/form_form.js?1502887732 HTTP/1.1" 200 16206 "http://ed.activities.at/entry.php?id=10271&&ser=887672" "Mozilla/5.0 (Windows NT 6.1; WOW64; rv:27.0) Gecko/20100101 Firefox/27.0"
213.47.172.74 - - [16/Aug/2017:14:49:44 +0200] "GET /entry.php?id=10271&&ser=887724 HTTP/1.1" 200 986 "http://easydrivers.activities.at/entry.php?id=10271&&ser=887663" "Mozilla/5.0 (Windows NT 6.1; Win64; x64) AppleWebKit/537.36 (KHTML, like Gecko) Chrome/60.0.3112.90 Safari/537.36"
213.47.172.74 - - [16/Aug/2017:14:49:44 +0200] "GET /gui/javascript/form_form.js?1502887784 HTTP/1.1" 200 16206 "http://easydrivers.activities.at/entry.php?id=10271&&ser=887724" "Mozilla/5.0 (Windows NT 6.1; Win64; x64) AppleWebKit/537.36 (KHTML, like Gecko) Chrome/60.0.3112.90 Safari/537.36"
80.123.96.46 - - [16/Aug/2017:14:49:53 +0200] "GET /entry.php?id=10271&&ser=887732 HTTP/1.1" 200 986 "http://ed.activities.at/entry.php?id=10271&&ser=887672" "Mozilla/5.0 (Windows NT 6.1; WOW64; rv:27.0) Gecko/20100101 Firefox/27.0"
80.123.96.46 - - [16/Aug/2017:14:49:53 +0200] "GET /gui/javascript/form_form.js?1502887793 HTTP/1.1" 200 16206 "http://ed.activities.at/entry.php?id=10271&&ser=887732" "Mozilla/5.0 (Windows NT 6.1; WOW64; rv:27.0) Gecko/20100101 Firefox/27.0"
