213.86.241.133 - - [24/Aug/2017:09:26:34 +0200] "GET /entry.php?id=10778&form=11496&name=list& HTTP/1.1" 200 2493 "http://easydrivers.activities.at/entry.php?id=11671&" "Mozilla/5.0 (Windows NT 10.0; WOW64; Trident/7.0; rv:11.0) like Gecko"
213.163.226.237 - - [24/Aug/2017:09:26:38 +0200] "GET / HTTP/1.1" 200 382 "-" "Mozilla/5.0 (Windows NT 10.0; Win64; x64) AppleWebKit/537.36 (KHTML, like Gecko) Chrome/60.0.3112.101 Safari/537.36"
213.163.226.237 - - [24/Aug/2017:09:26:38 +0200] "GET /layout.php HTTP/1.1" 200 914 "http://easydrivers.activities.at/" "Mozilla/5.0 (Windows NT 10.0; Win64; x64) AppleWebKit/537.36 (KHTML, like Gecko) Chrome/60.0.3112.101 Safari/537.36"
213.163.226.237 - - [24/Aug/2017:09:26:38 +0200] "GET /entry.php?id=10270 HTTP/1.1" 200 909 "http://easydrivers.activities.at/layout.php" "Mozilla/5.0 (Windows NT 10.0; Win64; x64) AppleWebKit/537.36 (KHTML, like Gecko) Chrome/60.0.3112.101 Safari/537.36"
213.163.226.237 - - [24/Aug/2017:09:26:38 +0200] "GET /entry.php?id=10273 HTTP/1.1" 200 1901 "http://easydrivers.activities.at/layout.php" "Mozilla/5.0 (Windows NT 10.0; Win64; x64) AppleWebKit/537.36 (KHTML, like Gecko) Chrome/60.0.3112.101 Safari/537.36"
213.163.226.237 - - [24/Aug/2017:09:26:38 +0200] "GET /entry.php?id=10272 HTTP/1.1" 200 1160 "http://easydrivers.activities.at/layout.php" "Mozilla/5.0 (Windows NT 10.0; Win64; x64) AppleWebKit/537.36 (KHTML, like Gecko) Chrome/60.0.3112.101 Safari/537.36"
213.163.226.237 - - [24/Aug/2017:09:26:38 +0200] "GET /entry.php?id=11412 HTTP/1.1" 200 1759 "http://easydrivers.activities.at/layout.php" "Mozilla/5.0 (Windows NT 10.0; Win64; x64) AppleWebKit/537.36 (KHTML, like Gecko) Chrome/60.0.3112.101 Safari/537.36"
213.163.226.237 - - [24/Aug/2017:09:26:39 +0200] "GET /gui/javascript/form_form.js?1503559599 HTTP/1.1" 200 16206 "http://easydrivers.activities.at/entry.php?id=10270" "Mozilla/5.0 (Windows NT 10.0; Win64; x64) AppleWebKit/537.36 (KHTML, like Gecko) Chrome/60.0.3112.101 Safari/537.36"
213.163.226.237 - - [24/Aug/2017:09:26:39 +0200] "GET /entry.php?id=10271& HTTP/1.1" 200 935 "http://easydrivers.activities.at/entry.php?id=10272" "Mozilla/5.0 (Windows NT 10.0; Win64; x64) AppleWebKit/537.36 (KHTML, like Gecko) Chrome/60.0.3112.101 Safari/537.36"
213.163.226.237 - - [24/Aug/2017:09:26:39 +0200] "GET /entry.php?id=10287 HTTP/1.1" 200 2414 "http://easydrivers.activities.at/entry.php?id=11412" "Mozilla/5.0 (Windows NT 10.0; Win64; x64) AppleWebKit/537.36 (KHTML, like Gecko) Chrome/60.0.3112.101 Safari/537.36"
213.163.226.237 - - [24/Aug/2017:09:26:40 +0200] "GET /gui/javascript/form_form.js?1503559600 HTTP/1.1" 200 16206 "http://easydrivers.activities.at/entry.php?id=10287" "Mozilla/5.0 (Windows NT 10.0; Win64; x64) AppleWebKit/537.36 (KHTML, like Gecko) Chrome/60.0.3112.101 Safari/537.36"
213.163.226.237 - - [24/Aug/2017:09:26:40 +0200] "GET /entry.php?id=10270& HTTP/1.1" 200 909 "http://easydrivers.activities.at/entry.php?id=10287" "Mozilla/5.0 (Windows NT 10.0; Win64; x64) AppleWebKit/537.36 (KHTML, like Gecko) Chrome/60.0.3112.101 Safari/537.36"
213.163.226.237 - - [24/Aug/2017:09:26:40 +0200] "GET /entry.php?id=10273& HTTP/1.1" 200 1900 "http://easydrivers.activities.at/entry.php?id=10287" "Mozilla/5.0 (Windows NT 10.0; Win64; x64) AppleWebKit/537.36 (KHTML, like Gecko) Chrome/60.0.3112.101 Safari/537.36"
213.86.241.133 - - [24/Aug/2017:09:26:44 +0200] "POST /entry.php?id=11672 HTTP/1.1" 200 2706 "http://easydrivers.activities.at/entry.php?id=11672&" "Mozilla/5.0 (Windows NT 10.0; WOW64; Trident/7.0; rv:11.0) like Gecko"
213.86.241.133 - - [24/Aug/2017:09:26:44 +0200] "GET /gui/javascript/form_form.js?1503559604 HTTP/1.1" 200 16206 "http://easydrivers.activities.at/entry.php?id=11672" "Mozilla/5.0 (Windows NT 10.0; WOW64; Trident/7.0; rv:11.0) like Gecko"
213.86.241.133 - - [24/Aug/2017:09:26:45 +0200] "GET /entry.php?id=10776&form=11497&name=list& HTTP/1.1" 200 1941 "http://easydrivers.activities.at/entry.php?id=11672" "Mozilla/5.0 (Windows NT 10.0; WOW64; Trident/7.0; rv:11.0) like Gecko"
213.86.241.133 - - [24/Aug/2017:09:26:45 +0200] "GET /entry.php?id=10778&form=11497&name=list& HTTP/1.1" 200 4606 "http://easydrivers.activities.at/entry.php?id=11672" "Mozilla/5.0 (Windows NT 10.0; WOW64; Trident/7.0; rv:11.0) like Gecko"
213.86.241.133 - - [24/Aug/2017:09:26:48 +0200] "GET /entry.php?id=10271&&ser=559548 HTTP/1.1" 200 988 "http://easydrivers.activities.at/entry.php?id=10272" "Mozilla/5.0 (Windows NT 10.0; WOW64; Trident/7.0; rv:11.0) like Gecko"
213.86.241.133 - - [24/Aug/2017:09:26:48 +0200] "GET /gui/javascript/form_form.js?1503559608 HTTP/1.1" 200 16206 "http://easydrivers.activities.at/entry.php?id=10271&&ser=559548" "Mozilla/5.0 (Windows NT 10.0; WOW64; Trident/7.0; rv:11.0) like Gecko"
213.163.226.237 - - [24/Aug/2017:09:26:54 +0200] "POST /entry.php?id=10287& HTTP/1.1" 200 1997 "http://easydrivers.activities.at/entry.php?id=10287" "Mozilla/5.0 (Windows NT 10.0; Win64; x64) AppleWebKit/537.36 (KHTML, like Gecko) Chrome/60.0.3112.101 Safari/537.36"
213.163.226.237 - - [24/Aug/2017:09:26:55 +0200] "GET /gui/javascript/form_form.js?1503559615 HTTP/1.1" 200 16206 "http://easydrivers.activities.at/entry.php?id=10287&" "Mozilla/5.0 (Windows NT 10.0; Win64; x64) AppleWebKit/537.36 (KHTML, like Gecko) Chrome/60.0.3112.101 Safari/537.36"
213.163.226.237 - - [24/Aug/2017:09:26:55 +0200] "GET /entry.php?id=10271& HTTP/1.1" 200 989 "http://easydrivers.activities.at/entry.php?id=10271&" "Mozilla/5.0 (Windows NT 10.0; Win64; x64) AppleWebKit/537.36 (KHTML, like Gecko) Chrome/60.0.3112.101 Safari/537.36"
213.163.226.237 - - [24/Aug/2017:09:26:55 +0200] "GET /entry.php?id=10273& HTTP/1.1" 200 2012 "http://easydrivers.activities.at/entry.php?id=10287&" "Mozilla/5.0 (Windows NT 10.0; Win64; x64) AppleWebKit/537.36 (KHTML, like Gecko) Chrome/60.0.3112.101 Safari/537.36"
213.163.226.237 - - [24/Aug/2017:09:26:56 +0200] "GET /gui/javascript/form_form.js?1503559616 HTTP/1.1" 200 16206 "http://easydrivers.activities.at/entry.php?id=10271&" "Mozilla/5.0 (Windows NT 10.0; Win64; x64) AppleWebKit/537.36 (KHTML, like Gecko) Chrome/60.0.3112.101 Safari/537.36"
213.163.226.237 - - [24/Aug/2017:09:26:56 +0200] "GET /framework/webfx/style/toolbar/images/cbback.gif HTTP/1.1" 404 318 "http://easydrivers.activities.at/framework/webfx/style/toolbar/cb2.css" "Mozilla/5.0 (Windows NT 10.0; Win64; x64) AppleWebKit/537.36 (KHTML, like Gecko) Chrome/60.0.3112.101 Safari/537.36"
213.163.226.237 - - [24/Aug/2017:09:26:56 +0200] "GET /entry.php?id=10270&__app__=10006038 HTTP/1.1" 200 1649 "http://easydrivers.activities.at/entry.php?id=10273&" "Mozilla/5.0 (Windows NT 10.0; Win64; x64) AppleWebKit/537.36 (KHTML, like Gecko) Chrome/60.0.3112.101 Safari/537.36"
213.163.226.237 - - [24/Aug/2017:09:26:56 +0200] "GET /undefined HTTP/1.1" 404 288 "http://easydrivers.activities.at/entry.php?id=10270&__app__=10006038" "Mozilla/5.0 (Windows NT 10.0; Win64; x64) AppleWebKit/537.36 (KHTML, like Gecko) Chrome/60.0.3112.101 Safari/537.36"
213.163.226.237 - - [24/Aug/2017:09:27:01 +0200] "GET /entry.php?id=11674 HTTP/1.1" 200 321 "http://easydrivers.activities.at/entry.php?id=10270&__app__=10006038" "Mozilla/5.0 (Windows NT 10.0; Win64; x64) AppleWebKit/537.36 (KHTML, like Gecko) Chrome/60.0.3112.101 Safari/537.36"
213.163.226.237 - - [24/Aug/2017:09:27:01 +0200] "GET /entry.php?id=10676&&title=Aktionen HTTP/1.1" 200 1387 "http://easydrivers.activities.at/entry.php?id=11674" "Mozilla/5.0 (Windows NT 10.0; Win64; x64) AppleWebKit/537.36 (KHTML, like Gecko) Chrome/60.0.3112.101 Safari/537.36"
213.163.226.237 - - [24/Aug/2017:09:27:01 +0200] "GET /gui/javascript/form_form.js?1503559621 HTTP/1.1" 200 16206 "http://easydrivers.activities.at/entry.php?id=10676&&title=Aktionen" "Mozilla/5.0 (Windows NT 10.0; Win64; x64) AppleWebKit/537.36 (KHTML, like Gecko) Chrome/60.0.3112.101 Safari/537.36"
213.163.226.237 - - [24/Aug/2017:09:27:01 +0200] "GET /entry.php?id=11675& HTTP/1.1" 200 2689 "http://easydrivers.activities.at/entry.php?id=11674" "Mozilla/5.0 (Windows NT 10.0; Win64; x64) AppleWebKit/537.36 (KHTML, like Gecko) Chrome/60.0.3112.101 Safari/537.36"
213.163.226.237 - - [24/Aug/2017:09:27:01 +0200] "GET /entry.php?id=11676& HTTP/1.1" 200 4382 "http://easydrivers.activities.at/entry.php?id=11674" "Mozilla/5.0 (Windows NT 10.0; Win64; x64) AppleWebKit/537.36 (KHTML, like Gecko) Chrome/60.0.3112.101 Safari/537.36"
213.163.226.237 - - [24/Aug/2017:09:27:02 +0200] "GET /gui/javascript/form_form.js?1503559622 HTTP/1.1" 200 16206 "http://easydrivers.activities.at/entry.php?id=11676&" "Mozilla/5.0 (Windows NT 10.0; Win64; x64) AppleWebKit/537.36 (KHTML, like Gecko) Chrome/60.0.3112.101 Safari/537.36"
213.163.226.237 - - [24/Aug/2017:09:27:02 +0200] "GET /gui/images/icons/disabled_delete.gif HTTP/1.1" 200 86 "http://easydrivers.activities.at/entry.php?id=11676&" "Mozilla/5.0 (Windows NT 10.0; Win64; x64) AppleWebKit/537.36 (KHTML, like Gecko) Chrome/60.0.3112.101 Safari/537.36"
213.163.226.237 - - [24/Aug/2017:09:27:02 +0200] "GET /gui/images/icons/disabled_lupe.gif HTTP/1.1" 200 322 "http://easydrivers.activities.at/entry.php?id=11676&" "Mozilla/5.0 (Windows NT 10.0; Win64; x64) AppleWebKit/537.36 (KHTML, like Gecko) Chrome/60.0.3112.101 Safari/537.36"
213.163.226.237 - - [24/Aug/2017:09:27:02 +0200] "GET /entry.php?id=10776&form=11500&name=list& HTTP/1.1" 200 2450 "http://easydrivers.activities.at/entry.php?id=11675&" "Mozilla/5.0 (Windows NT 10.0; Win64; x64) AppleWebKit/537.36 (KHTML, like Gecko) Chrome/60.0.3112.101 Safari/537.36"
213.163.226.237 - - [24/Aug/2017:09:27:02 +0200] "GET /entry.php?id=10778&form=11500&name=list& HTTP/1.1" 200 3666 "http://easydrivers.activities.at/entry.php?id=11675&" "Mozilla/5.0 (Windows NT 10.0; Win64; x64) AppleWebKit/537.36 (KHTML, like Gecko) Chrome/60.0.3112.101 Safari/537.36"
213.163.226.237 - - [24/Aug/2017:09:27:03 +0200] "GET /gui/images/icons/information.gif HTTP/1.1" 200 1025 "http://easydrivers.activities.at/entry.php?id=10778&form=11500&name=list&" "Mozilla/5.0 (Windows NT 10.0; Win64; x64) AppleWebKit/537.36 (KHTML, like Gecko) Chrome/60.0.3112.101 Safari/537.36"
213.163.226.237 - - [24/Aug/2017:09:27:03 +0200] "GET /entry.php?id=11673 HTTP/1.1" 200 358 "http://easydrivers.activities.at/entry.php?id=10270&__app__=10006038" "Mozilla/5.0 (Windows NT 10.0; Win64; x64) AppleWebKit/537.36 (KHTML, like Gecko) Chrome/60.0.3112.101 Safari/537.36"
213.163.226.237 - - [24/Aug/2017:09:27:04 +0200] "GET /entry.php?id=10676&&title=F%FChrerscheinkurse HTTP/1.1" 200 1395 "http://easydrivers.activities.at/entry.php?id=11673" "Mozilla/5.0 (Windows NT 10.0; Win64; x64) AppleWebKit/537.36 (KHTML, like Gecko) Chrome/60.0.3112.101 Safari/537.36"
213.163.226.237 - - [24/Aug/2017:09:27:04 +0200] "GET /gui/javascript/form_form.js?1503559624 HTTP/1.1" 200 16206 "http://easydrivers.activities.at/entry.php?id=10676&&title=F%FChrerscheinkurse" "Mozilla/5.0 (Windows NT 10.0; Win64; x64) AppleWebKit/537.36 (KHTML, like Gecko) Chrome/60.0.3112.101 Safari/537.36"
213.86.241.133 - - [24/Aug/2017:09:27:04 +0200] "GET /entry.php?id=11664 HTTP/1.1" 200 343 "http://easydrivers.activities.at/entry.php?id=11412" "Mozilla/5.0 (Windows NT 10.0; WOW64; Trident/7.0; rv:11.0) like Gecko"
213.163.226.237 - - [24/Aug/2017:09:27:04 +0200] "GET /entry.php?id=11694& HTTP/1.1" 200 3473 "http://easydrivers.activities.at/entry.php?id=11673" "Mozilla/5.0 (Windows NT 10.0; Win64; x64) AppleWebKit/537.36 (KHTML, like Gecko) Chrome/60.0.3112.101 Safari/537.36"
213.86.241.133 - - [24/Aug/2017:09:27:05 +0200] "GET /entry.php?id=10676&&title=Standorte HTTP/1.1" 200 1389 "http://easydrivers.activities.at/entry.php?id=11664" "Mozilla/5.0 (Windows NT 10.0; WOW64; Trident/7.0; rv:11.0) like Gecko"
213.163.226.237 - - [24/Aug/2017:09:27:05 +0200] "GET /gui/javascript/form_form.js?1503559625 HTTP/1.1" 200 16206 "http://easydrivers.activities.at/entry.php?id=11694&" "Mozilla/5.0 (Windows NT 10.0; Win64; x64) AppleWebKit/537.36 (KHTML, like Gecko) Chrome/60.0.3112.101 Safari/537.36"
213.163.226.237 - - [24/Aug/2017:09:27:05 +0200] "GET /activities/framework/KoolControls/KoolAjax/koolajax.php?8436e354c842500aba3cbaf0584c0c24 HTTP/1.1" 200 4079 "http://easydrivers.activities.at/entry.php?id=11694&" "Mozilla/5.0 (Windows NT 10.0; Win64; x64) AppleWebKit/537.36 (KHTML, like Gecko) Chrome/60.0.3112.101 Safari/537.36"
213.86.241.133 - - [24/Aug/2017:09:27:05 +0200] "GET /gui/javascript/form_form.js?1503559625 HTTP/1.1" 200 16206 "http://easydrivers.activities.at/entry.php?id=10676&&title=Standorte" "Mozilla/5.0 (Windows NT 10.0; WOW64; Trident/7.0; rv:11.0) like Gecko"
213.86.241.133 - - [24/Aug/2017:09:27:05 +0200] "GET /entry.php?id=11665& HTTP/1.1" 200 2316 "http://easydrivers.activities.at/entry.php?id=11664" "Mozilla/5.0 (Windows NT 10.0; WOW64; Trident/7.0; rv:11.0) like Gecko"
213.163.226.237 - - [24/Aug/2017:09:27:05 +0200] "GET /activities/framework/KoolControls/KoolTreeView/kooltreeview.php?c7cd9180e88ffef8e70f13526bb4f5f7 HTTP/1.1" 200 5055 "http://easydrivers.activities.at/entry.php?id=11694&" "Mozilla/5.0 (Windows NT 10.0; Win64; x64) AppleWebKit/537.36 (KHTML, like Gecko) Chrome/60.0.3112.101 Safari/537.36"
213.86.241.133 - - [24/Aug/2017:09:27:05 +0200] "GET /gui/javascript/form_ed_addresses.js HTTP/1.1" 200 2295 "http://easydrivers.activities.at/entry.php?id=11665&" "Mozilla/5.0 (Windows NT 10.0; WOW64; Trident/7.0; rv:11.0) like Gecko"
213.86.241.133 - - [24/Aug/2017:09:27:05 +0200] "GET /entry.php?id=11697& HTTP/1.1" 200 2602 "http://easydrivers.activities.at/entry.php?id=11664" "Mozilla/5.0 (Windows NT 10.0; WOW64; Trident/7.0; rv:11.0) like Gecko"
213.163.226.237 - - [24/Aug/2017:09:27:04 +0200] "GET /entry.php?id=11671& HTTP/1.1" 200 4537 "http://easydrivers.activities.at/entry.php?id=11673" "Mozilla/5.0 (Windows NT 10.0; Win64; x64) AppleWebKit/537.36 (KHTML, like Gecko) Chrome/60.0.3112.101 Safari/537.36"
213.163.226.237 - - [24/Aug/2017:09:27:06 +0200] "GET /gui/javascript/form_form.js?1503559626 HTTP/1.1" 200 16206 "http://easydrivers.activities.at/entry.php?id=11671&" "Mozilla/5.0 (Windows NT 10.0; Win64; x64) AppleWebKit/537.36 (KHTML, like Gecko) Chrome/60.0.3112.101 Safari/537.36"
213.86.241.133 - - [24/Aug/2017:09:27:05 +0200] "GET /entry.php?id=10778&form=11490&name=list& HTTP/1.1" 200 2755 "http://easydrivers.activities.at/entry.php?id=11665&" "Mozilla/5.0 (Windows NT 10.0; WOW64; Trident/7.0; rv:11.0) like Gecko"
213.86.241.133 - - [24/Aug/2017:09:27:05 +0200] "GET /entry.php?id=11666& HTTP/1.1" 200 3713 "http://easydrivers.activities.at/entry.php?id=11664" "Mozilla/5.0 (Windows NT 10.0; WOW64; Trident/7.0; rv:11.0) like Gecko"
213.86.241.133 - - [24/Aug/2017:09:27:06 +0200] "GET /gui/images/icons/user_admin.png HTTP/1.1" 200 875 "http://easydrivers.activities.at/entry.php?id=10778&form=11490&name=list&" "Mozilla/5.0 (Windows NT 10.0; WOW64; Trident/7.0; rv:11.0) like Gecko"
213.86.241.133 - - [24/Aug/2017:09:27:06 +0200] "GET /gui/javascript/form_form.js?1503559626 HTTP/1.1" 200 16206 "http://easydrivers.activities.at/entry.php?id=11666&" "Mozilla/5.0 (Windows NT 10.0; WOW64; Trident/7.0; rv:11.0) like Gecko"
213.86.241.133 - - [24/Aug/2017:09:27:06 +0200] "GET /gui/images/icons/email.gif HTTP/1.1" 200 937 "http://easydrivers.activities.at/entry.php?id=11666&" "Mozilla/5.0 (Windows NT 10.0; WOW64; Trident/7.0; rv:11.0) like Gecko"
213.86.241.133 - - [24/Aug/2017:09:27:06 +0200] "GET /entry.php?id=10776&form=11522&name=list& HTTP/1.1" 200 2256 "http://easydrivers.activities.at/entry.php?id=11697&" "Mozilla/5.0 (Windows NT 10.0; WOW64; Trident/7.0; rv:11.0) like Gecko"
213.86.241.133 - - [24/Aug/2017:09:27:06 +0200] "GET /gui/images/icons/user_add.png HTTP/1.1" 200 746 "http://easydrivers.activities.at/entry.php?id=10776&form=11522&name=list&" "Mozilla/5.0 (Windows NT 10.0; WOW64; Trident/7.0; rv:11.0) like Gecko"
213.86.241.133 - - [24/Aug/2017:09:27:06 +0200] "GET /gui/images/icons/user_edit.png HTTP/1.1" 200 833 "http://easydrivers.activities.at/entry.php?id=10776&form=11522&name=list&" "Mozilla/5.0 (Windows NT 10.0; WOW64; Trident/7.0; rv:11.0) like Gecko"
213.86.241.133 - - [24/Aug/2017:09:27:06 +0200] "GET /gui/images/icons/group.gif HTTP/1.1" 200 1014 "http://easydrivers.activities.at/entry.php?id=10776&form=11522&name=list&" "Mozilla/5.0 (Windows NT 10.0; WOW64; Trident/7.0; rv:11.0) like Gecko"
213.86.241.133 - - [24/Aug/2017:09:27:06 +0200] "GET /gui/images/icons/user_link.png HTTP/1.1" 200 905 "http://easydrivers.activities.at/entry.php?id=10776&form=11522&name=list&" "Mozilla/5.0 (Windows NT 10.0; WOW64; Trident/7.0; rv:11.0) like Gecko"
213.86.241.133 - - [24/Aug/2017:09:27:05 +0200] "GET /entry.php?id=10776&form=11490&name=list& HTTP/1.1" 200 2009 "http://easydrivers.activities.at/entry.php?id=11665&" "Mozilla/5.0 (Windows NT 10.0; WOW64; Trident/7.0; rv:11.0) like Gecko"
213.86.241.133 - - [24/Aug/2017:09:27:06 +0200] "GET /entry.php?id=10778&form=11522&name=list& HTTP/1.1" 200 3093 "http://easydrivers.activities.at/entry.php?id=11697&" "Mozilla/5.0 (Windows NT 10.0; WOW64; Trident/7.0; rv:11.0) like Gecko"
213.86.241.133 - - [24/Aug/2017:09:27:06 +0200] "GET /gui/images/icons/disabled_user_admin.png HTTP/1.1" 200 770 "http://easydrivers.activities.at/entry.php?id=10776&form=11490&name=list&" "Mozilla/5.0 (Windows NT 10.0; WOW64; Trident/7.0; rv:11.0) like Gecko"
213.163.226.237 - - [24/Aug/2017:09:27:04 +0200] "GET /entry.php?id=11672& HTTP/1.1" 200 2735 "http://easydrivers.activities.at/entry.php?id=11673" "Mozilla/5.0 (Windows NT 10.0; Win64; x64) AppleWebKit/537.36 (KHTML, like Gecko) Chrome/60.0.3112.101 Safari/537.36"
213.163.226.237 - - [24/Aug/2017:09:27:06 +0200] "GET /entry.php?id=10776&form=11496&name=list& HTTP/1.1" 200 1526 "http://easydrivers.activities.at/entry.php?id=11671&" "Mozilla/5.0 (Windows NT 10.0; Win64; x64) AppleWebKit/537.36 (KHTML, like Gecko) Chrome/60.0.3112.101 Safari/537.36"
213.163.226.237 - - [24/Aug/2017:09:27:06 +0200] "GET /entry.php?id=10778&form=11496&name=list& HTTP/1.1" 200 2493 "http://easydrivers.activities.at/entry.php?id=11671&" "Mozilla/5.0 (Windows NT 10.0; Win64; x64) AppleWebKit/537.36 (KHTML, like Gecko) Chrome/60.0.3112.101 Safari/537.36"
213.163.226.237 - - [24/Aug/2017:09:27:07 +0200] "GET /gui/javascript/form_form.js?1503559627 HTTP/1.1" 200 16206 "http://easydrivers.activities.at/entry.php?id=11672&" "Mozilla/5.0 (Windows NT 10.0; Win64; x64) AppleWebKit/537.36 (KHTML, like Gecko) Chrome/60.0.3112.101 Safari/537.36"
213.163.226.237 - - [24/Aug/2017:09:27:07 +0200] "GET /entry.php?id=10776&form=11497&name=list& HTTP/1.1" 200 1942 "http://easydrivers.activities.at/entry.php?id=11672&" "Mozilla/5.0 (Windows NT 10.0; Win64; x64) AppleWebKit/537.36 (KHTML, like Gecko) Chrome/60.0.3112.101 Safari/537.36"
213.163.226.237 - - [24/Aug/2017:09:27:07 +0200] "GET /entry.php?id=10778&form=11497&name=list& HTTP/1.1" 200 17169 "http://easydrivers.activities.at/entry.php?id=11672&" "Mozilla/5.0 (Windows NT 10.0; Win64; x64) AppleWebKit/537.36 (KHTML, like Gecko) Chrome/60.0.3112.101 Safari/537.36"
213.163.226.237 - - [24/Aug/2017:09:27:07 +0200] "GET /entry.php?id=10777&form=11497&name=list& HTTP/1.1" 200 1340 "http://easydrivers.activities.at/entry.php?id=11672&" "Mozilla/5.0 (Windows NT 10.0; Win64; x64) AppleWebKit/537.36 (KHTML, like Gecko) Chrome/60.0.3112.101 Safari/537.36"
213.163.226.237 - - [24/Aug/2017:09:27:08 +0200] "GET /gui/images/icons/paging_firstpage_disabled.gif HTTP/1.1" 200 79 "http://easydrivers.activities.at/entry.php?id=10777&form=11497&name=list&" "Mozilla/5.0 (Windows NT 10.0; Win64; x64) AppleWebKit/537.36 (KHTML, like Gecko) Chrome/60.0.3112.101 Safari/537.36"
213.163.226.237 - - [24/Aug/2017:09:27:08 +0200] "GET /gui/images/icons/paging_preview_disabled.gif HTTP/1.1" 200 75 "http://easydrivers.activities.at/entry.php?id=10777&form=11497&name=list&" "Mozilla/5.0 (Windows NT 10.0; Win64; x64) AppleWebKit/537.36 (KHTML, like Gecko) Chrome/60.0.3112.101 Safari/537.36"
213.163.226.237 - - [24/Aug/2017:09:27:08 +0200] "GET /gui/images/icons/paging_lastpage.gif HTTP/1.1" 200 78 "http://easydrivers.activities.at/entry.php?id=10777&form=11497&name=list&" "Mozilla/5.0 (Windows NT 10.0; Win64; x64) AppleWebKit/537.36 (KHTML, like Gecko) Chrome/60.0.3112.101 Safari/537.36"
213.163.226.237 - - [24/Aug/2017:09:27:08 +0200] "GET /gui/images/icons/paging_next.gif HTTP/1.1" 200 74 "http://easydrivers.activities.at/entry.php?id=10777&form=11497&name=list&" "Mozilla/5.0 (Windows NT 10.0; Win64; x64) AppleWebKit/537.36 (KHTML, like Gecko) Chrome/60.0.3112.101 Safari/537.36"
213.86.241.133 - - [24/Aug/2017:09:27:09 +0200] "GET /entry.php?id=11670 HTTP/1.1" 200 320 "http://easydrivers.activities.at/entry.php?id=11412" "Mozilla/5.0 (Windows NT 10.0; WOW64; Trident/7.0; rv:11.0) like Gecko"
213.86.241.133 - - [24/Aug/2017:09:27:09 +0200] "GET /entry.php?id=10676&&title=Produkte HTTP/1.1" 200 1388 "http://easydrivers.activities.at/entry.php?id=11670" "Mozilla/5.0 (Windows NT 10.0; WOW64; Trident/7.0; rv:11.0) like Gecko"
213.86.241.133 - - [24/Aug/2017:09:27:10 +0200] "GET /gui/javascript/form_form.js?1503559630 HTTP/1.1" 200 16206 "http://easydrivers.activities.at/entry.php?id=10676&&title=Produkte" "Mozilla/5.0 (Windows NT 10.0; WOW64; Trident/7.0; rv:11.0) like Gecko"
213.86.241.133 - - [24/Aug/2017:09:27:09 +0200] "GET /entry.php?id=11668& HTTP/1.1" 200 3368 "http://easydrivers.activities.at/entry.php?id=11670" "Mozilla/5.0 (Windows NT 10.0; WOW64; Trident/7.0; rv:11.0) like Gecko"
213.86.241.133 - - [24/Aug/2017:09:27:10 +0200] "GET /gui/javascript/form_ed_articles.js HTTP/1.1" 200 2191 "http://easydrivers.activities.at/entry.php?id=11668&" "Mozilla/5.0 (Windows NT 10.0; WOW64; Trident/7.0; rv:11.0) like Gecko"
213.86.241.133 - - [24/Aug/2017:09:27:09 +0200] "GET /entry.php?id=11669& HTTP/1.1" 200 2281 "http://easydrivers.activities.at/entry.php?id=11670" "Mozilla/5.0 (Windows NT 10.0; WOW64; Trident/7.0; rv:11.0) like Gecko"
213.86.241.133 - - [24/Aug/2017:09:27:10 +0200] "GET /entry.php?id=10778&form=11493&name=list& HTTP/1.1" 200 2487 "http://easydrivers.activities.at/entry.php?id=11668&" "Mozilla/5.0 (Windows NT 10.0; WOW64; Trident/7.0; rv:11.0) like Gecko"
213.86.241.133 - - [24/Aug/2017:09:27:10 +0200] "GET /entry.php?id=10776&form=11493&name=list& HTTP/1.1" 200 1487 "http://easydrivers.activities.at/entry.php?id=11668&" "Mozilla/5.0 (Windows NT 10.0; WOW64; Trident/7.0; rv:11.0) like Gecko"
213.86.241.133 - - [24/Aug/2017:09:27:10 +0200] "GET /entry.php?id=10776&form=11494&name=list& HTTP/1.1" 200 1992 "http://easydrivers.activities.at/entry.php?id=11669&" "Mozilla/5.0 (Windows NT 10.0; WOW64; Trident/7.0; rv:11.0) like Gecko"
213.86.241.133 - - [24/Aug/2017:09:27:10 +0200] "GET /entry.php?id=10778&form=11494&name=list& HTTP/1.1" 200 4863 "http://easydrivers.activities.at/entry.php?id=11669&" "Mozilla/5.0 (Windows NT 10.0; WOW64; Trident/7.0; rv:11.0) like Gecko"
213.163.226.237 - - [24/Aug/2017:09:27:11 +0200] "POST /entry.php?id=11672 HTTP/1.1" 200 2701 "http://easydrivers.activities.at/entry.php?id=11672&" "Mozilla/5.0 (Windows NT 10.0; Win64; x64) AppleWebKit/537.36 (KHTML, like Gecko) Chrome/60.0.3112.101 Safari/537.36"
213.163.226.237 - - [24/Aug/2017:09:27:11 +0200] "GET /gui/javascript/form_form.js?1503559631 HTTP/1.1" 200 16206 "http://easydrivers.activities.at/entry.php?id=11672" "Mozilla/5.0 (Windows NT 10.0; Win64; x64) AppleWebKit/537.36 (KHTML, like Gecko) Chrome/60.0.3112.101 Safari/537.36"
213.163.226.237 - - [24/Aug/2017:09:27:11 +0200] "GET /entry.php?id=10776&form=11497&name=list& HTTP/1.1" 200 1941 "http://easydrivers.activities.at/entry.php?id=11672" "Mozilla/5.0 (Windows NT 10.0; Win64; x64) AppleWebKit/537.36 (KHTML, like Gecko) Chrome/60.0.3112.101 Safari/537.36"
213.163.226.237 - - [24/Aug/2017:09:27:11 +0200] "GET /entry.php?id=10778&form=11497&name=list& HTTP/1.1" 200 3599 "http://easydrivers.activities.at/entry.php?id=11672" "Mozilla/5.0 (Windows NT 10.0; Win64; x64) AppleWebKit/537.36 (KHTML, like Gecko) Chrome/60.0.3112.101 Safari/537.36"
213.163.226.237 - - [24/Aug/2017:09:27:12 +0200] "POST /entry.php?id=11672 HTTP/1.1" 200 2702 "http://easydrivers.activities.at/entry.php?id=11672" "Mozilla/5.0 (Windows NT 10.0; Win64; x64) AppleWebKit/537.36 (KHTML, like Gecko) Chrome/60.0.3112.101 Safari/537.36"
213.163.226.237 - - [24/Aug/2017:09:27:12 +0200] "GET /gui/javascript/form_form.js?1503559632 HTTP/1.1" 200 16206 "http://easydrivers.activities.at/entry.php?id=11672" "Mozilla/5.0 (Windows NT 10.0; Win64; x64) AppleWebKit/537.36 (KHTML, like Gecko) Chrome/60.0.3112.101 Safari/537.36"
213.163.226.237 - - [24/Aug/2017:09:27:13 +0200] "GET /entry.php?id=10776&form=11497&name=list& HTTP/1.1" 200 1941 "http://easydrivers.activities.at/entry.php?id=11672" "Mozilla/5.0 (Windows NT 10.0; Win64; x64) AppleWebKit/537.36 (KHTML, like Gecko) Chrome/60.0.3112.101 Safari/537.36"
213.163.226.237 - - [24/Aug/2017:09:27:13 +0200] "GET /entry.php?id=10778&form=11497&name=list& HTTP/1.1" 200 3608 "http://easydrivers.activities.at/entry.php?id=11672" "Mozilla/5.0 (Windows NT 10.0; Win64; x64) AppleWebKit/537.36 (KHTML, like Gecko) Chrome/60.0.3112.101 Safari/537.36"
213.86.241.133 - - [24/Aug/2017:09:27:23 +0200] "GET /entry.php?id=11681 HTTP/1.1" 200 328 "http://easydrivers.activities.at/entry.php?id=11412" "Mozilla/5.0 (Windows NT 10.0; WOW64; Trident/7.0; rv:11.0) like Gecko"
213.86.241.133 - - [24/Aug/2017:09:27:24 +0200] "GET /entry.php?id=10676&&title=Contentverwaltung HTTP/1.1" 200 1392 "http://easydrivers.activities.at/entry.php?id=11681" "Mozilla/5.0 (Windows NT 10.0; WOW64; Trident/7.0; rv:11.0) like Gecko"
213.86.241.133 - - [24/Aug/2017:09:27:24 +0200] "GET /gui/javascript/form_form.js?1503559644 HTTP/1.1" 200 16206 "http://easydrivers.activities.at/entry.php?id=10676&&title=Contentverwaltung" "Mozilla/5.0 (Windows NT 10.0; WOW64; Trident/7.0; rv:11.0) like Gecko"
213.163.226.237 - - [24/Aug/2017:09:27:24 +0200] "POST /entry.php?id=11672 HTTP/1.1" 200 2702 "http://easydrivers.activities.at/entry.php?id=11672" "Mozilla/5.0 (Windows NT 10.0; Win64; x64) AppleWebKit/537.36 (KHTML, like Gecko) Chrome/60.0.3112.101 Safari/537.36"
213.86.241.133 - - [24/Aug/2017:09:27:24 +0200] "GET /entry.php?id=11683& HTTP/1.1" 200 2681 "http://easydrivers.activities.at/entry.php?id=11681" "Mozilla/5.0 (Windows NT 10.0; WOW64; Trident/7.0; rv:11.0) like Gecko"
213.163.226.237 - - [24/Aug/2017:09:27:24 +0200] "GET /gui/javascript/form_form.js?1503559644 HTTP/1.1" 200 16206 "http://easydrivers.activities.at/entry.php?id=11672" "Mozilla/5.0 (Windows NT 10.0; Win64; x64) AppleWebKit/537.36 (KHTML, like Gecko) Chrome/60.0.3112.101 Safari/537.36"
213.86.241.133 - - [24/Aug/2017:09:27:24 +0200] "GET /entry.php?id=11684& HTTP/1.1" 200 3805 "http://easydrivers.activities.at/entry.php?id=11681" "Mozilla/5.0 (Windows NT 10.0; WOW64; Trident/7.0; rv:11.0) like Gecko"
213.86.241.133 - - [24/Aug/2017:09:27:24 +0200] "GET /entry.php?id=10778&form=11508&name=list& HTTP/1.1" 200 3081 "http://easydrivers.activities.at/entry.php?id=11683&" "Mozilla/5.0 (Windows NT 10.0; WOW64; Trident/7.0; rv:11.0) like Gecko"
213.86.241.133 - - [24/Aug/2017:09:27:24 +0200] "GET /entry.php?id=10776&form=11508&name=list& HTTP/1.1" 200 1894 "http://easydrivers.activities.at/entry.php?id=11683&" "Mozilla/5.0 (Windows NT 10.0; WOW64; Trident/7.0; rv:11.0) like Gecko"
213.163.226.237 - - [24/Aug/2017:09:27:24 +0200] "GET /entry.php?id=10776&form=11497&name=list& HTTP/1.1" 200 1941 "http://easydrivers.activities.at/entry.php?id=11672" "Mozilla/5.0 (Windows NT 10.0; Win64; x64) AppleWebKit/537.36 (KHTML, like Gecko) Chrome/60.0.3112.101 Safari/537.36"
213.163.226.237 - - [24/Aug/2017:09:27:24 +0200] "GET /entry.php?id=10778&form=11497&name=list& HTTP/1.1" 200 3599 "http://easydrivers.activities.at/entry.php?id=11672" "Mozilla/5.0 (Windows NT 10.0; Win64; x64) AppleWebKit/537.36 (KHTML, like Gecko) Chrome/60.0.3112.101 Safari/537.36"
213.163.226.237 - - [24/Aug/2017:09:27:26 +0200] "POST /entry.php?id=11672 HTTP/1.1" 200 2701 "http://easydrivers.activities.at/entry.php?id=11672" "Mozilla/5.0 (Windows NT 10.0; Win64; x64) AppleWebKit/537.36 (KHTML, like Gecko) Chrome/60.0.3112.101 Safari/537.36"
213.163.226.237 - - [24/Aug/2017:09:27:26 +0200] "GET /gui/javascript/form_form.js?1503559646 HTTP/1.1" 200 16206 "http://easydrivers.activities.at/entry.php?id=11672" "Mozilla/5.0 (Windows NT 10.0; Win64; x64) AppleWebKit/537.36 (KHTML, like Gecko) Chrome/60.0.3112.101 Safari/537.36"
213.163.226.237 - - [24/Aug/2017:09:27:26 +0200] "GET /entry.php?id=10776&form=11497&name=list& HTTP/1.1" 200 1941 "http://easydrivers.activities.at/entry.php?id=11672" "Mozilla/5.0 (Windows NT 10.0; Win64; x64) AppleWebKit/537.36 (KHTML, like Gecko) Chrome/60.0.3112.101 Safari/537.36"
213.163.226.237 - - [24/Aug/2017:09:27:26 +0200] "GET /entry.php?id=10778&form=11497&name=list& HTTP/1.1" 200 3595 "http://easydrivers.activities.at/entry.php?id=11672" "Mozilla/5.0 (Windows NT 10.0; Win64; x64) AppleWebKit/537.36 (KHTML, like Gecko) Chrome/60.0.3112.101 Safari/537.36"
213.163.226.237 - - [24/Aug/2017:09:27:31 +0200] "POST /entry.php?id=11672 HTTP/1.1" 200 2701 "http://easydrivers.activities.at/entry.php?id=11672" "Mozilla/5.0 (Windows NT 10.0; Win64; x64) AppleWebKit/537.36 (KHTML, like Gecko) Chrome/60.0.3112.101 Safari/537.36"
213.163.226.237 - - [24/Aug/2017:09:27:31 +0200] "GET /gui/javascript/form_form.js?1503559651 HTTP/1.1" 200 16206 "http://easydrivers.activities.at/entry.php?id=11672" "Mozilla/5.0 (Windows NT 10.0; Win64; x64) AppleWebKit/537.36 (KHTML, like Gecko) Chrome/60.0.3112.101 Safari/537.36"
213.163.226.237 - - [24/Aug/2017:09:27:32 +0200] "GET /entry.php?id=10776&form=11497&name=list& HTTP/1.1" 200 1941 "http://easydrivers.activities.at/entry.php?id=11672" "Mozilla/5.0 (Windows NT 10.0; Win64; x64) AppleWebKit/537.36 (KHTML, like Gecko) Chrome/60.0.3112.101 Safari/537.36"
213.163.226.237 - - [24/Aug/2017:09:27:32 +0200] "GET /entry.php?id=10778&form=11497&name=list& HTTP/1.1" 200 3599 "http://easydrivers.activities.at/entry.php?id=11672" "Mozilla/5.0 (Windows NT 10.0; Win64; x64) AppleWebKit/537.36 (KHTML, like Gecko) Chrome/60.0.3112.101 Safari/537.36"
213.86.241.133 - - [24/Aug/2017:09:27:32 +0200] "GET /entry.php?id=11674 HTTP/1.1" 200 321 "http://easydrivers.activities.at/entry.php?id=11412" "Mozilla/5.0 (Windows NT 10.0; WOW64; Trident/7.0; rv:11.0) like Gecko"
213.86.241.133 - - [24/Aug/2017:09:27:32 +0200] "GET /entry.php?id=11675& HTTP/1.1" 200 2691 "http://easydrivers.activities.at/entry.php?id=11674" "Mozilla/5.0 (Windows NT 10.0; WOW64; Trident/7.0; rv:11.0) like Gecko"
213.86.241.133 - - [24/Aug/2017:09:27:33 +0200] "GET /gui/javascript/form_form.js?1503559652 HTTP/1.1" 200 16206 "http://easydrivers.activities.at/entry.php?id=11675&" "Mozilla/5.0 (Windows NT 10.0; WOW64; Trident/7.0; rv:11.0) like Gecko"
213.86.241.133 - - [24/Aug/2017:09:27:32 +0200] "GET /entry.php?id=11676& HTTP/1.1" 200 4383 "http://easydrivers.activities.at/entry.php?id=11674" "Mozilla/5.0 (Windows NT 10.0; WOW64; Trident/7.0; rv:11.0) like Gecko"
213.86.241.133 - - [24/Aug/2017:09:27:33 +0200] "GET /gui/javascript/form_form.js?1503559653 HTTP/1.1" 200 16206 "http://easydrivers.activities.at/entry.php?id=11676&" "Mozilla/5.0 (Windows NT 10.0; WOW64; Trident/7.0; rv:11.0) like Gecko"
213.86.241.133 - - [24/Aug/2017:09:27:32 +0200] "GET /entry.php?id=10676&&title=Aktionen HTTP/1.1" 200 1388 "http://easydrivers.activities.at/entry.php?id=11674" "Mozilla/5.0 (Windows NT 10.0; WOW64; Trident/7.0; rv:11.0) like Gecko"
213.86.241.133 - - [24/Aug/2017:09:27:33 +0200] "GET /entry.php?id=10778&form=11500&name=list& HTTP/1.1" 200 3135 "http://easydrivers.activities.at/entry.php?id=11675&" "Mozilla/5.0 (Windows NT 10.0; WOW64; Trident/7.0; rv:11.0) like Gecko"
213.86.241.133 - - [24/Aug/2017:09:27:33 +0200] "GET /entry.php?id=10776&form=11500&name=list& HTTP/1.1" 200 2450 "http://easydrivers.activities.at/entry.php?id=11675&" "Mozilla/5.0 (Windows NT 10.0; WOW64; Trident/7.0; rv:11.0) like Gecko"
213.163.226.237 - - [24/Aug/2017:09:27:35 +0200] "POST /entry.php?id=11671 HTTP/1.1" 200 4772 "http://easydrivers.activities.at/entry.php?id=11671&" "Mozilla/5.0 (Windows NT 10.0; Win64; x64) AppleWebKit/537.36 (KHTML, like Gecko) Chrome/60.0.3112.101 Safari/537.36"
213.163.226.237 - - [24/Aug/2017:09:27:36 +0200] "GET /gui/javascript/form_form.js?1503559656 HTTP/1.1" 200 16206 "http://easydrivers.activities.at/entry.php?id=11671" "Mozilla/5.0 (Windows NT 10.0; Win64; x64) AppleWebKit/537.36 (KHTML, like Gecko) Chrome/60.0.3112.101 Safari/537.36"
213.163.226.237 - - [24/Aug/2017:09:27:36 +0200] "GET /entry.php?id=10776&form=11496&name=list& HTTP/1.1" 200 1519 "http://easydrivers.activities.at/entry.php?id=11671" "Mozilla/5.0 (Windows NT 10.0; Win64; x64) AppleWebKit/537.36 (KHTML, like Gecko) Chrome/60.0.3112.101 Safari/537.36"
213.163.226.237 - - [24/Aug/2017:09:27:36 +0200] "GET /entry.php?id=10778&form=11496&name=list& HTTP/1.1" 200 4389 "http://easydrivers.activities.at/entry.php?id=11671" "Mozilla/5.0 (Windows NT 10.0; Win64; x64) AppleWebKit/537.36 (KHTML, like Gecko) Chrome/60.0.3112.101 Safari/537.36"
213.86.241.133 - - [24/Aug/2017:09:27:39 +0200] "GET /entry.php?id=11673 HTTP/1.1" 200 358 "http://easydrivers.activities.at/entry.php?id=11412" "Mozilla/5.0 (Windows NT 10.0; WOW64; Trident/7.0; rv:11.0) like Gecko"
213.86.241.133 - - [24/Aug/2017:09:27:39 +0200] "GET /entry.php?id=11694& HTTP/1.1" 200 2820 "http://easydrivers.activities.at/entry.php?id=11673" "Mozilla/5.0 (Windows NT 10.0; WOW64; Trident/7.0; rv:11.0) like Gecko"
213.86.241.133 - - [24/Aug/2017:09:27:40 +0200] "GET /activities/framework/KoolControls/KoolAjax/koolajax.php?8436e354c842500aba3cbaf0584c0c24 HTTP/1.1" 200 4079 "http://easydrivers.activities.at/entry.php?id=11694&" "Mozilla/5.0 (Windows NT 10.0; WOW64; Trident/7.0; rv:11.0) like Gecko"
213.86.241.133 - - [24/Aug/2017:09:27:40 +0200] "GET /gui/javascript/form_form.js?1503559660 HTTP/1.1" 200 16206 "http://easydrivers.activities.at/entry.php?id=11694&" "Mozilla/5.0 (Windows NT 10.0; WOW64; Trident/7.0; rv:11.0) like Gecko"
213.86.241.133 - - [24/Aug/2017:09:27:39 +0200] "GET /entry.php?id=10676&&title=F\xfchrerscheinkurse HTTP/1.1" 200 1395 "http://easydrivers.activities.at/entry.php?id=11673" "Mozilla/5.0 (Windows NT 10.0; WOW64; Trident/7.0; rv:11.0) like Gecko"
213.86.241.133 - - [24/Aug/2017:09:27:40 +0200] "GET /activities/framework/KoolControls/KoolTreeView/kooltreeview.php?c7cd9180e88ffef8e70f13526bb4f5f7 HTTP/1.1" 200 5055 "http://easydrivers.activities.at/entry.php?id=11694&" "Mozilla/5.0 (Windows NT 10.0; WOW64; Trident/7.0; rv:11.0) like Gecko"
213.86.241.133 - - [24/Aug/2017:09:27:39 +0200] "GET /entry.php?id=11671& HTTP/1.1" 200 4534 "http://easydrivers.activities.at/entry.php?id=11673" "Mozilla/5.0 (Windows NT 10.0; WOW64; Trident/7.0; rv:11.0) like Gecko"
213.86.241.133 - - [24/Aug/2017:09:27:39 +0200] "GET /entry.php?id=11672& HTTP/1.1" 200 2692 "http://easydrivers.activities.at/entry.php?id=11673" "Mozilla/5.0 (Windows NT 10.0; WOW64; Trident/7.0; rv:11.0) like Gecko"
213.86.241.133 - - [24/Aug/2017:09:27:40 +0200] "GET /entry.php?id=10776&form=11496&name=list& HTTP/1.1" 200 1526 "http://easydrivers.activities.at/entry.php?id=11671&" "Mozilla/5.0 (Windows NT 10.0; WOW64; Trident/7.0; rv:11.0) like Gecko"
213.86.241.133 - - [24/Aug/2017:09:27:40 +0200] "GET /entry.php?id=10778&form=11496&name=list& HTTP/1.1" 200 2493 "http://easydrivers.activities.at/entry.php?id=11671&" "Mozilla/5.0 (Windows NT 10.0; WOW64; Trident/7.0; rv:11.0) like Gecko"
213.86.241.133 - - [24/Aug/2017:09:27:41 +0200] "GET /entry.php?id=10776&form=11497&name=list& HTTP/1.1" 200 1941 "http://easydrivers.activities.at/entry.php?id=11672&" "Mozilla/5.0 (Windows NT 10.0; WOW64; Trident/7.0; rv:11.0) like Gecko"
213.86.241.133 - - [24/Aug/2017:09:27:41 +0200] "GET /entry.php?id=10778&form=11497&name=list& HTTP/1.1" 200 4755 "http://easydrivers.activities.at/entry.php?id=11672&" "Mozilla/5.0 (Windows NT 10.0; WOW64; Trident/7.0; rv:11.0) like Gecko"
213.86.241.133 - - [24/Aug/2017:09:27:42 +0200] "GET /entry.php?id=11679 HTTP/1.1" 200 312 "http://easydrivers.activities.at/entry.php?id=11412" "Mozilla/5.0 (Windows NT 10.0; WOW64; Trident/7.0; rv:11.0) like Gecko"
213.86.241.133 - - [24/Aug/2017:09:27:42 +0200] "GET /entry.php?id=10676&title=Portal& HTTP/1.1" 200 1387 "http://easydrivers.activities.at/entry.php?id=11679" "Mozilla/5.0 (Windows NT 10.0; WOW64; Trident/7.0; rv:11.0) like Gecko"
213.86.241.133 - - [24/Aug/2017:09:27:42 +0200] "GET /gui/javascript/form_form.js?1503559662 HTTP/1.1" 200 16206 "http://easydrivers.activities.at/entry.php?id=10676&title=Portal&" "Mozilla/5.0 (Windows NT 10.0; WOW64; Trident/7.0; rv:11.0) like Gecko"
213.86.241.133 - - [24/Aug/2017:09:27:42 +0200] "GET /entry.php?id=11678& HTTP/1.1" 200 3169 "http://easydrivers.activities.at/entry.php?id=11679" "Mozilla/5.0 (Windows NT 10.0; WOW64; Trident/7.0; rv:11.0) like Gecko"
213.86.241.133 - - [24/Aug/2017:09:27:43 +0200] "GET /activities/framework/KoolControls/KoolAjax/koolajax.php?8436e354c842500aba3cbaf0584c0c24 HTTP/1.1" 200 4079 "http://easydrivers.activities.at/entry.php?id=11678&" "Mozilla/5.0 (Windows NT 10.0; WOW64; Trident/7.0; rv:11.0) like Gecko"
213.86.241.133 - - [24/Aug/2017:09:27:43 +0200] "GET /gui/javascript/form_form.js?1503559663 HTTP/1.1" 200 16206 "http://easydrivers.activities.at/entry.php?id=11678&" "Mozilla/5.0 (Windows NT 10.0; WOW64; Trident/7.0; rv:11.0) like Gecko"
213.86.241.133 - - [24/Aug/2017:09:27:43 +0200] "GET /activities/framework/KoolControls/KoolTreeView/kooltreeview.php?c7cd9180e88ffef8e70f13526bb4f5f7 HTTP/1.1" 200 5055 "http://easydrivers.activities.at/entry.php?id=11678&" "Mozilla/5.0 (Windows NT 10.0; WOW64; Trident/7.0; rv:11.0) like Gecko"
213.86.241.133 - - [24/Aug/2017:09:27:42 +0200] "GET /entry.php?id=11677& HTTP/1.1" 200 4374 "http://easydrivers.activities.at/entry.php?id=11679" "Mozilla/5.0 (Windows NT 10.0; WOW64; Trident/7.0; rv:11.0) like Gecko"
213.86.241.133 - - [24/Aug/2017:09:27:43 +0200] "GET /entry.php?id=11618&&object=&item=&emu_class= HTTP/1.1" 200 1699 "http://easydrivers.activities.at/entry.php?id=11677&" "Mozilla/5.0 (Windows NT 10.0; WOW64; Trident/7.0; rv:11.0) like Gecko"
213.86.241.133 - - [24/Aug/2017:09:27:46 +0200] "POST /entry.php?id=11677 HTTP/1.1" 200 4374 "http://easydrivers.activities.at/entry.php?id=11677&" "Mozilla/5.0 (Windows NT 10.0; WOW64; Trident/7.0; rv:11.0) like Gecko"
213.86.241.133 - - [24/Aug/2017:09:27:47 +0200] "GET /gui/javascript/form_form.js?1503559667 HTTP/1.1" 200 16206 "http://easydrivers.activities.at/entry.php?id=11677" "Mozilla/5.0 (Windows NT 10.0; WOW64; Trident/7.0; rv:11.0) like Gecko"
213.86.241.133 - - [24/Aug/2017:09:27:47 +0200] "GET /entry.php?id=11618&&object=&item=&emu_class= HTTP/1.1" 200 1701 "http://easydrivers.activities.at/entry.php?id=11677" "Mozilla/5.0 (Windows NT 10.0; WOW64; Trident/7.0; rv:11.0) like Gecko"
213.86.241.133 - - [24/Aug/2017:09:27:48 +0200] "GET /entry.php?id=10271&&ser=559608 HTTP/1.1" 200 988 "http://easydrivers.activities.at/entry.php?id=10272" "Mozilla/5.0 (Windows NT 10.0; WOW64; Trident/7.0; rv:11.0) like Gecko"
213.86.241.133 - - [24/Aug/2017:09:27:49 +0200] "GET /gui/javascript/form_form.js?1503559668 HTTP/1.1" 200 16206 "http://easydrivers.activities.at/entry.php?id=10271&&ser=559608" "Mozilla/5.0 (Windows NT 10.0; WOW64; Trident/7.0; rv:11.0) like Gecko"
213.163.226.237 - - [24/Aug/2017:09:27:49 +0200] "POST /entry.php?id=11671 HTTP/1.1" 200 4957 "http://easydrivers.activities.at/entry.php?id=11671" "Mozilla/5.0 (Windows NT 10.0; Win64; x64) AppleWebKit/537.36 (KHTML, like Gecko) Chrome/60.0.3112.101 Safari/537.36"
213.163.226.237 - - [24/Aug/2017:09:27:50 +0200] "GET /gui/javascript/form_form.js?1503559670 HTTP/1.1" 200 16206 "http://easydrivers.activities.at/entry.php?id=11671" "Mozilla/5.0 (Windows NT 10.0; Win64; x64) AppleWebKit/537.36 (KHTML, like Gecko) Chrome/60.0.3112.101 Safari/537.36"
213.163.226.237 - - [24/Aug/2017:09:27:50 +0200] "GET /entry.php?id=10776&form=11496&name=list& HTTP/1.1" 200 1519 "http://easydrivers.activities.at/entry.php?id=11671" "Mozilla/5.0 (Windows NT 10.0; Win64; x64) AppleWebKit/537.36 (KHTML, like Gecko) Chrome/60.0.3112.101 Safari/537.36"
213.163.226.237 - - [24/Aug/2017:09:27:50 +0200] "GET /entry.php?id=10778&form=11496&name=list& HTTP/1.1" 200 4389 "http://easydrivers.activities.at/entry.php?id=11671" "Mozilla/5.0 (Windows NT 10.0; Win64; x64) AppleWebKit/537.36 (KHTML, like Gecko) Chrome/60.0.3112.101 Safari/537.36"
213.86.241.133 - - [24/Aug/2017:09:27:51 +0200] "GET /entry.php?id=11673 HTTP/1.1" 200 358 "http://easydrivers.activities.at/entry.php?id=11412" "Mozilla/5.0 (Windows NT 10.0; WOW64; Trident/7.0; rv:11.0) like Gecko"
213.86.241.133 - - [24/Aug/2017:09:27:51 +0200] "GET /entry.php?id=10676&&title=F\xfchrerscheinkurse HTTP/1.1" 200 1396 "http://easydrivers.activities.at/entry.php?id=11673" "Mozilla/5.0 (Windows NT 10.0; WOW64; Trident/7.0; rv:11.0) like Gecko"
213.86.241.133 - - [24/Aug/2017:09:27:52 +0200] "GET /gui/javascript/form_form.js?1503559672 HTTP/1.1" 200 16206 "http://easydrivers.activities.at/entry.php?id=10676&&title=F\xc3\xbchrerscheinkurse" "Mozilla/5.0 (Windows NT 10.0; WOW64; Trident/7.0; rv:11.0) like Gecko"
213.163.226.237 - - [24/Aug/2017:09:27:51 +0200] "POST /entry.php?id=11671 HTTP/1.1" 200 3223 "http://easydrivers.activities.at/entry.php?id=11671" "Mozilla/5.0 (Windows NT 10.0; Win64; x64) AppleWebKit/537.36 (KHTML, like Gecko) Chrome/60.0.3112.101 Safari/537.36"
213.86.241.133 - - [24/Aug/2017:09:27:51 +0200] "GET /entry.php?id=11671& HTTP/1.1" 200 4534 "http://easydrivers.activities.at/entry.php?id=11673" "Mozilla/5.0 (Windows NT 10.0; WOW64; Trident/7.0; rv:11.0) like Gecko"
213.163.226.237 - - [24/Aug/2017:09:27:52 +0200] "GET /gui/javascript/form_form.js?1503559672 HTTP/1.1" 200 16206 "http://easydrivers.activities.at/entry.php?id=11671" "Mozilla/5.0 (Windows NT 10.0; Win64; x64) AppleWebKit/537.36 (KHTML, like Gecko) Chrome/60.0.3112.101 Safari/537.36"
213.86.241.133 - - [24/Aug/2017:09:27:51 +0200] "GET /entry.php?id=11694& HTTP/1.1" 200 2821 "http://easydrivers.activities.at/entry.php?id=11673" "Mozilla/5.0 (Windows NT 10.0; WOW64; Trident/7.0; rv:11.0) like Gecko"
213.86.241.133 - - [24/Aug/2017:09:27:52 +0200] "GET /activities/framework/KoolControls/KoolAjax/koolajax.php?8436e354c842500aba3cbaf0584c0c24 HTTP/1.1" 200 4079 "http://easydrivers.activities.at/entry.php?id=11694&" "Mozilla/5.0 (Windows NT 10.0; WOW64; Trident/7.0; rv:11.0) like Gecko"
213.86.241.133 - - [24/Aug/2017:09:27:52 +0200] "GET /activities/framework/KoolControls/KoolTreeView/kooltreeview.php?c7cd9180e88ffef8e70f13526bb4f5f7 HTTP/1.1" 200 5055 "http://easydrivers.activities.at/entry.php?id=11694&" "Mozilla/5.0 (Windows NT 10.0; WOW64; Trident/7.0; rv:11.0) like Gecko"
213.86.241.133 - - [24/Aug/2017:09:27:51 +0200] "GET /entry.php?id=11672& HTTP/1.1" 200 2692 "http://easydrivers.activities.at/entry.php?id=11673" "Mozilla/5.0 (Windows NT 10.0; WOW64; Trident/7.0; rv:11.0) like Gecko"
213.86.241.133 - - [24/Aug/2017:09:27:52 +0200] "GET /entry.php?id=10778&form=11496&name=list& HTTP/1.1" 200 2493 "http://easydrivers.activities.at/entry.php?id=11671&" "Mozilla/5.0 (Windows NT 10.0; WOW64; Trident/7.0; rv:11.0) like Gecko"
213.86.241.133 - - [24/Aug/2017:09:27:53 +0200] "GET /gui/javascript/form_form.js?1503559673 HTTP/1.1" 200 16206 "http://easydrivers.activities.at/entry.php?id=11672&" "Mozilla/5.0 (Windows NT 10.0; WOW64; Trident/7.0; rv:11.0) like Gecko"
213.86.241.133 - - [24/Aug/2017:09:27:52 +0200] "GET /entry.php?id=10776&form=11496&name=list& HTTP/1.1" 200 1526 "http://easydrivers.activities.at/entry.php?id=11671&" "Mozilla/5.0 (Windows NT 10.0; WOW64; Trident/7.0; rv:11.0) like Gecko"
213.163.226.237 - - [24/Aug/2017:09:27:53 +0200] "GET /framework/webfx/javascript/tinymce/skins/lightgray/content.min.css HTTP/1.1" 404 330 "http://easydrivers.activities.at/entry.php?id=11671" "Mozilla/5.0 (Windows NT 10.0; Win64; x64) AppleWebKit/537.36 (KHTML, like Gecko) Chrome/60.0.3112.101 Safari/537.36"
213.86.241.133 - - [24/Aug/2017:09:27:53 +0200] "GET /entry.php?id=10776&form=11497&name=list& HTTP/1.1" 200 1941 "http://easydrivers.activities.at/entry.php?id=11672&" "Mozilla/5.0 (Windows NT 10.0; WOW64; Trident/7.0; rv:11.0) like Gecko"
213.86.241.133 - - [24/Aug/2017:09:27:53 +0200] "GET /entry.php?id=10778&form=11497&name=list& HTTP/1.1" 200 4755 "http://easydrivers.activities.at/entry.php?id=11672&" "Mozilla/5.0 (Windows NT 10.0; WOW64; Trident/7.0; rv:11.0) like Gecko"
213.163.226.237 - - [24/Aug/2017:09:27:56 +0200] "GET /entry.php?id=10271&&ser=559615 HTTP/1.1" 200 988 "http://easydrivers.activities.at/entry.php?id=10271&" "Mozilla/5.0 (Windows NT 10.0; Win64; x64) AppleWebKit/537.36 (KHTML, like Gecko) Chrome/60.0.3112.101 Safari/537.36"
213.163.226.237 - - [24/Aug/2017:09:27:56 +0200] "GET /gui/javascript/form_form.js?1503559676 HTTP/1.1" 200 16206 "http://easydrivers.activities.at/entry.php?id=10271&&ser=559615" "Mozilla/5.0 (Windows NT 10.0; Win64; x64) AppleWebKit/537.36 (KHTML, like Gecko) Chrome/60.0.3112.101 Safari/537.36"
213.163.226.237 - - [24/Aug/2017:09:27:58 +0200] "POST /entry.php?id=11671 HTTP/1.1" 200 3414 "http://easydrivers.activities.at/entry.php?id=11671" "Mozilla/5.0 (Windows NT 10.0; Win64; x64) AppleWebKit/537.36 (KHTML, like Gecko) Chrome/60.0.3112.101 Safari/537.36"
213.163.226.237 - - [24/Aug/2017:09:27:59 +0200] "GET /gui/javascript/form_form.js?1503559679 HTTP/1.1" 200 16206 "http://easydrivers.activities.at/entry.php?id=11671" "Mozilla/5.0 (Windows NT 10.0; Win64; x64) AppleWebKit/537.36 (KHTML, like Gecko) Chrome/60.0.3112.101 Safari/537.36"
213.163.226.237 - - [24/Aug/2017:09:28:00 +0200] "GET /framework/webfx/javascript/tinymce/skins/lightgray/content.min.css HTTP/1.1" 404 330 "http://easydrivers.activities.at/entry.php?id=11671" "Mozilla/5.0 (Windows NT 10.0; Win64; x64) AppleWebKit/537.36 (KHTML, like Gecko) Chrome/60.0.3112.101 Safari/537.36"
213.86.241.133 - - [24/Aug/2017:09:28:04 +0200] "GET /entry.php?id=11674 HTTP/1.1" 200 321 "http://easydrivers.activities.at/entry.php?id=11412" "Mozilla/5.0 (Windows NT 10.0; WOW64; Trident/7.0; rv:11.0) like Gecko"
213.86.241.133 - - [24/Aug/2017:09:28:04 +0200] "GET /entry.php?id=10676&&title=Aktionen HTTP/1.1" 200 1387 "http://easydrivers.activities.at/entry.php?id=11674" "Mozilla/5.0 (Windows NT 10.0; WOW64; Trident/7.0; rv:11.0) like Gecko"
213.86.241.133 - - [24/Aug/2017:09:28:05 +0200] "GET /gui/javascript/form_form.js?1503559684 HTTP/1.1" 200 16206 "http://easydrivers.activities.at/entry.php?id=10676&&title=Aktionen" "Mozilla/5.0 (Windows NT 10.0; WOW64; Trident/7.0; rv:11.0) like Gecko"
213.86.241.133 - - [24/Aug/2017:09:28:04 +0200] "GET /entry.php?id=11675& HTTP/1.1" 200 2691 "http://easydrivers.activities.at/entry.php?id=11674" "Mozilla/5.0 (Windows NT 10.0; WOW64; Trident/7.0; rv:11.0) like Gecko"
213.86.241.133 - - [24/Aug/2017:09:28:05 +0200] "GET /gui/javascript/form_form.js?1503559685 HTTP/1.1" 200 16206 "http://easydrivers.activities.at/entry.php?id=11675&" "Mozilla/5.0 (Windows NT 10.0; WOW64; Trident/7.0; rv:11.0) like Gecko"
213.86.241.133 - - [24/Aug/2017:09:28:04 +0200] "GET /entry.php?id=11676& HTTP/1.1" 200 4383 "http://easydrivers.activities.at/entry.php?id=11674" "Mozilla/5.0 (Windows NT 10.0; WOW64; Trident/7.0; rv:11.0) like Gecko"
213.86.241.133 - - [24/Aug/2017:09:28:05 +0200] "GET /entry.php?id=10776&form=11500&name=list& HTTP/1.1" 200 2450 "http://easydrivers.activities.at/entry.php?id=11675&" "Mozilla/5.0 (Windows NT 10.0; WOW64; Trident/7.0; rv:11.0) like Gecko"
213.86.241.133 - - [24/Aug/2017:09:28:05 +0200] "GET /entry.php?id=10778&form=11500&name=list& HTTP/1.1" 200 3135 "http://easydrivers.activities.at/entry.php?id=11675&" "Mozilla/5.0 (Windows NT 10.0; WOW64; Trident/7.0; rv:11.0) like Gecko"
213.86.241.133 - - [24/Aug/2017:09:28:06 +0200] "GET /entry.php?id=11673 HTTP/1.1" 200 358 "http://easydrivers.activities.at/entry.php?id=11412" "Mozilla/5.0 (Windows NT 10.0; WOW64; Trident/7.0; rv:11.0) like Gecko"
213.86.241.133 - - [24/Aug/2017:09:28:07 +0200] "GET /entry.php?id=11672& HTTP/1.1" 200 2690 "http://easydrivers.activities.at/entry.php?id=11673" "Mozilla/5.0 (Windows NT 10.0; WOW64; Trident/7.0; rv:11.0) like Gecko"
213.86.241.133 - - [24/Aug/2017:09:28:07 +0200] "GET /gui/javascript/form_form.js?1503559687 HTTP/1.1" 200 16206 "http://easydrivers.activities.at/entry.php?id=11672&" "Mozilla/5.0 (Windows NT 10.0; WOW64; Trident/7.0; rv:11.0) like Gecko"
213.86.241.133 - - [24/Aug/2017:09:28:07 +0200] "GET /entry.php?id=11671& HTTP/1.1" 200 4533 "http://easydrivers.activities.at/entry.php?id=11673" "Mozilla/5.0 (Windows NT 10.0; WOW64; Trident/7.0; rv:11.0) like Gecko"
213.86.241.133 - - [24/Aug/2017:09:28:07 +0200] "GET /entry.php?id=10676&&title=F\xfchrerscheinkurse HTTP/1.1" 200 1394 "http://easydrivers.activities.at/entry.php?id=11673" "Mozilla/5.0 (Windows NT 10.0; WOW64; Trident/7.0; rv:11.0) like Gecko"
213.86.241.133 - - [24/Aug/2017:09:28:07 +0200] "GET /entry.php?id=10776&form=11497&name=list& HTTP/1.1" 200 1941 "http://easydrivers.activities.at/entry.php?id=11672&" "Mozilla/5.0 (Windows NT 10.0; WOW64; Trident/7.0; rv:11.0) like Gecko"
213.86.241.133 - - [24/Aug/2017:09:28:07 +0200] "GET /entry.php?id=10778&form=11497&name=list& HTTP/1.1" 200 4755 "http://easydrivers.activities.at/entry.php?id=11672&" "Mozilla/5.0 (Windows NT 10.0; WOW64; Trident/7.0; rv:11.0) like Gecko"
213.86.241.133 - - [24/Aug/2017:09:28:08 +0200] "GET /entry.php?id=10776&form=11496&name=list& HTTP/1.1" 200 1526 "http://easydrivers.activities.at/entry.php?id=11671&" "Mozilla/5.0 (Windows NT 10.0; WOW64; Trident/7.0; rv:11.0) like Gecko"
