194.166.70.31 - - [30/Aug/2017:15:12:46 +0200] "POST /entry.php?id=11687&ajaxaction=binary HTTP/1.1" 200 2348 "http://easydrivers.activities.at/entry.php?id=11687&uploadmode=list&object=false&mode=list&mime=10015786&listview=list" "Mozilla/5.0 (Windows NT 6.1; WOW64; rv:55.0) Gecko/20100101 Firefox/55.0"
194.166.70.31 - - [30/Aug/2017:15:12:49 +0200] "POST /entry.php?id=11687&ajaxaction=binary HTTP/1.1" 200 2346 "http://easydrivers.activities.at/entry.php?id=11687&uploadmode=list&object=false&mode=list&mime=10015786&listview=list" "Mozilla/5.0 (Windows NT 6.1; WOW64; rv:55.0) Gecko/20100101 Firefox/55.0"
194.166.70.31 - - [30/Aug/2017:15:12:51 +0200] "POST /entry.php?id=11687&ajaxaction=binary HTTP/1.1" 200 2347 "http://easydrivers.activities.at/entry.php?id=11687&uploadmode=list&object=false&mode=list&mime=10015786&listview=list" "Mozilla/5.0 (Windows NT 6.1; WOW64; rv:55.0) Gecko/20100101 Firefox/55.0"
194.166.70.31 - - [30/Aug/2017:15:12:53 +0200] "POST /entry.php?id=11687&ajaxaction=binary HTTP/1.1" 200 327 "http://easydrivers.activities.at/entry.php?id=11687&uploadmode=list&object=false&mode=list&mime=10015786&listview=list" "Mozilla/5.0 (Windows NT 6.1; WOW64; rv:55.0) Gecko/20100101 Firefox/55.0"
194.166.70.31 - - [30/Aug/2017:15:12:58 +0200] "GET /cache/emu/images/easy-drivers-rudi-dornbirn10290746/flatz-beate_11_16_0.jpg HTTP/1.1" 200 773 "http://easydrivers.activities.at/entry.php?id=10778&form=10549&name=list&" "Mozilla/5.0 (Windows NT 6.1; WOW64; rv:55.0) Gecko/20100101 Firefox/55.0"
194.166.70.31 - - [30/Aug/2017:15:12:58 +0200] "POST /entry.php?id=11687&ajaxaction=binary HTTP/1.1" 200 320 "http://easydrivers.activities.at/entry.php?id=11687&uploadmode=list&object=false&mode=list&mime=10015786&listview=list" "Mozilla/5.0 (Windows NT 6.1; WOW64; rv:55.0) Gecko/20100101 Firefox/55.0"
194.166.70.31 - - [30/Aug/2017:15:12:58 +0200] "GET /cache/emu/images/easy-drivers-rudi-dornbirn10290747/h_11_16_0.jpg HTTP/1.1" 200 787 "http://easydrivers.activities.at/entry.php?id=10778&form=10549&name=list&" "Mozilla/5.0 (Windows NT 6.1; WOW64; rv:55.0) Gecko/20100101 Firefox/55.0"
194.166.70.31 - - [30/Aug/2017:15:12:58 +0200] "POST /entry.php?id=11687&ajaxaction=binary HTTP/1.1" 200 320 "http://easydrivers.activities.at/entry.php?id=11687&uploadmode=list&object=false&mode=list&mime=10015786&listview=list" "Mozilla/5.0 (Windows NT 6.1; WOW64; rv:55.0) Gecko/20100101 Firefox/55.0"
194.166.70.31 - - [30/Aug/2017:15:12:59 +0200] "GET /cache/emu/images/easy-drivers-rudi-dornbirn10290748/rosi--rudi_11_16_0.jpg HTTP/1.1" 200 786 "http://easydrivers.activities.at/entry.php?id=10778&form=10549&name=list&" "Mozilla/5.0 (Windows NT 6.1; WOW64; rv:55.0) Gecko/20100101 Firefox/55.0"
194.166.70.31 - - [30/Aug/2017:15:12:59 +0200] "POST /entry.php?id=11687&ajaxaction=binary HTTP/1.1" 200 325 "http://easydrivers.activities.at/entry.php?id=11687&uploadmode=list&object=false&mode=list&mime=10015786&listview=list" "Mozilla/5.0 (Windows NT 6.1; WOW64; rv:55.0) Gecko/20100101 Firefox/55.0"
194.166.70.31 - - [30/Aug/2017:15:12:59 +0200] "GET /cache/emu/images/easy-drivers-rudi-dornbirn10290749/knauer-martina_11_16_0.jpg HTTP/1.1" 200 777 "http://easydrivers.activities.at/entry.php?id=10778&form=10549&name=list&" "Mozilla/5.0 (Windows NT 6.1; WOW64; rv:55.0) Gecko/20100101 Firefox/55.0"
194.166.70.31 - - [30/Aug/2017:15:12:59 +0200] "GET /framework/icons/note_msg_icon.gif HTTP/1.1" 200 1022 "http://easydrivers.activities.at/gui/styles/tmplDefault.css" "Mozilla/5.0 (Windows NT 6.1; WOW64; rv:55.0) Gecko/20100101 Firefox/55.0"
194.166.70.31 - - [30/Aug/2017:15:13:05 +0200] "GET /entry.php?id=10271&&ser=98724 HTTP/1.1" 200 987 "http://easydrivers.activities.at/entry.php?id=10271&&ser=98664" "Mozilla/5.0 (Windows NT 6.1; WOW64; rv:55.0) Gecko/20100101 Firefox/55.0"
194.166.70.31 - - [30/Aug/2017:15:13:05 +0200] "GET /gui/javascript/form_form.js?1504098785 HTTP/1.1" 200 16206 "http://easydrivers.activities.at/entry.php?id=10271&&ser=98724" "Mozilla/5.0 (Windows NT 6.1; WOW64; rv:55.0) Gecko/20100101 Firefox/55.0"
83.65.142.74 - - [30/Aug/2017:15:13:17 +0200] "GET /entry.php?id=10271&&ser=98736 HTTP/1.1" 200 987 "http://easydrivers.activities.at/entry.php?id=10271&&ser=98675" "Mozilla/5.0 (Windows NT 10.0; Trident/7.0; rv:11.0) like Gecko"
83.65.142.74 - - [30/Aug/2017:15:13:17 +0200] "GET /gui/javascript/form_form.js?1504098797 HTTP/1.1" 200 16206 "http://easydrivers.activities.at/entry.php?id=10271&&ser=98736" "Mozilla/5.0 (Windows NT 10.0; Trident/7.0; rv:11.0) like Gecko"
195.245.225.251 - - [30/Aug/2017:15:13:21 +0200] "GET /entry.php?id=10271&&ser=98740 HTTP/1.1" 200 986 "http://ed.activities.at/entry.php?id=10271&&ser=98679" "Mozilla/5.0 (Macintosh; Intel Mac OS X 10_12_6) AppleWebKit/537.36 (KHTML, like Gecko) Chrome/60.0.3112.101 Safari/537.36"
195.245.225.251 - - [30/Aug/2017:15:13:21 +0200] "GET /gui/javascript/form_form.js?1504098801 HTTP/1.1" 200 16206 "http://ed.activities.at/entry.php?id=10271&&ser=98740" "Mozilla/5.0 (Macintosh; Intel Mac OS X 10_12_6) AppleWebKit/537.36 (KHTML, like Gecko) Chrome/60.0.3112.101 Safari/537.36"
194.166.70.31 - - [30/Aug/2017:15:13:23 +0200] "POST /entry.php?id=10704 HTTP/1.1" 200 2989 "http://easydrivers.activities.at/entry.php?id=10704&&but=&object=&class=&tag=&value=&chooserview=PinEditimages&function=&setlist=&t_width=&t_height=&view=PinEditimages" "Mozilla/5.0 (Windows NT 6.1; WOW64; rv:55.0) Gecko/20100101 Firefox/55.0"
194.166.70.31 - - [30/Aug/2017:15:13:24 +0200] "GET /gui/javascript/form_form.js?1504098804 HTTP/1.1" 200 16206 "http://easydrivers.activities.at/entry.php?id=10704" "Mozilla/5.0 (Windows NT 6.1; WOW64; rv:55.0) Gecko/20100101 Firefox/55.0"
194.166.70.31 - - [30/Aug/2017:15:13:24 +0200] "GET /binaries/easy-drivers-rudi-dornbirn/flatz-beate-2.jpg HTTP/1.1" 200 5296318 "http://easydrivers.activities.at/entry.php?id=11684" "Mozilla/5.0 (Windows NT 6.1; WOW64; rv:55.0) Gecko/20100101 Firefox/55.0"
194.166.70.31 - - [30/Aug/2017:15:14:05 +0200] "GET /entry.php?id=10271&&ser=98785 HTTP/1.1" 200 987 "http://easydrivers.activities.at/entry.php?id=10271&&ser=98724" "Mozilla/5.0 (Windows NT 6.1; WOW64; rv:55.0) Gecko/20100101 Firefox/55.0"
194.166.70.31 - - [30/Aug/2017:15:14:06 +0200] "GET /gui/javascript/form_form.js?1504098846 HTTP/1.1" 200 16206 "http://easydrivers.activities.at/entry.php?id=10271&&ser=98785" "Mozilla/5.0 (Windows NT 6.1; WOW64; rv:55.0) Gecko/20100101 Firefox/55.0"
83.65.142.74 - - [30/Aug/2017:15:14:18 +0200] "GET /entry.php?id=10271&&ser=98797 HTTP/1.1" 200 987 "http://easydrivers.activities.at/entry.php?id=10271&&ser=98736" "Mozilla/5.0 (Windows NT 10.0; Trident/7.0; rv:11.0) like Gecko"
83.65.142.74 - - [30/Aug/2017:15:14:19 +0200] "GET /gui/javascript/form_form.js?1504098859 HTTP/1.1" 200 16206 "http://easydrivers.activities.at/entry.php?id=10271&&ser=98797" "Mozilla/5.0 (Windows NT 10.0; Trident/7.0; rv:11.0) like Gecko"
195.245.225.251 - - [30/Aug/2017:15:14:22 +0200] "GET /entry.php?id=10271&&ser=98801 HTTP/1.1" 200 987 "http://ed.activities.at/entry.php?id=10271&&ser=98740" "Mozilla/5.0 (Macintosh; Intel Mac OS X 10_12_6) AppleWebKit/537.36 (KHTML, like Gecko) Chrome/60.0.3112.101 Safari/537.36"
195.245.225.251 - - [30/Aug/2017:15:14:22 +0200] "GET /gui/javascript/form_form.js?1504098862 HTTP/1.1" 200 16206 "http://ed.activities.at/entry.php?id=10271&&ser=98801" "Mozilla/5.0 (Macintosh; Intel Mac OS X 10_12_6) AppleWebKit/537.36 (KHTML, like Gecko) Chrome/60.0.3112.101 Safari/537.36"
194.166.70.31 - - [30/Aug/2017:15:14:46 +0200] "GET /entry.php?id=10711&chooserview=PinEditimages&view=PinEditimages HTTP/1.1" 200 1719 "http://easydrivers.activities.at/entry.php?id=11684" "Mozilla/5.0 (Windows NT 6.1; WOW64; rv:55.0) Gecko/20100101 Firefox/55.0"
194.166.70.31 - - [30/Aug/2017:15:14:46 +0200] "GET /gui/javascript/form_form.js?1504098886 HTTP/1.1" 200 16206 "http://easydrivers.activities.at/entry.php?id=10711&chooserview=PinEditimages&view=PinEditimages" "Mozilla/5.0 (Windows NT 6.1; WOW64; rv:55.0) Gecko/20100101 Firefox/55.0"
194.166.70.31 - - [30/Aug/2017:15:14:47 +0200] "GET /entry.php?id=10676&title=Ressourcenverwaltung HTTP/1.1" 200 1395 "http://easydrivers.activities.at/entry.php?id=10711&chooserview=PinEditimages&view=PinEditimages" "Mozilla/5.0 (Windows NT 6.1; WOW64; rv:55.0) Gecko/20100101 Firefox/55.0"
194.166.70.31 - - [30/Aug/2017:15:14:47 +0200] "GET /gui/javascript/form_form.js?1504098887 HTTP/1.1" 200 16206 "http://easydrivers.activities.at/entry.php?id=10676&title=Ressourcenverwaltung" "Mozilla/5.0 (Windows NT 6.1; WOW64; rv:55.0) Gecko/20100101 Firefox/55.0"
194.166.70.31 - - [30/Aug/2017:15:14:47 +0200] "GET /entry.php?id=10703&&but=&object=&class=&tag=&value=&chooserview=PinEditimages&function=&setlist=&t_width=&t_height=&view=PinEditimages HTTP/1.1" 200 2541 "http://easydrivers.activities.at/entry.php?id=10711&chooserview=PinEditimages&view=PinEditimages" "Mozilla/5.0 (Windows NT 6.1; WOW64; rv:55.0) Gecko/20100101 Firefox/55.0"
194.166.70.31 - - [30/Aug/2017:15:14:47 +0200] "GET /entry.php?id=10704&&but=&object=&class=&tag=&value=&chooserview=PinEditimages&function=&setlist=&t_width=&t_height=&view=PinEditimages HTTP/1.1" 200 2893 "http://easydrivers.activities.at/entry.php?id=10711&chooserview=PinEditimages&view=PinEditimages" "Mozilla/5.0 (Windows NT 6.1; WOW64; rv:55.0) Gecko/20100101 Firefox/55.0"
194.166.70.31 - - [30/Aug/2017:15:14:47 +0200] "GET /entry.php?id=10776&form=10547&name=list& HTTP/1.1" 200 1290 "http://easydrivers.activities.at/entry.php?id=10703&&but=&object=&class=&tag=&value=&chooserview=PinEditimages&function=&setlist=&t_width=&t_height=&view=PinEditimages" "Mozilla/5.0 (Windows NT 6.1; WOW64; rv:55.0) Gecko/20100101 Firefox/55.0"
194.166.70.31 - - [30/Aug/2017:15:14:47 +0200] "GET /entry.php?id=10778&form=10547&name=list& HTTP/1.1" 200 3000 "http://easydrivers.activities.at/entry.php?id=10703&&but=&object=&class=&tag=&value=&chooserview=PinEditimages&function=&setlist=&t_width=&t_height=&view=PinEditimages" "Mozilla/5.0 (Windows NT 6.1; WOW64; rv:55.0) Gecko/20100101 Firefox/55.0"
194.166.70.31 - - [30/Aug/2017:15:14:48 +0200] "GET /entry.php?id=10776&form=10549&name=list& HTTP/1.1" 200 1546 "http://easydrivers.activities.at/entry.php?id=10704&&but=&object=&class=&tag=&value=&chooserview=PinEditimages&function=&setlist=&t_width=&t_height=&view=PinEditimages" "Mozilla/5.0 (Windows NT 6.1; WOW64; rv:55.0) Gecko/20100101 Firefox/55.0"
194.166.70.31 - - [30/Aug/2017:15:14:48 +0200] "GET /entry.php?id=10778&form=10549&name=list& HTTP/1.1" 200 2599 "http://easydrivers.activities.at/entry.php?id=10704&&but=&object=&class=&tag=&value=&chooserview=PinEditimages&function=&setlist=&t_width=&t_height=&view=PinEditimages" "Mozilla/5.0 (Windows NT 6.1; WOW64; rv:55.0) Gecko/20100101 Firefox/55.0"
194.166.70.31 - - [30/Aug/2017:15:14:49 +0200] "GET /entry.php?id=11687&uploadmode=list&object=false&mode=list&mime=10015786&listview=list HTTP/1.1" 200 2348 "http://easydrivers.activities.at/entry.php?id=10711&chooserview=PinEditimages&view=PinEditimages" "Mozilla/5.0 (Windows NT 6.1; WOW64; rv:55.0) Gecko/20100101 Firefox/55.0"
194.166.70.31 - - [30/Aug/2017:15:14:49 +0200] "GET /gui/javascript/form_form.js?1504098889 HTTP/1.1" 200 16206 "http://easydrivers.activities.at/entry.php?id=11687&uploadmode=list&object=false&mode=list&mime=10015786&listview=list" "Mozilla/5.0 (Windows NT 6.1; WOW64; rv:55.0) Gecko/20100101 Firefox/55.0"
83.65.142.74 - - [30/Aug/2017:15:14:53 +0200] "POST /entry.php?id=11677 HTTP/1.1" 200 4414 "http://easydrivers.activities.at/entry.php?id=11677" "Mozilla/5.0 (Windows NT 10.0; Trident/7.0; rv:11.0) like Gecko"
83.65.142.74 - - [30/Aug/2017:15:14:54 +0200] "GET /gui/javascript/form_form.js?1504098894 HTTP/1.1" 200 16206 "http://easydrivers.activities.at/entry.php?id=11677" "Mozilla/5.0 (Windows NT 10.0; Trident/7.0; rv:11.0) like Gecko"
83.65.142.74 - - [30/Aug/2017:15:15:01 +0200] "POST /entry.php?id=11677 HTTP/1.1" 200 3215 "http://easydrivers.activities.at/entry.php?id=11677" "Mozilla/5.0 (Windows NT 10.0; Trident/7.0; rv:11.0) like Gecko"
83.65.142.74 - - [30/Aug/2017:15:15:01 +0200] "GET /gui/javascript/form_form.js?1504098901 HTTP/1.1" 200 16206 "http://easydrivers.activities.at/entry.php?id=11677" "Mozilla/5.0 (Windows NT 10.0; Trident/7.0; rv:11.0) like Gecko"
83.65.142.74 - - [30/Aug/2017:15:15:02 +0200] "GET /entry.php?id=10776&form=11502&name=list& HTTP/1.1" 200 1475 "http://easydrivers.activities.at/entry.php?id=11677" "Mozilla/5.0 (Windows NT 10.0; Trident/7.0; rv:11.0) like Gecko"
83.65.142.74 - - [30/Aug/2017:15:15:02 +0200] "GET /entry.php?id=10778&form=11502&name=list& HTTP/1.1" 200 3842 "http://easydrivers.activities.at/entry.php?id=11677" "Mozilla/5.0 (Windows NT 10.0; Trident/7.0; rv:11.0) like Gecko"
194.166.70.31 - - [30/Aug/2017:15:15:06 +0200] "GET /entry.php?id=10271&&ser=98846 HTTP/1.1" 200 987 "http://easydrivers.activities.at/entry.php?id=10271&&ser=98785" "Mozilla/5.0 (Windows NT 6.1; WOW64; rv:55.0) Gecko/20100101 Firefox/55.0"
194.166.70.31 - - [30/Aug/2017:15:15:06 +0200] "GET /gui/javascript/form_form.js?1504098906 HTTP/1.1" 200 16206 "http://easydrivers.activities.at/entry.php?id=10271&&ser=98846" "Mozilla/5.0 (Windows NT 6.1; WOW64; rv:55.0) Gecko/20100101 Firefox/55.0"
194.166.70.31 - - [30/Aug/2017:15:15:10 +0200] "POST /entry.php?id=11687&ajaxaction=binary HTTP/1.1" 200 2348 "http://easydrivers.activities.at/entry.php?id=11687&uploadmode=list&object=false&mode=list&mime=10015786&listview=list" "Mozilla/5.0 (Windows NT 6.1; WOW64; rv:55.0) Gecko/20100101 Firefox/55.0"
194.166.70.31 - - [30/Aug/2017:15:15:12 +0200] "POST /entry.php?id=11687&ajaxaction=binary HTTP/1.1" 200 2348 "http://easydrivers.activities.at/entry.php?id=11687&uploadmode=list&object=false&mode=list&mime=10015786&listview=list" "Mozilla/5.0 (Windows NT 6.1; WOW64; rv:55.0) Gecko/20100101 Firefox/55.0"
194.166.70.31 - - [30/Aug/2017:15:15:14 +0200] "POST /entry.php?id=11687&ajaxaction=binary HTTP/1.1" 200 2347 "http://easydrivers.activities.at/entry.php?id=11687&uploadmode=list&object=false&mode=list&mime=10015786&listview=list" "Mozilla/5.0 (Windows NT 6.1; WOW64; rv:55.0) Gecko/20100101 Firefox/55.0"
194.166.70.31 - - [30/Aug/2017:15:15:17 +0200] "POST /entry.php?id=11687&ajaxaction=binary HTTP/1.1" 200 2347 "http://easydrivers.activities.at/entry.php?id=11687&uploadmode=list&object=false&mode=list&mime=10015786&listview=list" "Mozilla/5.0 (Windows NT 6.1; WOW64; rv:55.0) Gecko/20100101 Firefox/55.0"
83.65.142.74 - - [30/Aug/2017:15:15:19 +0200] "GET /entry.php?id=10271&&ser=98858 HTTP/1.1" 200 987 "http://easydrivers.activities.at/entry.php?id=10271&&ser=98797" "Mozilla/5.0 (Windows NT 10.0; Trident/7.0; rv:11.0) like Gecko"
83.65.142.74 - - [30/Aug/2017:15:15:20 +0200] "GET /gui/javascript/form_form.js?1504098920 HTTP/1.1" 200 16206 "http://easydrivers.activities.at/entry.php?id=10271&&ser=98858" "Mozilla/5.0 (Windows NT 10.0; Trident/7.0; rv:11.0) like Gecko"
194.166.70.31 - - [30/Aug/2017:15:15:19 +0200] "POST /entry.php?id=11687&ajaxaction=binary HTTP/1.1" 200 2347 "http://easydrivers.activities.at/entry.php?id=11687&uploadmode=list&object=false&mode=list&mime=10015786&listview=list" "Mozilla/5.0 (Windows NT 6.1; WOW64; rv:55.0) Gecko/20100101 Firefox/55.0"
195.245.225.251 - - [30/Aug/2017:15:15:23 +0200] "GET /entry.php?id=10271&&ser=98862 HTTP/1.1" 200 987 "http://ed.activities.at/entry.php?id=10271&&ser=98801" "Mozilla/5.0 (Macintosh; Intel Mac OS X 10_12_6) AppleWebKit/537.36 (KHTML, like Gecko) Chrome/60.0.3112.101 Safari/537.36"
195.245.225.251 - - [30/Aug/2017:15:15:23 +0200] "GET /gui/javascript/form_form.js?1504098923 HTTP/1.1" 200 16206 "http://ed.activities.at/entry.php?id=10271&&ser=98862" "Mozilla/5.0 (Macintosh; Intel Mac OS X 10_12_6) AppleWebKit/537.36 (KHTML, like Gecko) Chrome/60.0.3112.101 Safari/537.36"
194.166.70.31 - - [30/Aug/2017:15:15:21 +0200] "POST /entry.php?id=11687&ajaxaction=binary HTTP/1.1" 200 320 "http://easydrivers.activities.at/entry.php?id=11687&uploadmode=list&object=false&mode=list&mime=10015786&listview=list" "Mozilla/5.0 (Windows NT 6.1; WOW64; rv:55.0) Gecko/20100101 Firefox/55.0"
194.166.70.31 - - [30/Aug/2017:15:15:26 +0200] "GET /cache/emu/images/easy-drivers-rudi-dornbirn10290750/beate-2_11_16_0.jpg HTTP/1.1" 200 774 "http://easydrivers.activities.at/entry.php?id=10778&form=10549&name=list&" "Mozilla/5.0 (Windows NT 6.1; WOW64; rv:55.0) Gecko/20100101 Firefox/55.0"
194.166.70.31 - - [30/Aug/2017:15:15:31 +0200] "POST /entry.php?id=10704 HTTP/1.1" 200 2980 "http://easydrivers.activities.at/entry.php?id=10704&&but=&object=&class=&tag=&value=&chooserview=PinEditimages&function=&setlist=&t_width=&t_height=&view=PinEditimages" "Mozilla/5.0 (Windows NT 6.1; WOW64; rv:55.0) Gecko/20100101 Firefox/55.0"
194.166.70.31 - - [30/Aug/2017:15:15:32 +0200] "GET /gui/javascript/form_form.js?1504098931 HTTP/1.1" 200 16206 "http://easydrivers.activities.at/entry.php?id=10704" "Mozilla/5.0 (Windows NT 6.1; WOW64; rv:55.0) Gecko/20100101 Firefox/55.0"
194.166.70.31 - - [30/Aug/2017:15:15:32 +0200] "GET /binaries/easy-drivers-rudi-dornbirn/beate-2.jpg HTTP/1.1" 200 5393513 "http://easydrivers.activities.at/entry.php?id=11684" "Mozilla/5.0 (Windows NT 6.1; WOW64; rv:55.0) Gecko/20100101 Firefox/55.0"
194.166.70.31 - - [30/Aug/2017:15:16:07 +0200] "GET /entry.php?id=10271&&ser=98906 HTTP/1.1" 200 987 "http://easydrivers.activities.at/entry.php?id=10271&&ser=98846" "Mozilla/5.0 (Windows NT 6.1; WOW64; rv:55.0) Gecko/20100101 Firefox/55.0"
194.166.70.31 - - [30/Aug/2017:15:16:07 +0200] "GET /gui/javascript/form_form.js?1504098967 HTTP/1.1" 200 16206 "http://easydrivers.activities.at/entry.php?id=10271&&ser=98906" "Mozilla/5.0 (Windows NT 6.1; WOW64; rv:55.0) Gecko/20100101 Firefox/55.0"
194.166.70.31 - - [30/Aug/2017:15:16:11 +0200] "GET /entry.php?id=10711&chooserview=PinEditimages&view=PinEditimages HTTP/1.1" 200 1719 "http://easydrivers.activities.at/entry.php?id=11684" "Mozilla/5.0 (Windows NT 6.1; WOW64; rv:55.0) Gecko/20100101 Firefox/55.0"
194.166.70.31 - - [30/Aug/2017:15:16:11 +0200] "GET /gui/javascript/form_form.js?1504098971 HTTP/1.1" 200 16206 "http://easydrivers.activities.at/entry.php?id=10711&chooserview=PinEditimages&view=PinEditimages" "Mozilla/5.0 (Windows NT 6.1; WOW64; rv:55.0) Gecko/20100101 Firefox/55.0"
194.166.70.31 - - [30/Aug/2017:15:16:12 +0200] "GET /entry.php?id=10676&title=Ressourcenverwaltung HTTP/1.1" 200 1395 "http://easydrivers.activities.at/entry.php?id=10711&chooserview=PinEditimages&view=PinEditimages" "Mozilla/5.0 (Windows NT 6.1; WOW64; rv:55.0) Gecko/20100101 Firefox/55.0"
194.166.70.31 - - [30/Aug/2017:15:16:12 +0200] "GET /gui/javascript/form_form.js?1504098972 HTTP/1.1" 200 16206 "http://easydrivers.activities.at/entry.php?id=10676&title=Ressourcenverwaltung" "Mozilla/5.0 (Windows NT 6.1; WOW64; rv:55.0) Gecko/20100101 Firefox/55.0"
194.166.70.31 - - [30/Aug/2017:15:16:12 +0200] "GET /entry.php?id=10703&&but=&object=&class=&tag=&value=&chooserview=PinEditimages&function=&setlist=&t_width=&t_height=&view=PinEditimages HTTP/1.1" 200 2542 "http://easydrivers.activities.at/entry.php?id=10711&chooserview=PinEditimages&view=PinEditimages" "Mozilla/5.0 (Windows NT 6.1; WOW64; rv:55.0) Gecko/20100101 Firefox/55.0"
194.166.70.31 - - [30/Aug/2017:15:16:12 +0200] "GET /entry.php?id=10704&&but=&object=&class=&tag=&value=&chooserview=PinEditimages&function=&setlist=&t_width=&t_height=&view=PinEditimages HTTP/1.1" 200 2891 "http://easydrivers.activities.at/entry.php?id=10711&chooserview=PinEditimages&view=PinEditimages" "Mozilla/5.0 (Windows NT 6.1; WOW64; rv:55.0) Gecko/20100101 Firefox/55.0"
194.166.70.31 - - [30/Aug/2017:15:16:12 +0200] "GET /entry.php?id=10776&form=10547&name=list& HTTP/1.1" 200 1290 "http://easydrivers.activities.at/entry.php?id=10703&&but=&object=&class=&tag=&value=&chooserview=PinEditimages&function=&setlist=&t_width=&t_height=&view=PinEditimages" "Mozilla/5.0 (Windows NT 6.1; WOW64; rv:55.0) Gecko/20100101 Firefox/55.0"
194.166.70.31 - - [30/Aug/2017:15:16:12 +0200] "GET /entry.php?id=10778&form=10547&name=list& HTTP/1.1" 200 3000 "http://easydrivers.activities.at/entry.php?id=10703&&but=&object=&class=&tag=&value=&chooserview=PinEditimages&function=&setlist=&t_width=&t_height=&view=PinEditimages" "Mozilla/5.0 (Windows NT 6.1; WOW64; rv:55.0) Gecko/20100101 Firefox/55.0"
194.166.70.31 - - [30/Aug/2017:15:16:13 +0200] "GET /entry.php?id=10776&form=10549&name=list& HTTP/1.1" 200 1546 "http://easydrivers.activities.at/entry.php?id=10704&&but=&object=&class=&tag=&value=&chooserview=PinEditimages&function=&setlist=&t_width=&t_height=&view=PinEditimages" "Mozilla/5.0 (Windows NT 6.1; WOW64; rv:55.0) Gecko/20100101 Firefox/55.0"
194.166.70.31 - - [30/Aug/2017:15:16:13 +0200] "GET /entry.php?id=10778&form=10549&name=list& HTTP/1.1" 200 2599 "http://easydrivers.activities.at/entry.php?id=10704&&but=&object=&class=&tag=&value=&chooserview=PinEditimages&function=&setlist=&t_width=&t_height=&view=PinEditimages" "Mozilla/5.0 (Windows NT 6.1; WOW64; rv:55.0) Gecko/20100101 Firefox/55.0"
194.166.70.31 - - [30/Aug/2017:15:16:15 +0200] "GET /entry.php?id=11687&uploadmode=list&object=false&mode=list&mime=10015786&listview=list HTTP/1.1" 200 2348 "http://easydrivers.activities.at/entry.php?id=10711&chooserview=PinEditimages&view=PinEditimages" "Mozilla/5.0 (Windows NT 6.1; WOW64; rv:55.0) Gecko/20100101 Firefox/55.0"
194.166.70.31 - - [30/Aug/2017:15:16:15 +0200] "GET /gui/javascript/form_form.js?1504098975 HTTP/1.1" 200 16206 "http://easydrivers.activities.at/entry.php?id=11687&uploadmode=list&object=false&mode=list&mime=10015786&listview=list" "Mozilla/5.0 (Windows NT 6.1; WOW64; rv:55.0) Gecko/20100101 Firefox/55.0"
194.166.70.31 - - [30/Aug/2017:15:16:18 +0200] "POST /entry.php?id=10703 HTTP/1.1" 200 3302 "http://easydrivers.activities.at/entry.php?id=10703&&but=&object=&class=&tag=&value=&chooserview=PinEditimages&function=&setlist=&t_width=&t_height=&view=PinEditimages" "Mozilla/5.0 (Windows NT 6.1; WOW64; rv:55.0) Gecko/20100101 Firefox/55.0"
194.166.70.31 - - [30/Aug/2017:15:16:19 +0200] "GET /gui/javascript/form_form.js?1504098978 HTTP/1.1" 200 16206 "http://easydrivers.activities.at/entry.php?id=10703" "Mozilla/5.0 (Windows NT 6.1; WOW64; rv:55.0) Gecko/20100101 Firefox/55.0"
194.166.70.31 - - [30/Aug/2017:15:16:19 +0200] "GET /activities/framework/KoolControls/KoolAjax/koolajax.php?8436e354c842500aba3cbaf0584c0c24 HTTP/1.1" 200 4079 "http://easydrivers.activities.at/entry.php?id=10703" "Mozilla/5.0 (Windows NT 6.1; WOW64; rv:55.0) Gecko/20100101 Firefox/55.0"
194.166.70.31 - - [30/Aug/2017:15:16:19 +0200] "GET /activities/framework/KoolControls/KoolTreeView/icons/Folder.gif HTTP/1.1" 200 267 "http://easydrivers.activities.at/entry.php?id=10703" "Mozilla/5.0 (Windows NT 6.1; WOW64; rv:55.0) Gecko/20100101 Firefox/55.0"
194.166.70.31 - - [30/Aug/2017:15:16:19 +0200] "GET /activities/framework/KoolControls/KoolTreeView/icons/square_blueS.gif HTTP/1.1" 200 540 "http://easydrivers.activities.at/entry.php?id=10703" "Mozilla/5.0 (Windows NT 6.1; WOW64; rv:55.0) Gecko/20100101 Firefox/55.0"
194.166.70.31 - - [30/Aug/2017:15:16:19 +0200] "GET /activities/framework/KoolControls/KoolTreeView/icons/bullet_star.png HTTP/1.1" 200 331 "http://easydrivers.activities.at/entry.php?id=10703" "Mozilla/5.0 (Windows NT 6.1; WOW64; rv:55.0) Gecko/20100101 Firefox/55.0"
194.166.70.31 - - [30/Aug/2017:15:16:19 +0200] "GET /activities/framework/KoolControls/KoolTreeView/styles/default/default.css HTTP/1.1" 200 1099 "http://easydrivers.activities.at/entry.php?id=10703" "Mozilla/5.0 (Windows NT 6.1; WOW64; rv:55.0) Gecko/20100101 Firefox/55.0"
194.166.70.31 - - [30/Aug/2017:15:16:19 +0200] "GET /activities/framework/KoolControls/KoolTreeView/kooltreeview.php?c7cd9180e88ffef8e70f13526bb4f5f7 HTTP/1.1" 200 5055 "http://easydrivers.activities.at/entry.php?id=10703" "Mozilla/5.0 (Windows NT 6.1; WOW64; rv:55.0) Gecko/20100101 Firefox/55.0"
194.166.70.31 - - [30/Aug/2017:15:16:19 +0200] "GET /activities/framework/KoolControls/KoolTreeView/styles/default/pm.gif HTTP/1.1" 200 214 "http://easydrivers.activities.at/activities/framework/KoolControls/KoolTreeView/styles/default/default.css" "Mozilla/5.0 (Windows NT 6.1; WOW64; rv:55.0) Gecko/20100101 Firefox/55.0"
194.166.70.31 - - [30/Aug/2017:15:16:19 +0200] "GET /activities/framework/KoolControls/KoolTreeView/styles/default/v.gif HTTP/1.1" 200 1940 "http://easydrivers.activities.at/activities/framework/KoolControls/KoolTreeView/styles/default/default.css" "Mozilla/5.0 (Windows NT 6.1; WOW64; rv:55.0) Gecko/20100101 Firefox/55.0"
194.166.70.31 - - [30/Aug/2017:15:16:19 +0200] "GET /activities/framework/KoolControls/KoolTreeView/styles/default/horizon.gif HTTP/1.1" 200 844 "http://easydrivers.activities.at/activities/framework/KoolControls/KoolTreeView/styles/default/default.css" "Mozilla/5.0 (Windows NT 6.1; WOW64; rv:55.0) Gecko/20100101 Firefox/55.0"
194.166.70.31 - - [30/Aug/2017:15:16:19 +0200] "GET /activities/framework/KoolControls/KoolTreeView/styles/default/mid.gif HTTP/1.1" 200 71 "http://easydrivers.activities.at/activities/framework/KoolControls/KoolTreeView/styles/default/default.css" "Mozilla/5.0 (Windows NT 6.1; WOW64; rv:55.0) Gecko/20100101 Firefox/55.0"
194.166.70.31 - - [30/Aug/2017:15:16:19 +0200] "GET /activities/framework/KoolControls/KoolTreeView/styles/default/L.gif HTTP/1.1" 200 67 "http://easydrivers.activities.at/activities/framework/KoolControls/KoolTreeView/styles/default/default.css" "Mozilla/5.0 (Windows NT 6.1; WOW64; rv:55.0) Gecko/20100101 Firefox/55.0"
83.65.142.74 - - [30/Aug/2017:15:16:21 +0200] "GET /entry.php?id=10271&&ser=98920 HTTP/1.1" 200 986 "http://easydrivers.activities.at/entry.php?id=10271&&ser=98858" "Mozilla/5.0 (Windows NT 10.0; Trident/7.0; rv:11.0) like Gecko"
83.65.142.74 - - [30/Aug/2017:15:16:21 +0200] "GET /gui/javascript/form_form.js?1504098981 HTTP/1.1" 200 16206 "http://easydrivers.activities.at/entry.php?id=10271&&ser=98920" "Mozilla/5.0 (Windows NT 10.0; Trident/7.0; rv:11.0) like Gecko"
194.166.70.31 - - [30/Aug/2017:15:16:21 +0200] "POST /entry.php?id=10704 HTTP/1.1" 200 2980 "http://easydrivers.activities.at/entry.php?id=10704&&but=&object=&class=&tag=&value=&chooserview=PinEditimages&function=&setlist=&t_width=&t_height=&view=PinEditimages" "Mozilla/5.0 (Windows NT 6.1; WOW64; rv:55.0) Gecko/20100101 Firefox/55.0"
194.166.70.31 - - [30/Aug/2017:15:16:22 +0200] "GET /gui/javascript/form_form.js?1504098982 HTTP/1.1" 200 16206 "http://easydrivers.activities.at/entry.php?id=10704" "Mozilla/5.0 (Windows NT 6.1; WOW64; rv:55.0) Gecko/20100101 Firefox/55.0"
194.166.70.31 - - [30/Aug/2017:15:16:22 +0200] "GET /entry.php?id=10776&form=10549&name=list& HTTP/1.1" 200 1608 "http://easydrivers.activities.at/entry.php?id=10704" "Mozilla/5.0 (Windows NT 6.1; WOW64; rv:55.0) Gecko/20100101 Firefox/55.0"
194.166.70.31 - - [30/Aug/2017:15:16:22 +0200] "GET /gui/images/icons/view_grid.gif HTTP/1.1" 200 382 "http://easydrivers.activities.at/entry.php?id=10776&form=10549&name=list&" "Mozilla/5.0 (Windows NT 6.1; WOW64; rv:55.0) Gecko/20100101 Firefox/55.0"
194.166.70.31 - - [30/Aug/2017:15:16:22 +0200] "GET /entry.php?id=10778&form=10549&name=list& HTTP/1.1" 200 7643 "http://easydrivers.activities.at/entry.php?id=10704" "Mozilla/5.0 (Windows NT 6.1; WOW64; rv:55.0) Gecko/20100101 Firefox/55.0"
194.166.70.31 - - [30/Aug/2017:15:16:22 +0200] "GET /entry.php?id=10777&form=10549&name=list& HTTP/1.1" 200 1340 "http://easydrivers.activities.at/entry.php?id=10704" "Mozilla/5.0 (Windows NT 6.1; WOW64; rv:55.0) Gecko/20100101 Firefox/55.0"
194.166.70.31 - - [30/Aug/2017:15:16:24 +0200] "GET /gui/images/icons/paging_firstpage_disabled.gif HTTP/1.1" 200 79 "http://easydrivers.activities.at/entry.php?id=10777&form=10549&name=list&" "Mozilla/5.0 (Windows NT 6.1; WOW64; rv:55.0) Gecko/20100101 Firefox/55.0"
194.166.70.31 - - [30/Aug/2017:15:16:24 +0200] "GET /gui/images/icons/paging_preview_disabled.gif HTTP/1.1" 200 75 "http://easydrivers.activities.at/entry.php?id=10777&form=10549&name=list&" "Mozilla/5.0 (Windows NT 6.1; WOW64; rv:55.0) Gecko/20100101 Firefox/55.0"
194.166.70.31 - - [30/Aug/2017:15:16:24 +0200] "GET /gui/images/icons/paging_next.gif HTTP/1.1" 200 74 "http://easydrivers.activities.at/entry.php?id=10777&form=10549&name=list&" "Mozilla/5.0 (Windows NT 6.1; WOW64; rv:55.0) Gecko/20100101 Firefox/55.0"
194.166.70.31 - - [30/Aug/2017:15:16:24 +0200] "GET /gui/images/icons/paging_lastpage.gif HTTP/1.1" 200 78 "http://easydrivers.activities.at/entry.php?id=10777&form=10549&name=list&" "Mozilla/5.0 (Windows NT 6.1; WOW64; rv:55.0) Gecko/20100101 Firefox/55.0"
194.166.70.31 - - [30/Aug/2017:15:16:24 +0200] "GET /cache/emu/images/easy-drivers-rudi-dornbirn10244077/aktionjpg_16_9_0.jpg HTTP/1.1" 200 786 "http://easydrivers.activities.at/entry.php?id=10778&form=10549&name=list&" "Mozilla/5.0 (Windows NT 6.1; WOW64; rv:55.0) Gecko/20100101 Firefox/55.0"
194.166.70.31 - - [30/Aug/2017:15:16:24 +0200] "GET /cache/emu/images/easy-drivers-rudi-dornbirn10244141/appstorelogomobilejpg_16_5_1.jpg HTTP/1.1" 200 740 "http://easydrivers.activities.at/entry.php?id=10778&form=10549&name=list&" "Mozilla/5.0 (Windows NT 6.1; WOW64; rv:55.0) Gecko/20100101 Firefox/55.0"
194.166.70.31 - - [30/Aug/2017:15:16:24 +0200] "GET /cache/emu/images/easy-drivers-rudi-dornbirn10287969/auvalogosponsorlogojpg_16_8_0.jpg HTTP/1.1" 200 769 "http://easydrivers.activities.at/entry.php?id=10778&form=10549&name=list&" "Mozilla/5.0 (Windows NT 6.1; WOW64; rv:55.0) Gecko/20100101 Firefox/55.0"
194.166.70.31 - - [30/Aug/2017:15:16:24 +0200] "GET /cache/emu/images/easy-drivers-rudi-dornbirn10290750/beate-2_11_16_0.jpg HTTP/1.1" 304 - "http://easydrivers.activities.at/entry.php?id=10778&form=10549&name=list&" "Mozilla/5.0 (Windows NT 6.1; WOW64; rv:55.0) Gecko/20100101 Firefox/55.0"
194.166.70.31 - - [30/Aug/2017:15:16:24 +0200] "GET /cache/emu/images/easy-drivers-rudi-dornbirn10267613/berchtold-christiane-1jpg_11_16_0.jpg HTTP/1.1" 200 774 "http://easydrivers.activities.at/entry.php?id=10778&form=10549&name=list&" "Mozilla/5.0 (Windows NT 6.1; WOW64; rv:55.0) Gecko/20100101 Firefox/55.0"
195.245.225.251 - - [30/Aug/2017:15:16:24 +0200] "GET /entry.php?id=10271&&ser=98923 HTTP/1.1" 200 987 "http://ed.activities.at/entry.php?id=10271&&ser=98862" "Mozilla/5.0 (Macintosh; Intel Mac OS X 10_12_6) AppleWebKit/537.36 (KHTML, like Gecko) Chrome/60.0.3112.101 Safari/537.36"
195.245.225.251 - - [30/Aug/2017:15:16:24 +0200] "GET /gui/javascript/form_form.js?1504098984 HTTP/1.1" 200 16206 "http://ed.activities.at/entry.php?id=10271&&ser=98923" "Mozilla/5.0 (Macintosh; Intel Mac OS X 10_12_6) AppleWebKit/537.36 (KHTML, like Gecko) Chrome/60.0.3112.101 Safari/537.36"
194.166.70.31 - - [30/Aug/2017:15:16:24 +0200] "GET /cache/emu/images/easy-drivers-rudi-dornbirn10287770/bildwebedanschnittl830x300px4png_16_6_0.png HTTP/1.1" 200 430 "http://easydrivers.activities.at/entry.php?id=10778&form=10549&name=list&" "Mozilla/5.0 (Windows NT 6.1; WOW64; rv:55.0) Gecko/20100101 Firefox/55.0"
194.166.70.31 - - [30/Aug/2017:15:16:24 +0200] "GET /cache/emu/images/easy-drivers-rudi-dornbirn10267602/berchtold-christiane-1jpg_11_16_0.jpg HTTP/1.1" 200 774 "http://easydrivers.activities.at/entry.php?id=10778&form=10549&name=list&" "Mozilla/5.0 (Windows NT 6.1; WOW64; rv:55.0) Gecko/20100101 Firefox/55.0"
194.166.70.31 - - [30/Aug/2017:15:16:24 +0200] "GET /cache/emu/images/easy-drivers-rudi-dornbirn10287970/bildungintegrjpg_16_8_0.jpg HTTP/1.1" 200 739 "http://easydrivers.activities.at/entry.php?id=10778&form=10549&name=list&" "Mozilla/5.0 (Windows NT 6.1; WOW64; rv:55.0) Gecko/20100101 Firefox/55.0"
194.166.70.31 - - [30/Aug/2017:15:16:24 +0200] "GET /cache/emu/images/easy-drivers-rudi-dornbirn10287809/bildwebedanschnittl830x300px6png_16_6_0.png HTTP/1.1" 200 447 "http://easydrivers.activities.at/entry.php?id=10778&form=10549&name=list&" "Mozilla/5.0 (Windows NT 6.1; WOW64; rv:55.0) Gecko/20100101 Firefox/55.0"
194.166.70.31 - - [30/Aug/2017:15:16:24 +0200] "GET /cache/emu/images/easy-drivers-rudi-dornbirn10287810/bildwebedanschnittl830x300px8png_16_6_0.png HTTP/1.1" 200 425 "http://easydrivers.activities.at/entry.php?id=10778&form=10549&name=list&" "Mozilla/5.0 (Windows NT 6.1; WOW64; rv:55.0) Gecko/20100101 Firefox/55.0"
194.166.70.31 - - [30/Aug/2017:15:16:24 +0200] "GET /cache/emu/images/easy-drivers-rudi-dornbirn10287771/bildwebedanschnittl830x300px5png_16_6_0.png HTTP/1.1" 200 439 "http://easydrivers.activities.at/entry.php?id=10778&form=10549&name=list&" "Mozilla/5.0 (Windows NT 6.1; WOW64; rv:55.0) Gecko/20100101 Firefox/55.0"
194.166.70.31 - - [30/Aug/2017:15:16:24 +0200] "GET /cache/emu/images/easy-drivers-rudi-dornbirn10287772/bildwebedanschnittr830x300px3png_16_6_0.png HTTP/1.1" 200 434 "http://easydrivers.activities.at/entry.php?id=10778&form=10549&name=list&" "Mozilla/5.0 (Windows NT 6.1; WOW64; rv:55.0) Gecko/20100101 Firefox/55.0"
194.166.70.31 - - [30/Aug/2017:15:16:24 +0200] "GET /cache/emu/images/easy-drivers-rudi-dornbirn10287773/bildwebedanschnittr830x300px4png_16_6_0.png HTTP/1.1" 200 433 "http://easydrivers.activities.at/entry.php?id=10778&form=10549&name=list&" "Mozilla/5.0 (Windows NT 6.1; WOW64; rv:55.0) Gecko/20100101 Firefox/55.0"
194.166.70.31 - - [30/Aug/2017:15:16:24 +0200] "GET /cache/emu/images/easy-drivers-rudi-dornbirn10267083/collage1jpg_16_8_0.jpg HTTP/1.1" 200 752 "http://easydrivers.activities.at/entry.php?id=10778&form=10549&name=list&" "Mozilla/5.0 (Windows NT 6.1; WOW64; rv:55.0) Gecko/20100101 Firefox/55.0"
194.166.70.31 - - [30/Aug/2017:15:16:24 +0200] "GET /cache/emu/images/easy-drivers-rudi-dornbirn10267082/collagejpg_16_6_0.jpg HTTP/1.1" 200 750 "http://easydrivers.activities.at/entry.php?id=10778&form=10549&name=list&" "Mozilla/5.0 (Windows NT 6.1; WOW64; rv:55.0) Gecko/20100101 Firefox/55.0"
194.166.70.31 - - [30/Aug/2017:15:16:24 +0200] "GET /cache/emu/images/easy-drivers-rudi-dornbirn10267603/conti-rudijpg_11_16_0.jpg HTTP/1.1" 200 781 "http://easydrivers.activities.at/entry.php?id=10778&form=10549&name=list&" "Mozilla/5.0 (Windows NT 6.1; WOW64; rv:55.0) Gecko/20100101 Firefox/55.0"
194.166.70.31 - - [30/Aug/2017:15:16:24 +0200] "GET /cache/emu/images/easy-drivers-rudi-dornbirn10267073/dachtafel_16_16_0.jpg HTTP/1.1" 200 799 "http://easydrivers.activities.at/entry.php?id=10778&form=10549&name=list&" "Mozilla/5.0 (Windows NT 6.1; WOW64; rv:55.0) Gecko/20100101 Firefox/55.0"
194.166.70.31 - - [30/Aug/2017:15:16:24 +0200] "GET /cache/emu/images/easy-drivers-rudi-dornbirn10267081/dachtafeln-kleinjpg_14_16_0.jpg HTTP/1.1" 200 795 "http://easydrivers.activities.at/entry.php?id=10778&form=10549&name=list&" "Mozilla/5.0 (Windows NT 6.1; WOW64; rv:55.0) Gecko/20100101 Firefox/55.0"
194.166.70.31 - - [30/Aug/2017:15:16:24 +0200] "GET /cache/emu/images/easy-drivers-rudi-dornbirn10267075/dachtafeln-kleinjpg_16_16_0.jpg HTTP/1.1" 200 799 "http://easydrivers.activities.at/entry.php?id=10778&form=10549&name=list&" "Mozilla/5.0 (Windows NT 6.1; WOW64; rv:55.0) Gecko/20100101 Firefox/55.0"
194.166.70.31 - - [30/Aug/2017:15:16:24 +0200] "GET /cache/emu/images/easy-drivers-rudi-dornbirn10244086/ed-audicabriojpg_16_11_0.jpg HTTP/1.1" 200 790 "http://easydrivers.activities.at/entry.php?id=10778&form=10549&name=list&" "Mozilla/5.0 (Windows NT 6.1; WOW64; rv:55.0) Gecko/20100101 Firefox/55.0"
194.166.70.31 - - [30/Aug/2017:15:16:24 +0200] "GET /cache/emu/images/easy-drivers-rudi-dornbirn10287971/dare2b-logo-blackjpg_16_5_0.jpg HTTP/1.1" 200 738 "http://easydrivers.activities.at/entry.php?id=10778&form=10549&name=list&" "Mozilla/5.0 (Windows NT 6.1; WOW64; rv:55.0) Gecko/20100101 Firefox/55.0"
194.166.70.31 - - [30/Aug/2017:15:16:24 +0200] "GET /cache/emu/images/easy-drivers-rudi-dornbirn10244088/ed-autoaudijpg_16_11_0.jpg HTTP/1.1" 200 795 "http://easydrivers.activities.at/entry.php?id=10778&form=10549&name=list&" "Mozilla/5.0 (Windows NT 6.1; WOW64; rv:55.0) Gecko/20100101 Firefox/55.0"
194.166.70.31 - - [30/Aug/2017:15:16:24 +0200] "GET /cache/emu/images/easy-drivers-rudi-dornbirn10244089/ed-autocabriodetailjpg_16_12_0.jpg HTTP/1.1" 200 790 "http://easydrivers.activities.at/entry.php?id=10778&form=10549&name=list&" "Mozilla/5.0 (Windows NT 6.1; WOW64; rv:55.0) Gecko/20100101 Firefox/55.0"
194.166.70.31 - - [30/Aug/2017:15:16:24 +0200] "GET /cache/emu/images/easy-drivers-rudi-dornbirn10244090/ed-autodetailjpg_16_11_0.jpg HTTP/1.1" 200 789 "http://easydrivers.activities.at/entry.php?id=10778&form=10549&name=list&" "Mozilla/5.0 (Windows NT 6.1; WOW64; rv:55.0) Gecko/20100101 Firefox/55.0"
194.166.70.31 - - [30/Aug/2017:15:16:24 +0200] "GET /cache/emu/images/easy-drivers-rudi-dornbirn10244091/ed-autojeepjpg_16_11_0.jpg HTTP/1.1" 200 795 "http://easydrivers.activities.at/entry.php?id=10778&form=10549&name=list&" "Mozilla/5.0 (Windows NT 6.1; WOW64; rv:55.0) Gecko/20100101 Firefox/55.0"
194.166.70.31 - - [30/Aug/2017:15:16:24 +0200] "GET /cache/emu/images/easy-drivers-rudi-dornbirn10244092/ed-automercedesjpg_16_11_0.jpg HTTP/1.1" 200 791 "http://easydrivers.activities.at/entry.php?id=10778&form=10549&name=list&" "Mozilla/5.0 (Windows NT 6.1; WOW64; rv:55.0) Gecko/20100101 Firefox/55.0"
194.166.70.31 - - [30/Aug/2017:15:16:24 +0200] "GET /cache/emu/images/easy-drivers-rudi-dornbirn10244087/ed-auto-vwjpg_16_11_0.jpg HTTP/1.1" 200 796 "http://easydrivers.activities.at/entry.php?id=10778&form=10549&name=list&" "Mozilla/5.0 (Windows NT 6.1; WOW64; rv:55.0) Gecko/20100101 Firefox/55.0"
194.166.70.31 - - [30/Aug/2017:15:16:24 +0200] "GET /cache/emu/images/easy-drivers-rudi-dornbirn10244093/ed-flottejpg_16_9_0.jpg HTTP/1.1" 200 754 "http://easydrivers.activities.at/entry.php?id=10778&form=10549&name=list&" "Mozilla/5.0 (Windows NT 6.1; WOW64; rv:55.0) Gecko/20100101 Firefox/55.0"
194.166.70.31 - - [30/Aug/2017:15:16:25 +0200] "GET /cache/emu/images/easy-drivers-rudi-dornbirn10244094/ed-logodetailjpg_16_11_0.jpg HTTP/1.1" 200 796 "http://easydrivers.activities.at/entry.php?id=10778&form=10549&name=list&" "Mozilla/5.0 (Windows NT 6.1; WOW64; rv:55.0) Gecko/20100101 Firefox/55.0"
194.166.70.31 - - [30/Aug/2017:15:16:25 +0200] "GET /cache/emu/images/easy-drivers-rudi-dornbirn10244078/edlogoljpg_16_9_0.jpg HTTP/1.1" 200 776 "http://easydrivers.activities.at/entry.php?id=10778&form=10549&name=list&" "Mozilla/5.0 (Windows NT 6.1; WOW64; rv:55.0) Gecko/20100101 Firefox/55.0"
194.166.70.31 - - [30/Aug/2017:15:16:25 +0200] "GET /cache/emu/images/easy-drivers-rudi-dornbirn10287972/edlogogpprofilbildpng_16_16_0.png HTTP/1.1" 200 239 "http://easydrivers.activities.at/entry.php?id=10778&form=10549&name=list&" "Mozilla/5.0 (Windows NT 6.1; WOW64; rv:55.0) Gecko/20100101 Firefox/55.0"
194.166.70.31 - - [30/Aug/2017:15:16:25 +0200] "GET /cache/emu/images/easy-drivers-rudi-dornbirn10290746/flatz-beate_11_16_0.jpg HTTP/1.1" 304 - "http://easydrivers.activities.at/entry.php?id=10778&form=10549&name=list&" "Mozilla/5.0 (Windows NT 6.1; WOW64; rv:55.0) Gecko/20100101 Firefox/55.0"
194.166.70.31 - - [30/Aug/2017:15:16:25 +0200] "GET /cache/emu/images/easy-drivers-rudi-dornbirn10267614/flatz-beate-1jpg_11_16_0.jpg HTTP/1.1" 200 778 "http://easydrivers.activities.at/entry.php?id=10778&form=10549&name=list&" "Mozilla/5.0 (Windows NT 6.1; WOW64; rv:55.0) Gecko/20100101 Firefox/55.0"
194.166.70.31 - - [30/Aug/2017:15:16:25 +0200] "GET /cache/emu/images/easy-drivers-rudi-dornbirn10267604/flatz-beate-1jpg_11_16_0.jpg HTTP/1.1" 200 778 "http://easydrivers.activities.at/entry.php?id=10778&form=10549&name=list&" "Mozilla/5.0 (Windows NT 6.1; WOW64; rv:55.0) Gecko/20100101 Firefox/55.0"
194.166.70.31 - - [30/Aug/2017:15:16:25 +0200] "GET /cache/emu/images/easy-drivers-rudi-dornbirn10267605/folie-linojpg_11_16_0.jpg HTTP/1.1" 200 796 "http://easydrivers.activities.at/entry.php?id=10778&form=10549&name=list&" "Mozilla/5.0 (Windows NT 6.1; WOW64; rv:55.0) Gecko/20100101 Firefox/55.0"
194.166.70.31 - - [30/Aug/2017:15:16:25 +0200] "GET /cache/emu/images/easy-drivers-rudi-dornbirn10244079/fuehrerscheinajpg_16_9_0.jpg HTTP/1.1" 200 778 "http://easydrivers.activities.at/entry.php?id=10778&form=10549&name=list&" "Mozilla/5.0 (Windows NT 6.1; WOW64; rv:55.0) Gecko/20100101 Firefox/55.0"
194.166.70.31 - - [30/Aug/2017:15:16:25 +0200] "GET /cache/emu/images/easy-drivers-rudi-dornbirn10244080/fuehrerscheinbjpg_16_9_0.jpg HTTP/1.1" 200 789 "http://easydrivers.activities.at/entry.php?id=10778&form=10549&name=list&" "Mozilla/5.0 (Windows NT 6.1; WOW64; rv:55.0) Gecko/20100101 Firefox/55.0"
194.166.70.31 - - [30/Aug/2017:15:16:25 +0200] "GET /cache/emu/images/easy-drivers-rudi-dornbirn10286253/foto-weihnachtspunsch_16_9_0.jpg HTTP/1.1" 200 765 "http://easydrivers.activities.at/entry.php?id=10778&form=10549&name=list&" "Mozilla/5.0 (Windows NT 6.1; WOW64; rv:55.0) Gecko/20100101 Firefox/55.0"
194.166.70.31 - - [30/Aug/2017:15:16:25 +0200] "GET /cache/emu/images/easy-drivers-rudi-dornbirn10268271/g_11_16_0.jpg HTTP/1.1" 200 786 "http://easydrivers.activities.at/entry.php?id=10778&form=10549&name=list&" "Mozilla/5.0 (Windows NT 6.1; WOW64; rv:55.0) Gecko/20100101 Firefox/55.0"
194.166.70.31 - - [30/Aug/2017:15:16:25 +0200] "GET /cache/emu/images/easy-drivers-rudi-dornbirn10268275/g_11_16_0.jpg HTTP/1.1" 200 786 "http://easydrivers.activities.at/entry.php?id=10778&form=10549&name=list&" "Mozilla/5.0 (Windows NT 6.1; WOW64; rv:55.0) Gecko/20100101 Firefox/55.0"
194.166.70.31 - - [30/Aug/2017:15:16:25 +0200] "GET /cache/emu/images/easy-drivers-rudi-dornbirn10279059/gohm-helga-1jpg_11_16_0.jpg HTTP/1.1" 200 782 "http://easydrivers.activities.at/entry.php?id=10778&form=10549&name=list&" "Mozilla/5.0 (Windows NT 6.1; WOW64; rv:55.0) Gecko/20100101 Firefox/55.0"
194.166.70.31 - - [30/Aug/2017:15:16:25 +0200] "GET /cache/emu/images/easy-drivers-rudi-dornbirn10267064/golf_16_11_0.jpg HTTP/1.1" 200 783 "http://easydrivers.activities.at/entry.php?id=10778&form=10549&name=list&" "Mozilla/5.0 (Windows NT 6.1; WOW64; rv:55.0) Gecko/20100101 Firefox/55.0"
194.166.70.31 - - [30/Aug/2017:15:16:25 +0200] "GET /cache/emu/images/easy-drivers-rudi-dornbirn10267065/golf_16_11_0.jpg HTTP/1.1" 200 776 "http://easydrivers.activities.at/entry.php?id=10778&form=10549&name=list&" "Mozilla/5.0 (Windows NT 6.1; WOW64; rv:55.0) Gecko/20100101 Firefox/55.0"
194.166.70.31 - - [30/Aug/2017:15:16:25 +0200] "GET /cache/emu/images/easy-drivers-rudi-dornbirn10244142/googleplaylogomobilejpg_16_5_1.jpg HTTP/1.1" 200 739 "http://easydrivers.activities.at/entry.php?id=10778&form=10549&name=list&" "Mozilla/5.0 (Windows NT 6.1; WOW64; rv:55.0) Gecko/20100101 Firefox/55.0"
194.166.70.31 - - [30/Aug/2017:15:16:25 +0200] "GET /cache/emu/images/easy-drivers-rudi-dornbirn10267606/grabherr-reinhardjpg_11_16_0.jpg HTTP/1.1" 200 787 "http://easydrivers.activities.at/entry.php?id=10778&form=10549&name=list&" "Mozilla/5.0 (Windows NT 6.1; WOW64; rv:55.0) Gecko/20100101 Firefox/55.0"
194.166.70.31 - - [30/Aug/2017:15:16:25 +0200] "GET /cache/emu/images/easy-drivers-rudi-dornbirn10287973/grosseschuetzenkleinejpg_16_8_0.jpg HTTP/1.1" 200 776 "http://easydrivers.activities.at/entry.php?id=10778&form=10549&name=list&" "Mozilla/5.0 (Windows NT 6.1; WOW64; rv:55.0) Gecko/20100101 Firefox/55.0"
194.166.70.31 - - [30/Aug/2017:15:16:25 +0200] "GET /cache/emu/images/easy-drivers-rudi-dornbirn10267607/hagen-edijpg_11_16_0.jpg HTTP/1.1" 200 791 "http://easydrivers.activities.at/entry.php?id=10778&form=10549&name=list&" "Mozilla/5.0 (Windows NT 6.1; WOW64; rv:55.0) Gecko/20100101 Firefox/55.0"
194.166.70.31 - - [30/Aug/2017:15:16:25 +0200] "GET /cache/emu/images/easy-drivers-rudi-dornbirn10290747/h_11_16_0.jpg HTTP/1.1" 200 787 "http://easydrivers.activities.at/entry.php?id=10778&form=10549&name=list&" "Mozilla/5.0 (Windows NT 6.1; WOW64; rv:55.0) Gecko/20100101 Firefox/55.0"
194.166.70.31 - - [30/Aug/2017:15:16:25 +0200] "GET /cache/emu/images/easy-drivers-rudi-dornbirn10244081/herbstkursejpg_16_9_0.jpg HTTP/1.1" 200 765 "http://easydrivers.activities.at/entry.php?id=10778&form=10549&name=list&" "Mozilla/5.0 (Windows NT 6.1; WOW64; rv:55.0) Gecko/20100101 Firefox/55.0"
194.166.70.31 - - [30/Aug/2017:15:16:26 +0200] "GET /cache/emu/images/easy-drivers-rudi-dornbirn10267924/holzer-sonja-1-427x640jpg_11_16_0.jpg HTTP/1.1" 200 786 "http://easydrivers.activities.at/entry.php?id=10778&form=10549&name=list&" "Mozilla/5.0 (Windows NT 6.1; WOW64; rv:55.0) Gecko/20100101 Firefox/55.0"
194.166.70.31 - - [30/Aug/2017:15:16:31 +0200] "POST /entry.php?id=10704 HTTP/1.1" 200 3082 "http://easydrivers.activities.at/entry.php?id=10704" "Mozilla/5.0 (Windows NT 6.1; WOW64; rv:55.0) Gecko/20100101 Firefox/55.0"
194.166.70.31 - - [30/Aug/2017:15:16:32 +0200] "GET /gui/javascript/form_form.js?1504098991 HTTP/1.1" 200 16206 "http://easydrivers.activities.at/entry.php?id=10704" "Mozilla/5.0 (Windows NT 6.1; WOW64; rv:55.0) Gecko/20100101 Firefox/55.0"
194.166.70.31 - - [30/Aug/2017:15:16:32 +0200] "GET /binaries/easy-drivers-rudi-dornbirn/h-2.jpg HTTP/1.1" 200 39757 "http://easydrivers.activities.at/entry.php?id=11684" "Mozilla/5.0 (Windows NT 6.1; WOW64; rv:55.0) Gecko/20100101 Firefox/55.0"
194.166.70.31 - - [30/Aug/2017:15:17:07 +0200] "GET /entry.php?id=10271&&ser=98967 HTTP/1.1" 200 986 "http://easydrivers.activities.at/entry.php?id=10271&&ser=98906" "Mozilla/5.0 (Windows NT 6.1; WOW64; rv:55.0) Gecko/20100101 Firefox/55.0"
194.166.70.31 - - [30/Aug/2017:15:17:08 +0200] "GET /gui/javascript/form_form.js?1504099027 HTTP/1.1" 200 16206 "http://easydrivers.activities.at/entry.php?id=10271&&ser=98967" "Mozilla/5.0 (Windows NT 6.1; WOW64; rv:55.0) Gecko/20100101 Firefox/55.0"
83.65.142.74 - - [30/Aug/2017:15:17:22 +0200] "GET /entry.php?id=10271&&ser=98981 HTTP/1.1" 200 987 "http://easydrivers.activities.at/entry.php?id=10271&&ser=98920" "Mozilla/5.0 (Windows NT 10.0; Trident/7.0; rv:11.0) like Gecko"
83.65.142.74 - - [30/Aug/2017:15:17:22 +0200] "GET /gui/javascript/form_form.js?1504099042 HTTP/1.1" 200 16206 "http://easydrivers.activities.at/entry.php?id=10271&&ser=98981" "Mozilla/5.0 (Windows NT 10.0; Trident/7.0; rv:11.0) like Gecko"
195.245.225.251 - - [30/Aug/2017:15:17:25 +0200] "GET /entry.php?id=10271&&ser=98984 HTTP/1.1" 200 987 "http://ed.activities.at/entry.php?id=10271&&ser=98923" "Mozilla/5.0 (Macintosh; Intel Mac OS X 10_12_6) AppleWebKit/537.36 (KHTML, like Gecko) Chrome/60.0.3112.101 Safari/537.36"
195.245.225.251 - - [30/Aug/2017:15:17:25 +0200] "GET /gui/javascript/form_form.js?1504099045 HTTP/1.1" 200 16206 "http://ed.activities.at/entry.php?id=10271&&ser=98984" "Mozilla/5.0 (Macintosh; Intel Mac OS X 10_12_6) AppleWebKit/537.36 (KHTML, like Gecko) Chrome/60.0.3112.101 Safari/537.36"
194.166.70.31 - - [30/Aug/2017:15:18:08 +0200] "GET /entry.php?id=10271&&ser=99027 HTTP/1.1" 200 987 "http://easydrivers.activities.at/entry.php?id=10271&&ser=98967" "Mozilla/5.0 (Windows NT 6.1; WOW64; rv:55.0) Gecko/20100101 Firefox/55.0"
194.166.70.31 - - [30/Aug/2017:15:18:08 +0200] "GET /gui/javascript/form_form.js?1504099088 HTTP/1.1" 200 16206 "http://easydrivers.activities.at/entry.php?id=10271&&ser=99027" "Mozilla/5.0 (Windows NT 6.1; WOW64; rv:55.0) Gecko/20100101 Firefox/55.0"
83.65.142.74 - - [30/Aug/2017:15:18:23 +0200] "GET /entry.php?id=10271&&ser=99042 HTTP/1.1" 200 987 "http://easydrivers.activities.at/entry.php?id=10271&&ser=98981" "Mozilla/5.0 (Windows NT 10.0; Trident/7.0; rv:11.0) like Gecko"
83.65.142.74 - - [30/Aug/2017:15:18:23 +0200] "GET /gui/javascript/form_form.js?1504099103 HTTP/1.1" 200 16206 "http://easydrivers.activities.at/entry.php?id=10271&&ser=99042" "Mozilla/5.0 (Windows NT 10.0; Trident/7.0; rv:11.0) like Gecko"
195.245.225.251 - - [30/Aug/2017:15:18:26 +0200] "GET /entry.php?id=10271&&ser=99045 HTTP/1.1" 200 986 "http://ed.activities.at/entry.php?id=10271&&ser=98984" "Mozilla/5.0 (Macintosh; Intel Mac OS X 10_12_6) AppleWebKit/537.36 (KHTML, like Gecko) Chrome/60.0.3112.101 Safari/537.36"
195.245.225.251 - - [30/Aug/2017:15:18:26 +0200] "GET /gui/javascript/form_form.js?1504099106 HTTP/1.1" 200 16206 "http://ed.activities.at/entry.php?id=10271&&ser=99045" "Mozilla/5.0 (Macintosh; Intel Mac OS X 10_12_6) AppleWebKit/537.36 (KHTML, like Gecko) Chrome/60.0.3112.101 Safari/537.36"
83.65.142.74 - - [30/Aug/2017:15:18:28 +0200] "POST /entry.php?id=11677 HTTP/1.1" 200 4413 "http://easydrivers.activities.at/entry.php?id=11677" "Mozilla/5.0 (Windows NT 10.0; Trident/7.0; rv:11.0) like Gecko"
83.65.142.74 - - [30/Aug/2017:15:18:28 +0200] "GET /gui/javascript/form_form.js?1504099108 HTTP/1.1" 200 16206 "http://easydrivers.activities.at/entry.php?id=11677" "Mozilla/5.0 (Windows NT 10.0; Trident/7.0; rv:11.0) like Gecko"
194.166.70.31 - - [30/Aug/2017:15:18:32 +0200] "GET /entry.php?id=10711&chooserview=PinEditimages&view=PinEditimages HTTP/1.1" 200 1720 "http://easydrivers.activities.at/entry.php?id=11684" "Mozilla/5.0 (Windows NT 6.1; WOW64; rv:55.0) Gecko/20100101 Firefox/55.0"
194.166.70.31 - - [30/Aug/2017:15:18:32 +0200] "GET /gui/javascript/form_form.js?1504099112 HTTP/1.1" 200 16206 "http://easydrivers.activities.at/entry.php?id=10711&chooserview=PinEditimages&view=PinEditimages" "Mozilla/5.0 (Windows NT 6.1; WOW64; rv:55.0) Gecko/20100101 Firefox/55.0"
194.166.70.31 - - [30/Aug/2017:15:18:32 +0200] "GET /entry.php?id=10676&title=Ressourcenverwaltung HTTP/1.1" 200 1395 "http://easydrivers.activities.at/entry.php?id=10711&chooserview=PinEditimages&view=PinEditimages" "Mozilla/5.0 (Windows NT 6.1; WOW64; rv:55.0) Gecko/20100101 Firefox/55.0"
194.166.70.31 - - [30/Aug/2017:15:18:32 +0200] "GET /entry.php?id=10703&&but=&object=&class=&tag=&value=&chooserview=PinEditimages&function=&setlist=&t_width=&t_height=&view=PinEditimages HTTP/1.1" 200 2541 "http://easydrivers.activities.at/entry.php?id=10711&chooserview=PinEditimages&view=PinEditimages" "Mozilla/5.0 (Windows NT 6.1; WOW64; rv:55.0) Gecko/20100101 Firefox/55.0"
