195.245.225.251 - - [30/Aug/2017:17:41:32 +0200] "GET /gui/javascript/form_form.js?1504107692 HTTP/1.1" 200 16206 "http://ed.activities.at/entry.php?id=10271&&ser=107631" "Mozilla/5.0 (Macintosh; Intel Mac OS X 10_12_6) AppleWebKit/537.36 (KHTML, like Gecko) Chrome/60.0.3112.101 Safari/537.36"
93.83.181.50 - - [30/Aug/2017:17:42:11 +0200] "GET /entry.php?id=10271&&ser=107670 HTTP/1.1" 200 986 "http://ed.activities.at/entry.php?id=10271&&ser=107609" "Mozilla/5.0 (Windows NT 10.0; Win64; x64) AppleWebKit/537.36 (KHTML, like Gecko) Chrome/52.0.2743.116 Safari/537.36 Edge/15.15063"
93.83.181.50 - - [30/Aug/2017:17:42:12 +0200] "GET /gui/javascript/form_form.js?1504107731 HTTP/1.1" 200 16206 "http://ed.activities.at/entry.php?id=10271&&ser=107670" "Mozilla/5.0 (Windows NT 10.0; Win64; x64) AppleWebKit/537.36 (KHTML, like Gecko) Chrome/52.0.2743.116 Safari/537.36 Edge/15.15063"
195.245.225.251 - - [30/Aug/2017:17:42:32 +0200] "GET /entry.php?id=10271&&ser=107692 HTTP/1.1" 200 987 "http://ed.activities.at/entry.php?id=10271&&ser=107631" "Mozilla/5.0 (Macintosh; Intel Mac OS X 10_12_6) AppleWebKit/537.36 (KHTML, like Gecko) Chrome/60.0.3112.101 Safari/537.36"
195.245.225.251 - - [30/Aug/2017:17:42:33 +0200] "GET /gui/javascript/form_form.js?1504107753 HTTP/1.1" 200 16206 "http://ed.activities.at/entry.php?id=10271&&ser=107692" "Mozilla/5.0 (Macintosh; Intel Mac OS X 10_12_6) AppleWebKit/537.36 (KHTML, like Gecko) Chrome/60.0.3112.101 Safari/537.36"
93.83.181.50 - - [30/Aug/2017:17:43:12 +0200] "GET /entry.php?id=10271&&ser=107731 HTTP/1.1" 200 988 "http://ed.activities.at/entry.php?id=10271&&ser=107670" "Mozilla/5.0 (Windows NT 10.0; Win64; x64) AppleWebKit/537.36 (KHTML, like Gecko) Chrome/52.0.2743.116 Safari/537.36 Edge/15.15063"
93.83.181.50 - - [30/Aug/2017:17:43:13 +0200] "GET /gui/javascript/form_form.js?1504107793 HTTP/1.1" 200 16206 "http://ed.activities.at/entry.php?id=10271&&ser=107731" "Mozilla/5.0 (Windows NT 10.0; Win64; x64) AppleWebKit/537.36 (KHTML, like Gecko) Chrome/52.0.2743.116 Safari/537.36 Edge/15.15063"
195.245.225.251 - - [30/Aug/2017:17:43:33 +0200] "GET /entry.php?id=10271&&ser=107753 HTTP/1.1" 200 987 "http://ed.activities.at/entry.php?id=10271&&ser=107692" "Mozilla/5.0 (Macintosh; Intel Mac OS X 10_12_6) AppleWebKit/537.36 (KHTML, like Gecko) Chrome/60.0.3112.101 Safari/537.36"
195.245.225.251 - - [30/Aug/2017:17:43:34 +0200] "GET /gui/javascript/form_form.js?1504107814 HTTP/1.1" 200 16206 "http://ed.activities.at/entry.php?id=10271&&ser=107753" "Mozilla/5.0 (Macintosh; Intel Mac OS X 10_12_6) AppleWebKit/537.36 (KHTML, like Gecko) Chrome/60.0.3112.101 Safari/537.36"
93.83.181.50 - - [30/Aug/2017:17:44:13 +0200] "GET /entry.php?id=10271&&ser=107792 HTTP/1.1" 200 988 "http://ed.activities.at/entry.php?id=10271&&ser=107731" "Mozilla/5.0 (Windows NT 10.0; Win64; x64) AppleWebKit/537.36 (KHTML, like Gecko) Chrome/52.0.2743.116 Safari/537.36 Edge/15.15063"
93.83.181.50 - - [30/Aug/2017:17:44:14 +0200] "GET /gui/javascript/form_form.js?1504107854 HTTP/1.1" 200 16206 "http://ed.activities.at/entry.php?id=10271&&ser=107792" "Mozilla/5.0 (Windows NT 10.0; Win64; x64) AppleWebKit/537.36 (KHTML, like Gecko) Chrome/52.0.2743.116 Safari/537.36 Edge/15.15063"
195.245.225.251 - - [30/Aug/2017:17:44:34 +0200] "GET /entry.php?id=10271&&ser=107814 HTTP/1.1" 200 987 "http://ed.activities.at/entry.php?id=10271&&ser=107753" "Mozilla/5.0 (Macintosh; Intel Mac OS X 10_12_6) AppleWebKit/537.36 (KHTML, like Gecko) Chrome/60.0.3112.101 Safari/537.36"
195.245.225.251 - - [30/Aug/2017:17:44:35 +0200] "GET /gui/javascript/form_form.js?1504107875 HTTP/1.1" 200 16206 "http://ed.activities.at/entry.php?id=10271&&ser=107814" "Mozilla/5.0 (Macintosh; Intel Mac OS X 10_12_6) AppleWebKit/537.36 (KHTML, like Gecko) Chrome/60.0.3112.101 Safari/537.36"
93.83.181.50 - - [30/Aug/2017:17:45:14 +0200] "GET /entry.php?id=10271&&ser=107853 HTTP/1.1" 200 987 "http://ed.activities.at/entry.php?id=10271&&ser=107792" "Mozilla/5.0 (Windows NT 10.0; Win64; x64) AppleWebKit/537.36 (KHTML, like Gecko) Chrome/52.0.2743.116 Safari/537.36 Edge/15.15063"
93.83.181.50 - - [30/Aug/2017:17:45:15 +0200] "GET /gui/javascript/form_form.js?1504107915 HTTP/1.1" 200 16206 "http://ed.activities.at/entry.php?id=10271&&ser=107853" "Mozilla/5.0 (Windows NT 10.0; Win64; x64) AppleWebKit/537.36 (KHTML, like Gecko) Chrome/52.0.2743.116 Safari/537.36 Edge/15.15063"
195.245.225.251 - - [30/Aug/2017:17:45:35 +0200] "GET /entry.php?id=10271&&ser=107875 HTTP/1.1" 200 988 "http://ed.activities.at/entry.php?id=10271&&ser=107814" "Mozilla/5.0 (Macintosh; Intel Mac OS X 10_12_6) AppleWebKit/537.36 (KHTML, like Gecko) Chrome/60.0.3112.101 Safari/537.36"
195.245.225.251 - - [30/Aug/2017:17:45:36 +0200] "GET /gui/javascript/form_form.js?1504107936 HTTP/1.1" 200 16206 "http://ed.activities.at/entry.php?id=10271&&ser=107875" "Mozilla/5.0 (Macintosh; Intel Mac OS X 10_12_6) AppleWebKit/537.36 (KHTML, like Gecko) Chrome/60.0.3112.101 Safari/537.36"
93.83.181.50 - - [30/Aug/2017:17:46:15 +0200] "GET /entry.php?id=10271&&ser=107915 HTTP/1.1" 200 987 "http://ed.activities.at/entry.php?id=10271&&ser=107853" "Mozilla/5.0 (Windows NT 10.0; Win64; x64) AppleWebKit/537.36 (KHTML, like Gecko) Chrome/52.0.2743.116 Safari/537.36 Edge/15.15063"
93.83.181.50 - - [30/Aug/2017:17:46:16 +0200] "GET /gui/javascript/form_form.js?1504107975 HTTP/1.1" 200 16206 "http://ed.activities.at/entry.php?id=10271&&ser=107915" "Mozilla/5.0 (Windows NT 10.0; Win64; x64) AppleWebKit/537.36 (KHTML, like Gecko) Chrome/52.0.2743.116 Safari/537.36 Edge/15.15063"
195.245.225.251 - - [30/Aug/2017:17:46:36 +0200] "GET /entry.php?id=10271&&ser=107935 HTTP/1.1" 200 987 "http://ed.activities.at/entry.php?id=10271&&ser=107875" "Mozilla/5.0 (Macintosh; Intel Mac OS X 10_12_6) AppleWebKit/537.36 (KHTML, like Gecko) Chrome/60.0.3112.101 Safari/537.36"
195.245.225.251 - - [30/Aug/2017:17:46:37 +0200] "GET /gui/javascript/form_form.js?1504107997 HTTP/1.1" 200 16206 "http://ed.activities.at/entry.php?id=10271&&ser=107935" "Mozilla/5.0 (Macintosh; Intel Mac OS X 10_12_6) AppleWebKit/537.36 (KHTML, like Gecko) Chrome/60.0.3112.101 Safari/537.36"
93.83.181.50 - - [30/Aug/2017:17:47:16 +0200] "GET /entry.php?id=10271&&ser=107975 HTTP/1.1" 200 986 "http://ed.activities.at/entry.php?id=10271&&ser=107915" "Mozilla/5.0 (Windows NT 10.0; Win64; x64) AppleWebKit/537.36 (KHTML, like Gecko) Chrome/52.0.2743.116 Safari/537.36 Edge/15.15063"
93.83.181.50 - - [30/Aug/2017:17:47:17 +0200] "GET /gui/javascript/form_form.js?1504108036 HTTP/1.1" 200 16206 "http://ed.activities.at/entry.php?id=10271&&ser=107975" "Mozilla/5.0 (Windows NT 10.0; Win64; x64) AppleWebKit/537.36 (KHTML, like Gecko) Chrome/52.0.2743.116 Safari/537.36 Edge/15.15063"
195.245.225.251 - - [30/Aug/2017:17:47:37 +0200] "GET /entry.php?id=10271&&ser=107997 HTTP/1.1" 200 986 "http://ed.activities.at/entry.php?id=10271&&ser=107935" "Mozilla/5.0 (Macintosh; Intel Mac OS X 10_12_6) AppleWebKit/537.36 (KHTML, like Gecko) Chrome/60.0.3112.101 Safari/537.36"
195.245.225.251 - - [30/Aug/2017:17:47:38 +0200] "GET /gui/javascript/form_form.js?1504108058 HTTP/1.1" 200 16206 "http://ed.activities.at/entry.php?id=10271&&ser=107997" "Mozilla/5.0 (Macintosh; Intel Mac OS X 10_12_6) AppleWebKit/537.36 (KHTML, like Gecko) Chrome/60.0.3112.101 Safari/537.36"
93.83.181.50 - - [30/Aug/2017:17:48:17 +0200] "GET /entry.php?id=10271&&ser=108036 HTTP/1.1" 200 986 "http://ed.activities.at/entry.php?id=10271&&ser=107975" "Mozilla/5.0 (Windows NT 10.0; Win64; x64) AppleWebKit/537.36 (KHTML, like Gecko) Chrome/52.0.2743.116 Safari/537.36 Edge/15.15063"
93.83.181.50 - - [30/Aug/2017:17:48:18 +0200] "GET /gui/javascript/form_form.js?1504108097 HTTP/1.1" 200 16206 "http://ed.activities.at/entry.php?id=10271&&ser=108036" "Mozilla/5.0 (Windows NT 10.0; Win64; x64) AppleWebKit/537.36 (KHTML, like Gecko) Chrome/52.0.2743.116 Safari/537.36 Edge/15.15063"
195.245.225.251 - - [30/Aug/2017:17:48:38 +0200] "GET /entry.php?id=10271&&ser=108058 HTTP/1.1" 200 988 "http://ed.activities.at/entry.php?id=10271&&ser=107997" "Mozilla/5.0 (Macintosh; Intel Mac OS X 10_12_6) AppleWebKit/537.36 (KHTML, like Gecko) Chrome/60.0.3112.101 Safari/537.36"
195.245.225.251 - - [30/Aug/2017:17:48:39 +0200] "GET /gui/javascript/form_form.js?1504108119 HTTP/1.1" 200 16206 "http://ed.activities.at/entry.php?id=10271&&ser=108058" "Mozilla/5.0 (Macintosh; Intel Mac OS X 10_12_6) AppleWebKit/537.36 (KHTML, like Gecko) Chrome/60.0.3112.101 Safari/537.36"
93.83.181.50 - - [30/Aug/2017:17:49:18 +0200] "GET /entry.php?id=10271&&ser=108097 HTTP/1.1" 200 986 "http://ed.activities.at/entry.php?id=10271&&ser=108036" "Mozilla/5.0 (Windows NT 10.0; Win64; x64) AppleWebKit/537.36 (KHTML, like Gecko) Chrome/52.0.2743.116 Safari/537.36 Edge/15.15063"
93.83.181.50 - - [30/Aug/2017:17:49:19 +0200] "GET /gui/javascript/form_form.js?1504108158 HTTP/1.1" 200 16206 "http://ed.activities.at/entry.php?id=10271&&ser=108097" "Mozilla/5.0 (Windows NT 10.0; Win64; x64) AppleWebKit/537.36 (KHTML, like Gecko) Chrome/52.0.2743.116 Safari/537.36 Edge/15.15063"
195.245.225.251 - - [30/Aug/2017:17:49:39 +0200] "GET /entry.php?id=10271&&ser=108118 HTTP/1.1" 200 986 "http://ed.activities.at/entry.php?id=10271&&ser=108058" "Mozilla/5.0 (Macintosh; Intel Mac OS X 10_12_6) AppleWebKit/537.36 (KHTML, like Gecko) Chrome/60.0.3112.101 Safari/537.36"
195.245.225.251 - - [30/Aug/2017:17:49:40 +0200] "GET /gui/javascript/form_form.js?1504108180 HTTP/1.1" 200 16206 "http://ed.activities.at/entry.php?id=10271&&ser=108118" "Mozilla/5.0 (Macintosh; Intel Mac OS X 10_12_6) AppleWebKit/537.36 (KHTML, like Gecko) Chrome/60.0.3112.101 Safari/537.36"
93.83.181.50 - - [30/Aug/2017:17:50:19 +0200] "GET /entry.php?id=10271&&ser=108158 HTTP/1.1" 200 986 "http://ed.activities.at/entry.php?id=10271&&ser=108097" "Mozilla/5.0 (Windows NT 10.0; Win64; x64) AppleWebKit/537.36 (KHTML, like Gecko) Chrome/52.0.2743.116 Safari/537.36 Edge/15.15063"
93.83.181.50 - - [30/Aug/2017:17:50:20 +0200] "GET /gui/javascript/form_form.js?1504108219 HTTP/1.1" 200 16206 "http://ed.activities.at/entry.php?id=10271&&ser=108158" "Mozilla/5.0 (Windows NT 10.0; Win64; x64) AppleWebKit/537.36 (KHTML, like Gecko) Chrome/52.0.2743.116 Safari/537.36 Edge/15.15063"
195.245.225.251 - - [30/Aug/2017:17:50:40 +0200] "GET /entry.php?id=10271&&ser=108180 HTTP/1.1" 200 986 "http://ed.activities.at/entry.php?id=10271&&ser=108118" "Mozilla/5.0 (Macintosh; Intel Mac OS X 10_12_6) AppleWebKit/537.36 (KHTML, like Gecko) Chrome/60.0.3112.101 Safari/537.36"
195.245.225.251 - - [30/Aug/2017:17:50:41 +0200] "GET /gui/javascript/form_form.js?1504108241 HTTP/1.1" 200 16206 "http://ed.activities.at/entry.php?id=10271&&ser=108180" "Mozilla/5.0 (Macintosh; Intel Mac OS X 10_12_6) AppleWebKit/537.36 (KHTML, like Gecko) Chrome/60.0.3112.101 Safari/537.36"
93.83.181.50 - - [30/Aug/2017:17:51:20 +0200] "GET /entry.php?id=10271&&ser=108219 HTTP/1.1" 200 986 "http://ed.activities.at/entry.php?id=10271&&ser=108158" "Mozilla/5.0 (Windows NT 10.0; Win64; x64) AppleWebKit/537.36 (KHTML, like Gecko) Chrome/52.0.2743.116 Safari/537.36 Edge/15.15063"
93.83.181.50 - - [30/Aug/2017:17:51:21 +0200] "GET /gui/javascript/form_form.js?1504108280 HTTP/1.1" 200 16206 "http://ed.activities.at/entry.php?id=10271&&ser=108219" "Mozilla/5.0 (Windows NT 10.0; Win64; x64) AppleWebKit/537.36 (KHTML, like Gecko) Chrome/52.0.2743.116 Safari/537.36 Edge/15.15063"
195.245.225.251 - - [30/Aug/2017:17:51:42 +0200] "GET /entry.php?id=10271&&ser=108241 HTTP/1.1" 200 986 "http://ed.activities.at/entry.php?id=10271&&ser=108180" "Mozilla/5.0 (Macintosh; Intel Mac OS X 10_12_6) AppleWebKit/537.36 (KHTML, like Gecko) Chrome/60.0.3112.101 Safari/537.36"
195.245.225.251 - - [30/Aug/2017:17:51:43 +0200] "GET /gui/javascript/form_form.js?1504108303 HTTP/1.1" 200 16206 "http://ed.activities.at/entry.php?id=10271&&ser=108241" "Mozilla/5.0 (Macintosh; Intel Mac OS X 10_12_6) AppleWebKit/537.36 (KHTML, like Gecko) Chrome/60.0.3112.101 Safari/537.36"
93.83.181.50 - - [30/Aug/2017:17:52:21 +0200] "GET /entry.php?id=10271&&ser=108280 HTTP/1.1" 200 986 "http://ed.activities.at/entry.php?id=10271&&ser=108219" "Mozilla/5.0 (Windows NT 10.0; Win64; x64) AppleWebKit/537.36 (KHTML, like Gecko) Chrome/52.0.2743.116 Safari/537.36 Edge/15.15063"
93.83.181.50 - - [30/Aug/2017:17:52:22 +0200] "GET /gui/javascript/form_form.js?1504108341 HTTP/1.1" 200 16206 "http://ed.activities.at/entry.php?id=10271&&ser=108280" "Mozilla/5.0 (Windows NT 10.0; Win64; x64) AppleWebKit/537.36 (KHTML, like Gecko) Chrome/52.0.2743.116 Safari/537.36 Edge/15.15063"
195.245.225.251 - - [30/Aug/2017:17:52:43 +0200] "GET /entry.php?id=10271&&ser=108303 HTTP/1.1" 200 987 "http://ed.activities.at/entry.php?id=10271&&ser=108241" "Mozilla/5.0 (Macintosh; Intel Mac OS X 10_12_6) AppleWebKit/537.36 (KHTML, like Gecko) Chrome/60.0.3112.101 Safari/537.36"
195.245.225.251 - - [30/Aug/2017:17:52:44 +0200] "GET /gui/javascript/form_form.js?1504108363 HTTP/1.1" 200 16206 "http://ed.activities.at/entry.php?id=10271&&ser=108303" "Mozilla/5.0 (Macintosh; Intel Mac OS X 10_12_6) AppleWebKit/537.36 (KHTML, like Gecko) Chrome/60.0.3112.101 Safari/537.36"
93.83.181.50 - - [30/Aug/2017:17:53:22 +0200] "GET /entry.php?id=10271&&ser=108341 HTTP/1.1" 200 986 "http://ed.activities.at/entry.php?id=10271&&ser=108280" "Mozilla/5.0 (Windows NT 10.0; Win64; x64) AppleWebKit/537.36 (KHTML, like Gecko) Chrome/52.0.2743.116 Safari/537.36 Edge/15.15063"
93.83.181.50 - - [30/Aug/2017:17:53:23 +0200] "GET /gui/javascript/form_form.js?1504108402 HTTP/1.1" 200 16206 "http://ed.activities.at/entry.php?id=10271&&ser=108341" "Mozilla/5.0 (Windows NT 10.0; Win64; x64) AppleWebKit/537.36 (KHTML, like Gecko) Chrome/52.0.2743.116 Safari/537.36 Edge/15.15063"
93.83.181.50 - - [30/Aug/2017:17:54:23 +0200] "GET /entry.php?id=10271&&ser=108402 HTTP/1.1" 200 987 "http://ed.activities.at/entry.php?id=10271&&ser=108341" "Mozilla/5.0 (Windows NT 10.0; Win64; x64) AppleWebKit/537.36 (KHTML, like Gecko) Chrome/52.0.2743.116 Safari/537.36 Edge/15.15063"
93.83.181.50 - - [30/Aug/2017:17:54:24 +0200] "GET /gui/javascript/form_form.js?1504108463 HTTP/1.1" 200 16206 "http://ed.activities.at/entry.php?id=10271&&ser=108402" "Mozilla/5.0 (Windows NT 10.0; Win64; x64) AppleWebKit/537.36 (KHTML, like Gecko) Chrome/52.0.2743.116 Safari/537.36 Edge/15.15063"
93.83.181.50 - - [30/Aug/2017:17:55:24 +0200] "GET /entry.php?id=10271&&ser=108463 HTTP/1.1" 200 987 "http://ed.activities.at/entry.php?id=10271&&ser=108402" "Mozilla/5.0 (Windows NT 10.0; Win64; x64) AppleWebKit/537.36 (KHTML, like Gecko) Chrome/52.0.2743.116 Safari/537.36 Edge/15.15063"
93.83.181.50 - - [30/Aug/2017:17:55:25 +0200] "GET /gui/javascript/form_form.js?1504108524 HTTP/1.1" 200 16206 "http://ed.activities.at/entry.php?id=10271&&ser=108463" "Mozilla/5.0 (Windows NT 10.0; Win64; x64) AppleWebKit/537.36 (KHTML, like Gecko) Chrome/52.0.2743.116 Safari/537.36 Edge/15.15063"
93.83.181.50 - - [30/Aug/2017:17:56:25 +0200] "GET /entry.php?id=10271&&ser=108524 HTTP/1.1" 200 989 "http://ed.activities.at/entry.php?id=10271&&ser=108463" "Mozilla/5.0 (Windows NT 10.0; Win64; x64) AppleWebKit/537.36 (KHTML, like Gecko) Chrome/52.0.2743.116 Safari/537.36 Edge/15.15063"
93.83.181.50 - - [30/Aug/2017:17:56:26 +0200] "GET /gui/javascript/form_form.js?1504108586 HTTP/1.1" 200 16206 "http://ed.activities.at/entry.php?id=10271&&ser=108524" "Mozilla/5.0 (Windows NT 10.0; Win64; x64) AppleWebKit/537.36 (KHTML, like Gecko) Chrome/52.0.2743.116 Safari/537.36 Edge/15.15063"
93.83.181.50 - - [30/Aug/2017:17:57:26 +0200] "GET /entry.php?id=10271&&ser=108585 HTTP/1.1" 200 987 "http://ed.activities.at/entry.php?id=10271&&ser=108524" "Mozilla/5.0 (Windows NT 10.0; Win64; x64) AppleWebKit/537.36 (KHTML, like Gecko) Chrome/52.0.2743.116 Safari/537.36 Edge/15.15063"
93.83.181.50 - - [30/Aug/2017:17:57:27 +0200] "GET /gui/javascript/form_form.js?1504108646 HTTP/1.1" 200 16206 "http://ed.activities.at/entry.php?id=10271&&ser=108585" "Mozilla/5.0 (Windows NT 10.0; Win64; x64) AppleWebKit/537.36 (KHTML, like Gecko) Chrome/52.0.2743.116 Safari/537.36 Edge/15.15063"
93.83.181.50 - - [30/Aug/2017:17:58:27 +0200] "GET /entry.php?id=10271&&ser=108646 HTTP/1.1" 200 986 "http://ed.activities.at/entry.php?id=10271&&ser=108585" "Mozilla/5.0 (Windows NT 10.0; Win64; x64) AppleWebKit/537.36 (KHTML, like Gecko) Chrome/52.0.2743.116 Safari/537.36 Edge/15.15063"
93.83.181.50 - - [30/Aug/2017:17:58:28 +0200] "GET /gui/javascript/form_form.js?1504108707 HTTP/1.1" 200 16206 "http://ed.activities.at/entry.php?id=10271&&ser=108646" "Mozilla/5.0 (Windows NT 10.0; Win64; x64) AppleWebKit/537.36 (KHTML, like Gecko) Chrome/52.0.2743.116 Safari/537.36 Edge/15.15063"
93.83.181.50 - - [30/Aug/2017:17:59:28 +0200] "GET /entry.php?id=10271&&ser=108707 HTTP/1.1" 200 986 "http://ed.activities.at/entry.php?id=10271&&ser=108646" "Mozilla/5.0 (Windows NT 10.0; Win64; x64) AppleWebKit/537.36 (KHTML, like Gecko) Chrome/52.0.2743.116 Safari/537.36 Edge/15.15063"
93.83.181.50 - - [30/Aug/2017:17:59:29 +0200] "GET /gui/javascript/form_form.js?1504108768 HTTP/1.1" 200 16206 "http://ed.activities.at/entry.php?id=10271&&ser=108707" "Mozilla/5.0 (Windows NT 10.0; Win64; x64) AppleWebKit/537.36 (KHTML, like Gecko) Chrome/52.0.2743.116 Safari/537.36 Edge/15.15063"
93.83.181.50 - - [30/Aug/2017:18:00:29 +0200] "GET /entry.php?id=10271&&ser=108768 HTTP/1.1" 200 986 "http://ed.activities.at/entry.php?id=10271&&ser=108707" "Mozilla/5.0 (Windows NT 10.0; Win64; x64) AppleWebKit/537.36 (KHTML, like Gecko) Chrome/52.0.2743.116 Safari/537.36 Edge/15.15063"
93.83.181.50 - - [30/Aug/2017:18:00:30 +0200] "GET /gui/javascript/form_form.js?1504108829 HTTP/1.1" 200 16206 "http://ed.activities.at/entry.php?id=10271&&ser=108768" "Mozilla/5.0 (Windows NT 10.0; Win64; x64) AppleWebKit/537.36 (KHTML, like Gecko) Chrome/52.0.2743.116 Safari/537.36 Edge/15.15063"
195.245.225.251 - - [30/Aug/2017:18:01:12 +0200] "GET /entry.php?id=10271&&ser=108363 HTTP/1.1" 200 986 "http://ed.activities.at/entry.php?id=10271&&ser=108303" "Mozilla/5.0 (Macintosh; Intel Mac OS X 10_12_6) AppleWebKit/537.36 (KHTML, like Gecko) Chrome/60.0.3112.101 Safari/537.36"
195.245.225.251 - - [30/Aug/2017:18:01:13 +0200] "GET /gui/javascript/form_form.js?1504108873 HTTP/1.1" 200 16206 "http://ed.activities.at/entry.php?id=10271&&ser=108363" "Mozilla/5.0 (Macintosh; Intel Mac OS X 10_12_6) AppleWebKit/537.36 (KHTML, like Gecko) Chrome/60.0.3112.101 Safari/537.36"
93.83.181.50 - - [30/Aug/2017:18:01:30 +0200] "GET /entry.php?id=10271&&ser=108829 HTTP/1.1" 200 986 "http://ed.activities.at/entry.php?id=10271&&ser=108768" "Mozilla/5.0 (Windows NT 10.0; Win64; x64) AppleWebKit/537.36 (KHTML, like Gecko) Chrome/52.0.2743.116 Safari/537.36 Edge/15.15063"
93.83.181.50 - - [30/Aug/2017:18:01:31 +0200] "GET /gui/javascript/form_form.js?1504108890 HTTP/1.1" 200 16206 "http://ed.activities.at/entry.php?id=10271&&ser=108829" "Mozilla/5.0 (Windows NT 10.0; Win64; x64) AppleWebKit/537.36 (KHTML, like Gecko) Chrome/52.0.2743.116 Safari/537.36 Edge/15.15063"
195.245.225.251 - - [30/Aug/2017:18:02:14 +0200] "GET /entry.php?id=10271&&ser=108873 HTTP/1.1" 200 988 "http://ed.activities.at/entry.php?id=10271&&ser=108363" "Mozilla/5.0 (Macintosh; Intel Mac OS X 10_12_6) AppleWebKit/537.36 (KHTML, like Gecko) Chrome/60.0.3112.101 Safari/537.36"
195.245.225.251 - - [30/Aug/2017:18:02:15 +0200] "GET /gui/javascript/form_form.js?1504108935 HTTP/1.1" 200 16206 "http://ed.activities.at/entry.php?id=10271&&ser=108873" "Mozilla/5.0 (Macintosh; Intel Mac OS X 10_12_6) AppleWebKit/537.36 (KHTML, like Gecko) Chrome/60.0.3112.101 Safari/537.36"
93.83.181.50 - - [30/Aug/2017:18:02:31 +0200] "GET /entry.php?id=10271&&ser=108890 HTTP/1.1" 200 986 "http://ed.activities.at/entry.php?id=10271&&ser=108829" "Mozilla/5.0 (Windows NT 10.0; Win64; x64) AppleWebKit/537.36 (KHTML, like Gecko) Chrome/52.0.2743.116 Safari/537.36 Edge/15.15063"
93.83.181.50 - - [30/Aug/2017:18:02:32 +0200] "GET /gui/javascript/form_form.js?1504108951 HTTP/1.1" 200 16206 "http://ed.activities.at/entry.php?id=10271&&ser=108890" "Mozilla/5.0 (Windows NT 10.0; Win64; x64) AppleWebKit/537.36 (KHTML, like Gecko) Chrome/52.0.2743.116 Safari/537.36 Edge/15.15063"
195.245.225.251 - - [30/Aug/2017:18:03:15 +0200] "GET /entry.php?id=10271&&ser=108934 HTTP/1.1" 200 987 "http://ed.activities.at/entry.php?id=10271&&ser=108873" "Mozilla/5.0 (Macintosh; Intel Mac OS X 10_12_6) AppleWebKit/537.36 (KHTML, like Gecko) Chrome/60.0.3112.101 Safari/537.36"
195.245.225.251 - - [30/Aug/2017:18:03:16 +0200] "GET /gui/javascript/form_form.js?1504108996 HTTP/1.1" 200 16206 "http://ed.activities.at/entry.php?id=10271&&ser=108934" "Mozilla/5.0 (Macintosh; Intel Mac OS X 10_12_6) AppleWebKit/537.36 (KHTML, like Gecko) Chrome/60.0.3112.101 Safari/537.36"
93.83.181.50 - - [30/Aug/2017:18:03:32 +0200] "GET /entry.php?id=10271&&ser=108951 HTTP/1.1" 200 987 "http://ed.activities.at/entry.php?id=10271&&ser=108890" "Mozilla/5.0 (Windows NT 10.0; Win64; x64) AppleWebKit/537.36 (KHTML, like Gecko) Chrome/52.0.2743.116 Safari/537.36 Edge/15.15063"
93.83.181.50 - - [30/Aug/2017:18:03:33 +0200] "GET /gui/javascript/form_form.js?1504109012 HTTP/1.1" 200 16206 "http://ed.activities.at/entry.php?id=10271&&ser=108951" "Mozilla/5.0 (Windows NT 10.0; Win64; x64) AppleWebKit/537.36 (KHTML, like Gecko) Chrome/52.0.2743.116 Safari/537.36 Edge/15.15063"
195.245.225.251 - - [30/Aug/2017:18:04:16 +0200] "GET /entry.php?id=10271&&ser=108996 HTTP/1.1" 200 987 "http://ed.activities.at/entry.php?id=10271&&ser=108934" "Mozilla/5.0 (Macintosh; Intel Mac OS X 10_12_6) AppleWebKit/537.36 (KHTML, like Gecko) Chrome/60.0.3112.101 Safari/537.36"
195.245.225.251 - - [30/Aug/2017:18:04:17 +0200] "GET /gui/javascript/form_form.js?1504109056 HTTP/1.1" 200 16206 "http://ed.activities.at/entry.php?id=10271&&ser=108996" "Mozilla/5.0 (Macintosh; Intel Mac OS X 10_12_6) AppleWebKit/537.36 (KHTML, like Gecko) Chrome/60.0.3112.101 Safari/537.36"
93.83.181.50 - - [30/Aug/2017:18:04:33 +0200] "GET /entry.php?id=10271&&ser=109012 HTTP/1.1" 200 987 "http://ed.activities.at/entry.php?id=10271&&ser=108951" "Mozilla/5.0 (Windows NT 10.0; Win64; x64) AppleWebKit/537.36 (KHTML, like Gecko) Chrome/52.0.2743.116 Safari/537.36 Edge/15.15063"
93.83.181.50 - - [30/Aug/2017:18:04:34 +0200] "GET /gui/javascript/form_form.js?1504109073 HTTP/1.1" 200 16206 "http://ed.activities.at/entry.php?id=10271&&ser=109012" "Mozilla/5.0 (Windows NT 10.0; Win64; x64) AppleWebKit/537.36 (KHTML, like Gecko) Chrome/52.0.2743.116 Safari/537.36 Edge/15.15063"
195.245.225.251 - - [30/Aug/2017:18:05:17 +0200] "GET /entry.php?id=10271&&ser=109056 HTTP/1.1" 200 987 "http://ed.activities.at/entry.php?id=10271&&ser=108996" "Mozilla/5.0 (Macintosh; Intel Mac OS X 10_12_6) AppleWebKit/537.36 (KHTML, like Gecko) Chrome/60.0.3112.101 Safari/537.36"
195.245.225.251 - - [30/Aug/2017:18:05:18 +0200] "GET /gui/javascript/form_form.js?1504109117 HTTP/1.1" 200 16206 "http://ed.activities.at/entry.php?id=10271&&ser=109056" "Mozilla/5.0 (Macintosh; Intel Mac OS X 10_12_6) AppleWebKit/537.36 (KHTML, like Gecko) Chrome/60.0.3112.101 Safari/537.36"
93.83.181.50 - - [30/Aug/2017:18:05:34 +0200] "GET /entry.php?id=10271&&ser=109073 HTTP/1.1" 200 987 "http://ed.activities.at/entry.php?id=10271&&ser=109012" "Mozilla/5.0 (Windows NT 10.0; Win64; x64) AppleWebKit/537.36 (KHTML, like Gecko) Chrome/52.0.2743.116 Safari/537.36 Edge/15.15063"
93.83.181.50 - - [30/Aug/2017:18:05:34 +0200] "GET /gui/javascript/form_form.js?1504109134 HTTP/1.1" 200 16206 "http://ed.activities.at/entry.php?id=10271&&ser=109073" "Mozilla/5.0 (Windows NT 10.0; Win64; x64) AppleWebKit/537.36 (KHTML, like Gecko) Chrome/52.0.2743.116 Safari/537.36 Edge/15.15063"
195.245.225.251 - - [30/Aug/2017:18:06:18 +0200] "GET /entry.php?id=10271&&ser=109117 HTTP/1.1" 200 987 "http://ed.activities.at/entry.php?id=10271&&ser=109056" "Mozilla/5.0 (Macintosh; Intel Mac OS X 10_12_6) AppleWebKit/537.36 (KHTML, like Gecko) Chrome/60.0.3112.101 Safari/537.36"
195.245.225.251 - - [30/Aug/2017:18:06:19 +0200] "GET /gui/javascript/form_form.js?1504109178 HTTP/1.1" 200 16206 "http://ed.activities.at/entry.php?id=10271&&ser=109117" "Mozilla/5.0 (Macintosh; Intel Mac OS X 10_12_6) AppleWebKit/537.36 (KHTML, like Gecko) Chrome/60.0.3112.101 Safari/537.36"
93.83.181.50 - - [30/Aug/2017:18:06:34 +0200] "GET /entry.php?id=10271&&ser=109134 HTTP/1.1" 200 986 "http://ed.activities.at/entry.php?id=10271&&ser=109073" "Mozilla/5.0 (Windows NT 10.0; Win64; x64) AppleWebKit/537.36 (KHTML, like Gecko) Chrome/52.0.2743.116 Safari/537.36 Edge/15.15063"
93.83.181.50 - - [30/Aug/2017:18:06:34 +0200] "GET /gui/javascript/form_form.js?1504109194 HTTP/1.1" 200 16206 "http://ed.activities.at/entry.php?id=10271&&ser=109134" "Mozilla/5.0 (Windows NT 10.0; Win64; x64) AppleWebKit/537.36 (KHTML, like Gecko) Chrome/52.0.2743.116 Safari/537.36 Edge/15.15063"
195.245.225.251 - - [30/Aug/2017:18:07:19 +0200] "GET /entry.php?id=10271&&ser=109178 HTTP/1.1" 200 986 "http://ed.activities.at/entry.php?id=10271&&ser=109117" "Mozilla/5.0 (Macintosh; Intel Mac OS X 10_12_6) AppleWebKit/537.36 (KHTML, like Gecko) Chrome/60.0.3112.101 Safari/537.36"
195.245.225.251 - - [30/Aug/2017:18:07:20 +0200] "GET /gui/javascript/form_form.js?1504109240 HTTP/1.1" 200 16206 "http://ed.activities.at/entry.php?id=10271&&ser=109178" "Mozilla/5.0 (Macintosh; Intel Mac OS X 10_12_6) AppleWebKit/537.36 (KHTML, like Gecko) Chrome/60.0.3112.101 Safari/537.36"
93.83.181.50 - - [30/Aug/2017:18:07:34 +0200] "GET /entry.php?id=10271&&ser=109194 HTTP/1.1" 200 987 "http://ed.activities.at/entry.php?id=10271&&ser=109134" "Mozilla/5.0 (Windows NT 10.0; Win64; x64) AppleWebKit/537.36 (KHTML, like Gecko) Chrome/52.0.2743.116 Safari/537.36 Edge/15.15063"
93.83.181.50 - - [30/Aug/2017:18:07:35 +0200] "GET /gui/javascript/form_form.js?1504109254 HTTP/1.1" 200 16206 "http://ed.activities.at/entry.php?id=10271&&ser=109194" "Mozilla/5.0 (Windows NT 10.0; Win64; x64) AppleWebKit/537.36 (KHTML, like Gecko) Chrome/52.0.2743.116 Safari/537.36 Edge/15.15063"
195.245.225.251 - - [30/Aug/2017:18:08:20 +0200] "GET /entry.php?id=10271&&ser=109240 HTTP/1.1" 200 987 "http://ed.activities.at/entry.php?id=10271&&ser=109178" "Mozilla/5.0 (Macintosh; Intel Mac OS X 10_12_6) AppleWebKit/537.36 (KHTML, like Gecko) Chrome/60.0.3112.101 Safari/537.36"
195.245.225.251 - - [30/Aug/2017:18:08:21 +0200] "GET /gui/javascript/form_form.js?1504109300 HTTP/1.1" 200 16206 "http://ed.activities.at/entry.php?id=10271&&ser=109240" "Mozilla/5.0 (Macintosh; Intel Mac OS X 10_12_6) AppleWebKit/537.36 (KHTML, like Gecko) Chrome/60.0.3112.101 Safari/537.36"
93.83.181.50 - - [30/Aug/2017:18:08:35 +0200] "GET /entry.php?id=10271&&ser=109254 HTTP/1.1" 200 987 "http://ed.activities.at/entry.php?id=10271&&ser=109194" "Mozilla/5.0 (Windows NT 10.0; Win64; x64) AppleWebKit/537.36 (KHTML, like Gecko) Chrome/52.0.2743.116 Safari/537.36 Edge/15.15063"
93.83.181.50 - - [30/Aug/2017:18:08:35 +0200] "GET /gui/javascript/form_form.js?1504109315 HTTP/1.1" 200 16206 "http://ed.activities.at/entry.php?id=10271&&ser=109254" "Mozilla/5.0 (Windows NT 10.0; Win64; x64) AppleWebKit/537.36 (KHTML, like Gecko) Chrome/52.0.2743.116 Safari/537.36 Edge/15.15063"
195.245.225.251 - - [30/Aug/2017:18:09:21 +0200] "GET /entry.php?id=10271&&ser=109300 HTTP/1.1" 200 986 "http://ed.activities.at/entry.php?id=10271&&ser=109240" "Mozilla/5.0 (Macintosh; Intel Mac OS X 10_12_6) AppleWebKit/537.36 (KHTML, like Gecko) Chrome/60.0.3112.101 Safari/537.36"
195.245.225.251 - - [30/Aug/2017:18:09:22 +0200] "GET /gui/javascript/form_form.js?1504109361 HTTP/1.1" 200 16206 "http://ed.activities.at/entry.php?id=10271&&ser=109300" "Mozilla/5.0 (Macintosh; Intel Mac OS X 10_12_6) AppleWebKit/537.36 (KHTML, like Gecko) Chrome/60.0.3112.101 Safari/537.36"
93.83.181.50 - - [30/Aug/2017:18:09:35 +0200] "GET /entry.php?id=10271&&ser=109315 HTTP/1.1" 200 986 "http://ed.activities.at/entry.php?id=10271&&ser=109254" "Mozilla/5.0 (Windows NT 10.0; Win64; x64) AppleWebKit/537.36 (KHTML, like Gecko) Chrome/52.0.2743.116 Safari/537.36 Edge/15.15063"
93.83.181.50 - - [30/Aug/2017:18:09:35 +0200] "GET /gui/javascript/form_form.js?1504109375 HTTP/1.1" 200 16206 "http://ed.activities.at/entry.php?id=10271&&ser=109315" "Mozilla/5.0 (Windows NT 10.0; Win64; x64) AppleWebKit/537.36 (KHTML, like Gecko) Chrome/52.0.2743.116 Safari/537.36 Edge/15.15063"
195.245.225.251 - - [30/Aug/2017:18:10:22 +0200] "GET /entry.php?id=10271&&ser=109361 HTTP/1.1" 200 987 "http://ed.activities.at/entry.php?id=10271&&ser=109300" "Mozilla/5.0 (Macintosh; Intel Mac OS X 10_12_6) AppleWebKit/537.36 (KHTML, like Gecko) Chrome/60.0.3112.101 Safari/537.36"
195.245.225.251 - - [30/Aug/2017:18:10:23 +0200] "GET /gui/javascript/form_form.js?1504109422 HTTP/1.1" 200 16206 "http://ed.activities.at/entry.php?id=10271&&ser=109361" "Mozilla/5.0 (Macintosh; Intel Mac OS X 10_12_6) AppleWebKit/537.36 (KHTML, like Gecko) Chrome/60.0.3112.101 Safari/537.36"
93.83.181.50 - - [30/Aug/2017:18:10:35 +0200] "GET /entry.php?id=10271&&ser=109375 HTTP/1.1" 200 987 "http://ed.activities.at/entry.php?id=10271&&ser=109315" "Mozilla/5.0 (Windows NT 10.0; Win64; x64) AppleWebKit/537.36 (KHTML, like Gecko) Chrome/52.0.2743.116 Safari/537.36 Edge/15.15063"
93.83.181.50 - - [30/Aug/2017:18:10:36 +0200] "GET /gui/javascript/form_form.js?1504109435 HTTP/1.1" 200 16206 "http://ed.activities.at/entry.php?id=10271&&ser=109375" "Mozilla/5.0 (Windows NT 10.0; Win64; x64) AppleWebKit/537.36 (KHTML, like Gecko) Chrome/52.0.2743.116 Safari/537.36 Edge/15.15063"
195.245.225.251 - - [30/Aug/2017:18:11:24 +0200] "GET /entry.php?id=10271&&ser=109422 HTTP/1.1" 200 987 "http://ed.activities.at/entry.php?id=10271&&ser=109361" "Mozilla/5.0 (Macintosh; Intel Mac OS X 10_12_6) AppleWebKit/537.36 (KHTML, like Gecko) Chrome/60.0.3112.101 Safari/537.36"
195.245.225.251 - - [30/Aug/2017:18:11:24 +0200] "GET /gui/javascript/form_form.js?1504109484 HTTP/1.1" 200 16206 "http://ed.activities.at/entry.php?id=10271&&ser=109422" "Mozilla/5.0 (Macintosh; Intel Mac OS X 10_12_6) AppleWebKit/537.36 (KHTML, like Gecko) Chrome/60.0.3112.101 Safari/537.36"
93.83.181.50 - - [30/Aug/2017:18:11:36 +0200] "GET /entry.php?id=10271&&ser=109435 HTTP/1.1" 200 987 "http://ed.activities.at/entry.php?id=10271&&ser=109375" "Mozilla/5.0 (Windows NT 10.0; Win64; x64) AppleWebKit/537.36 (KHTML, like Gecko) Chrome/52.0.2743.116 Safari/537.36 Edge/15.15063"
93.83.181.50 - - [30/Aug/2017:18:11:36 +0200] "GET /gui/javascript/form_form.js?1504109496 HTTP/1.1" 200 16206 "http://ed.activities.at/entry.php?id=10271&&ser=109435" "Mozilla/5.0 (Windows NT 10.0; Win64; x64) AppleWebKit/537.36 (KHTML, like Gecko) Chrome/52.0.2743.116 Safari/537.36 Edge/15.15063"
195.245.225.251 - - [30/Aug/2017:18:12:24 +0200] "GET /entry.php?id=10271&&ser=109484 HTTP/1.1" 200 987 "http://ed.activities.at/entry.php?id=10271&&ser=109422" "Mozilla/5.0 (Macintosh; Intel Mac OS X 10_12_6) AppleWebKit/537.36 (KHTML, like Gecko) Chrome/60.0.3112.101 Safari/537.36"
195.245.225.251 - - [30/Aug/2017:18:12:25 +0200] "GET /gui/javascript/form_form.js?1504109544 HTTP/1.1" 200 16206 "http://ed.activities.at/entry.php?id=10271&&ser=109484" "Mozilla/5.0 (Macintosh; Intel Mac OS X 10_12_6) AppleWebKit/537.36 (KHTML, like Gecko) Chrome/60.0.3112.101 Safari/537.36"
93.83.181.50 - - [30/Aug/2017:18:12:36 +0200] "GET /entry.php?id=10271&&ser=109496 HTTP/1.1" 200 988 "http://ed.activities.at/entry.php?id=10271&&ser=109435" "Mozilla/5.0 (Windows NT 10.0; Win64; x64) AppleWebKit/537.36 (KHTML, like Gecko) Chrome/52.0.2743.116 Safari/537.36 Edge/15.15063"
93.83.181.50 - - [30/Aug/2017:18:12:36 +0200] "GET /gui/javascript/form_form.js?1504109556 HTTP/1.1" 200 16206 "http://ed.activities.at/entry.php?id=10271&&ser=109496" "Mozilla/5.0 (Windows NT 10.0; Win64; x64) AppleWebKit/537.36 (KHTML, like Gecko) Chrome/52.0.2743.116 Safari/537.36 Edge/15.15063"
195.245.225.251 - - [30/Aug/2017:18:13:25 +0200] "GET /entry.php?id=10271&&ser=109544 HTTP/1.1" 200 987 "http://ed.activities.at/entry.php?id=10271&&ser=109484" "Mozilla/5.0 (Macintosh; Intel Mac OS X 10_12_6) AppleWebKit/537.36 (KHTML, like Gecko) Chrome/60.0.3112.101 Safari/537.36"
195.245.225.251 - - [30/Aug/2017:18:13:26 +0200] "GET /gui/javascript/form_form.js?1504109605 HTTP/1.1" 200 16206 "http://ed.activities.at/entry.php?id=10271&&ser=109544" "Mozilla/5.0 (Macintosh; Intel Mac OS X 10_12_6) AppleWebKit/537.36 (KHTML, like Gecko) Chrome/60.0.3112.101 Safari/537.36"
93.83.181.50 - - [30/Aug/2017:18:13:36 +0200] "GET /entry.php?id=10271&&ser=109556 HTTP/1.1" 200 987 "http://ed.activities.at/entry.php?id=10271&&ser=109496" "Mozilla/5.0 (Windows NT 10.0; Win64; x64) AppleWebKit/537.36 (KHTML, like Gecko) Chrome/52.0.2743.116 Safari/537.36 Edge/15.15063"
93.83.181.50 - - [30/Aug/2017:18:13:37 +0200] "GET /gui/javascript/form_form.js?1504109616 HTTP/1.1" 200 16206 "http://ed.activities.at/entry.php?id=10271&&ser=109556" "Mozilla/5.0 (Windows NT 10.0; Win64; x64) AppleWebKit/537.36 (KHTML, like Gecko) Chrome/52.0.2743.116 Safari/537.36 Edge/15.15063"
195.245.225.251 - - [30/Aug/2017:18:14:26 +0200] "GET /entry.php?id=10271&&ser=109605 HTTP/1.1" 200 987 "http://ed.activities.at/entry.php?id=10271&&ser=109544" "Mozilla/5.0 (Macintosh; Intel Mac OS X 10_12_6) AppleWebKit/537.36 (KHTML, like Gecko) Chrome/60.0.3112.101 Safari/537.36"
195.245.225.251 - - [30/Aug/2017:18:14:27 +0200] "GET /gui/javascript/form_form.js?1504109666 HTTP/1.1" 200 16206 "http://ed.activities.at/entry.php?id=10271&&ser=109605" "Mozilla/5.0 (Macintosh; Intel Mac OS X 10_12_6) AppleWebKit/537.36 (KHTML, like Gecko) Chrome/60.0.3112.101 Safari/537.36"
93.83.181.50 - - [30/Aug/2017:18:14:37 +0200] "GET /entry.php?id=10271&&ser=109616 HTTP/1.1" 200 987 "http://ed.activities.at/entry.php?id=10271&&ser=109556" "Mozilla/5.0 (Windows NT 10.0; Win64; x64) AppleWebKit/537.36 (KHTML, like Gecko) Chrome/52.0.2743.116 Safari/537.36 Edge/15.15063"
93.83.181.50 - - [30/Aug/2017:18:14:37 +0200] "GET /gui/javascript/form_form.js?1504109677 HTTP/1.1" 200 16206 "http://ed.activities.at/entry.php?id=10271&&ser=109616" "Mozilla/5.0 (Windows NT 10.0; Win64; x64) AppleWebKit/537.36 (KHTML, like Gecko) Chrome/52.0.2743.116 Safari/537.36 Edge/15.15063"
195.245.225.251 - - [30/Aug/2017:18:15:27 +0200] "GET /entry.php?id=10271&&ser=109666 HTTP/1.1" 200 987 "http://ed.activities.at/entry.php?id=10271&&ser=109605" "Mozilla/5.0 (Macintosh; Intel Mac OS X 10_12_6) AppleWebKit/537.36 (KHTML, like Gecko) Chrome/60.0.3112.101 Safari/537.36"
195.245.225.251 - - [30/Aug/2017:18:15:28 +0200] "GET /gui/javascript/form_form.js?1504109727 HTTP/1.1" 200 16206 "http://ed.activities.at/entry.php?id=10271&&ser=109666" "Mozilla/5.0 (Macintosh; Intel Mac OS X 10_12_6) AppleWebKit/537.36 (KHTML, like Gecko) Chrome/60.0.3112.101 Safari/537.36"
93.83.181.50 - - [30/Aug/2017:18:15:37 +0200] "GET /entry.php?id=10271&&ser=109677 HTTP/1.1" 200 987 "http://ed.activities.at/entry.php?id=10271&&ser=109616" "Mozilla/5.0 (Windows NT 10.0; Win64; x64) AppleWebKit/537.36 (KHTML, like Gecko) Chrome/52.0.2743.116 Safari/537.36 Edge/15.15063"
93.83.181.50 - - [30/Aug/2017:18:15:37 +0200] "GET /gui/javascript/form_form.js?1504109737 HTTP/1.1" 200 16206 "http://ed.activities.at/entry.php?id=10271&&ser=109677" "Mozilla/5.0 (Windows NT 10.0; Win64; x64) AppleWebKit/537.36 (KHTML, like Gecko) Chrome/52.0.2743.116 Safari/537.36 Edge/15.15063"
195.245.225.251 - - [30/Aug/2017:18:16:28 +0200] "GET /entry.php?id=10271&&ser=109727 HTTP/1.1" 200 987 "http://ed.activities.at/entry.php?id=10271&&ser=109666" "Mozilla/5.0 (Macintosh; Intel Mac OS X 10_12_6) AppleWebKit/537.36 (KHTML, like Gecko) Chrome/60.0.3112.101 Safari/537.36"
195.245.225.251 - - [30/Aug/2017:18:16:29 +0200] "GET /gui/javascript/form_form.js?1504109788 HTTP/1.1" 200 16206 "http://ed.activities.at/entry.php?id=10271&&ser=109727" "Mozilla/5.0 (Macintosh; Intel Mac OS X 10_12_6) AppleWebKit/537.36 (KHTML, like Gecko) Chrome/60.0.3112.101 Safari/537.36"
93.83.181.50 - - [30/Aug/2017:18:16:37 +0200] "GET /entry.php?id=10271&&ser=109737 HTTP/1.1" 200 987 "http://ed.activities.at/entry.php?id=10271&&ser=109677" "Mozilla/5.0 (Windows NT 10.0; Win64; x64) AppleWebKit/537.36 (KHTML, like Gecko) Chrome/52.0.2743.116 Safari/537.36 Edge/15.15063"
93.83.181.50 - - [30/Aug/2017:18:16:38 +0200] "GET /gui/javascript/form_form.js?1504109798 HTTP/1.1" 200 16206 "http://ed.activities.at/entry.php?id=10271&&ser=109737" "Mozilla/5.0 (Windows NT 10.0; Win64; x64) AppleWebKit/537.36 (KHTML, like Gecko) Chrome/52.0.2743.116 Safari/537.36 Edge/15.15063"
93.83.181.50 - - [30/Aug/2017:18:16:46 +0200] "GET / HTTP/1.1" 200 382 "-" "Mozilla/5.0 (Windows NT 10.0; Win64; x64) AppleWebKit/537.36 (KHTML, like Gecko) Chrome/60.0.3112.113 Safari/537.36"
93.83.181.50 - - [30/Aug/2017:18:16:46 +0200] "GET /layout.php HTTP/1.1" 200 908 "http://ed.activities.at/" "Mozilla/5.0 (Windows NT 10.0; Win64; x64) AppleWebKit/537.36 (KHTML, like Gecko) Chrome/60.0.3112.113 Safari/537.36"
93.83.181.50 - - [30/Aug/2017:18:16:46 +0200] "GET /entry.php?id=10270 HTTP/1.1" 200 908 "http://ed.activities.at/layout.php" "Mozilla/5.0 (Windows NT 10.0; Win64; x64) AppleWebKit/537.36 (KHTML, like Gecko) Chrome/60.0.3112.113 Safari/537.36"
93.83.181.50 - - [30/Aug/2017:18:16:46 +0200] "GET /entry.php?id=10272 HTTP/1.1" 200 1189 "http://ed.activities.at/layout.php" "Mozilla/5.0 (Windows NT 10.0; Win64; x64) AppleWebKit/537.36 (KHTML, like Gecko) Chrome/60.0.3112.113 Safari/537.36"
93.83.181.50 - - [30/Aug/2017:18:16:46 +0200] "GET /gui/javascript/form_form.js?1504109806 HTTP/1.1" 200 16206 "http://ed.activities.at/entry.php?id=10270" "Mozilla/5.0 (Windows NT 10.0; Win64; x64) AppleWebKit/537.36 (KHTML, like Gecko) Chrome/60.0.3112.113 Safari/537.36"
93.83.181.50 - - [30/Aug/2017:18:16:46 +0200] "GET /entry.php?id=10273 HTTP/1.1" 200 1933 "http://ed.activities.at/layout.php" "Mozilla/5.0 (Windows NT 10.0; Win64; x64) AppleWebKit/537.36 (KHTML, like Gecko) Chrome/60.0.3112.113 Safari/537.36"
93.83.181.50 - - [30/Aug/2017:18:16:46 +0200] "GET /entry.php?id=11412 HTTP/1.1" 200 1758 "http://ed.activities.at/layout.php" "Mozilla/5.0 (Windows NT 10.0; Win64; x64) AppleWebKit/537.36 (KHTML, like Gecko) Chrome/60.0.3112.113 Safari/537.36"
93.83.181.50 - - [30/Aug/2017:18:16:46 +0200] "GET /entry.php?id=10271&UIN=80fe11944c75e4a0c0f2d86589e263d8 HTTP/1.1" 200 934 "http://ed.activities.at/entry.php?id=10272" "Mozilla/5.0 (Windows NT 10.0; Win64; x64) AppleWebKit/537.36 (KHTML, like Gecko) Chrome/60.0.3112.113 Safari/537.36"
93.83.181.50 - - [30/Aug/2017:18:16:47 +0200] "GET /gui/javascript/form_form.js?1504109807 HTTP/1.1" 200 16206 "http://ed.activities.at/entry.php?id=10271&UIN=80fe11944c75e4a0c0f2d86589e263d8" "Mozilla/5.0 (Windows NT 10.0; Win64; x64) AppleWebKit/537.36 (KHTML, like Gecko) Chrome/60.0.3112.113 Safari/537.36"
93.83.181.50 - - [30/Aug/2017:18:16:46 +0200] "GET /entry.php?id=10287 HTTP/1.1" 200 2387 "http://ed.activities.at/entry.php?id=11412" "Mozilla/5.0 (Windows NT 10.0; Win64; x64) AppleWebKit/537.36 (KHTML, like Gecko) Chrome/60.0.3112.113 Safari/537.36"
93.83.181.50 - - [30/Aug/2017:18:16:47 +0200] "GET /entry.php?id=10270& HTTP/1.1" 200 908 "http://ed.activities.at/entry.php?id=10287" "Mozilla/5.0 (Windows NT 10.0; Win64; x64) AppleWebKit/537.36 (KHTML, like Gecko) Chrome/60.0.3112.113 Safari/537.36"
93.83.181.50 - - [30/Aug/2017:18:16:47 +0200] "GET /entry.php?id=10273& HTTP/1.1" 200 1902 "http://ed.activities.at/entry.php?id=10287" "Mozilla/5.0 (Windows NT 10.0; Win64; x64) AppleWebKit/537.36 (KHTML, like Gecko) Chrome/60.0.3112.113 Safari/537.36"
93.83.181.50 - - [30/Aug/2017:18:16:50 +0200] "POST /entry.php?id=10287& HTTP/1.1" 200 2281 "http://ed.activities.at/entry.php?id=10287" "Mozilla/5.0 (Windows NT 10.0; Win64; x64) AppleWebKit/537.36 (KHTML, like Gecko) Chrome/60.0.3112.113 Safari/537.36"
93.83.181.50 - - [30/Aug/2017:18:16:50 +0200] "GET /gui/javascript/form_form.js?1504109810 HTTP/1.1" 200 16206 "http://ed.activities.at/entry.php?id=10287&" "Mozilla/5.0 (Windows NT 10.0; Win64; x64) AppleWebKit/537.36 (KHTML, like Gecko) Chrome/60.0.3112.113 Safari/537.36"
93.83.181.50 - - [30/Aug/2017:18:16:50 +0200] "GET /entry.php?id=10271&UIN=80fe11944c75e4a0c0f2d86589e263d8 HTTP/1.1" 200 988 "http://ed.activities.at/entry.php?id=10271&UIN=80fe11944c75e4a0c0f2d86589e263d8" "Mozilla/5.0 (Windows NT 10.0; Win64; x64) AppleWebKit/537.36 (KHTML, like Gecko) Chrome/60.0.3112.113 Safari/537.36"
93.83.181.50 - - [30/Aug/2017:18:16:51 +0200] "GET /gui/javascript/form_form.js?1504109811 HTTP/1.1" 200 16206 "http://ed.activities.at/entry.php?id=10271&UIN=80fe11944c75e4a0c0f2d86589e263d8" "Mozilla/5.0 (Windows NT 10.0; Win64; x64) AppleWebKit/537.36 (KHTML, like Gecko) Chrome/60.0.3112.113 Safari/537.36"
93.83.181.50 - - [30/Aug/2017:18:16:50 +0200] "GET /entry.php?id=10273& HTTP/1.1" 200 2030 "http://ed.activities.at/entry.php?id=10287&" "Mozilla/5.0 (Windows NT 10.0; Win64; x64) AppleWebKit/537.36 (KHTML, like Gecko) Chrome/60.0.3112.113 Safari/537.36"
93.83.181.50 - - [30/Aug/2017:18:16:51 +0200] "GET /framework/webfx/style/toolbar/images/cbback.gif HTTP/1.1" 404 313 "http://ed.activities.at/framework/webfx/style/toolbar/cb2.css" "Mozilla/5.0 (Windows NT 10.0; Win64; x64) AppleWebKit/537.36 (KHTML, like Gecko) Chrome/60.0.3112.113 Safari/537.36"
93.83.181.50 - - [30/Aug/2017:18:16:51 +0200] "GET /entry.php?id=10270&__app__=10006038 HTTP/1.1" 200 1649 "http://ed.activities.at/entry.php?id=10273&" "Mozilla/5.0 (Windows NT 10.0; Win64; x64) AppleWebKit/537.36 (KHTML, like Gecko) Chrome/60.0.3112.113 Safari/537.36"
93.83.181.50 - - [30/Aug/2017:18:16:51 +0200] "GET /undefined HTTP/1.1" 404 283 "http://ed.activities.at/entry.php?id=10270&__app__=10006038" "Mozilla/5.0 (Windows NT 10.0; Win64; x64) AppleWebKit/537.36 (KHTML, like Gecko) Chrome/60.0.3112.113 Safari/537.36"
93.83.181.50 - - [30/Aug/2017:18:16:54 +0200] "POST /entry.php?id=10287& HTTP/1.1" 200 2248 "http://ed.activities.at/entry.php?id=10287&" "Mozilla/5.0 (Windows NT 10.0; Win64; x64) AppleWebKit/537.36 (KHTML, like Gecko) Chrome/60.0.3112.113 Safari/537.36"
93.83.181.50 - - [30/Aug/2017:18:16:54 +0200] "GET /gui/javascript/form_form.js?1504109814 HTTP/1.1" 200 16206 "http://ed.activities.at/entry.php?id=10287&" "Mozilla/5.0 (Windows NT 10.0; Win64; x64) AppleWebKit/537.36 (KHTML, like Gecko) Chrome/60.0.3112.113 Safari/537.36"
93.83.181.50 - - [30/Aug/2017:18:16:54 +0200] "GET /entry.php?id=10271&UIN=80fe11944c75e4a0c0f2d86589e263d8 HTTP/1.1" 200 987 "http://ed.activities.at/entry.php?id=10271&UIN=80fe11944c75e4a0c0f2d86589e263d8" "Mozilla/5.0 (Windows NT 10.0; Win64; x64) AppleWebKit/537.36 (KHTML, like Gecko) Chrome/60.0.3112.113 Safari/537.36"
93.83.181.50 - - [30/Aug/2017:18:16:55 +0200] "GET /gui/javascript/form_form.js?1504109815 HTTP/1.1" 200 16206 "http://ed.activities.at/entry.php?id=10271&UIN=80fe11944c75e4a0c0f2d86589e263d8" "Mozilla/5.0 (Windows NT 10.0; Win64; x64) AppleWebKit/537.36 (KHTML, like Gecko) Chrome/60.0.3112.113 Safari/537.36"
93.83.181.50 - - [30/Aug/2017:18:16:56 +0200] "GET /entry.php?id=11673 HTTP/1.1" 200 358 "http://ed.activities.at/entry.php?id=10270&__app__=10006038" "Mozilla/5.0 (Windows NT 10.0; Win64; x64) AppleWebKit/537.36 (KHTML, like Gecko) Chrome/60.0.3112.113 Safari/537.36"
93.83.181.50 - - [30/Aug/2017:18:16:56 +0200] "GET /entry.php?id=10676&&title=F%FChrerscheinkurse HTTP/1.1" 200 1393 "http://ed.activities.at/entry.php?id=11673" "Mozilla/5.0 (Windows NT 10.0; Win64; x64) AppleWebKit/537.36 (KHTML, like Gecko) Chrome/60.0.3112.113 Safari/537.36"
93.83.181.50 - - [30/Aug/2017:18:16:56 +0200] "GET /gui/javascript/form_form.js?1504109816 HTTP/1.1" 200 16206 "http://ed.activities.at/entry.php?id=10676&&title=F%FChrerscheinkurse" "Mozilla/5.0 (Windows NT 10.0; Win64; x64) AppleWebKit/537.36 (KHTML, like Gecko) Chrome/60.0.3112.113 Safari/537.36"
93.83.181.50 - - [30/Aug/2017:18:16:56 +0200] "GET /entry.php?id=11694& HTTP/1.1" 200 3484 "http://ed.activities.at/entry.php?id=11673" "Mozilla/5.0 (Windows NT 10.0; Win64; x64) AppleWebKit/537.36 (KHTML, like Gecko) Chrome/60.0.3112.113 Safari/537.36"
93.83.181.50 - - [30/Aug/2017:18:16:57 +0200] "GET /activities/framework/KoolControls/KoolAjax/koolajax.php?8436e354c842500aba3cbaf0584c0c24 HTTP/1.1" 200 4079 "http://ed.activities.at/entry.php?id=11694&" "Mozilla/5.0 (Windows NT 10.0; Win64; x64) AppleWebKit/537.36 (KHTML, like Gecko) Chrome/60.0.3112.113 Safari/537.36"
93.83.181.50 - - [30/Aug/2017:18:16:57 +0200] "GET /gui/javascript/form_form.js?1504109817 HTTP/1.1" 200 16206 "http://ed.activities.at/entry.php?id=11694&" "Mozilla/5.0 (Windows NT 10.0; Win64; x64) AppleWebKit/537.36 (KHTML, like Gecko) Chrome/60.0.3112.113 Safari/537.36"
93.83.181.50 - - [30/Aug/2017:18:16:57 +0200] "GET /activities/framework/KoolControls/KoolTreeView/kooltreeview.php?c7cd9180e88ffef8e70f13526bb4f5f7 HTTP/1.1" 200 5055 "http://ed.activities.at/entry.php?id=11694&" "Mozilla/5.0 (Windows NT 10.0; Win64; x64) AppleWebKit/537.36 (KHTML, like Gecko) Chrome/60.0.3112.113 Safari/537.36"
93.83.181.50 - - [30/Aug/2017:18:16:56 +0200] "GET /entry.php?id=11672& HTTP/1.1" 200 2736 "http://ed.activities.at/entry.php?id=11673" "Mozilla/5.0 (Windows NT 10.0; Win64; x64) AppleWebKit/537.36 (KHTML, like Gecko) Chrome/60.0.3112.113 Safari/537.36"
93.83.181.50 - - [30/Aug/2017:18:16:58 +0200] "GET /gui/javascript/form_form.js?1504109818 HTTP/1.1" 200 16206 "http://ed.activities.at/entry.php?id=11672&" "Mozilla/5.0 (Windows NT 10.0; Win64; x64) AppleWebKit/537.36 (KHTML, like Gecko) Chrome/60.0.3112.113 Safari/537.36"
93.83.181.50 - - [30/Aug/2017:18:16:56 +0200] "GET /entry.php?id=11671& HTTP/1.1" 200 4537 "http://ed.activities.at/entry.php?id=11673" "Mozilla/5.0 (Windows NT 10.0; Win64; x64) AppleWebKit/537.36 (KHTML, like Gecko) Chrome/60.0.3112.113 Safari/537.36"
93.83.181.50 - - [30/Aug/2017:18:16:59 +0200] "GET /gui/javascript/form_form.js?1504109819 HTTP/1.1" 200 16206 "http://ed.activities.at/entry.php?id=11671&" "Mozilla/5.0 (Windows NT 10.0; Win64; x64) AppleWebKit/537.36 (KHTML, like Gecko) Chrome/60.0.3112.113 Safari/537.36"
93.83.181.50 - - [30/Aug/2017:18:16:58 +0200] "GET /entry.php?id=10776&form=11497&name=list& HTTP/1.1" 200 1943 "http://ed.activities.at/entry.php?id=11672&" "Mozilla/5.0 (Windows NT 10.0; Win64; x64) AppleWebKit/537.36 (KHTML, like Gecko) Chrome/60.0.3112.113 Safari/537.36"
93.83.181.50 - - [30/Aug/2017:18:16:58 +0200] "GET /entry.php?id=10777&form=11497&name=list& HTTP/1.1" 200 1340 "http://ed.activities.at/entry.php?id=11672&" "Mozilla/5.0 (Windows NT 10.0; Win64; x64) AppleWebKit/537.36 (KHTML, like Gecko) Chrome/60.0.3112.113 Safari/537.36"
93.83.181.50 - - [30/Aug/2017:18:16:59 +0200] "GET /entry.php?id=10778&form=11496&name=list& HTTP/1.1" 200 2493 "http://ed.activities.at/entry.php?id=11671&" "Mozilla/5.0 (Windows NT 10.0; Win64; x64) AppleWebKit/537.36 (KHTML, like Gecko) Chrome/60.0.3112.113 Safari/537.36"
93.83.181.50 - - [30/Aug/2017:18:16:59 +0200] "GET /entry.php?id=10776&form=11496&name=list& HTTP/1.1" 200 1526 "http://ed.activities.at/entry.php?id=11671&" "Mozilla/5.0 (Windows NT 10.0; Win64; x64) AppleWebKit/537.36 (KHTML, like Gecko) Chrome/60.0.3112.113 Safari/537.36"
93.83.181.50 - - [30/Aug/2017:18:16:58 +0200] "GET /entry.php?id=10778&form=11497&name=list& HTTP/1.1" 200 17037 "http://ed.activities.at/entry.php?id=11672&" "Mozilla/5.0 (Windows NT 10.0; Win64; x64) AppleWebKit/537.36 (KHTML, like Gecko) Chrome/60.0.3112.113 Safari/537.36"
195.245.225.251 - - [30/Aug/2017:18:17:29 +0200] "GET /entry.php?id=10271&&ser=109788 HTTP/1.1" 200 987 "http://ed.activities.at/entry.php?id=10271&&ser=109727" "Mozilla/5.0 (Macintosh; Intel Mac OS X 10_12_6) AppleWebKit/537.36 (KHTML, like Gecko) Chrome/60.0.3112.101 Safari/537.36"
195.245.225.251 - - [30/Aug/2017:18:17:30 +0200] "GET /gui/javascript/form_form.js?1504109849 HTTP/1.1" 200 16206 "http://ed.activities.at/entry.php?id=10271&&ser=109788" "Mozilla/5.0 (Macintosh; Intel Mac OS X 10_12_6) AppleWebKit/537.36 (KHTML, like Gecko) Chrome/60.0.3112.101 Safari/537.36"
93.83.181.50 - - [30/Aug/2017:18:17:38 +0200] "GET /entry.php?id=10271&&ser=109798 HTTP/1.1" 200 986 "http://ed.activities.at/entry.php?id=10271&&ser=109737" "Mozilla/5.0 (Windows NT 10.0; Win64; x64) AppleWebKit/537.36 (KHTML, like Gecko) Chrome/52.0.2743.116 Safari/537.36 Edge/15.15063"
93.83.181.50 - - [30/Aug/2017:18:17:38 +0200] "GET /gui/javascript/form_form.js?1504109858 HTTP/1.1" 200 16206 "http://ed.activities.at/entry.php?id=10271&&ser=109798" "Mozilla/5.0 (Windows NT 10.0; Win64; x64) AppleWebKit/537.36 (KHTML, like Gecko) Chrome/52.0.2743.116 Safari/537.36 Edge/15.15063"
93.83.181.50 - - [30/Aug/2017:18:17:41 +0200] "POST /entry.php?id=11671 HTTP/1.1" 200 4814 "http://ed.activities.at/entry.php?id=11671&" "Mozilla/5.0 (Windows NT 10.0; Win64; x64) AppleWebKit/537.36 (KHTML, like Gecko) Chrome/60.0.3112.113 Safari/537.36"
93.83.181.50 - - [30/Aug/2017:18:17:42 +0200] "GET /gui/javascript/form_form.js?1504109862 HTTP/1.1" 200 16206 "http://ed.activities.at/entry.php?id=11671" "Mozilla/5.0 (Windows NT 10.0; Win64; x64) AppleWebKit/537.36 (KHTML, like Gecko) Chrome/60.0.3112.113 Safari/537.36"
93.83.181.50 - - [30/Aug/2017:18:17:42 +0200] "GET /entry.php?id=10776&form=11496&name=list& HTTP/1.1" 200 1519 "http://ed.activities.at/entry.php?id=11671" "Mozilla/5.0 (Windows NT 10.0; Win64; x64) AppleWebKit/537.36 (KHTML, like Gecko) Chrome/60.0.3112.113 Safari/537.36"
93.83.181.50 - - [30/Aug/2017:18:17:42 +0200] "GET /entry.php?id=10778&form=11496&name=list& HTTP/1.1" 200 5579 "http://ed.activities.at/entry.php?id=11671" "Mozilla/5.0 (Windows NT 10.0; Win64; x64) AppleWebKit/537.36 (KHTML, like Gecko) Chrome/60.0.3112.113 Safari/537.36"
