195.245.225.251 - - [30/Aug/2017:18:55:08 +0200] "GET /gui/javascript/form_form.js?1504112108 HTTP/1.1" 200 16206 "http://ed.activities.at/entry.php?id=10271&&ser=112047" "Mozilla/5.0 (Macintosh; Intel Mac OS X 10_12_6) AppleWebKit/537.36 (KHTML, like Gecko) Chrome/60.0.3112.101 Safari/537.36"
93.83.181.50 - - [30/Aug/2017:18:55:08 +0200] "GET /entry.php?id=10271&&ser=112047 HTTP/1.1" 200 987 "http://ed.activities.at/entry.php?id=10271&&ser=111986" "Mozilla/5.0 (Windows NT 10.0; Win64; x64) AppleWebKit/537.36 (KHTML, like Gecko) Chrome/52.0.2743.116 Safari/537.36 Edge/15.15063"
93.83.181.50 - - [30/Aug/2017:18:55:09 +0200] "GET /gui/javascript/form_form.js?1504112108 HTTP/1.1" 200 16206 "http://ed.activities.at/entry.php?id=10271&&ser=112047" "Mozilla/5.0 (Windows NT 10.0; Win64; x64) AppleWebKit/537.36 (KHTML, like Gecko) Chrome/52.0.2743.116 Safari/537.36 Edge/15.15063"
195.245.225.251 - - [30/Aug/2017:18:56:09 +0200] "GET /entry.php?id=10271&&ser=112108 HTTP/1.1" 200 987 "http://ed.activities.at/entry.php?id=10271&&ser=112047" "Mozilla/5.0 (Macintosh; Intel Mac OS X 10_12_6) AppleWebKit/537.36 (KHTML, like Gecko) Chrome/60.0.3112.101 Safari/537.36"
195.245.225.251 - - [30/Aug/2017:18:56:09 +0200] "GET /gui/javascript/form_form.js?1504112169 HTTP/1.1" 200 16206 "http://ed.activities.at/entry.php?id=10271&&ser=112108" "Mozilla/5.0 (Macintosh; Intel Mac OS X 10_12_6) AppleWebKit/537.36 (KHTML, like Gecko) Chrome/60.0.3112.101 Safari/537.36"
93.83.181.50 - - [30/Aug/2017:18:56:09 +0200] "GET /entry.php?id=10271&&ser=112108 HTTP/1.1" 200 987 "http://ed.activities.at/entry.php?id=10271&&ser=112047" "Mozilla/5.0 (Windows NT 10.0; Win64; x64) AppleWebKit/537.36 (KHTML, like Gecko) Chrome/52.0.2743.116 Safari/537.36 Edge/15.15063"
93.83.181.50 - - [30/Aug/2017:18:56:10 +0200] "GET /gui/javascript/form_form.js?1504112169 HTTP/1.1" 200 16206 "http://ed.activities.at/entry.php?id=10271&&ser=112108" "Mozilla/5.0 (Windows NT 10.0; Win64; x64) AppleWebKit/537.36 (KHTML, like Gecko) Chrome/52.0.2743.116 Safari/537.36 Edge/15.15063"
195.245.225.251 - - [30/Aug/2017:18:57:10 +0200] "GET /entry.php?id=10271&&ser=112169 HTTP/1.1" 200 987 "http://ed.activities.at/entry.php?id=10271&&ser=112108" "Mozilla/5.0 (Macintosh; Intel Mac OS X 10_12_6) AppleWebKit/537.36 (KHTML, like Gecko) Chrome/60.0.3112.101 Safari/537.36"
195.245.225.251 - - [30/Aug/2017:18:57:10 +0200] "GET /gui/javascript/form_form.js?1504112230 HTTP/1.1" 200 16206 "http://ed.activities.at/entry.php?id=10271&&ser=112169" "Mozilla/5.0 (Macintosh; Intel Mac OS X 10_12_6) AppleWebKit/537.36 (KHTML, like Gecko) Chrome/60.0.3112.101 Safari/537.36"
93.83.181.50 - - [30/Aug/2017:18:57:10 +0200] "GET /entry.php?id=10271&&ser=112169 HTTP/1.1" 200 987 "http://ed.activities.at/entry.php?id=10271&&ser=112108" "Mozilla/5.0 (Windows NT 10.0; Win64; x64) AppleWebKit/537.36 (KHTML, like Gecko) Chrome/52.0.2743.116 Safari/537.36 Edge/15.15063"
93.83.181.50 - - [30/Aug/2017:18:57:11 +0200] "GET /gui/javascript/form_form.js?1504112230 HTTP/1.1" 200 16206 "http://ed.activities.at/entry.php?id=10271&&ser=112169" "Mozilla/5.0 (Windows NT 10.0; Win64; x64) AppleWebKit/537.36 (KHTML, like Gecko) Chrome/52.0.2743.116 Safari/537.36 Edge/15.15063"
195.245.225.251 - - [30/Aug/2017:18:58:11 +0200] "GET /entry.php?id=10271&&ser=112230 HTTP/1.1" 200 987 "http://ed.activities.at/entry.php?id=10271&&ser=112169" "Mozilla/5.0 (Macintosh; Intel Mac OS X 10_12_6) AppleWebKit/537.36 (KHTML, like Gecko) Chrome/60.0.3112.101 Safari/537.36"
195.245.225.251 - - [30/Aug/2017:18:58:11 +0200] "GET /gui/javascript/form_form.js?1504112291 HTTP/1.1" 200 16206 "http://ed.activities.at/entry.php?id=10271&&ser=112230" "Mozilla/5.0 (Macintosh; Intel Mac OS X 10_12_6) AppleWebKit/537.36 (KHTML, like Gecko) Chrome/60.0.3112.101 Safari/537.36"
93.83.181.50 - - [30/Aug/2017:18:58:11 +0200] "GET /entry.php?id=10271&&ser=112230 HTTP/1.1" 200 987 "http://ed.activities.at/entry.php?id=10271&&ser=112169" "Mozilla/5.0 (Windows NT 10.0; Win64; x64) AppleWebKit/537.36 (KHTML, like Gecko) Chrome/52.0.2743.116 Safari/537.36 Edge/15.15063"
93.83.181.50 - - [30/Aug/2017:18:58:12 +0200] "GET /gui/javascript/form_form.js?1504112291 HTTP/1.1" 200 16206 "http://ed.activities.at/entry.php?id=10271&&ser=112230" "Mozilla/5.0 (Windows NT 10.0; Win64; x64) AppleWebKit/537.36 (KHTML, like Gecko) Chrome/52.0.2743.116 Safari/537.36 Edge/15.15063"
195.245.225.251 - - [30/Aug/2017:18:59:12 +0200] "GET /entry.php?id=10271&&ser=112291 HTTP/1.1" 200 987 "http://ed.activities.at/entry.php?id=10271&&ser=112230" "Mozilla/5.0 (Macintosh; Intel Mac OS X 10_12_6) AppleWebKit/537.36 (KHTML, like Gecko) Chrome/60.0.3112.101 Safari/537.36"
195.245.225.251 - - [30/Aug/2017:18:59:12 +0200] "GET /gui/javascript/form_form.js?1504112352 HTTP/1.1" 200 16206 "http://ed.activities.at/entry.php?id=10271&&ser=112291" "Mozilla/5.0 (Macintosh; Intel Mac OS X 10_12_6) AppleWebKit/537.36 (KHTML, like Gecko) Chrome/60.0.3112.101 Safari/537.36"
93.83.181.50 - - [30/Aug/2017:18:59:12 +0200] "GET /entry.php?id=10271&&ser=112291 HTTP/1.1" 200 987 "http://ed.activities.at/entry.php?id=10271&&ser=112230" "Mozilla/5.0 (Windows NT 10.0; Win64; x64) AppleWebKit/537.36 (KHTML, like Gecko) Chrome/52.0.2743.116 Safari/537.36 Edge/15.15063"
93.83.181.50 - - [30/Aug/2017:18:59:13 +0200] "GET /gui/javascript/form_form.js?1504112352 HTTP/1.1" 200 16206 "http://ed.activities.at/entry.php?id=10271&&ser=112291" "Mozilla/5.0 (Windows NT 10.0; Win64; x64) AppleWebKit/537.36 (KHTML, like Gecko) Chrome/52.0.2743.116 Safari/537.36 Edge/15.15063"
195.245.225.251 - - [30/Aug/2017:19:00:13 +0200] "GET /entry.php?id=10271&&ser=112352 HTTP/1.1" 200 987 "http://ed.activities.at/entry.php?id=10271&&ser=112291" "Mozilla/5.0 (Macintosh; Intel Mac OS X 10_12_6) AppleWebKit/537.36 (KHTML, like Gecko) Chrome/60.0.3112.101 Safari/537.36"
93.83.181.50 - - [30/Aug/2017:19:00:13 +0200] "GET /entry.php?id=10271&&ser=112352 HTTP/1.1" 200 987 "http://ed.activities.at/entry.php?id=10271&&ser=112291" "Mozilla/5.0 (Windows NT 10.0; Win64; x64) AppleWebKit/537.36 (KHTML, like Gecko) Chrome/52.0.2743.116 Safari/537.36 Edge/15.15063"
93.83.181.50 - - [30/Aug/2017:19:00:14 +0200] "GET /gui/javascript/form_form.js?1504112413 HTTP/1.1" 200 16206 "http://ed.activities.at/entry.php?id=10271&&ser=112352" "Mozilla/5.0 (Windows NT 10.0; Win64; x64) AppleWebKit/537.36 (KHTML, like Gecko) Chrome/52.0.2743.116 Safari/537.36 Edge/15.15063"
195.245.225.251 - - [30/Aug/2017:19:00:14 +0200] "GET /gui/javascript/form_form.js?1504112413 HTTP/1.1" 200 16206 "http://ed.activities.at/entry.php?id=10271&&ser=112352" "Mozilla/5.0 (Macintosh; Intel Mac OS X 10_12_6) AppleWebKit/537.36 (KHTML, like Gecko) Chrome/60.0.3112.101 Safari/537.36"
93.83.181.50 - - [30/Aug/2017:19:01:15 +0200] "GET /entry.php?id=10271&&ser=112413 HTTP/1.1" 200 987 "http://ed.activities.at/entry.php?id=10271&&ser=112352" "Mozilla/5.0 (Windows NT 10.0; Win64; x64) AppleWebKit/537.36 (KHTML, like Gecko) Chrome/52.0.2743.116 Safari/537.36 Edge/15.15063"
195.245.225.251 - - [30/Aug/2017:19:01:15 +0200] "GET /entry.php?id=10271&&ser=112413 HTTP/1.1" 200 987 "http://ed.activities.at/entry.php?id=10271&&ser=112352" "Mozilla/5.0 (Macintosh; Intel Mac OS X 10_12_6) AppleWebKit/537.36 (KHTML, like Gecko) Chrome/60.0.3112.101 Safari/537.36"
93.83.181.50 - - [30/Aug/2017:19:01:15 +0200] "GET /gui/javascript/form_form.js?1504112475 HTTP/1.1" 200 16206 "http://ed.activities.at/entry.php?id=10271&&ser=112413" "Mozilla/5.0 (Windows NT 10.0; Win64; x64) AppleWebKit/537.36 (KHTML, like Gecko) Chrome/52.0.2743.116 Safari/537.36 Edge/15.15063"
195.245.225.251 - - [30/Aug/2017:19:01:15 +0200] "GET /gui/javascript/form_form.js?1504112475 HTTP/1.1" 200 16206 "http://ed.activities.at/entry.php?id=10271&&ser=112413" "Mozilla/5.0 (Macintosh; Intel Mac OS X 10_12_6) AppleWebKit/537.36 (KHTML, like Gecko) Chrome/60.0.3112.101 Safari/537.36"
93.83.181.50 - - [30/Aug/2017:19:02:15 +0200] "GET /entry.php?id=10271&&ser=112475 HTTP/1.1" 200 988 "http://ed.activities.at/entry.php?id=10271&&ser=112413" "Mozilla/5.0 (Windows NT 10.0; Win64; x64) AppleWebKit/537.36 (KHTML, like Gecko) Chrome/52.0.2743.116 Safari/537.36 Edge/15.15063"
93.83.181.50 - - [30/Aug/2017:19:02:16 +0200] "GET /gui/javascript/form_form.js?1504112535 HTTP/1.1" 200 16206 "http://ed.activities.at/entry.php?id=10271&&ser=112475" "Mozilla/5.0 (Windows NT 10.0; Win64; x64) AppleWebKit/537.36 (KHTML, like Gecko) Chrome/52.0.2743.116 Safari/537.36 Edge/15.15063"
195.245.225.251 - - [30/Aug/2017:19:02:16 +0200] "GET /entry.php?id=10271&&ser=112475 HTTP/1.1" 200 987 "http://ed.activities.at/entry.php?id=10271&&ser=112413" "Mozilla/5.0 (Macintosh; Intel Mac OS X 10_12_6) AppleWebKit/537.36 (KHTML, like Gecko) Chrome/60.0.3112.101 Safari/537.36"
195.245.225.251 - - [30/Aug/2017:19:02:16 +0200] "GET /gui/javascript/form_form.js?1504112536 HTTP/1.1" 200 16206 "http://ed.activities.at/entry.php?id=10271&&ser=112475" "Mozilla/5.0 (Macintosh; Intel Mac OS X 10_12_6) AppleWebKit/537.36 (KHTML, like Gecko) Chrome/60.0.3112.101 Safari/537.36"
93.83.181.50 - - [30/Aug/2017:19:03:16 +0200] "GET /entry.php?id=10271&&ser=112535 HTTP/1.1" 200 987 "http://ed.activities.at/entry.php?id=10271&&ser=112475" "Mozilla/5.0 (Windows NT 10.0; Win64; x64) AppleWebKit/537.36 (KHTML, like Gecko) Chrome/52.0.2743.116 Safari/537.36 Edge/15.15063"
93.83.181.50 - - [30/Aug/2017:19:03:16 +0200] "GET /gui/javascript/form_form.js?1504112596 HTTP/1.1" 200 16206 "http://ed.activities.at/entry.php?id=10271&&ser=112535" "Mozilla/5.0 (Windows NT 10.0; Win64; x64) AppleWebKit/537.36 (KHTML, like Gecko) Chrome/52.0.2743.116 Safari/537.36 Edge/15.15063"
195.245.225.251 - - [30/Aug/2017:19:03:17 +0200] "GET /entry.php?id=10271&&ser=112536 HTTP/1.1" 200 987 "http://ed.activities.at/entry.php?id=10271&&ser=112475" "Mozilla/5.0 (Macintosh; Intel Mac OS X 10_12_6) AppleWebKit/537.36 (KHTML, like Gecko) Chrome/60.0.3112.101 Safari/537.36"
195.245.225.251 - - [30/Aug/2017:19:03:18 +0200] "GET /gui/javascript/form_form.js?1504112597 HTTP/1.1" 200 16206 "http://ed.activities.at/entry.php?id=10271&&ser=112536" "Mozilla/5.0 (Macintosh; Intel Mac OS X 10_12_6) AppleWebKit/537.36 (KHTML, like Gecko) Chrome/60.0.3112.101 Safari/537.36"
93.83.181.50 - - [30/Aug/2017:19:04:17 +0200] "GET /entry.php?id=10271&&ser=112596 HTTP/1.1" 200 987 "http://ed.activities.at/entry.php?id=10271&&ser=112535" "Mozilla/5.0 (Windows NT 10.0; Win64; x64) AppleWebKit/537.36 (KHTML, like Gecko) Chrome/52.0.2743.116 Safari/537.36 Edge/15.15063"
93.83.181.50 - - [30/Aug/2017:19:04:18 +0200] "GET /gui/javascript/form_form.js?1504112657 HTTP/1.1" 200 16206 "http://ed.activities.at/entry.php?id=10271&&ser=112596" "Mozilla/5.0 (Windows NT 10.0; Win64; x64) AppleWebKit/537.36 (KHTML, like Gecko) Chrome/52.0.2743.116 Safari/537.36 Edge/15.15063"
195.245.225.251 - - [30/Aug/2017:19:04:18 +0200] "GET /entry.php?id=10271&&ser=112597 HTTP/1.1" 200 987 "http://ed.activities.at/entry.php?id=10271&&ser=112536" "Mozilla/5.0 (Macintosh; Intel Mac OS X 10_12_6) AppleWebKit/537.36 (KHTML, like Gecko) Chrome/60.0.3112.101 Safari/537.36"
195.245.225.251 - - [30/Aug/2017:19:04:18 +0200] "GET /gui/javascript/form_form.js?1504112658 HTTP/1.1" 200 16206 "http://ed.activities.at/entry.php?id=10271&&ser=112597" "Mozilla/5.0 (Macintosh; Intel Mac OS X 10_12_6) AppleWebKit/537.36 (KHTML, like Gecko) Chrome/60.0.3112.101 Safari/537.36"
93.83.181.50 - - [30/Aug/2017:19:05:18 +0200] "GET /entry.php?id=10271&&ser=112657 HTTP/1.1" 200 987 "http://ed.activities.at/entry.php?id=10271&&ser=112596" "Mozilla/5.0 (Windows NT 10.0; Win64; x64) AppleWebKit/537.36 (KHTML, like Gecko) Chrome/52.0.2743.116 Safari/537.36 Edge/15.15063"
93.83.181.50 - - [30/Aug/2017:19:05:19 +0200] "GET /gui/javascript/form_form.js?1504112718 HTTP/1.1" 200 16206 "http://ed.activities.at/entry.php?id=10271&&ser=112657" "Mozilla/5.0 (Windows NT 10.0; Win64; x64) AppleWebKit/537.36 (KHTML, like Gecko) Chrome/52.0.2743.116 Safari/537.36 Edge/15.15063"
195.245.225.251 - - [30/Aug/2017:19:05:19 +0200] "GET /entry.php?id=10271&&ser=112658 HTTP/1.1" 200 987 "http://ed.activities.at/entry.php?id=10271&&ser=112597" "Mozilla/5.0 (Macintosh; Intel Mac OS X 10_12_6) AppleWebKit/537.36 (KHTML, like Gecko) Chrome/60.0.3112.101 Safari/537.36"
195.245.225.251 - - [30/Aug/2017:19:05:19 +0200] "GET /gui/javascript/form_form.js?1504112719 HTTP/1.1" 200 16206 "http://ed.activities.at/entry.php?id=10271&&ser=112658" "Mozilla/5.0 (Macintosh; Intel Mac OS X 10_12_6) AppleWebKit/537.36 (KHTML, like Gecko) Chrome/60.0.3112.101 Safari/537.36"
93.83.181.50 - - [30/Aug/2017:19:06:19 +0200] "GET /entry.php?id=10271&&ser=112718 HTTP/1.1" 200 987 "http://ed.activities.at/entry.php?id=10271&&ser=112657" "Mozilla/5.0 (Windows NT 10.0; Win64; x64) AppleWebKit/537.36 (KHTML, like Gecko) Chrome/52.0.2743.116 Safari/537.36 Edge/15.15063"
93.83.181.50 - - [30/Aug/2017:19:06:20 +0200] "GET /gui/javascript/form_form.js?1504112779 HTTP/1.1" 200 16206 "http://ed.activities.at/entry.php?id=10271&&ser=112718" "Mozilla/5.0 (Windows NT 10.0; Win64; x64) AppleWebKit/537.36 (KHTML, like Gecko) Chrome/52.0.2743.116 Safari/537.36 Edge/15.15063"
195.245.225.251 - - [30/Aug/2017:19:06:20 +0200] "GET /entry.php?id=10271&&ser=112719 HTTP/1.1" 200 987 "http://ed.activities.at/entry.php?id=10271&&ser=112658" "Mozilla/5.0 (Macintosh; Intel Mac OS X 10_12_6) AppleWebKit/537.36 (KHTML, like Gecko) Chrome/60.0.3112.101 Safari/537.36"
195.245.225.251 - - [30/Aug/2017:19:06:20 +0200] "GET /gui/javascript/form_form.js?1504112780 HTTP/1.1" 200 16206 "http://ed.activities.at/entry.php?id=10271&&ser=112719" "Mozilla/5.0 (Macintosh; Intel Mac OS X 10_12_6) AppleWebKit/537.36 (KHTML, like Gecko) Chrome/60.0.3112.101 Safari/537.36"
93.83.181.50 - - [30/Aug/2017:19:07:20 +0200] "GET /entry.php?id=10271&&ser=112779 HTTP/1.1" 200 987 "http://ed.activities.at/entry.php?id=10271&&ser=112718" "Mozilla/5.0 (Windows NT 10.0; Win64; x64) AppleWebKit/537.36 (KHTML, like Gecko) Chrome/52.0.2743.116 Safari/537.36 Edge/15.15063"
93.83.181.50 - - [30/Aug/2017:19:07:20 +0200] "GET /gui/javascript/form_form.js?1504112840 HTTP/1.1" 200 16206 "http://ed.activities.at/entry.php?id=10271&&ser=112779" "Mozilla/5.0 (Windows NT 10.0; Win64; x64) AppleWebKit/537.36 (KHTML, like Gecko) Chrome/52.0.2743.116 Safari/537.36 Edge/15.15063"
195.245.225.251 - - [30/Aug/2017:19:07:21 +0200] "GET /entry.php?id=10271&&ser=112780 HTTP/1.1" 200 986 "http://ed.activities.at/entry.php?id=10271&&ser=112719" "Mozilla/5.0 (Macintosh; Intel Mac OS X 10_12_6) AppleWebKit/537.36 (KHTML, like Gecko) Chrome/60.0.3112.101 Safari/537.36"
195.245.225.251 - - [30/Aug/2017:19:07:21 +0200] "GET /gui/javascript/form_form.js?1504112841 HTTP/1.1" 200 16206 "http://ed.activities.at/entry.php?id=10271&&ser=112780" "Mozilla/5.0 (Macintosh; Intel Mac OS X 10_12_6) AppleWebKit/537.36 (KHTML, like Gecko) Chrome/60.0.3112.101 Safari/537.36"
93.83.181.50 - - [30/Aug/2017:19:08:21 +0200] "GET /entry.php?id=10271&&ser=112840 HTTP/1.1" 200 986 "http://ed.activities.at/entry.php?id=10271&&ser=112779" "Mozilla/5.0 (Windows NT 10.0; Win64; x64) AppleWebKit/537.36 (KHTML, like Gecko) Chrome/52.0.2743.116 Safari/537.36 Edge/15.15063"
93.83.181.50 - - [30/Aug/2017:19:08:22 +0200] "GET /gui/javascript/form_form.js?1504112901 HTTP/1.1" 200 16206 "http://ed.activities.at/entry.php?id=10271&&ser=112840" "Mozilla/5.0 (Windows NT 10.0; Win64; x64) AppleWebKit/537.36 (KHTML, like Gecko) Chrome/52.0.2743.116 Safari/537.36 Edge/15.15063"
195.245.225.251 - - [30/Aug/2017:19:08:22 +0200] "GET /entry.php?id=10271&&ser=112841 HTTP/1.1" 200 987 "http://ed.activities.at/entry.php?id=10271&&ser=112780" "Mozilla/5.0 (Macintosh; Intel Mac OS X 10_12_6) AppleWebKit/537.36 (KHTML, like Gecko) Chrome/60.0.3112.101 Safari/537.36"
195.245.225.251 - - [30/Aug/2017:19:08:22 +0200] "GET /gui/javascript/form_form.js?1504112902 HTTP/1.1" 200 16206 "http://ed.activities.at/entry.php?id=10271&&ser=112841" "Mozilla/5.0 (Macintosh; Intel Mac OS X 10_12_6) AppleWebKit/537.36 (KHTML, like Gecko) Chrome/60.0.3112.101 Safari/537.36"
93.83.181.50 - - [30/Aug/2017:19:09:22 +0200] "GET /entry.php?id=10271&&ser=112901 HTTP/1.1" 200 988 "http://ed.activities.at/entry.php?id=10271&&ser=112840" "Mozilla/5.0 (Windows NT 10.0; Win64; x64) AppleWebKit/537.36 (KHTML, like Gecko) Chrome/52.0.2743.116 Safari/537.36 Edge/15.15063"
93.83.181.50 - - [30/Aug/2017:19:09:23 +0200] "GET /gui/javascript/form_form.js?1504112962 HTTP/1.1" 200 16206 "http://ed.activities.at/entry.php?id=10271&&ser=112901" "Mozilla/5.0 (Windows NT 10.0; Win64; x64) AppleWebKit/537.36 (KHTML, like Gecko) Chrome/52.0.2743.116 Safari/537.36 Edge/15.15063"
195.245.225.251 - - [30/Aug/2017:19:09:23 +0200] "GET /entry.php?id=10271&&ser=112902 HTTP/1.1" 200 987 "http://ed.activities.at/entry.php?id=10271&&ser=112841" "Mozilla/5.0 (Macintosh; Intel Mac OS X 10_12_6) AppleWebKit/537.36 (KHTML, like Gecko) Chrome/60.0.3112.101 Safari/537.36"
195.245.225.251 - - [30/Aug/2017:19:09:23 +0200] "GET /gui/javascript/form_form.js?1504112963 HTTP/1.1" 200 16206 "http://ed.activities.at/entry.php?id=10271&&ser=112902" "Mozilla/5.0 (Macintosh; Intel Mac OS X 10_12_6) AppleWebKit/537.36 (KHTML, like Gecko) Chrome/60.0.3112.101 Safari/537.36"
93.83.181.50 - - [30/Aug/2017:19:10:23 +0200] "GET /entry.php?id=10271&&ser=112962 HTTP/1.1" 200 986 "http://ed.activities.at/entry.php?id=10271&&ser=112901" "Mozilla/5.0 (Windows NT 10.0; Win64; x64) AppleWebKit/537.36 (KHTML, like Gecko) Chrome/52.0.2743.116 Safari/537.36 Edge/15.15063"
93.83.181.50 - - [30/Aug/2017:19:10:24 +0200] "GET /gui/javascript/form_form.js?1504113023 HTTP/1.1" 200 16206 "http://ed.activities.at/entry.php?id=10271&&ser=112962" "Mozilla/5.0 (Windows NT 10.0; Win64; x64) AppleWebKit/537.36 (KHTML, like Gecko) Chrome/52.0.2743.116 Safari/537.36 Edge/15.15063"
195.245.225.251 - - [30/Aug/2017:19:10:24 +0200] "GET /entry.php?id=10271&&ser=112963 HTTP/1.1" 200 986 "http://ed.activities.at/entry.php?id=10271&&ser=112902" "Mozilla/5.0 (Macintosh; Intel Mac OS X 10_12_6) AppleWebKit/537.36 (KHTML, like Gecko) Chrome/60.0.3112.101 Safari/537.36"
195.245.225.251 - - [30/Aug/2017:19:10:24 +0200] "GET /gui/javascript/form_form.js?1504113024 HTTP/1.1" 200 16206 "http://ed.activities.at/entry.php?id=10271&&ser=112963" "Mozilla/5.0 (Macintosh; Intel Mac OS X 10_12_6) AppleWebKit/537.36 (KHTML, like Gecko) Chrome/60.0.3112.101 Safari/537.36"
93.83.181.50 - - [30/Aug/2017:19:11:24 +0200] "GET /entry.php?id=10271&&ser=113023 HTTP/1.1" 200 986 "http://ed.activities.at/entry.php?id=10271&&ser=112962" "Mozilla/5.0 (Windows NT 10.0; Win64; x64) AppleWebKit/537.36 (KHTML, like Gecko) Chrome/52.0.2743.116 Safari/537.36 Edge/15.15063"
93.83.181.50 - - [30/Aug/2017:19:11:24 +0200] "GET /gui/javascript/form_form.js?1504113084 HTTP/1.1" 200 16206 "http://ed.activities.at/entry.php?id=10271&&ser=113023" "Mozilla/5.0 (Windows NT 10.0; Win64; x64) AppleWebKit/537.36 (KHTML, like Gecko) Chrome/52.0.2743.116 Safari/537.36 Edge/15.15063"
195.245.225.251 - - [30/Aug/2017:19:11:25 +0200] "GET /entry.php?id=10271&&ser=113024 HTTP/1.1" 200 986 "http://ed.activities.at/entry.php?id=10271&&ser=112963" "Mozilla/5.0 (Macintosh; Intel Mac OS X 10_12_6) AppleWebKit/537.36 (KHTML, like Gecko) Chrome/60.0.3112.101 Safari/537.36"
195.245.225.251 - - [30/Aug/2017:19:11:25 +0200] "GET /gui/javascript/form_form.js?1504113085 HTTP/1.1" 200 16206 "http://ed.activities.at/entry.php?id=10271&&ser=113024" "Mozilla/5.0 (Macintosh; Intel Mac OS X 10_12_6) AppleWebKit/537.36 (KHTML, like Gecko) Chrome/60.0.3112.101 Safari/537.36"
93.83.181.50 - - [30/Aug/2017:19:11:34 +0200] "GET /entry.php?id=10287&login=1 HTTP/1.1" 200 2176 "http://ed.activities.at/entry.php?id=11412" "Mozilla/5.0 (Windows NT 10.0; Win64; x64) AppleWebKit/537.36 (KHTML, like Gecko) Chrome/52.0.2743.116 Safari/537.36 Edge/15.15063"
93.83.181.50 - - [30/Aug/2017:19:11:34 +0200] "GET /gui/javascript/form_form.js?1504113094 HTTP/1.1" 200 16206 "http://ed.activities.at/entry.php?id=10287&login=1" "Mozilla/5.0 (Windows NT 10.0; Win64; x64) AppleWebKit/537.36 (KHTML, like Gecko) Chrome/52.0.2743.116 Safari/537.36 Edge/15.15063"
93.83.181.50 - - [30/Aug/2017:19:11:35 +0200] "POST /entry.php?id=10287& HTTP/1.1" 200 2408 "http://ed.activities.at/entry.php?id=10287&login=1" "Mozilla/5.0 (Windows NT 10.0; Win64; x64) AppleWebKit/537.36 (KHTML, like Gecko) Chrome/52.0.2743.116 Safari/537.36 Edge/15.15063"
93.83.181.50 - - [30/Aug/2017:19:11:35 +0200] "GET /gui/javascript/form_form.js?1504113095 HTTP/1.1" 200 16206 "http://ed.activities.at/entry.php?id=10287&" "Mozilla/5.0 (Windows NT 10.0; Win64; x64) AppleWebKit/537.36 (KHTML, like Gecko) Chrome/52.0.2743.116 Safari/537.36 Edge/15.15063"
93.83.181.50 - - [30/Aug/2017:19:11:35 +0200] "GET /entry.php?id=10270& HTTP/1.1" 200 908 "http://ed.activities.at/layout.php" "Mozilla/5.0 (Windows NT 10.0; Win64; x64) AppleWebKit/537.36 (KHTML, like Gecko) Chrome/52.0.2743.116 Safari/537.36 Edge/15.15063"
93.83.181.50 - - [30/Aug/2017:19:11:35 +0200] "GET /entry.php?id=10273&logout=true& HTTP/1.1" 200 1911 "http://ed.activities.at/layout.php" "Mozilla/5.0 (Windows NT 10.0; Win64; x64) AppleWebKit/537.36 (KHTML, like Gecko) Chrome/52.0.2743.116 Safari/537.36 Edge/15.15063"
93.83.181.50 - - [30/Aug/2017:19:11:36 +0200] "GET /gui/javascript/form_form.js?1504113096 HTTP/1.1" 200 16206 "http://ed.activities.at/entry.php?id=10270&" "Mozilla/5.0 (Windows NT 10.0; Win64; x64) AppleWebKit/537.36 (KHTML, like Gecko) Chrome/52.0.2743.116 Safari/537.36 Edge/15.15063"
195.245.225.251 - - [30/Aug/2017:19:12:26 +0200] "GET /entry.php?id=10271&&ser=113085 HTTP/1.1" 200 987 "http://ed.activities.at/entry.php?id=10271&&ser=113024" "Mozilla/5.0 (Macintosh; Intel Mac OS X 10_12_6) AppleWebKit/537.36 (KHTML, like Gecko) Chrome/60.0.3112.101 Safari/537.36"
195.245.225.251 - - [30/Aug/2017:19:12:26 +0200] "GET /gui/javascript/form_form.js?1504113146 HTTP/1.1" 200 16206 "http://ed.activities.at/entry.php?id=10271&&ser=113085" "Mozilla/5.0 (Macintosh; Intel Mac OS X 10_12_6) AppleWebKit/537.36 (KHTML, like Gecko) Chrome/60.0.3112.101 Safari/537.36"
195.245.225.251 - - [30/Aug/2017:19:13:27 +0200] "GET /entry.php?id=10271&&ser=113146 HTTP/1.1" 200 986 "http://ed.activities.at/entry.php?id=10271&&ser=113085" "Mozilla/5.0 (Macintosh; Intel Mac OS X 10_12_6) AppleWebKit/537.36 (KHTML, like Gecko) Chrome/60.0.3112.101 Safari/537.36"
195.245.225.251 - - [30/Aug/2017:19:13:27 +0200] "GET /gui/javascript/form_form.js?1504113207 HTTP/1.1" 200 16206 "http://ed.activities.at/entry.php?id=10271&&ser=113146" "Mozilla/5.0 (Macintosh; Intel Mac OS X 10_12_6) AppleWebKit/537.36 (KHTML, like Gecko) Chrome/60.0.3112.101 Safari/537.36"
195.245.225.251 - - [30/Aug/2017:19:14:28 +0200] "GET /entry.php?id=10271&&ser=113207 HTTP/1.1" 200 986 "http://ed.activities.at/entry.php?id=10271&&ser=113146" "Mozilla/5.0 (Macintosh; Intel Mac OS X 10_12_6) AppleWebKit/537.36 (KHTML, like Gecko) Chrome/60.0.3112.101 Safari/537.36"
195.245.225.251 - - [30/Aug/2017:19:14:28 +0200] "GET /gui/javascript/form_form.js?1504113268 HTTP/1.1" 200 16206 "http://ed.activities.at/entry.php?id=10271&&ser=113207" "Mozilla/5.0 (Macintosh; Intel Mac OS X 10_12_6) AppleWebKit/537.36 (KHTML, like Gecko) Chrome/60.0.3112.101 Safari/537.36"
195.245.225.251 - - [30/Aug/2017:19:15:29 +0200] "GET /entry.php?id=10271&&ser=113268 HTTP/1.1" 200 987 "http://ed.activities.at/entry.php?id=10271&&ser=113207" "Mozilla/5.0 (Macintosh; Intel Mac OS X 10_12_6) AppleWebKit/537.36 (KHTML, like Gecko) Chrome/60.0.3112.101 Safari/537.36"
195.245.225.251 - - [30/Aug/2017:19:15:29 +0200] "GET /gui/javascript/form_form.js?1504113329 HTTP/1.1" 200 16206 "http://ed.activities.at/entry.php?id=10271&&ser=113268" "Mozilla/5.0 (Macintosh; Intel Mac OS X 10_12_6) AppleWebKit/537.36 (KHTML, like Gecko) Chrome/60.0.3112.101 Safari/537.36"
195.245.225.251 - - [30/Aug/2017:19:16:30 +0200] "GET /entry.php?id=10271&&ser=113329 HTTP/1.1" 200 986 "http://ed.activities.at/entry.php?id=10271&&ser=113268" "Mozilla/5.0 (Macintosh; Intel Mac OS X 10_12_6) AppleWebKit/537.36 (KHTML, like Gecko) Chrome/60.0.3112.101 Safari/537.36"
195.245.225.251 - - [30/Aug/2017:19:16:30 +0200] "GET /gui/javascript/form_form.js?1504113390 HTTP/1.1" 200 16206 "http://ed.activities.at/entry.php?id=10271&&ser=113329" "Mozilla/5.0 (Macintosh; Intel Mac OS X 10_12_6) AppleWebKit/537.36 (KHTML, like Gecko) Chrome/60.0.3112.101 Safari/537.36"
195.245.225.251 - - [30/Aug/2017:19:17:31 +0200] "GET /entry.php?id=10271&&ser=113390 HTTP/1.1" 200 986 "http://ed.activities.at/entry.php?id=10271&&ser=113329" "Mozilla/5.0 (Macintosh; Intel Mac OS X 10_12_6) AppleWebKit/537.36 (KHTML, like Gecko) Chrome/60.0.3112.101 Safari/537.36"
195.245.225.251 - - [30/Aug/2017:19:17:31 +0200] "GET /gui/javascript/form_form.js?1504113451 HTTP/1.1" 200 16206 "http://ed.activities.at/entry.php?id=10271&&ser=113390" "Mozilla/5.0 (Macintosh; Intel Mac OS X 10_12_6) AppleWebKit/537.36 (KHTML, like Gecko) Chrome/60.0.3112.101 Safari/537.36"
195.245.225.251 - - [30/Aug/2017:19:18:32 +0200] "GET /entry.php?id=10271&&ser=113451 HTTP/1.1" 200 986 "http://ed.activities.at/entry.php?id=10271&&ser=113390" "Mozilla/5.0 (Macintosh; Intel Mac OS X 10_12_6) AppleWebKit/537.36 (KHTML, like Gecko) Chrome/60.0.3112.101 Safari/537.36"
195.245.225.251 - - [30/Aug/2017:19:18:32 +0200] "GET /gui/javascript/form_form.js?1504113512 HTTP/1.1" 200 16206 "http://ed.activities.at/entry.php?id=10271&&ser=113451" "Mozilla/5.0 (Macintosh; Intel Mac OS X 10_12_6) AppleWebKit/537.36 (KHTML, like Gecko) Chrome/60.0.3112.101 Safari/537.36"
195.245.225.251 - - [30/Aug/2017:19:19:33 +0200] "GET /entry.php?id=10271&&ser=113512 HTTP/1.1" 200 987 "http://ed.activities.at/entry.php?id=10271&&ser=113451" "Mozilla/5.0 (Macintosh; Intel Mac OS X 10_12_6) AppleWebKit/537.36 (KHTML, like Gecko) Chrome/60.0.3112.101 Safari/537.36"
195.245.225.251 - - [30/Aug/2017:19:19:33 +0200] "GET /gui/javascript/form_form.js?1504113573 HTTP/1.1" 200 16206 "http://ed.activities.at/entry.php?id=10271&&ser=113512" "Mozilla/5.0 (Macintosh; Intel Mac OS X 10_12_6) AppleWebKit/537.36 (KHTML, like Gecko) Chrome/60.0.3112.101 Safari/537.36"
195.245.225.251 - - [30/Aug/2017:19:19:59 +0200] "GET /entry.php?id=10441&UIN=404e4f69e2217d91c0519dbb6c58aca3 HTTP/1.1" 200 1172 "http://ed.activities.at/layout.php" "Mozilla/5.0 (Macintosh; Intel Mac OS X 10_12_6) AppleWebKit/537.36 (KHTML, like Gecko) Chrome/60.0.3112.101 Safari/537.36"
173.208.146.2 - - [30/Aug/2017:21:05:45 +0200] "POST / HTTP/1.1" 200 563 "http://easydrivers.activities.at/wp-admin/" "Mozilla/5.0 (Windows; Windows NT 5.1; en-US) Firefox/3.5.0"
173.208.146.2 - - [30/Aug/2017:21:05:45 +0200] "GET /wp-content/uploads/8d4efeae0d929a1.php HTTP/1.1" 404 395 "-" "Mozilla/5.0 (compatible; MSIE 9.0; Windows NT 6.1; Trident/5.0)"
173.208.146.2 - - [30/Aug/2017:21:05:45 +0200] "GET /static/js/tiny_mce/plugins/tinybrowser/upload.php?type=file/wp-login.php HTTP/1.1" 404 406 "-" "Mozilla/5.0 (compatible; MSIE 9.0; Windows NT 6.1; Trident/5.0)"
173.208.146.2 - - [30/Aug/2017:21:05:45 +0200] "GET /admin/lib/tiny_mce/plugins/tinybrowser/upload.php?type=file/wp-login.php HTTP/1.1" 404 406 "-" "Mozilla/5.0 (compatible; MSIE 9.0; Windows NT 6.1; Trident/5.0)"
173.208.146.2 - - [30/Aug/2017:21:05:46 +0200] "GET /tiny_mce/plugins/tinybrowser/upload.php?type=file/wp-login.php HTTP/1.1" 404 396 "-" "Mozilla/5.0 (compatible; MSIE 9.0; Windows NT 6.1; Trident/5.0)"
173.208.146.2 - - [30/Aug/2017:21:05:46 +0200] "GET /editors/tinymce/jscripts/tiny_mce/plugins/tinybrowser/upload.php?type=file/wp-login.php HTTP/1.1" 404 421 "-" "Mozilla/5.0 (compatible; MSIE 9.0; Windows NT 6.1; Trident/5.0)"
173.208.146.2 - - [30/Aug/2017:21:05:46 +0200] "POST /uploadify/uploadify.php?folder=/ HTTP/1.1" 404 380 "http://easydrivers.activities.at/wp-admin/" "Mozilla/5.0 (Windows; Windows NT 5.1; en-US) Firefox/3.5.0"
173.208.146.2 - - [30/Aug/2017:21:05:47 +0200] "POST /wp-admin/admin-ajax.php HTTP/1.1" 404 380 "http://easydrivers.activities.at/wp-admin/" "Mozilla/5.0 (Windows; Windows NT 5.1; en-US) Firefox/3.5.0"
173.208.146.2 - - [30/Aug/2017:21:05:47 +0200] "POST /license.php HTTP/1.1" 404 368 "http://easydrivers.activities.at/wp-admin/" "Mozilla/5.0 (Windows; Windows NT 5.1; en-US) Firefox/3.5.0"
173.208.146.2 - - [30/Aug/2017:21:05:47 +0200] "POST /wp-admin/admin-ajax.php HTTP/1.1" 404 380 "-" "Mozilla/5.0 (compatible; MSIE 9.0; Windows NT 6.1; Trident/5.0)"
173.208.146.2 - - [30/Aug/2017:21:05:48 +0200] "POST /chat/upload.php HTTP/1.1" 404 372 "-" "Mozilla/5.0 (compatible; MSIE 9.0; Windows NT 6.1; Trident/5.0)"
173.208.146.2 - - [30/Aug/2017:21:05:48 +0200] "GET /chat/temp/error.php HTTP/1.1" 404 376 "-" "Mozilla/5.0 (compatible; MSIE 9.0; Windows NT 6.1; Trident/5.0)"
173.208.146.2 - - [30/Aug/2017:21:05:48 +0200] "POST /Chat/upload.php HTTP/1.1" 404 372 "-" "Mozilla/5.0 (compatible; MSIE 9.0; Windows NT 6.1; Trident/5.0)"
173.208.146.2 - - [30/Aug/2017:21:05:49 +0200] "GET /Chat/temp/error.php HTTP/1.1" 404 376 "-" "Mozilla/5.0 (compatible; MSIE 9.0; Windows NT 6.1; Trident/5.0)"
173.208.146.2 - - [30/Aug/2017:21:05:49 +0200] "POST /en/upload.php HTTP/1.1" 404 370 "-" "Mozilla/5.0 (compatible; MSIE 9.0; Windows NT 6.1; Trident/5.0)"
173.208.146.2 - - [30/Aug/2017:21:05:49 +0200] "GET /en/temp/error.php HTTP/1.1" 404 374 "-" "Mozilla/5.0 (compatible; MSIE 9.0; Windows NT 6.1; Trident/5.0)"
173.208.146.2 - - [30/Aug/2017:21:05:49 +0200] "POST /chat/FlashChat_v608/chat/upload.php HTTP/1.1" 404 392 "-" "Mozilla/5.0 (compatible; MSIE 9.0; Windows NT 6.1; Trident/5.0)"
173.208.146.2 - - [30/Aug/2017:21:05:50 +0200] "GET /chat/FlashChat_v608/chat/temp/error.php HTTP/1.1" 404 396 "-" "Mozilla/5.0 (compatible; MSIE 9.0; Windows NT 6.1; Trident/5.0)"
173.208.146.2 - - [30/Aug/2017:21:05:50 +0200] "POST /radio/radiochat/upload.php HTTP/1.1" 404 383 "-" "Mozilla/5.0 (compatible; MSIE 9.0; Windows NT 6.1; Trident/5.0)"
173.208.146.2 - - [30/Aug/2017:21:05:50 +0200] "GET /radio/radiochat/temp/error.php HTTP/1.1" 404 387 "-" "Mozilla/5.0 (compatible; MSIE 9.0; Windows NT 6.1; Trident/5.0)"
173.208.146.2 - - [30/Aug/2017:21:05:51 +0200] "POST /websci/radio/radiochat/upload.php HTTP/1.1" 404 390 "-" "Mozilla/5.0 (compatible; MSIE 9.0; Windows NT 6.1; Trident/5.0)"
173.208.146.2 - - [30/Aug/2017:21:05:51 +0200] "GET /websci/radio/radiochat/temp/error.php HTTP/1.1" 404 394 "-" "Mozilla/5.0 (compatible; MSIE 9.0; Windows NT 6.1; Trident/5.0)"
173.208.146.2 - - [30/Aug/2017:21:05:51 +0200] "POST /o/BhGCe/forums.e-mpire.com/chat/upload.php HTTP/1.1" 404 399 "-" "Mozilla/5.0 (compatible; MSIE 9.0; Windows NT 6.1; Trident/5.0)"
173.208.146.2 - - [30/Aug/2017:21:05:52 +0200] "GET /o/BhGCe/forums.e-mpire.com/chat/temp/error.php HTTP/1.1" 404 403 "-" "Mozilla/5.0 (compatible; MSIE 9.0; Windows NT 6.1; Trident/5.0)"
173.208.146.2 - - [30/Aug/2017:21:05:52 +0200] "POST /cms/chat/upload.php HTTP/1.1" 404 376 "-" "Mozilla/5.0 (compatible; MSIE 9.0; Windows NT 6.1; Trident/5.0)"
173.208.146.2 - - [30/Aug/2017:21:05:52 +0200] "GET /cms/chat/temp/error.php HTTP/1.1" 404 380 "-" "Mozilla/5.0 (compatible; MSIE 9.0; Windows NT 6.1; Trident/5.0)"
173.208.146.2 - - [30/Aug/2017:21:05:53 +0200] "POST /chat/chat/upload.php HTTP/1.1" 404 377 "-" "Mozilla/5.0 (compatible; MSIE 9.0; Windows NT 6.1; Trident/5.0)"
173.208.146.2 - - [30/Aug/2017:21:05:53 +0200] "GET /chat/chat/temp/error.php HTTP/1.1" 404 381 "-" "Mozilla/5.0 (compatible; MSIE 9.0; Windows NT 6.1; Trident/5.0)"
173.208.146.2 - - [30/Aug/2017:21:05:53 +0200] "POST /Chat/Chat/upload.php HTTP/1.1" 404 377 "-" "Mozilla/5.0 (compatible; MSIE 9.0; Windows NT 6.1; Trident/5.0)"
173.208.146.2 - - [30/Aug/2017:21:05:54 +0200] "GET /Chat/Chat/temp/error.php HTTP/1.1" 404 381 "-" "Mozilla/5.0 (compatible; MSIE 9.0; Windows NT 6.1; Trident/5.0)"
173.208.146.2 - - [30/Aug/2017:21:05:54 +0200] "POST /live/chat/upload.php HTTP/1.1" 404 377 "-" "Mozilla/5.0 (compatible; MSIE 9.0; Windows NT 6.1; Trident/5.0)"
173.208.146.2 - - [30/Aug/2017:21:05:54 +0200] "GET /live/chat/temp/error.php HTTP/1.1" 404 381 "-" "Mozilla/5.0 (compatible; MSIE 9.0; Windows NT 6.1; Trident/5.0)"
173.208.146.2 - - [30/Aug/2017:21:05:54 +0200] "POST /smf/chat/upload.php HTTP/1.1" 404 376 "-" "Mozilla/5.0 (compatible; MSIE 9.0; Windows NT 6.1; Trident/5.0)"
173.208.146.2 - - [30/Aug/2017:21:05:55 +0200] "GET /smf/chat/temp/error.php HTTP/1.1" 404 380 "-" "Mozilla/5.0 (compatible; MSIE 9.0; Windows NT 6.1; Trident/5.0)"
173.208.146.2 - - [30/Aug/2017:21:05:55 +0200] "POST /Tchate/flashchat/upload.php HTTP/1.1" 404 384 "-" "Mozilla/5.0 (compatible; MSIE 9.0; Windows NT 6.1; Trident/5.0)"
173.208.146.2 - - [30/Aug/2017:21:05:55 +0200] "GET /Tchate/flashchat/temp/error.php HTTP/1.1" 404 388 "-" "Mozilla/5.0 (compatible; MSIE 9.0; Windows NT 6.1; Trident/5.0)"
173.208.146.2 - - [30/Aug/2017:21:05:56 +0200] "POST /~duchen/chat/upload.php HTTP/1.1" 404 380 "-" "Mozilla/5.0 (compatible; MSIE 9.0; Windows NT 6.1; Trident/5.0)"
173.208.146.2 - - [30/Aug/2017:21:05:56 +0200] "GET /~duchen/chat/temp/error.php HTTP/1.1" 404 384 "-" "Mozilla/5.0 (compatible; MSIE 9.0; Windows NT 6.1; Trident/5.0)"
173.208.146.2 - - [30/Aug/2017:21:05:56 +0200] "POST /forum/chat/upload.php HTTP/1.1" 404 378 "-" "Mozilla/5.0 (compatible; MSIE 9.0; Windows NT 6.1; Trident/5.0)"
173.208.146.2 - - [30/Aug/2017:21:05:57 +0200] "GET /forum/chat/temp/error.php HTTP/1.1" 404 382 "-" "Mozilla/5.0 (compatible; MSIE 9.0; Windows NT 6.1; Trident/5.0)"
173.208.146.2 - - [30/Aug/2017:21:05:57 +0200] "POST /FlashChat_v6.0.8_/chat/upload.php HTTP/1.1" 404 390 "-" "Mozilla/5.0 (compatible; MSIE 9.0; Windows NT 6.1; Trident/5.0)"
173.208.146.2 - - [30/Aug/2017:21:05:57 +0200] "GET /FlashChat_v6.0.8_/chat/temp/error.php HTTP/1.1" 404 394 "-" "Mozilla/5.0 (compatible; MSIE 9.0; Windows NT 6.1; Trident/5.0)"
173.208.146.2 - - [30/Aug/2017:21:05:58 +0200] "POST /flashchat/chat/upload.php HTTP/1.1" 404 382 "-" "Mozilla/5.0 (compatible; MSIE 9.0; Windows NT 6.1; Trident/5.0)"
173.208.146.2 - - [30/Aug/2017:21:05:58 +0200] "GET /flashchat/chat/temp/error.php HTTP/1.1" 404 386 "-" "Mozilla/5.0 (compatible; MSIE 9.0; Windows NT 6.1; Trident/5.0)"
173.208.146.2 - - [30/Aug/2017:21:05:58 +0200] "POST /social/upload.php HTTP/1.1" 404 374 "-" "Mozilla/5.0 (compatible; MSIE 9.0; Windows NT 6.1; Trident/5.0)"
173.208.146.2 - - [30/Aug/2017:21:05:59 +0200] "GET /social/temp/error.php HTTP/1.1" 404 378 "-" "Mozilla/5.0 (compatible; MSIE 9.0; Windows NT 6.1; Trident/5.0)"
173.208.146.2 - - [30/Aug/2017:21:05:59 +0200] "POST /sohbet/upload.php HTTP/1.1" 404 374 "-" "Mozilla/5.0 (compatible; MSIE 9.0; Windows NT 6.1; Trident/5.0)"
173.208.146.2 - - [30/Aug/2017:21:05:59 +0200] "GET /sohbet/temp/error.php HTTP/1.1" 404 378 "-" "Mozilla/5.0 (compatible; MSIE 9.0; Windows NT 6.1; Trident/5.0)"
173.208.146.2 - - [30/Aug/2017:21:05:59 +0200] "POST /e-dinar-chat/upload.php HTTP/1.1" 404 380 "-" "Mozilla/5.0 (compatible; MSIE 9.0; Windows NT 6.1; Trident/5.0)"
173.208.146.2 - - [30/Aug/2017:21:06:00 +0200] "GET /e-dinar-chat/temp/error.php HTTP/1.1" 404 384 "-" "Mozilla/5.0 (compatible; MSIE 9.0; Windows NT 6.1; Trident/5.0)"
173.208.146.2 - - [30/Aug/2017:21:06:00 +0200] "POST /forums/chat/upload.php HTTP/1.1" 404 379 "-" "Mozilla/5.0 (compatible; MSIE 9.0; Windows NT 6.1; Trident/5.0)"
173.208.146.2 - - [30/Aug/2017:21:06:00 +0200] "GET /forums/chat/temp/error.php HTTP/1.1" 404 383 "-" "Mozilla/5.0 (compatible; MSIE 9.0; Windows NT 6.1; Trident/5.0)"
173.208.146.2 - - [30/Aug/2017:21:06:01 +0200] "POST /chat-stjepkovica/upload.php HTTP/1.1" 404 384 "-" "Mozilla/5.0 (compatible; MSIE 9.0; Windows NT 6.1; Trident/5.0)"
173.208.146.2 - - [30/Aug/2017:21:06:01 +0200] "GET /chat-stjepkovica/temp/error.php HTTP/1.1" 404 388 "-" "Mozilla/5.0 (compatible; MSIE 9.0; Windows NT 6.1; Trident/5.0)"
173.208.146.2 - - [30/Aug/2017:21:06:01 +0200] "POST /community/chat/upload.php HTTP/1.1" 404 382 "-" "Mozilla/5.0 (compatible; MSIE 9.0; Windows NT 6.1; Trident/5.0)"
173.208.146.2 - - [30/Aug/2017:21:06:02 +0200] "GET /community/chat/temp/error.php HTTP/1.1" 404 386 "-" "Mozilla/5.0 (compatible; MSIE 9.0; Windows NT 6.1; Trident/5.0)"
173.208.146.2 - - [30/Aug/2017:21:06:02 +0200] "POST /board/chat/upload.php HTTP/1.1" 404 378 "-" "Mozilla/5.0 (compatible; MSIE 9.0; Windows NT 6.1; Trident/5.0)"
173.208.146.2 - - [30/Aug/2017:21:06:02 +0200] "GET /board/chat/temp/error.php HTTP/1.1" 404 382 "-" "Mozilla/5.0 (compatible; MSIE 9.0; Windows NT 6.1; Trident/5.0)"
173.208.146.2 - - [30/Aug/2017:21:06:02 +0200] "POST /roommate/flash_chat/upload.php HTTP/1.1" 404 387 "-" "Mozilla/5.0 (compatible; MSIE 9.0; Windows NT 6.1; Trident/5.0)"
173.208.146.2 - - [30/Aug/2017:21:06:03 +0200] "GET /roommate/flash_chat/temp/error.php HTTP/1.1" 404 391 "-" "Mozilla/5.0 (compatible; MSIE 9.0; Windows NT 6.1; Trident/5.0)"
173.208.146.2 - - [30/Aug/2017:21:06:03 +0200] "POST /e107_plugins/onlineinfo_menuupload.php HTTP/1.1" 404 395 "-" "Mozilla/5.0 (compatible; MSIE 9.0; Windows NT 6.1; Trident/5.0)"
173.208.146.2 - - [30/Aug/2017:21:06:03 +0200] "GET /e107_plugins/onlineinfo_menutemp/error.php HTTP/1.1" 404 399 "-" "Mozilla/5.0 (compatible; MSIE 9.0; Windows NT 6.1; Trident/5.0)"
173.208.146.2 - - [30/Aug/2017:21:06:04 +0200] "POST /shbt/upload.php HTTP/1.1" 404 372 "-" "Mozilla/5.0 (compatible; MSIE 9.0; Windows NT 6.1; Trident/5.0)"
173.208.146.2 - - [30/Aug/2017:21:06:04 +0200] "GET /shbt/temp/error.php HTTP/1.1" 404 376 "-" "Mozilla/5.0 (compatible; MSIE 9.0; Windows NT 6.1; Trident/5.0)"
173.208.146.2 - - [30/Aug/2017:21:06:04 +0200] "POST /haces/upload.php HTTP/1.1" 404 373 "-" "Mozilla/5.0 (compatible; MSIE 9.0; Windows NT 6.1; Trident/5.0)"
173.208.146.2 - - [30/Aug/2017:21:06:05 +0200] "GET /haces/temp/error.php HTTP/1.1" 404 377 "-" "Mozilla/5.0 (compatible; MSIE 9.0; Windows NT 6.1; Trident/5.0)"
173.208.146.2 - - [30/Aug/2017:21:06:05 +0200] "POST /chat-bebica/upload.php HTTP/1.1" 404 379 "-" "Mozilla/5.0 (compatible; MSIE 9.0; Windows NT 6.1; Trident/5.0)"
173.208.146.2 - - [30/Aug/2017:21:06:05 +0200] "GET /chat-bebica/temp/error.php HTTP/1.1" 404 383 "-" "Mozilla/5.0 (compatible; MSIE 9.0; Windows NT 6.1; Trident/5.0)"
173.208.146.2 - - [30/Aug/2017:21:06:06 +0200] "POST /smf/chat/upload.php HTTP/1.1" 404 376 "-" "Mozilla/5.0 (compatible; MSIE 9.0; Windows NT 6.1; Trident/5.0)"
173.208.146.2 - - [30/Aug/2017:21:06:06 +0200] "GET /smf/chat/temp/error.php HTTP/1.1" 404 380 "-" "Mozilla/5.0 (compatible; MSIE 9.0; Windows NT 6.1; Trident/5.0)"
173.208.146.2 - - [30/Aug/2017:21:06:06 +0200] "POST /FlashChat_v608/chat/upload.php HTTP/1.1" 404 387 "-" "Mozilla/5.0 (compatible; MSIE 9.0; Windows NT 6.1; Trident/5.0)"
173.208.146.2 - - [30/Aug/2017:21:06:07 +0200] "GET /FlashChat_v608/chat/temp/error.php HTTP/1.1" 404 391 "-" "Mozilla/5.0 (compatible; MSIE 9.0; Windows NT 6.1; Trident/5.0)"
173.208.146.2 - - [30/Aug/2017:21:06:07 +0200] "POST /public/chat/upload.php HTTP/1.1" 404 379 "-" "Mozilla/5.0 (compatible; MSIE 9.0; Windows NT 6.1; Trident/5.0)"
173.208.146.2 - - [30/Aug/2017:21:06:07 +0200] "GET /public/chat/temp/error.php HTTP/1.1" 404 383 "-" "Mozilla/5.0 (compatible; MSIE 9.0; Windows NT 6.1; Trident/5.0)"
173.208.146.2 - - [30/Aug/2017:21:06:07 +0200] "POST /foro/chat/upload.php HTTP/1.1" 404 377 "-" "Mozilla/5.0 (compatible; MSIE 9.0; Windows NT 6.1; Trident/5.0)"
173.208.146.2 - - [30/Aug/2017:21:06:08 +0200] "GET /foro/chat/temp/error.php HTTP/1.1" 404 381 "-" "Mozilla/5.0 (compatible; MSIE 9.0; Windows NT 6.1; Trident/5.0)"
173.208.146.2 - - [30/Aug/2017:21:06:08 +0200] "POST /islamski-chat/upload.php HTTP/1.1" 404 381 "-" "Mozilla/5.0 (compatible; MSIE 9.0; Windows NT 6.1; Trident/5.0)"
173.208.146.2 - - [30/Aug/2017:21:06:08 +0200] "GET /islamski-chat/temp/error.php HTTP/1.1" 404 385 "-" "Mozilla/5.0 (compatible; MSIE 9.0; Windows NT 6.1; Trident/5.0)"
173.208.146.2 - - [30/Aug/2017:21:06:09 +0200] "POST /chat-sem-registo/upload.php HTTP/1.1" 404 384 "-" "Mozilla/5.0 (compatible; MSIE 9.0; Windows NT 6.1; Trident/5.0)"
173.208.146.2 - - [30/Aug/2017:21:06:09 +0200] "GET /chat-sem-registo/temp/error.php HTTP/1.1" 404 388 "-" "Mozilla/5.0 (compatible; MSIE 9.0; Windows NT 6.1; Trident/5.0)"
173.208.146.2 - - [30/Aug/2017:21:06:09 +0200] "POST /chat55/upload.php HTTP/1.1" 404 374 "-" "Mozilla/5.0 (compatible; MSIE 9.0; Windows NT 6.1; Trident/5.0)"
173.208.146.2 - - [30/Aug/2017:21:06:10 +0200] "GET /chat55/temp/error.php HTTP/1.1" 404 378 "-" "Mozilla/5.0 (compatible; MSIE 9.0; Windows NT 6.1; Trident/5.0)"
173.208.146.2 - - [30/Aug/2017:21:06:10 +0200] "POST /flashchat-2/upload.php HTTP/1.1" 404 379 "-" "Mozilla/5.0 (compatible; MSIE 9.0; Windows NT 6.1; Trident/5.0)"
173.208.146.2 - - [30/Aug/2017:21:06:10 +0200] "GET /flashchat-2/temp/error.php HTTP/1.1" 404 383 "-" "Mozilla/5.0 (compatible; MSIE 9.0; Windows NT 6.1; Trident/5.0)"
173.208.146.2 - - [30/Aug/2017:21:06:11 +0200] "POST /cchat/chat/upload.php HTTP/1.1" 404 378 "-" "Mozilla/5.0 (compatible; MSIE 9.0; Windows NT 6.1; Trident/5.0)"
173.208.146.2 - - [30/Aug/2017:21:06:11 +0200] "GET /cchat/chat/temp/error.php HTTP/1.1" 404 382 "-" "Mozilla/5.0 (compatible; MSIE 9.0; Windows NT 6.1; Trident/5.0)"
173.208.146.2 - - [30/Aug/2017:21:06:11 +0200] "POST /xfchat/upload.php HTTP/1.1" 404 374 "-" "Mozilla/5.0 (compatible; MSIE 9.0; Windows NT 6.1; Trident/5.0)"
173.208.146.2 - - [30/Aug/2017:21:06:12 +0200] "GET /xfchat/temp/error.php HTTP/1.1" 404 378 "-" "Mozilla/5.0 (compatible; MSIE 9.0; Windows NT 6.1; Trident/5.0)"
173.208.146.2 - - [30/Aug/2017:21:06:12 +0200] "POST /chatroom/upload.php HTTP/1.1" 404 376 "-" "Mozilla/5.0 (compatible; MSIE 9.0; Windows NT 6.1; Trident/5.0)"
173.208.146.2 - - [30/Aug/2017:21:06:12 +0200] "GET /chatroom/temp/error.php HTTP/1.1" 404 380 "-" "Mozilla/5.0 (compatible; MSIE 9.0; Windows NT 6.1; Trident/5.0)"
173.208.146.2 - - [30/Aug/2017:21:06:12 +0200] "POST /radiodalmatino/upload.php HTTP/1.1" 404 382 "-" "Mozilla/5.0 (compatible; MSIE 9.0; Windows NT 6.1; Trident/5.0)"
173.208.146.2 - - [30/Aug/2017:21:06:13 +0200] "GET /radiodalmatino/temp/error.php HTTP/1.1" 404 386 "-" "Mozilla/5.0 (compatible; MSIE 9.0; Windows NT 6.1; Trident/5.0)"
173.208.146.2 - - [30/Aug/2017:21:06:13 +0200] "POST /blog-chat/chat/upload.php HTTP/1.1" 404 382 "-" "Mozilla/5.0 (compatible; MSIE 9.0; Windows NT 6.1; Trident/5.0)"
173.208.146.2 - - [30/Aug/2017:21:06:13 +0200] "GET /blog-chat/chat/temp/error.php HTTP/1.1" 404 386 "-" "Mozilla/5.0 (compatible; MSIE 9.0; Windows NT 6.1; Trident/5.0)"
173.208.146.2 - - [30/Aug/2017:21:06:14 +0200] "POST /FlashChat/upload.php HTTP/1.1" 404 377 "-" "Mozilla/5.0 (compatible; MSIE 9.0; Windows NT 6.1; Trident/5.0)"
173.208.146.2 - - [30/Aug/2017:21:06:14 +0200] "GET /FlashChat/temp/error.php HTTP/1.1" 404 381 "-" "Mozilla/5.0 (compatible; MSIE 9.0; Windows NT 6.1; Trident/5.0)"
173.208.146.2 - - [30/Aug/2017:21:06:14 +0200] "POST /blog-chat/upload.php HTTP/1.1" 404 377 "-" "Mozilla/5.0 (compatible; MSIE 9.0; Windows NT 6.1; Trident/5.0)"
173.208.146.2 - - [30/Aug/2017:21:06:15 +0200] "GET /blog-chat/temp/error.php HTTP/1.1" 404 381 "-" "Mozilla/5.0 (compatible; MSIE 9.0; Windows NT 6.1; Trident/5.0)"
173.208.146.2 - - [30/Aug/2017:21:06:15 +0200] "POST /tag/flashchat-v6-0-8/upload.php HTTP/1.1" 404 388 "-" "Mozilla/5.0 (compatible; MSIE 9.0; Windows NT 6.1; Trident/5.0)"
173.208.146.2 - - [30/Aug/2017:21:06:15 +0200] "GET /tag/flashchat-v6-0-8/temp/error.php HTTP/1.1" 404 392 "-" "Mozilla/5.0 (compatible; MSIE 9.0; Windows NT 6.1; Trident/5.0)"
173.208.146.2 - - [30/Aug/2017:21:06:16 +0200] "POST /deface_flashchat/upload.php HTTP/1.1" 404 384 "-" "Mozilla/5.0 (compatible; MSIE 9.0; Windows NT 6.1; Trident/5.0)"
173.208.146.2 - - [30/Aug/2017:21:06:16 +0200] "GET /deface_flashchat/temp/error.php HTTP/1.1" 404 388 "-" "Mozilla/5.0 (compatible; MSIE 9.0; Windows NT 6.1; Trident/5.0)"
173.208.146.2 - - [30/Aug/2017:21:06:16 +0200] "POST /topic/page/upload.php HTTP/1.1" 404 378 "-" "Mozilla/5.0 (compatible; MSIE 9.0; Windows NT 6.1; Trident/5.0)"
173.208.146.2 - - [30/Aug/2017:21:06:17 +0200] "GET /topic/page/temp/error.php HTTP/1.1" 404 382 "-" "Mozilla/5.0 (compatible; MSIE 9.0; Windows NT 6.1; Trident/5.0)"
173.208.146.2 - - [30/Aug/2017:21:06:17 +0200] "POST /page/video/upload.php HTTP/1.1" 404 378 "-" "Mozilla/5.0 (compatible; MSIE 9.0; Windows NT 6.1; Trident/5.0)"
173.208.146.2 - - [30/Aug/2017:21:06:17 +0200] "GET /page/video/temp/error.php HTTP/1.1" 404 382 "-" "Mozilla/5.0 (compatible; MSIE 9.0; Windows NT 6.1; Trident/5.0)"
173.208.146.2 - - [30/Aug/2017:21:06:17 +0200] "POST /vid/watch/upload.php HTTP/1.1" 404 377 "-" "Mozilla/5.0 (compatible; MSIE 9.0; Windows NT 6.1; Trident/5.0)"
173.208.146.2 - - [30/Aug/2017:21:06:18 +0200] "GET /vid/watch/temp/error.php HTTP/1.1" 404 381 "-" "Mozilla/5.0 (compatible; MSIE 9.0; Windows NT 6.1; Trident/5.0)"
173.208.146.2 - - [30/Aug/2017:21:06:18 +0200] "POST /tutaf/upload.php HTTP/1.1" 404 373 "-" "Mozilla/5.0 (compatible; MSIE 9.0; Windows NT 6.1; Trident/5.0)"
173.208.146.2 - - [30/Aug/2017:21:06:18 +0200] "GET /tutaf/temp/error.php HTTP/1.1" 404 377 "-" "Mozilla/5.0 (compatible; MSIE 9.0; Windows NT 6.1; Trident/5.0)"
173.208.146.2 - - [30/Aug/2017:21:06:19 +0200] "POST /baixar/upload.php HTTP/1.1" 404 374 "-" "Mozilla/5.0 (compatible; MSIE 9.0; Windows NT 6.1; Trident/5.0)"
173.208.146.2 - - [30/Aug/2017:21:06:19 +0200] "GET /baixar/temp/error.php HTTP/1.1" 404 378 "-" "Mozilla/5.0 (compatible; MSIE 9.0; Windows NT 6.1; Trident/5.0)"
173.208.146.2 - - [30/Aug/2017:21:06:19 +0200] "POST /how-to-install-flashchat-free/upload.php HTTP/1.1" 404 397 "-" "Mozilla/5.0 (compatible; MSIE 9.0; Windows NT 6.1; Trident/5.0)"
173.208.146.2 - - [30/Aug/2017:21:06:20 +0200] "GET /how-to-install-flashchat-free/temp/error.php HTTP/1.1" 404 401 "-" "Mozilla/5.0 (compatible; MSIE 9.0; Windows NT 6.1; Trident/5.0)"
173.208.146.2 - - [30/Aug/2017:21:06:20 +0200] "POST /music-search/upload.php HTTP/1.1" 404 380 "-" "Mozilla/5.0 (compatible; MSIE 9.0; Windows NT 6.1; Trident/5.0)"
173.208.146.2 - - [30/Aug/2017:21:06:20 +0200] "GET /music-search/temp/error.php HTTP/1.1" 404 384 "-" "Mozilla/5.0 (compatible; MSIE 9.0; Windows NT 6.1; Trident/5.0)"
173.208.146.2 - - [30/Aug/2017:21:06:21 +0200] "POST /search/upload.php HTTP/1.1" 404 374 "-" "Mozilla/5.0 (compatible; MSIE 9.0; Windows NT 6.1; Trident/5.0)"
173.208.146.2 - - [30/Aug/2017:21:06:21 +0200] "GET /search/temp/error.php HTTP/1.1" 404 378 "-" "Mozilla/5.0 (compatible; MSIE 9.0; Windows NT 6.1; Trident/5.0)"
173.208.146.2 - - [30/Aug/2017:21:06:21 +0200] "POST /mp3/list/upload.php HTTP/1.1" 404 376 "-" "Mozilla/5.0 (compatible; MSIE 9.0; Windows NT 6.1; Trident/5.0)"
173.208.146.2 - - [30/Aug/2017:21:06:22 +0200] "GET /mp3/list/temp/error.php HTTP/1.1" 404 380 "-" "Mozilla/5.0 (compatible; MSIE 9.0; Windows NT 6.1; Trident/5.0)"
173.208.146.2 - - [30/Aug/2017:21:06:22 +0200] "POST /jingyan/upload.php HTTP/1.1" 404 375 "-" "Mozilla/5.0 (compatible; MSIE 9.0; Windows NT 6.1; Trident/5.0)"
173.208.146.2 - - [30/Aug/2017:21:06:22 +0200] "GET /jingyan/temp/error.php HTTP/1.1" 404 379 "-" "Mozilla/5.0 (compatible; MSIE 9.0; Windows NT 6.1; Trident/5.0)"
173.208.146.2 - - [30/Aug/2017:21:06:22 +0200] "POST /exploit/description/upload.php HTTP/1.1" 404 387 "-" "Mozilla/5.0 (compatible; MSIE 9.0; Windows NT 6.1; Trident/5.0)"
173.208.146.2 - - [30/Aug/2017:21:06:23 +0200] "GET /exploit/description/temp/error.php HTTP/1.1" 404 391 "-" "Mozilla/5.0 (compatible; MSIE 9.0; Windows NT 6.1; Trident/5.0)"
173.208.146.2 - - [30/Aug/2017:21:06:23 +0200] "POST /exploits/28709/upload.php HTTP/1.1" 404 382 "-" "Mozilla/5.0 (compatible; MSIE 9.0; Windows NT 6.1; Trident/5.0)"
173.208.146.2 - - [30/Aug/2017:21:06:23 +0200] "GET /exploits/28709/temp/error.php HTTP/1.1" 404 386 "-" "Mozilla/5.0 (compatible; MSIE 9.0; Windows NT 6.1; Trident/5.0)"
173.208.146.2 - - [30/Aug/2017:21:06:24 +0200] "POST /radiopoljubac/posts/upload.php HTTP/1.1" 404 387 "-" "Mozilla/5.0 (compatible; MSIE 9.0; Windows NT 6.1; Trident/5.0)"
173.208.146.2 - - [30/Aug/2017:21:06:24 +0200] "GET /radiopoljubac/posts/temp/error.php HTTP/1.1" 404 391 "-" "Mozilla/5.0 (compatible; MSIE 9.0; Windows NT 6.1; Trident/5.0)"
173.208.146.2 - - [30/Aug/2017:21:06:24 +0200] "POST /m/upload.php HTTP/1.1" 404 369 "-" "Mozilla/5.0 (compatible; MSIE 9.0; Windows NT 6.1; Trident/5.0)"
173.208.146.2 - - [30/Aug/2017:21:06:25 +0200] "GET /m/temp/error.php HTTP/1.1" 404 373 "-" "Mozilla/5.0 (compatible; MSIE 9.0; Windows NT 6.1; Trident/5.0)"
173.208.146.2 - - [30/Aug/2017:21:06:25 +0200] "POST /m/video/upload.php HTTP/1.1" 404 375 "-" "Mozilla/5.0 (compatible; MSIE 9.0; Windows NT 6.1; Trident/5.0)"
173.208.146.2 - - [30/Aug/2017:21:06:25 +0200] "GET /m/video/temp/error.php HTTP/1.1" 404 379 "-" "Mozilla/5.0 (compatible; MSIE 9.0; Windows NT 6.1; Trident/5.0)"
173.208.146.2 - - [30/Aug/2017:21:06:25 +0200] "POST /upload.php HTTP/1.1" 404 367 "-" "Mozilla/5.0 (compatible; MSIE 9.0; Windows NT 6.1; Trident/5.0)"
173.208.146.2 - - [30/Aug/2017:21:06:26 +0200] "GET /temp/error.php HTTP/1.1" 404 371 "-" "Mozilla/5.0 (compatible; MSIE 9.0; Windows NT 6.1; Trident/5.0)"
173.208.146.2 - - [30/Aug/2017:21:06:26 +0200] "POST /okolice-ilawa/chat/upload.php HTTP/1.1" 404 386 "-" "Mozilla/5.0 (compatible; MSIE 9.0; Windows NT 6.1; Trident/5.0)"
173.208.146.2 - - [30/Aug/2017:21:06:26 +0200] "GET /okolice-ilawa/chat/temp/error.php HTTP/1.1" 404 390 "-" "Mozilla/5.0 (compatible; MSIE 9.0; Windows NT 6.1; Trident/5.0)"
