213.163.226.237 - - [07/Sep/2017:09:34:34 +0200] "POST /entry.php?id=11667 HTTP/1.1" 200 4240 "http://easydrivers.activities.at/entry.php?id=11667" "Mozilla/5.0 (Windows NT 10.0; Win64; x64; rv:55.0) Gecko/20100101 Firefox/55.0"
213.163.226.237 - - [07/Sep/2017:09:34:35 +0200] "GET /gui/javascript/form_form.js?1504769675 HTTP/1.1" 200 16206 "http://easydrivers.activities.at/entry.php?id=11667" "Mozilla/5.0 (Windows NT 10.0; Win64; x64; rv:55.0) Gecko/20100101 Firefox/55.0"
213.163.226.237 - - [07/Sep/2017:09:34:36 +0200] "GET /entry.php?id=11148 HTTP/1.1" 200 1477 "http://easydrivers.activities.at/entry.php?id=11667" "Mozilla/5.0 (Windows NT 10.0; Win64; x64; rv:55.0) Gecko/20100101 Firefox/55.0"
213.163.226.237 - - [07/Sep/2017:09:34:36 +0200] "GET /gui/javascript/form_form.js?1504769676 HTTP/1.1" 200 16206 "http://easydrivers.activities.at/entry.php?id=11148" "Mozilla/5.0 (Windows NT 10.0; Win64; x64; rv:55.0) Gecko/20100101 Firefox/55.0"
213.163.226.237 - - [07/Sep/2017:09:34:36 +0200] "GET /framework/webfx/javascript/tinymce/skins/lightgray/content.min.css HTTP/1.1" 404 330 "http://easydrivers.activities.at/entry.php?id=11667" "Mozilla/5.0 (Windows NT 10.0; Win64; x64; rv:55.0) Gecko/20100101 Firefox/55.0"
213.163.226.237 - - [07/Sep/2017:09:35:04 +0200] "GET /entry.php?id=11693 HTTP/1.1" 200 2506 "http://easydrivers.activities.at/entry.php?id=10270&__app__=10006038" "Mozilla/5.0 (Windows NT 10.0; Win64; x64; rv:55.0) Gecko/20100101 Firefox/55.0"
213.163.226.237 - - [07/Sep/2017:09:35:04 +0200] "GET /gui/javascript/form_form.js?1504769704 HTTP/1.1" 200 16206 "http://easydrivers.activities.at/entry.php?id=11693" "Mozilla/5.0 (Windows NT 10.0; Win64; x64; rv:55.0) Gecko/20100101 Firefox/55.0"
213.163.226.237 - - [07/Sep/2017:09:35:05 +0200] "GET /entry.php?id=10776&form=11518&name=list& HTTP/1.1" 200 1829 "http://easydrivers.activities.at/entry.php?id=11693" "Mozilla/5.0 (Windows NT 10.0; Win64; x64; rv:55.0) Gecko/20100101 Firefox/55.0"
213.163.226.237 - - [07/Sep/2017:09:35:05 +0200] "GET /entry.php?id=10778&form=11518&name=list& HTTP/1.1" 200 7862 "http://easydrivers.activities.at/entry.php?id=11693" "Mozilla/5.0 (Windows NT 10.0; Win64; x64; rv:55.0) Gecko/20100101 Firefox/55.0"
213.163.226.237 - - [07/Sep/2017:09:35:05 +0200] "GET /entry.php?id=11148&object=10264918&view=thumbnail&width=100&height=100&wrap=false&mime=image/jpeg&image=jpg.gif HTTP/1.1" 200 1604 "http://easydrivers.activities.at/entry.php?id=10778&form=11518&name=list&" "Mozilla/5.0 (Windows NT 10.0; Win64; x64; rv:55.0) Gecko/20100101 Firefox/55.0"
213.163.226.237 - - [07/Sep/2017:09:35:05 +0200] "GET /entry.php?id=11148&object=10245249&view=thumbnail&width=100&height=100&wrap=false&mime=image/jpeg&image=jpg.gif HTTP/1.1" 200 1603 "http://easydrivers.activities.at/entry.php?id=10778&form=11518&name=list&" "Mozilla/5.0 (Windows NT 10.0; Win64; x64; rv:55.0) Gecko/20100101 Firefox/55.0"
213.163.226.237 - - [07/Sep/2017:09:35:06 +0200] "GET /gui/javascript/form_form.js?1504769705 HTTP/1.1" 200 16206 "http://easydrivers.activities.at/entry.php?id=11148&object=10264918&view=thumbnail&width=100&height=100&wrap=false&mime=image/jpeg&image=jpg.gif" "Mozilla/5.0 (Windows NT 10.0; Win64; x64; rv:55.0) Gecko/20100101 Firefox/55.0"
213.163.226.237 - - [07/Sep/2017:09:35:05 +0200] "GET /entry.php?id=11148&object=10245252&view=thumbnail&width=100&height=100&wrap=false&mime=image/jpeg&image=jpg.gif HTTP/1.1" 200 1603 "http://easydrivers.activities.at/entry.php?id=10778&form=11518&name=list&" "Mozilla/5.0 (Windows NT 10.0; Win64; x64; rv:55.0) Gecko/20100101 Firefox/55.0"
213.163.226.237 - - [07/Sep/2017:09:35:05 +0200] "GET /entry.php?id=11148&object=10247580&view=thumbnail&width=100&height=100&wrap=false&mime=image/jpeg&image=jpg.gif HTTP/1.1" 200 1603 "http://easydrivers.activities.at/entry.php?id=10778&form=11518&name=list&" "Mozilla/5.0 (Windows NT 10.0; Win64; x64; rv:55.0) Gecko/20100101 Firefox/55.0"
213.163.226.237 - - [07/Sep/2017:09:35:06 +0200] "GET /gui/javascript/form_form.js?1504769706 HTTP/1.1" 200 16206 "http://easydrivers.activities.at/entry.php?id=11148&object=10245249&view=thumbnail&width=100&height=100&wrap=false&mime=image/jpeg&image=jpg.gif" "Mozilla/5.0 (Windows NT 10.0; Win64; x64; rv:55.0) Gecko/20100101 Firefox/55.0"
213.163.226.237 - - [07/Sep/2017:09:35:05 +0200] "GET /entry.php?id=11148&object=10247581&view=thumbnail&width=100&height=100&wrap=false&mime=image/jpeg&image=jpg.gif HTTP/1.1" 200 1603 "http://easydrivers.activities.at/entry.php?id=10778&form=11518&name=list&" "Mozilla/5.0 (Windows NT 10.0; Win64; x64; rv:55.0) Gecko/20100101 Firefox/55.0"
213.163.226.237 - - [07/Sep/2017:09:35:05 +0200] "GET /entry.php?id=11148&object=10265700&view=thumbnail&width=100&height=100&wrap=false&mime=image/jpeg&image=jpg.gif HTTP/1.1" 200 1603 "http://easydrivers.activities.at/entry.php?id=10778&form=11518&name=list&" "Mozilla/5.0 (Windows NT 10.0; Win64; x64; rv:55.0) Gecko/20100101 Firefox/55.0"
213.163.226.237 - - [07/Sep/2017:09:35:06 +0200] "GET /entry.php?id=11148&object=10245251&view=thumbnail&width=100&height=100&wrap=false&mime=image/jpeg&image=jpg.gif HTTP/1.1" 200 1602 "http://easydrivers.activities.at/entry.php?id=10778&form=11518&name=list&" "Mozilla/5.0 (Windows NT 10.0; Win64; x64; rv:55.0) Gecko/20100101 Firefox/55.0"
213.163.226.237 - - [07/Sep/2017:09:35:06 +0200] "GET /entry.php?id=11148&object=10264920&view=thumbnail&width=100&height=100&wrap=false&mime=image/jpeg&image=jpg.gif HTTP/1.1" 200 1603 "http://easydrivers.activities.at/entry.php?id=10778&form=11518&name=list&" "Mozilla/5.0 (Windows NT 10.0; Win64; x64; rv:55.0) Gecko/20100101 Firefox/55.0"
213.163.226.237 - - [07/Sep/2017:09:35:06 +0200] "GET /entry.php?id=11148&object=10247613&view=thumbnail&width=100&height=100&wrap=false&mime=image/jpeg&image=jpg.gif HTTP/1.1" 200 1602 "http://easydrivers.activities.at/entry.php?id=10778&form=11518&name=list&" "Mozilla/5.0 (Windows NT 10.0; Win64; x64; rv:55.0) Gecko/20100101 Firefox/55.0"
213.163.226.237 - - [07/Sep/2017:09:35:07 +0200] "GET /gui/javascript/form_form.js?1504769707 HTTP/1.1" 200 16206 "http://easydrivers.activities.at/entry.php?id=11148&object=10264920&view=thumbnail&width=100&height=100&wrap=false&mime=image/jpeg&image=jpg.gif" "Mozilla/5.0 (Windows NT 10.0; Win64; x64; rv:55.0) Gecko/20100101 Firefox/55.0"
213.163.226.237 - - [07/Sep/2017:09:35:06 +0200] "GET /entry.php?id=11148&object=10247586&view=thumbnail&width=100&height=100&wrap=false&mime=image/jpeg&image=jpg.gif HTTP/1.1" 200 1604 "http://easydrivers.activities.at/entry.php?id=10778&form=11518&name=list&" "Mozilla/5.0 (Windows NT 10.0; Win64; x64; rv:55.0) Gecko/20100101 Firefox/55.0"
213.163.226.237 - - [07/Sep/2017:09:35:06 +0200] "GET /entry.php?id=11148&object=10245257&view=thumbnail&width=100&height=100&wrap=false&mime=image/jpeg&image=jpg.gif HTTP/1.1" 200 1604 "http://easydrivers.activities.at/entry.php?id=10778&form=11518&name=list&" "Mozilla/5.0 (Windows NT 10.0; Win64; x64; rv:55.0) Gecko/20100101 Firefox/55.0"
213.163.226.237 - - [07/Sep/2017:09:35:19 +0200] "GET /entry.php?id=11670 HTTP/1.1" 200 320 "http://easydrivers.activities.at/entry.php?id=10270&__app__=10006038" "Mozilla/5.0 (Windows NT 10.0; Win64; x64; rv:55.0) Gecko/20100101 Firefox/55.0"
213.163.226.237 - - [07/Sep/2017:09:35:19 +0200] "GET /entry.php?id=10676&&title=Produkte HTTP/1.1" 200 1390 "http://easydrivers.activities.at/entry.php?id=11670" "Mozilla/5.0 (Windows NT 10.0; Win64; x64; rv:55.0) Gecko/20100101 Firefox/55.0"
213.163.226.237 - - [07/Sep/2017:09:35:20 +0200] "GET /gui/javascript/form_form.js?1504769719 HTTP/1.1" 200 16206 "http://easydrivers.activities.at/entry.php?id=10676&&title=Produkte" "Mozilla/5.0 (Windows NT 10.0; Win64; x64; rv:55.0) Gecko/20100101 Firefox/55.0"
213.163.226.237 - - [07/Sep/2017:09:35:19 +0200] "GET /entry.php?id=11668& HTTP/1.1" 200 3368 "http://easydrivers.activities.at/entry.php?id=11670" "Mozilla/5.0 (Windows NT 10.0; Win64; x64; rv:55.0) Gecko/20100101 Firefox/55.0"
213.163.226.237 - - [07/Sep/2017:09:35:20 +0200] "GET /gui/javascript/form_form.js?1504769720 HTTP/1.1" 200 16206 "http://easydrivers.activities.at/entry.php?id=11668&" "Mozilla/5.0 (Windows NT 10.0; Win64; x64; rv:55.0) Gecko/20100101 Firefox/55.0"
213.163.226.237 - - [07/Sep/2017:09:35:19 +0200] "GET /entry.php?id=11669& HTTP/1.1" 200 2283 "http://easydrivers.activities.at/entry.php?id=11670" "Mozilla/5.0 (Windows NT 10.0; Win64; x64; rv:55.0) Gecko/20100101 Firefox/55.0"
213.163.226.237 - - [07/Sep/2017:09:35:20 +0200] "GET /entry.php?id=10776&form=11493&name=list& HTTP/1.1" 200 1487 "http://easydrivers.activities.at/entry.php?id=11668&" "Mozilla/5.0 (Windows NT 10.0; Win64; x64; rv:55.0) Gecko/20100101 Firefox/55.0"
213.163.226.237 - - [07/Sep/2017:09:35:20 +0200] "GET /entry.php?id=10778&form=11493&name=list& HTTP/1.1" 200 2487 "http://easydrivers.activities.at/entry.php?id=11668&" "Mozilla/5.0 (Windows NT 10.0; Win64; x64; rv:55.0) Gecko/20100101 Firefox/55.0"
213.47.157.214 - - [07/Sep/2017:09:35:20 +0200] "GET /entry.php?id=10271&&ser=769660 HTTP/1.1" 200 987 "http://ed.activities.at/entry.php?id=10271&&ser=769600" "Mozilla/5.0 (Windows NT 6.1; Win64; x64) AppleWebKit/537.36 (KHTML, like Gecko) Chrome/60.0.3112.113 Safari/537.36"
213.163.226.237 - - [07/Sep/2017:09:35:20 +0200] "GET /entry.php?id=10778&form=11494&name=list& HTTP/1.1" 200 4849 "http://easydrivers.activities.at/entry.php?id=11669&" "Mozilla/5.0 (Windows NT 10.0; Win64; x64; rv:55.0) Gecko/20100101 Firefox/55.0"
213.47.157.214 - - [07/Sep/2017:09:35:21 +0200] "GET /gui/javascript/form_form.js?1504769720 HTTP/1.1" 200 16206 "http://ed.activities.at/entry.php?id=10271&&ser=769660" "Mozilla/5.0 (Windows NT 6.1; Win64; x64) AppleWebKit/537.36 (KHTML, like Gecko) Chrome/60.0.3112.113 Safari/537.36"
213.163.226.237 - - [07/Sep/2017:09:35:20 +0200] "GET /entry.php?id=10776&form=11494&name=list& HTTP/1.1" 200 1990 "http://easydrivers.activities.at/entry.php?id=11669&" "Mozilla/5.0 (Windows NT 10.0; Win64; x64; rv:55.0) Gecko/20100101 Firefox/55.0"
213.163.226.237 - - [07/Sep/2017:09:35:22 +0200] "GET /entry.php?id=11664 HTTP/1.1" 200 343 "http://easydrivers.activities.at/entry.php?id=10270&__app__=10006038" "Mozilla/5.0 (Windows NT 10.0; Win64; x64; rv:55.0) Gecko/20100101 Firefox/55.0"
213.163.226.237 - - [07/Sep/2017:09:35:22 +0200] "GET /entry.php?id=10271&&ser=769662 HTTP/1.1" 200 987 "http://easydrivers.activities.at/entry.php?id=10271&&ser=769601" "Mozilla/5.0 (Windows NT 10.0; Win64; x64; rv:55.0) Gecko/20100101 Firefox/55.0"
213.163.226.237 - - [07/Sep/2017:09:35:22 +0200] "GET /gui/javascript/form_form.js?1504769722 HTTP/1.1" 200 16206 "http://easydrivers.activities.at/entry.php?id=10271&&ser=769662" "Mozilla/5.0 (Windows NT 10.0; Win64; x64; rv:55.0) Gecko/20100101 Firefox/55.0"
213.163.226.237 - - [07/Sep/2017:09:35:22 +0200] "GET /entry.php?id=10676&&title=Standorte HTTP/1.1" 200 1390 "http://easydrivers.activities.at/entry.php?id=11664" "Mozilla/5.0 (Windows NT 10.0; Win64; x64; rv:55.0) Gecko/20100101 Firefox/55.0"
213.163.226.237 - - [07/Sep/2017:09:35:23 +0200] "GET /gui/javascript/form_form.js?1504769723 HTTP/1.1" 200 16206 "http://easydrivers.activities.at/entry.php?id=10676&&title=Standorte" "Mozilla/5.0 (Windows NT 10.0; Win64; x64; rv:55.0) Gecko/20100101 Firefox/55.0"
213.163.226.237 - - [07/Sep/2017:09:35:22 +0200] "GET /entry.php?id=11665& HTTP/1.1" 200 2317 "http://easydrivers.activities.at/entry.php?id=11664" "Mozilla/5.0 (Windows NT 10.0; Win64; x64; rv:55.0) Gecko/20100101 Firefox/55.0"
213.163.226.237 - - [07/Sep/2017:09:35:22 +0200] "GET /entry.php?id=11666& HTTP/1.1" 200 3722 "http://easydrivers.activities.at/entry.php?id=11664" "Mozilla/5.0 (Windows NT 10.0; Win64; x64; rv:55.0) Gecko/20100101 Firefox/55.0"
213.163.226.237 - - [07/Sep/2017:09:35:22 +0200] "GET /entry.php?id=11697& HTTP/1.1" 200 2603 "http://easydrivers.activities.at/entry.php?id=11664" "Mozilla/5.0 (Windows NT 10.0; Win64; x64; rv:55.0) Gecko/20100101 Firefox/55.0"
213.163.226.237 - - [07/Sep/2017:09:35:23 +0200] "GET /entry.php?id=10776&form=11490&name=list& HTTP/1.1" 200 2009 "http://easydrivers.activities.at/entry.php?id=11665&" "Mozilla/5.0 (Windows NT 10.0; Win64; x64; rv:55.0) Gecko/20100101 Firefox/55.0"
213.163.226.237 - - [07/Sep/2017:09:35:23 +0200] "GET /entry.php?id=10778&form=11490&name=list& HTTP/1.1" 200 2763 "http://easydrivers.activities.at/entry.php?id=11665&" "Mozilla/5.0 (Windows NT 10.0; Win64; x64; rv:55.0) Gecko/20100101 Firefox/55.0"
213.163.226.237 - - [07/Sep/2017:09:35:24 +0200] "GET /entry.php?id=10778&form=11522&name=list& HTTP/1.1" 200 4623 "http://easydrivers.activities.at/entry.php?id=11697&" "Mozilla/5.0 (Windows NT 10.0; Win64; x64; rv:55.0) Gecko/20100101 Firefox/55.0"
213.163.226.237 - - [07/Sep/2017:09:35:24 +0200] "GET /entry.php?id=10776&form=11522&name=list& HTTP/1.1" 200 2261 "http://easydrivers.activities.at/entry.php?id=11697&" "Mozilla/5.0 (Windows NT 10.0; Win64; x64; rv:55.0) Gecko/20100101 Firefox/55.0"
213.163.226.237 - - [07/Sep/2017:09:35:36 +0200] "GET /entry.php?id=11667&object=10290821&company=10221879 HTTP/1.1" 200 4074 "http://easydrivers.activities.at/entry.php?id=11412" "Mozilla/5.0 (Windows NT 10.0; Win64; x64; rv:55.0) Gecko/20100101 Firefox/55.0"
213.163.226.237 - - [07/Sep/2017:09:35:37 +0200] "GET /gui/javascript/form_form.js?1504769737 HTTP/1.1" 200 16206 "http://easydrivers.activities.at/entry.php?id=11667&object=10290821&company=10221879" "Mozilla/5.0 (Windows NT 10.0; Win64; x64; rv:55.0) Gecko/20100101 Firefox/55.0"
213.163.226.237 - - [07/Sep/2017:09:35:37 +0200] "GET /entry.php?id=10776&form=11492&name=mandantlist& HTTP/1.1" 200 1407 "http://easydrivers.activities.at/entry.php?id=11667&object=10290821&company=10221879" "Mozilla/5.0 (Windows NT 10.0; Win64; x64; rv:55.0) Gecko/20100101 Firefox/55.0"
213.163.226.237 - - [07/Sep/2017:09:35:37 +0200] "GET /entry.php?id=10778&form=11492&name=mandantlist& HTTP/1.1" 200 2885 "http://easydrivers.activities.at/entry.php?id=11667&object=10290821&company=10221879" "Mozilla/5.0 (Windows NT 10.0; Win64; x64; rv:55.0) Gecko/20100101 Firefox/55.0"
213.163.226.237 - - [07/Sep/2017:09:35:49 +0200] "GET /entry.php?id=11670 HTTP/1.1" 200 320 "http://easydrivers.activities.at/entry.php?id=10270&__app__=10006038" "Mozilla/5.0 (Windows NT 10.0; Win64; x64; rv:55.0) Gecko/20100101 Firefox/55.0"
213.163.226.237 - - [07/Sep/2017:09:35:50 +0200] "GET /entry.php?id=10676&&title=Produkte HTTP/1.1" 200 1390 "http://easydrivers.activities.at/entry.php?id=11670" "Mozilla/5.0 (Windows NT 10.0; Win64; x64; rv:55.0) Gecko/20100101 Firefox/55.0"
213.163.226.237 - - [07/Sep/2017:09:35:50 +0200] "GET /gui/javascript/form_form.js?1504769750 HTTP/1.1" 200 16206 "http://easydrivers.activities.at/entry.php?id=10676&&title=Produkte" "Mozilla/5.0 (Windows NT 10.0; Win64; x64; rv:55.0) Gecko/20100101 Firefox/55.0"
213.163.226.237 - - [07/Sep/2017:09:35:50 +0200] "GET /entry.php?id=11669& HTTP/1.1" 200 2283 "http://easydrivers.activities.at/entry.php?id=11670" "Mozilla/5.0 (Windows NT 10.0; Win64; x64; rv:55.0) Gecko/20100101 Firefox/55.0"
213.163.226.237 - - [07/Sep/2017:09:35:50 +0200] "GET /entry.php?id=11668& HTTP/1.1" 200 3367 "http://easydrivers.activities.at/entry.php?id=11670" "Mozilla/5.0 (Windows NT 10.0; Win64; x64; rv:55.0) Gecko/20100101 Firefox/55.0"
213.163.226.237 - - [07/Sep/2017:09:35:50 +0200] "GET /entry.php?id=10776&form=11494&name=list& HTTP/1.1" 200 1990 "http://easydrivers.activities.at/entry.php?id=11669&" "Mozilla/5.0 (Windows NT 10.0; Win64; x64; rv:55.0) Gecko/20100101 Firefox/55.0"
213.163.226.237 - - [07/Sep/2017:09:35:50 +0200] "GET /entry.php?id=10778&form=11494&name=list& HTTP/1.1" 200 4849 "http://easydrivers.activities.at/entry.php?id=11669&" "Mozilla/5.0 (Windows NT 10.0; Win64; x64; rv:55.0) Gecko/20100101 Firefox/55.0"
213.163.226.237 - - [07/Sep/2017:09:35:51 +0200] "GET /entry.php?id=10776&form=11493&name=list& HTTP/1.1" 200 1487 "http://easydrivers.activities.at/entry.php?id=11668&" "Mozilla/5.0 (Windows NT 10.0; Win64; x64; rv:55.0) Gecko/20100101 Firefox/55.0"
213.163.226.237 - - [07/Sep/2017:09:35:51 +0200] "GET /entry.php?id=10778&form=11493&name=list& HTTP/1.1" 200 2487 "http://easydrivers.activities.at/entry.php?id=11668&" "Mozilla/5.0 (Windows NT 10.0; Win64; x64; rv:55.0) Gecko/20100101 Firefox/55.0"
213.163.226.237 - - [07/Sep/2017:09:35:56 +0200] "GET /entry.php?id=11693 HTTP/1.1" 200 2507 "http://easydrivers.activities.at/entry.php?id=10270&__app__=10006038" "Mozilla/5.0 (Windows NT 10.0; Win64; x64; rv:55.0) Gecko/20100101 Firefox/55.0"
213.163.226.237 - - [07/Sep/2017:09:35:57 +0200] "GET /gui/javascript/form_form.js?1504769757 HTTP/1.1" 200 16206 "http://easydrivers.activities.at/entry.php?id=11693" "Mozilla/5.0 (Windows NT 10.0; Win64; x64; rv:55.0) Gecko/20100101 Firefox/55.0"
213.163.226.237 - - [07/Sep/2017:09:35:57 +0200] "GET /entry.php?id=10776&form=11518&name=list& HTTP/1.1" 200 1829 "http://easydrivers.activities.at/entry.php?id=11693" "Mozilla/5.0 (Windows NT 10.0; Win64; x64; rv:55.0) Gecko/20100101 Firefox/55.0"
213.163.226.237 - - [07/Sep/2017:09:35:57 +0200] "GET /entry.php?id=10778&form=11518&name=list& HTTP/1.1" 200 7862 "http://easydrivers.activities.at/entry.php?id=11693" "Mozilla/5.0 (Windows NT 10.0; Win64; x64; rv:55.0) Gecko/20100101 Firefox/55.0"
213.163.226.237 - - [07/Sep/2017:09:35:58 +0200] "GET /entry.php?id=11148&object=10264918&view=thumbnail&width=100&height=100&wrap=false&mime=image/jpeg&image=jpg.gif HTTP/1.1" 200 1603 "http://easydrivers.activities.at/entry.php?id=10778&form=11518&name=list&" "Mozilla/5.0 (Windows NT 10.0; Win64; x64; rv:55.0) Gecko/20100101 Firefox/55.0"
213.163.226.237 - - [07/Sep/2017:09:35:58 +0200] "GET /entry.php?id=11148&object=10245252&view=thumbnail&width=100&height=100&wrap=false&mime=image/jpeg&image=jpg.gif HTTP/1.1" 200 1605 "http://easydrivers.activities.at/entry.php?id=10778&form=11518&name=list&" "Mozilla/5.0 (Windows NT 10.0; Win64; x64; rv:55.0) Gecko/20100101 Firefox/55.0"
213.163.226.237 - - [07/Sep/2017:09:35:58 +0200] "GET /gui/javascript/form_form.js?1504769758 HTTP/1.1" 200 16206 "http://easydrivers.activities.at/entry.php?id=11148&object=10264918&view=thumbnail&width=100&height=100&wrap=false&mime=image/jpeg&image=jpg.gif" "Mozilla/5.0 (Windows NT 10.0; Win64; x64; rv:55.0) Gecko/20100101 Firefox/55.0"
213.163.226.237 - - [07/Sep/2017:09:35:58 +0200] "GET /entry.php?id=11148&object=10245249&view=thumbnail&width=100&height=100&wrap=false&mime=image/jpeg&image=jpg.gif HTTP/1.1" 200 1604 "http://easydrivers.activities.at/entry.php?id=10778&form=11518&name=list&" "Mozilla/5.0 (Windows NT 10.0; Win64; x64; rv:55.0) Gecko/20100101 Firefox/55.0"
213.163.226.237 - - [07/Sep/2017:09:35:58 +0200] "GET /entry.php?id=11148&object=10247580&view=thumbnail&width=100&height=100&wrap=false&mime=image/jpeg&image=jpg.gif HTTP/1.1" 200 1603 "http://easydrivers.activities.at/entry.php?id=10778&form=11518&name=list&" "Mozilla/5.0 (Windows NT 10.0; Win64; x64; rv:55.0) Gecko/20100101 Firefox/55.0"
213.163.226.237 - - [07/Sep/2017:09:35:58 +0200] "GET /entry.php?id=11148&object=10245251&view=thumbnail&width=100&height=100&wrap=false&mime=image/jpeg&image=jpg.gif HTTP/1.1" 200 1604 "http://easydrivers.activities.at/entry.php?id=10778&form=11518&name=list&" "Mozilla/5.0 (Windows NT 10.0; Win64; x64; rv:55.0) Gecko/20100101 Firefox/55.0"
213.163.226.237 - - [07/Sep/2017:09:35:58 +0200] "GET /entry.php?id=11148&object=10247581&view=thumbnail&width=100&height=100&wrap=false&mime=image/jpeg&image=jpg.gif HTTP/1.1" 200 1604 "http://easydrivers.activities.at/entry.php?id=10778&form=11518&name=list&" "Mozilla/5.0 (Windows NT 10.0; Win64; x64; rv:55.0) Gecko/20100101 Firefox/55.0"
213.163.226.237 - - [07/Sep/2017:09:35:58 +0200] "GET /entry.php?id=11148&object=10265700&view=thumbnail&width=100&height=100&wrap=false&mime=image/jpeg&image=jpg.gif HTTP/1.1" 200 1603 "http://easydrivers.activities.at/entry.php?id=10778&form=11518&name=list&" "Mozilla/5.0 (Windows NT 10.0; Win64; x64; rv:55.0) Gecko/20100101 Firefox/55.0"
213.163.226.237 - - [07/Sep/2017:09:35:58 +0200] "GET /entry.php?id=11148&object=10264920&view=thumbnail&width=100&height=100&wrap=false&mime=image/jpeg&image=jpg.gif HTTP/1.1" 200 1604 "http://easydrivers.activities.at/entry.php?id=10778&form=11518&name=list&" "Mozilla/5.0 (Windows NT 10.0; Win64; x64; rv:55.0) Gecko/20100101 Firefox/55.0"
213.163.226.237 - - [07/Sep/2017:09:35:59 +0200] "GET /gui/javascript/form_form.js?1504769759 HTTP/1.1" 200 16206 "http://easydrivers.activities.at/entry.php?id=11148&object=10247581&view=thumbnail&width=100&height=100&wrap=false&mime=image/jpeg&image=jpg.gif" "Mozilla/5.0 (Windows NT 10.0; Win64; x64; rv:55.0) Gecko/20100101 Firefox/55.0"
213.163.226.237 - - [07/Sep/2017:09:35:58 +0200] "GET /entry.php?id=11148&object=10245257&view=thumbnail&width=100&height=100&wrap=false&mime=image/jpeg&image=jpg.gif HTTP/1.1" 200 1604 "http://easydrivers.activities.at/entry.php?id=10778&form=11518&name=list&" "Mozilla/5.0 (Windows NT 10.0; Win64; x64; rv:55.0) Gecko/20100101 Firefox/55.0"
213.163.226.237 - - [07/Sep/2017:09:35:58 +0200] "GET /entry.php?id=11148&object=10247613&view=thumbnail&width=100&height=100&wrap=false&mime=image/jpeg&image=jpg.gif HTTP/1.1" 200 1603 "http://easydrivers.activities.at/entry.php?id=10778&form=11518&name=list&" "Mozilla/5.0 (Windows NT 10.0; Win64; x64; rv:55.0) Gecko/20100101 Firefox/55.0"
213.163.226.237 - - [07/Sep/2017:09:35:59 +0200] "GET /entry.php?id=11148&object=10247586&view=thumbnail&width=100&height=100&wrap=false&mime=image/jpeg&image=jpg.gif HTTP/1.1" 200 1604 "http://easydrivers.activities.at/entry.php?id=10778&form=11518&name=list&" "Mozilla/5.0 (Windows NT 10.0; Win64; x64; rv:55.0) Gecko/20100101 Firefox/55.0"
213.47.157.214 - - [07/Sep/2017:09:36:21 +0200] "GET /entry.php?id=10271&&ser=769720 HTTP/1.1" 200 986 "http://ed.activities.at/entry.php?id=10271&&ser=769660" "Mozilla/5.0 (Windows NT 6.1; Win64; x64) AppleWebKit/537.36 (KHTML, like Gecko) Chrome/60.0.3112.113 Safari/537.36"
213.47.157.214 - - [07/Sep/2017:09:36:21 +0200] "GET /gui/javascript/form_form.js?1504769781 HTTP/1.1" 200 16206 "http://ed.activities.at/entry.php?id=10271&&ser=769720" "Mozilla/5.0 (Windows NT 6.1; Win64; x64) AppleWebKit/537.36 (KHTML, like Gecko) Chrome/60.0.3112.113 Safari/537.36"
213.163.226.237 - - [07/Sep/2017:09:36:22 +0200] "GET /entry.php?id=11664 HTTP/1.1" 200 343 "http://easydrivers.activities.at/entry.php?id=10270&__app__=10006038" "Mozilla/5.0 (Windows NT 10.0; Win64; x64; rv:55.0) Gecko/20100101 Firefox/55.0"
213.163.226.237 - - [07/Sep/2017:09:36:23 +0200] "GET /entry.php?id=10676&&title=Standorte HTTP/1.1" 200 1389 "http://easydrivers.activities.at/entry.php?id=11664" "Mozilla/5.0 (Windows NT 10.0; Win64; x64; rv:55.0) Gecko/20100101 Firefox/55.0"
213.163.226.237 - - [07/Sep/2017:09:36:23 +0200] "GET /gui/javascript/form_form.js?1504769783 HTTP/1.1" 200 16206 "http://easydrivers.activities.at/entry.php?id=10676&&title=Standorte" "Mozilla/5.0 (Windows NT 10.0; Win64; x64; rv:55.0) Gecko/20100101 Firefox/55.0"
213.163.226.237 - - [07/Sep/2017:09:36:23 +0200] "GET /entry.php?id=11665& HTTP/1.1" 200 2318 "http://easydrivers.activities.at/entry.php?id=11664" "Mozilla/5.0 (Windows NT 10.0; Win64; x64; rv:55.0) Gecko/20100101 Firefox/55.0"
213.163.226.237 - - [07/Sep/2017:09:36:23 +0200] "GET /entry.php?id=11666& HTTP/1.1" 200 3723 "http://easydrivers.activities.at/entry.php?id=11664" "Mozilla/5.0 (Windows NT 10.0; Win64; x64; rv:55.0) Gecko/20100101 Firefox/55.0"
213.163.226.237 - - [07/Sep/2017:09:36:23 +0200] "GET /entry.php?id=11697& HTTP/1.1" 200 2603 "http://easydrivers.activities.at/entry.php?id=11664" "Mozilla/5.0 (Windows NT 10.0; Win64; x64; rv:55.0) Gecko/20100101 Firefox/55.0"
213.163.226.237 - - [07/Sep/2017:09:36:23 +0200] "GET /entry.php?id=10271&&ser=769722 HTTP/1.1" 200 987 "http://easydrivers.activities.at/entry.php?id=10271&&ser=769662" "Mozilla/5.0 (Windows NT 10.0; Win64; x64; rv:55.0) Gecko/20100101 Firefox/55.0"
213.163.226.237 - - [07/Sep/2017:09:36:24 +0200] "GET /gui/javascript/form_form.js?1504769784 HTTP/1.1" 200 16206 "http://easydrivers.activities.at/entry.php?id=11697&" "Mozilla/5.0 (Windows NT 10.0; Win64; x64; rv:55.0) Gecko/20100101 Firefox/55.0"
213.163.226.237 - - [07/Sep/2017:09:36:23 +0200] "GET /entry.php?id=10776&form=11490&name=list& HTTP/1.1" 200 2009 "http://easydrivers.activities.at/entry.php?id=11665&" "Mozilla/5.0 (Windows NT 10.0; Win64; x64; rv:55.0) Gecko/20100101 Firefox/55.0"
213.163.226.237 - - [07/Sep/2017:09:36:23 +0200] "GET /entry.php?id=10778&form=11490&name=list& HTTP/1.1" 200 2763 "http://easydrivers.activities.at/entry.php?id=11665&" "Mozilla/5.0 (Windows NT 10.0; Win64; x64; rv:55.0) Gecko/20100101 Firefox/55.0"
213.163.226.237 - - [07/Sep/2017:09:36:24 +0200] "GET /entry.php?id=10776&form=11522&name=list& HTTP/1.1" 200 2261 "http://easydrivers.activities.at/entry.php?id=11697&" "Mozilla/5.0 (Windows NT 10.0; Win64; x64; rv:55.0) Gecko/20100101 Firefox/55.0"
213.163.226.237 - - [07/Sep/2017:09:36:24 +0200] "GET /entry.php?id=10778&form=11522&name=list& HTTP/1.1" 200 4623 "http://easydrivers.activities.at/entry.php?id=11697&" "Mozilla/5.0 (Windows NT 10.0; Win64; x64; rv:55.0) Gecko/20100101 Firefox/55.0"
213.163.226.237 - - [07/Sep/2017:09:36:35 +0200] "POST /entry.php?id=11666 HTTP/1.1" 200 3752 "http://easydrivers.activities.at/entry.php?id=11666&" "Mozilla/5.0 (Windows NT 10.0; Win64; x64; rv:55.0) Gecko/20100101 Firefox/55.0"
213.163.226.237 - - [07/Sep/2017:09:36:35 +0200] "GET /gui/javascript/form_form.js?1504769795 HTTP/1.1" 200 16206 "http://easydrivers.activities.at/entry.php?id=11666" "Mozilla/5.0 (Windows NT 10.0; Win64; x64; rv:55.0) Gecko/20100101 Firefox/55.0"
213.163.226.237 - - [07/Sep/2017:09:36:38 +0200] "POST /entry.php?id=11666 HTTP/1.1" 200 3174 "http://easydrivers.activities.at/entry.php?id=11666" "Mozilla/5.0 (Windows NT 10.0; Win64; x64; rv:55.0) Gecko/20100101 Firefox/55.0"
213.163.226.237 - - [07/Sep/2017:09:36:39 +0200] "GET /gui/javascript/form_form.js?1504769799 HTTP/1.1" 200 16206 "http://easydrivers.activities.at/entry.php?id=11666" "Mozilla/5.0 (Windows NT 10.0; Win64; x64; rv:55.0) Gecko/20100101 Firefox/55.0"
213.163.226.237 - - [07/Sep/2017:09:36:39 +0200] "GET /entry.php?id=10778&form=11491&name=list& HTTP/1.1" 200 2687 "http://easydrivers.activities.at/entry.php?id=11666" "Mozilla/5.0 (Windows NT 10.0; Win64; x64; rv:55.0) Gecko/20100101 Firefox/55.0"
213.163.226.237 - - [07/Sep/2017:09:36:39 +0200] "GET /entry.php?id=10776&form=11491&name=list& HTTP/1.1" 200 1547 "http://easydrivers.activities.at/entry.php?id=11666" "Mozilla/5.0 (Windows NT 10.0; Win64; x64; rv:55.0) Gecko/20100101 Firefox/55.0"
213.163.226.237 - - [07/Sep/2017:09:36:39 +0200] "GET /entry.php?id=10683 HTTP/1.1" 200 990 "http://easydrivers.activities.at/entry.php?id=11666" "Mozilla/5.0 (Windows NT 10.0; Win64; x64; rv:55.0) Gecko/20100101 Firefox/55.0"
213.163.226.237 - - [07/Sep/2017:09:36:40 +0200] "GET /gui/javascript/form_form.js?1504769800 HTTP/1.1" 200 16206 "http://easydrivers.activities.at/entry.php?id=10683" "Mozilla/5.0 (Windows NT 10.0; Win64; x64; rv:55.0) Gecko/20100101 Firefox/55.0"
213.163.226.237 - - [07/Sep/2017:09:36:41 +0200] "POST /entry.php?id=11666 HTTP/1.1" 200 2350 "http://easydrivers.activities.at/entry.php?id=11666" "Mozilla/5.0 (Windows NT 10.0; Win64; x64; rv:55.0) Gecko/20100101 Firefox/55.0"
213.163.226.237 - - [07/Sep/2017:09:36:41 +0200] "GET /gui/javascript/form_form.js?1504769801 HTTP/1.1" 200 16206 "http://easydrivers.activities.at/entry.php?id=11666" "Mozilla/5.0 (Windows NT 10.0; Win64; x64; rv:55.0) Gecko/20100101 Firefox/55.0"
213.163.226.237 - - [07/Sep/2017:09:36:42 +0200] "GET /entry.php?id=10646&&object=10221879&hiddetabs=true HTTP/1.1" 200 2159 "http://easydrivers.activities.at/entry.php?id=11666" "Mozilla/5.0 (Windows NT 10.0; Win64; x64; rv:55.0) Gecko/20100101 Firefox/55.0"
213.163.226.237 - - [07/Sep/2017:09:36:42 +0200] "GET /gui/javascript/form_form.js?1504769802 HTTP/1.1" 200 16206 "http://easydrivers.activities.at/entry.php?id=10646&&object=10221879&hiddetabs=true" "Mozilla/5.0 (Windows NT 10.0; Win64; x64; rv:55.0) Gecko/20100101 Firefox/55.0"
213.163.226.237 - - [07/Sep/2017:09:36:42 +0200] "GET /entry.php?id=10778&form=10490&name=list& HTTP/1.1" 200 2934 "http://easydrivers.activities.at/entry.php?id=10646&&object=10221879&hiddetabs=true" "Mozilla/5.0 (Windows NT 10.0; Win64; x64; rv:55.0) Gecko/20100101 Firefox/55.0"
213.163.226.237 - - [07/Sep/2017:09:36:42 +0200] "GET /entry.php?id=10776&form=10490&name=list& HTTP/1.1" 200 1425 "http://easydrivers.activities.at/entry.php?id=10646&&object=10221879&hiddetabs=true" "Mozilla/5.0 (Windows NT 10.0; Win64; x64; rv:55.0) Gecko/20100101 Firefox/55.0"
213.47.157.214 - - [07/Sep/2017:09:37:21 +0200] "GET /entry.php?id=10271&&ser=769781 HTTP/1.1" 200 986 "http://ed.activities.at/entry.php?id=10271&&ser=769720" "Mozilla/5.0 (Windows NT 6.1; Win64; x64) AppleWebKit/537.36 (KHTML, like Gecko) Chrome/60.0.3112.113 Safari/537.36"
213.47.157.214 - - [07/Sep/2017:09:37:21 +0200] "GET /gui/javascript/form_form.js?1504769841 HTTP/1.1" 200 16206 "http://ed.activities.at/entry.php?id=10271&&ser=769781" "Mozilla/5.0 (Windows NT 6.1; Win64; x64) AppleWebKit/537.36 (KHTML, like Gecko) Chrome/60.0.3112.113 Safari/537.36"
213.163.226.237 - - [07/Sep/2017:09:37:24 +0200] "GET /entry.php?id=10271&&ser=769784 HTTP/1.1" 200 986 "http://easydrivers.activities.at/entry.php?id=10271&&ser=769722" "Mozilla/5.0 (Windows NT 10.0; Win64; x64; rv:55.0) Gecko/20100101 Firefox/55.0"
213.163.226.237 - - [07/Sep/2017:09:37:24 +0200] "GET /gui/javascript/form_form.js?1504769844 HTTP/1.1" 200 16206 "http://easydrivers.activities.at/entry.php?id=10271&&ser=769784" "Mozilla/5.0 (Windows NT 10.0; Win64; x64; rv:55.0) Gecko/20100101 Firefox/55.0"
213.47.157.214 - - [07/Sep/2017:09:38:22 +0200] "GET /entry.php?id=10271&&ser=769841 HTTP/1.1" 200 987 "http://ed.activities.at/entry.php?id=10271&&ser=769781" "Mozilla/5.0 (Windows NT 6.1; Win64; x64) AppleWebKit/537.36 (KHTML, like Gecko) Chrome/60.0.3112.113 Safari/537.36"
213.47.157.214 - - [07/Sep/2017:09:38:22 +0200] "GET /gui/javascript/form_form.js?1504769902 HTTP/1.1" 200 16206 "http://ed.activities.at/entry.php?id=10271&&ser=769841" "Mozilla/5.0 (Windows NT 6.1; Win64; x64) AppleWebKit/537.36 (KHTML, like Gecko) Chrome/60.0.3112.113 Safari/537.36"
213.163.226.237 - - [07/Sep/2017:09:38:25 +0200] "GET /entry.php?id=10271&&ser=769844 HTTP/1.1" 200 987 "http://easydrivers.activities.at/entry.php?id=10271&&ser=769784" "Mozilla/5.0 (Windows NT 10.0; Win64; x64; rv:55.0) Gecko/20100101 Firefox/55.0"
213.163.226.237 - - [07/Sep/2017:09:38:25 +0200] "GET /gui/javascript/form_form.js?1504769905 HTTP/1.1" 200 16206 "http://easydrivers.activities.at/entry.php?id=10271&&ser=769844" "Mozilla/5.0 (Windows NT 10.0; Win64; x64; rv:55.0) Gecko/20100101 Firefox/55.0"
213.47.157.214 - - [07/Sep/2017:09:39:22 +0200] "GET /entry.php?id=10271&&ser=769902 HTTP/1.1" 200 987 "http://ed.activities.at/entry.php?id=10271&&ser=769841" "Mozilla/5.0 (Windows NT 6.1; Win64; x64) AppleWebKit/537.36 (KHTML, like Gecko) Chrome/60.0.3112.113 Safari/537.36"
213.47.157.214 - - [07/Sep/2017:09:39:23 +0200] "GET /gui/javascript/form_form.js?1504769963 HTTP/1.1" 200 16206 "http://ed.activities.at/entry.php?id=10271&&ser=769902" "Mozilla/5.0 (Windows NT 6.1; Win64; x64) AppleWebKit/537.36 (KHTML, like Gecko) Chrome/60.0.3112.113 Safari/537.36"
213.163.226.237 - - [07/Sep/2017:09:39:25 +0200] "GET /entry.php?id=10271&&ser=769905 HTTP/1.1" 200 987 "http://easydrivers.activities.at/entry.php?id=10271&&ser=769844" "Mozilla/5.0 (Windows NT 10.0; Win64; x64; rv:55.0) Gecko/20100101 Firefox/55.0"
213.163.226.237 - - [07/Sep/2017:09:39:26 +0200] "GET /gui/javascript/form_form.js?1504769966 HTTP/1.1" 200 16206 "http://easydrivers.activities.at/entry.php?id=10271&&ser=769905" "Mozilla/5.0 (Windows NT 10.0; Win64; x64; rv:55.0) Gecko/20100101 Firefox/55.0"
213.47.157.214 - - [07/Sep/2017:09:40:23 +0200] "GET /entry.php?id=10271&&ser=769963 HTTP/1.1" 200 986 "http://ed.activities.at/entry.php?id=10271&&ser=769902" "Mozilla/5.0 (Windows NT 6.1; Win64; x64) AppleWebKit/537.36 (KHTML, like Gecko) Chrome/60.0.3112.113 Safari/537.36"
213.47.157.214 - - [07/Sep/2017:09:40:23 +0200] "GET /gui/javascript/form_form.js?1504770023 HTTP/1.1" 200 16206 "http://ed.activities.at/entry.php?id=10271&&ser=769963" "Mozilla/5.0 (Windows NT 6.1; Win64; x64) AppleWebKit/537.36 (KHTML, like Gecko) Chrome/60.0.3112.113 Safari/537.36"
213.163.226.237 - - [07/Sep/2017:09:40:26 +0200] "GET /entry.php?id=10271&&ser=769966 HTTP/1.1" 200 986 "http://easydrivers.activities.at/entry.php?id=10271&&ser=769905" "Mozilla/5.0 (Windows NT 10.0; Win64; x64; rv:55.0) Gecko/20100101 Firefox/55.0"
213.163.226.237 - - [07/Sep/2017:09:40:26 +0200] "GET /gui/javascript/form_form.js?1504770026 HTTP/1.1" 200 16206 "http://easydrivers.activities.at/entry.php?id=10271&&ser=769966" "Mozilla/5.0 (Windows NT 10.0; Win64; x64; rv:55.0) Gecko/20100101 Firefox/55.0"
213.47.157.214 - - [07/Sep/2017:09:41:23 +0200] "GET /entry.php?id=10271&&ser=770023 HTTP/1.1" 200 987 "http://ed.activities.at/entry.php?id=10271&&ser=769963" "Mozilla/5.0 (Windows NT 6.1; Win64; x64) AppleWebKit/537.36 (KHTML, like Gecko) Chrome/60.0.3112.113 Safari/537.36"
213.47.157.214 - - [07/Sep/2017:09:41:24 +0200] "GET /gui/javascript/form_form.js?1504770083 HTTP/1.1" 200 16206 "http://ed.activities.at/entry.php?id=10271&&ser=770023" "Mozilla/5.0 (Windows NT 6.1; Win64; x64) AppleWebKit/537.36 (KHTML, like Gecko) Chrome/60.0.3112.113 Safari/537.36"
213.163.226.237 - - [07/Sep/2017:09:41:27 +0200] "GET /entry.php?id=10271&&ser=770026 HTTP/1.1" 200 986 "http://easydrivers.activities.at/entry.php?id=10271&&ser=769966" "Mozilla/5.0 (Windows NT 10.0; Win64; x64; rv:55.0) Gecko/20100101 Firefox/55.0"
213.163.226.237 - - [07/Sep/2017:09:41:27 +0200] "GET /gui/javascript/form_form.js?1504770087 HTTP/1.1" 200 16206 "http://easydrivers.activities.at/entry.php?id=10271&&ser=770026" "Mozilla/5.0 (Windows NT 10.0; Win64; x64; rv:55.0) Gecko/20100101 Firefox/55.0"
213.47.157.214 - - [07/Sep/2017:09:42:24 +0200] "GET /entry.php?id=10271&&ser=770083 HTTP/1.1" 200 987 "http://ed.activities.at/entry.php?id=10271&&ser=770023" "Mozilla/5.0 (Windows NT 6.1; Win64; x64) AppleWebKit/537.36 (KHTML, like Gecko) Chrome/60.0.3112.113 Safari/537.36"
213.47.157.214 - - [07/Sep/2017:09:42:24 +0200] "GET /gui/javascript/form_form.js?1504770144 HTTP/1.1" 200 16206 "http://ed.activities.at/entry.php?id=10271&&ser=770083" "Mozilla/5.0 (Windows NT 6.1; Win64; x64) AppleWebKit/537.36 (KHTML, like Gecko) Chrome/60.0.3112.113 Safari/537.36"
213.163.226.237 - - [07/Sep/2017:09:42:27 +0200] "GET /entry.php?id=10271&&ser=770087 HTTP/1.1" 200 987 "http://easydrivers.activities.at/entry.php?id=10271&&ser=770026" "Mozilla/5.0 (Windows NT 10.0; Win64; x64; rv:55.0) Gecko/20100101 Firefox/55.0"
213.163.226.237 - - [07/Sep/2017:09:42:27 +0200] "GET /gui/javascript/form_form.js?1504770147 HTTP/1.1" 200 16206 "http://easydrivers.activities.at/entry.php?id=10271&&ser=770087" "Mozilla/5.0 (Windows NT 10.0; Win64; x64; rv:55.0) Gecko/20100101 Firefox/55.0"
213.47.157.214 - - [07/Sep/2017:09:43:24 +0200] "GET /entry.php?id=10271&&ser=770144 HTTP/1.1" 200 986 "http://ed.activities.at/entry.php?id=10271&&ser=770083" "Mozilla/5.0 (Windows NT 6.1; Win64; x64) AppleWebKit/537.36 (KHTML, like Gecko) Chrome/60.0.3112.113 Safari/537.36"
213.47.157.214 - - [07/Sep/2017:09:43:24 +0200] "GET /gui/javascript/form_form.js?1504770204 HTTP/1.1" 200 16206 "http://ed.activities.at/entry.php?id=10271&&ser=770144" "Mozilla/5.0 (Windows NT 6.1; Win64; x64) AppleWebKit/537.36 (KHTML, like Gecko) Chrome/60.0.3112.113 Safari/537.36"
213.163.226.237 - - [07/Sep/2017:09:43:28 +0200] "GET /entry.php?id=10271&&ser=770147 HTTP/1.1" 200 986 "http://easydrivers.activities.at/entry.php?id=10271&&ser=770087" "Mozilla/5.0 (Windows NT 10.0; Win64; x64; rv:55.0) Gecko/20100101 Firefox/55.0"
213.163.226.237 - - [07/Sep/2017:09:43:28 +0200] "GET /gui/javascript/form_form.js?1504770208 HTTP/1.1" 200 16206 "http://easydrivers.activities.at/entry.php?id=10271&&ser=770147" "Mozilla/5.0 (Windows NT 10.0; Win64; x64; rv:55.0) Gecko/20100101 Firefox/55.0"
213.47.157.214 - - [07/Sep/2017:09:44:25 +0200] "GET /entry.php?id=10271&&ser=770204 HTTP/1.1" 200 987 "http://ed.activities.at/entry.php?id=10271&&ser=770144" "Mozilla/5.0 (Windows NT 6.1; Win64; x64) AppleWebKit/537.36 (KHTML, like Gecko) Chrome/60.0.3112.113 Safari/537.36"
213.47.157.214 - - [07/Sep/2017:09:44:25 +0200] "GET /gui/javascript/form_form.js?1504770265 HTTP/1.1" 200 16206 "http://ed.activities.at/entry.php?id=10271&&ser=770204" "Mozilla/5.0 (Windows NT 6.1; Win64; x64) AppleWebKit/537.36 (KHTML, like Gecko) Chrome/60.0.3112.113 Safari/537.36"
213.163.226.237 - - [07/Sep/2017:09:44:28 +0200] "GET /entry.php?id=10271&&ser=770208 HTTP/1.1" 200 987 "http://easydrivers.activities.at/entry.php?id=10271&&ser=770147" "Mozilla/5.0 (Windows NT 10.0; Win64; x64; rv:55.0) Gecko/20100101 Firefox/55.0"
213.163.226.237 - - [07/Sep/2017:09:44:29 +0200] "GET /gui/javascript/form_form.js?1504770268 HTTP/1.1" 200 16206 "http://easydrivers.activities.at/entry.php?id=10271&&ser=770208" "Mozilla/5.0 (Windows NT 10.0; Win64; x64; rv:55.0) Gecko/20100101 Firefox/55.0"
213.47.157.214 - - [07/Sep/2017:09:45:25 +0200] "GET /entry.php?id=10271&&ser=770265 HTTP/1.1" 200 987 "http://ed.activities.at/entry.php?id=10271&&ser=770204" "Mozilla/5.0 (Windows NT 6.1; Win64; x64) AppleWebKit/537.36 (KHTML, like Gecko) Chrome/60.0.3112.113 Safari/537.36"
213.47.157.214 - - [07/Sep/2017:09:45:25 +0200] "GET /gui/javascript/form_form.js?1504770325 HTTP/1.1" 200 16206 "http://ed.activities.at/entry.php?id=10271&&ser=770265" "Mozilla/5.0 (Windows NT 6.1; Win64; x64) AppleWebKit/537.36 (KHTML, like Gecko) Chrome/60.0.3112.113 Safari/537.36"
213.163.226.237 - - [07/Sep/2017:09:45:29 +0200] "GET /entry.php?id=10271&&ser=770268 HTTP/1.1" 200 987 "http://easydrivers.activities.at/entry.php?id=10271&&ser=770208" "Mozilla/5.0 (Windows NT 10.0; Win64; x64; rv:55.0) Gecko/20100101 Firefox/55.0"
213.163.226.237 - - [07/Sep/2017:09:45:29 +0200] "GET /gui/javascript/form_form.js?1504770329 HTTP/1.1" 200 16206 "http://easydrivers.activities.at/entry.php?id=10271&&ser=770268" "Mozilla/5.0 (Windows NT 10.0; Win64; x64; rv:55.0) Gecko/20100101 Firefox/55.0"
213.47.157.214 - - [07/Sep/2017:09:46:25 +0200] "GET /entry.php?id=10271&&ser=770325 HTTP/1.1" 200 988 "http://ed.activities.at/entry.php?id=10271&&ser=770265" "Mozilla/5.0 (Windows NT 6.1; Win64; x64) AppleWebKit/537.36 (KHTML, like Gecko) Chrome/60.0.3112.113 Safari/537.36"
213.47.157.214 - - [07/Sep/2017:09:46:26 +0200] "GET /gui/javascript/form_form.js?1504770386 HTTP/1.1" 200 16206 "http://ed.activities.at/entry.php?id=10271&&ser=770325" "Mozilla/5.0 (Windows NT 6.1; Win64; x64) AppleWebKit/537.36 (KHTML, like Gecko) Chrome/60.0.3112.113 Safari/537.36"
213.163.226.237 - - [07/Sep/2017:09:46:29 +0200] "GET /entry.php?id=10271&&ser=770329 HTTP/1.1" 200 986 "http://easydrivers.activities.at/entry.php?id=10271&&ser=770268" "Mozilla/5.0 (Windows NT 10.0; Win64; x64; rv:55.0) Gecko/20100101 Firefox/55.0"
213.163.226.237 - - [07/Sep/2017:09:46:30 +0200] "GET /gui/javascript/form_form.js?1504770390 HTTP/1.1" 200 16206 "http://easydrivers.activities.at/entry.php?id=10271&&ser=770329" "Mozilla/5.0 (Windows NT 10.0; Win64; x64; rv:55.0) Gecko/20100101 Firefox/55.0"
213.47.157.214 - - [07/Sep/2017:09:47:26 +0200] "GET /entry.php?id=10271&&ser=770385 HTTP/1.1" 200 987 "http://ed.activities.at/entry.php?id=10271&&ser=770325" "Mozilla/5.0 (Windows NT 6.1; Win64; x64) AppleWebKit/537.36 (KHTML, like Gecko) Chrome/60.0.3112.113 Safari/537.36"
213.47.157.214 - - [07/Sep/2017:09:47:26 +0200] "GET /gui/javascript/form_form.js?1504770446 HTTP/1.1" 200 16206 "http://ed.activities.at/entry.php?id=10271&&ser=770385" "Mozilla/5.0 (Windows NT 6.1; Win64; x64) AppleWebKit/537.36 (KHTML, like Gecko) Chrome/60.0.3112.113 Safari/537.36"
213.163.226.237 - - [07/Sep/2017:09:47:29 +0200] "GET /entry.php?id=11667&object=10245236&company=10221879 HTTP/1.1" 200 4082 "http://easydrivers.activities.at/entry.php?id=11412" "Mozilla/5.0 (Windows NT 10.0; Win64; x64; rv:55.0) Gecko/20100101 Firefox/55.0"
213.163.226.237 - - [07/Sep/2017:09:47:30 +0200] "GET /gui/javascript/form_form.js?1504770450 HTTP/1.1" 200 16206 "http://easydrivers.activities.at/entry.php?id=11667&object=10245236&company=10221879" "Mozilla/5.0 (Windows NT 10.0; Win64; x64; rv:55.0) Gecko/20100101 Firefox/55.0"
213.163.226.237 - - [07/Sep/2017:09:47:30 +0200] "GET /entry.php?id=10778&form=11492&name=mandantlist& HTTP/1.1" 200 2885 "http://easydrivers.activities.at/entry.php?id=11667&object=10245236&company=10221879" "Mozilla/5.0 (Windows NT 10.0; Win64; x64; rv:55.0) Gecko/20100101 Firefox/55.0"
213.163.226.237 - - [07/Sep/2017:09:47:30 +0200] "GET /entry.php?id=10271&&ser=770390 HTTP/1.1" 200 987 "http://easydrivers.activities.at/entry.php?id=10271&&ser=770329" "Mozilla/5.0 (Windows NT 10.0; Win64; x64; rv:55.0) Gecko/20100101 Firefox/55.0"
213.163.226.237 - - [07/Sep/2017:09:47:30 +0200] "GET /entry.php?id=10776&form=11492&name=mandantlist& HTTP/1.1" 200 1407 "http://easydrivers.activities.at/entry.php?id=11667&object=10245236&company=10221879" "Mozilla/5.0 (Windows NT 10.0; Win64; x64; rv:55.0) Gecko/20100101 Firefox/55.0"
213.163.226.237 - - [07/Sep/2017:09:47:34 +0200] "POST /entry.php?id=11667 HTTP/1.1" 200 3418 "http://easydrivers.activities.at/entry.php?id=11667&object=10245236&company=10221879" "Mozilla/5.0 (Windows NT 10.0; Win64; x64; rv:55.0) Gecko/20100101 Firefox/55.0"
213.163.226.237 - - [07/Sep/2017:09:47:38 +0200] "GET /gui/javascript/form_form.js?1504770454 HTTP/1.1" 200 16206 "http://easydrivers.activities.at/entry.php?id=11667" "Mozilla/5.0 (Windows NT 10.0; Win64; x64; rv:55.0) Gecko/20100101 Firefox/55.0"
213.163.226.237 - - [07/Sep/2017:09:47:39 +0200] "POST /entry.php?id=11667 HTTP/1.1" 200 3706 "http://easydrivers.activities.at/entry.php?id=11667" "Mozilla/5.0 (Windows NT 10.0; Win64; x64; rv:55.0) Gecko/20100101 Firefox/55.0"
213.163.226.237 - - [07/Sep/2017:09:47:40 +0200] "GET /gui/javascript/form_form.js?1504770460 HTTP/1.1" 200 16206 "http://easydrivers.activities.at/entry.php?id=11667" "Mozilla/5.0 (Windows NT 10.0; Win64; x64; rv:55.0) Gecko/20100101 Firefox/55.0"
213.163.226.237 - - [07/Sep/2017:09:47:40 +0200] "GET /entry.php?id=11148&object=10245252&view=thumbnail&width=150&height=150&wrap=false&mime=image/jpeg&image=jpg.gif HTTP/1.1" 200 1605 "http://easydrivers.activities.at/entry.php?id=11667" "Mozilla/5.0 (Windows NT 10.0; Win64; x64; rv:55.0) Gecko/20100101 Firefox/55.0"
213.163.226.237 - - [07/Sep/2017:09:47:40 +0200] "GET /cache/emu/images/easy-drivers-breuss-bludenz10245252/_103_150.jpg HTTP/1.1" 200 4041 "http://easydrivers.activities.at/entry.php?id=11148&object=10245252&view=thumbnail&width=150&height=150&wrap=false&mime=image/jpeg&image=jpg.gif" "Mozilla/5.0 (Windows NT 10.0; Win64; x64; rv:55.0) Gecko/20100101 Firefox/55.0"
213.163.226.237 - - [07/Sep/2017:09:47:41 +0200] "GET /framework/webfx/javascript/tinymce/skins/lightgray/content.min.css HTTP/1.1" 404 330 "http://easydrivers.activities.at/entry.php?id=11667" "Mozilla/5.0 (Windows NT 10.0; Win64; x64; rv:55.0) Gecko/20100101 Firefox/55.0"
213.163.226.237 - - [07/Sep/2017:09:47:42 +0200] "POST /entry.php?id=11667 HTTP/1.1" 200 3327 "http://easydrivers.activities.at/entry.php?id=11667" "Mozilla/5.0 (Windows NT 10.0; Win64; x64; rv:55.0) Gecko/20100101 Firefox/55.0"
213.163.226.237 - - [07/Sep/2017:09:47:43 +0200] "GET /gui/javascript/form_form.js?1504770462 HTTP/1.1" 200 16206 "http://easydrivers.activities.at/entry.php?id=11667" "Mozilla/5.0 (Windows NT 10.0; Win64; x64; rv:55.0) Gecko/20100101 Firefox/55.0"
213.163.226.237 - - [07/Sep/2017:09:47:43 +0200] "GET /entry.php?id=10319&user=10245236& HTTP/1.1" 200 945 "http://easydrivers.activities.at/entry.php?id=11667" "Mozilla/5.0 (Windows NT 10.0; Win64; x64; rv:55.0) Gecko/20100101 Firefox/55.0"
213.163.226.237 - - [07/Sep/2017:09:47:43 +0200] "GET /gui/javascript/form_form.js?1504770463 HTTP/1.1" 200 16206 "http://easydrivers.activities.at/entry.php?id=10319&user=10245236&" "Mozilla/5.0 (Windows NT 10.0; Win64; x64; rv:55.0) Gecko/20100101 Firefox/55.0"
213.163.226.237 - - [07/Sep/2017:09:47:47 +0200] "POST /entry.php?id=11667 HTTP/1.1" 200 3273 "http://easydrivers.activities.at/entry.php?id=11667" "Mozilla/5.0 (Windows NT 10.0; Win64; x64; rv:55.0) Gecko/20100101 Firefox/55.0"
213.163.226.237 - - [07/Sep/2017:09:47:47 +0200] "GET /gui/javascript/form_form.js?1504770467 HTTP/1.1" 200 16206 "http://easydrivers.activities.at/entry.php?id=11667" "Mozilla/5.0 (Windows NT 10.0; Win64; x64; rv:55.0) Gecko/20100101 Firefox/55.0"
213.163.226.237 - - [07/Sep/2017:09:47:48 +0200] "GET /entry.php?id=10776&form=11492&name=grouplist& HTTP/1.1" 200 1397 "http://easydrivers.activities.at/entry.php?id=11667" "Mozilla/5.0 (Windows NT 10.0; Win64; x64; rv:55.0) Gecko/20100101 Firefox/55.0"
213.163.226.237 - - [07/Sep/2017:09:47:48 +0200] "GET /entry.php?id=10778&form=11492&name=grouplist& HTTP/1.1" 200 3054 "http://easydrivers.activities.at/entry.php?id=11667" "Mozilla/5.0 (Windows NT 10.0; Win64; x64; rv:55.0) Gecko/20100101 Firefox/55.0"
213.163.226.237 - - [07/Sep/2017:09:47:55 +0200] "POST /entry.php?id=11667 HTTP/1.1" 200 3938 "http://easydrivers.activities.at/entry.php?id=11667" "Mozilla/5.0 (Windows NT 10.0; Win64; x64; rv:55.0) Gecko/20100101 Firefox/55.0"
213.163.226.237 - - [07/Sep/2017:09:47:56 +0200] "GET /gui/javascript/form_form.js?1504770476 HTTP/1.1" 200 16206 "http://easydrivers.activities.at/entry.php?id=11667" "Mozilla/5.0 (Windows NT 10.0; Win64; x64; rv:55.0) Gecko/20100101 Firefox/55.0"
213.163.226.237 - - [07/Sep/2017:09:47:56 +0200] "GET /entry.php?id=10778&form=11492&name=grouplist& HTTP/1.1" 200 3044 "http://easydrivers.activities.at/entry.php?id=11667" "Mozilla/5.0 (Windows NT 10.0; Win64; x64; rv:55.0) Gecko/20100101 Firefox/55.0"
213.163.226.237 - - [07/Sep/2017:09:47:56 +0200] "GET /entry.php?id=10776&form=11492&name=grouplist& HTTP/1.1" 200 1397 "http://easydrivers.activities.at/entry.php?id=11667" "Mozilla/5.0 (Windows NT 10.0; Win64; x64; rv:55.0) Gecko/20100101 Firefox/55.0"
213.163.226.237 - - [07/Sep/2017:09:47:57 +0200] "POST /entry.php?id=11667 HTTP/1.1" 200 3325 "http://easydrivers.activities.at/entry.php?id=11667" "Mozilla/5.0 (Windows NT 10.0; Win64; x64; rv:55.0) Gecko/20100101 Firefox/55.0"
213.163.226.237 - - [07/Sep/2017:09:47:58 +0200] "GET /gui/javascript/form_form.js?1504770477 HTTP/1.1" 200 16206 "http://easydrivers.activities.at/entry.php?id=11667" "Mozilla/5.0 (Windows NT 10.0; Win64; x64; rv:55.0) Gecko/20100101 Firefox/55.0"
213.163.226.237 - - [07/Sep/2017:09:47:58 +0200] "GET /entry.php?id=10319&user=10245236& HTTP/1.1" 200 944 "http://easydrivers.activities.at/entry.php?id=11667" "Mozilla/5.0 (Windows NT 10.0; Win64; x64; rv:55.0) Gecko/20100101 Firefox/55.0"
213.163.226.237 - - [07/Sep/2017:09:47:58 +0200] "GET /gui/javascript/form_form.js?1504770478 HTTP/1.1" 200 16206 "http://easydrivers.activities.at/entry.php?id=10319&user=10245236&" "Mozilla/5.0 (Windows NT 10.0; Win64; x64; rv:55.0) Gecko/20100101 Firefox/55.0"
213.47.157.214 - - [07/Sep/2017:09:48:26 +0200] "GET /entry.php?id=10271&&ser=770446 HTTP/1.1" 200 987 "http://ed.activities.at/entry.php?id=10271&&ser=770385" "Mozilla/5.0 (Windows NT 6.1; Win64; x64) AppleWebKit/537.36 (KHTML, like Gecko) Chrome/60.0.3112.113 Safari/537.36"
213.47.157.214 - - [07/Sep/2017:09:48:27 +0200] "GET /gui/javascript/form_form.js?1504770506 HTTP/1.1" 200 16206 "http://ed.activities.at/entry.php?id=10271&&ser=770446" "Mozilla/5.0 (Windows NT 6.1; Win64; x64) AppleWebKit/537.36 (KHTML, like Gecko) Chrome/60.0.3112.113 Safari/537.36"
213.163.226.237 - - [07/Sep/2017:09:48:31 +0200] "GET /entry.php?id=10271&&ser=770450 HTTP/1.1" 200 986 "http://easydrivers.activities.at/entry.php?id=10271&&ser=770390" "Mozilla/5.0 (Windows NT 10.0; Win64; x64; rv:55.0) Gecko/20100101 Firefox/55.0"
213.163.226.237 - - [07/Sep/2017:09:48:31 +0200] "GET /gui/javascript/form_form.js?1504770511 HTTP/1.1" 200 16206 "http://easydrivers.activities.at/entry.php?id=10271&&ser=770450" "Mozilla/5.0 (Windows NT 10.0; Win64; x64; rv:55.0) Gecko/20100101 Firefox/55.0"
213.163.226.237 - - [07/Sep/2017:09:48:31 +0200] "POST /entry.php?id=11667 HTTP/1.1" 200 3970 "http://easydrivers.activities.at/entry.php?id=11667" "Mozilla/5.0 (Windows NT 10.0; Win64; x64; rv:55.0) Gecko/20100101 Firefox/55.0"
213.163.226.237 - - [07/Sep/2017:09:48:32 +0200] "GET /entry.php?id=10319&user=10245236& HTTP/1.1" 200 1702 "http://easydrivers.activities.at/entry.php?id=11667" "Mozilla/5.0 (Windows NT 10.0; Win64; x64; rv:55.0) Gecko/20100101 Firefox/55.0"
213.163.226.237 - - [07/Sep/2017:09:48:32 +0200] "GET /framework/webfx/javascript/treeview/ua.js HTTP/1.1" 200 1378 "http://easydrivers.activities.at/entry.php?id=10319&user=10245236&" "Mozilla/5.0 (Windows NT 10.0; Win64; x64; rv:55.0) Gecko/20100101 Firefox/55.0"
213.163.226.237 - - [07/Sep/2017:09:48:32 +0200] "GET /framework/webfx/javascript/treeview/ftiens4.js HTTP/1.1" 200 9905 "http://easydrivers.activities.at/entry.php?id=10319&user=10245236&" "Mozilla/5.0 (Windows NT 10.0; Win64; x64; rv:55.0) Gecko/20100101 Firefox/55.0"
213.163.226.237 - - [07/Sep/2017:09:48:32 +0200] "GET /gui/javascript/form_form.js?1504770512 HTTP/1.1" 200 16206 "http://easydrivers.activities.at/entry.php?id=10319&user=10245236&" "Mozilla/5.0 (Windows NT 10.0; Win64; x64; rv:55.0) Gecko/20100101 Firefox/55.0"
