85.255.159.110 - - [08/Sep/2017:10:26:57 +0200] "GET /gui/javascript/form_form.js?1504859217 HTTP/1.1" 200 16206 "http://ed.activities.at/entry.php?id=10287&" "Mozilla/5.0 (Windows NT 10.0; Win64; x64) AppleWebKit/537.36 (KHTML, like Gecko) Chrome/60.0.3112.113 Safari/537.36"
85.255.159.110 - - [08/Sep/2017:10:26:57 +0200] "GET /entry.php?id=10271&&ser=859143 HTTP/1.1" 200 987 "http://ed.activities.at/entry.php?id=10271&&ser=859143" "Mozilla/5.0 (Windows NT 10.0; Win64; x64) AppleWebKit/537.36 (KHTML, like Gecko) Chrome/60.0.3112.113 Safari/537.36"
85.255.159.110 - - [08/Sep/2017:10:26:58 +0200] "GET /entry.php?id=11679 HTTP/1.1" 200 312 "http://ed.activities.at/entry.php?id=10270&__app__=10006038" "Mozilla/5.0 (Windows NT 10.0; Win64; x64) AppleWebKit/537.36 (KHTML, like Gecko) Chrome/60.0.3112.113 Safari/537.36"
85.255.159.110 - - [08/Sep/2017:10:26:58 +0200] "GET /entry.php?id=11678& HTTP/1.1" 200 3404 "http://ed.activities.at/entry.php?id=11679" "Mozilla/5.0 (Windows NT 10.0; Win64; x64) AppleWebKit/537.36 (KHTML, like Gecko) Chrome/60.0.3112.113 Safari/537.36"
85.255.159.110 - - [08/Sep/2017:10:26:58 +0200] "GET /activities/framework/KoolControls/KoolAjax/koolajax.php?8436e354c842500aba3cbaf0584c0c24 HTTP/1.1" 200 4079 "http://ed.activities.at/entry.php?id=11678&" "Mozilla/5.0 (Windows NT 10.0; Win64; x64) AppleWebKit/537.36 (KHTML, like Gecko) Chrome/60.0.3112.113 Safari/537.36"
85.255.159.110 - - [08/Sep/2017:10:26:58 +0200] "GET /gui/javascript/form_form.js?1504859218 HTTP/1.1" 200 16206 "http://ed.activities.at/entry.php?id=11678&" "Mozilla/5.0 (Windows NT 10.0; Win64; x64) AppleWebKit/537.36 (KHTML, like Gecko) Chrome/60.0.3112.113 Safari/537.36"
85.255.159.110 - - [08/Sep/2017:10:26:58 +0200] "GET /activities/framework/KoolControls/KoolTreeView/kooltreeview.php?c7cd9180e88ffef8e70f13526bb4f5f7 HTTP/1.1" 200 5055 "http://ed.activities.at/entry.php?id=11678&" "Mozilla/5.0 (Windows NT 10.0; Win64; x64) AppleWebKit/537.36 (KHTML, like Gecko) Chrome/60.0.3112.113 Safari/537.36"
85.255.159.110 - - [08/Sep/2017:10:26:58 +0200] "GET /entry.php?id=11677& HTTP/1.1" 200 4372 "http://ed.activities.at/entry.php?id=11679" "Mozilla/5.0 (Windows NT 10.0; Win64; x64) AppleWebKit/537.36 (KHTML, like Gecko) Chrome/60.0.3112.113 Safari/537.36"
85.255.159.110 - - [08/Sep/2017:10:26:59 +0200] "GET /gui/javascript/form_form.js?1504859219 HTTP/1.1" 200 16206 "http://ed.activities.at/entry.php?id=11677&" "Mozilla/5.0 (Windows NT 10.0; Win64; x64) AppleWebKit/537.36 (KHTML, like Gecko) Chrome/60.0.3112.113 Safari/537.36"
85.255.159.110 - - [08/Sep/2017:10:26:58 +0200] "GET /entry.php?id=10676&title=Portal& HTTP/1.1" 200 1386 "http://ed.activities.at/entry.php?id=11679" "Mozilla/5.0 (Windows NT 10.0; Win64; x64) AppleWebKit/537.36 (KHTML, like Gecko) Chrome/60.0.3112.113 Safari/537.36"
85.255.159.110 - - [08/Sep/2017:10:26:59 +0200] "GET /entry.php?id=11618&&object=&item=&emu_class= HTTP/1.1" 200 1698 "http://ed.activities.at/entry.php?id=11677&" "Mozilla/5.0 (Windows NT 10.0; Win64; x64) AppleWebKit/537.36 (KHTML, like Gecko) Chrome/60.0.3112.113 Safari/537.36"
85.255.159.110 - - [08/Sep/2017:10:27:16 +0200] "POST /entry.php?id=11677 HTTP/1.1" 200 4425 "http://ed.activities.at/entry.php?id=11677&" "Mozilla/5.0 (Windows NT 10.0; Win64; x64) AppleWebKit/537.36 (KHTML, like Gecko) Chrome/60.0.3112.113 Safari/537.36"
85.255.159.110 - - [08/Sep/2017:10:27:16 +0200] "GET /gui/javascript/form_form.js?1504859236 HTTP/1.1" 200 16206 "http://ed.activities.at/entry.php?id=11677" "Mozilla/5.0 (Windows NT 10.0; Win64; x64) AppleWebKit/537.36 (KHTML, like Gecko) Chrome/60.0.3112.113 Safari/537.36"
85.255.159.110 - - [08/Sep/2017:10:27:17 +0200] "POST /entry.php?id=11677 HTTP/1.1" 200 3217 "http://ed.activities.at/entry.php?id=11677" "Mozilla/5.0 (Windows NT 10.0; Win64; x64) AppleWebKit/537.36 (KHTML, like Gecko) Chrome/60.0.3112.113 Safari/537.36"
85.255.159.110 - - [08/Sep/2017:10:27:18 +0200] "GET /gui/javascript/form_form.js?1504859238 HTTP/1.1" 200 16206 "http://ed.activities.at/entry.php?id=11677" "Mozilla/5.0 (Windows NT 10.0; Win64; x64) AppleWebKit/537.36 (KHTML, like Gecko) Chrome/60.0.3112.113 Safari/537.36"
85.255.159.110 - - [08/Sep/2017:10:27:18 +0200] "GET /entry.php?id=10778&form=11502&name=list& HTTP/1.1" 200 3816 "http://ed.activities.at/entry.php?id=11677" "Mozilla/5.0 (Windows NT 10.0; Win64; x64) AppleWebKit/537.36 (KHTML, like Gecko) Chrome/60.0.3112.113 Safari/537.36"
85.255.159.110 - - [08/Sep/2017:10:27:18 +0200] "GET /entry.php?id=10776&form=11502&name=list& HTTP/1.1" 200 1475 "http://ed.activities.at/entry.php?id=11677" "Mozilla/5.0 (Windows NT 10.0; Win64; x64) AppleWebKit/537.36 (KHTML, like Gecko) Chrome/60.0.3112.113 Safari/537.36"
85.255.159.110 - - [08/Sep/2017:10:27:23 +0200] "GET /entry.php?id=11685&object=10230467&site=10201431&item=10222010 HTTP/1.1" 200 3605 "http://ed.activities.at/entry.php?id=11412" "Mozilla/5.0 (Windows NT 10.0; Win64; x64) AppleWebKit/537.36 (KHTML, like Gecko) Chrome/60.0.3112.113 Safari/537.36"
85.255.159.110 - - [08/Sep/2017:10:27:23 +0200] "GET /cache/emu/images/easy-drivers-waidhofenthaya10244077/aktionjpg_160_90_0.jpg HTTP/1.1" 304 - "http://ed.activities.at/entry.php?id=11685&object=10230467&site=10201431&item=10222010" "Mozilla/5.0 (Windows NT 10.0; Win64; x64) AppleWebKit/537.36 (KHTML, like Gecko) Chrome/60.0.3112.113 Safari/537.36"
85.255.159.110 - - [08/Sep/2017:10:27:23 +0200] "GET /gui/javascript/form_form.js?1504859243 HTTP/1.1" 200 16206 "http://ed.activities.at/entry.php?id=11685&object=10230467&site=10201431&item=10222010" "Mozilla/5.0 (Windows NT 10.0; Win64; x64) AppleWebKit/537.36 (KHTML, like Gecko) Chrome/60.0.3112.113 Safari/537.36"
85.255.159.110 - - [08/Sep/2017:10:27:24 +0200] "GET /entry.php?id=10921&chooserview=addnewboxoffer&hidetitle=true HTTP/1.1" 200 350 "http://ed.activities.at/entry.php?id=11412" "Mozilla/5.0 (Windows NT 10.0; Win64; x64) AppleWebKit/537.36 (KHTML, like Gecko) Chrome/60.0.3112.113 Safari/537.36"
85.255.159.110 - - [08/Sep/2017:10:27:24 +0200] "GET /entry.php?id=10918&&view=chooser&but=&object=&class=&tag=&value=&chooserview=addnewboxoffer&function=&setlist= HTTP/1.1" 200 2412 "http://ed.activities.at/entry.php?id=10921&chooserview=addnewboxoffer&hidetitle=true" "Mozilla/5.0 (Windows NT 10.0; Win64; x64) AppleWebKit/537.36 (KHTML, like Gecko) Chrome/60.0.3112.113 Safari/537.36"
85.255.159.110 - - [08/Sep/2017:10:27:25 +0200] "GET /gui/javascript/form_form.js?1504859245 HTTP/1.1" 200 16206 "http://ed.activities.at/entry.php?id=10918&&view=chooser&but=&object=&class=&tag=&value=&chooserview=addnewboxoffer&function=&setlist=" "Mozilla/5.0 (Windows NT 10.0; Win64; x64) AppleWebKit/537.36 (KHTML, like Gecko) Chrome/60.0.3112.113 Safari/537.36"
85.255.159.110 - - [08/Sep/2017:10:27:24 +0200] "GET /entry.php?id=10919&&view=chooser&but=&object=&class=&tag=&value=&chooserview=addnewboxoffer&function=&setlist= HTTP/1.1" 200 3280 "http://ed.activities.at/entry.php?id=10921&chooserview=addnewboxoffer&hidetitle=true" "Mozilla/5.0 (Windows NT 10.0; Win64; x64) AppleWebKit/537.36 (KHTML, like Gecko) Chrome/60.0.3112.113 Safari/537.36"
85.255.159.110 - - [08/Sep/2017:10:27:25 +0200] "GET /entry.php?id=10778&form=10756&name=list& HTTP/1.1" 200 3789 "http://ed.activities.at/entry.php?id=10918&&view=chooser&but=&object=&class=&tag=&value=&chooserview=addnewboxoffer&function=&setlist=" "Mozilla/5.0 (Windows NT 10.0; Win64; x64) AppleWebKit/537.36 (KHTML, like Gecko) Chrome/60.0.3112.113 Safari/537.36"
85.255.159.110 - - [08/Sep/2017:10:27:25 +0200] "GET /entry.php?id=10776&form=10756&name=list& HTTP/1.1" 200 1461 "http://ed.activities.at/entry.php?id=10918&&view=chooser&but=&object=&class=&tag=&value=&chooserview=addnewboxoffer&function=&setlist=" "Mozilla/5.0 (Windows NT 10.0; Win64; x64) AppleWebKit/537.36 (KHTML, like Gecko) Chrome/60.0.3112.113 Safari/537.36"
80.123.96.46 - - [08/Sep/2017:10:27:31 +0200] "GET /entry.php?id=10271&&ser=859190 HTTP/1.1" 200 986 "http://ed.activities.at/entry.php?id=10271&&ser=859130" "Mozilla/5.0 (Windows NT 6.1; WOW64; rv:27.0) Gecko/20100101 Firefox/27.0"
80.123.96.46 - - [08/Sep/2017:10:27:31 +0200] "GET /gui/javascript/form_form.js?1504859251 HTTP/1.1" 200 16206 "http://ed.activities.at/entry.php?id=10271&&ser=859190" "Mozilla/5.0 (Windows NT 6.1; WOW64; rv:27.0) Gecko/20100101 Firefox/27.0"
85.255.159.110 - - [08/Sep/2017:10:27:35 +0200] "POST /entry.php?id=10919 HTTP/1.1" 200 3447 "http://ed.activities.at/entry.php?id=10919&&view=chooser&but=&object=&class=&tag=&value=&chooserview=addnewboxoffer&function=&setlist=" "Mozilla/5.0 (Windows NT 10.0; Win64; x64) AppleWebKit/537.36 (KHTML, like Gecko) Chrome/60.0.3112.113 Safari/537.36"
85.255.159.110 - - [08/Sep/2017:10:27:37 +0200] "GET /gui/javascript/form_form.js?1504859257 HTTP/1.1" 200 16206 "http://ed.activities.at/entry.php?id=10919" "Mozilla/5.0 (Windows NT 10.0; Win64; x64) AppleWebKit/537.36 (KHTML, like Gecko) Chrome/60.0.3112.113 Safari/537.36"
85.255.159.110 - - [08/Sep/2017:10:27:38 +0200] "GET /entry.php?id=10921&chooserview=addnewboxoffer&hidetitle=true HTTP/1.1" 200 350 "http://ed.activities.at/entry.php?id=11412" "Mozilla/5.0 (Windows NT 10.0; Win64; x64) AppleWebKit/537.36 (KHTML, like Gecko) Chrome/60.0.3112.113 Safari/537.36"
85.255.159.110 - - [08/Sep/2017:10:27:38 +0200] "GET /entry.php?id=10918&&view=chooser&but=&object=&class=&tag=&value=&chooserview=addnewboxoffer&function=&setlist= HTTP/1.1" 200 2411 "http://ed.activities.at/entry.php?id=10921&chooserview=addnewboxoffer&hidetitle=true" "Mozilla/5.0 (Windows NT 10.0; Win64; x64) AppleWebKit/537.36 (KHTML, like Gecko) Chrome/60.0.3112.113 Safari/537.36"
85.255.159.110 - - [08/Sep/2017:10:27:38 +0200] "GET /gui/javascript/form_form.js?1504859258 HTTP/1.1" 200 16206 "http://ed.activities.at/entry.php?id=10918&&view=chooser&but=&object=&class=&tag=&value=&chooserview=addnewboxoffer&function=&setlist=" "Mozilla/5.0 (Windows NT 10.0; Win64; x64) AppleWebKit/537.36 (KHTML, like Gecko) Chrome/60.0.3112.113 Safari/537.36"
85.255.159.110 - - [08/Sep/2017:10:27:38 +0200] "GET /entry.php?id=10919&&view=chooser&but=&object=&class=&tag=&value=&chooserview=addnewboxoffer&function=&setlist= HTTP/1.1" 200 3281 "http://ed.activities.at/entry.php?id=10921&chooserview=addnewboxoffer&hidetitle=true" "Mozilla/5.0 (Windows NT 10.0; Win64; x64) AppleWebKit/537.36 (KHTML, like Gecko) Chrome/60.0.3112.113 Safari/537.36"
85.255.159.110 - - [08/Sep/2017:10:27:38 +0200] "GET /entry.php?id=10778&form=10756&name=list& HTTP/1.1" 200 3862 "http://ed.activities.at/entry.php?id=10918&&view=chooser&but=&object=&class=&tag=&value=&chooserview=addnewboxoffer&function=&setlist=" "Mozilla/5.0 (Windows NT 10.0; Win64; x64) AppleWebKit/537.36 (KHTML, like Gecko) Chrome/60.0.3112.113 Safari/537.36"
85.255.159.110 - - [08/Sep/2017:10:27:38 +0200] "GET /entry.php?id=10776&form=10756&name=list& HTTP/1.1" 200 1461 "http://ed.activities.at/entry.php?id=10918&&view=chooser&but=&object=&class=&tag=&value=&chooserview=addnewboxoffer&function=&setlist=" "Mozilla/5.0 (Windows NT 10.0; Win64; x64) AppleWebKit/537.36 (KHTML, like Gecko) Chrome/60.0.3112.113 Safari/537.36"
85.255.159.110 - - [08/Sep/2017:10:27:42 +0200] "POST /entry.php?id=11685 HTTP/1.1" 200 3698 "http://ed.activities.at/entry.php?id=11685&object=10230467&site=10201431&item=10222010" "Mozilla/5.0 (Windows NT 10.0; Win64; x64) AppleWebKit/537.36 (KHTML, like Gecko) Chrome/60.0.3112.113 Safari/537.36"
85.255.159.110 - - [08/Sep/2017:10:27:43 +0200] "GET /gui/javascript/form_form.js?1504859262 HTTP/1.1" 200 16206 "http://ed.activities.at/entry.php?id=11685" "Mozilla/5.0 (Windows NT 10.0; Win64; x64) AppleWebKit/537.36 (KHTML, like Gecko) Chrome/60.0.3112.113 Safari/537.36"
85.255.159.110 - - [08/Sep/2017:10:27:45 +0200] "POST /entry.php?id=11677 HTTP/1.1" 200 3317 "http://ed.activities.at/entry.php?id=10778&form=11502&name=list&" "Mozilla/5.0 (Windows NT 10.0; Win64; x64) AppleWebKit/537.36 (KHTML, like Gecko) Chrome/60.0.3112.113 Safari/537.36"
85.255.159.110 - - [08/Sep/2017:10:27:45 +0200] "GET /gui/javascript/form_form.js?1504859265 HTTP/1.1" 200 16206 "http://ed.activities.at/entry.php?id=11677" "Mozilla/5.0 (Windows NT 10.0; Win64; x64) AppleWebKit/537.36 (KHTML, like Gecko) Chrome/60.0.3112.113 Safari/537.36"
85.255.159.110 - - [08/Sep/2017:10:27:45 +0200] "GET /entry.php?id=10776&form=11502&name=list& HTTP/1.1" 200 1475 "http://ed.activities.at/entry.php?id=11677" "Mozilla/5.0 (Windows NT 10.0; Win64; x64) AppleWebKit/537.36 (KHTML, like Gecko) Chrome/60.0.3112.113 Safari/537.36"
85.255.159.110 - - [08/Sep/2017:10:27:45 +0200] "GET /entry.php?id=10778&form=11502&name=list& HTTP/1.1" 200 3820 "http://ed.activities.at/entry.php?id=11677" "Mozilla/5.0 (Windows NT 10.0; Win64; x64) AppleWebKit/537.36 (KHTML, like Gecko) Chrome/60.0.3112.113 Safari/537.36"
85.255.159.110 - - [08/Sep/2017:10:27:46 +0200] "POST /entry.php?id=11677 HTTP/1.1" 200 4432 "http://ed.activities.at/entry.php?id=11677" "Mozilla/5.0 (Windows NT 10.0; Win64; x64) AppleWebKit/537.36 (KHTML, like Gecko) Chrome/60.0.3112.113 Safari/537.36"
85.255.159.110 - - [08/Sep/2017:10:27:46 +0200] "GET /gui/javascript/form_form.js?1504859266 HTTP/1.1" 200 16206 "http://ed.activities.at/entry.php?id=11677" "Mozilla/5.0 (Windows NT 10.0; Win64; x64) AppleWebKit/537.36 (KHTML, like Gecko) Chrome/60.0.3112.113 Safari/537.36"
85.255.159.110 - - [08/Sep/2017:10:27:49 +0200] "POST /entry.php?id=11678 HTTP/1.1" 200 3460 "http://ed.activities.at/entry.php?id=11678&" "Mozilla/5.0 (Windows NT 10.0; Win64; x64) AppleWebKit/537.36 (KHTML, like Gecko) Chrome/60.0.3112.113 Safari/537.36"
85.255.159.110 - - [08/Sep/2017:10:27:50 +0200] "GET /activities/framework/KoolControls/KoolAjax/koolajax.php?8436e354c842500aba3cbaf0584c0c24 HTTP/1.1" 200 4079 "http://ed.activities.at/entry.php?id=11678" "Mozilla/5.0 (Windows NT 10.0; Win64; x64) AppleWebKit/537.36 (KHTML, like Gecko) Chrome/60.0.3112.113 Safari/537.36"
85.255.159.110 - - [08/Sep/2017:10:27:50 +0200] "GET /gui/javascript/form_form.js?1504859270 HTTP/1.1" 200 16206 "http://ed.activities.at/entry.php?id=11678" "Mozilla/5.0 (Windows NT 10.0; Win64; x64) AppleWebKit/537.36 (KHTML, like Gecko) Chrome/60.0.3112.113 Safari/537.36"
85.255.159.110 - - [08/Sep/2017:10:27:50 +0200] "GET /activities/framework/KoolControls/KoolTreeView/kooltreeview.php?c7cd9180e88ffef8e70f13526bb4f5f7 HTTP/1.1" 200 5055 "http://ed.activities.at/entry.php?id=11678" "Mozilla/5.0 (Windows NT 10.0; Win64; x64) AppleWebKit/537.36 (KHTML, like Gecko) Chrome/60.0.3112.113 Safari/537.36"
85.255.159.110 - - [08/Sep/2017:10:27:51 +0200] "POST /entry.php?id=11677 HTTP/1.1" 200 4424 "http://ed.activities.at/entry.php?id=11677" "Mozilla/5.0 (Windows NT 10.0; Win64; x64) AppleWebKit/537.36 (KHTML, like Gecko) Chrome/60.0.3112.113 Safari/537.36"
85.255.159.110 - - [08/Sep/2017:10:27:51 +0200] "GET /gui/javascript/form_form.js?1504859271 HTTP/1.1" 200 16206 "http://ed.activities.at/entry.php?id=11677" "Mozilla/5.0 (Windows NT 10.0; Win64; x64) AppleWebKit/537.36 (KHTML, like Gecko) Chrome/60.0.3112.113 Safari/537.36"
178.190.96.81 - - [08/Sep/2017:10:27:56 +0200] "GET /entry.php?id=10271&&ser=859216 HTTP/1.1" 200 987 "http://ed.activities.at/entry.php?id=10271&&ser=859155" "Mozilla/5.0 (Windows NT 6.1; WOW64; Trident/7.0; rv:11.0) like Gecko"
178.190.96.81 - - [08/Sep/2017:10:27:56 +0200] "GET /gui/javascript/form_form.js?1504859276 HTTP/1.1" 200 16206 "http://ed.activities.at/entry.php?id=10271&&ser=859216" "Mozilla/5.0 (Windows NT 6.1; WOW64; Trident/7.0; rv:11.0) like Gecko"
85.255.159.110 - - [08/Sep/2017:10:27:58 +0200] "GET /entry.php?id=10271&&ser=859217 HTTP/1.1" 200 987 "http://ed.activities.at/entry.php?id=10271&&ser=859143" "Mozilla/5.0 (Windows NT 10.0; Win64; x64) AppleWebKit/537.36 (KHTML, like Gecko) Chrome/60.0.3112.113 Safari/537.36"
85.255.159.110 - - [08/Sep/2017:10:27:58 +0200] "GET /gui/javascript/form_form.js?1504859278 HTTP/1.1" 200 16206 "http://ed.activities.at/entry.php?id=10271&&ser=859217" "Mozilla/5.0 (Windows NT 10.0; Win64; x64) AppleWebKit/537.36 (KHTML, like Gecko) Chrome/60.0.3112.113 Safari/537.36"
80.123.96.46 - - [08/Sep/2017:10:28:31 +0200] "GET /entry.php?id=10271&&ser=859251 HTTP/1.1" 200 986 "http://ed.activities.at/entry.php?id=10271&&ser=859190" "Mozilla/5.0 (Windows NT 6.1; WOW64; rv:27.0) Gecko/20100101 Firefox/27.0"
80.123.96.46 - - [08/Sep/2017:10:28:31 +0200] "GET /gui/javascript/form_form.js?1504859311 HTTP/1.1" 200 16206 "http://ed.activities.at/entry.php?id=10271&&ser=859251" "Mozilla/5.0 (Windows NT 6.1; WOW64; rv:27.0) Gecko/20100101 Firefox/27.0"
178.190.96.81 - - [08/Sep/2017:10:28:57 +0200] "GET /entry.php?id=10271&&ser=859276 HTTP/1.1" 200 987 "http://ed.activities.at/entry.php?id=10271&&ser=859216" "Mozilla/5.0 (Windows NT 6.1; WOW64; Trident/7.0; rv:11.0) like Gecko"
178.190.96.81 - - [08/Sep/2017:10:28:57 +0200] "GET /gui/javascript/form_form.js?1504859337 HTTP/1.1" 200 16206 "http://ed.activities.at/entry.php?id=10271&&ser=859276" "Mozilla/5.0 (Windows NT 6.1; WOW64; Trident/7.0; rv:11.0) like Gecko"
85.255.159.110 - - [08/Sep/2017:10:28:58 +0200] "GET /entry.php?id=10271&&ser=859278 HTTP/1.1" 200 987 "http://ed.activities.at/entry.php?id=10271&&ser=859217" "Mozilla/5.0 (Windows NT 10.0; Win64; x64) AppleWebKit/537.36 (KHTML, like Gecko) Chrome/60.0.3112.113 Safari/537.36"
85.255.159.110 - - [08/Sep/2017:10:28:58 +0200] "GET /gui/javascript/form_form.js?1504859338 HTTP/1.1" 200 16206 "http://ed.activities.at/entry.php?id=10271&&ser=859278" "Mozilla/5.0 (Windows NT 10.0; Win64; x64) AppleWebKit/537.36 (KHTML, like Gecko) Chrome/60.0.3112.113 Safari/537.36"
85.255.159.110 - - [08/Sep/2017:10:29:05 +0200] "GET /entry.php?id=10287&login=1 HTTP/1.1" 200 2281 "http://ed.activities.at/entry.php?id=10273&" "Mozilla/5.0 (Windows NT 10.0; Win64; x64) AppleWebKit/537.36 (KHTML, like Gecko) Chrome/60.0.3112.113 Safari/537.36"
85.255.159.110 - - [08/Sep/2017:10:29:05 +0200] "GET /gui/javascript/form_form.js?1504859345 HTTP/1.1" 200 16206 "http://ed.activities.at/entry.php?id=10287&login=1" "Mozilla/5.0 (Windows NT 10.0; Win64; x64) AppleWebKit/537.36 (KHTML, like Gecko) Chrome/60.0.3112.113 Safari/537.36"
85.255.159.110 - - [08/Sep/2017:10:29:07 +0200] "POST /entry.php?id=10287& HTTP/1.1" 200 2436 "http://ed.activities.at/entry.php?id=10287&login=1" "Mozilla/5.0 (Windows NT 10.0; Win64; x64) AppleWebKit/537.36 (KHTML, like Gecko) Chrome/60.0.3112.113 Safari/537.36"
85.255.159.110 - - [08/Sep/2017:10:29:07 +0200] "GET /gui/javascript/form_form.js?1504859347 HTTP/1.1" 200 16206 "http://ed.activities.at/entry.php?id=10287&" "Mozilla/5.0 (Windows NT 10.0; Win64; x64) AppleWebKit/537.36 (KHTML, like Gecko) Chrome/60.0.3112.113 Safari/537.36"
85.255.159.110 - - [08/Sep/2017:10:29:07 +0200] "GET /entry.php?id=10270& HTTP/1.1" 200 908 "http://ed.activities.at/entry.php?id=10287&" "Mozilla/5.0 (Windows NT 10.0; Win64; x64) AppleWebKit/537.36 (KHTML, like Gecko) Chrome/60.0.3112.113 Safari/537.36"
85.255.159.110 - - [08/Sep/2017:10:29:07 +0200] "GET /entry.php?id=10273&logout=true& HTTP/1.1" 200 1912 "http://ed.activities.at/entry.php?id=10287&" "Mozilla/5.0 (Windows NT 10.0; Win64; x64) AppleWebKit/537.36 (KHTML, like Gecko) Chrome/60.0.3112.113 Safari/537.36"
80.123.96.46 - - [08/Sep/2017:10:29:31 +0200] "GET /entry.php?id=10271&&ser=859311 HTTP/1.1" 200 987 "http://ed.activities.at/entry.php?id=10271&&ser=859251" "Mozilla/5.0 (Windows NT 6.1; WOW64; rv:27.0) Gecko/20100101 Firefox/27.0"
80.123.96.46 - - [08/Sep/2017:10:29:32 +0200] "GET /gui/javascript/form_form.js?1504859372 HTTP/1.1" 200 16206 "http://ed.activities.at/entry.php?id=10271&&ser=859311" "Mozilla/5.0 (Windows NT 6.1; WOW64; rv:27.0) Gecko/20100101 Firefox/27.0"
178.190.96.81 - - [08/Sep/2017:10:29:57 +0200] "GET /entry.php?id=10271&&ser=859337 HTTP/1.1" 200 987 "http://ed.activities.at/entry.php?id=10271&&ser=859276" "Mozilla/5.0 (Windows NT 6.1; WOW64; Trident/7.0; rv:11.0) like Gecko"
178.190.96.81 - - [08/Sep/2017:10:29:57 +0200] "GET /gui/javascript/form_form.js?1504859397 HTTP/1.1" 200 16206 "http://ed.activities.at/entry.php?id=10271&&ser=859337" "Mozilla/5.0 (Windows NT 6.1; WOW64; Trident/7.0; rv:11.0) like Gecko"
80.123.96.46 - - [08/Sep/2017:10:30:32 +0200] "GET /entry.php?id=10271&&ser=859372 HTTP/1.1" 200 987 "http://ed.activities.at/entry.php?id=10271&&ser=859311" "Mozilla/5.0 (Windows NT 6.1; WOW64; rv:27.0) Gecko/20100101 Firefox/27.0"
80.123.96.46 - - [08/Sep/2017:10:30:32 +0200] "GET /gui/javascript/form_form.js?1504859432 HTTP/1.1" 200 16206 "http://ed.activities.at/entry.php?id=10271&&ser=859372" "Mozilla/5.0 (Windows NT 6.1; WOW64; rv:27.0) Gecko/20100101 Firefox/27.0"
178.190.96.81 - - [08/Sep/2017:10:30:58 +0200] "GET /entry.php?id=10271&&ser=859397 HTTP/1.1" 200 987 "http://ed.activities.at/entry.php?id=10271&&ser=859337" "Mozilla/5.0 (Windows NT 6.1; WOW64; Trident/7.0; rv:11.0) like Gecko"
178.190.96.81 - - [08/Sep/2017:10:30:58 +0200] "GET /gui/javascript/form_form.js?1504859458 HTTP/1.1" 200 16206 "http://ed.activities.at/entry.php?id=10271&&ser=859397" "Mozilla/5.0 (Windows NT 6.1; WOW64; Trident/7.0; rv:11.0) like Gecko"
80.123.96.46 - - [08/Sep/2017:10:31:32 +0200] "GET /entry.php?id=10271&&ser=859432 HTTP/1.1" 200 987 "http://ed.activities.at/entry.php?id=10271&&ser=859372" "Mozilla/5.0 (Windows NT 6.1; WOW64; rv:27.0) Gecko/20100101 Firefox/27.0"
80.123.96.46 - - [08/Sep/2017:10:31:32 +0200] "GET /gui/javascript/form_form.js?1504859492 HTTP/1.1" 200 16206 "http://ed.activities.at/entry.php?id=10271&&ser=859432" "Mozilla/5.0 (Windows NT 6.1; WOW64; rv:27.0) Gecko/20100101 Firefox/27.0"
178.190.96.81 - - [08/Sep/2017:10:31:58 +0200] "GET /entry.php?id=10271&&ser=859458 HTTP/1.1" 200 986 "http://ed.activities.at/entry.php?id=10271&&ser=859397" "Mozilla/5.0 (Windows NT 6.1; WOW64; Trident/7.0; rv:11.0) like Gecko"
178.190.96.81 - - [08/Sep/2017:10:31:58 +0200] "GET /gui/javascript/form_form.js?1504859518 HTTP/1.1" 200 16206 "http://ed.activities.at/entry.php?id=10271&&ser=859458" "Mozilla/5.0 (Windows NT 6.1; WOW64; Trident/7.0; rv:11.0) like Gecko"
80.123.96.46 - - [08/Sep/2017:10:32:32 +0200] "GET /entry.php?id=10271&&ser=859492 HTTP/1.1" 200 987 "http://ed.activities.at/entry.php?id=10271&&ser=859432" "Mozilla/5.0 (Windows NT 6.1; WOW64; rv:27.0) Gecko/20100101 Firefox/27.0"
80.123.96.46 - - [08/Sep/2017:10:32:33 +0200] "GET /gui/javascript/form_form.js?1504859553 HTTP/1.1" 200 16206 "http://ed.activities.at/entry.php?id=10271&&ser=859492" "Mozilla/5.0 (Windows NT 6.1; WOW64; rv:27.0) Gecko/20100101 Firefox/27.0"
178.190.96.81 - - [08/Sep/2017:10:32:59 +0200] "GET /entry.php?id=10271&&ser=859518 HTTP/1.1" 200 987 "http://ed.activities.at/entry.php?id=10271&&ser=859458" "Mozilla/5.0 (Windows NT 6.1; WOW64; Trident/7.0; rv:11.0) like Gecko"
178.190.96.81 - - [08/Sep/2017:10:32:59 +0200] "GET /gui/javascript/form_form.js?1504859579 HTTP/1.1" 200 16206 "http://ed.activities.at/entry.php?id=10271&&ser=859518" "Mozilla/5.0 (Windows NT 6.1; WOW64; Trident/7.0; rv:11.0) like Gecko"
80.123.96.46 - - [08/Sep/2017:10:33:33 +0200] "GET /entry.php?id=10271&&ser=859553 HTTP/1.1" 200 987 "http://ed.activities.at/entry.php?id=10271&&ser=859492" "Mozilla/5.0 (Windows NT 6.1; WOW64; rv:27.0) Gecko/20100101 Firefox/27.0"
80.123.96.46 - - [08/Sep/2017:10:33:33 +0200] "GET /gui/javascript/form_form.js?1504859613 HTTP/1.1" 200 16206 "http://ed.activities.at/entry.php?id=10271&&ser=859553" "Mozilla/5.0 (Windows NT 6.1; WOW64; rv:27.0) Gecko/20100101 Firefox/27.0"
178.190.96.81 - - [08/Sep/2017:10:33:59 +0200] "GET /entry.php?id=10271&&ser=859579 HTTP/1.1" 200 987 "http://ed.activities.at/entry.php?id=10271&&ser=859518" "Mozilla/5.0 (Windows NT 6.1; WOW64; Trident/7.0; rv:11.0) like Gecko"
178.190.96.81 - - [08/Sep/2017:10:33:59 +0200] "GET /gui/javascript/form_form.js?1504859639 HTTP/1.1" 200 16206 "http://ed.activities.at/entry.php?id=10271&&ser=859579" "Mozilla/5.0 (Windows NT 6.1; WOW64; Trident/7.0; rv:11.0) like Gecko"
178.190.96.81 - - [08/Sep/2017:10:34:19 +0200] "POST /entry.php?id=10287& HTTP/1.1" 200 2292 "http://ed.activities.at/entry.php?id=10287&" "Mozilla/5.0 (Windows NT 6.1; WOW64; Trident/7.0; rv:11.0) like Gecko"
178.190.96.81 - - [08/Sep/2017:10:34:19 +0200] "GET /gui/javascript/form_form.js?1504859659 HTTP/1.1" 200 16206 "http://ed.activities.at/entry.php?id=10287&" "Mozilla/5.0 (Windows NT 6.1; WOW64; Trident/7.0; rv:11.0) like Gecko"
178.190.96.81 - - [08/Sep/2017:10:34:20 +0200] "GET /entry.php?id=10271&&ser=859579 HTTP/1.1" 200 987 "http://ed.activities.at/entry.php?id=10271&&ser=859518" "Mozilla/5.0 (Windows NT 6.1; WOW64; Trident/7.0; rv:11.0) like Gecko"
178.190.96.81 - - [08/Sep/2017:10:34:20 +0200] "GET /gui/javascript/jquery/css/gui-themes/custom.min.css HTTP/1.1" 304 - "http://ed.activities.at/entry.php?id=10271&&ser=859579" "Mozilla/5.0 (Windows NT 6.1; WOW64; Trident/7.0; rv:11.0) like Gecko"
178.190.96.81 - - [08/Sep/2017:10:34:20 +0200] "GET /gui/javascript/jquery/css/gui-themes/ui.spinner.css HTTP/1.1" 304 - "http://ed.activities.at/entry.php?id=10271&&ser=859579" "Mozilla/5.0 (Windows NT 6.1; WOW64; Trident/7.0; rv:11.0) like Gecko"
178.190.96.81 - - [08/Sep/2017:10:34:20 +0200] "GET /gui/javascript/jquery/css/gui-themes/jquery.tooltip.css HTTP/1.1" 304 - "http://ed.activities.at/entry.php?id=10271&&ser=859579" "Mozilla/5.0 (Windows NT 6.1; WOW64; Trident/7.0; rv:11.0) like Gecko"
178.190.96.81 - - [08/Sep/2017:10:34:20 +0200] "GET /gui/styles/tmplDefault.css HTTP/1.1" 304 - "http://ed.activities.at/entry.php?id=10271&&ser=859579" "Mozilla/5.0 (Windows NT 6.1; WOW64; Trident/7.0; rv:11.0) like Gecko"
178.190.96.81 - - [08/Sep/2017:10:34:20 +0200] "GET /gui/javascript/jquery/js/jquery-1.8.2.js HTTP/1.1" 304 - "http://ed.activities.at/entry.php?id=10271&&ser=859579" "Mozilla/5.0 (Windows NT 6.1; WOW64; Trident/7.0; rv:11.0) like Gecko"
178.190.96.81 - - [08/Sep/2017:10:34:20 +0200] "GET /gui/javascript/form_form.js?1504859660 HTTP/1.1" 200 16206 "http://ed.activities.at/entry.php?id=10271&&ser=859579" "Mozilla/5.0 (Windows NT 6.1; WOW64; Trident/7.0; rv:11.0) like Gecko"
178.190.96.81 - - [08/Sep/2017:10:34:20 +0200] "GET /gui/javascript/jquery/js/jquery-ui-1.9.0.custom.min.js HTTP/1.1" 304 - "http://ed.activities.at/entry.php?id=10271&&ser=859579" "Mozilla/5.0 (Windows NT 6.1; WOW64; Trident/7.0; rv:11.0) like Gecko"
178.190.96.81 - - [08/Sep/2017:10:34:20 +0200] "GET /gui/javascript/jquery/jquery-tooltip/jquery.tooltip.min.js HTTP/1.1" 304 - "http://ed.activities.at/entry.php?id=10271&&ser=859579" "Mozilla/5.0 (Windows NT 6.1; WOW64; Trident/7.0; rv:11.0) like Gecko"
178.190.96.81 - - [08/Sep/2017:10:34:24 +0200] "GET /entry.php?id=11673 HTTP/1.1" 200 358 "http://ed.activities.at/entry.php?id=11412" "Mozilla/5.0 (Windows NT 6.1; WOW64; Trident/7.0; rv:11.0) like Gecko"
178.190.96.81 - - [08/Sep/2017:10:34:25 +0200] "GET /entry.php?id=10676&&title=F\xfchrerscheinkurse HTTP/1.1" 200 1394 "http://ed.activities.at/entry.php?id=11673" "Mozilla/5.0 (Windows NT 6.1; WOW64; Trident/7.0; rv:11.0) like Gecko"
178.190.96.81 - - [08/Sep/2017:10:34:25 +0200] "GET /gui/javascript/form_form.js?1504859665 HTTP/1.1" 200 16206 "http://ed.activities.at/entry.php?id=10676&&title=F\xc3\xbchrerscheinkurse" "Mozilla/5.0 (Windows NT 6.1; WOW64; Trident/7.0; rv:11.0) like Gecko"
178.190.96.81 - - [08/Sep/2017:10:34:25 +0200] "GET /entry.php?id=11694& HTTP/1.1" 200 3068 "http://ed.activities.at/entry.php?id=11673" "Mozilla/5.0 (Windows NT 6.1; WOW64; Trident/7.0; rv:11.0) like Gecko"
178.190.96.81 - - [08/Sep/2017:10:34:25 +0200] "GET /activities/framework/KoolControls/KoolAjax/koolajax.php?8436e354c842500aba3cbaf0584c0c24 HTTP/1.1" 200 4079 "http://ed.activities.at/entry.php?id=11694&" "Mozilla/5.0 (Windows NT 6.1; WOW64; Trident/7.0; rv:11.0) like Gecko"
178.190.96.81 - - [08/Sep/2017:10:34:26 +0200] "GET /activities/framework/KoolControls/KoolTreeView/kooltreeview.php?c7cd9180e88ffef8e70f13526bb4f5f7 HTTP/1.1" 200 5055 "http://ed.activities.at/entry.php?id=11694&" "Mozilla/5.0 (Windows NT 6.1; WOW64; Trident/7.0; rv:11.0) like Gecko"
178.190.96.81 - - [08/Sep/2017:10:34:25 +0200] "GET /entry.php?id=11671& HTTP/1.1" 200 4534 "http://ed.activities.at/entry.php?id=11673" "Mozilla/5.0 (Windows NT 6.1; WOW64; Trident/7.0; rv:11.0) like Gecko"
178.190.96.81 - - [08/Sep/2017:10:34:26 +0200] "GET /gui/javascript/form_form.js?1504859666 HTTP/1.1" 200 16206 "http://ed.activities.at/entry.php?id=11671&" "Mozilla/5.0 (Windows NT 6.1; WOW64; Trident/7.0; rv:11.0) like Gecko"
178.190.96.81 - - [08/Sep/2017:10:34:26 +0200] "GET /entry.php?id=10778&form=11496&name=list& HTTP/1.1" 200 2493 "http://ed.activities.at/entry.php?id=11671&" "Mozilla/5.0 (Windows NT 6.1; WOW64; Trident/7.0; rv:11.0) like Gecko"
178.190.96.81 - - [08/Sep/2017:10:34:25 +0200] "GET /entry.php?id=11672& HTTP/1.1" 200 2691 "http://ed.activities.at/entry.php?id=11673" "Mozilla/5.0 (Windows NT 6.1; WOW64; Trident/7.0; rv:11.0) like Gecko"
178.190.96.81 - - [08/Sep/2017:10:34:26 +0200] "GET /entry.php?id=10776&form=11496&name=list& HTTP/1.1" 200 1526 "http://ed.activities.at/entry.php?id=11671&" "Mozilla/5.0 (Windows NT 6.1; WOW64; Trident/7.0; rv:11.0) like Gecko"
178.190.96.81 - - [08/Sep/2017:10:34:27 +0200] "GET /gui/images/icons/disabled_calendar.png HTTP/1.1" 304 - "http://ed.activities.at/entry.php?id=11671&" "Mozilla/5.0 (Windows NT 6.1; WOW64; Trident/7.0; rv:11.0) like Gecko"
178.190.96.81 - - [08/Sep/2017:10:34:27 +0200] "GET /entry.php?id=10776&form=11497&name=list& HTTP/1.1" 200 1942 "http://ed.activities.at/entry.php?id=11672&" "Mozilla/5.0 (Windows NT 6.1; WOW64; Trident/7.0; rv:11.0) like Gecko"
178.190.96.81 - - [08/Sep/2017:10:34:27 +0200] "GET /entry.php?id=10778&form=11497&name=list& HTTP/1.1" 200 9923 "http://ed.activities.at/entry.php?id=11672&" "Mozilla/5.0 (Windows NT 6.1; WOW64; Trident/7.0; rv:11.0) like Gecko"
80.123.96.46 - - [08/Sep/2017:10:34:33 +0200] "GET /entry.php?id=10271&&ser=859613 HTTP/1.1" 200 987 "http://ed.activities.at/entry.php?id=10271&&ser=859553" "Mozilla/5.0 (Windows NT 6.1; WOW64; rv:27.0) Gecko/20100101 Firefox/27.0"
80.123.96.46 - - [08/Sep/2017:10:34:33 +0200] "GET /gui/javascript/form_form.js?1504859673 HTTP/1.1" 200 16206 "http://ed.activities.at/entry.php?id=10271&&ser=859613" "Mozilla/5.0 (Windows NT 6.1; WOW64; rv:27.0) Gecko/20100101 Firefox/27.0"
178.190.96.81 - - [08/Sep/2017:10:35:18 +0200] "POST /entry.php?id=11671 HTTP/1.1" 200 4812 "http://ed.activities.at/entry.php?id=11671&" "Mozilla/5.0 (Windows NT 6.1; WOW64; Trident/7.0; rv:11.0) like Gecko"
178.190.96.81 - - [08/Sep/2017:10:35:19 +0200] "GET /gui/javascript/form_form.js?1504859719 HTTP/1.1" 200 16206 "http://ed.activities.at/entry.php?id=11671" "Mozilla/5.0 (Windows NT 6.1; WOW64; Trident/7.0; rv:11.0) like Gecko"
178.190.96.81 - - [08/Sep/2017:10:35:19 +0200] "GET /entry.php?id=10778&form=11496&name=list& HTTP/1.1" 200 5407 "http://ed.activities.at/entry.php?id=11671" "Mozilla/5.0 (Windows NT 6.1; WOW64; Trident/7.0; rv:11.0) like Gecko"
178.190.96.81 - - [08/Sep/2017:10:35:19 +0200] "GET /entry.php?id=10776&form=11496&name=list& HTTP/1.1" 200 1519 "http://ed.activities.at/entry.php?id=11671" "Mozilla/5.0 (Windows NT 6.1; WOW64; Trident/7.0; rv:11.0) like Gecko"
178.190.96.81 - - [08/Sep/2017:10:35:20 +0200] "GET /entry.php?id=10271&&ser=859660 HTTP/1.1" 200 986 "http://ed.activities.at/entry.php?id=10271&&ser=859579" "Mozilla/5.0 (Windows NT 6.1; WOW64; Trident/7.0; rv:11.0) like Gecko"
178.190.96.81 - - [08/Sep/2017:10:35:21 +0200] "GET /gui/javascript/form_form.js?1504859721 HTTP/1.1" 200 16206 "http://ed.activities.at/entry.php?id=10271&&ser=859660" "Mozilla/5.0 (Windows NT 6.1; WOW64; Trident/7.0; rv:11.0) like Gecko"
80.123.96.46 - - [08/Sep/2017:10:35:34 +0200] "GET /entry.php?id=10271&&ser=859673 HTTP/1.1" 200 987 "http://ed.activities.at/entry.php?id=10271&&ser=859613" "Mozilla/5.0 (Windows NT 6.1; WOW64; rv:27.0) Gecko/20100101 Firefox/27.0"
80.123.96.46 - - [08/Sep/2017:10:35:34 +0200] "GET /gui/javascript/form_form.js?1504859734 HTTP/1.1" 200 16206 "http://ed.activities.at/entry.php?id=10271&&ser=859673" "Mozilla/5.0 (Windows NT 6.1; WOW64; rv:27.0) Gecko/20100101 Firefox/27.0"
80.123.96.46 - - [08/Sep/2017:10:35:42 +0200] "POST /entry.php?id=11671 HTTP/1.1" 200 3606 "http://ed.activities.at/entry.php?id=11671" "Mozilla/5.0 (Windows NT 6.1; WOW64; rv:27.0) Gecko/20100101 Firefox/27.0"
80.123.96.46 - - [08/Sep/2017:10:35:42 +0200] "GET /gui/javascript/form_form.js?1504859742 HTTP/1.1" 200 16206 "http://ed.activities.at/entry.php?id=11671" "Mozilla/5.0 (Windows NT 6.1; WOW64; rv:27.0) Gecko/20100101 Firefox/27.0"
80.123.96.46 - - [08/Sep/2017:10:35:43 +0200] "GET /framework/webfx/javascript/tinymce/skins/lightgray/content.min.css HTTP/1.1" 404 325 "http://ed.activities.at/entry.php?id=11671" "Mozilla/5.0 (Windows NT 6.1; WOW64; rv:27.0) Gecko/20100101 Firefox/27.0"
80.123.96.46 - - [08/Sep/2017:10:35:44 +0200] "POST /entry.php?id=11671 HTTP/1.1" 200 4966 "http://ed.activities.at/entry.php?id=11671" "Mozilla/5.0 (Windows NT 6.1; WOW64; rv:27.0) Gecko/20100101 Firefox/27.0"
80.123.96.46 - - [08/Sep/2017:10:35:45 +0200] "GET /gui/javascript/form_form.js?1504859745 HTTP/1.1" 200 16206 "http://ed.activities.at/entry.php?id=11671" "Mozilla/5.0 (Windows NT 6.1; WOW64; rv:27.0) Gecko/20100101 Firefox/27.0"
80.123.96.46 - - [08/Sep/2017:10:35:45 +0200] "GET /entry.php?id=10776&form=11496&name=list& HTTP/1.1" 200 1519 "http://ed.activities.at/entry.php?id=11671" "Mozilla/5.0 (Windows NT 6.1; WOW64; rv:27.0) Gecko/20100101 Firefox/27.0"
80.123.96.46 - - [08/Sep/2017:10:35:45 +0200] "GET /entry.php?id=10778&form=11496&name=list& HTTP/1.1" 200 5673 "http://ed.activities.at/entry.php?id=11671" "Mozilla/5.0 (Windows NT 6.1; WOW64; rv:27.0) Gecko/20100101 Firefox/27.0"
80.123.96.46 - - [08/Sep/2017:10:35:48 +0200] "POST /entry.php?id=11671 HTTP/1.1" 200 4610 "http://ed.activities.at/entry.php?id=11671" "Mozilla/5.0 (Windows NT 6.1; WOW64; rv:27.0) Gecko/20100101 Firefox/27.0"
80.123.96.46 - - [08/Sep/2017:10:35:48 +0200] "GET /gui/javascript/form_form.js?1504859748 HTTP/1.1" 200 16206 "http://ed.activities.at/entry.php?id=11671" "Mozilla/5.0 (Windows NT 6.1; WOW64; rv:27.0) Gecko/20100101 Firefox/27.0"
80.123.96.46 - - [08/Sep/2017:10:35:48 +0200] "GET /entry.php?id=10778&form=11496&name=list& HTTP/1.1" 200 5461 "http://ed.activities.at/entry.php?id=11671" "Mozilla/5.0 (Windows NT 6.1; WOW64; rv:27.0) Gecko/20100101 Firefox/27.0"
80.123.96.46 - - [08/Sep/2017:10:35:48 +0200] "GET /entry.php?id=10776&form=11496&name=list& HTTP/1.1" 200 1519 "http://ed.activities.at/entry.php?id=11671" "Mozilla/5.0 (Windows NT 6.1; WOW64; rv:27.0) Gecko/20100101 Firefox/27.0"
178.190.96.81 - - [08/Sep/2017:10:36:14 +0200] "POST /entry.php?id=11671 HTTP/1.1" 200 5015 "http://ed.activities.at/entry.php?id=11671" "Mozilla/5.0 (Windows NT 6.1; WOW64; Trident/7.0; rv:11.0) like Gecko"
178.190.96.81 - - [08/Sep/2017:10:36:15 +0200] "GET /gui/javascript/form_form.js?1504859775 HTTP/1.1" 200 16206 "http://ed.activities.at/entry.php?id=11671" "Mozilla/5.0 (Windows NT 6.1; WOW64; Trident/7.0; rv:11.0) like Gecko"
178.190.96.81 - - [08/Sep/2017:10:36:15 +0200] "GET /entry.php?id=10776&form=11496&name=list& HTTP/1.1" 200 1519 "http://ed.activities.at/entry.php?id=11671" "Mozilla/5.0 (Windows NT 6.1; WOW64; Trident/7.0; rv:11.0) like Gecko"
178.190.96.81 - - [08/Sep/2017:10:36:15 +0200] "GET /entry.php?id=10778&form=11496&name=list& HTTP/1.1" 200 5407 "http://ed.activities.at/entry.php?id=11671" "Mozilla/5.0 (Windows NT 6.1; WOW64; Trident/7.0; rv:11.0) like Gecko"
178.190.96.81 - - [08/Sep/2017:10:36:19 +0200] "POST /entry.php?id=11671 HTTP/1.1" 200 4999 "http://ed.activities.at/entry.php?id=11671" "Mozilla/5.0 (Windows NT 6.1; WOW64; Trident/7.0; rv:11.0) like Gecko"
178.190.96.81 - - [08/Sep/2017:10:36:20 +0200] "GET /gui/javascript/form_form.js?1504859780 HTTP/1.1" 200 16206 "http://ed.activities.at/entry.php?id=11671" "Mozilla/5.0 (Windows NT 6.1; WOW64; Trident/7.0; rv:11.0) like Gecko"
178.190.96.81 - - [08/Sep/2017:10:36:20 +0200] "GET /entry.php?id=10778&form=11496&name=list& HTTP/1.1" 200 5407 "http://ed.activities.at/entry.php?id=11671" "Mozilla/5.0 (Windows NT 6.1; WOW64; Trident/7.0; rv:11.0) like Gecko"
178.190.96.81 - - [08/Sep/2017:10:36:20 +0200] "GET /entry.php?id=10776&form=11496&name=list& HTTP/1.1" 200 1519 "http://ed.activities.at/entry.php?id=11671" "Mozilla/5.0 (Windows NT 6.1; WOW64; Trident/7.0; rv:11.0) like Gecko"
178.190.96.81 - - [08/Sep/2017:10:36:21 +0200] "GET /entry.php?id=10271&&ser=859721 HTTP/1.1" 200 986 "http://ed.activities.at/entry.php?id=10271&&ser=859660" "Mozilla/5.0 (Windows NT 6.1; WOW64; Trident/7.0; rv:11.0) like Gecko"
178.190.96.81 - - [08/Sep/2017:10:36:21 +0200] "GET /gui/javascript/form_form.js?1504859781 HTTP/1.1" 200 16206 "http://ed.activities.at/entry.php?id=10271&&ser=859721" "Mozilla/5.0 (Windows NT 6.1; WOW64; Trident/7.0; rv:11.0) like Gecko"
80.123.96.46 - - [08/Sep/2017:10:36:21 +0200] "POST /entry.php?id=11671 HTTP/1.1" 200 4983 "http://ed.activities.at/entry.php?id=11671" "Mozilla/5.0 (Windows NT 6.1; WOW64; rv:27.0) Gecko/20100101 Firefox/27.0"
80.123.96.46 - - [08/Sep/2017:10:36:21 +0200] "GET /gui/javascript/form_form.js?1504859781 HTTP/1.1" 200 16206 "http://ed.activities.at/entry.php?id=11671" "Mozilla/5.0 (Windows NT 6.1; WOW64; rv:27.0) Gecko/20100101 Firefox/27.0"
80.123.96.46 - - [08/Sep/2017:10:36:22 +0200] "GET /entry.php?id=10778&form=11496&name=list& HTTP/1.1" 200 5673 "http://ed.activities.at/entry.php?id=11671" "Mozilla/5.0 (Windows NT 6.1; WOW64; rv:27.0) Gecko/20100101 Firefox/27.0"
80.123.96.46 - - [08/Sep/2017:10:36:22 +0200] "GET /entry.php?id=10776&form=11496&name=list& HTTP/1.1" 200 1519 "http://ed.activities.at/entry.php?id=11671" "Mozilla/5.0 (Windows NT 6.1; WOW64; rv:27.0) Gecko/20100101 Firefox/27.0"
80.123.96.46 - - [08/Sep/2017:10:36:25 +0200] "POST /entry.php?id=11671 HTTP/1.1" 200 3173 "http://ed.activities.at/entry.php?id=11671" "Mozilla/5.0 (Windows NT 6.1; WOW64; rv:27.0) Gecko/20100101 Firefox/27.0"
80.123.96.46 - - [08/Sep/2017:10:36:26 +0200] "GET /gui/javascript/form_form.js?1504859786 HTTP/1.1" 200 16206 "http://ed.activities.at/entry.php?id=11671" "Mozilla/5.0 (Windows NT 6.1; WOW64; rv:27.0) Gecko/20100101 Firefox/27.0"
80.123.96.46 - - [08/Sep/2017:10:36:26 +0200] "GET /framework/webfx/javascript/tinymce/skins/lightgray/content.min.css HTTP/1.1" 404 325 "http://ed.activities.at/entry.php?id=11671" "Mozilla/5.0 (Windows NT 6.1; WOW64; rv:27.0) Gecko/20100101 Firefox/27.0"
80.123.96.46 - - [08/Sep/2017:10:36:34 +0200] "GET /entry.php?id=10271&&ser=859734 HTTP/1.1" 200 987 "http://ed.activities.at/entry.php?id=10271&&ser=859673" "Mozilla/5.0 (Windows NT 6.1; WOW64; rv:27.0) Gecko/20100101 Firefox/27.0"
80.123.96.46 - - [08/Sep/2017:10:36:34 +0200] "GET /gui/javascript/form_form.js?1504859794 HTTP/1.1" 200 16206 "http://ed.activities.at/entry.php?id=10271&&ser=859734" "Mozilla/5.0 (Windows NT 6.1; WOW64; rv:27.0) Gecko/20100101 Firefox/27.0"
178.190.96.81 - - [08/Sep/2017:10:36:51 +0200] "GET /entry.php?id=10287&login=1 HTTP/1.1" 200 2225 "http://ed.activities.at/entry.php?id=11412" "Mozilla/5.0 (Windows NT 6.1; WOW64; Trident/7.0; rv:11.0) like Gecko"
178.190.96.81 - - [08/Sep/2017:10:36:51 +0200] "GET /gui/javascript/form_form.js?1504859811 HTTP/1.1" 200 16206 "http://ed.activities.at/entry.php?id=10287&login=1" "Mozilla/5.0 (Windows NT 6.1; WOW64; Trident/7.0; rv:11.0) like Gecko"
178.190.96.81 - - [08/Sep/2017:10:36:53 +0200] "POST /entry.php?id=10287& HTTP/1.1" 200 2421 "http://ed.activities.at/entry.php?id=10287&login=1" "Mozilla/5.0 (Windows NT 6.1; WOW64; Trident/7.0; rv:11.0) like Gecko"
178.190.96.81 - - [08/Sep/2017:10:36:54 +0200] "GET /gui/javascript/form_form.js?1504859814 HTTP/1.1" 200 16206 "http://ed.activities.at/entry.php?id=10287&" "Mozilla/5.0 (Windows NT 6.1; WOW64; Trident/7.0; rv:11.0) like Gecko"
178.190.96.81 - - [08/Sep/2017:10:36:54 +0200] "GET /entry.php?id=10270& HTTP/1.1" 200 908 "http://ed.activities.at/layout.php" "Mozilla/5.0 (Windows NT 6.1; WOW64; Trident/7.0; rv:11.0) like Gecko"
178.190.96.81 - - [08/Sep/2017:10:36:54 +0200] "GET /entry.php?id=10273&logout=true& HTTP/1.1" 200 1912 "http://ed.activities.at/layout.php" "Mozilla/5.0 (Windows NT 6.1; WOW64; Trident/7.0; rv:11.0) like Gecko"
178.190.96.81 - - [08/Sep/2017:10:37:28 +0200] "GET / HTTP/1.1" 200 382 "-" "Mozilla/5.0 (Windows NT 6.1; WOW64; Trident/7.0; rv:11.0) like Gecko"
178.190.96.81 - - [08/Sep/2017:10:37:28 +0200] "GET /layout.php HTTP/1.1" 200 910 "-" "Mozilla/5.0 (Windows NT 6.1; WOW64; Trident/7.0; rv:11.0) like Gecko"
178.190.96.81 - - [08/Sep/2017:10:37:28 +0200] "GET /entry.php?id=10270 HTTP/1.1" 200 908 "http://ed.activities.at/layout.php" "Mozilla/5.0 (Windows NT 6.1; WOW64; Trident/7.0; rv:11.0) like Gecko"
178.190.96.81 - - [08/Sep/2017:10:37:28 +0200] "GET /entry.php?id=10272 HTTP/1.1" 200 1189 "http://ed.activities.at/layout.php" "Mozilla/5.0 (Windows NT 6.1; WOW64; Trident/7.0; rv:11.0) like Gecko"
178.190.96.81 - - [08/Sep/2017:10:37:28 +0200] "GET /entry.php?id=10273 HTTP/1.1" 200 1933 "http://ed.activities.at/layout.php" "Mozilla/5.0 (Windows NT 6.1; WOW64; Trident/7.0; rv:11.0) like Gecko"
178.190.96.81 - - [08/Sep/2017:10:37:28 +0200] "GET /gui/javascript/form_form.js?1504859848 HTTP/1.1" 200 16206 "http://ed.activities.at/entry.php?id=10270" "Mozilla/5.0 (Windows NT 6.1; WOW64; Trident/7.0; rv:11.0) like Gecko"
178.190.96.81 - - [08/Sep/2017:10:37:28 +0200] "GET /entry.php?id=11412 HTTP/1.1" 200 1759 "http://ed.activities.at/layout.php" "Mozilla/5.0 (Windows NT 6.1; WOW64; Trident/7.0; rv:11.0) like Gecko"
178.190.96.81 - - [08/Sep/2017:10:37:29 +0200] "GET /entry.php?id=10271&UIN=c05aafe543c3b6d7c9f0cc9af63f45be HTTP/1.1" 200 934 "http://ed.activities.at/entry.php?id=10272" "Mozilla/5.0 (Windows NT 6.1; WOW64; Trident/7.0; rv:11.0) like Gecko"
178.190.96.81 - - [08/Sep/2017:10:37:29 +0200] "GET /gui/javascript/form_form.js?1504859849 HTTP/1.1" 200 16206 "http://ed.activities.at/entry.php?id=10271&UIN=c05aafe543c3b6d7c9f0cc9af63f45be" "Mozilla/5.0 (Windows NT 6.1; WOW64; Trident/7.0; rv:11.0) like Gecko"
178.190.96.81 - - [08/Sep/2017:10:37:29 +0200] "GET /entry.php?id=10287 HTTP/1.1" 200 2407 "http://ed.activities.at/entry.php?id=11412" "Mozilla/5.0 (Windows NT 6.1; WOW64; Trident/7.0; rv:11.0) like Gecko"
178.190.96.81 - - [08/Sep/2017:10:37:29 +0200] "GET /entry.php?id=10270& HTTP/1.1" 200 908 "http://ed.activities.at/layout.php" "Mozilla/5.0 (Windows NT 6.1; WOW64; Trident/7.0; rv:11.0) like Gecko"
178.190.96.81 - - [08/Sep/2017:10:37:29 +0200] "GET /entry.php?id=10273& HTTP/1.1" 200 1902 "http://ed.activities.at/layout.php" "Mozilla/5.0 (Windows NT 6.1; WOW64; Trident/7.0; rv:11.0) like Gecko"
80.123.96.46 - - [08/Sep/2017:10:37:34 +0200] "GET /entry.php?id=10271&&ser=859794 HTTP/1.1" 200 987 "http://ed.activities.at/entry.php?id=10271&&ser=859734" "Mozilla/5.0 (Windows NT 6.1; WOW64; rv:27.0) Gecko/20100101 Firefox/27.0"
80.123.96.46 - - [08/Sep/2017:10:37:35 +0200] "GET /gui/javascript/form_form.js?1504859855 HTTP/1.1" 200 16206 "http://ed.activities.at/entry.php?id=10271&&ser=859794" "Mozilla/5.0 (Windows NT 6.1; WOW64; rv:27.0) Gecko/20100101 Firefox/27.0"
80.123.96.46 - - [08/Sep/2017:10:37:34 +0200] "POST /entry.php?id=11671 HTTP/1.1" 200 3611 "http://ed.activities.at/entry.php?id=11671" "Mozilla/5.0 (Windows NT 6.1; WOW64; rv:27.0) Gecko/20100101 Firefox/27.0"
80.123.96.46 - - [08/Sep/2017:10:37:35 +0200] "GET /gui/javascript/form_form.js?1504859855 HTTP/1.1" 304 - "http://ed.activities.at/entry.php?id=11671" "Mozilla/5.0 (Windows NT 6.1; WOW64; rv:27.0) Gecko/20100101 Firefox/27.0"
80.123.96.46 - - [08/Sep/2017:10:37:35 +0200] "GET /framework/webfx/javascript/tinymce/skins/lightgray/content.min.css HTTP/1.1" 404 325 "http://ed.activities.at/entry.php?id=11671" "Mozilla/5.0 (Windows NT 6.1; WOW64; rv:27.0) Gecko/20100101 Firefox/27.0"
80.123.96.46 - - [08/Sep/2017:10:37:41 +0200] "POST /entry.php?id=11671 HTTP/1.1" 200 4974 "http://ed.activities.at/entry.php?id=11671" "Mozilla/5.0 (Windows NT 6.1; WOW64; rv:27.0) Gecko/20100101 Firefox/27.0"
80.123.96.46 - - [08/Sep/2017:10:37:42 +0200] "GET /gui/javascript/form_form.js?1504859862 HTTP/1.1" 200 16206 "http://ed.activities.at/entry.php?id=11671" "Mozilla/5.0 (Windows NT 6.1; WOW64; rv:27.0) Gecko/20100101 Firefox/27.0"
80.123.96.46 - - [08/Sep/2017:10:37:42 +0200] "GET /entry.php?id=10778&form=11496&name=list& HTTP/1.1" 200 5673 "http://ed.activities.at/entry.php?id=11671" "Mozilla/5.0 (Windows NT 6.1; WOW64; rv:27.0) Gecko/20100101 Firefox/27.0"
80.123.96.46 - - [08/Sep/2017:10:37:42 +0200] "GET /entry.php?id=10776&form=11496&name=list& HTTP/1.1" 200 1519 "http://ed.activities.at/entry.php?id=11671" "Mozilla/5.0 (Windows NT 6.1; WOW64; rv:27.0) Gecko/20100101 Firefox/27.0"
178.190.96.81 - - [08/Sep/2017:10:37:43 +0200] "POST /entry.php?id=10287& HTTP/1.1" 200 2326 "http://ed.activities.at/entry.php?id=10287" "Mozilla/5.0 (Windows NT 6.1; WOW64; Trident/7.0; rv:11.0) like Gecko"
178.190.96.81 - - [08/Sep/2017:10:37:44 +0200] "GET /gui/javascript/form_form.js?1504859864 HTTP/1.1" 200 16206 "http://ed.activities.at/entry.php?id=10287&" "Mozilla/5.0 (Windows NT 6.1; WOW64; Trident/7.0; rv:11.0) like Gecko"
178.190.96.81 - - [08/Sep/2017:10:37:44 +0200] "GET /entry.php?id=10271&UIN=c05aafe543c3b6d7c9f0cc9af63f45be HTTP/1.1" 200 987 "http://ed.activities.at/entry.php?id=10272" "Mozilla/5.0 (Windows NT 6.1; WOW64; Trident/7.0; rv:11.0) like Gecko"
178.190.96.81 - - [08/Sep/2017:10:37:44 +0200] "GET /gui/javascript/jquery/css/gui-themes/custom.min.css HTTP/1.1" 304 - "http://ed.activities.at/entry.php?id=10271&UIN=c05aafe543c3b6d7c9f0cc9af63f45be" "Mozilla/5.0 (Windows NT 6.1; WOW64; Trident/7.0; rv:11.0) like Gecko"
178.190.96.81 - - [08/Sep/2017:10:37:44 +0200] "GET /gui/javascript/jquery/css/gui-themes/ui.spinner.css HTTP/1.1" 304 - "http://ed.activities.at/entry.php?id=10271&UIN=c05aafe543c3b6d7c9f0cc9af63f45be" "Mozilla/5.0 (Windows NT 6.1; WOW64; Trident/7.0; rv:11.0) like Gecko"
178.190.96.81 - - [08/Sep/2017:10:37:44 +0200] "GET /gui/javascript/jquery/css/gui-themes/jquery.tooltip.css HTTP/1.1" 304 - "http://ed.activities.at/entry.php?id=10271&UIN=c05aafe543c3b6d7c9f0cc9af63f45be" "Mozilla/5.0 (Windows NT 6.1; WOW64; Trident/7.0; rv:11.0) like Gecko"
178.190.96.81 - - [08/Sep/2017:10:37:44 +0200] "GET /gui/styles/tmplDefault.css HTTP/1.1" 304 - "http://ed.activities.at/entry.php?id=10271&UIN=c05aafe543c3b6d7c9f0cc9af63f45be" "Mozilla/5.0 (Windows NT 6.1; WOW64; Trident/7.0; rv:11.0) like Gecko"
178.190.96.81 - - [08/Sep/2017:10:37:44 +0200] "GET /gui/javascript/form_form.js?1504859864 HTTP/1.1" 304 - "http://ed.activities.at/entry.php?id=10271&UIN=c05aafe543c3b6d7c9f0cc9af63f45be" "Mozilla/5.0 (Windows NT 6.1; WOW64; Trident/7.0; rv:11.0) like Gecko"
178.190.96.81 - - [08/Sep/2017:10:37:44 +0200] "GET /entry.php?id=10273& HTTP/1.1" 200 2030 "http://ed.activities.at/layout.php" "Mozilla/5.0 (Windows NT 6.1; WOW64; Trident/7.0; rv:11.0) like Gecko"
178.190.96.81 - - [08/Sep/2017:10:37:45 +0200] "GET /gui/javascript/jquery/js/jquery-1.8.2.js HTTP/1.1" 304 - "http://ed.activities.at/entry.php?id=10271&UIN=c05aafe543c3b6d7c9f0cc9af63f45be" "Mozilla/5.0 (Windows NT 6.1; WOW64; Trident/7.0; rv:11.0) like Gecko"
178.190.96.81 - - [08/Sep/2017:10:37:45 +0200] "GET /gui/javascript/jquery/js/jquery-ui-1.9.0.custom.min.js HTTP/1.1" 304 - "http://ed.activities.at/entry.php?id=10271&UIN=c05aafe543c3b6d7c9f0cc9af63f45be" "Mozilla/5.0 (Windows NT 6.1; WOW64; Trident/7.0; rv:11.0) like Gecko"
178.190.96.81 - - [08/Sep/2017:10:37:45 +0200] "GET /gui/javascript/jquery/jquery-tooltip/jquery.tooltip.min.js HTTP/1.1" 304 - "http://ed.activities.at/entry.php?id=10271&UIN=c05aafe543c3b6d7c9f0cc9af63f45be" "Mozilla/5.0 (Windows NT 6.1; WOW64; Trident/7.0; rv:11.0) like Gecko"
178.190.96.81 - - [08/Sep/2017:10:37:45 +0200] "GET /framework/webfx/style/toolbar/images/cbback.gif HTTP/1.1" 404 313 "http://ed.activities.at/entry.php?id=10273&" "Mozilla/5.0 (Windows NT 6.1; WOW64; Trident/7.0; rv:11.0) like Gecko"
178.190.96.81 - - [08/Sep/2017:10:37:45 +0200] "GET /entry.php?id=10270&__app__=10006038 HTTP/1.1" 200 1649 "http://ed.activities.at/layout.php" "Mozilla/5.0 (Windows NT 6.1; WOW64; Trident/7.0; rv:11.0) like Gecko"
178.190.96.81 - - [08/Sep/2017:10:37:45 +0200] "GET /gui/javascript/form_form.js?1504859865 HTTP/1.1" 200 16206 "http://ed.activities.at/entry.php?id=10270&__app__=10006038" "Mozilla/5.0 (Windows NT 6.1; WOW64; Trident/7.0; rv:11.0) like Gecko"
178.190.96.81 - - [08/Sep/2017:10:37:45 +0200] "GET /undefined HTTP/1.1" 404 283 "http://ed.activities.at/entry.php?id=10270&__app__=10006038" "Mozilla/5.0 (Windows NT 6.1; WOW64; Trident/7.0; rv:11.0) like Gecko"
178.190.96.81 - - [08/Sep/2017:10:37:49 +0200] "POST /entry.php?id=10287& HTTP/1.1" 200 2303 "http://ed.activities.at/entry.php?id=10287&" "Mozilla/5.0 (Windows NT 6.1; WOW64; Trident/7.0; rv:11.0) like Gecko"
178.190.96.81 - - [08/Sep/2017:10:37:49 +0200] "GET /gui/javascript/form_form.js?1504859869 HTTP/1.1" 200 16206 "http://ed.activities.at/entry.php?id=10287&" "Mozilla/5.0 (Windows NT 6.1; WOW64; Trident/7.0; rv:11.0) like Gecko"
178.190.96.81 - - [08/Sep/2017:10:37:49 +0200] "GET /entry.php?id=10271&UIN=c05aafe543c3b6d7c9f0cc9af63f45be HTTP/1.1" 200 987 "http://ed.activities.at/entry.php?id=10272" "Mozilla/5.0 (Windows NT 6.1; WOW64; Trident/7.0; rv:11.0) like Gecko"
178.190.96.81 - - [08/Sep/2017:10:37:49 +0200] "GET /gui/javascript/jquery/css/gui-themes/custom.min.css HTTP/1.1" 304 - "http://ed.activities.at/entry.php?id=10271&UIN=c05aafe543c3b6d7c9f0cc9af63f45be" "Mozilla/5.0 (Windows NT 6.1; WOW64; Trident/7.0; rv:11.0) like Gecko"
