80.123.96.46 - - [08/Sep/2017:09:32:33 +0200] "POST /entry.php?id=11671 HTTP/1.1" 200 4808 "http://ed.activities.at/entry.php?id=11671" "Mozilla/5.0 (Windows NT 6.1; WOW64; rv:27.0) Gecko/20100101 Firefox/27.0"
80.123.96.46 - - [08/Sep/2017:09:32:34 +0200] "GET /gui/javascript/form_form.js?1504855954 HTTP/1.1" 200 16206 "http://ed.activities.at/entry.php?id=11671" "Mozilla/5.0 (Windows NT 6.1; WOW64; rv:27.0) Gecko/20100101 Firefox/27.0"
80.123.96.46 - - [08/Sep/2017:09:32:34 +0200] "GET /entry.php?id=10778&form=11496&name=list& HTTP/1.1" 200 5586 "http://ed.activities.at/entry.php?id=11671" "Mozilla/5.0 (Windows NT 6.1; WOW64; rv:27.0) Gecko/20100101 Firefox/27.0"
80.123.96.46 - - [08/Sep/2017:09:32:34 +0200] "GET /entry.php?id=10776&form=11496&name=list& HTTP/1.1" 200 1519 "http://ed.activities.at/entry.php?id=11671" "Mozilla/5.0 (Windows NT 6.1; WOW64; rv:27.0) Gecko/20100101 Firefox/27.0"
80.123.96.46 - - [08/Sep/2017:09:32:35 +0200] "POST /entry.php?id=11671 HTTP/1.1" 200 4610 "http://ed.activities.at/entry.php?id=11671" "Mozilla/5.0 (Windows NT 6.1; WOW64; rv:27.0) Gecko/20100101 Firefox/27.0"
80.123.96.46 - - [08/Sep/2017:09:32:36 +0200] "GET /gui/javascript/form_form.js?1504855956 HTTP/1.1" 200 16206 "http://ed.activities.at/entry.php?id=11671" "Mozilla/5.0 (Windows NT 6.1; WOW64; rv:27.0) Gecko/20100101 Firefox/27.0"
80.123.96.46 - - [08/Sep/2017:09:32:36 +0200] "GET /entry.php?id=10776&form=11496&name=list& HTTP/1.1" 200 1519 "http://ed.activities.at/entry.php?id=11671" "Mozilla/5.0 (Windows NT 6.1; WOW64; rv:27.0) Gecko/20100101 Firefox/27.0"
80.123.96.46 - - [08/Sep/2017:09:32:36 +0200] "GET /entry.php?id=10778&form=11496&name=list& HTTP/1.1" 200 5461 "http://ed.activities.at/entry.php?id=11671" "Mozilla/5.0 (Windows NT 6.1; WOW64; rv:27.0) Gecko/20100101 Firefox/27.0"
80.123.96.46 - - [08/Sep/2017:09:33:09 +0200] "GET /entry.php?id=10271&&ser=855929 HTTP/1.1" 200 988 "http://ed.activities.at/entry.php?id=10271&&ser=855868" "Mozilla/5.0 (Windows NT 6.1; WOW64; rv:27.0) Gecko/20100101 Firefox/27.0"
80.123.96.46 - - [08/Sep/2017:09:33:09 +0200] "GET /gui/javascript/form_form.js?1504855989 HTTP/1.1" 200 16206 "http://ed.activities.at/entry.php?id=10271&&ser=855929" "Mozilla/5.0 (Windows NT 6.1; WOW64; rv:27.0) Gecko/20100101 Firefox/27.0"
80.123.96.46 - - [08/Sep/2017:09:33:12 +0200] "POST /entry.php?id=11671 HTTP/1.1" 200 4943 "http://ed.activities.at/entry.php?id=11671" "Mozilla/5.0 (Windows NT 6.1; WOW64; rv:27.0) Gecko/20100101 Firefox/27.0"
80.123.96.46 - - [08/Sep/2017:09:33:12 +0200] "GET /gui/javascript/form_form.js?1504855992 HTTP/1.1" 200 16206 "http://ed.activities.at/entry.php?id=11671" "Mozilla/5.0 (Windows NT 6.1; WOW64; rv:27.0) Gecko/20100101 Firefox/27.0"
80.123.96.46 - - [08/Sep/2017:09:33:13 +0200] "GET /entry.php?id=10776&form=11496&name=list& HTTP/1.1" 200 1519 "http://ed.activities.at/entry.php?id=11671" "Mozilla/5.0 (Windows NT 6.1; WOW64; rv:27.0) Gecko/20100101 Firefox/27.0"
80.123.96.46 - - [08/Sep/2017:09:33:13 +0200] "GET /entry.php?id=10778&form=11496&name=list& HTTP/1.1" 200 5586 "http://ed.activities.at/entry.php?id=11671" "Mozilla/5.0 (Windows NT 6.1; WOW64; rv:27.0) Gecko/20100101 Firefox/27.0"
80.123.96.46 - - [08/Sep/2017:09:33:13 +0200] "POST /entry.php?id=11671 HTTP/1.1" 200 3165 "http://ed.activities.at/entry.php?id=11671" "Mozilla/5.0 (Windows NT 6.1; WOW64; rv:27.0) Gecko/20100101 Firefox/27.0"
80.123.96.46 - - [08/Sep/2017:09:33:14 +0200] "GET /gui/javascript/form_form.js?1504855994 HTTP/1.1" 200 16206 "http://ed.activities.at/entry.php?id=11671" "Mozilla/5.0 (Windows NT 6.1; WOW64; rv:27.0) Gecko/20100101 Firefox/27.0"
80.123.96.46 - - [08/Sep/2017:09:33:14 +0200] "GET /framework/webfx/javascript/tinymce/skins/lightgray/content.min.css HTTP/1.1" 404 325 "http://ed.activities.at/entry.php?id=11671" "Mozilla/5.0 (Windows NT 6.1; WOW64; rv:27.0) Gecko/20100101 Firefox/27.0"
80.123.96.46 - - [08/Sep/2017:09:34:09 +0200] "GET /entry.php?id=10271&&ser=855989 HTTP/1.1" 200 987 "http://ed.activities.at/entry.php?id=10271&&ser=855929" "Mozilla/5.0 (Windows NT 6.1; WOW64; rv:27.0) Gecko/20100101 Firefox/27.0"
80.123.96.46 - - [08/Sep/2017:09:34:09 +0200] "GET /gui/javascript/form_form.js?1504856049 HTTP/1.1" 200 16206 "http://ed.activities.at/entry.php?id=10271&&ser=855989" "Mozilla/5.0 (Windows NT 6.1; WOW64; rv:27.0) Gecko/20100101 Firefox/27.0"
80.123.96.46 - - [08/Sep/2017:09:35:10 +0200] "GET /entry.php?id=10271&&ser=856049 HTTP/1.1" 200 987 "http://ed.activities.at/entry.php?id=10271&&ser=855989" "Mozilla/5.0 (Windows NT 6.1; WOW64; rv:27.0) Gecko/20100101 Firefox/27.0"
80.123.96.46 - - [08/Sep/2017:09:35:10 +0200] "GET /gui/javascript/form_form.js?1504856110 HTTP/1.1" 200 16206 "http://ed.activities.at/entry.php?id=10271&&ser=856049" "Mozilla/5.0 (Windows NT 6.1; WOW64; rv:27.0) Gecko/20100101 Firefox/27.0"
80.123.96.46 - - [08/Sep/2017:09:35:28 +0200] "POST /entry.php?id=11671 HTTP/1.1" 200 3417 "http://ed.activities.at/entry.php?id=11671" "Mozilla/5.0 (Windows NT 6.1; WOW64; rv:27.0) Gecko/20100101 Firefox/27.0"
80.123.96.46 - - [08/Sep/2017:09:35:28 +0200] "GET /gui/javascript/form_form.js?1504856128 HTTP/1.1" 200 16206 "http://ed.activities.at/entry.php?id=11671" "Mozilla/5.0 (Windows NT 6.1; WOW64; rv:27.0) Gecko/20100101 Firefox/27.0"
80.123.96.46 - - [08/Sep/2017:09:35:29 +0200] "GET /framework/webfx/javascript/tinymce/skins/lightgray/content.min.css HTTP/1.1" 404 325 "http://ed.activities.at/entry.php?id=11671" "Mozilla/5.0 (Windows NT 6.1; WOW64; rv:27.0) Gecko/20100101 Firefox/27.0"
80.123.96.46 - - [08/Sep/2017:09:35:30 +0200] "POST /entry.php?id=11671 HTTP/1.1" 200 3236 "http://ed.activities.at/entry.php?id=11671" "Mozilla/5.0 (Windows NT 6.1; WOW64; rv:27.0) Gecko/20100101 Firefox/27.0"
80.123.96.46 - - [08/Sep/2017:09:35:30 +0200] "GET /gui/javascript/form_form.js?1504856130 HTTP/1.1" 200 16206 "http://ed.activities.at/entry.php?id=11671" "Mozilla/5.0 (Windows NT 6.1; WOW64; rv:27.0) Gecko/20100101 Firefox/27.0"
80.123.96.46 - - [08/Sep/2017:09:35:31 +0200] "GET /framework/webfx/javascript/tinymce/skins/lightgray/content.min.css HTTP/1.1" 404 325 "http://ed.activities.at/entry.php?id=11671" "Mozilla/5.0 (Windows NT 6.1; WOW64; rv:27.0) Gecko/20100101 Firefox/27.0"
80.123.96.46 - - [08/Sep/2017:09:35:36 +0200] "POST /entry.php?id=11671 HTTP/1.1" 200 4808 "http://ed.activities.at/entry.php?id=11671" "Mozilla/5.0 (Windows NT 6.1; WOW64; rv:27.0) Gecko/20100101 Firefox/27.0"
80.123.96.46 - - [08/Sep/2017:09:35:37 +0200] "GET /gui/javascript/form_form.js?1504856137 HTTP/1.1" 200 16206 "http://ed.activities.at/entry.php?id=11671" "Mozilla/5.0 (Windows NT 6.1; WOW64; rv:27.0) Gecko/20100101 Firefox/27.0"
80.123.96.46 - - [08/Sep/2017:09:35:37 +0200] "GET /entry.php?id=10776&form=11496&name=list& HTTP/1.1" 200 1519 "http://ed.activities.at/entry.php?id=11671" "Mozilla/5.0 (Windows NT 6.1; WOW64; rv:27.0) Gecko/20100101 Firefox/27.0"
80.123.96.46 - - [08/Sep/2017:09:35:37 +0200] "GET /entry.php?id=10778&form=11496&name=list& HTTP/1.1" 200 5586 "http://ed.activities.at/entry.php?id=11671" "Mozilla/5.0 (Windows NT 6.1; WOW64; rv:27.0) Gecko/20100101 Firefox/27.0"
80.123.96.46 - - [08/Sep/2017:09:35:38 +0200] "POST /entry.php?id=11671 HTTP/1.1" 200 4610 "http://ed.activities.at/entry.php?id=11671" "Mozilla/5.0 (Windows NT 6.1; WOW64; rv:27.0) Gecko/20100101 Firefox/27.0"
80.123.96.46 - - [08/Sep/2017:09:35:39 +0200] "GET /gui/javascript/form_form.js?1504856138 HTTP/1.1" 200 16206 "http://ed.activities.at/entry.php?id=11671" "Mozilla/5.0 (Windows NT 6.1; WOW64; rv:27.0) Gecko/20100101 Firefox/27.0"
80.123.96.46 - - [08/Sep/2017:09:35:39 +0200] "GET /entry.php?id=10776&form=11496&name=list& HTTP/1.1" 200 1519 "http://ed.activities.at/entry.php?id=11671" "Mozilla/5.0 (Windows NT 6.1; WOW64; rv:27.0) Gecko/20100101 Firefox/27.0"
80.123.96.46 - - [08/Sep/2017:09:35:39 +0200] "GET /entry.php?id=10778&form=11496&name=list& HTTP/1.1" 200 5461 "http://ed.activities.at/entry.php?id=11671" "Mozilla/5.0 (Windows NT 6.1; WOW64; rv:27.0) Gecko/20100101 Firefox/27.0"
80.123.96.46 - - [08/Sep/2017:09:36:02 +0200] "POST /entry.php?id=11671 HTTP/1.1" 200 4943 "http://ed.activities.at/entry.php?id=11671" "Mozilla/5.0 (Windows NT 6.1; WOW64; rv:27.0) Gecko/20100101 Firefox/27.0"
80.123.96.46 - - [08/Sep/2017:09:36:03 +0200] "GET /gui/javascript/form_form.js?1504856163 HTTP/1.1" 200 16206 "http://ed.activities.at/entry.php?id=11671" "Mozilla/5.0 (Windows NT 6.1; WOW64; rv:27.0) Gecko/20100101 Firefox/27.0"
80.123.96.46 - - [08/Sep/2017:09:36:03 +0200] "GET /entry.php?id=10776&form=11496&name=list& HTTP/1.1" 200 1519 "http://ed.activities.at/entry.php?id=11671" "Mozilla/5.0 (Windows NT 6.1; WOW64; rv:27.0) Gecko/20100101 Firefox/27.0"
80.123.96.46 - - [08/Sep/2017:09:36:03 +0200] "GET /entry.php?id=10778&form=11496&name=list& HTTP/1.1" 200 5586 "http://ed.activities.at/entry.php?id=11671" "Mozilla/5.0 (Windows NT 6.1; WOW64; rv:27.0) Gecko/20100101 Firefox/27.0"
80.123.96.46 - - [08/Sep/2017:09:36:04 +0200] "POST /entry.php?id=11671 HTTP/1.1" 200 3166 "http://ed.activities.at/entry.php?id=11671" "Mozilla/5.0 (Windows NT 6.1; WOW64; rv:27.0) Gecko/20100101 Firefox/27.0"
80.123.96.46 - - [08/Sep/2017:09:36:05 +0200] "GET /gui/javascript/form_form.js?1504856165 HTTP/1.1" 200 16206 "http://ed.activities.at/entry.php?id=11671" "Mozilla/5.0 (Windows NT 6.1; WOW64; rv:27.0) Gecko/20100101 Firefox/27.0"
80.123.96.46 - - [08/Sep/2017:09:36:06 +0200] "GET /framework/webfx/javascript/tinymce/skins/lightgray/content.min.css HTTP/1.1" 404 325 "http://ed.activities.at/entry.php?id=11671" "Mozilla/5.0 (Windows NT 6.1; WOW64; rv:27.0) Gecko/20100101 Firefox/27.0"
80.123.96.46 - - [08/Sep/2017:09:36:10 +0200] "GET /entry.php?id=10271&&ser=856110 HTTP/1.1" 200 987 "http://ed.activities.at/entry.php?id=10271&&ser=856049" "Mozilla/5.0 (Windows NT 6.1; WOW64; rv:27.0) Gecko/20100101 Firefox/27.0"
80.123.96.46 - - [08/Sep/2017:09:36:10 +0200] "GET /gui/javascript/form_form.js?1504856170 HTTP/1.1" 200 16206 "http://ed.activities.at/entry.php?id=10271&&ser=856110" "Mozilla/5.0 (Windows NT 6.1; WOW64; rv:27.0) Gecko/20100101 Firefox/27.0"
80.123.96.46 - - [08/Sep/2017:09:36:24 +0200] "POST /entry.php?id=11671 HTTP/1.1" 200 3417 "http://ed.activities.at/entry.php?id=11671" "Mozilla/5.0 (Windows NT 6.1; WOW64; rv:27.0) Gecko/20100101 Firefox/27.0"
80.123.96.46 - - [08/Sep/2017:09:36:24 +0200] "GET /gui/javascript/form_form.js?1504856184 HTTP/1.1" 200 16206 "http://ed.activities.at/entry.php?id=11671" "Mozilla/5.0 (Windows NT 6.1; WOW64; rv:27.0) Gecko/20100101 Firefox/27.0"
80.123.96.46 - - [08/Sep/2017:09:36:25 +0200] "GET /framework/webfx/javascript/tinymce/skins/lightgray/content.min.css HTTP/1.1" 404 325 "http://ed.activities.at/entry.php?id=11671" "Mozilla/5.0 (Windows NT 6.1; WOW64; rv:27.0) Gecko/20100101 Firefox/27.0"
80.123.96.46 - - [08/Sep/2017:09:36:29 +0200] "POST /entry.php?id=11671 HTTP/1.1" 200 4800 "http://ed.activities.at/entry.php?id=11671" "Mozilla/5.0 (Windows NT 6.1; WOW64; rv:27.0) Gecko/20100101 Firefox/27.0"
80.123.96.46 - - [08/Sep/2017:09:36:30 +0200] "GET /gui/javascript/form_form.js?1504856190 HTTP/1.1" 200 16206 "http://ed.activities.at/entry.php?id=11671" "Mozilla/5.0 (Windows NT 6.1; WOW64; rv:27.0) Gecko/20100101 Firefox/27.0"
80.123.96.46 - - [08/Sep/2017:09:36:30 +0200] "GET /entry.php?id=10776&form=11496&name=list& HTTP/1.1" 200 1519 "http://ed.activities.at/entry.php?id=11671" "Mozilla/5.0 (Windows NT 6.1; WOW64; rv:27.0) Gecko/20100101 Firefox/27.0"
80.123.96.46 - - [08/Sep/2017:09:36:30 +0200] "GET /entry.php?id=10778&form=11496&name=list& HTTP/1.1" 200 5586 "http://ed.activities.at/entry.php?id=11671" "Mozilla/5.0 (Windows NT 6.1; WOW64; rv:27.0) Gecko/20100101 Firefox/27.0"
80.123.96.46 - - [08/Sep/2017:09:36:33 +0200] "POST /entry.php?id=11671 HTTP/1.1" 200 4610 "http://ed.activities.at/entry.php?id=11671" "Mozilla/5.0 (Windows NT 6.1; WOW64; rv:27.0) Gecko/20100101 Firefox/27.0"
80.123.96.46 - - [08/Sep/2017:09:36:33 +0200] "GET /gui/javascript/form_form.js?1504856193 HTTP/1.1" 200 16206 "http://ed.activities.at/entry.php?id=11671" "Mozilla/5.0 (Windows NT 6.1; WOW64; rv:27.0) Gecko/20100101 Firefox/27.0"
80.123.96.46 - - [08/Sep/2017:09:36:34 +0200] "GET /entry.php?id=10776&form=11496&name=list& HTTP/1.1" 200 1519 "http://ed.activities.at/entry.php?id=11671" "Mozilla/5.0 (Windows NT 6.1; WOW64; rv:27.0) Gecko/20100101 Firefox/27.0"
80.123.96.46 - - [08/Sep/2017:09:36:34 +0200] "GET /entry.php?id=10778&form=11496&name=list& HTTP/1.1" 200 5461 "http://ed.activities.at/entry.php?id=11671" "Mozilla/5.0 (Windows NT 6.1; WOW64; rv:27.0) Gecko/20100101 Firefox/27.0"
80.123.96.46 - - [08/Sep/2017:09:36:52 +0200] "POST /entry.php?id=11671 HTTP/1.1" 200 4941 "http://ed.activities.at/entry.php?id=11671" "Mozilla/5.0 (Windows NT 6.1; WOW64; rv:27.0) Gecko/20100101 Firefox/27.0"
80.123.96.46 - - [08/Sep/2017:09:36:52 +0200] "GET /gui/javascript/form_form.js?1504856212 HTTP/1.1" 200 16206 "http://ed.activities.at/entry.php?id=11671" "Mozilla/5.0 (Windows NT 6.1; WOW64; rv:27.0) Gecko/20100101 Firefox/27.0"
80.123.96.46 - - [08/Sep/2017:09:36:52 +0200] "GET /entry.php?id=10778&form=11496&name=list& HTTP/1.1" 200 5586 "http://ed.activities.at/entry.php?id=11671" "Mozilla/5.0 (Windows NT 6.1; WOW64; rv:27.0) Gecko/20100101 Firefox/27.0"
80.123.96.46 - - [08/Sep/2017:09:36:52 +0200] "GET /entry.php?id=10776&form=11496&name=list& HTTP/1.1" 200 1519 "http://ed.activities.at/entry.php?id=11671" "Mozilla/5.0 (Windows NT 6.1; WOW64; rv:27.0) Gecko/20100101 Firefox/27.0"
80.123.96.46 - - [08/Sep/2017:09:36:53 +0200] "POST /entry.php?id=11671 HTTP/1.1" 200 3167 "http://ed.activities.at/entry.php?id=11671" "Mozilla/5.0 (Windows NT 6.1; WOW64; rv:27.0) Gecko/20100101 Firefox/27.0"
80.123.96.46 - - [08/Sep/2017:09:36:54 +0200] "GET /gui/javascript/form_form.js?1504856214 HTTP/1.1" 200 16206 "http://ed.activities.at/entry.php?id=11671" "Mozilla/5.0 (Windows NT 6.1; WOW64; rv:27.0) Gecko/20100101 Firefox/27.0"
80.123.96.46 - - [08/Sep/2017:09:36:54 +0200] "GET /framework/webfx/javascript/tinymce/skins/lightgray/content.min.css HTTP/1.1" 404 325 "http://ed.activities.at/entry.php?id=11671" "Mozilla/5.0 (Windows NT 6.1; WOW64; rv:27.0) Gecko/20100101 Firefox/27.0"
80.123.96.46 - - [08/Sep/2017:09:37:10 +0200] "GET /entry.php?id=10271&&ser=856170 HTTP/1.1" 200 986 "http://ed.activities.at/entry.php?id=10271&&ser=856110" "Mozilla/5.0 (Windows NT 6.1; WOW64; rv:27.0) Gecko/20100101 Firefox/27.0"
80.123.96.46 - - [08/Sep/2017:09:37:11 +0200] "GET /gui/javascript/form_form.js?1504856231 HTTP/1.1" 200 16206 "http://ed.activities.at/entry.php?id=10271&&ser=856170" "Mozilla/5.0 (Windows NT 6.1; WOW64; rv:27.0) Gecko/20100101 Firefox/27.0"
80.123.96.46 - - [08/Sep/2017:09:37:11 +0200] "POST /entry.php?id=11671 HTTP/1.1" 200 3417 "http://ed.activities.at/entry.php?id=11671" "Mozilla/5.0 (Windows NT 6.1; WOW64; rv:27.0) Gecko/20100101 Firefox/27.0"
80.123.96.46 - - [08/Sep/2017:09:37:11 +0200] "GET /gui/javascript/form_form.js?1504856231 HTTP/1.1" 304 - "http://ed.activities.at/entry.php?id=11671" "Mozilla/5.0 (Windows NT 6.1; WOW64; rv:27.0) Gecko/20100101 Firefox/27.0"
80.123.96.46 - - [08/Sep/2017:09:37:12 +0200] "GET /framework/webfx/javascript/tinymce/skins/lightgray/content.min.css HTTP/1.1" 404 325 "http://ed.activities.at/entry.php?id=11671" "Mozilla/5.0 (Windows NT 6.1; WOW64; rv:27.0) Gecko/20100101 Firefox/27.0"
80.123.96.46 - - [08/Sep/2017:09:37:13 +0200] "POST /entry.php?id=11671 HTTP/1.1" 200 4800 "http://ed.activities.at/entry.php?id=11671" "Mozilla/5.0 (Windows NT 6.1; WOW64; rv:27.0) Gecko/20100101 Firefox/27.0"
80.123.96.46 - - [08/Sep/2017:09:37:13 +0200] "GET /gui/javascript/form_form.js?1504856233 HTTP/1.1" 200 16206 "http://ed.activities.at/entry.php?id=11671" "Mozilla/5.0 (Windows NT 6.1; WOW64; rv:27.0) Gecko/20100101 Firefox/27.0"
80.123.96.46 - - [08/Sep/2017:09:37:13 +0200] "GET /entry.php?id=10778&form=11496&name=list& HTTP/1.1" 200 5586 "http://ed.activities.at/entry.php?id=11671" "Mozilla/5.0 (Windows NT 6.1; WOW64; rv:27.0) Gecko/20100101 Firefox/27.0"
80.123.96.46 - - [08/Sep/2017:09:37:13 +0200] "GET /entry.php?id=10776&form=11496&name=list& HTTP/1.1" 200 1519 "http://ed.activities.at/entry.php?id=11671" "Mozilla/5.0 (Windows NT 6.1; WOW64; rv:27.0) Gecko/20100101 Firefox/27.0"
80.123.96.46 - - [08/Sep/2017:09:37:46 +0200] "POST /entry.php?id=11671 HTTP/1.1" 200 4611 "http://ed.activities.at/entry.php?id=11671" "Mozilla/5.0 (Windows NT 6.1; WOW64; rv:27.0) Gecko/20100101 Firefox/27.0"
80.123.96.46 - - [08/Sep/2017:09:37:46 +0200] "GET /gui/javascript/form_form.js?1504856266 HTTP/1.1" 200 16206 "http://ed.activities.at/entry.php?id=11671" "Mozilla/5.0 (Windows NT 6.1; WOW64; rv:27.0) Gecko/20100101 Firefox/27.0"
80.123.96.46 - - [08/Sep/2017:09:37:47 +0200] "GET /entry.php?id=10778&form=11496&name=list& HTTP/1.1" 200 5461 "http://ed.activities.at/entry.php?id=11671" "Mozilla/5.0 (Windows NT 6.1; WOW64; rv:27.0) Gecko/20100101 Firefox/27.0"
80.123.96.46 - - [08/Sep/2017:09:37:47 +0200] "GET /entry.php?id=10776&form=11496&name=list& HTTP/1.1" 200 1519 "http://ed.activities.at/entry.php?id=11671" "Mozilla/5.0 (Windows NT 6.1; WOW64; rv:27.0) Gecko/20100101 Firefox/27.0"
80.123.96.46 - - [08/Sep/2017:09:38:11 +0200] "GET /entry.php?id=10271&&ser=856231 HTTP/1.1" 200 986 "http://ed.activities.at/entry.php?id=10271&&ser=856170" "Mozilla/5.0 (Windows NT 6.1; WOW64; rv:27.0) Gecko/20100101 Firefox/27.0"
80.123.96.46 - - [08/Sep/2017:09:38:11 +0200] "GET /gui/javascript/form_form.js?1504856291 HTTP/1.1" 200 16206 "http://ed.activities.at/entry.php?id=10271&&ser=856231" "Mozilla/5.0 (Windows NT 6.1; WOW64; rv:27.0) Gecko/20100101 Firefox/27.0"
80.123.96.46 - - [08/Sep/2017:09:39:08 +0200] "POST /entry.php?id=11671 HTTP/1.1" 200 5009 "http://ed.activities.at/entry.php?id=11671" "Mozilla/5.0 (Windows NT 6.1; WOW64; rv:27.0) Gecko/20100101 Firefox/27.0"
80.123.96.46 - - [08/Sep/2017:09:39:09 +0200] "GET /gui/javascript/form_form.js?1504856349 HTTP/1.1" 200 16206 "http://ed.activities.at/entry.php?id=11671" "Mozilla/5.0 (Windows NT 6.1; WOW64; rv:27.0) Gecko/20100101 Firefox/27.0"
80.123.96.46 - - [08/Sep/2017:09:39:09 +0200] "GET /entry.php?id=10776&form=11496&name=list& HTTP/1.1" 200 1519 "http://ed.activities.at/entry.php?id=11671" "Mozilla/5.0 (Windows NT 6.1; WOW64; rv:27.0) Gecko/20100101 Firefox/27.0"
80.123.96.46 - - [08/Sep/2017:09:39:09 +0200] "GET /entry.php?id=10778&form=11496&name=list& HTTP/1.1" 200 5665 "http://ed.activities.at/entry.php?id=11671" "Mozilla/5.0 (Windows NT 6.1; WOW64; rv:27.0) Gecko/20100101 Firefox/27.0"
80.123.96.46 - - [08/Sep/2017:09:39:11 +0200] "GET /entry.php?id=10271&&ser=856291 HTTP/1.1" 200 987 "http://ed.activities.at/entry.php?id=10271&&ser=856231" "Mozilla/5.0 (Windows NT 6.1; WOW64; rv:27.0) Gecko/20100101 Firefox/27.0"
80.123.96.46 - - [08/Sep/2017:09:39:11 +0200] "GET /gui/javascript/form_form.js?1504856351 HTTP/1.1" 200 16206 "http://ed.activities.at/entry.php?id=10271&&ser=856291" "Mozilla/5.0 (Windows NT 6.1; WOW64; rv:27.0) Gecko/20100101 Firefox/27.0"
178.190.96.81 - - [08/Sep/2017:09:39:13 +0200] "GET / HTTP/1.1" 200 382 "-" "Mozilla/5.0 (Windows NT 6.1; WOW64; Trident/7.0; rv:11.0) like Gecko"
178.190.96.81 - - [08/Sep/2017:09:39:13 +0200] "GET /layout.php HTTP/1.1" 200 909 "-" "Mozilla/5.0 (Windows NT 6.1; WOW64; Trident/7.0; rv:11.0) like Gecko"
178.190.96.81 - - [08/Sep/2017:09:39:13 +0200] "GET /entry.php?id=10270 HTTP/1.1" 200 909 "http://ed.activities.at/layout.php" "Mozilla/5.0 (Windows NT 6.1; WOW64; Trident/7.0; rv:11.0) like Gecko"
178.190.96.81 - - [08/Sep/2017:09:39:13 +0200] "GET /entry.php?id=10272 HTTP/1.1" 200 1191 "http://ed.activities.at/layout.php" "Mozilla/5.0 (Windows NT 6.1; WOW64; Trident/7.0; rv:11.0) like Gecko"
178.190.96.81 - - [08/Sep/2017:09:39:13 +0200] "GET /entry.php?id=10273 HTTP/1.1" 200 1931 "http://ed.activities.at/layout.php" "Mozilla/5.0 (Windows NT 6.1; WOW64; Trident/7.0; rv:11.0) like Gecko"
80.123.96.46 - - [08/Sep/2017:09:39:12 +0200] "POST /entry.php?id=11671 HTTP/1.1" 200 3173 "http://ed.activities.at/entry.php?id=11671" "Mozilla/5.0 (Windows NT 6.1; WOW64; rv:27.0) Gecko/20100101 Firefox/27.0"
80.123.96.46 - - [08/Sep/2017:09:39:13 +0200] "GET /gui/javascript/form_form.js?1504856353 HTTP/1.1" 200 16206 "http://ed.activities.at/entry.php?id=11671" "Mozilla/5.0 (Windows NT 6.1; WOW64; rv:27.0) Gecko/20100101 Firefox/27.0"
178.190.96.81 - - [08/Sep/2017:09:39:13 +0200] "GET /gui/javascript/form_form.js?1504856353 HTTP/1.1" 200 16206 "http://ed.activities.at/entry.php?id=10270" "Mozilla/5.0 (Windows NT 6.1; WOW64; Trident/7.0; rv:11.0) like Gecko"
178.190.96.81 - - [08/Sep/2017:09:39:13 +0200] "GET /entry.php?id=11412 HTTP/1.1" 200 1759 "http://ed.activities.at/layout.php" "Mozilla/5.0 (Windows NT 6.1; WOW64; Trident/7.0; rv:11.0) like Gecko"
80.123.96.46 - - [08/Sep/2017:09:39:14 +0200] "GET /framework/webfx/javascript/tinymce/skins/lightgray/content.min.css HTTP/1.1" 404 325 "http://ed.activities.at/entry.php?id=11671" "Mozilla/5.0 (Windows NT 6.1; WOW64; rv:27.0) Gecko/20100101 Firefox/27.0"
178.190.96.81 - - [08/Sep/2017:09:39:14 +0200] "GET /entry.php?id=10287 HTTP/1.1" 200 2400 "http://ed.activities.at/entry.php?id=11412" "Mozilla/5.0 (Windows NT 6.1; WOW64; Trident/7.0; rv:11.0) like Gecko"
178.190.96.81 - - [08/Sep/2017:09:39:14 +0200] "GET /entry.php?id=10271&UIN=5a7ca9b1d04f2b903bc72e44d9fa5576 HTTP/1.1" 200 935 "http://ed.activities.at/entry.php?id=10272" "Mozilla/5.0 (Windows NT 6.1; WOW64; Trident/7.0; rv:11.0) like Gecko"
178.190.96.81 - - [08/Sep/2017:09:39:14 +0200] "GET /gui/javascript/form_form.js?1504856354 HTTP/1.1" 200 16206 "http://ed.activities.at/entry.php?id=10287" "Mozilla/5.0 (Windows NT 6.1; WOW64; Trident/7.0; rv:11.0) like Gecko"
178.190.96.81 - - [08/Sep/2017:09:39:15 +0200] "GET /entry.php?id=10270& HTTP/1.1" 200 909 "http://ed.activities.at/layout.php" "Mozilla/5.0 (Windows NT 6.1; WOW64; Trident/7.0; rv:11.0) like Gecko"
178.190.96.81 - - [08/Sep/2017:09:39:15 +0200] "GET /entry.php?id=10273& HTTP/1.1" 200 1901 "http://ed.activities.at/layout.php" "Mozilla/5.0 (Windows NT 6.1; WOW64; Trident/7.0; rv:11.0) like Gecko"
178.190.96.81 - - [08/Sep/2017:09:39:15 +0200] "GET /gui/javascript/form_form.js?1504856355 HTTP/1.1" 200 16206 "http://ed.activities.at/entry.php?id=10270&" "Mozilla/5.0 (Windows NT 6.1; WOW64; Trident/7.0; rv:11.0) like Gecko"
178.190.96.81 - - [08/Sep/2017:09:39:30 +0200] "POST /entry.php?id=10287& HTTP/1.1" 200 2327 "http://ed.activities.at/entry.php?id=10287" "Mozilla/5.0 (Windows NT 6.1; WOW64; Trident/7.0; rv:11.0) like Gecko"
178.190.96.81 - - [08/Sep/2017:09:39:31 +0200] "GET /gui/javascript/form_form.js?1504856370 HTTP/1.1" 200 16206 "http://ed.activities.at/entry.php?id=10287&" "Mozilla/5.0 (Windows NT 6.1; WOW64; Trident/7.0; rv:11.0) like Gecko"
178.190.96.81 - - [08/Sep/2017:09:39:31 +0200] "GET /entry.php?id=10271&UIN=5a7ca9b1d04f2b903bc72e44d9fa5576 HTTP/1.1" 200 986 "http://ed.activities.at/entry.php?id=10272" "Mozilla/5.0 (Windows NT 6.1; WOW64; Trident/7.0; rv:11.0) like Gecko"
178.190.96.81 - - [08/Sep/2017:09:39:31 +0200] "GET /gui/javascript/jquery/css/gui-themes/ui.spinner.css HTTP/1.1" 304 - "http://ed.activities.at/entry.php?id=10271&UIN=5a7ca9b1d04f2b903bc72e44d9fa5576" "Mozilla/5.0 (Windows NT 6.1; WOW64; Trident/7.0; rv:11.0) like Gecko"
178.190.96.81 - - [08/Sep/2017:09:39:31 +0200] "GET /gui/javascript/jquery/css/gui-themes/custom.min.css HTTP/1.1" 304 - "http://ed.activities.at/entry.php?id=10271&UIN=5a7ca9b1d04f2b903bc72e44d9fa5576" "Mozilla/5.0 (Windows NT 6.1; WOW64; Trident/7.0; rv:11.0) like Gecko"
178.190.96.81 - - [08/Sep/2017:09:39:31 +0200] "GET /gui/javascript/jquery/css/gui-themes/jquery.tooltip.css HTTP/1.1" 304 - "http://ed.activities.at/entry.php?id=10271&UIN=5a7ca9b1d04f2b903bc72e44d9fa5576" "Mozilla/5.0 (Windows NT 6.1; WOW64; Trident/7.0; rv:11.0) like Gecko"
178.190.96.81 - - [08/Sep/2017:09:39:31 +0200] "GET /gui/styles/tmplDefault.css HTTP/1.1" 304 - "http://ed.activities.at/entry.php?id=10271&UIN=5a7ca9b1d04f2b903bc72e44d9fa5576" "Mozilla/5.0 (Windows NT 6.1; WOW64; Trident/7.0; rv:11.0) like Gecko"
178.190.96.81 - - [08/Sep/2017:09:39:31 +0200] "GET /gui/javascript/form_form.js?1504856371 HTTP/1.1" 200 16206 "http://ed.activities.at/entry.php?id=10271&UIN=5a7ca9b1d04f2b903bc72e44d9fa5576" "Mozilla/5.0 (Windows NT 6.1; WOW64; Trident/7.0; rv:11.0) like Gecko"
178.190.96.81 - - [08/Sep/2017:09:39:31 +0200] "GET /entry.php?id=10273& HTTP/1.1" 200 2029 "http://ed.activities.at/layout.php" "Mozilla/5.0 (Windows NT 6.1; WOW64; Trident/7.0; rv:11.0) like Gecko"
178.190.96.81 - - [08/Sep/2017:09:39:31 +0200] "GET /gui/javascript/jquery/js/jquery-1.8.2.js HTTP/1.1" 304 - "http://ed.activities.at/entry.php?id=10271&UIN=5a7ca9b1d04f2b903bc72e44d9fa5576" "Mozilla/5.0 (Windows NT 6.1; WOW64; Trident/7.0; rv:11.0) like Gecko"
178.190.96.81 - - [08/Sep/2017:09:39:31 +0200] "GET /gui/javascript/jquery/js/jquery-ui-1.9.0.custom.min.js HTTP/1.1" 304 - "http://ed.activities.at/entry.php?id=10271&UIN=5a7ca9b1d04f2b903bc72e44d9fa5576" "Mozilla/5.0 (Windows NT 6.1; WOW64; Trident/7.0; rv:11.0) like Gecko"
178.190.96.81 - - [08/Sep/2017:09:39:31 +0200] "GET /gui/javascript/jquery/jquery-tooltip/jquery.tooltip.min.js HTTP/1.1" 304 - "http://ed.activities.at/entry.php?id=10271&UIN=5a7ca9b1d04f2b903bc72e44d9fa5576" "Mozilla/5.0 (Windows NT 6.1; WOW64; Trident/7.0; rv:11.0) like Gecko"
178.190.96.81 - - [08/Sep/2017:09:39:31 +0200] "GET /gui/javascript/form_form.js?1504856371 HTTP/1.1" 200 16206 "http://ed.activities.at/entry.php?id=10273&" "Mozilla/5.0 (Windows NT 6.1; WOW64; Trident/7.0; rv:11.0) like Gecko"
178.190.96.81 - - [08/Sep/2017:09:39:32 +0200] "GET /framework/webfx/style/toolbar/images/cbback.gif HTTP/1.1" 404 313 "http://ed.activities.at/entry.php?id=10273&" "Mozilla/5.0 (Windows NT 6.1; WOW64; Trident/7.0; rv:11.0) like Gecko"
178.190.96.81 - - [08/Sep/2017:09:39:32 +0200] "GET /entry.php?id=10270&__app__=10006038 HTTP/1.1" 200 1649 "http://ed.activities.at/layout.php" "Mozilla/5.0 (Windows NT 6.1; WOW64; Trident/7.0; rv:11.0) like Gecko"
178.190.96.81 - - [08/Sep/2017:09:39:32 +0200] "GET /framework/webfx/javascript/navigation/crossbrowser.js HTTP/1.1" 304 - "http://ed.activities.at/entry.php?id=10270&__app__=10006038" "Mozilla/5.0 (Windows NT 6.1; WOW64; Trident/7.0; rv:11.0) like Gecko"
178.190.96.81 - - [08/Sep/2017:09:39:32 +0200] "GET /gui/javascript/form_form.js?1504856372 HTTP/1.1" 200 16206 "http://ed.activities.at/entry.php?id=10270&__app__=10006038" "Mozilla/5.0 (Windows NT 6.1; WOW64; Trident/7.0; rv:11.0) like Gecko"
178.190.96.81 - - [08/Sep/2017:09:39:32 +0200] "GET /undefined HTTP/1.1" 404 283 "http://ed.activities.at/entry.php?id=10270&__app__=10006038" "Mozilla/5.0 (Windows NT 6.1; WOW64; Trident/7.0; rv:11.0) like Gecko"
40.77.167.83 - - [08/Sep/2017:09:40:11 +0200] "GET /robots.txt HTTP/1.1" 404 291 "-" "Mozilla/5.0 (compatible; bingbot/2.0; +http://www.bing.com/bingbot.htm)"
80.123.96.46 - - [08/Sep/2017:09:40:12 +0200] "GET /entry.php?id=10271&&ser=856351 HTTP/1.1" 200 987 "http://ed.activities.at/entry.php?id=10271&&ser=856291" "Mozilla/5.0 (Windows NT 6.1; WOW64; rv:27.0) Gecko/20100101 Firefox/27.0"
80.123.96.46 - - [08/Sep/2017:09:40:12 +0200] "GET /gui/javascript/form_form.js?1504856412 HTTP/1.1" 200 16206 "http://ed.activities.at/entry.php?id=10271&&ser=856351" "Mozilla/5.0 (Windows NT 6.1; WOW64; rv:27.0) Gecko/20100101 Firefox/27.0"
157.55.39.93 - - [08/Sep/2017:09:40:18 +0200] "GET /gui/javascript/jquery/css/gui-themes/jquery.tooltip.css HTTP/1.1" 200 246 "-" "Mozilla/5.0 (iPhone; CPU iPhone OS 7_0 like Mac OS X) AppleWebKit/537.51.1 (KHTML, like Gecko) Version/7.0 Mobile/11A465 Safari/9537.53 (compatible; bingbot/2.0; +http://www.bing.com/bingbot.htm)"
157.55.39.93 - - [08/Sep/2017:09:40:18 +0200] "GET /gui/styles/tmplDefault.css HTTP/1.1" 200 2135 "-" "Mozilla/5.0 (iPhone; CPU iPhone OS 7_0 like Mac OS X) AppleWebKit/537.51.1 (KHTML, like Gecko) Version/7.0 Mobile/11A465 Safari/9537.53 (compatible; bingbot/2.0; +http://www.bing.com/bingbot.htm)"
157.55.39.241 - - [08/Sep/2017:09:40:19 +0200] "GET /gui/javascript/form_form.js?1504848068 HTTP/1.1" 200 16206 "-" "Mozilla/5.0 (iPhone; CPU iPhone OS 7_0 like Mac OS X) AppleWebKit/537.51.1 (KHTML, like Gecko) Version/7.0 Mobile/11A465 Safari/9537.53 (compatible; bingbot/2.0; +http://www.bing.com/bingbot.htm)"
40.77.167.111 - - [08/Sep/2017:09:40:23 +0200] "GET /gui/javascript/jquery/css/gui-themes/ui.spinner.css HTTP/1.1" 200 350 "-" "Mozilla/5.0 (iPhone; CPU iPhone OS 7_0 like Mac OS X) AppleWebKit/537.51.1 (KHTML, like Gecko) Version/7.0 Mobile/11A465 Safari/9537.53 (compatible; bingbot/2.0; +http://www.bing.com/bingbot.htm)"
40.77.167.111 - - [08/Sep/2017:09:40:23 +0200] "GET /gui/javascript/jquery/jquery-tooltip/jquery.tooltip.min.js HTTP/1.1" 200 1982 "-" "Mozilla/5.0 (iPhone; CPU iPhone OS 7_0 like Mac OS X) AppleWebKit/537.51.1 (KHTML, like Gecko) Version/7.0 Mobile/11A465 Safari/9537.53 (compatible; bingbot/2.0; +http://www.bing.com/bingbot.htm)"
40.77.167.111 - - [08/Sep/2017:09:40:23 +0200] "GET /gui/javascript/jquery/css/gui-themes/custom.min.css HTTP/1.1" 200 5618 "-" "Mozilla/5.0 (iPhone; CPU iPhone OS 7_0 like Mac OS X) AppleWebKit/537.51.1 (KHTML, like Gecko) Version/7.0 Mobile/11A465 Safari/9537.53 (compatible; bingbot/2.0; +http://www.bing.com/bingbot.htm)"
40.77.167.111 - - [08/Sep/2017:09:40:23 +0200] "GET /gui/javascript/jquery/js/jquery-ui-1.9.0.custom.min.js HTTP/1.1" 200 51286 "-" "Mozilla/5.0 (iPhone; CPU iPhone OS 7_0 like Mac OS X) AppleWebKit/537.51.1 (KHTML, like Gecko) Version/7.0 Mobile/11A465 Safari/9537.53 (compatible; bingbot/2.0; +http://www.bing.com/bingbot.htm)"
40.77.167.111 - - [08/Sep/2017:09:40:24 +0200] "GET /gui/javascript/jquery/js/jquery-1.8.2.js HTTP/1.1" 200 35391 "-" "Mozilla/5.0 (iPhone; CPU iPhone OS 7_0 like Mac OS X) AppleWebKit/537.51.1 (KHTML, like Gecko) Version/7.0 Mobile/11A465 Safari/9537.53 (compatible; bingbot/2.0; +http://www.bing.com/bingbot.htm)"
178.190.96.81 - - [08/Sep/2017:09:40:32 +0200] "GET /entry.php?id=10271&&ser=856371 HTTP/1.1" 200 987 "http://ed.activities.at/entry.php?id=10271&UIN=5a7ca9b1d04f2b903bc72e44d9fa5576" "Mozilla/5.0 (Windows NT 6.1; WOW64; Trident/7.0; rv:11.0) like Gecko"
178.190.96.81 - - [08/Sep/2017:09:40:32 +0200] "GET /gui/javascript/form_form.js?1504856432 HTTP/1.1" 200 16206 "http://ed.activities.at/entry.php?id=10271&&ser=856371" "Mozilla/5.0 (Windows NT 6.1; WOW64; Trident/7.0; rv:11.0) like Gecko"
80.123.96.46 - - [08/Sep/2017:09:40:40 +0200] "POST /entry.php?id=11671 HTTP/1.1" 200 3642 "http://ed.activities.at/entry.php?id=11671" "Mozilla/5.0 (Windows NT 6.1; WOW64; rv:27.0) Gecko/20100101 Firefox/27.0"
80.123.96.46 - - [08/Sep/2017:09:40:41 +0200] "GET /gui/javascript/form_form.js?1504856441 HTTP/1.1" 200 16206 "http://ed.activities.at/entry.php?id=11671" "Mozilla/5.0 (Windows NT 6.1; WOW64; rv:27.0) Gecko/20100101 Firefox/27.0"
80.123.96.46 - - [08/Sep/2017:09:40:41 +0200] "GET /framework/webfx/javascript/tinymce/skins/lightgray/content.min.css HTTP/1.1" 404 325 "http://ed.activities.at/entry.php?id=11671" "Mozilla/5.0 (Windows NT 6.1; WOW64; rv:27.0) Gecko/20100101 Firefox/27.0"
80.123.96.46 - - [08/Sep/2017:09:41:03 +0200] "POST /entry.php?id=11671 HTTP/1.1" 200 5010 "http://ed.activities.at/entry.php?id=11671" "Mozilla/5.0 (Windows NT 6.1; WOW64; rv:27.0) Gecko/20100101 Firefox/27.0"
80.123.96.46 - - [08/Sep/2017:09:41:04 +0200] "GET /gui/javascript/form_form.js?1504856463 HTTP/1.1" 200 16206 "http://ed.activities.at/entry.php?id=11671" "Mozilla/5.0 (Windows NT 6.1; WOW64; rv:27.0) Gecko/20100101 Firefox/27.0"
80.123.96.46 - - [08/Sep/2017:09:41:04 +0200] "GET /entry.php?id=10778&form=11496&name=list& HTTP/1.1" 200 5665 "http://ed.activities.at/entry.php?id=11671" "Mozilla/5.0 (Windows NT 6.1; WOW64; rv:27.0) Gecko/20100101 Firefox/27.0"
80.123.96.46 - - [08/Sep/2017:09:41:04 +0200] "GET /entry.php?id=10776&form=11496&name=list& HTTP/1.1" 200 1519 "http://ed.activities.at/entry.php?id=11671" "Mozilla/5.0 (Windows NT 6.1; WOW64; rv:27.0) Gecko/20100101 Firefox/27.0"
80.123.96.46 - - [08/Sep/2017:09:41:05 +0200] "POST /entry.php?id=11671 HTTP/1.1" 200 4610 "http://ed.activities.at/entry.php?id=11671" "Mozilla/5.0 (Windows NT 6.1; WOW64; rv:27.0) Gecko/20100101 Firefox/27.0"
80.123.96.46 - - [08/Sep/2017:09:41:06 +0200] "GET /gui/javascript/form_form.js?1504856466 HTTP/1.1" 200 16206 "http://ed.activities.at/entry.php?id=11671" "Mozilla/5.0 (Windows NT 6.1; WOW64; rv:27.0) Gecko/20100101 Firefox/27.0"
80.123.96.46 - - [08/Sep/2017:09:41:06 +0200] "GET /entry.php?id=10776&form=11496&name=list& HTTP/1.1" 200 1519 "http://ed.activities.at/entry.php?id=11671" "Mozilla/5.0 (Windows NT 6.1; WOW64; rv:27.0) Gecko/20100101 Firefox/27.0"
80.123.96.46 - - [08/Sep/2017:09:41:06 +0200] "GET /entry.php?id=10778&form=11496&name=list& HTTP/1.1" 200 5461 "http://ed.activities.at/entry.php?id=11671" "Mozilla/5.0 (Windows NT 6.1; WOW64; rv:27.0) Gecko/20100101 Firefox/27.0"
80.123.96.46 - - [08/Sep/2017:09:41:12 +0200] "GET /entry.php?id=10271&&ser=856412 HTTP/1.1" 200 987 "http://ed.activities.at/entry.php?id=10271&&ser=856351" "Mozilla/5.0 (Windows NT 6.1; WOW64; rv:27.0) Gecko/20100101 Firefox/27.0"
80.123.96.46 - - [08/Sep/2017:09:41:12 +0200] "GET /gui/javascript/form_form.js?1504856472 HTTP/1.1" 200 16206 "http://ed.activities.at/entry.php?id=10271&&ser=856412" "Mozilla/5.0 (Windows NT 6.1; WOW64; rv:27.0) Gecko/20100101 Firefox/27.0"
178.190.96.81 - - [08/Sep/2017:09:41:32 +0200] "GET /entry.php?id=10271&&ser=856432 HTTP/1.1" 200 987 "http://ed.activities.at/entry.php?id=10271&&ser=856371" "Mozilla/5.0 (Windows NT 6.1; WOW64; Trident/7.0; rv:11.0) like Gecko"
178.190.96.81 - - [08/Sep/2017:09:41:32 +0200] "GET /gui/javascript/form_form.js?1504856492 HTTP/1.1" 200 16206 "http://ed.activities.at/entry.php?id=10271&&ser=856432" "Mozilla/5.0 (Windows NT 6.1; WOW64; Trident/7.0; rv:11.0) like Gecko"
80.123.96.46 - - [08/Sep/2017:09:42:12 +0200] "GET /entry.php?id=10271&&ser=856472 HTTP/1.1" 200 988 "http://ed.activities.at/entry.php?id=10271&&ser=856412" "Mozilla/5.0 (Windows NT 6.1; WOW64; rv:27.0) Gecko/20100101 Firefox/27.0"
80.123.96.46 - - [08/Sep/2017:09:42:13 +0200] "GET /gui/javascript/form_form.js?1504856532 HTTP/1.1" 200 16206 "http://ed.activities.at/entry.php?id=10271&&ser=856472" "Mozilla/5.0 (Windows NT 6.1; WOW64; rv:27.0) Gecko/20100101 Firefox/27.0"
80.123.96.46 - - [08/Sep/2017:09:42:13 +0200] "POST /entry.php?id=11671 HTTP/1.1" 200 5008 "http://ed.activities.at/entry.php?id=11671" "Mozilla/5.0 (Windows NT 6.1; WOW64; rv:27.0) Gecko/20100101 Firefox/27.0"
80.123.96.46 - - [08/Sep/2017:09:42:14 +0200] "GET /gui/javascript/form_form.js?1504856533 HTTP/1.1" 200 16206 "http://ed.activities.at/entry.php?id=11671" "Mozilla/5.0 (Windows NT 6.1; WOW64; rv:27.0) Gecko/20100101 Firefox/27.0"
80.123.96.46 - - [08/Sep/2017:09:42:14 +0200] "GET /entry.php?id=10776&form=11496&name=list& HTTP/1.1" 200 1519 "http://ed.activities.at/entry.php?id=11671" "Mozilla/5.0 (Windows NT 6.1; WOW64; rv:27.0) Gecko/20100101 Firefox/27.0"
80.123.96.46 - - [08/Sep/2017:09:42:14 +0200] "GET /entry.php?id=10778&form=11496&name=list& HTTP/1.1" 200 5673 "http://ed.activities.at/entry.php?id=11671" "Mozilla/5.0 (Windows NT 6.1; WOW64; rv:27.0) Gecko/20100101 Firefox/27.0"
80.123.96.46 - - [08/Sep/2017:09:42:31 +0200] "POST /entry.php?id=11671 HTTP/1.1" 200 3172 "http://ed.activities.at/entry.php?id=11671" "Mozilla/5.0 (Windows NT 6.1; WOW64; rv:27.0) Gecko/20100101 Firefox/27.0"
80.123.96.46 - - [08/Sep/2017:09:42:32 +0200] "GET /gui/javascript/form_form.js?1504856552 HTTP/1.1" 200 16206 "http://ed.activities.at/entry.php?id=11671" "Mozilla/5.0 (Windows NT 6.1; WOW64; rv:27.0) Gecko/20100101 Firefox/27.0"
80.123.96.46 - - [08/Sep/2017:09:42:32 +0200] "GET /framework/webfx/javascript/tinymce/skins/lightgray/content.min.css HTTP/1.1" 404 325 "http://ed.activities.at/entry.php?id=11671" "Mozilla/5.0 (Windows NT 6.1; WOW64; rv:27.0) Gecko/20100101 Firefox/27.0"
178.190.96.81 - - [08/Sep/2017:09:42:33 +0200] "GET /entry.php?id=10271&&ser=856492 HTTP/1.1" 200 988 "http://ed.activities.at/entry.php?id=10271&&ser=856432" "Mozilla/5.0 (Windows NT 6.1; WOW64; Trident/7.0; rv:11.0) like Gecko"
178.190.96.81 - - [08/Sep/2017:09:42:33 +0200] "GET /gui/javascript/form_form.js?1504856553 HTTP/1.1" 200 16206 "http://ed.activities.at/entry.php?id=10271&&ser=856492" "Mozilla/5.0 (Windows NT 6.1; WOW64; Trident/7.0; rv:11.0) like Gecko"
80.123.96.46 - - [08/Sep/2017:09:42:46 +0200] "POST /entry.php?id=11671 HTTP/1.1" 200 3592 "http://ed.activities.at/entry.php?id=11671" "Mozilla/5.0 (Windows NT 6.1; WOW64; rv:27.0) Gecko/20100101 Firefox/27.0"
80.123.96.46 - - [08/Sep/2017:09:42:47 +0200] "GET /gui/javascript/form_form.js?1504856566 HTTP/1.1" 200 16206 "http://ed.activities.at/entry.php?id=11671" "Mozilla/5.0 (Windows NT 6.1; WOW64; rv:27.0) Gecko/20100101 Firefox/27.0"
80.123.96.46 - - [08/Sep/2017:09:42:47 +0200] "GET /framework/webfx/javascript/tinymce/skins/lightgray/content.min.css HTTP/1.1" 404 325 "http://ed.activities.at/entry.php?id=11671" "Mozilla/5.0 (Windows NT 6.1; WOW64; rv:27.0) Gecko/20100101 Firefox/27.0"
80.123.96.46 - - [08/Sep/2017:09:43:13 +0200] "GET /entry.php?id=10271&&ser=856532 HTTP/1.1" 200 988 "http://ed.activities.at/entry.php?id=10271&&ser=856472" "Mozilla/5.0 (Windows NT 6.1; WOW64; rv:27.0) Gecko/20100101 Firefox/27.0"
80.123.96.46 - - [08/Sep/2017:09:43:13 +0200] "GET /gui/javascript/form_form.js?1504856593 HTTP/1.1" 200 16206 "http://ed.activities.at/entry.php?id=10271&&ser=856532" "Mozilla/5.0 (Windows NT 6.1; WOW64; rv:27.0) Gecko/20100101 Firefox/27.0"
178.190.96.81 - - [08/Sep/2017:09:43:33 +0200] "GET /entry.php?id=10271&&ser=856553 HTTP/1.1" 200 987 "http://ed.activities.at/entry.php?id=10271&&ser=856492" "Mozilla/5.0 (Windows NT 6.1; WOW64; Trident/7.0; rv:11.0) like Gecko"
178.190.96.81 - - [08/Sep/2017:09:43:33 +0200] "GET /gui/javascript/form_form.js?1504856613 HTTP/1.1" 200 16206 "http://ed.activities.at/entry.php?id=10271&&ser=856553" "Mozilla/5.0 (Windows NT 6.1; WOW64; Trident/7.0; rv:11.0) like Gecko"
80.123.96.46 - - [08/Sep/2017:09:43:33 +0200] "POST /entry.php?id=11671 HTTP/1.1" 200 3600 "http://ed.activities.at/entry.php?id=11671" "Mozilla/5.0 (Windows NT 6.1; WOW64; rv:27.0) Gecko/20100101 Firefox/27.0"
80.123.96.46 - - [08/Sep/2017:09:43:34 +0200] "GET /gui/javascript/form_form.js?1504856614 HTTP/1.1" 200 16206 "http://ed.activities.at/entry.php?id=11671" "Mozilla/5.0 (Windows NT 6.1; WOW64; rv:27.0) Gecko/20100101 Firefox/27.0"
80.123.96.46 - - [08/Sep/2017:09:43:34 +0200] "GET /framework/webfx/javascript/tinymce/skins/lightgray/content.min.css HTTP/1.1" 404 325 "http://ed.activities.at/entry.php?id=11671" "Mozilla/5.0 (Windows NT 6.1; WOW64; rv:27.0) Gecko/20100101 Firefox/27.0"
80.123.96.46 - - [08/Sep/2017:09:43:36 +0200] "POST /entry.php?id=11671 HTTP/1.1" 200 3407 "http://ed.activities.at/entry.php?id=11671" "Mozilla/5.0 (Windows NT 6.1; WOW64; rv:27.0) Gecko/20100101 Firefox/27.0"
80.123.96.46 - - [08/Sep/2017:09:43:37 +0200] "GET /gui/javascript/form_form.js?1504856617 HTTP/1.1" 200 16206 "http://ed.activities.at/entry.php?id=11671" "Mozilla/5.0 (Windows NT 6.1; WOW64; rv:27.0) Gecko/20100101 Firefox/27.0"
80.123.96.46 - - [08/Sep/2017:09:43:37 +0200] "GET /framework/webfx/javascript/tinymce/skins/lightgray/content.min.css HTTP/1.1" 404 325 "http://ed.activities.at/entry.php?id=11671" "Mozilla/5.0 (Windows NT 6.1; WOW64; rv:27.0) Gecko/20100101 Firefox/27.0"
80.123.96.46 - - [08/Sep/2017:09:43:39 +0200] "POST /entry.php?id=11671 HTTP/1.1" 200 5011 "http://ed.activities.at/entry.php?id=11671" "Mozilla/5.0 (Windows NT 6.1; WOW64; rv:27.0) Gecko/20100101 Firefox/27.0"
80.123.96.46 - - [08/Sep/2017:09:43:40 +0200] "GET /gui/javascript/form_form.js?1504856619 HTTP/1.1" 200 16206 "http://ed.activities.at/entry.php?id=11671" "Mozilla/5.0 (Windows NT 6.1; WOW64; rv:27.0) Gecko/20100101 Firefox/27.0"
80.123.96.46 - - [08/Sep/2017:09:43:40 +0200] "GET /entry.php?id=10776&form=11496&name=list& HTTP/1.1" 200 1519 "http://ed.activities.at/entry.php?id=11671" "Mozilla/5.0 (Windows NT 6.1; WOW64; rv:27.0) Gecko/20100101 Firefox/27.0"
80.123.96.46 - - [08/Sep/2017:09:43:40 +0200] "GET /entry.php?id=10778&form=11496&name=list& HTTP/1.1" 200 5665 "http://ed.activities.at/entry.php?id=11671" "Mozilla/5.0 (Windows NT 6.1; WOW64; rv:27.0) Gecko/20100101 Firefox/27.0"
80.123.96.46 - - [08/Sep/2017:09:43:51 +0200] "POST /entry.php?id=11671 HTTP/1.1" 200 5208 "http://ed.activities.at/entry.php?id=11671" "Mozilla/5.0 (Windows NT 6.1; WOW64; rv:27.0) Gecko/20100101 Firefox/27.0"
80.123.96.46 - - [08/Sep/2017:09:43:51 +0200] "GET /gui/javascript/form_form.js?1504856631 HTTP/1.1" 200 16206 "http://ed.activities.at/entry.php?id=11671" "Mozilla/5.0 (Windows NT 6.1; WOW64; rv:27.0) Gecko/20100101 Firefox/27.0"
80.123.96.46 - - [08/Sep/2017:09:43:52 +0200] "GET /entry.php?id=10778&form=11496&name=list& HTTP/1.1" 200 5673 "http://ed.activities.at/entry.php?id=11671" "Mozilla/5.0 (Windows NT 6.1; WOW64; rv:27.0) Gecko/20100101 Firefox/27.0"
80.123.96.46 - - [08/Sep/2017:09:43:52 +0200] "GET /entry.php?id=10776&form=11496&name=list& HTTP/1.1" 200 1519 "http://ed.activities.at/entry.php?id=11671" "Mozilla/5.0 (Windows NT 6.1; WOW64; rv:27.0) Gecko/20100101 Firefox/27.0"
80.123.96.46 - - [08/Sep/2017:09:43:53 +0200] "POST /entry.php?id=11671 HTTP/1.1" 200 4611 "http://ed.activities.at/entry.php?id=11671" "Mozilla/5.0 (Windows NT 6.1; WOW64; rv:27.0) Gecko/20100101 Firefox/27.0"
80.123.96.46 - - [08/Sep/2017:09:43:54 +0200] "GET /gui/javascript/form_form.js?1504856634 HTTP/1.1" 200 16206 "http://ed.activities.at/entry.php?id=11671" "Mozilla/5.0 (Windows NT 6.1; WOW64; rv:27.0) Gecko/20100101 Firefox/27.0"
80.123.96.46 - - [08/Sep/2017:09:43:54 +0200] "GET /entry.php?id=10776&form=11496&name=list& HTTP/1.1" 200 1519 "http://ed.activities.at/entry.php?id=11671" "Mozilla/5.0 (Windows NT 6.1; WOW64; rv:27.0) Gecko/20100101 Firefox/27.0"
80.123.96.46 - - [08/Sep/2017:09:43:54 +0200] "GET /entry.php?id=10778&form=11496&name=list& HTTP/1.1" 200 5461 "http://ed.activities.at/entry.php?id=11671" "Mozilla/5.0 (Windows NT 6.1; WOW64; rv:27.0) Gecko/20100101 Firefox/27.0"
80.123.96.46 - - [08/Sep/2017:09:44:13 +0200] "GET /entry.php?id=10271&&ser=856593 HTTP/1.1" 200 988 "http://ed.activities.at/entry.php?id=10271&&ser=856532" "Mozilla/5.0 (Windows NT 6.1; WOW64; rv:27.0) Gecko/20100101 Firefox/27.0"
80.123.96.46 - - [08/Sep/2017:09:44:13 +0200] "GET /gui/javascript/form_form.js?1504856653 HTTP/1.1" 200 16206 "http://ed.activities.at/entry.php?id=10271&&ser=856593" "Mozilla/5.0 (Windows NT 6.1; WOW64; rv:27.0) Gecko/20100101 Firefox/27.0"
178.190.96.81 - - [08/Sep/2017:09:44:34 +0200] "GET /entry.php?id=10271&&ser=856613 HTTP/1.1" 200 987 "http://ed.activities.at/entry.php?id=10271&&ser=856553" "Mozilla/5.0 (Windows NT 6.1; WOW64; Trident/7.0; rv:11.0) like Gecko"
178.190.96.81 - - [08/Sep/2017:09:44:34 +0200] "GET /gui/javascript/form_form.js?1504856674 HTTP/1.1" 200 16206 "http://ed.activities.at/entry.php?id=10271&&ser=856613" "Mozilla/5.0 (Windows NT 6.1; WOW64; Trident/7.0; rv:11.0) like Gecko"
80.123.96.46 - - [08/Sep/2017:09:44:46 +0200] "POST /entry.php?id=11671 HTTP/1.1" 200 4985 "http://ed.activities.at/entry.php?id=11671" "Mozilla/5.0 (Windows NT 6.1; WOW64; rv:27.0) Gecko/20100101 Firefox/27.0"
80.123.96.46 - - [08/Sep/2017:09:44:46 +0200] "GET /gui/javascript/form_form.js?1504856686 HTTP/1.1" 200 16206 "http://ed.activities.at/entry.php?id=11671" "Mozilla/5.0 (Windows NT 6.1; WOW64; rv:27.0) Gecko/20100101 Firefox/27.0"
80.123.96.46 - - [08/Sep/2017:09:44:46 +0200] "GET /entry.php?id=10776&form=11496&name=list& HTTP/1.1" 200 1519 "http://ed.activities.at/entry.php?id=11671" "Mozilla/5.0 (Windows NT 6.1; WOW64; rv:27.0) Gecko/20100101 Firefox/27.0"
80.123.96.46 - - [08/Sep/2017:09:44:46 +0200] "GET /entry.php?id=10778&form=11496&name=list& HTTP/1.1" 200 5658 "http://ed.activities.at/entry.php?id=11671" "Mozilla/5.0 (Windows NT 6.1; WOW64; rv:27.0) Gecko/20100101 Firefox/27.0"
80.123.96.46 - - [08/Sep/2017:09:44:48 +0200] "POST /entry.php?id=11671 HTTP/1.1" 200 3172 "http://ed.activities.at/entry.php?id=11671" "Mozilla/5.0 (Windows NT 6.1; WOW64; rv:27.0) Gecko/20100101 Firefox/27.0"
80.123.96.46 - - [08/Sep/2017:09:44:49 +0200] "GET /gui/javascript/form_form.js?1504856689 HTTP/1.1" 200 16206 "http://ed.activities.at/entry.php?id=11671" "Mozilla/5.0 (Windows NT 6.1; WOW64; rv:27.0) Gecko/20100101 Firefox/27.0"
80.123.96.46 - - [08/Sep/2017:09:44:49 +0200] "GET /framework/webfx/javascript/tinymce/skins/lightgray/content.min.css HTTP/1.1" 404 325 "http://ed.activities.at/entry.php?id=11671" "Mozilla/5.0 (Windows NT 6.1; WOW64; rv:27.0) Gecko/20100101 Firefox/27.0"
80.123.96.46 - - [08/Sep/2017:09:45:13 +0200] "GET /entry.php?id=10271&&ser=856653 HTTP/1.1" 200 987 "http://ed.activities.at/entry.php?id=10271&&ser=856593" "Mozilla/5.0 (Windows NT 6.1; WOW64; rv:27.0) Gecko/20100101 Firefox/27.0"
80.123.96.46 - - [08/Sep/2017:09:45:14 +0200] "GET /gui/javascript/form_form.js?1504856714 HTTP/1.1" 200 16206 "http://ed.activities.at/entry.php?id=10271&&ser=856653" "Mozilla/5.0 (Windows NT 6.1; WOW64; rv:27.0) Gecko/20100101 Firefox/27.0"
178.190.96.81 - - [08/Sep/2017:09:45:35 +0200] "GET /entry.php?id=10271&&ser=856674 HTTP/1.1" 200 988 "http://ed.activities.at/entry.php?id=10271&&ser=856613" "Mozilla/5.0 (Windows NT 6.1; WOW64; Trident/7.0; rv:11.0) like Gecko"
178.190.96.81 - - [08/Sep/2017:09:45:35 +0200] "GET /gui/javascript/form_form.js?1504856735 HTTP/1.1" 200 16206 "http://ed.activities.at/entry.php?id=10271&&ser=856674" "Mozilla/5.0 (Windows NT 6.1; WOW64; Trident/7.0; rv:11.0) like Gecko"
80.123.96.46 - - [08/Sep/2017:09:46:14 +0200] "GET /entry.php?id=10271&&ser=856714 HTTP/1.1" 200 987 "http://ed.activities.at/entry.php?id=10271&&ser=856653" "Mozilla/5.0 (Windows NT 6.1; WOW64; rv:27.0) Gecko/20100101 Firefox/27.0"
80.123.96.46 - - [08/Sep/2017:09:46:14 +0200] "GET /gui/javascript/form_form.js?1504856774 HTTP/1.1" 200 16206 "http://ed.activities.at/entry.php?id=10271&&ser=856714" "Mozilla/5.0 (Windows NT 6.1; WOW64; rv:27.0) Gecko/20100101 Firefox/27.0"
178.190.96.81 - - [08/Sep/2017:09:46:35 +0200] "GET /entry.php?id=10271&&ser=856735 HTTP/1.1" 200 988 "http://ed.activities.at/entry.php?id=10271&&ser=856674" "Mozilla/5.0 (Windows NT 6.1; WOW64; Trident/7.0; rv:11.0) like Gecko"
178.190.96.81 - - [08/Sep/2017:09:46:35 +0200] "GET /gui/javascript/form_form.js?1504856795 HTTP/1.1" 200 16206 "http://ed.activities.at/entry.php?id=10271&&ser=856735" "Mozilla/5.0 (Windows NT 6.1; WOW64; Trident/7.0; rv:11.0) like Gecko"
80.123.96.46 - - [08/Sep/2017:09:47:14 +0200] "GET /entry.php?id=10271&&ser=856774 HTTP/1.1" 200 987 "http://ed.activities.at/entry.php?id=10271&&ser=856714" "Mozilla/5.0 (Windows NT 6.1; WOW64; rv:27.0) Gecko/20100101 Firefox/27.0"
80.123.96.46 - - [08/Sep/2017:09:47:15 +0200] "GET /gui/javascript/form_form.js?1504856834 HTTP/1.1" 200 16206 "http://ed.activities.at/entry.php?id=10271&&ser=856774" "Mozilla/5.0 (Windows NT 6.1; WOW64; rv:27.0) Gecko/20100101 Firefox/27.0"
80.123.96.46 - - [08/Sep/2017:09:47:18 +0200] "POST /entry.php?id=11671 HTTP/1.1" 200 3632 "http://ed.activities.at/entry.php?id=11671" "Mozilla/5.0 (Windows NT 6.1; WOW64; rv:27.0) Gecko/20100101 Firefox/27.0"
80.123.96.46 - - [08/Sep/2017:09:47:18 +0200] "GET /gui/javascript/form_form.js?1504856838 HTTP/1.1" 200 16206 "http://ed.activities.at/entry.php?id=11671" "Mozilla/5.0 (Windows NT 6.1; WOW64; rv:27.0) Gecko/20100101 Firefox/27.0"
80.123.96.46 - - [08/Sep/2017:09:47:19 +0200] "GET /framework/webfx/javascript/tinymce/skins/lightgray/content.min.css HTTP/1.1" 404 325 "http://ed.activities.at/entry.php?id=11671" "Mozilla/5.0 (Windows NT 6.1; WOW64; rv:27.0) Gecko/20100101 Firefox/27.0"
80.123.96.46 - - [08/Sep/2017:09:47:21 +0200] "POST /entry.php?id=11671 HTTP/1.1" 200 5003 "http://ed.activities.at/entry.php?id=11671" "Mozilla/5.0 (Windows NT 6.1; WOW64; rv:27.0) Gecko/20100101 Firefox/27.0"
80.123.96.46 - - [08/Sep/2017:09:47:22 +0200] "GET /gui/javascript/form_form.js?1504856841 HTTP/1.1" 200 16206 "http://ed.activities.at/entry.php?id=11671" "Mozilla/5.0 (Windows NT 6.1; WOW64; rv:27.0) Gecko/20100101 Firefox/27.0"
80.123.96.46 - - [08/Sep/2017:09:47:22 +0200] "GET /entry.php?id=10776&form=11496&name=list& HTTP/1.1" 200 1519 "http://ed.activities.at/entry.php?id=11671" "Mozilla/5.0 (Windows NT 6.1; WOW64; rv:27.0) Gecko/20100101 Firefox/27.0"
80.123.96.46 - - [08/Sep/2017:09:47:22 +0200] "GET /entry.php?id=10778&form=11496&name=list& HTTP/1.1" 200 5658 "http://ed.activities.at/entry.php?id=11671" "Mozilla/5.0 (Windows NT 6.1; WOW64; rv:27.0) Gecko/20100101 Firefox/27.0"
80.123.96.46 - - [08/Sep/2017:09:47:34 +0200] "POST /entry.php?id=11671 HTTP/1.1" 200 5194 "http://ed.activities.at/entry.php?id=11671" "Mozilla/5.0 (Windows NT 6.1; WOW64; rv:27.0) Gecko/20100101 Firefox/27.0"
80.123.96.46 - - [08/Sep/2017:09:47:34 +0200] "GET /gui/javascript/form_form.js?1504856854 HTTP/1.1" 200 16206 "http://ed.activities.at/entry.php?id=11671" "Mozilla/5.0 (Windows NT 6.1; WOW64; rv:27.0) Gecko/20100101 Firefox/27.0"
80.123.96.46 - - [08/Sep/2017:09:47:34 +0200] "GET /entry.php?id=10778&form=11496&name=list& HTTP/1.1" 200 5667 "http://ed.activities.at/entry.php?id=11671" "Mozilla/5.0 (Windows NT 6.1; WOW64; rv:27.0) Gecko/20100101 Firefox/27.0"
80.123.96.46 - - [08/Sep/2017:09:47:34 +0200] "GET /entry.php?id=10776&form=11496&name=list& HTTP/1.1" 200 1519 "http://ed.activities.at/entry.php?id=11671" "Mozilla/5.0 (Windows NT 6.1; WOW64; rv:27.0) Gecko/20100101 Firefox/27.0"
178.190.96.81 - - [08/Sep/2017:09:47:36 +0200] "GET /entry.php?id=10271&&ser=856795 HTTP/1.1" 200 986 "http://ed.activities.at/entry.php?id=10271&&ser=856735" "Mozilla/5.0 (Windows NT 6.1; WOW64; Trident/7.0; rv:11.0) like Gecko"
