80.123.96.46 - - [08/Sep/2017:10:11:15 +0200] "GET /gui/javascript/form_form.js?1504858275 HTTP/1.1" 200 16206 "http://ed.activities.at/entry.php?id=11671" "Mozilla/5.0 (Windows NT 6.1; WOW64; rv:27.0) Gecko/20100101 Firefox/27.0"
80.123.96.46 - - [08/Sep/2017:10:11:15 +0200] "GET /framework/webfx/javascript/tinymce/skins/lightgray/content.min.css HTTP/1.1" 404 325 "http://ed.activities.at/entry.php?id=11671" "Mozilla/5.0 (Windows NT 6.1; WOW64; rv:27.0) Gecko/20100101 Firefox/27.0"
80.123.96.46 - - [08/Sep/2017:10:11:17 +0200] "POST /entry.php?id=11671 HTTP/1.1" 200 4947 "http://ed.activities.at/entry.php?id=11671" "Mozilla/5.0 (Windows NT 6.1; WOW64; rv:27.0) Gecko/20100101 Firefox/27.0"
80.123.96.46 - - [08/Sep/2017:10:11:17 +0200] "GET /gui/javascript/form_form.js?1504858277 HTTP/1.1" 200 16206 "http://ed.activities.at/entry.php?id=11671" "Mozilla/5.0 (Windows NT 6.1; WOW64; rv:27.0) Gecko/20100101 Firefox/27.0"
80.123.96.46 - - [08/Sep/2017:10:11:18 +0200] "GET /entry.php?id=10778&form=11496&name=list& HTTP/1.1" 200 5673 "http://ed.activities.at/entry.php?id=11671" "Mozilla/5.0 (Windows NT 6.1; WOW64; rv:27.0) Gecko/20100101 Firefox/27.0"
80.123.96.46 - - [08/Sep/2017:10:11:18 +0200] "GET /entry.php?id=10776&form=11496&name=list& HTTP/1.1" 200 1519 "http://ed.activities.at/entry.php?id=11671" "Mozilla/5.0 (Windows NT 6.1; WOW64; rv:27.0) Gecko/20100101 Firefox/27.0"
80.123.96.46 - - [08/Sep/2017:10:11:19 +0200] "POST /entry.php?id=11671 HTTP/1.1" 200 4610 "http://ed.activities.at/entry.php?id=11671" "Mozilla/5.0 (Windows NT 6.1; WOW64; rv:27.0) Gecko/20100101 Firefox/27.0"
80.123.96.46 - - [08/Sep/2017:10:11:20 +0200] "GET /gui/javascript/form_form.js?1504858279 HTTP/1.1" 200 16206 "http://ed.activities.at/entry.php?id=11671" "Mozilla/5.0 (Windows NT 6.1; WOW64; rv:27.0) Gecko/20100101 Firefox/27.0"
80.123.96.46 - - [08/Sep/2017:10:11:20 +0200] "GET /entry.php?id=10776&form=11496&name=list& HTTP/1.1" 200 1519 "http://ed.activities.at/entry.php?id=11671" "Mozilla/5.0 (Windows NT 6.1; WOW64; rv:27.0) Gecko/20100101 Firefox/27.0"
80.123.96.46 - - [08/Sep/2017:10:11:20 +0200] "GET /entry.php?id=10778&form=11496&name=list& HTTP/1.1" 200 5461 "http://ed.activities.at/entry.php?id=11671" "Mozilla/5.0 (Windows NT 6.1; WOW64; rv:27.0) Gecko/20100101 Firefox/27.0"
80.123.96.46 - - [08/Sep/2017:10:11:24 +0200] "GET /entry.php?id=10271&&ser=858224 HTTP/1.1" 200 987 "http://ed.activities.at/entry.php?id=10271&&ser=858163" "Mozilla/5.0 (Windows NT 6.1; WOW64; rv:27.0) Gecko/20100101 Firefox/27.0"
80.123.96.46 - - [08/Sep/2017:10:11:24 +0200] "GET /gui/javascript/form_form.js?1504858284 HTTP/1.1" 200 16206 "http://ed.activities.at/entry.php?id=10271&&ser=858224" "Mozilla/5.0 (Windows NT 6.1; WOW64; rv:27.0) Gecko/20100101 Firefox/27.0"
178.190.96.81 - - [08/Sep/2017:10:11:48 +0200] "GET /entry.php?id=10271&&ser=858248 HTTP/1.1" 200 987 "http://ed.activities.at/entry.php?id=10271&&ser=858187" "Mozilla/5.0 (Windows NT 6.1; WOW64; Trident/7.0; rv:11.0) like Gecko"
178.190.96.81 - - [08/Sep/2017:10:11:48 +0200] "GET /gui/javascript/form_form.js?1504858308 HTTP/1.1" 200 16206 "http://ed.activities.at/entry.php?id=10271&&ser=858248" "Mozilla/5.0 (Windows NT 6.1; WOW64; Trident/7.0; rv:11.0) like Gecko"
80.123.96.46 - - [08/Sep/2017:10:12:12 +0200] "POST /entry.php?id=11671 HTTP/1.1" 200 4996 "http://ed.activities.at/entry.php?id=11671" "Mozilla/5.0 (Windows NT 6.1; WOW64; rv:27.0) Gecko/20100101 Firefox/27.0"
80.123.96.46 - - [08/Sep/2017:10:12:13 +0200] "GET /gui/javascript/form_form.js?1504858333 HTTP/1.1" 200 16206 "http://ed.activities.at/entry.php?id=11671" "Mozilla/5.0 (Windows NT 6.1; WOW64; rv:27.0) Gecko/20100101 Firefox/27.0"
80.123.96.46 - - [08/Sep/2017:10:12:13 +0200] "GET /entry.php?id=10778&form=11496&name=list& HTTP/1.1" 200 5673 "http://ed.activities.at/entry.php?id=11671" "Mozilla/5.0 (Windows NT 6.1; WOW64; rv:27.0) Gecko/20100101 Firefox/27.0"
80.123.96.46 - - [08/Sep/2017:10:12:13 +0200] "GET /entry.php?id=10776&form=11496&name=list& HTTP/1.1" 200 1519 "http://ed.activities.at/entry.php?id=11671" "Mozilla/5.0 (Windows NT 6.1; WOW64; rv:27.0) Gecko/20100101 Firefox/27.0"
80.123.96.46 - - [08/Sep/2017:10:12:16 +0200] "POST /entry.php?id=11671 HTTP/1.1" 200 3173 "http://ed.activities.at/entry.php?id=11671" "Mozilla/5.0 (Windows NT 6.1; WOW64; rv:27.0) Gecko/20100101 Firefox/27.0"
80.123.96.46 - - [08/Sep/2017:10:12:17 +0200] "GET /gui/javascript/form_form.js?1504858337 HTTP/1.1" 200 16206 "http://ed.activities.at/entry.php?id=11671" "Mozilla/5.0 (Windows NT 6.1; WOW64; rv:27.0) Gecko/20100101 Firefox/27.0"
80.123.96.46 - - [08/Sep/2017:10:12:17 +0200] "GET /framework/webfx/javascript/tinymce/skins/lightgray/content.min.css HTTP/1.1" 404 325 "http://ed.activities.at/entry.php?id=11671" "Mozilla/5.0 (Windows NT 6.1; WOW64; rv:27.0) Gecko/20100101 Firefox/27.0"
80.123.96.46 - - [08/Sep/2017:10:12:24 +0200] "GET /entry.php?id=10271&&ser=858284 HTTP/1.1" 200 988 "http://ed.activities.at/entry.php?id=10271&&ser=858224" "Mozilla/5.0 (Windows NT 6.1; WOW64; rv:27.0) Gecko/20100101 Firefox/27.0"
80.123.96.46 - - [08/Sep/2017:10:12:25 +0200] "GET /gui/javascript/form_form.js?1504858345 HTTP/1.1" 200 16206 "http://ed.activities.at/entry.php?id=10271&&ser=858284" "Mozilla/5.0 (Windows NT 6.1; WOW64; rv:27.0) Gecko/20100101 Firefox/27.0"
178.190.96.81 - - [08/Sep/2017:10:12:48 +0200] "GET /entry.php?id=10271&&ser=858308 HTTP/1.1" 200 986 "http://ed.activities.at/entry.php?id=10271&&ser=858248" "Mozilla/5.0 (Windows NT 6.1; WOW64; Trident/7.0; rv:11.0) like Gecko"
178.190.96.81 - - [08/Sep/2017:10:12:49 +0200] "GET /gui/javascript/form_form.js?1504858369 HTTP/1.1" 200 16206 "http://ed.activities.at/entry.php?id=10271&&ser=858308" "Mozilla/5.0 (Windows NT 6.1; WOW64; Trident/7.0; rv:11.0) like Gecko"
80.123.96.46 - - [08/Sep/2017:10:13:25 +0200] "GET /entry.php?id=10271&&ser=858345 HTTP/1.1" 200 988 "http://ed.activities.at/entry.php?id=10271&&ser=858284" "Mozilla/5.0 (Windows NT 6.1; WOW64; rv:27.0) Gecko/20100101 Firefox/27.0"
80.123.96.46 - - [08/Sep/2017:10:13:25 +0200] "GET /gui/javascript/form_form.js?1504858405 HTTP/1.1" 200 16206 "http://ed.activities.at/entry.php?id=10271&&ser=858345" "Mozilla/5.0 (Windows NT 6.1; WOW64; rv:27.0) Gecko/20100101 Firefox/27.0"
178.190.96.81 - - [08/Sep/2017:10:13:49 +0200] "GET /entry.php?id=10271&&ser=858369 HTTP/1.1" 200 987 "http://ed.activities.at/entry.php?id=10271&&ser=858308" "Mozilla/5.0 (Windows NT 6.1; WOW64; Trident/7.0; rv:11.0) like Gecko"
178.190.96.81 - - [08/Sep/2017:10:13:49 +0200] "GET /gui/javascript/form_form.js?1504858429 HTTP/1.1" 200 16206 "http://ed.activities.at/entry.php?id=10271&&ser=858369" "Mozilla/5.0 (Windows NT 6.1; WOW64; Trident/7.0; rv:11.0) like Gecko"
80.123.96.46 - - [08/Sep/2017:10:14:06 +0200] "POST /entry.php?id=11671 HTTP/1.1" 200 3602 "http://ed.activities.at/entry.php?id=11671" "Mozilla/5.0 (Windows NT 6.1; WOW64; rv:27.0) Gecko/20100101 Firefox/27.0"
80.123.96.46 - - [08/Sep/2017:10:14:07 +0200] "GET /gui/javascript/form_form.js?1504858447 HTTP/1.1" 200 16206 "http://ed.activities.at/entry.php?id=11671" "Mozilla/5.0 (Windows NT 6.1; WOW64; rv:27.0) Gecko/20100101 Firefox/27.0"
80.123.96.46 - - [08/Sep/2017:10:14:07 +0200] "GET /framework/webfx/javascript/tinymce/skins/lightgray/content.min.css HTTP/1.1" 404 325 "http://ed.activities.at/entry.php?id=11671" "Mozilla/5.0 (Windows NT 6.1; WOW64; rv:27.0) Gecko/20100101 Firefox/27.0"
80.123.96.46 - - [08/Sep/2017:10:14:08 +0200] "POST /entry.php?id=11671 HTTP/1.1" 200 4962 "http://ed.activities.at/entry.php?id=11671" "Mozilla/5.0 (Windows NT 6.1; WOW64; rv:27.0) Gecko/20100101 Firefox/27.0"
80.123.96.46 - - [08/Sep/2017:10:14:09 +0200] "GET /gui/javascript/form_form.js?1504858449 HTTP/1.1" 200 16206 "http://ed.activities.at/entry.php?id=11671" "Mozilla/5.0 (Windows NT 6.1; WOW64; rv:27.0) Gecko/20100101 Firefox/27.0"
80.123.96.46 - - [08/Sep/2017:10:14:09 +0200] "GET /entry.php?id=10776&form=11496&name=list& HTTP/1.1" 200 1519 "http://ed.activities.at/entry.php?id=11671" "Mozilla/5.0 (Windows NT 6.1; WOW64; rv:27.0) Gecko/20100101 Firefox/27.0"
80.123.96.46 - - [08/Sep/2017:10:14:09 +0200] "GET /entry.php?id=10778&form=11496&name=list& HTTP/1.1" 200 5673 "http://ed.activities.at/entry.php?id=11671" "Mozilla/5.0 (Windows NT 6.1; WOW64; rv:27.0) Gecko/20100101 Firefox/27.0"
80.123.96.46 - - [08/Sep/2017:10:14:25 +0200] "GET /entry.php?id=10271&&ser=858405 HTTP/1.1" 200 988 "http://ed.activities.at/entry.php?id=10271&&ser=858345" "Mozilla/5.0 (Windows NT 6.1; WOW64; rv:27.0) Gecko/20100101 Firefox/27.0"
80.123.96.46 - - [08/Sep/2017:10:14:25 +0200] "GET /gui/javascript/form_form.js?1504858465 HTTP/1.1" 200 16206 "http://ed.activities.at/entry.php?id=10271&&ser=858405" "Mozilla/5.0 (Windows NT 6.1; WOW64; rv:27.0) Gecko/20100101 Firefox/27.0"
178.190.96.81 - - [08/Sep/2017:10:14:49 +0200] "GET /entry.php?id=10271&&ser=858429 HTTP/1.1" 200 987 "http://ed.activities.at/entry.php?id=10271&&ser=858369" "Mozilla/5.0 (Windows NT 6.1; WOW64; Trident/7.0; rv:11.0) like Gecko"
178.190.96.81 - - [08/Sep/2017:10:14:50 +0200] "GET /gui/javascript/form_form.js?1504858490 HTTP/1.1" 200 16206 "http://ed.activities.at/entry.php?id=10271&&ser=858429" "Mozilla/5.0 (Windows NT 6.1; WOW64; Trident/7.0; rv:11.0) like Gecko"
80.123.96.46 - - [08/Sep/2017:10:14:52 +0200] "POST /entry.php?id=11671 HTTP/1.1" 200 3373 "http://ed.activities.at/entry.php?id=11671" "Mozilla/5.0 (Windows NT 6.1; WOW64; rv:27.0) Gecko/20100101 Firefox/27.0"
80.123.96.46 - - [08/Sep/2017:10:14:53 +0200] "GET /gui/javascript/form_form.js?1504858493 HTTP/1.1" 200 16206 "http://ed.activities.at/entry.php?id=11671" "Mozilla/5.0 (Windows NT 6.1; WOW64; rv:27.0) Gecko/20100101 Firefox/27.0"
80.123.96.46 - - [08/Sep/2017:10:14:53 +0200] "GET /framework/webfx/javascript/tinymce/skins/lightgray/content.min.css HTTP/1.1" 404 325 "http://ed.activities.at/entry.php?id=11671" "Mozilla/5.0 (Windows NT 6.1; WOW64; rv:27.0) Gecko/20100101 Firefox/27.0"
80.123.96.46 - - [08/Sep/2017:10:15:02 +0200] "POST /entry.php?id=11671 HTTP/1.1" 200 3443 "http://ed.activities.at/entry.php?id=11671" "Mozilla/5.0 (Windows NT 6.1; WOW64; rv:27.0) Gecko/20100101 Firefox/27.0"
80.123.96.46 - - [08/Sep/2017:10:15:02 +0200] "GET /gui/javascript/form_form.js?1504858502 HTTP/1.1" 200 16206 "http://ed.activities.at/entry.php?id=11671" "Mozilla/5.0 (Windows NT 6.1; WOW64; rv:27.0) Gecko/20100101 Firefox/27.0"
80.123.96.46 - - [08/Sep/2017:10:15:03 +0200] "GET /framework/webfx/javascript/tinymce/skins/lightgray/content.min.css HTTP/1.1" 404 325 "http://ed.activities.at/entry.php?id=11671" "Mozilla/5.0 (Windows NT 6.1; WOW64; rv:27.0) Gecko/20100101 Firefox/27.0"
80.123.96.46 - - [08/Sep/2017:10:15:09 +0200] "POST /entry.php?id=11671 HTTP/1.1" 200 3599 "http://ed.activities.at/entry.php?id=11671" "Mozilla/5.0 (Windows NT 6.1; WOW64; rv:27.0) Gecko/20100101 Firefox/27.0"
80.123.96.46 - - [08/Sep/2017:10:15:09 +0200] "GET /gui/javascript/form_form.js?1504858509 HTTP/1.1" 200 16206 "http://ed.activities.at/entry.php?id=11671" "Mozilla/5.0 (Windows NT 6.1; WOW64; rv:27.0) Gecko/20100101 Firefox/27.0"
80.123.96.46 - - [08/Sep/2017:10:15:10 +0200] "GET /framework/webfx/javascript/tinymce/skins/lightgray/content.min.css HTTP/1.1" 404 325 "http://ed.activities.at/entry.php?id=11671" "Mozilla/5.0 (Windows NT 6.1; WOW64; rv:27.0) Gecko/20100101 Firefox/27.0"
80.123.96.46 - - [08/Sep/2017:10:15:13 +0200] "POST /entry.php?id=11671 HTTP/1.1" 200 4960 "http://ed.activities.at/entry.php?id=11671" "Mozilla/5.0 (Windows NT 6.1; WOW64; rv:27.0) Gecko/20100101 Firefox/27.0"
80.123.96.46 - - [08/Sep/2017:10:15:13 +0200] "GET /gui/javascript/form_form.js?1504858513 HTTP/1.1" 200 16206 "http://ed.activities.at/entry.php?id=11671" "Mozilla/5.0 (Windows NT 6.1; WOW64; rv:27.0) Gecko/20100101 Firefox/27.0"
80.123.96.46 - - [08/Sep/2017:10:15:14 +0200] "GET /entry.php?id=10776&form=11496&name=list& HTTP/1.1" 200 1519 "http://ed.activities.at/entry.php?id=11671" "Mozilla/5.0 (Windows NT 6.1; WOW64; rv:27.0) Gecko/20100101 Firefox/27.0"
80.123.96.46 - - [08/Sep/2017:10:15:14 +0200] "GET /entry.php?id=10778&form=11496&name=list& HTTP/1.1" 200 5673 "http://ed.activities.at/entry.php?id=11671" "Mozilla/5.0 (Windows NT 6.1; WOW64; rv:27.0) Gecko/20100101 Firefox/27.0"
80.123.96.46 - - [08/Sep/2017:10:15:15 +0200] "POST /entry.php?id=11671 HTTP/1.1" 200 4947 "http://ed.activities.at/entry.php?id=11671" "Mozilla/5.0 (Windows NT 6.1; WOW64; rv:27.0) Gecko/20100101 Firefox/27.0"
80.123.96.46 - - [08/Sep/2017:10:15:15 +0200] "GET /gui/javascript/form_form.js?1504858515 HTTP/1.1" 200 16206 "http://ed.activities.at/entry.php?id=11671" "Mozilla/5.0 (Windows NT 6.1; WOW64; rv:27.0) Gecko/20100101 Firefox/27.0"
80.123.96.46 - - [08/Sep/2017:10:15:16 +0200] "GET /entry.php?id=10778&form=11496&name=list& HTTP/1.1" 200 5673 "http://ed.activities.at/entry.php?id=11671" "Mozilla/5.0 (Windows NT 6.1; WOW64; rv:27.0) Gecko/20100101 Firefox/27.0"
80.123.96.46 - - [08/Sep/2017:10:15:16 +0200] "GET /entry.php?id=10776&form=11496&name=list& HTTP/1.1" 200 1519 "http://ed.activities.at/entry.php?id=11671" "Mozilla/5.0 (Windows NT 6.1; WOW64; rv:27.0) Gecko/20100101 Firefox/27.0"
80.123.96.46 - - [08/Sep/2017:10:15:20 +0200] "POST /entry.php?id=11671 HTTP/1.1" 200 5148 "http://ed.activities.at/entry.php?id=11671" "Mozilla/5.0 (Windows NT 6.1; WOW64; rv:27.0) Gecko/20100101 Firefox/27.0"
80.123.96.46 - - [08/Sep/2017:10:15:21 +0200] "GET /gui/javascript/form_form.js?1504858520 HTTP/1.1" 200 16206 "http://ed.activities.at/entry.php?id=11671" "Mozilla/5.0 (Windows NT 6.1; WOW64; rv:27.0) Gecko/20100101 Firefox/27.0"
80.123.96.46 - - [08/Sep/2017:10:15:21 +0200] "GET /entry.php?id=10776&form=11496&name=list& HTTP/1.1" 200 1519 "http://ed.activities.at/entry.php?id=11671" "Mozilla/5.0 (Windows NT 6.1; WOW64; rv:27.0) Gecko/20100101 Firefox/27.0"
80.123.96.46 - - [08/Sep/2017:10:15:21 +0200] "GET /entry.php?id=10778&form=11496&name=list& HTTP/1.1" 200 5673 "http://ed.activities.at/entry.php?id=11671" "Mozilla/5.0 (Windows NT 6.1; WOW64; rv:27.0) Gecko/20100101 Firefox/27.0"
80.123.96.46 - - [08/Sep/2017:10:15:23 +0200] "POST /entry.php?id=11671 HTTP/1.1" 200 5020 "http://ed.activities.at/entry.php?id=11671" "Mozilla/5.0 (Windows NT 6.1; WOW64; rv:27.0) Gecko/20100101 Firefox/27.0"
80.123.96.46 - - [08/Sep/2017:10:15:24 +0200] "GET /gui/javascript/form_form.js?1504858524 HTTP/1.1" 200 16206 "http://ed.activities.at/entry.php?id=11671" "Mozilla/5.0 (Windows NT 6.1; WOW64; rv:27.0) Gecko/20100101 Firefox/27.0"
80.123.96.46 - - [08/Sep/2017:10:15:24 +0200] "GET /entry.php?id=10776&form=11496&name=list& HTTP/1.1" 200 1519 "http://ed.activities.at/entry.php?id=11671" "Mozilla/5.0 (Windows NT 6.1; WOW64; rv:27.0) Gecko/20100101 Firefox/27.0"
80.123.96.46 - - [08/Sep/2017:10:15:24 +0200] "GET /entry.php?id=10778&form=11496&name=list& HTTP/1.1" 200 5673 "http://ed.activities.at/entry.php?id=11671" "Mozilla/5.0 (Windows NT 6.1; WOW64; rv:27.0) Gecko/20100101 Firefox/27.0"
80.123.96.46 - - [08/Sep/2017:10:15:26 +0200] "GET /entry.php?id=10271&&ser=858465 HTTP/1.1" 200 988 "http://ed.activities.at/entry.php?id=10271&&ser=858405" "Mozilla/5.0 (Windows NT 6.1; WOW64; rv:27.0) Gecko/20100101 Firefox/27.0"
80.123.96.46 - - [08/Sep/2017:10:15:26 +0200] "GET /gui/javascript/form_form.js?1504858526 HTTP/1.1" 200 16206 "http://ed.activities.at/entry.php?id=10271&&ser=858465" "Mozilla/5.0 (Windows NT 6.1; WOW64; rv:27.0) Gecko/20100101 Firefox/27.0"
80.123.96.46 - - [08/Sep/2017:10:15:27 +0200] "POST /entry.php?id=11671 HTTP/1.1" 200 5213 "http://ed.activities.at/entry.php?id=11671" "Mozilla/5.0 (Windows NT 6.1; WOW64; rv:27.0) Gecko/20100101 Firefox/27.0"
80.123.96.46 - - [08/Sep/2017:10:15:28 +0200] "GET /gui/javascript/form_form.js?1504858528 HTTP/1.1" 200 16206 "http://ed.activities.at/entry.php?id=11671" "Mozilla/5.0 (Windows NT 6.1; WOW64; rv:27.0) Gecko/20100101 Firefox/27.0"
80.123.96.46 - - [08/Sep/2017:10:15:28 +0200] "GET /entry.php?id=10776&form=11496&name=list& HTTP/1.1" 200 1519 "http://ed.activities.at/entry.php?id=11671" "Mozilla/5.0 (Windows NT 6.1; WOW64; rv:27.0) Gecko/20100101 Firefox/27.0"
80.123.96.46 - - [08/Sep/2017:10:15:28 +0200] "GET /entry.php?id=10778&form=11496&name=list& HTTP/1.1" 200 5673 "http://ed.activities.at/entry.php?id=11671" "Mozilla/5.0 (Windows NT 6.1; WOW64; rv:27.0) Gecko/20100101 Firefox/27.0"
80.123.96.46 - - [08/Sep/2017:10:15:29 +0200] "POST /entry.php?id=11671 HTTP/1.1" 200 4959 "http://ed.activities.at/entry.php?id=11671" "Mozilla/5.0 (Windows NT 6.1; WOW64; rv:27.0) Gecko/20100101 Firefox/27.0"
80.123.96.46 - - [08/Sep/2017:10:15:30 +0200] "GET /gui/javascript/form_form.js?1504858530 HTTP/1.1" 200 16206 "http://ed.activities.at/entry.php?id=11671" "Mozilla/5.0 (Windows NT 6.1; WOW64; rv:27.0) Gecko/20100101 Firefox/27.0"
80.123.96.46 - - [08/Sep/2017:10:15:30 +0200] "GET /entry.php?id=10776&form=11496&name=list& HTTP/1.1" 200 1519 "http://ed.activities.at/entry.php?id=11671" "Mozilla/5.0 (Windows NT 6.1; WOW64; rv:27.0) Gecko/20100101 Firefox/27.0"
80.123.96.46 - - [08/Sep/2017:10:15:30 +0200] "GET /entry.php?id=10778&form=11496&name=list& HTTP/1.1" 200 5673 "http://ed.activities.at/entry.php?id=11671" "Mozilla/5.0 (Windows NT 6.1; WOW64; rv:27.0) Gecko/20100101 Firefox/27.0"
80.123.96.46 - - [08/Sep/2017:10:15:33 +0200] "POST /entry.php?id=11671 HTTP/1.1" 200 5161 "http://ed.activities.at/entry.php?id=11671" "Mozilla/5.0 (Windows NT 6.1; WOW64; rv:27.0) Gecko/20100101 Firefox/27.0"
80.123.96.46 - - [08/Sep/2017:10:15:34 +0200] "GET /gui/javascript/form_form.js?1504858534 HTTP/1.1" 200 16206 "http://ed.activities.at/entry.php?id=11671" "Mozilla/5.0 (Windows NT 6.1; WOW64; rv:27.0) Gecko/20100101 Firefox/27.0"
80.123.96.46 - - [08/Sep/2017:10:15:34 +0200] "GET /entry.php?id=10776&form=11496&name=list& HTTP/1.1" 200 1519 "http://ed.activities.at/entry.php?id=11671" "Mozilla/5.0 (Windows NT 6.1; WOW64; rv:27.0) Gecko/20100101 Firefox/27.0"
80.123.96.46 - - [08/Sep/2017:10:15:34 +0200] "GET /entry.php?id=10778&form=11496&name=list& HTTP/1.1" 200 5673 "http://ed.activities.at/entry.php?id=11671" "Mozilla/5.0 (Windows NT 6.1; WOW64; rv:27.0) Gecko/20100101 Firefox/27.0"
80.123.96.46 - - [08/Sep/2017:10:15:35 +0200] "POST /entry.php?id=11671 HTTP/1.1" 200 5005 "http://ed.activities.at/entry.php?id=11671" "Mozilla/5.0 (Windows NT 6.1; WOW64; rv:27.0) Gecko/20100101 Firefox/27.0"
80.123.96.46 - - [08/Sep/2017:10:15:36 +0200] "GET /gui/javascript/form_form.js?1504858536 HTTP/1.1" 200 16206 "http://ed.activities.at/entry.php?id=11671" "Mozilla/5.0 (Windows NT 6.1; WOW64; rv:27.0) Gecko/20100101 Firefox/27.0"
80.123.96.46 - - [08/Sep/2017:10:15:36 +0200] "GET /entry.php?id=10776&form=11496&name=list& HTTP/1.1" 200 1519 "http://ed.activities.at/entry.php?id=11671" "Mozilla/5.0 (Windows NT 6.1; WOW64; rv:27.0) Gecko/20100101 Firefox/27.0"
80.123.96.46 - - [08/Sep/2017:10:15:36 +0200] "GET /entry.php?id=10778&form=11496&name=list& HTTP/1.1" 200 5673 "http://ed.activities.at/entry.php?id=11671" "Mozilla/5.0 (Windows NT 6.1; WOW64; rv:27.0) Gecko/20100101 Firefox/27.0"
80.123.96.46 - - [08/Sep/2017:10:15:39 +0200] "POST /entry.php?id=11671 HTTP/1.1" 200 5199 "http://ed.activities.at/entry.php?id=11671" "Mozilla/5.0 (Windows NT 6.1; WOW64; rv:27.0) Gecko/20100101 Firefox/27.0"
80.123.96.46 - - [08/Sep/2017:10:15:39 +0200] "GET /gui/javascript/form_form.js?1504858539 HTTP/1.1" 200 16206 "http://ed.activities.at/entry.php?id=11671" "Mozilla/5.0 (Windows NT 6.1; WOW64; rv:27.0) Gecko/20100101 Firefox/27.0"
80.123.96.46 - - [08/Sep/2017:10:15:40 +0200] "GET /entry.php?id=10778&form=11496&name=list& HTTP/1.1" 200 5673 "http://ed.activities.at/entry.php?id=11671" "Mozilla/5.0 (Windows NT 6.1; WOW64; rv:27.0) Gecko/20100101 Firefox/27.0"
80.123.96.46 - - [08/Sep/2017:10:15:40 +0200] "GET /entry.php?id=10776&form=11496&name=list& HTTP/1.1" 200 1519 "http://ed.activities.at/entry.php?id=11671" "Mozilla/5.0 (Windows NT 6.1; WOW64; rv:27.0) Gecko/20100101 Firefox/27.0"
80.123.96.46 - - [08/Sep/2017:10:15:42 +0200] "POST /entry.php?id=11671 HTTP/1.1" 200 4939 "http://ed.activities.at/entry.php?id=11671" "Mozilla/5.0 (Windows NT 6.1; WOW64; rv:27.0) Gecko/20100101 Firefox/27.0"
80.123.96.46 - - [08/Sep/2017:10:15:42 +0200] "GET /gui/javascript/form_form.js?1504858542 HTTP/1.1" 200 16206 "http://ed.activities.at/entry.php?id=11671" "Mozilla/5.0 (Windows NT 6.1; WOW64; rv:27.0) Gecko/20100101 Firefox/27.0"
80.123.96.46 - - [08/Sep/2017:10:15:43 +0200] "GET /entry.php?id=10776&form=11496&name=list& HTTP/1.1" 200 1519 "http://ed.activities.at/entry.php?id=11671" "Mozilla/5.0 (Windows NT 6.1; WOW64; rv:27.0) Gecko/20100101 Firefox/27.0"
80.123.96.46 - - [08/Sep/2017:10:15:43 +0200] "GET /entry.php?id=10778&form=11496&name=list& HTTP/1.1" 200 5673 "http://ed.activities.at/entry.php?id=11671" "Mozilla/5.0 (Windows NT 6.1; WOW64; rv:27.0) Gecko/20100101 Firefox/27.0"
80.123.96.46 - - [08/Sep/2017:10:15:46 +0200] "POST /entry.php?id=11671 HTTP/1.1" 200 5136 "http://ed.activities.at/entry.php?id=11671" "Mozilla/5.0 (Windows NT 6.1; WOW64; rv:27.0) Gecko/20100101 Firefox/27.0"
80.123.96.46 - - [08/Sep/2017:10:15:47 +0200] "GET /gui/javascript/form_form.js?1504858546 HTTP/1.1" 200 16206 "http://ed.activities.at/entry.php?id=11671" "Mozilla/5.0 (Windows NT 6.1; WOW64; rv:27.0) Gecko/20100101 Firefox/27.0"
80.123.96.46 - - [08/Sep/2017:10:15:47 +0200] "GET /entry.php?id=10778&form=11496&name=list& HTTP/1.1" 200 5673 "http://ed.activities.at/entry.php?id=11671" "Mozilla/5.0 (Windows NT 6.1; WOW64; rv:27.0) Gecko/20100101 Firefox/27.0"
80.123.96.46 - - [08/Sep/2017:10:15:47 +0200] "GET /entry.php?id=10776&form=11496&name=list& HTTP/1.1" 200 1519 "http://ed.activities.at/entry.php?id=11671" "Mozilla/5.0 (Windows NT 6.1; WOW64; rv:27.0) Gecko/20100101 Firefox/27.0"
178.190.96.81 - - [08/Sep/2017:10:15:50 +0200] "GET /entry.php?id=10271&&ser=858490 HTTP/1.1" 200 987 "http://ed.activities.at/entry.php?id=10271&&ser=858429" "Mozilla/5.0 (Windows NT 6.1; WOW64; Trident/7.0; rv:11.0) like Gecko"
178.190.96.81 - - [08/Sep/2017:10:15:50 +0200] "GET /gui/javascript/form_form.js?1504858550 HTTP/1.1" 200 16206 "http://ed.activities.at/entry.php?id=10271&&ser=858490" "Mozilla/5.0 (Windows NT 6.1; WOW64; Trident/7.0; rv:11.0) like Gecko"
80.123.96.46 - - [08/Sep/2017:10:15:54 +0200] "POST /entry.php?id=11671 HTTP/1.1" 200 4960 "http://ed.activities.at/entry.php?id=11671" "Mozilla/5.0 (Windows NT 6.1; WOW64; rv:27.0) Gecko/20100101 Firefox/27.0"
80.123.96.46 - - [08/Sep/2017:10:15:55 +0200] "GET /gui/javascript/form_form.js?1504858555 HTTP/1.1" 200 16206 "http://ed.activities.at/entry.php?id=11671" "Mozilla/5.0 (Windows NT 6.1; WOW64; rv:27.0) Gecko/20100101 Firefox/27.0"
80.123.96.46 - - [08/Sep/2017:10:15:55 +0200] "GET /entry.php?id=10778&form=11496&name=list& HTTP/1.1" 200 5673 "http://ed.activities.at/entry.php?id=11671" "Mozilla/5.0 (Windows NT 6.1; WOW64; rv:27.0) Gecko/20100101 Firefox/27.0"
80.123.96.46 - - [08/Sep/2017:10:15:55 +0200] "GET /entry.php?id=10776&form=11496&name=list& HTTP/1.1" 200 1519 "http://ed.activities.at/entry.php?id=11671" "Mozilla/5.0 (Windows NT 6.1; WOW64; rv:27.0) Gecko/20100101 Firefox/27.0"
80.123.96.46 - - [08/Sep/2017:10:15:58 +0200] "POST /entry.php?id=11671 HTTP/1.1" 200 5156 "http://ed.activities.at/entry.php?id=11671" "Mozilla/5.0 (Windows NT 6.1; WOW64; rv:27.0) Gecko/20100101 Firefox/27.0"
80.123.96.46 - - [08/Sep/2017:10:15:59 +0200] "GET /gui/javascript/form_form.js?1504858559 HTTP/1.1" 200 16206 "http://ed.activities.at/entry.php?id=11671" "Mozilla/5.0 (Windows NT 6.1; WOW64; rv:27.0) Gecko/20100101 Firefox/27.0"
80.123.96.46 - - [08/Sep/2017:10:15:59 +0200] "GET /entry.php?id=10776&form=11496&name=list& HTTP/1.1" 200 1519 "http://ed.activities.at/entry.php?id=11671" "Mozilla/5.0 (Windows NT 6.1; WOW64; rv:27.0) Gecko/20100101 Firefox/27.0"
80.123.96.46 - - [08/Sep/2017:10:15:59 +0200] "GET /entry.php?id=10778&form=11496&name=list& HTTP/1.1" 200 5673 "http://ed.activities.at/entry.php?id=11671" "Mozilla/5.0 (Windows NT 6.1; WOW64; rv:27.0) Gecko/20100101 Firefox/27.0"
80.123.96.46 - - [08/Sep/2017:10:16:16 +0200] "POST /entry.php?id=11671 HTTP/1.1" 200 3370 "http://ed.activities.at/entry.php?id=11671" "Mozilla/5.0 (Windows NT 6.1; WOW64; rv:27.0) Gecko/20100101 Firefox/27.0"
80.123.96.46 - - [08/Sep/2017:10:16:16 +0200] "GET /gui/javascript/form_form.js?1504858576 HTTP/1.1" 200 16206 "http://ed.activities.at/entry.php?id=11671" "Mozilla/5.0 (Windows NT 6.1; WOW64; rv:27.0) Gecko/20100101 Firefox/27.0"
80.123.96.46 - - [08/Sep/2017:10:16:17 +0200] "GET /framework/webfx/javascript/tinymce/skins/lightgray/content.min.css HTTP/1.1" 404 325 "http://ed.activities.at/entry.php?id=11671" "Mozilla/5.0 (Windows NT 6.1; WOW64; rv:27.0) Gecko/20100101 Firefox/27.0"
80.123.96.46 - - [08/Sep/2017:10:16:22 +0200] "POST /entry.php?id=11671 HTTP/1.1" 200 3598 "http://ed.activities.at/entry.php?id=11671" "Mozilla/5.0 (Windows NT 6.1; WOW64; rv:27.0) Gecko/20100101 Firefox/27.0"
80.123.96.46 - - [08/Sep/2017:10:16:22 +0200] "GET /gui/javascript/form_form.js?1504858582 HTTP/1.1" 200 16206 "http://ed.activities.at/entry.php?id=11671" "Mozilla/5.0 (Windows NT 6.1; WOW64; rv:27.0) Gecko/20100101 Firefox/27.0"
80.123.96.46 - - [08/Sep/2017:10:16:23 +0200] "GET /framework/webfx/javascript/tinymce/skins/lightgray/content.min.css HTTP/1.1" 404 325 "http://ed.activities.at/entry.php?id=11671" "Mozilla/5.0 (Windows NT 6.1; WOW64; rv:27.0) Gecko/20100101 Firefox/27.0"
80.123.96.46 - - [08/Sep/2017:10:16:24 +0200] "POST /entry.php?id=11671 HTTP/1.1" 200 4957 "http://ed.activities.at/entry.php?id=11671" "Mozilla/5.0 (Windows NT 6.1; WOW64; rv:27.0) Gecko/20100101 Firefox/27.0"
80.123.96.46 - - [08/Sep/2017:10:16:25 +0200] "GET /gui/javascript/form_form.js?1504858585 HTTP/1.1" 200 16206 "http://ed.activities.at/entry.php?id=11671" "Mozilla/5.0 (Windows NT 6.1; WOW64; rv:27.0) Gecko/20100101 Firefox/27.0"
80.123.96.46 - - [08/Sep/2017:10:16:25 +0200] "GET /entry.php?id=10776&form=11496&name=list& HTTP/1.1" 200 1519 "http://ed.activities.at/entry.php?id=11671" "Mozilla/5.0 (Windows NT 6.1; WOW64; rv:27.0) Gecko/20100101 Firefox/27.0"
80.123.96.46 - - [08/Sep/2017:10:16:25 +0200] "GET /entry.php?id=10778&form=11496&name=list& HTTP/1.1" 200 5673 "http://ed.activities.at/entry.php?id=11671" "Mozilla/5.0 (Windows NT 6.1; WOW64; rv:27.0) Gecko/20100101 Firefox/27.0"
80.123.96.46 - - [08/Sep/2017:10:16:26 +0200] "GET /entry.php?id=10271&&ser=858526 HTTP/1.1" 200 986 "http://ed.activities.at/entry.php?id=10271&&ser=858465" "Mozilla/5.0 (Windows NT 6.1; WOW64; rv:27.0) Gecko/20100101 Firefox/27.0"
80.123.96.46 - - [08/Sep/2017:10:16:26 +0200] "GET /gui/javascript/form_form.js?1504858586 HTTP/1.1" 200 16206 "http://ed.activities.at/entry.php?id=10271&&ser=858526" "Mozilla/5.0 (Windows NT 6.1; WOW64; rv:27.0) Gecko/20100101 Firefox/27.0"
80.123.96.46 - - [08/Sep/2017:10:16:29 +0200] "POST /entry.php?id=11671 HTTP/1.1" 200 4609 "http://ed.activities.at/entry.php?id=11671" "Mozilla/5.0 (Windows NT 6.1; WOW64; rv:27.0) Gecko/20100101 Firefox/27.0"
80.123.96.46 - - [08/Sep/2017:10:16:29 +0200] "GET /gui/javascript/form_form.js?1504858589 HTTP/1.1" 200 16206 "http://ed.activities.at/entry.php?id=11671" "Mozilla/5.0 (Windows NT 6.1; WOW64; rv:27.0) Gecko/20100101 Firefox/27.0"
80.123.96.46 - - [08/Sep/2017:10:16:30 +0200] "GET /entry.php?id=10776&form=11496&name=list& HTTP/1.1" 200 1519 "http://ed.activities.at/entry.php?id=11671" "Mozilla/5.0 (Windows NT 6.1; WOW64; rv:27.0) Gecko/20100101 Firefox/27.0"
80.123.96.46 - - [08/Sep/2017:10:16:30 +0200] "GET /entry.php?id=10778&form=11496&name=list& HTTP/1.1" 200 5461 "http://ed.activities.at/entry.php?id=11671" "Mozilla/5.0 (Windows NT 6.1; WOW64; rv:27.0) Gecko/20100101 Firefox/27.0"
178.190.96.81 - - [08/Sep/2017:10:16:50 +0200] "GET /entry.php?id=10271&&ser=858550 HTTP/1.1" 200 986 "http://ed.activities.at/entry.php?id=10271&&ser=858490" "Mozilla/5.0 (Windows NT 6.1; WOW64; Trident/7.0; rv:11.0) like Gecko"
178.190.96.81 - - [08/Sep/2017:10:16:51 +0200] "GET /gui/javascript/form_form.js?1504858611 HTTP/1.1" 200 16206 "http://ed.activities.at/entry.php?id=10271&&ser=858550" "Mozilla/5.0 (Windows NT 6.1; WOW64; Trident/7.0; rv:11.0) like Gecko"
80.123.96.46 - - [08/Sep/2017:10:17:22 +0200] "POST /entry.php?id=11671 HTTP/1.1" 200 4999 "http://ed.activities.at/entry.php?id=11671" "Mozilla/5.0 (Windows NT 6.1; WOW64; rv:27.0) Gecko/20100101 Firefox/27.0"
80.123.96.46 - - [08/Sep/2017:10:17:23 +0200] "GET /gui/javascript/form_form.js?1504858643 HTTP/1.1" 200 16206 "http://ed.activities.at/entry.php?id=11671" "Mozilla/5.0 (Windows NT 6.1; WOW64; rv:27.0) Gecko/20100101 Firefox/27.0"
80.123.96.46 - - [08/Sep/2017:10:17:23 +0200] "GET /entry.php?id=10778&form=11496&name=list& HTTP/1.1" 200 5673 "http://ed.activities.at/entry.php?id=11671" "Mozilla/5.0 (Windows NT 6.1; WOW64; rv:27.0) Gecko/20100101 Firefox/27.0"
80.123.96.46 - - [08/Sep/2017:10:17:23 +0200] "GET /entry.php?id=10776&form=11496&name=list& HTTP/1.1" 200 1519 "http://ed.activities.at/entry.php?id=11671" "Mozilla/5.0 (Windows NT 6.1; WOW64; rv:27.0) Gecko/20100101 Firefox/27.0"
80.123.96.46 - - [08/Sep/2017:10:17:25 +0200] "POST /entry.php?id=11671 HTTP/1.1" 200 3173 "http://ed.activities.at/entry.php?id=11671" "Mozilla/5.0 (Windows NT 6.1; WOW64; rv:27.0) Gecko/20100101 Firefox/27.0"
80.123.96.46 - - [08/Sep/2017:10:17:26 +0200] "GET /gui/javascript/form_form.js?1504858646 HTTP/1.1" 200 16206 "http://ed.activities.at/entry.php?id=11671" "Mozilla/5.0 (Windows NT 6.1; WOW64; rv:27.0) Gecko/20100101 Firefox/27.0"
80.123.96.46 - - [08/Sep/2017:10:17:26 +0200] "GET /framework/webfx/javascript/tinymce/skins/lightgray/content.min.css HTTP/1.1" 404 325 "http://ed.activities.at/entry.php?id=11671" "Mozilla/5.0 (Windows NT 6.1; WOW64; rv:27.0) Gecko/20100101 Firefox/27.0"
80.123.96.46 - - [08/Sep/2017:10:17:26 +0200] "GET /entry.php?id=10271&&ser=858586 HTTP/1.1" 200 987 "http://ed.activities.at/entry.php?id=10271&&ser=858526" "Mozilla/5.0 (Windows NT 6.1; WOW64; rv:27.0) Gecko/20100101 Firefox/27.0"
80.123.96.46 - - [08/Sep/2017:10:17:27 +0200] "GET /gui/javascript/form_form.js?1504858646 HTTP/1.1" 304 - "http://ed.activities.at/entry.php?id=10271&&ser=858586" "Mozilla/5.0 (Windows NT 6.1; WOW64; rv:27.0) Gecko/20100101 Firefox/27.0"
178.190.96.81 - - [08/Sep/2017:10:17:51 +0200] "GET /entry.php?id=10271&&ser=858611 HTTP/1.1" 200 986 "http://ed.activities.at/entry.php?id=10271&&ser=858550" "Mozilla/5.0 (Windows NT 6.1; WOW64; Trident/7.0; rv:11.0) like Gecko"
178.190.96.81 - - [08/Sep/2017:10:17:51 +0200] "GET /gui/javascript/form_form.js?1504858671 HTTP/1.1" 200 16206 "http://ed.activities.at/entry.php?id=10271&&ser=858611" "Mozilla/5.0 (Windows NT 6.1; WOW64; Trident/7.0; rv:11.0) like Gecko"
80.123.96.46 - - [08/Sep/2017:10:18:27 +0200] "GET /entry.php?id=10271&&ser=858646 HTTP/1.1" 200 987 "http://ed.activities.at/entry.php?id=10271&&ser=858586" "Mozilla/5.0 (Windows NT 6.1; WOW64; rv:27.0) Gecko/20100101 Firefox/27.0"
80.123.96.46 - - [08/Sep/2017:10:18:27 +0200] "GET /gui/javascript/form_form.js?1504858707 HTTP/1.1" 200 16206 "http://ed.activities.at/entry.php?id=10271&&ser=858646" "Mozilla/5.0 (Windows NT 6.1; WOW64; rv:27.0) Gecko/20100101 Firefox/27.0"
85.255.159.110 - - [08/Sep/2017:10:18:29 +0200] "GET / HTTP/1.1" 200 382 "-" "Mozilla/5.0 (Windows NT 10.0; Win64; x64) AppleWebKit/537.36 (KHTML, like Gecko) Chrome/60.0.3112.113 Safari/537.36"
85.255.159.110 - - [08/Sep/2017:10:18:29 +0200] "GET /layout.php HTTP/1.1" 200 908 "http://ed.activities.at/" "Mozilla/5.0 (Windows NT 10.0; Win64; x64) AppleWebKit/537.36 (KHTML, like Gecko) Chrome/60.0.3112.113 Safari/537.36"
85.255.159.110 - - [08/Sep/2017:10:18:29 +0200] "GET /entry.php?id=10272 HTTP/1.1" 200 1190 "http://ed.activities.at/layout.php" "Mozilla/5.0 (Windows NT 10.0; Win64; x64) AppleWebKit/537.36 (KHTML, like Gecko) Chrome/60.0.3112.113 Safari/537.36"
85.255.159.110 - - [08/Sep/2017:10:18:29 +0200] "GET /entry.php?id=10270 HTTP/1.1" 200 909 "http://ed.activities.at/layout.php" "Mozilla/5.0 (Windows NT 10.0; Win64; x64) AppleWebKit/537.36 (KHTML, like Gecko) Chrome/60.0.3112.113 Safari/537.36"
85.255.159.110 - - [08/Sep/2017:10:18:29 +0200] "GET /gui/javascript/form_form.js?1504858709 HTTP/1.1" 200 16206 "http://ed.activities.at/entry.php?id=10272" "Mozilla/5.0 (Windows NT 10.0; Win64; x64) AppleWebKit/537.36 (KHTML, like Gecko) Chrome/60.0.3112.113 Safari/537.36"
85.255.159.110 - - [08/Sep/2017:10:18:29 +0200] "GET /entry.php?id=10273 HTTP/1.1" 200 1932 "http://ed.activities.at/layout.php" "Mozilla/5.0 (Windows NT 10.0; Win64; x64) AppleWebKit/537.36 (KHTML, like Gecko) Chrome/60.0.3112.113 Safari/537.36"
85.255.159.110 - - [08/Sep/2017:10:18:29 +0200] "GET /entry.php?id=11412 HTTP/1.1" 200 1759 "http://ed.activities.at/layout.php" "Mozilla/5.0 (Windows NT 10.0; Win64; x64) AppleWebKit/537.36 (KHTML, like Gecko) Chrome/60.0.3112.113 Safari/537.36"
85.255.159.110 - - [08/Sep/2017:10:18:29 +0200] "GET /entry.php?id=10271&UIN=c501ea74a3211d2f234e09c2e6cec9f9 HTTP/1.1" 200 934 "http://ed.activities.at/entry.php?id=10272" "Mozilla/5.0 (Windows NT 10.0; Win64; x64) AppleWebKit/537.36 (KHTML, like Gecko) Chrome/60.0.3112.113 Safari/537.36"
85.255.159.110 - - [08/Sep/2017:10:18:29 +0200] "GET /entry.php?id=10287 HTTP/1.1" 200 2388 "http://ed.activities.at/entry.php?id=11412" "Mozilla/5.0 (Windows NT 10.0; Win64; x64) AppleWebKit/537.36 (KHTML, like Gecko) Chrome/60.0.3112.113 Safari/537.36"
85.255.159.110 - - [08/Sep/2017:10:18:29 +0200] "GET /entry.php?id=10270& HTTP/1.1" 200 909 "http://ed.activities.at/entry.php?id=10287" "Mozilla/5.0 (Windows NT 10.0; Win64; x64) AppleWebKit/537.36 (KHTML, like Gecko) Chrome/60.0.3112.113 Safari/537.36"
85.255.159.110 - - [08/Sep/2017:10:18:30 +0200] "GET /gui/javascript/form_form.js?1504858710 HTTP/1.1" 200 16206 "http://ed.activities.at/entry.php?id=10270&" "Mozilla/5.0 (Windows NT 10.0; Win64; x64) AppleWebKit/537.36 (KHTML, like Gecko) Chrome/60.0.3112.113 Safari/537.36"
85.255.159.110 - - [08/Sep/2017:10:18:29 +0200] "GET /entry.php?id=10273& HTTP/1.1" 200 1902 "http://ed.activities.at/entry.php?id=10287" "Mozilla/5.0 (Windows NT 10.0; Win64; x64) AppleWebKit/537.36 (KHTML, like Gecko) Chrome/60.0.3112.113 Safari/537.36"
85.255.159.110 - - [08/Sep/2017:10:18:35 +0200] "POST /entry.php?id=10287& HTTP/1.1" 200 2381 "http://ed.activities.at/entry.php?id=10287" "Mozilla/5.0 (Windows NT 10.0; Win64; x64) AppleWebKit/537.36 (KHTML, like Gecko) Chrome/60.0.3112.113 Safari/537.36"
85.255.159.110 - - [08/Sep/2017:10:18:35 +0200] "GET /gui/javascript/form_form.js?1504858715 HTTP/1.1" 200 16206 "http://ed.activities.at/entry.php?id=10287&" "Mozilla/5.0 (Windows NT 10.0; Win64; x64) AppleWebKit/537.36 (KHTML, like Gecko) Chrome/60.0.3112.113 Safari/537.36"
85.255.159.110 - - [08/Sep/2017:10:18:36 +0200] "GET /entry.php?id=10271&UIN=c501ea74a3211d2f234e09c2e6cec9f9 HTTP/1.1" 200 987 "http://ed.activities.at/entry.php?id=10271&UIN=c501ea74a3211d2f234e09c2e6cec9f9" "Mozilla/5.0 (Windows NT 10.0; Win64; x64) AppleWebKit/537.36 (KHTML, like Gecko) Chrome/60.0.3112.113 Safari/537.36"
85.255.159.110 - - [08/Sep/2017:10:18:36 +0200] "GET /gui/javascript/form_form.js?1504858716 HTTP/1.1" 200 16206 "http://ed.activities.at/entry.php?id=10271&UIN=c501ea74a3211d2f234e09c2e6cec9f9" "Mozilla/5.0 (Windows NT 10.0; Win64; x64) AppleWebKit/537.36 (KHTML, like Gecko) Chrome/60.0.3112.113 Safari/537.36"
85.255.159.110 - - [08/Sep/2017:10:18:36 +0200] "GET /entry.php?id=10273& HTTP/1.1" 200 2030 "http://ed.activities.at/entry.php?id=10287&" "Mozilla/5.0 (Windows NT 10.0; Win64; x64) AppleWebKit/537.36 (KHTML, like Gecko) Chrome/60.0.3112.113 Safari/537.36"
85.255.159.110 - - [08/Sep/2017:10:18:36 +0200] "GET /framework/webfx/style/toolbar/images/cbback.gif HTTP/1.1" 404 313 "http://ed.activities.at/framework/webfx/style/toolbar/cb2.css" "Mozilla/5.0 (Windows NT 10.0; Win64; x64) AppleWebKit/537.36 (KHTML, like Gecko) Chrome/60.0.3112.113 Safari/537.36"
85.255.159.110 - - [08/Sep/2017:10:18:36 +0200] "GET /entry.php?id=10270&__app__=10006038 HTTP/1.1" 200 1649 "http://ed.activities.at/entry.php?id=10273&" "Mozilla/5.0 (Windows NT 10.0; Win64; x64) AppleWebKit/537.36 (KHTML, like Gecko) Chrome/60.0.3112.113 Safari/537.36"
85.255.159.110 - - [08/Sep/2017:10:18:36 +0200] "GET /undefined HTTP/1.1" 404 283 "http://ed.activities.at/entry.php?id=10270&__app__=10006038" "Mozilla/5.0 (Windows NT 10.0; Win64; x64) AppleWebKit/537.36 (KHTML, like Gecko) Chrome/60.0.3112.113 Safari/537.36"
80.123.96.46 - - [08/Sep/2017:10:18:36 +0200] "POST /entry.php?id=11671 HTTP/1.1" 200 3635 "http://ed.activities.at/entry.php?id=11671" "Mozilla/5.0 (Windows NT 6.1; WOW64; rv:27.0) Gecko/20100101 Firefox/27.0"
80.123.96.46 - - [08/Sep/2017:10:18:37 +0200] "GET /gui/javascript/form_form.js?1504858717 HTTP/1.1" 200 16206 "http://ed.activities.at/entry.php?id=11671" "Mozilla/5.0 (Windows NT 6.1; WOW64; rv:27.0) Gecko/20100101 Firefox/27.0"
80.123.96.46 - - [08/Sep/2017:10:18:37 +0200] "GET /framework/webfx/javascript/tinymce/skins/lightgray/content.min.css HTTP/1.1" 404 325 "http://ed.activities.at/entry.php?id=11671" "Mozilla/5.0 (Windows NT 6.1; WOW64; rv:27.0) Gecko/20100101 Firefox/27.0"
80.123.96.46 - - [08/Sep/2017:10:18:39 +0200] "POST /entry.php?id=11671 HTTP/1.1" 200 5002 "http://ed.activities.at/entry.php?id=11671" "Mozilla/5.0 (Windows NT 6.1; WOW64; rv:27.0) Gecko/20100101 Firefox/27.0"
80.123.96.46 - - [08/Sep/2017:10:18:39 +0200] "GET /gui/javascript/form_form.js?1504858719 HTTP/1.1" 200 16206 "http://ed.activities.at/entry.php?id=11671" "Mozilla/5.0 (Windows NT 6.1; WOW64; rv:27.0) Gecko/20100101 Firefox/27.0"
80.123.96.46 - - [08/Sep/2017:10:18:40 +0200] "GET /entry.php?id=10778&form=11496&name=list& HTTP/1.1" 200 5673 "http://ed.activities.at/entry.php?id=11671" "Mozilla/5.0 (Windows NT 6.1; WOW64; rv:27.0) Gecko/20100101 Firefox/27.0"
80.123.96.46 - - [08/Sep/2017:10:18:40 +0200] "GET /entry.php?id=10776&form=11496&name=list& HTTP/1.1" 200 1519 "http://ed.activities.at/entry.php?id=11671" "Mozilla/5.0 (Windows NT 6.1; WOW64; rv:27.0) Gecko/20100101 Firefox/27.0"
85.255.159.110 - - [08/Sep/2017:10:18:50 +0200] "POST /entry.php?id=10287& HTTP/1.1" 200 2347 "http://ed.activities.at/entry.php?id=10287&" "Mozilla/5.0 (Windows NT 10.0; Win64; x64) AppleWebKit/537.36 (KHTML, like Gecko) Chrome/60.0.3112.113 Safari/537.36"
85.255.159.110 - - [08/Sep/2017:10:18:50 +0200] "GET /gui/javascript/form_form.js?1504858730 HTTP/1.1" 200 16206 "http://ed.activities.at/entry.php?id=10287&" "Mozilla/5.0 (Windows NT 10.0; Win64; x64) AppleWebKit/537.36 (KHTML, like Gecko) Chrome/60.0.3112.113 Safari/537.36"
85.255.159.110 - - [08/Sep/2017:10:18:50 +0200] "GET /entry.php?id=10271&UIN=c501ea74a3211d2f234e09c2e6cec9f9 HTTP/1.1" 200 987 "http://ed.activities.at/entry.php?id=10271&UIN=c501ea74a3211d2f234e09c2e6cec9f9" "Mozilla/5.0 (Windows NT 10.0; Win64; x64) AppleWebKit/537.36 (KHTML, like Gecko) Chrome/60.0.3112.113 Safari/537.36"
178.190.96.81 - - [08/Sep/2017:10:18:52 +0200] "GET /entry.php?id=10271&&ser=858671 HTTP/1.1" 200 987 "http://ed.activities.at/entry.php?id=10271&&ser=858611" "Mozilla/5.0 (Windows NT 6.1; WOW64; Trident/7.0; rv:11.0) like Gecko"
178.190.96.81 - - [08/Sep/2017:10:18:52 +0200] "GET /gui/javascript/form_form.js?1504858732 HTTP/1.1" 200 16206 "http://ed.activities.at/entry.php?id=10271&&ser=858671" "Mozilla/5.0 (Windows NT 6.1; WOW64; Trident/7.0; rv:11.0) like Gecko"
80.123.96.46 - - [08/Sep/2017:10:18:56 +0200] "POST /entry.php?id=11671 HTTP/1.1" 200 5019 "http://ed.activities.at/entry.php?id=11671" "Mozilla/5.0 (Windows NT 6.1; WOW64; rv:27.0) Gecko/20100101 Firefox/27.0"
80.123.96.46 - - [08/Sep/2017:10:18:57 +0200] "GET /gui/javascript/form_form.js?1504858737 HTTP/1.1" 200 16206 "http://ed.activities.at/entry.php?id=11671" "Mozilla/5.0 (Windows NT 6.1; WOW64; rv:27.0) Gecko/20100101 Firefox/27.0"
80.123.96.46 - - [08/Sep/2017:10:18:57 +0200] "GET /entry.php?id=10776&form=11496&name=list& HTTP/1.1" 200 1519 "http://ed.activities.at/entry.php?id=11671" "Mozilla/5.0 (Windows NT 6.1; WOW64; rv:27.0) Gecko/20100101 Firefox/27.0"
80.123.96.46 - - [08/Sep/2017:10:18:57 +0200] "GET /entry.php?id=10778&form=11496&name=list& HTTP/1.1" 200 5673 "http://ed.activities.at/entry.php?id=11671" "Mozilla/5.0 (Windows NT 6.1; WOW64; rv:27.0) Gecko/20100101 Firefox/27.0"
80.123.96.46 - - [08/Sep/2017:10:18:57 +0200] "POST /entry.php?id=11671 HTTP/1.1" 200 3407 "http://ed.activities.at/entry.php?id=11671" "Mozilla/5.0 (Windows NT 6.1; WOW64; rv:27.0) Gecko/20100101 Firefox/27.0"
80.123.96.46 - - [08/Sep/2017:10:18:58 +0200] "GET /gui/javascript/form_form.js?1504858738 HTTP/1.1" 200 16206 "http://ed.activities.at/entry.php?id=11671" "Mozilla/5.0 (Windows NT 6.1; WOW64; rv:27.0) Gecko/20100101 Firefox/27.0"
80.123.96.46 - - [08/Sep/2017:10:18:58 +0200] "GET /framework/webfx/javascript/tinymce/skins/lightgray/content.min.css HTTP/1.1" 404 325 "http://ed.activities.at/entry.php?id=11671" "Mozilla/5.0 (Windows NT 6.1; WOW64; rv:27.0) Gecko/20100101 Firefox/27.0"
80.123.96.46 - - [08/Sep/2017:10:19:27 +0200] "GET /entry.php?id=10271&&ser=858707 HTTP/1.1" 200 987 "http://ed.activities.at/entry.php?id=10271&&ser=858646" "Mozilla/5.0 (Windows NT 6.1; WOW64; rv:27.0) Gecko/20100101 Firefox/27.0"
80.123.96.46 - - [08/Sep/2017:10:19:28 +0200] "GET /gui/javascript/form_form.js?1504858767 HTTP/1.1" 200 16206 "http://ed.activities.at/entry.php?id=10271&&ser=858707" "Mozilla/5.0 (Windows NT 6.1; WOW64; rv:27.0) Gecko/20100101 Firefox/27.0"
85.255.159.110 - - [08/Sep/2017:10:19:51 +0200] "GET /entry.php?id=10271&&ser=858730 HTTP/1.1" 200 986 "http://ed.activities.at/entry.php?id=10271&UIN=c501ea74a3211d2f234e09c2e6cec9f9" "Mozilla/5.0 (Windows NT 10.0; Win64; x64) AppleWebKit/537.36 (KHTML, like Gecko) Chrome/60.0.3112.113 Safari/537.36"
85.255.159.110 - - [08/Sep/2017:10:19:51 +0200] "GET /gui/javascript/form_form.js?1504858791 HTTP/1.1" 200 16206 "http://ed.activities.at/entry.php?id=10271&&ser=858730" "Mozilla/5.0 (Windows NT 10.0; Win64; x64) AppleWebKit/537.36 (KHTML, like Gecko) Chrome/60.0.3112.113 Safari/537.36"
178.190.96.81 - - [08/Sep/2017:10:19:52 +0200] "GET /entry.php?id=10271&&ser=858732 HTTP/1.1" 200 987 "http://ed.activities.at/entry.php?id=10271&&ser=858671" "Mozilla/5.0 (Windows NT 6.1; WOW64; Trident/7.0; rv:11.0) like Gecko"
178.190.96.81 - - [08/Sep/2017:10:19:52 +0200] "GET /gui/javascript/form_form.js?1504858792 HTTP/1.1" 200 16206 "http://ed.activities.at/entry.php?id=10271&&ser=858732" "Mozilla/5.0 (Windows NT 6.1; WOW64; Trident/7.0; rv:11.0) like Gecko"
80.123.96.46 - - [08/Sep/2017:10:20:28 +0200] "GET /entry.php?id=10271&&ser=858767 HTTP/1.1" 200 987 "http://ed.activities.at/entry.php?id=10271&&ser=858707" "Mozilla/5.0 (Windows NT 6.1; WOW64; rv:27.0) Gecko/20100101 Firefox/27.0"
80.123.96.46 - - [08/Sep/2017:10:20:28 +0200] "GET /gui/javascript/form_form.js?1504858828 HTTP/1.1" 200 16206 "http://ed.activities.at/entry.php?id=10271&&ser=858767" "Mozilla/5.0 (Windows NT 6.1; WOW64; rv:27.0) Gecko/20100101 Firefox/27.0"
85.255.159.110 - - [08/Sep/2017:10:20:51 +0200] "GET /entry.php?id=10271&&ser=858791 HTTP/1.1" 200 986 "http://ed.activities.at/entry.php?id=10271&&ser=858730" "Mozilla/5.0 (Windows NT 10.0; Win64; x64) AppleWebKit/537.36 (KHTML, like Gecko) Chrome/60.0.3112.113 Safari/537.36"
85.255.159.110 - - [08/Sep/2017:10:20:51 +0200] "GET /gui/javascript/form_form.js?1504858851 HTTP/1.1" 200 16206 "http://ed.activities.at/entry.php?id=10271&&ser=858791" "Mozilla/5.0 (Windows NT 10.0; Win64; x64) AppleWebKit/537.36 (KHTML, like Gecko) Chrome/60.0.3112.113 Safari/537.36"
178.190.96.81 - - [08/Sep/2017:10:20:53 +0200] "GET /entry.php?id=10271&&ser=858792 HTTP/1.1" 200 987 "http://ed.activities.at/entry.php?id=10271&&ser=858732" "Mozilla/5.0 (Windows NT 6.1; WOW64; Trident/7.0; rv:11.0) like Gecko"
178.190.96.81 - - [08/Sep/2017:10:20:53 +0200] "GET /gui/javascript/form_form.js?1504858853 HTTP/1.1" 200 16206 "http://ed.activities.at/entry.php?id=10271&&ser=858792" "Mozilla/5.0 (Windows NT 6.1; WOW64; Trident/7.0; rv:11.0) like Gecko"
80.123.96.46 - - [08/Sep/2017:10:21:09 +0200] "POST /entry.php?id=11671 HTTP/1.1" 200 3691 "http://ed.activities.at/entry.php?id=11671" "Mozilla/5.0 (Windows NT 6.1; WOW64; rv:27.0) Gecko/20100101 Firefox/27.0"
80.123.96.46 - - [08/Sep/2017:10:21:09 +0200] "GET /gui/javascript/form_form.js?1504858869 HTTP/1.1" 200 16206 "http://ed.activities.at/entry.php?id=11671" "Mozilla/5.0 (Windows NT 6.1; WOW64; rv:27.0) Gecko/20100101 Firefox/27.0"
80.123.96.46 - - [08/Sep/2017:10:21:10 +0200] "GET /framework/webfx/javascript/tinymce/skins/lightgray/content.min.css HTTP/1.1" 404 325 "http://ed.activities.at/entry.php?id=11671" "Mozilla/5.0 (Windows NT 6.1; WOW64; rv:27.0) Gecko/20100101 Firefox/27.0"
80.123.96.46 - - [08/Sep/2017:10:21:13 +0200] "POST /entry.php?id=11671 HTTP/1.1" 200 3359 "http://ed.activities.at/entry.php?id=11671" "Mozilla/5.0 (Windows NT 6.1; WOW64; rv:27.0) Gecko/20100101 Firefox/27.0"
80.123.96.46 - - [08/Sep/2017:10:21:13 +0200] "GET /gui/javascript/form_form.js?1504858873 HTTP/1.1" 200 16206 "http://ed.activities.at/entry.php?id=11671" "Mozilla/5.0 (Windows NT 6.1; WOW64; rv:27.0) Gecko/20100101 Firefox/27.0"
80.123.96.46 - - [08/Sep/2017:10:21:13 +0200] "GET /framework/webfx/javascript/tinymce/skins/lightgray/content.min.css HTTP/1.1" 404 325 "http://ed.activities.at/entry.php?id=11671" "Mozilla/5.0 (Windows NT 6.1; WOW64; rv:27.0) Gecko/20100101 Firefox/27.0"
80.123.96.46 - - [08/Sep/2017:10:21:20 +0200] "POST /entry.php?id=11671 HTTP/1.1" 200 3633 "http://ed.activities.at/entry.php?id=11671" "Mozilla/5.0 (Windows NT 6.1; WOW64; rv:27.0) Gecko/20100101 Firefox/27.0"
80.123.96.46 - - [08/Sep/2017:10:21:21 +0200] "GET /gui/javascript/form_form.js?1504858881 HTTP/1.1" 200 16206 "http://ed.activities.at/entry.php?id=11671" "Mozilla/5.0 (Windows NT 6.1; WOW64; rv:27.0) Gecko/20100101 Firefox/27.0"
80.123.96.46 - - [08/Sep/2017:10:21:21 +0200] "GET /framework/webfx/javascript/tinymce/skins/lightgray/content.min.css HTTP/1.1" 404 325 "http://ed.activities.at/entry.php?id=11671" "Mozilla/5.0 (Windows NT 6.1; WOW64; rv:27.0) Gecko/20100101 Firefox/27.0"
80.123.96.46 - - [08/Sep/2017:10:21:26 +0200] "POST /entry.php?id=11671 HTTP/1.1" 200 3414 "http://ed.activities.at/entry.php?id=11671" "Mozilla/5.0 (Windows NT 6.1; WOW64; rv:27.0) Gecko/20100101 Firefox/27.0"
80.123.96.46 - - [08/Sep/2017:10:21:27 +0200] "GET /gui/javascript/form_form.js?1504858887 HTTP/1.1" 200 16206 "http://ed.activities.at/entry.php?id=11671" "Mozilla/5.0 (Windows NT 6.1; WOW64; rv:27.0) Gecko/20100101 Firefox/27.0"
80.123.96.46 - - [08/Sep/2017:10:21:27 +0200] "GET /framework/webfx/javascript/tinymce/skins/lightgray/content.min.css HTTP/1.1" 404 325 "http://ed.activities.at/entry.php?id=11671" "Mozilla/5.0 (Windows NT 6.1; WOW64; rv:27.0) Gecko/20100101 Firefox/27.0"
80.123.96.46 - - [08/Sep/2017:10:21:28 +0200] "GET /entry.php?id=10271&&ser=858828 HTTP/1.1" 200 985 "http://ed.activities.at/entry.php?id=10271&&ser=858767" "Mozilla/5.0 (Windows NT 6.1; WOW64; rv:27.0) Gecko/20100101 Firefox/27.0"
80.123.96.46 - - [08/Sep/2017:10:21:28 +0200] "GET /gui/javascript/form_form.js?1504858888 HTTP/1.1" 200 16206 "http://ed.activities.at/entry.php?id=10271&&ser=858828" "Mozilla/5.0 (Windows NT 6.1; WOW64; rv:27.0) Gecko/20100101 Firefox/27.0"
80.123.96.46 - - [08/Sep/2017:10:21:33 +0200] "POST /entry.php?id=11671 HTTP/1.1" 200 3669 "http://ed.activities.at/entry.php?id=11671" "Mozilla/5.0 (Windows NT 6.1; WOW64; rv:27.0) Gecko/20100101 Firefox/27.0"
80.123.96.46 - - [08/Sep/2017:10:21:34 +0200] "GET /gui/javascript/form_form.js?1504858894 HTTP/1.1" 200 16206 "http://ed.activities.at/entry.php?id=11671" "Mozilla/5.0 (Windows NT 6.1; WOW64; rv:27.0) Gecko/20100101 Firefox/27.0"
80.123.96.46 - - [08/Sep/2017:10:21:34 +0200] "GET /framework/webfx/javascript/tinymce/skins/lightgray/content.min.css HTTP/1.1" 404 325 "http://ed.activities.at/entry.php?id=11671" "Mozilla/5.0 (Windows NT 6.1; WOW64; rv:27.0) Gecko/20100101 Firefox/27.0"
80.123.96.46 - - [08/Sep/2017:10:21:35 +0200] "POST /entry.php?id=11671 HTTP/1.1" 200 3361 "http://ed.activities.at/entry.php?id=11671" "Mozilla/5.0 (Windows NT 6.1; WOW64; rv:27.0) Gecko/20100101 Firefox/27.0"
80.123.96.46 - - [08/Sep/2017:10:21:35 +0200] "GET /gui/javascript/form_form.js?1504858895 HTTP/1.1" 200 16206 "http://ed.activities.at/entry.php?id=11671" "Mozilla/5.0 (Windows NT 6.1; WOW64; rv:27.0) Gecko/20100101 Firefox/27.0"
80.123.96.46 - - [08/Sep/2017:10:21:36 +0200] "GET /framework/webfx/javascript/tinymce/skins/lightgray/content.min.css HTTP/1.1" 404 325 "http://ed.activities.at/entry.php?id=11671" "Mozilla/5.0 (Windows NT 6.1; WOW64; rv:27.0) Gecko/20100101 Firefox/27.0"
80.123.96.46 - - [08/Sep/2017:10:21:42 +0200] "POST /entry.php?id=11671 HTTP/1.1" 200 3612 "http://ed.activities.at/entry.php?id=11671" "Mozilla/5.0 (Windows NT 6.1; WOW64; rv:27.0) Gecko/20100101 Firefox/27.0"
80.123.96.46 - - [08/Sep/2017:10:21:42 +0200] "GET /gui/javascript/form_form.js?1504858902 HTTP/1.1" 200 16206 "http://ed.activities.at/entry.php?id=11671" "Mozilla/5.0 (Windows NT 6.1; WOW64; rv:27.0) Gecko/20100101 Firefox/27.0"
80.123.96.46 - - [08/Sep/2017:10:21:43 +0200] "GET /framework/webfx/javascript/tinymce/skins/lightgray/content.min.css HTTP/1.1" 404 325 "http://ed.activities.at/entry.php?id=11671" "Mozilla/5.0 (Windows NT 6.1; WOW64; rv:27.0) Gecko/20100101 Firefox/27.0"
80.123.96.46 - - [08/Sep/2017:10:21:45 +0200] "POST /entry.php?id=11671 HTTP/1.1" 200 3367 "http://ed.activities.at/entry.php?id=11671" "Mozilla/5.0 (Windows NT 6.1; WOW64; rv:27.0) Gecko/20100101 Firefox/27.0"
80.123.96.46 - - [08/Sep/2017:10:21:45 +0200] "GET /gui/javascript/form_form.js?1504858905 HTTP/1.1" 200 16206 "http://ed.activities.at/entry.php?id=11671" "Mozilla/5.0 (Windows NT 6.1; WOW64; rv:27.0) Gecko/20100101 Firefox/27.0"
