78.3.136.95 - - [11/Sep/2017:11:38:28 +0200] "GET /entry.php?id=10271&&ser=122647 HTTP/1.1" 200 987 "http://ed.activities.at/entry.php?id=10271&&ser=122586" "Mozilla/5.0 (Windows NT 6.3; WOW64; rv:50.0) Gecko/20100101 Firefox/50.0"
78.3.136.95 - - [11/Sep/2017:11:38:29 +0200] "GET /gui/javascript/jquery/css/gui-themes/custom.min.css HTTP/1.1" 200 5618 "http://ed.activities.at/entry.php?id=10271&&ser=122647" "Mozilla/5.0 (Windows NT 6.3; WOW64; rv:50.0) Gecko/20100101 Firefox/50.0"
78.3.136.95 - - [11/Sep/2017:11:38:29 +0200] "GET /gui/javascript/jquery/css/gui-themes/ui.spinner.css HTTP/1.1" 200 350 "http://ed.activities.at/entry.php?id=10271&&ser=122647" "Mozilla/5.0 (Windows NT 6.3; WOW64; rv:50.0) Gecko/20100101 Firefox/50.0"
78.3.136.95 - - [11/Sep/2017:11:38:29 +0200] "GET /gui/javascript/jquery/css/gui-themes/jquery.tooltip.css HTTP/1.1" 200 246 "http://ed.activities.at/entry.php?id=10271&&ser=122647" "Mozilla/5.0 (Windows NT 6.3; WOW64; rv:50.0) Gecko/20100101 Firefox/50.0"
78.3.136.95 - - [11/Sep/2017:11:38:29 +0200] "GET /gui/styles/tmplDefault.css HTTP/1.1" 200 2135 "http://ed.activities.at/entry.php?id=10271&&ser=122647" "Mozilla/5.0 (Windows NT 6.3; WOW64; rv:50.0) Gecko/20100101 Firefox/50.0"
78.3.136.95 - - [11/Sep/2017:11:38:29 +0200] "GET /gui/javascript/form_form.js?1505122708 HTTP/1.1" 200 16206 "http://ed.activities.at/entry.php?id=10271&&ser=122647" "Mozilla/5.0 (Windows NT 6.3; WOW64; rv:50.0) Gecko/20100101 Firefox/50.0"
78.3.136.95 - - [11/Sep/2017:11:38:29 +0200] "GET /gui/javascript/jquery/js/jquery-1.8.2.js HTTP/1.1" 200 35391 "http://ed.activities.at/entry.php?id=10271&&ser=122647" "Mozilla/5.0 (Windows NT 6.3; WOW64; rv:50.0) Gecko/20100101 Firefox/50.0"
78.3.136.95 - - [11/Sep/2017:11:38:29 +0200] "GET /gui/javascript/jquery/jquery-tooltip/jquery.tooltip.min.js HTTP/1.1" 200 1982 "http://ed.activities.at/entry.php?id=10271&&ser=122647" "Mozilla/5.0 (Windows NT 6.3; WOW64; rv:50.0) Gecko/20100101 Firefox/50.0"
78.3.136.95 - - [11/Sep/2017:11:38:29 +0200] "GET /gui/javascript/jquery/js/jquery-ui-1.9.0.custom.min.js HTTP/1.1" 200 51286 "http://ed.activities.at/entry.php?id=10271&&ser=122647" "Mozilla/5.0 (Windows NT 6.3; WOW64; rv:50.0) Gecko/20100101 Firefox/50.0"
212.108.43.59 - - [11/Sep/2017:11:38:35 +0200] "POST /entry.php?id=11676 HTTP/1.1" 200 3584 "http://ed.activities.at/entry.php?id=11676" "Mozilla/5.0 (Macintosh; Intel Mac OS X 10_12_6) AppleWebKit/537.36 (KHTML, like Gecko) Chrome/60.0.3112.101 Safari/537.36"
212.108.43.59 - - [11/Sep/2017:11:38:36 +0200] "GET /gui/javascript/form_form.js?1505122716 HTTP/1.1" 200 16206 "http://ed.activities.at/entry.php?id=11676" "Mozilla/5.0 (Macintosh; Intel Mac OS X 10_12_6) AppleWebKit/537.36 (KHTML, like Gecko) Chrome/60.0.3112.101 Safari/537.36"
212.108.43.59 - - [11/Sep/2017:11:38:37 +0200] "GET /framework/webfx/javascript/tinymce/skins/lightgray/content.min.css HTTP/1.1" 404 325 "http://ed.activities.at/entry.php?id=11676" "Mozilla/5.0 (Macintosh; Intel Mac OS X 10_12_6) AppleWebKit/537.36 (KHTML, like Gecko) Chrome/60.0.3112.101 Safari/537.36"
212.108.43.59 - - [11/Sep/2017:11:38:40 +0200] "POST /entry.php?id=11676 HTTP/1.1" 200 4591 "http://ed.activities.at/entry.php?id=11676" "Mozilla/5.0 (Macintosh; Intel Mac OS X 10_12_6) AppleWebKit/537.36 (KHTML, like Gecko) Chrome/60.0.3112.101 Safari/537.36"
212.108.43.59 - - [11/Sep/2017:11:38:42 +0200] "GET /gui/javascript/form_form.js?1505122721 HTTP/1.1" 200 16206 "http://ed.activities.at/entry.php?id=11676" "Mozilla/5.0 (Macintosh; Intel Mac OS X 10_12_6) AppleWebKit/537.36 (KHTML, like Gecko) Chrome/60.0.3112.101 Safari/537.36"
212.108.43.59 - - [11/Sep/2017:11:38:43 +0200] "POST /entry.php?id=11676 HTTP/1.1" 200 4880 "http://ed.activities.at/entry.php?id=11676" "Mozilla/5.0 (Macintosh; Intel Mac OS X 10_12_6) AppleWebKit/537.36 (KHTML, like Gecko) Chrome/60.0.3112.101 Safari/537.36"
212.108.43.59 - - [11/Sep/2017:11:38:44 +0200] "GET /gui/javascript/form_form.js?1505122724 HTTP/1.1" 200 16206 "http://ed.activities.at/entry.php?id=11676" "Mozilla/5.0 (Macintosh; Intel Mac OS X 10_12_6) AppleWebKit/537.36 (KHTML, like Gecko) Chrome/60.0.3112.101 Safari/537.36"
212.108.43.59 - - [11/Sep/2017:11:38:49 +0200] "GET /entry.php?id=10271&&ser=122667 HTTP/1.1" 200 987 "http://ed.activities.at/entry.php?id=10271&&ser=122607" "Mozilla/5.0 (Macintosh; Intel Mac OS X 10_12_6) AppleWebKit/537.36 (KHTML, like Gecko) Chrome/60.0.3112.101 Safari/537.36"
212.108.43.59 - - [11/Sep/2017:11:38:49 +0200] "GET /gui/javascript/form_form.js?1505122729 HTTP/1.1" 200 16206 "http://ed.activities.at/entry.php?id=10271&&ser=122667" "Mozilla/5.0 (Macintosh; Intel Mac OS X 10_12_6) AppleWebKit/537.36 (KHTML, like Gecko) Chrome/60.0.3112.101 Safari/537.36"
80.122.130.46 - - [11/Sep/2017:11:39:10 +0200] "GET /entry.php?id=10271&&ser=122689 HTTP/1.1" 200 987 "http://ed.activities.at/entry.php?id=10271&&ser=122629" "Mozilla/5.0 (Windows NT 6.1; rv:55.0) Gecko/20100101 Firefox/55.0"
80.122.130.46 - - [11/Sep/2017:11:39:10 +0200] "GET /gui/javascript/form_form.js?1505122750 HTTP/1.1" 200 16206 "http://ed.activities.at/entry.php?id=10271&&ser=122689" "Mozilla/5.0 (Windows NT 6.1; rv:55.0) Gecko/20100101 Firefox/55.0"
78.3.136.95 - - [11/Sep/2017:11:39:29 +0200] "GET /entry.php?id=10271&&ser=122708 HTTP/1.1" 200 987 "http://ed.activities.at/entry.php?id=10271&&ser=122647" "Mozilla/5.0 (Windows NT 6.3; WOW64; rv:50.0) Gecko/20100101 Firefox/50.0"
78.3.136.95 - - [11/Sep/2017:11:39:30 +0200] "GET /gui/javascript/jquery/css/gui-themes/ui.spinner.css HTTP/1.1" 200 350 "http://ed.activities.at/entry.php?id=10271&&ser=122708" "Mozilla/5.0 (Windows NT 6.3; WOW64; rv:50.0) Gecko/20100101 Firefox/50.0"
78.3.136.95 - - [11/Sep/2017:11:39:30 +0200] "GET /gui/javascript/jquery/css/gui-themes/jquery.tooltip.css HTTP/1.1" 200 246 "http://ed.activities.at/entry.php?id=10271&&ser=122708" "Mozilla/5.0 (Windows NT 6.3; WOW64; rv:50.0) Gecko/20100101 Firefox/50.0"
78.3.136.95 - - [11/Sep/2017:11:39:30 +0200] "GET /gui/javascript/jquery/css/gui-themes/custom.min.css HTTP/1.1" 200 5618 "http://ed.activities.at/entry.php?id=10271&&ser=122708" "Mozilla/5.0 (Windows NT 6.3; WOW64; rv:50.0) Gecko/20100101 Firefox/50.0"
78.3.136.95 - - [11/Sep/2017:11:39:30 +0200] "GET /gui/styles/tmplDefault.css HTTP/1.1" 200 2135 "http://ed.activities.at/entry.php?id=10271&&ser=122708" "Mozilla/5.0 (Windows NT 6.3; WOW64; rv:50.0) Gecko/20100101 Firefox/50.0"
78.3.136.95 - - [11/Sep/2017:11:39:30 +0200] "GET /gui/javascript/form_form.js?1505122769 HTTP/1.1" 200 16206 "http://ed.activities.at/entry.php?id=10271&&ser=122708" "Mozilla/5.0 (Windows NT 6.3; WOW64; rv:50.0) Gecko/20100101 Firefox/50.0"
78.3.136.95 - - [11/Sep/2017:11:39:30 +0200] "GET /gui/javascript/jquery/js/jquery-1.8.2.js HTTP/1.1" 200 35391 "http://ed.activities.at/entry.php?id=10271&&ser=122708" "Mozilla/5.0 (Windows NT 6.3; WOW64; rv:50.0) Gecko/20100101 Firefox/50.0"
78.3.136.95 - - [11/Sep/2017:11:39:30 +0200] "GET /gui/javascript/jquery/jquery-tooltip/jquery.tooltip.min.js HTTP/1.1" 200 1982 "http://ed.activities.at/entry.php?id=10271&&ser=122708" "Mozilla/5.0 (Windows NT 6.3; WOW64; rv:50.0) Gecko/20100101 Firefox/50.0"
78.3.136.95 - - [11/Sep/2017:11:39:30 +0200] "GET /gui/javascript/jquery/js/jquery-ui-1.9.0.custom.min.js HTTP/1.1" 200 51286 "http://ed.activities.at/entry.php?id=10271&&ser=122708" "Mozilla/5.0 (Windows NT 6.3; WOW64; rv:50.0) Gecko/20100101 Firefox/50.0"
80.122.130.46 - - [11/Sep/2017:11:39:51 +0200] "POST /entry.php?id=11671 HTTP/1.1" 200 5024 "http://ed.activities.at/entry.php?id=11671" "Mozilla/5.0 (Windows NT 6.1; rv:55.0) Gecko/20100101 Firefox/55.0"
80.122.130.46 - - [11/Sep/2017:11:39:51 +0200] "GET /gui/javascript/form_form.js?1505122791 HTTP/1.1" 200 16206 "http://ed.activities.at/entry.php?id=11671" "Mozilla/5.0 (Windows NT 6.1; rv:55.0) Gecko/20100101 Firefox/55.0"
80.122.130.46 - - [11/Sep/2017:11:39:52 +0200] "GET /entry.php?id=10776&form=11496&name=list& HTTP/1.1" 200 1519 "http://ed.activities.at/entry.php?id=11671" "Mozilla/5.0 (Windows NT 6.1; rv:55.0) Gecko/20100101 Firefox/55.0"
80.122.130.46 - - [11/Sep/2017:11:39:52 +0200] "GET /entry.php?id=10778&form=11496&name=list& HTTP/1.1" 200 5868 "http://ed.activities.at/entry.php?id=11671" "Mozilla/5.0 (Windows NT 6.1; rv:55.0) Gecko/20100101 Firefox/55.0"
212.108.43.59 - - [11/Sep/2017:11:39:52 +0200] "GET /entry.php?id=10271&&ser=122729 HTTP/1.1" 200 987 "http://ed.activities.at/entry.php?id=10271&&ser=122667" "Mozilla/5.0 (Macintosh; Intel Mac OS X 10_12_6) AppleWebKit/537.36 (KHTML, like Gecko) Chrome/60.0.3112.101 Safari/537.36"
212.108.43.59 - - [11/Sep/2017:11:39:52 +0200] "GET /gui/javascript/form_form.js?1505122792 HTTP/1.1" 200 16206 "http://ed.activities.at/entry.php?id=10271&&ser=122729" "Mozilla/5.0 (Macintosh; Intel Mac OS X 10_12_6) AppleWebKit/537.36 (KHTML, like Gecko) Chrome/60.0.3112.101 Safari/537.36"
80.122.130.46 - - [11/Sep/2017:11:39:55 +0200] "POST /entry.php?id=11671 HTTP/1.1" 200 3201 "http://ed.activities.at/entry.php?id=11671" "Mozilla/5.0 (Windows NT 6.1; rv:55.0) Gecko/20100101 Firefox/55.0"
80.122.130.46 - - [11/Sep/2017:11:39:56 +0200] "GET /gui/javascript/form_form.js?1505122796 HTTP/1.1" 200 16206 "http://ed.activities.at/entry.php?id=11671" "Mozilla/5.0 (Windows NT 6.1; rv:55.0) Gecko/20100101 Firefox/55.0"
80.122.130.46 - - [11/Sep/2017:11:39:57 +0200] "GET /framework/webfx/javascript/tinymce/skins/lightgray/content.min.css HTTP/1.1" 404 325 "http://ed.activities.at/entry.php?id=11671" "Mozilla/5.0 (Windows NT 6.1; rv:55.0) Gecko/20100101 Firefox/55.0"
80.122.130.46 - - [11/Sep/2017:11:40:01 +0200] "POST /entry.php?id=11671 HTTP/1.1" 200 3461 "http://ed.activities.at/entry.php?id=11671" "Mozilla/5.0 (Windows NT 6.1; rv:55.0) Gecko/20100101 Firefox/55.0"
80.122.130.46 - - [11/Sep/2017:11:40:01 +0200] "GET /gui/javascript/form_form.js?1505122801 HTTP/1.1" 200 16206 "http://ed.activities.at/entry.php?id=11671" "Mozilla/5.0 (Windows NT 6.1; rv:55.0) Gecko/20100101 Firefox/55.0"
80.122.130.46 - - [11/Sep/2017:11:40:02 +0200] "GET /framework/webfx/javascript/tinymce/skins/lightgray/content.min.css HTTP/1.1" 404 325 "http://ed.activities.at/entry.php?id=11671" "Mozilla/5.0 (Windows NT 6.1; rv:55.0) Gecko/20100101 Firefox/55.0"
80.122.130.46 - - [11/Sep/2017:11:40:03 +0200] "POST /entry.php?id=11671 HTTP/1.1" 200 4816 "http://ed.activities.at/entry.php?id=11671" "Mozilla/5.0 (Windows NT 6.1; rv:55.0) Gecko/20100101 Firefox/55.0"
80.122.130.46 - - [11/Sep/2017:11:40:04 +0200] "GET /gui/javascript/form_form.js?1505122804 HTTP/1.1" 200 16206 "http://ed.activities.at/entry.php?id=11671" "Mozilla/5.0 (Windows NT 6.1; rv:55.0) Gecko/20100101 Firefox/55.0"
80.122.130.46 - - [11/Sep/2017:11:40:04 +0200] "GET /entry.php?id=10776&form=11496&name=list& HTTP/1.1" 200 1519 "http://ed.activities.at/entry.php?id=11671" "Mozilla/5.0 (Windows NT 6.1; rv:55.0) Gecko/20100101 Firefox/55.0"
80.122.130.46 - - [11/Sep/2017:11:40:04 +0200] "GET /entry.php?id=10778&form=11496&name=list& HTTP/1.1" 200 5868 "http://ed.activities.at/entry.php?id=11671" "Mozilla/5.0 (Windows NT 6.1; rv:55.0) Gecko/20100101 Firefox/55.0"
212.108.43.59 - - [11/Sep/2017:11:40:06 +0200] "POST /entry.php?id=11676 HTTP/1.1" 200 4579 "http://ed.activities.at/entry.php?id=11676" "Mozilla/5.0 (Macintosh; Intel Mac OS X 10_12_6) AppleWebKit/537.36 (KHTML, like Gecko) Chrome/60.0.3112.101 Safari/537.36"
212.108.43.59 - - [11/Sep/2017:11:40:07 +0200] "GET /gui/javascript/form_form.js?1505122807 HTTP/1.1" 200 16206 "http://ed.activities.at/entry.php?id=11676" "Mozilla/5.0 (Macintosh; Intel Mac OS X 10_12_6) AppleWebKit/537.36 (KHTML, like Gecko) Chrome/60.0.3112.101 Safari/537.36"
80.122.130.46 - - [11/Sep/2017:11:40:10 +0200] "POST /entry.php?id=11671 HTTP/1.1" 200 5021 "http://ed.activities.at/entry.php?id=11671" "Mozilla/5.0 (Windows NT 6.1; rv:55.0) Gecko/20100101 Firefox/55.0"
80.122.130.46 - - [11/Sep/2017:11:40:10 +0200] "GET /entry.php?id=10271&&ser=122750 HTTP/1.1" 200 987 "http://ed.activities.at/entry.php?id=10271&&ser=122689" "Mozilla/5.0 (Windows NT 6.1; rv:55.0) Gecko/20100101 Firefox/55.0"
80.122.130.46 - - [11/Sep/2017:11:40:10 +0200] "GET /gui/javascript/form_form.js?1505122810 HTTP/1.1" 200 16206 "http://ed.activities.at/entry.php?id=11671" "Mozilla/5.0 (Windows NT 6.1; rv:55.0) Gecko/20100101 Firefox/55.0"
80.122.130.46 - - [11/Sep/2017:11:40:11 +0200] "GET /entry.php?id=10776&form=11496&name=list& HTTP/1.1" 200 1519 "http://ed.activities.at/entry.php?id=11671" "Mozilla/5.0 (Windows NT 6.1; rv:55.0) Gecko/20100101 Firefox/55.0"
80.122.130.46 - - [11/Sep/2017:11:40:11 +0200] "GET /entry.php?id=10778&form=11496&name=list& HTTP/1.1" 200 5861 "http://ed.activities.at/entry.php?id=11671" "Mozilla/5.0 (Windows NT 6.1; rv:55.0) Gecko/20100101 Firefox/55.0"
80.122.130.46 - - [11/Sep/2017:11:40:23 +0200] "POST /entry.php?id=11671 HTTP/1.1" 200 5021 "http://ed.activities.at/entry.php?id=11671" "Mozilla/5.0 (Windows NT 6.1; rv:55.0) Gecko/20100101 Firefox/55.0"
80.122.130.46 - - [11/Sep/2017:11:40:23 +0200] "GET /gui/javascript/form_form.js?1505122823 HTTP/1.1" 200 16206 "http://ed.activities.at/entry.php?id=11671" "Mozilla/5.0 (Windows NT 6.1; rv:55.0) Gecko/20100101 Firefox/55.0"
80.122.130.46 - - [11/Sep/2017:11:40:24 +0200] "GET /entry.php?id=10776&form=11496&name=list& HTTP/1.1" 200 1519 "http://ed.activities.at/entry.php?id=11671" "Mozilla/5.0 (Windows NT 6.1; rv:55.0) Gecko/20100101 Firefox/55.0"
80.122.130.46 - - [11/Sep/2017:11:40:24 +0200] "GET /entry.php?id=10778&form=11496&name=list& HTTP/1.1" 200 5862 "http://ed.activities.at/entry.php?id=11671" "Mozilla/5.0 (Windows NT 6.1; rv:55.0) Gecko/20100101 Firefox/55.0"
80.122.130.46 - - [11/Sep/2017:11:40:27 +0200] "POST /entry.php?id=11671 HTTP/1.1" 200 4803 "http://ed.activities.at/entry.php?id=11671" "Mozilla/5.0 (Windows NT 6.1; rv:55.0) Gecko/20100101 Firefox/55.0"
80.122.130.46 - - [11/Sep/2017:11:40:28 +0200] "GET /gui/javascript/form_form.js?1505122828 HTTP/1.1" 200 16206 "http://ed.activities.at/entry.php?id=11671" "Mozilla/5.0 (Windows NT 6.1; rv:55.0) Gecko/20100101 Firefox/55.0"
80.122.130.46 - - [11/Sep/2017:11:40:28 +0200] "GET /entry.php?id=10776&form=11496&name=list& HTTP/1.1" 200 1519 "http://ed.activities.at/entry.php?id=11671" "Mozilla/5.0 (Windows NT 6.1; rv:55.0) Gecko/20100101 Firefox/55.0"
80.122.130.46 - - [11/Sep/2017:11:40:28 +0200] "GET /entry.php?id=10778&form=11496&name=list& HTTP/1.1" 200 5599 "http://ed.activities.at/entry.php?id=11671" "Mozilla/5.0 (Windows NT 6.1; rv:55.0) Gecko/20100101 Firefox/55.0"
78.3.136.95 - - [11/Sep/2017:11:40:30 +0200] "GET /entry.php?id=10271&&ser=122769 HTTP/1.1" 200 986 "http://ed.activities.at/entry.php?id=10271&&ser=122708" "Mozilla/5.0 (Windows NT 6.3; WOW64; rv:50.0) Gecko/20100101 Firefox/50.0"
78.3.136.95 - - [11/Sep/2017:11:40:31 +0200] "GET /gui/javascript/jquery/css/gui-themes/ui.spinner.css HTTP/1.1" 200 350 "http://ed.activities.at/entry.php?id=10271&&ser=122769" "Mozilla/5.0 (Windows NT 6.3; WOW64; rv:50.0) Gecko/20100101 Firefox/50.0"
78.3.136.95 - - [11/Sep/2017:11:40:31 +0200] "GET /gui/javascript/jquery/css/gui-themes/jquery.tooltip.css HTTP/1.1" 200 246 "http://ed.activities.at/entry.php?id=10271&&ser=122769" "Mozilla/5.0 (Windows NT 6.3; WOW64; rv:50.0) Gecko/20100101 Firefox/50.0"
78.3.136.95 - - [11/Sep/2017:11:40:31 +0200] "GET /gui/styles/tmplDefault.css HTTP/1.1" 200 2135 "http://ed.activities.at/entry.php?id=10271&&ser=122769" "Mozilla/5.0 (Windows NT 6.3; WOW64; rv:50.0) Gecko/20100101 Firefox/50.0"
78.3.136.95 - - [11/Sep/2017:11:40:31 +0200] "GET /gui/javascript/jquery/css/gui-themes/custom.min.css HTTP/1.1" 200 5618 "http://ed.activities.at/entry.php?id=10271&&ser=122769" "Mozilla/5.0 (Windows NT 6.3; WOW64; rv:50.0) Gecko/20100101 Firefox/50.0"
78.3.136.95 - - [11/Sep/2017:11:40:31 +0200] "GET /gui/javascript/form_form.js?1505122831 HTTP/1.1" 200 16206 "http://ed.activities.at/entry.php?id=10271&&ser=122769" "Mozilla/5.0 (Windows NT 6.3; WOW64; rv:50.0) Gecko/20100101 Firefox/50.0"
78.3.136.95 - - [11/Sep/2017:11:40:31 +0200] "GET /gui/javascript/jquery/js/jquery-1.8.2.js HTTP/1.1" 200 35391 "http://ed.activities.at/entry.php?id=10271&&ser=122769" "Mozilla/5.0 (Windows NT 6.3; WOW64; rv:50.0) Gecko/20100101 Firefox/50.0"
78.3.136.95 - - [11/Sep/2017:11:40:31 +0200] "GET /gui/javascript/jquery/jquery-tooltip/jquery.tooltip.min.js HTTP/1.1" 200 1982 "http://ed.activities.at/entry.php?id=10271&&ser=122769" "Mozilla/5.0 (Windows NT 6.3; WOW64; rv:50.0) Gecko/20100101 Firefox/50.0"
78.3.136.95 - - [11/Sep/2017:11:40:31 +0200] "GET /gui/javascript/jquery/js/jquery-ui-1.9.0.custom.min.js HTTP/1.1" 200 51286 "http://ed.activities.at/entry.php?id=10271&&ser=122769" "Mozilla/5.0 (Windows NT 6.3; WOW64; rv:50.0) Gecko/20100101 Firefox/50.0"
212.108.43.59 - - [11/Sep/2017:11:40:42 +0200] "POST /entry.php?id=11676 HTTP/1.1" 200 4690 "http://ed.activities.at/entry.php?id=11676" "Mozilla/5.0 (Macintosh; Intel Mac OS X 10_12_6) AppleWebKit/537.36 (KHTML, like Gecko) Chrome/60.0.3112.101 Safari/537.36"
212.108.43.59 - - [11/Sep/2017:11:40:43 +0200] "GET /cache/emu/images/easy-drivers-triesterstra10290723/edaktionsseitemotorradherbstpng_270_123_0.png HTTP/1.1" 200 34968 "http://ed.activities.at/entry.php?id=11676" "Mozilla/5.0 (Macintosh; Intel Mac OS X 10_12_6) AppleWebKit/537.36 (KHTML, like Gecko) Chrome/60.0.3112.101 Safari/537.36"
212.108.43.59 - - [11/Sep/2017:11:40:43 +0200] "GET /gui/javascript/form_form.js?1505122843 HTTP/1.1" 200 16206 "http://ed.activities.at/entry.php?id=11676" "Mozilla/5.0 (Macintosh; Intel Mac OS X 10_12_6) AppleWebKit/537.36 (KHTML, like Gecko) Chrome/60.0.3112.101 Safari/537.36"
212.108.43.59 - - [11/Sep/2017:11:40:52 +0200] "GET /entry.php?id=10271&&ser=122792 HTTP/1.1" 200 987 "http://ed.activities.at/entry.php?id=10271&&ser=122729" "Mozilla/5.0 (Macintosh; Intel Mac OS X 10_12_6) AppleWebKit/537.36 (KHTML, like Gecko) Chrome/60.0.3112.101 Safari/537.36"
212.108.43.59 - - [11/Sep/2017:11:40:52 +0200] "GET /gui/javascript/form_form.js?1505122852 HTTP/1.1" 200 16206 "http://ed.activities.at/entry.php?id=10271&&ser=122792" "Mozilla/5.0 (Macintosh; Intel Mac OS X 10_12_6) AppleWebKit/537.36 (KHTML, like Gecko) Chrome/60.0.3112.101 Safari/537.36"
80.122.130.46 - - [11/Sep/2017:11:40:58 +0200] "POST /entry.php?id=11671 HTTP/1.1" 200 5026 "http://ed.activities.at/entry.php?id=11671" "Mozilla/5.0 (Windows NT 6.1; rv:55.0) Gecko/20100101 Firefox/55.0"
80.122.130.46 - - [11/Sep/2017:11:40:58 +0200] "GET /gui/javascript/form_form.js?1505122858 HTTP/1.1" 200 16206 "http://ed.activities.at/entry.php?id=11671" "Mozilla/5.0 (Windows NT 6.1; rv:55.0) Gecko/20100101 Firefox/55.0"
80.122.130.46 - - [11/Sep/2017:11:40:59 +0200] "GET /entry.php?id=10776&form=11496&name=list& HTTP/1.1" 200 1519 "http://ed.activities.at/entry.php?id=11671" "Mozilla/5.0 (Windows NT 6.1; rv:55.0) Gecko/20100101 Firefox/55.0"
80.122.130.46 - - [11/Sep/2017:11:40:59 +0200] "GET /entry.php?id=10778&form=11496&name=list& HTTP/1.1" 200 5862 "http://ed.activities.at/entry.php?id=11671" "Mozilla/5.0 (Windows NT 6.1; rv:55.0) Gecko/20100101 Firefox/55.0"
212.108.43.59 - - [11/Sep/2017:11:41:09 +0200] "POST /entry.php?id=11676 HTTP/1.1" 200 4566 "http://ed.activities.at/entry.php?id=11676" "Mozilla/5.0 (Macintosh; Intel Mac OS X 10_12_6) AppleWebKit/537.36 (KHTML, like Gecko) Chrome/60.0.3112.101 Safari/537.36"
212.108.43.59 - - [11/Sep/2017:11:41:10 +0200] "GET /gui/javascript/form_form.js?1505122870 HTTP/1.1" 200 16206 "http://ed.activities.at/entry.php?id=11676" "Mozilla/5.0 (Macintosh; Intel Mac OS X 10_12_6) AppleWebKit/537.36 (KHTML, like Gecko) Chrome/60.0.3112.101 Safari/537.36"
80.122.130.46 - - [11/Sep/2017:11:41:11 +0200] "GET /entry.php?id=10271&&ser=122810 HTTP/1.1" 200 986 "http://ed.activities.at/entry.php?id=10271&&ser=122750" "Mozilla/5.0 (Windows NT 6.1; rv:55.0) Gecko/20100101 Firefox/55.0"
80.122.130.46 - - [11/Sep/2017:11:41:11 +0200] "GET /gui/javascript/form_form.js?1505122871 HTTP/1.1" 200 16206 "http://ed.activities.at/entry.php?id=10271&&ser=122810" "Mozilla/5.0 (Windows NT 6.1; rv:55.0) Gecko/20100101 Firefox/55.0"
212.108.43.59 - - [11/Sep/2017:11:41:12 +0200] "POST /entry.php?id=11676 HTTP/1.1" 200 3476 "http://ed.activities.at/entry.php?id=11676" "Mozilla/5.0 (Macintosh; Intel Mac OS X 10_12_6) AppleWebKit/537.36 (KHTML, like Gecko) Chrome/60.0.3112.101 Safari/537.36"
212.108.43.59 - - [11/Sep/2017:11:41:13 +0200] "GET /gui/javascript/form_form.js?1505122872 HTTP/1.1" 200 16206 "http://ed.activities.at/entry.php?id=11676" "Mozilla/5.0 (Macintosh; Intel Mac OS X 10_12_6) AppleWebKit/537.36 (KHTML, like Gecko) Chrome/60.0.3112.101 Safari/537.36"
212.108.43.59 - - [11/Sep/2017:11:41:13 +0200] "GET /framework/webfx/javascript/tinymce/skins/lightgray/content.min.css HTTP/1.1" 404 325 "http://ed.activities.at/entry.php?id=11676" "Mozilla/5.0 (Macintosh; Intel Mac OS X 10_12_6) AppleWebKit/537.36 (KHTML, like Gecko) Chrome/60.0.3112.101 Safari/537.36"
80.122.130.46 - - [11/Sep/2017:11:41:15 +0200] "POST /entry.php?id=11671 HTTP/1.1" 200 4618 "http://ed.activities.at/entry.php?id=11671" "Mozilla/5.0 (Windows NT 6.1; rv:55.0) Gecko/20100101 Firefox/55.0"
80.122.130.46 - - [11/Sep/2017:11:41:15 +0200] "GET /gui/javascript/form_form.js?1505122875 HTTP/1.1" 200 16206 "http://ed.activities.at/entry.php?id=11671" "Mozilla/5.0 (Windows NT 6.1; rv:55.0) Gecko/20100101 Firefox/55.0"
80.122.130.46 - - [11/Sep/2017:11:41:15 +0200] "GET /entry.php?id=10776&form=11496&name=list& HTTP/1.1" 200 1519 "http://ed.activities.at/entry.php?id=11671" "Mozilla/5.0 (Windows NT 6.1; rv:55.0) Gecko/20100101 Firefox/55.0"
80.122.130.46 - - [11/Sep/2017:11:41:15 +0200] "GET /entry.php?id=10778&form=11496&name=list& HTTP/1.1" 200 5599 "http://ed.activities.at/entry.php?id=11671" "Mozilla/5.0 (Windows NT 6.1; rv:55.0) Gecko/20100101 Firefox/55.0"
212.108.43.59 - - [11/Sep/2017:11:41:23 +0200] "POST /entry.php?id=11676 HTTP/1.1" 200 4564 "http://ed.activities.at/entry.php?id=11676" "Mozilla/5.0 (Macintosh; Intel Mac OS X 10_12_6) AppleWebKit/537.36 (KHTML, like Gecko) Chrome/60.0.3112.101 Safari/537.36"
212.108.43.59 - - [11/Sep/2017:11:41:24 +0200] "GET /gui/javascript/form_form.js?1505122884 HTTP/1.1" 200 16206 "http://ed.activities.at/entry.php?id=11676" "Mozilla/5.0 (Macintosh; Intel Mac OS X 10_12_6) AppleWebKit/537.36 (KHTML, like Gecko) Chrome/60.0.3112.101 Safari/537.36"
78.3.136.95 - - [11/Sep/2017:11:41:32 +0200] "GET /entry.php?id=10271&&ser=122831 HTTP/1.1" 200 987 "http://ed.activities.at/entry.php?id=10271&&ser=122769" "Mozilla/5.0 (Windows NT 6.3; WOW64; rv:50.0) Gecko/20100101 Firefox/50.0"
78.3.136.95 - - [11/Sep/2017:11:41:32 +0200] "GET /gui/javascript/jquery/css/gui-themes/jquery.tooltip.css HTTP/1.1" 200 246 "http://ed.activities.at/entry.php?id=10271&&ser=122831" "Mozilla/5.0 (Windows NT 6.3; WOW64; rv:50.0) Gecko/20100101 Firefox/50.0"
78.3.136.95 - - [11/Sep/2017:11:41:32 +0200] "GET /gui/javascript/jquery/css/gui-themes/ui.spinner.css HTTP/1.1" 200 350 "http://ed.activities.at/entry.php?id=10271&&ser=122831" "Mozilla/5.0 (Windows NT 6.3; WOW64; rv:50.0) Gecko/20100101 Firefox/50.0"
78.3.136.95 - - [11/Sep/2017:11:41:32 +0200] "GET /gui/javascript/jquery/css/gui-themes/custom.min.css HTTP/1.1" 200 5618 "http://ed.activities.at/entry.php?id=10271&&ser=122831" "Mozilla/5.0 (Windows NT 6.3; WOW64; rv:50.0) Gecko/20100101 Firefox/50.0"
78.3.136.95 - - [11/Sep/2017:11:41:32 +0200] "GET /gui/styles/tmplDefault.css HTTP/1.1" 200 2135 "http://ed.activities.at/entry.php?id=10271&&ser=122831" "Mozilla/5.0 (Windows NT 6.3; WOW64; rv:50.0) Gecko/20100101 Firefox/50.0"
78.3.136.95 - - [11/Sep/2017:11:41:32 +0200] "GET /gui/javascript/form_form.js?1505122892 HTTP/1.1" 200 16206 "http://ed.activities.at/entry.php?id=10271&&ser=122831" "Mozilla/5.0 (Windows NT 6.3; WOW64; rv:50.0) Gecko/20100101 Firefox/50.0"
78.3.136.95 - - [11/Sep/2017:11:41:32 +0200] "GET /gui/javascript/jquery/js/jquery-1.8.2.js HTTP/1.1" 200 35391 "http://ed.activities.at/entry.php?id=10271&&ser=122831" "Mozilla/5.0 (Windows NT 6.3; WOW64; rv:50.0) Gecko/20100101 Firefox/50.0"
78.3.136.95 - - [11/Sep/2017:11:41:32 +0200] "GET /gui/javascript/jquery/jquery-tooltip/jquery.tooltip.min.js HTTP/1.1" 200 1982 "http://ed.activities.at/entry.php?id=10271&&ser=122831" "Mozilla/5.0 (Windows NT 6.3; WOW64; rv:50.0) Gecko/20100101 Firefox/50.0"
78.3.136.95 - - [11/Sep/2017:11:41:32 +0200] "GET /gui/javascript/jquery/js/jquery-ui-1.9.0.custom.min.js HTTP/1.1" 200 51286 "http://ed.activities.at/entry.php?id=10271&&ser=122831" "Mozilla/5.0 (Windows NT 6.3; WOW64; rv:50.0) Gecko/20100101 Firefox/50.0"
212.108.43.59 - - [11/Sep/2017:11:41:37 +0200] "POST /entry.php?id=11676 HTTP/1.1" 200 4893 "http://ed.activities.at/entry.php?id=11676" "Mozilla/5.0 (Macintosh; Intel Mac OS X 10_12_6) AppleWebKit/537.36 (KHTML, like Gecko) Chrome/60.0.3112.101 Safari/537.36"
212.108.43.59 - - [11/Sep/2017:11:41:38 +0200] "GET /gui/javascript/form_form.js?1505122898 HTTP/1.1" 200 16206 "http://ed.activities.at/entry.php?id=11676" "Mozilla/5.0 (Macintosh; Intel Mac OS X 10_12_6) AppleWebKit/537.36 (KHTML, like Gecko) Chrome/60.0.3112.101 Safari/537.36"
212.108.43.59 - - [11/Sep/2017:11:41:40 +0200] "POST /entry.php?id=11676 HTTP/1.1" 200 4871 "http://ed.activities.at/entry.php?id=11676" "Mozilla/5.0 (Macintosh; Intel Mac OS X 10_12_6) AppleWebKit/537.36 (KHTML, like Gecko) Chrome/60.0.3112.101 Safari/537.36"
212.108.43.59 - - [11/Sep/2017:11:41:41 +0200] "GET /gui/javascript/form_form.js?1505122901 HTTP/1.1" 200 16206 "http://ed.activities.at/entry.php?id=11676" "Mozilla/5.0 (Macintosh; Intel Mac OS X 10_12_6) AppleWebKit/537.36 (KHTML, like Gecko) Chrome/60.0.3112.101 Safari/537.36"
212.108.43.59 - - [11/Sep/2017:11:41:53 +0200] "GET /entry.php?id=10271&&ser=122852 HTTP/1.1" 200 988 "http://ed.activities.at/entry.php?id=10271&&ser=122792" "Mozilla/5.0 (Macintosh; Intel Mac OS X 10_12_6) AppleWebKit/537.36 (KHTML, like Gecko) Chrome/60.0.3112.101 Safari/537.36"
212.108.43.59 - - [11/Sep/2017:11:41:54 +0200] "GET /gui/javascript/form_form.js?1505122913 HTTP/1.1" 200 16206 "http://ed.activities.at/entry.php?id=10271&&ser=122852" "Mozilla/5.0 (Macintosh; Intel Mac OS X 10_12_6) AppleWebKit/537.36 (KHTML, like Gecko) Chrome/60.0.3112.101 Safari/537.36"
80.122.130.46 - - [11/Sep/2017:11:42:02 +0200] "POST /entry.php?id=11671 HTTP/1.1" 200 4950 "http://ed.activities.at/entry.php?id=11671" "Mozilla/5.0 (Windows NT 6.1; rv:55.0) Gecko/20100101 Firefox/55.0"
80.122.130.46 - - [11/Sep/2017:11:42:03 +0200] "GET /gui/javascript/form_form.js?1505122923 HTTP/1.1" 200 16206 "http://ed.activities.at/entry.php?id=11671" "Mozilla/5.0 (Windows NT 6.1; rv:55.0) Gecko/20100101 Firefox/55.0"
80.122.130.46 - - [11/Sep/2017:11:42:03 +0200] "GET /entry.php?id=10776&form=11496&name=list& HTTP/1.1" 200 1519 "http://ed.activities.at/entry.php?id=11671" "Mozilla/5.0 (Windows NT 6.1; rv:55.0) Gecko/20100101 Firefox/55.0"
80.122.130.46 - - [11/Sep/2017:11:42:03 +0200] "GET /entry.php?id=10778&form=11496&name=list& HTTP/1.1" 200 5599 "http://ed.activities.at/entry.php?id=11671" "Mozilla/5.0 (Windows NT 6.1; rv:55.0) Gecko/20100101 Firefox/55.0"
212.108.43.59 - - [11/Sep/2017:11:42:04 +0200] "POST /entry.php?id=11676 HTTP/1.1" 200 4690 "http://ed.activities.at/entry.php?id=11676" "Mozilla/5.0 (Macintosh; Intel Mac OS X 10_12_6) AppleWebKit/537.36 (KHTML, like Gecko) Chrome/60.0.3112.101 Safari/537.36"
212.108.43.59 - - [11/Sep/2017:11:42:05 +0200] "GET /gui/javascript/form_form.js?1505122925 HTTP/1.1" 200 16206 "http://ed.activities.at/entry.php?id=11676" "Mozilla/5.0 (Macintosh; Intel Mac OS X 10_12_6) AppleWebKit/537.36 (KHTML, like Gecko) Chrome/60.0.3112.101 Safari/537.36"
80.122.130.46 - - [11/Sep/2017:11:42:06 +0200] "POST /entry.php?id=11671 HTTP/1.1" 200 3187 "http://ed.activities.at/entry.php?id=11671" "Mozilla/5.0 (Windows NT 6.1; rv:55.0) Gecko/20100101 Firefox/55.0"
80.122.130.46 - - [11/Sep/2017:11:42:07 +0200] "GET /gui/javascript/form_form.js?1505122927 HTTP/1.1" 200 16206 "http://ed.activities.at/entry.php?id=11671" "Mozilla/5.0 (Windows NT 6.1; rv:55.0) Gecko/20100101 Firefox/55.0"
80.122.130.46 - - [11/Sep/2017:11:42:07 +0200] "GET /framework/webfx/javascript/tinymce/skins/lightgray/content.min.css HTTP/1.1" 404 325 "http://ed.activities.at/entry.php?id=11671" "Mozilla/5.0 (Windows NT 6.1; rv:55.0) Gecko/20100101 Firefox/55.0"
80.122.130.46 - - [11/Sep/2017:11:42:11 +0200] "POST /entry.php?id=11671 HTTP/1.1" 200 3393 "http://ed.activities.at/entry.php?id=11671" "Mozilla/5.0 (Windows NT 6.1; rv:55.0) Gecko/20100101 Firefox/55.0"
80.122.130.46 - - [11/Sep/2017:11:42:12 +0200] "GET /gui/javascript/form_form.js?1505122932 HTTP/1.1" 200 16206 "http://ed.activities.at/entry.php?id=11671" "Mozilla/5.0 (Windows NT 6.1; rv:55.0) Gecko/20100101 Firefox/55.0"
80.122.130.46 - - [11/Sep/2017:11:42:12 +0200] "GET /entry.php?id=10271&&ser=122871 HTTP/1.1" 200 987 "http://ed.activities.at/entry.php?id=10271&&ser=122810" "Mozilla/5.0 (Windows NT 6.1; rv:55.0) Gecko/20100101 Firefox/55.0"
80.122.130.46 - - [11/Sep/2017:11:42:12 +0200] "GET /framework/webfx/javascript/tinymce/skins/lightgray/content.min.css HTTP/1.1" 404 325 "http://ed.activities.at/entry.php?id=11671" "Mozilla/5.0 (Windows NT 6.1; rv:55.0) Gecko/20100101 Firefox/55.0"
212.108.43.59 - - [11/Sep/2017:11:42:12 +0200] "POST /entry.php?id=11676 HTTP/1.1" 200 4982 "http://ed.activities.at/entry.php?id=11676" "Mozilla/5.0 (Macintosh; Intel Mac OS X 10_12_6) AppleWebKit/537.36 (KHTML, like Gecko) Chrome/60.0.3112.101 Safari/537.36"
212.108.43.59 - - [11/Sep/2017:11:42:13 +0200] "GET /gui/javascript/form_form.js?1505122933 HTTP/1.1" 200 16206 "http://ed.activities.at/entry.php?id=11676" "Mozilla/5.0 (Macintosh; Intel Mac OS X 10_12_6) AppleWebKit/537.36 (KHTML, like Gecko) Chrome/60.0.3112.101 Safari/537.36"
80.122.130.46 - - [11/Sep/2017:11:42:13 +0200] "POST /entry.php?id=11671 HTTP/1.1" 200 4797 "http://ed.activities.at/entry.php?id=11671" "Mozilla/5.0 (Windows NT 6.1; rv:55.0) Gecko/20100101 Firefox/55.0"
80.122.130.46 - - [11/Sep/2017:11:42:14 +0200] "GET /gui/javascript/form_form.js?1505122934 HTTP/1.1" 200 16206 "http://ed.activities.at/entry.php?id=11671" "Mozilla/5.0 (Windows NT 6.1; rv:55.0) Gecko/20100101 Firefox/55.0"
80.122.130.46 - - [11/Sep/2017:11:42:14 +0200] "GET /entry.php?id=10776&form=11496&name=list& HTTP/1.1" 200 1519 "http://ed.activities.at/entry.php?id=11671" "Mozilla/5.0 (Windows NT 6.1; rv:55.0) Gecko/20100101 Firefox/55.0"
80.122.130.46 - - [11/Sep/2017:11:42:14 +0200] "GET /entry.php?id=10778&form=11496&name=list& HTTP/1.1" 200 5599 "http://ed.activities.at/entry.php?id=11671" "Mozilla/5.0 (Windows NT 6.1; rv:55.0) Gecko/20100101 Firefox/55.0"
212.108.43.59 - - [11/Sep/2017:11:42:18 +0200] "POST /entry.php?id=11676 HTTP/1.1" 200 4983 "http://ed.activities.at/entry.php?id=11676" "Mozilla/5.0 (Macintosh; Intel Mac OS X 10_12_6) AppleWebKit/537.36 (KHTML, like Gecko) Chrome/60.0.3112.101 Safari/537.36"
212.108.43.59 - - [11/Sep/2017:11:42:20 +0200] "GET /gui/javascript/form_form.js?1505122939 HTTP/1.1" 200 16206 "http://ed.activities.at/entry.php?id=11676" "Mozilla/5.0 (Macintosh; Intel Mac OS X 10_12_6) AppleWebKit/537.36 (KHTML, like Gecko) Chrome/60.0.3112.101 Safari/537.36"
212.108.43.59 - - [11/Sep/2017:11:42:24 +0200] "POST /entry.php?id=11676 HTTP/1.1" 200 5013 "http://ed.activities.at/entry.php?id=11676" "Mozilla/5.0 (Macintosh; Intel Mac OS X 10_12_6) AppleWebKit/537.36 (KHTML, like Gecko) Chrome/60.0.3112.101 Safari/537.36"
212.108.43.59 - - [11/Sep/2017:11:42:25 +0200] "GET /gui/javascript/form_form.js?1505122945 HTTP/1.1" 200 16206 "http://ed.activities.at/entry.php?id=11676" "Mozilla/5.0 (Macintosh; Intel Mac OS X 10_12_6) AppleWebKit/537.36 (KHTML, like Gecko) Chrome/60.0.3112.101 Safari/537.36"
212.108.43.59 - - [11/Sep/2017:11:42:27 +0200] "POST /entry.php?id=11676 HTTP/1.1" 200 5013 "http://ed.activities.at/entry.php?id=11676" "Mozilla/5.0 (Macintosh; Intel Mac OS X 10_12_6) AppleWebKit/537.36 (KHTML, like Gecko) Chrome/60.0.3112.101 Safari/537.36"
212.108.43.59 - - [11/Sep/2017:11:42:28 +0200] "GET /gui/javascript/form_form.js?1505122948 HTTP/1.1" 200 16206 "http://ed.activities.at/entry.php?id=11676" "Mozilla/5.0 (Macintosh; Intel Mac OS X 10_12_6) AppleWebKit/537.36 (KHTML, like Gecko) Chrome/60.0.3112.101 Safari/537.36"
212.108.43.59 - - [11/Sep/2017:11:42:29 +0200] "POST /entry.php?id=11676 HTTP/1.1" 200 4992 "http://ed.activities.at/entry.php?id=11676" "Mozilla/5.0 (Macintosh; Intel Mac OS X 10_12_6) AppleWebKit/537.36 (KHTML, like Gecko) Chrome/60.0.3112.101 Safari/537.36"
212.108.43.59 - - [11/Sep/2017:11:42:31 +0200] "GET /gui/javascript/form_form.js?1505122950 HTTP/1.1" 200 16206 "http://ed.activities.at/entry.php?id=11676" "Mozilla/5.0 (Macintosh; Intel Mac OS X 10_12_6) AppleWebKit/537.36 (KHTML, like Gecko) Chrome/60.0.3112.101 Safari/537.36"
78.3.136.95 - - [11/Sep/2017:11:42:33 +0200] "GET /entry.php?id=10271&&ser=122892 HTTP/1.1" 200 987 "http://ed.activities.at/entry.php?id=10271&&ser=122831" "Mozilla/5.0 (Windows NT 6.3; WOW64; rv:50.0) Gecko/20100101 Firefox/50.0"
78.3.136.95 - - [11/Sep/2017:11:42:33 +0200] "GET /gui/javascript/jquery/css/gui-themes/jquery.tooltip.css HTTP/1.1" 200 246 "http://ed.activities.at/entry.php?id=10271&&ser=122892" "Mozilla/5.0 (Windows NT 6.3; WOW64; rv:50.0) Gecko/20100101 Firefox/50.0"
78.3.136.95 - - [11/Sep/2017:11:42:33 +0200] "GET /gui/javascript/jquery/css/gui-themes/custom.min.css HTTP/1.1" 200 5618 "http://ed.activities.at/entry.php?id=10271&&ser=122892" "Mozilla/5.0 (Windows NT 6.3; WOW64; rv:50.0) Gecko/20100101 Firefox/50.0"
78.3.136.95 - - [11/Sep/2017:11:42:33 +0200] "GET /gui/javascript/jquery/css/gui-themes/ui.spinner.css HTTP/1.1" 200 350 "http://ed.activities.at/entry.php?id=10271&&ser=122892" "Mozilla/5.0 (Windows NT 6.3; WOW64; rv:50.0) Gecko/20100101 Firefox/50.0"
78.3.136.95 - - [11/Sep/2017:11:42:33 +0200] "GET /gui/styles/tmplDefault.css HTTP/1.1" 200 2135 "http://ed.activities.at/entry.php?id=10271&&ser=122892" "Mozilla/5.0 (Windows NT 6.3; WOW64; rv:50.0) Gecko/20100101 Firefox/50.0"
78.3.136.95 - - [11/Sep/2017:11:42:33 +0200] "GET /gui/javascript/form_form.js?1505122953 HTTP/1.1" 200 16206 "http://ed.activities.at/entry.php?id=10271&&ser=122892" "Mozilla/5.0 (Windows NT 6.3; WOW64; rv:50.0) Gecko/20100101 Firefox/50.0"
78.3.136.95 - - [11/Sep/2017:11:42:33 +0200] "GET /gui/javascript/jquery/js/jquery-1.8.2.js HTTP/1.1" 200 35391 "http://ed.activities.at/entry.php?id=10271&&ser=122892" "Mozilla/5.0 (Windows NT 6.3; WOW64; rv:50.0) Gecko/20100101 Firefox/50.0"
78.3.136.95 - - [11/Sep/2017:11:42:33 +0200] "GET /gui/javascript/jquery/jquery-tooltip/jquery.tooltip.min.js HTTP/1.1" 200 1982 "http://ed.activities.at/entry.php?id=10271&&ser=122892" "Mozilla/5.0 (Windows NT 6.3; WOW64; rv:50.0) Gecko/20100101 Firefox/50.0"
78.3.136.95 - - [11/Sep/2017:11:42:33 +0200] "GET /gui/javascript/jquery/js/jquery-ui-1.9.0.custom.min.js HTTP/1.1" 200 51286 "http://ed.activities.at/entry.php?id=10271&&ser=122892" "Mozilla/5.0 (Windows NT 6.3; WOW64; rv:50.0) Gecko/20100101 Firefox/50.0"
80.122.130.46 - - [11/Sep/2017:11:42:42 +0200] "POST /entry.php?id=11671 HTTP/1.1" 200 5017 "http://ed.activities.at/entry.php?id=11671" "Mozilla/5.0 (Windows NT 6.1; rv:55.0) Gecko/20100101 Firefox/55.0"
80.122.130.46 - - [11/Sep/2017:11:42:42 +0200] "GET /gui/javascript/form_form.js?1505122962 HTTP/1.1" 200 16206 "http://ed.activities.at/entry.php?id=11671" "Mozilla/5.0 (Windows NT 6.1; rv:55.0) Gecko/20100101 Firefox/55.0"
80.122.130.46 - - [11/Sep/2017:11:42:43 +0200] "GET /entry.php?id=10776&form=11496&name=list& HTTP/1.1" 200 1519 "http://ed.activities.at/entry.php?id=11671" "Mozilla/5.0 (Windows NT 6.1; rv:55.0) Gecko/20100101 Firefox/55.0"
80.122.130.46 - - [11/Sep/2017:11:42:43 +0200] "GET /entry.php?id=10778&form=11496&name=list& HTTP/1.1" 200 5862 "http://ed.activities.at/entry.php?id=11671" "Mozilla/5.0 (Windows NT 6.1; rv:55.0) Gecko/20100101 Firefox/55.0"
212.108.43.59 - - [11/Sep/2017:11:42:54 +0200] "GET /entry.php?id=10271&&ser=122913 HTTP/1.1" 200 987 "http://ed.activities.at/entry.php?id=10271&&ser=122852" "Mozilla/5.0 (Macintosh; Intel Mac OS X 10_12_6) AppleWebKit/537.36 (KHTML, like Gecko) Chrome/60.0.3112.101 Safari/537.36"
212.108.43.59 - - [11/Sep/2017:11:42:54 +0200] "GET /gui/javascript/form_form.js?1505122974 HTTP/1.1" 200 16206 "http://ed.activities.at/entry.php?id=10271&&ser=122913" "Mozilla/5.0 (Macintosh; Intel Mac OS X 10_12_6) AppleWebKit/537.36 (KHTML, like Gecko) Chrome/60.0.3112.101 Safari/537.36"
80.122.130.46 - - [11/Sep/2017:11:42:56 +0200] "POST /entry.php?id=11671 HTTP/1.1" 200 4618 "http://ed.activities.at/entry.php?id=11671" "Mozilla/5.0 (Windows NT 6.1; rv:55.0) Gecko/20100101 Firefox/55.0"
80.122.130.46 - - [11/Sep/2017:11:42:56 +0200] "GET /gui/javascript/form_form.js?1505122976 HTTP/1.1" 200 16206 "http://ed.activities.at/entry.php?id=11671" "Mozilla/5.0 (Windows NT 6.1; rv:55.0) Gecko/20100101 Firefox/55.0"
80.122.130.46 - - [11/Sep/2017:11:42:57 +0200] "GET /entry.php?id=10776&form=11496&name=list& HTTP/1.1" 200 1519 "http://ed.activities.at/entry.php?id=11671" "Mozilla/5.0 (Windows NT 6.1; rv:55.0) Gecko/20100101 Firefox/55.0"
80.122.130.46 - - [11/Sep/2017:11:42:57 +0200] "GET /entry.php?id=10778&form=11496&name=list& HTTP/1.1" 200 5599 "http://ed.activities.at/entry.php?id=11671" "Mozilla/5.0 (Windows NT 6.1; rv:55.0) Gecko/20100101 Firefox/55.0"
80.122.130.46 - - [11/Sep/2017:11:43:12 +0200] "GET /entry.php?id=10271&&ser=122932 HTTP/1.1" 200 988 "http://ed.activities.at/entry.php?id=10271&&ser=122871" "Mozilla/5.0 (Windows NT 6.1; rv:55.0) Gecko/20100101 Firefox/55.0"
80.122.130.46 - - [11/Sep/2017:11:43:13 +0200] "GET /gui/javascript/form_form.js?1505122993 HTTP/1.1" 200 16206 "http://ed.activities.at/entry.php?id=10271&&ser=122932" "Mozilla/5.0 (Windows NT 6.1; rv:55.0) Gecko/20100101 Firefox/55.0"
78.3.136.95 - - [11/Sep/2017:11:43:34 +0200] "GET /entry.php?id=10271&&ser=122953 HTTP/1.1" 200 987 "http://ed.activities.at/entry.php?id=10271&&ser=122892" "Mozilla/5.0 (Windows NT 6.3; WOW64; rv:50.0) Gecko/20100101 Firefox/50.0"
78.3.136.95 - - [11/Sep/2017:11:43:34 +0200] "GET /gui/styles/tmplDefault.css HTTP/1.1" 200 2135 "http://ed.activities.at/entry.php?id=10271&&ser=122953" "Mozilla/5.0 (Windows NT 6.3; WOW64; rv:50.0) Gecko/20100101 Firefox/50.0"
78.3.136.95 - - [11/Sep/2017:11:43:34 +0200] "GET /gui/javascript/jquery/css/gui-themes/jquery.tooltip.css HTTP/1.1" 200 246 "http://ed.activities.at/entry.php?id=10271&&ser=122953" "Mozilla/5.0 (Windows NT 6.3; WOW64; rv:50.0) Gecko/20100101 Firefox/50.0"
78.3.136.95 - - [11/Sep/2017:11:43:34 +0200] "GET /gui/javascript/jquery/css/gui-themes/ui.spinner.css HTTP/1.1" 200 350 "http://ed.activities.at/entry.php?id=10271&&ser=122953" "Mozilla/5.0 (Windows NT 6.3; WOW64; rv:50.0) Gecko/20100101 Firefox/50.0"
78.3.136.95 - - [11/Sep/2017:11:43:34 +0200] "GET /gui/javascript/jquery/css/gui-themes/custom.min.css HTTP/1.1" 200 5618 "http://ed.activities.at/entry.php?id=10271&&ser=122953" "Mozilla/5.0 (Windows NT 6.3; WOW64; rv:50.0) Gecko/20100101 Firefox/50.0"
78.3.136.95 - - [11/Sep/2017:11:43:34 +0200] "GET /gui/javascript/jquery/js/jquery-1.8.2.js HTTP/1.1" 200 35391 "http://ed.activities.at/entry.php?id=10271&&ser=122953" "Mozilla/5.0 (Windows NT 6.3; WOW64; rv:50.0) Gecko/20100101 Firefox/50.0"
78.3.136.95 - - [11/Sep/2017:11:43:34 +0200] "GET /gui/javascript/form_form.js?1505123014 HTTP/1.1" 200 16206 "http://ed.activities.at/entry.php?id=10271&&ser=122953" "Mozilla/5.0 (Windows NT 6.3; WOW64; rv:50.0) Gecko/20100101 Firefox/50.0"
78.3.136.95 - - [11/Sep/2017:11:43:34 +0200] "GET /gui/javascript/jquery/jquery-tooltip/jquery.tooltip.min.js HTTP/1.1" 200 1982 "http://ed.activities.at/entry.php?id=10271&&ser=122953" "Mozilla/5.0 (Windows NT 6.3; WOW64; rv:50.0) Gecko/20100101 Firefox/50.0"
78.3.136.95 - - [11/Sep/2017:11:43:34 +0200] "GET /gui/javascript/jquery/js/jquery-ui-1.9.0.custom.min.js HTTP/1.1" 200 51286 "http://ed.activities.at/entry.php?id=10271&&ser=122953" "Mozilla/5.0 (Windows NT 6.3; WOW64; rv:50.0) Gecko/20100101 Firefox/50.0"
212.108.43.59 - - [11/Sep/2017:11:43:52 +0200] "GET /entry.php?id=10287&login=1 HTTP/1.1" 200 3002 "http://ed.activities.at/entry.php?id=10273&" "Mozilla/5.0 (Macintosh; Intel Mac OS X 10_12_6) AppleWebKit/537.36 (KHTML, like Gecko) Chrome/60.0.3112.101 Safari/537.36"
212.108.43.59 - - [11/Sep/2017:11:43:52 +0200] "GET /gui/javascript/form_form.js?1505123032 HTTP/1.1" 200 16206 "http://ed.activities.at/entry.php?id=10287&login=1" "Mozilla/5.0 (Macintosh; Intel Mac OS X 10_12_6) AppleWebKit/537.36 (KHTML, like Gecko) Chrome/60.0.3112.101 Safari/537.36"
212.108.43.59 - - [11/Sep/2017:11:43:54 +0200] "GET /entry.php?id=10271&&ser=122974 HTTP/1.1" 200 987 "http://ed.activities.at/entry.php?id=10271&&ser=122913" "Mozilla/5.0 (Macintosh; Intel Mac OS X 10_12_6) AppleWebKit/537.36 (KHTML, like Gecko) Chrome/60.0.3112.101 Safari/537.36"
212.108.43.59 - - [11/Sep/2017:11:43:54 +0200] "GET /gui/javascript/form_form.js?1505123034 HTTP/1.1" 200 16206 "http://ed.activities.at/entry.php?id=10271&&ser=122974" "Mozilla/5.0 (Macintosh; Intel Mac OS X 10_12_6) AppleWebKit/537.36 (KHTML, like Gecko) Chrome/60.0.3112.101 Safari/537.36"
212.108.43.59 - - [11/Sep/2017:11:44:01 +0200] "POST /entry.php?id=10287& HTTP/1.1" 200 3047 "http://ed.activities.at/entry.php?id=10287&login=1" "Mozilla/5.0 (Macintosh; Intel Mac OS X 10_12_6) AppleWebKit/537.36 (KHTML, like Gecko) Chrome/60.0.3112.101 Safari/537.36"
212.108.43.59 - - [11/Sep/2017:11:44:01 +0200] "GET /gui/javascript/form_form.js?1505123041 HTTP/1.1" 200 16206 "http://ed.activities.at/entry.php?id=10287&" "Mozilla/5.0 (Macintosh; Intel Mac OS X 10_12_6) AppleWebKit/537.36 (KHTML, like Gecko) Chrome/60.0.3112.101 Safari/537.36"
212.108.43.59 - - [11/Sep/2017:11:44:01 +0200] "GET /entry.php?id=10271&&ser=122974 HTTP/1.1" 200 986 "http://ed.activities.at/entry.php?id=10271&&ser=122974" "Mozilla/5.0 (Macintosh; Intel Mac OS X 10_12_6) AppleWebKit/537.36 (KHTML, like Gecko) Chrome/60.0.3112.101 Safari/537.36"
212.108.43.59 - - [11/Sep/2017:11:44:08 +0200] "GET /entry.php?id=11674 HTTP/1.1" 200 321 "http://ed.activities.at/entry.php?id=10270&__app__=10006038" "Mozilla/5.0 (Macintosh; Intel Mac OS X 10_12_6) AppleWebKit/537.36 (KHTML, like Gecko) Chrome/60.0.3112.101 Safari/537.36"
212.108.43.59 - - [11/Sep/2017:11:44:08 +0200] "GET /entry.php?id=10676&&title=Aktionen HTTP/1.1" 200 1387 "http://ed.activities.at/entry.php?id=11674" "Mozilla/5.0 (Macintosh; Intel Mac OS X 10_12_6) AppleWebKit/537.36 (KHTML, like Gecko) Chrome/60.0.3112.101 Safari/537.36"
212.108.43.59 - - [11/Sep/2017:11:44:08 +0200] "GET /gui/javascript/form_form.js?1505123048 HTTP/1.1" 200 16206 "http://ed.activities.at/entry.php?id=10676&&title=Aktionen" "Mozilla/5.0 (Macintosh; Intel Mac OS X 10_12_6) AppleWebKit/537.36 (KHTML, like Gecko) Chrome/60.0.3112.101 Safari/537.36"
212.108.43.59 - - [11/Sep/2017:11:44:08 +0200] "GET /entry.php?id=11676& HTTP/1.1" 200 4385 "http://ed.activities.at/entry.php?id=11674" "Mozilla/5.0 (Macintosh; Intel Mac OS X 10_12_6) AppleWebKit/537.36 (KHTML, like Gecko) Chrome/60.0.3112.101 Safari/537.36"
212.108.43.59 - - [11/Sep/2017:11:44:09 +0200] "GET /gui/javascript/form_form.js?1505123049 HTTP/1.1" 200 16206 "http://ed.activities.at/entry.php?id=11676&" "Mozilla/5.0 (Macintosh; Intel Mac OS X 10_12_6) AppleWebKit/537.36 (KHTML, like Gecko) Chrome/60.0.3112.101 Safari/537.36"
212.108.43.59 - - [11/Sep/2017:11:44:08 +0200] "GET /entry.php?id=11675& HTTP/1.1" 200 2691 "http://ed.activities.at/entry.php?id=11674" "Mozilla/5.0 (Macintosh; Intel Mac OS X 10_12_6) AppleWebKit/537.36 (KHTML, like Gecko) Chrome/60.0.3112.101 Safari/537.36"
212.108.43.59 - - [11/Sep/2017:11:44:09 +0200] "GET /entry.php?id=10778&form=11500&name=list& HTTP/1.1" 200 3758 "http://ed.activities.at/entry.php?id=11675&" "Mozilla/5.0 (Macintosh; Intel Mac OS X 10_12_6) AppleWebKit/537.36 (KHTML, like Gecko) Chrome/60.0.3112.101 Safari/537.36"
212.108.43.59 - - [11/Sep/2017:11:44:09 +0200] "GET /entry.php?id=10776&form=11500&name=list& HTTP/1.1" 200 2451 "http://ed.activities.at/entry.php?id=11675&" "Mozilla/5.0 (Macintosh; Intel Mac OS X 10_12_6) AppleWebKit/537.36 (KHTML, like Gecko) Chrome/60.0.3112.101 Safari/537.36"
80.122.130.46 - - [11/Sep/2017:11:44:13 +0200] "GET /entry.php?id=10271&&ser=122992 HTTP/1.1" 200 988 "http://ed.activities.at/entry.php?id=10271&&ser=122932" "Mozilla/5.0 (Windows NT 6.1; rv:55.0) Gecko/20100101 Firefox/55.0"
80.122.130.46 - - [11/Sep/2017:11:44:13 +0200] "GET /gui/javascript/form_form.js?1505123053 HTTP/1.1" 200 16206 "http://ed.activities.at/entry.php?id=10271&&ser=122992" "Mozilla/5.0 (Windows NT 6.1; rv:55.0) Gecko/20100101 Firefox/55.0"
80.122.130.46 - - [11/Sep/2017:11:44:29 +0200] "POST /entry.php?id=11671 HTTP/1.1" 200 5028 "http://ed.activities.at/entry.php?id=11671" "Mozilla/5.0 (Windows NT 6.1; rv:55.0) Gecko/20100101 Firefox/55.0"
80.122.130.46 - - [11/Sep/2017:11:44:30 +0200] "GET /gui/javascript/form_form.js?1505123070 HTTP/1.1" 200 16206 "http://ed.activities.at/entry.php?id=11671" "Mozilla/5.0 (Windows NT 6.1; rv:55.0) Gecko/20100101 Firefox/55.0"
80.122.130.46 - - [11/Sep/2017:11:44:30 +0200] "GET /entry.php?id=10776&form=11496&name=list& HTTP/1.1" 200 1519 "http://ed.activities.at/entry.php?id=11671" "Mozilla/5.0 (Windows NT 6.1; rv:55.0) Gecko/20100101 Firefox/55.0"
80.122.130.46 - - [11/Sep/2017:11:44:30 +0200] "GET /entry.php?id=10778&form=11496&name=list& HTTP/1.1" 200 5862 "http://ed.activities.at/entry.php?id=11671" "Mozilla/5.0 (Windows NT 6.1; rv:55.0) Gecko/20100101 Firefox/55.0"
78.3.136.95 - - [11/Sep/2017:11:44:35 +0200] "GET /entry.php?id=10271&&ser=123014 HTTP/1.1" 200 988 "http://ed.activities.at/entry.php?id=10271&&ser=122953" "Mozilla/5.0 (Windows NT 6.3; WOW64; rv:50.0) Gecko/20100101 Firefox/50.0"
80.122.130.46 - - [11/Sep/2017:11:44:34 +0200] "POST /entry.php?id=11671 HTTP/1.1" 200 3205 "http://ed.activities.at/entry.php?id=11671" "Mozilla/5.0 (Windows NT 6.1; rv:55.0) Gecko/20100101 Firefox/55.0"
80.122.130.46 - - [11/Sep/2017:11:44:35 +0200] "GET /gui/javascript/form_form.js?1505123075 HTTP/1.1" 200 16206 "http://ed.activities.at/entry.php?id=11671" "Mozilla/5.0 (Windows NT 6.1; rv:55.0) Gecko/20100101 Firefox/55.0"
78.3.136.95 - - [11/Sep/2017:11:44:35 +0200] "GET /gui/javascript/jquery/css/gui-themes/ui.spinner.css HTTP/1.1" 200 350 "http://ed.activities.at/entry.php?id=10271&&ser=123014" "Mozilla/5.0 (Windows NT 6.3; WOW64; rv:50.0) Gecko/20100101 Firefox/50.0"
78.3.136.95 - - [11/Sep/2017:11:44:35 +0200] "GET /gui/javascript/jquery/css/gui-themes/custom.min.css HTTP/1.1" 200 5618 "http://ed.activities.at/entry.php?id=10271&&ser=123014" "Mozilla/5.0 (Windows NT 6.3; WOW64; rv:50.0) Gecko/20100101 Firefox/50.0"
78.3.136.95 - - [11/Sep/2017:11:44:35 +0200] "GET /gui/javascript/jquery/css/gui-themes/jquery.tooltip.css HTTP/1.1" 200 246 "http://ed.activities.at/entry.php?id=10271&&ser=123014" "Mozilla/5.0 (Windows NT 6.3; WOW64; rv:50.0) Gecko/20100101 Firefox/50.0"
78.3.136.95 - - [11/Sep/2017:11:44:35 +0200] "GET /gui/styles/tmplDefault.css HTTP/1.1" 200 2135 "http://ed.activities.at/entry.php?id=10271&&ser=123014" "Mozilla/5.0 (Windows NT 6.3; WOW64; rv:50.0) Gecko/20100101 Firefox/50.0"
78.3.136.95 - - [11/Sep/2017:11:44:35 +0200] "GET /gui/javascript/form_form.js?1505123075 HTTP/1.1" 200 16206 "http://ed.activities.at/entry.php?id=10271&&ser=123014" "Mozilla/5.0 (Windows NT 6.3; WOW64; rv:50.0) Gecko/20100101 Firefox/50.0"
78.3.136.95 - - [11/Sep/2017:11:44:35 +0200] "GET /gui/javascript/jquery/js/jquery-1.8.2.js HTTP/1.1" 200 35391 "http://ed.activities.at/entry.php?id=10271&&ser=123014" "Mozilla/5.0 (Windows NT 6.3; WOW64; rv:50.0) Gecko/20100101 Firefox/50.0"
78.3.136.95 - - [11/Sep/2017:11:44:35 +0200] "GET /gui/javascript/jquery/jquery-tooltip/jquery.tooltip.min.js HTTP/1.1" 200 1982 "http://ed.activities.at/entry.php?id=10271&&ser=123014" "Mozilla/5.0 (Windows NT 6.3; WOW64; rv:50.0) Gecko/20100101 Firefox/50.0"
78.3.136.95 - - [11/Sep/2017:11:44:35 +0200] "GET /gui/javascript/jquery/js/jquery-ui-1.9.0.custom.min.js HTTP/1.1" 200 51286 "http://ed.activities.at/entry.php?id=10271&&ser=123014" "Mozilla/5.0 (Windows NT 6.3; WOW64; rv:50.0) Gecko/20100101 Firefox/50.0"
80.122.130.46 - - [11/Sep/2017:11:44:36 +0200] "GET /framework/webfx/javascript/tinymce/skins/lightgray/content.min.css HTTP/1.1" 404 325 "http://ed.activities.at/entry.php?id=11671" "Mozilla/5.0 (Windows NT 6.1; rv:55.0) Gecko/20100101 Firefox/55.0"
80.122.130.46 - - [11/Sep/2017:11:44:41 +0200] "POST /entry.php?id=11671 HTTP/1.1" 200 3459 "http://ed.activities.at/entry.php?id=11671" "Mozilla/5.0 (Windows NT 6.1; rv:55.0) Gecko/20100101 Firefox/55.0"
80.122.130.46 - - [11/Sep/2017:11:44:42 +0200] "GET /gui/javascript/form_form.js?1505123081 HTTP/1.1" 200 16206 "http://ed.activities.at/entry.php?id=11671" "Mozilla/5.0 (Windows NT 6.1; rv:55.0) Gecko/20100101 Firefox/55.0"
80.122.130.46 - - [11/Sep/2017:11:44:42 +0200] "GET /framework/webfx/javascript/tinymce/skins/lightgray/content.min.css HTTP/1.1" 404 325 "http://ed.activities.at/entry.php?id=11671" "Mozilla/5.0 (Windows NT 6.1; rv:55.0) Gecko/20100101 Firefox/55.0"
212.108.43.59 - - [11/Sep/2017:11:44:41 +0200] "POST /entry.php?id=11676 HTTP/1.1" 200 4576 "http://ed.activities.at/entry.php?id=11676&" "Mozilla/5.0 (Macintosh; Intel Mac OS X 10_12_6) AppleWebKit/537.36 (KHTML, like Gecko) Chrome/60.0.3112.101 Safari/537.36"
212.108.43.59 - - [11/Sep/2017:11:44:42 +0200] "GET /gui/javascript/form_form.js?1505123082 HTTP/1.1" 200 16206 "http://ed.activities.at/entry.php?id=11676" "Mozilla/5.0 (Macintosh; Intel Mac OS X 10_12_6) AppleWebKit/537.36 (KHTML, like Gecko) Chrome/60.0.3112.101 Safari/537.36"
