81.189.93.28 - - [11/Sep/2017:17:11:32 +0200] "GET /gui/javascript/form_form.js?1505142692 HTTP/1.1" 200 16206 "http://ed.activities.at/entry.php?id=11671" "Mozilla/5.0 (Windows NT 10.0; WOW64; rv:55.0) Gecko/20100101 Firefox/55.0"
81.189.93.28 - - [11/Sep/2017:17:11:32 +0200] "GET /entry.php?id=10776&form=11496&name=list& HTTP/1.1" 200 1519 "http://ed.activities.at/entry.php?id=11671" "Mozilla/5.0 (Windows NT 10.0; WOW64; rv:55.0) Gecko/20100101 Firefox/55.0"
81.189.93.28 - - [11/Sep/2017:17:11:32 +0200] "GET /entry.php?id=10778&form=11496&name=list& HTTP/1.1" 200 4461 "http://ed.activities.at/entry.php?id=11671" "Mozilla/5.0 (Windows NT 10.0; WOW64; rv:55.0) Gecko/20100101 Firefox/55.0"
81.189.93.28 - - [11/Sep/2017:17:11:47 +0200] "POST /entry.php?id=11671 HTTP/1.1" 200 5498 "http://ed.activities.at/entry.php?id=11671" "Mozilla/5.0 (Windows NT 10.0; WOW64; rv:55.0) Gecko/20100101 Firefox/55.0"
81.189.93.28 - - [11/Sep/2017:17:11:47 +0200] "GET /gui/javascript/form_form.js?1505142707 HTTP/1.1" 200 16206 "http://ed.activities.at/entry.php?id=11671" "Mozilla/5.0 (Windows NT 10.0; WOW64; rv:55.0) Gecko/20100101 Firefox/55.0"
81.189.93.28 - - [11/Sep/2017:17:11:48 +0200] "GET /entry.php?id=10776&form=11496&name=list& HTTP/1.1" 200 1519 "http://ed.activities.at/entry.php?id=11671" "Mozilla/5.0 (Windows NT 10.0; WOW64; rv:55.0) Gecko/20100101 Firefox/55.0"
81.189.93.28 - - [11/Sep/2017:17:11:48 +0200] "GET /entry.php?id=10778&form=11496&name=list& HTTP/1.1" 200 4461 "http://ed.activities.at/entry.php?id=11671" "Mozilla/5.0 (Windows NT 10.0; WOW64; rv:55.0) Gecko/20100101 Firefox/55.0"
81.189.93.28 - - [11/Sep/2017:17:11:49 +0200] "POST /entry.php?id=11671 HTTP/1.1" 200 5481 "http://ed.activities.at/entry.php?id=11671" "Mozilla/5.0 (Windows NT 10.0; WOW64; rv:55.0) Gecko/20100101 Firefox/55.0"
81.189.93.28 - - [11/Sep/2017:17:11:50 +0200] "GET /gui/javascript/form_form.js?1505142710 HTTP/1.1" 200 16206 "http://ed.activities.at/entry.php?id=11671" "Mozilla/5.0 (Windows NT 10.0; WOW64; rv:55.0) Gecko/20100101 Firefox/55.0"
81.189.93.28 - - [11/Sep/2017:17:11:50 +0200] "GET /entry.php?id=10776&form=11496&name=list& HTTP/1.1" 200 1519 "http://ed.activities.at/entry.php?id=11671" "Mozilla/5.0 (Windows NT 10.0; WOW64; rv:55.0) Gecko/20100101 Firefox/55.0"
81.189.93.28 - - [11/Sep/2017:17:11:50 +0200] "GET /entry.php?id=10778&form=11496&name=list& HTTP/1.1" 200 4461 "http://ed.activities.at/entry.php?id=11671" "Mozilla/5.0 (Windows NT 10.0; WOW64; rv:55.0) Gecko/20100101 Firefox/55.0"
81.189.93.28 - - [11/Sep/2017:17:11:52 +0200] "POST /entry.php?id=11671 HTTP/1.1" 200 5306 "http://ed.activities.at/entry.php?id=11671" "Mozilla/5.0 (Windows NT 10.0; WOW64; rv:55.0) Gecko/20100101 Firefox/55.0"
81.189.93.28 - - [11/Sep/2017:17:11:53 +0200] "GET /gui/javascript/form_form.js?1505142713 HTTP/1.1" 200 16206 "http://ed.activities.at/entry.php?id=11671" "Mozilla/5.0 (Windows NT 10.0; WOW64; rv:55.0) Gecko/20100101 Firefox/55.0"
81.189.93.28 - - [11/Sep/2017:17:11:53 +0200] "GET /entry.php?id=10776&form=11496&name=list& HTTP/1.1" 200 1519 "http://ed.activities.at/entry.php?id=11671" "Mozilla/5.0 (Windows NT 10.0; WOW64; rv:55.0) Gecko/20100101 Firefox/55.0"
81.189.93.28 - - [11/Sep/2017:17:11:53 +0200] "GET /entry.php?id=10778&form=11496&name=list& HTTP/1.1" 200 4461 "http://ed.activities.at/entry.php?id=11671" "Mozilla/5.0 (Windows NT 10.0; WOW64; rv:55.0) Gecko/20100101 Firefox/55.0"
80.122.130.46 - - [11/Sep/2017:17:12:02 +0200] "GET /entry.php?id=10271&&ser=142661 HTTP/1.1" 200 987 "http://ed.activities.at/entry.php?id=10271&&ser=142601" "Mozilla/5.0 (Windows NT 6.1; rv:55.0) Gecko/20100101 Firefox/55.0"
80.122.130.46 - - [11/Sep/2017:17:12:02 +0200] "GET /gui/javascript/form_form.js?1505142722 HTTP/1.1" 200 16206 "http://ed.activities.at/entry.php?id=10271&&ser=142661" "Mozilla/5.0 (Windows NT 6.1; rv:55.0) Gecko/20100101 Firefox/55.0"
81.189.93.28 - - [11/Sep/2017:17:12:02 +0200] "GET /entry.php?id=10271&&ser=142662 HTTP/1.1" 200 987 "http://ed.activities.at/entry.php?id=10271&&ser=142602" "Mozilla/5.0 (Windows NT 10.0; WOW64; rv:55.0) Gecko/20100101 Firefox/55.0"
81.189.93.28 - - [11/Sep/2017:17:12:03 +0200] "GET /gui/javascript/form_form.js?1505142723 HTTP/1.1" 200 16206 "http://ed.activities.at/entry.php?id=10271&&ser=142662" "Mozilla/5.0 (Windows NT 10.0; WOW64; rv:55.0) Gecko/20100101 Firefox/55.0"
81.189.93.28 - - [11/Sep/2017:17:12:30 +0200] "POST /entry.php?id=11672 HTTP/1.1" 200 2709 "http://ed.activities.at/entry.php?id=11672" "Mozilla/5.0 (Windows NT 10.0; WOW64; rv:55.0) Gecko/20100101 Firefox/55.0"
81.189.93.28 - - [11/Sep/2017:17:12:30 +0200] "GET /gui/javascript/form_form.js?1505142750 HTTP/1.1" 200 16206 "http://ed.activities.at/entry.php?id=11672" "Mozilla/5.0 (Windows NT 10.0; WOW64; rv:55.0) Gecko/20100101 Firefox/55.0"
81.189.93.28 - - [11/Sep/2017:17:12:30 +0200] "GET /entry.php?id=10776&form=11497&name=list& HTTP/1.1" 200 1940 "http://ed.activities.at/entry.php?id=11672" "Mozilla/5.0 (Windows NT 10.0; WOW64; rv:55.0) Gecko/20100101 Firefox/55.0"
81.189.93.28 - - [11/Sep/2017:17:12:30 +0200] "GET /entry.php?id=10778&form=11497&name=list& HTTP/1.1" 200 3152 "http://ed.activities.at/entry.php?id=11672" "Mozilla/5.0 (Windows NT 10.0; WOW64; rv:55.0) Gecko/20100101 Firefox/55.0"
81.189.93.28 - - [11/Sep/2017:17:12:35 +0200] "POST /entry.php?id=11671 HTTP/1.1" 200 4733 "http://ed.activities.at/entry.php?id=11671" "Mozilla/5.0 (Windows NT 10.0; WOW64; rv:55.0) Gecko/20100101 Firefox/55.0"
81.189.93.28 - - [11/Sep/2017:17:12:36 +0200] "GET /gui/javascript/form_form.js?1505142755 HTTP/1.1" 200 16206 "http://ed.activities.at/entry.php?id=11671" "Mozilla/5.0 (Windows NT 10.0; WOW64; rv:55.0) Gecko/20100101 Firefox/55.0"
81.189.93.28 - - [11/Sep/2017:17:12:36 +0200] "GET /entry.php?id=10776&form=11496&name=list& HTTP/1.1" 200 1519 "http://ed.activities.at/entry.php?id=11671" "Mozilla/5.0 (Windows NT 10.0; WOW64; rv:55.0) Gecko/20100101 Firefox/55.0"
81.189.93.28 - - [11/Sep/2017:17:12:36 +0200] "GET /entry.php?id=10778&form=11496&name=list& HTTP/1.1" 200 4461 "http://ed.activities.at/entry.php?id=11671" "Mozilla/5.0 (Windows NT 10.0; WOW64; rv:55.0) Gecko/20100101 Firefox/55.0"
81.189.93.28 - - [11/Sep/2017:17:12:38 +0200] "POST /entry.php?id=11671 HTTP/1.1" 200 3131 "http://ed.activities.at/entry.php?id=11671" "Mozilla/5.0 (Windows NT 10.0; WOW64; rv:55.0) Gecko/20100101 Firefox/55.0"
81.189.93.28 - - [11/Sep/2017:17:12:39 +0200] "GET /gui/javascript/form_form.js?1505142759 HTTP/1.1" 200 16206 "http://ed.activities.at/entry.php?id=11671" "Mozilla/5.0 (Windows NT 10.0; WOW64; rv:55.0) Gecko/20100101 Firefox/55.0"
81.189.93.28 - - [11/Sep/2017:17:12:39 +0200] "GET /framework/webfx/javascript/tinymce/skins/lightgray/content.min.css HTTP/1.1" 404 325 "http://ed.activities.at/entry.php?id=11671" "Mozilla/5.0 (Windows NT 10.0; WOW64; rv:55.0) Gecko/20100101 Firefox/55.0"
81.189.93.28 - - [11/Sep/2017:17:12:42 +0200] "POST /entry.php?id=11671 HTTP/1.1" 200 4734 "http://ed.activities.at/entry.php?id=11671" "Mozilla/5.0 (Windows NT 10.0; WOW64; rv:55.0) Gecko/20100101 Firefox/55.0"
81.189.93.28 - - [11/Sep/2017:17:12:43 +0200] "GET /gui/javascript/form_form.js?1505142763 HTTP/1.1" 200 16206 "http://ed.activities.at/entry.php?id=11671" "Mozilla/5.0 (Windows NT 10.0; WOW64; rv:55.0) Gecko/20100101 Firefox/55.0"
81.189.93.28 - - [11/Sep/2017:17:12:43 +0200] "GET /entry.php?id=10776&form=11496&name=list& HTTP/1.1" 200 1519 "http://ed.activities.at/entry.php?id=11671" "Mozilla/5.0 (Windows NT 10.0; WOW64; rv:55.0) Gecko/20100101 Firefox/55.0"
81.189.93.28 - - [11/Sep/2017:17:12:43 +0200] "GET /entry.php?id=10778&form=11496&name=list& HTTP/1.1" 200 4461 "http://ed.activities.at/entry.php?id=11671" "Mozilla/5.0 (Windows NT 10.0; WOW64; rv:55.0) Gecko/20100101 Firefox/55.0"
81.189.93.28 - - [11/Sep/2017:17:12:46 +0200] "POST /entry.php?id=11671 HTTP/1.1" 200 3132 "http://ed.activities.at/entry.php?id=11671" "Mozilla/5.0 (Windows NT 10.0; WOW64; rv:55.0) Gecko/20100101 Firefox/55.0"
81.189.93.28 - - [11/Sep/2017:17:12:47 +0200] "GET /gui/javascript/form_form.js?1505142767 HTTP/1.1" 200 16206 "http://ed.activities.at/entry.php?id=11671" "Mozilla/5.0 (Windows NT 10.0; WOW64; rv:55.0) Gecko/20100101 Firefox/55.0"
81.189.93.28 - - [11/Sep/2017:17:12:47 +0200] "GET /framework/webfx/javascript/tinymce/skins/lightgray/content.min.css HTTP/1.1" 404 325 "http://ed.activities.at/entry.php?id=11671" "Mozilla/5.0 (Windows NT 10.0; WOW64; rv:55.0) Gecko/20100101 Firefox/55.0"
80.122.130.46 - - [11/Sep/2017:17:13:02 +0200] "GET /entry.php?id=10271&&ser=142722 HTTP/1.1" 200 987 "http://ed.activities.at/entry.php?id=10271&&ser=142661" "Mozilla/5.0 (Windows NT 6.1; rv:55.0) Gecko/20100101 Firefox/55.0"
80.122.130.46 - - [11/Sep/2017:17:13:02 +0200] "GET /gui/javascript/form_form.js?1505142782 HTTP/1.1" 200 16206 "http://ed.activities.at/entry.php?id=10271&&ser=142722" "Mozilla/5.0 (Windows NT 6.1; rv:55.0) Gecko/20100101 Firefox/55.0"
81.189.93.28 - - [11/Sep/2017:17:13:03 +0200] "GET /entry.php?id=10271&&ser=142723 HTTP/1.1" 200 987 "http://ed.activities.at/entry.php?id=10271&&ser=142662" "Mozilla/5.0 (Windows NT 10.0; WOW64; rv:55.0) Gecko/20100101 Firefox/55.0"
81.189.93.28 - - [11/Sep/2017:17:13:03 +0200] "GET /gui/javascript/form_form.js?1505142783 HTTP/1.1" 200 16206 "http://ed.activities.at/entry.php?id=10271&&ser=142723" "Mozilla/5.0 (Windows NT 10.0; WOW64; rv:55.0) Gecko/20100101 Firefox/55.0"
80.122.130.46 - - [11/Sep/2017:17:14:03 +0200] "GET /entry.php?id=10271&&ser=142782 HTTP/1.1" 200 987 "http://ed.activities.at/entry.php?id=10271&&ser=142722" "Mozilla/5.0 (Windows NT 6.1; rv:55.0) Gecko/20100101 Firefox/55.0"
80.122.130.46 - - [11/Sep/2017:17:14:03 +0200] "GET /gui/javascript/form_form.js?1505142843 HTTP/1.1" 200 16206 "http://ed.activities.at/entry.php?id=10271&&ser=142782" "Mozilla/5.0 (Windows NT 6.1; rv:55.0) Gecko/20100101 Firefox/55.0"
81.189.93.28 - - [11/Sep/2017:17:14:03 +0200] "GET /entry.php?id=10271&&ser=142783 HTTP/1.1" 200 987 "http://ed.activities.at/entry.php?id=10271&&ser=142723" "Mozilla/5.0 (Windows NT 10.0; WOW64; rv:55.0) Gecko/20100101 Firefox/55.0"
81.189.93.28 - - [11/Sep/2017:17:14:04 +0200] "GET /gui/javascript/form_form.js?1505142843 HTTP/1.1" 200 16206 "http://ed.activities.at/entry.php?id=10271&&ser=142783" "Mozilla/5.0 (Windows NT 10.0; WOW64; rv:55.0) Gecko/20100101 Firefox/55.0"
81.189.93.28 - - [11/Sep/2017:17:14:24 +0200] "POST /entry.php?id=11671 HTTP/1.1" 200 4024 "http://ed.activities.at/entry.php?id=11671" "Mozilla/5.0 (Windows NT 10.0; WOW64; rv:55.0) Gecko/20100101 Firefox/55.0"
81.189.93.28 - - [11/Sep/2017:17:14:24 +0200] "GET /gui/javascript/form_form.js?1505142864 HTTP/1.1" 200 16206 "http://ed.activities.at/entry.php?id=11671" "Mozilla/5.0 (Windows NT 10.0; WOW64; rv:55.0) Gecko/20100101 Firefox/55.0"
81.189.93.28 - - [11/Sep/2017:17:14:24 +0200] "GET /framework/webfx/javascript/tinymce/skins/lightgray/content.min.css HTTP/1.1" 404 325 "http://ed.activities.at/entry.php?id=11671" "Mozilla/5.0 (Windows NT 10.0; WOW64; rv:55.0) Gecko/20100101 Firefox/55.0"
81.189.93.28 - - [11/Sep/2017:17:14:41 +0200] "GET /entry.php?id=11664 HTTP/1.1" 200 343 "http://ed.activities.at/entry.php?id=10270&__app__=10006038" "Mozilla/5.0 (Windows NT 10.0; WOW64; rv:55.0) Gecko/20100101 Firefox/55.0"
81.189.93.28 - - [11/Sep/2017:17:14:42 +0200] "GET /entry.php?id=10676&&title=Standorte HTTP/1.1" 200 1389 "http://ed.activities.at/entry.php?id=11664" "Mozilla/5.0 (Windows NT 10.0; WOW64; rv:55.0) Gecko/20100101 Firefox/55.0"
81.189.93.28 - - [11/Sep/2017:17:14:42 +0200] "GET /gui/javascript/form_form.js?1505142882 HTTP/1.1" 200 16206 "http://ed.activities.at/entry.php?id=10676&&title=Standorte" "Mozilla/5.0 (Windows NT 10.0; WOW64; rv:55.0) Gecko/20100101 Firefox/55.0"
81.189.93.28 - - [11/Sep/2017:17:14:42 +0200] "GET /entry.php?id=11697& HTTP/1.1" 200 2602 "http://ed.activities.at/entry.php?id=11664" "Mozilla/5.0 (Windows NT 10.0; WOW64; rv:55.0) Gecko/20100101 Firefox/55.0"
81.189.93.28 - - [11/Sep/2017:17:14:42 +0200] "GET /gui/javascript/form_ed_addresses.js HTTP/1.1" 200 2295 "http://ed.activities.at/entry.php?id=11697&" "Mozilla/5.0 (Windows NT 10.0; WOW64; rv:55.0) Gecko/20100101 Firefox/55.0"
81.189.93.28 - - [11/Sep/2017:17:14:42 +0200] "GET /entry.php?id=11665& HTTP/1.1" 200 2317 "http://ed.activities.at/entry.php?id=11664" "Mozilla/5.0 (Windows NT 10.0; WOW64; rv:55.0) Gecko/20100101 Firefox/55.0"
81.189.93.28 - - [11/Sep/2017:17:14:42 +0200] "GET /entry.php?id=11666& HTTP/1.1" 200 3772 "http://ed.activities.at/entry.php?id=11664" "Mozilla/5.0 (Windows NT 10.0; WOW64; rv:55.0) Gecko/20100101 Firefox/55.0"
81.189.93.28 - - [11/Sep/2017:17:14:43 +0200] "GET /gui/javascript/form_form.js?1505142883 HTTP/1.1" 200 16206 "http://ed.activities.at/entry.php?id=11666&" "Mozilla/5.0 (Windows NT 10.0; WOW64; rv:55.0) Gecko/20100101 Firefox/55.0"
81.189.93.28 - - [11/Sep/2017:17:14:43 +0200] "GET /gui/images/icons/email.gif HTTP/1.1" 200 937 "http://ed.activities.at/entry.php?id=11666&" "Mozilla/5.0 (Windows NT 10.0; WOW64; rv:55.0) Gecko/20100101 Firefox/55.0"
81.189.93.28 - - [11/Sep/2017:17:14:42 +0200] "GET /entry.php?id=10776&form=11522&name=list& HTTP/1.1" 200 2303 "http://ed.activities.at/entry.php?id=11697&" "Mozilla/5.0 (Windows NT 10.0; WOW64; rv:55.0) Gecko/20100101 Firefox/55.0"
81.189.93.28 - - [11/Sep/2017:17:14:42 +0200] "GET /entry.php?id=10778&form=11522&name=list& HTTP/1.1" 200 3258 "http://ed.activities.at/entry.php?id=11697&" "Mozilla/5.0 (Windows NT 10.0; WOW64; rv:55.0) Gecko/20100101 Firefox/55.0"
81.189.93.28 - - [11/Sep/2017:17:14:43 +0200] "GET /gui/images/icons/group.gif HTTP/1.1" 200 1014 "http://ed.activities.at/entry.php?id=10778&form=11522&name=list&" "Mozilla/5.0 (Windows NT 10.0; WOW64; rv:55.0) Gecko/20100101 Firefox/55.0"
81.189.93.28 - - [11/Sep/2017:17:14:43 +0200] "GET /gui/images/icons/user_edit.png HTTP/1.1" 200 833 "http://ed.activities.at/entry.php?id=10778&form=11522&name=list&" "Mozilla/5.0 (Windows NT 10.0; WOW64; rv:55.0) Gecko/20100101 Firefox/55.0"
81.189.93.28 - - [11/Sep/2017:17:14:43 +0200] "GET /gui/images/icons/user_add.png HTTP/1.1" 200 746 "http://ed.activities.at/entry.php?id=10776&form=11522&name=list&" "Mozilla/5.0 (Windows NT 10.0; WOW64; rv:55.0) Gecko/20100101 Firefox/55.0"
81.189.93.28 - - [11/Sep/2017:17:14:43 +0200] "GET /gui/images/icons/user_link.png HTTP/1.1" 200 905 "http://ed.activities.at/entry.php?id=10776&form=11522&name=list&" "Mozilla/5.0 (Windows NT 10.0; WOW64; rv:55.0) Gecko/20100101 Firefox/55.0"
81.189.93.28 - - [11/Sep/2017:17:14:42 +0200] "GET /entry.php?id=10776&form=11490&name=list& HTTP/1.1" 200 2009 "http://ed.activities.at/entry.php?id=11665&" "Mozilla/5.0 (Windows NT 10.0; WOW64; rv:55.0) Gecko/20100101 Firefox/55.0"
81.189.93.28 - - [11/Sep/2017:17:14:42 +0200] "GET /entry.php?id=10778&form=11490&name=list& HTTP/1.1" 200 2897 "http://ed.activities.at/entry.php?id=11665&" "Mozilla/5.0 (Windows NT 10.0; WOW64; rv:55.0) Gecko/20100101 Firefox/55.0"
81.189.93.28 - - [11/Sep/2017:17:14:43 +0200] "GET /gui/images/icons/user_admin.png HTTP/1.1" 200 875 "http://ed.activities.at/entry.php?id=10778&form=11490&name=list&" "Mozilla/5.0 (Windows NT 10.0; WOW64; rv:55.0) Gecko/20100101 Firefox/55.0"
81.189.93.28 - - [11/Sep/2017:17:14:43 +0200] "GET /gui/images/icons/disabled_user_admin.png HTTP/1.1" 200 770 "http://ed.activities.at/entry.php?id=10776&form=11490&name=list&" "Mozilla/5.0 (Windows NT 10.0; WOW64; rv:55.0) Gecko/20100101 Firefox/55.0"
81.189.93.28 - - [11/Sep/2017:17:14:58 +0200] "GET /entry.php?id=11670 HTTP/1.1" 200 320 "http://ed.activities.at/entry.php?id=10270&__app__=10006038" "Mozilla/5.0 (Windows NT 10.0; WOW64; rv:55.0) Gecko/20100101 Firefox/55.0"
81.189.93.28 - - [11/Sep/2017:17:14:58 +0200] "GET /entry.php?id=10676&&title=Produkte HTTP/1.1" 200 1388 "http://ed.activities.at/entry.php?id=11670" "Mozilla/5.0 (Windows NT 10.0; WOW64; rv:55.0) Gecko/20100101 Firefox/55.0"
81.189.93.28 - - [11/Sep/2017:17:14:58 +0200] "GET /entry.php?id=11669& HTTP/1.1" 200 2281 "http://ed.activities.at/entry.php?id=11670" "Mozilla/5.0 (Windows NT 10.0; WOW64; rv:55.0) Gecko/20100101 Firefox/55.0"
81.189.93.28 - - [11/Sep/2017:17:14:59 +0200] "GET /gui/javascript/form_form.js?1505142898 HTTP/1.1" 200 16206 "http://ed.activities.at/entry.php?id=10676&&title=Produkte" "Mozilla/5.0 (Windows NT 10.0; WOW64; rv:55.0) Gecko/20100101 Firefox/55.0"
81.189.93.28 - - [11/Sep/2017:17:14:59 +0200] "GET /gui/javascript/form_form.js?1505142899 HTTP/1.1" 200 16206 "http://ed.activities.at/entry.php?id=11669&" "Mozilla/5.0 (Windows NT 10.0; WOW64; rv:55.0) Gecko/20100101 Firefox/55.0"
81.189.93.28 - - [11/Sep/2017:17:14:59 +0200] "GET /gui/javascript/form_ed_articles.js HTTP/1.1" 200 2191 "http://ed.activities.at/entry.php?id=11669&" "Mozilla/5.0 (Windows NT 10.0; WOW64; rv:55.0) Gecko/20100101 Firefox/55.0"
81.189.93.28 - - [11/Sep/2017:17:14:58 +0200] "GET /entry.php?id=11668& HTTP/1.1" 200 3367 "http://ed.activities.at/entry.php?id=11670" "Mozilla/5.0 (Windows NT 10.0; WOW64; rv:55.0) Gecko/20100101 Firefox/55.0"
81.189.93.28 - - [11/Sep/2017:17:14:59 +0200] "GET /entry.php?id=10776&form=11494&name=list& HTTP/1.1" 200 1992 "http://ed.activities.at/entry.php?id=11669&" "Mozilla/5.0 (Windows NT 10.0; WOW64; rv:55.0) Gecko/20100101 Firefox/55.0"
81.189.93.28 - - [11/Sep/2017:17:14:59 +0200] "GET /entry.php?id=10778&form=11494&name=list& HTTP/1.1" 200 4943 "http://ed.activities.at/entry.php?id=11669&" "Mozilla/5.0 (Windows NT 10.0; WOW64; rv:55.0) Gecko/20100101 Firefox/55.0"
81.189.93.28 - - [11/Sep/2017:17:15:00 +0200] "GET /entry.php?id=10778&form=11493&name=list& HTTP/1.1" 200 2487 "http://ed.activities.at/entry.php?id=11668&" "Mozilla/5.0 (Windows NT 10.0; WOW64; rv:55.0) Gecko/20100101 Firefox/55.0"
81.189.93.28 - - [11/Sep/2017:17:15:00 +0200] "GET /entry.php?id=10776&form=11493&name=list& HTTP/1.1" 200 1487 "http://ed.activities.at/entry.php?id=11668&" "Mozilla/5.0 (Windows NT 10.0; WOW64; rv:55.0) Gecko/20100101 Firefox/55.0"
80.122.130.46 - - [11/Sep/2017:17:15:03 +0200] "GET /entry.php?id=10271&&ser=142843 HTTP/1.1" 200 987 "http://ed.activities.at/entry.php?id=10271&&ser=142782" "Mozilla/5.0 (Windows NT 6.1; rv:55.0) Gecko/20100101 Firefox/55.0"
80.122.130.46 - - [11/Sep/2017:17:15:04 +0200] "GET /gui/javascript/form_form.js?1505142903 HTTP/1.1" 200 16206 "http://ed.activities.at/entry.php?id=10271&&ser=142843" "Mozilla/5.0 (Windows NT 6.1; rv:55.0) Gecko/20100101 Firefox/55.0"
81.189.93.28 - - [11/Sep/2017:17:15:04 +0200] "GET /entry.php?id=10271&&ser=142843 HTTP/1.1" 200 987 "http://ed.activities.at/entry.php?id=10271&&ser=142783" "Mozilla/5.0 (Windows NT 10.0; WOW64; rv:55.0) Gecko/20100101 Firefox/55.0"
81.189.93.28 - - [11/Sep/2017:17:15:04 +0200] "GET /gui/javascript/form_form.js?1505142904 HTTP/1.1" 200 16206 "http://ed.activities.at/entry.php?id=10271&&ser=142843" "Mozilla/5.0 (Windows NT 10.0; WOW64; rv:55.0) Gecko/20100101 Firefox/55.0"
81.189.93.28 - - [11/Sep/2017:17:15:12 +0200] "GET /entry.php?id=11673 HTTP/1.1" 200 358 "http://ed.activities.at/entry.php?id=10270&__app__=10006038" "Mozilla/5.0 (Windows NT 10.0; WOW64; rv:55.0) Gecko/20100101 Firefox/55.0"
81.189.93.28 - - [11/Sep/2017:17:15:13 +0200] "GET /entry.php?id=10676&&title=F%FChrerscheinkurse HTTP/1.1" 200 1395 "http://ed.activities.at/entry.php?id=11673" "Mozilla/5.0 (Windows NT 10.0; WOW64; rv:55.0) Gecko/20100101 Firefox/55.0"
81.189.93.28 - - [11/Sep/2017:17:15:13 +0200] "GET /gui/javascript/form_form.js?1505142913 HTTP/1.1" 200 16206 "http://ed.activities.at/entry.php?id=10676&&title=F%FChrerscheinkurse" "Mozilla/5.0 (Windows NT 10.0; WOW64; rv:55.0) Gecko/20100101 Firefox/55.0"
81.189.93.28 - - [11/Sep/2017:17:15:13 +0200] "GET /entry.php?id=11694& HTTP/1.1" 200 3455 "http://ed.activities.at/entry.php?id=11673" "Mozilla/5.0 (Windows NT 10.0; WOW64; rv:55.0) Gecko/20100101 Firefox/55.0"
81.189.93.28 - - [11/Sep/2017:17:15:14 +0200] "GET /gui/javascript/form_form.js?1505142914 HTTP/1.1" 200 16206 "http://ed.activities.at/entry.php?id=11694&" "Mozilla/5.0 (Windows NT 10.0; WOW64; rv:55.0) Gecko/20100101 Firefox/55.0"
81.189.93.28 - - [11/Sep/2017:17:15:14 +0200] "GET /activities/framework/KoolControls/KoolAjax/koolajax.php?8436e354c842500aba3cbaf0584c0c24 HTTP/1.1" 200 4079 "http://ed.activities.at/entry.php?id=11694&" "Mozilla/5.0 (Windows NT 10.0; WOW64; rv:55.0) Gecko/20100101 Firefox/55.0"
81.189.93.28 - - [11/Sep/2017:17:15:14 +0200] "GET /activities/framework/KoolControls/KoolTreeView/kooltreeview.php?c7cd9180e88ffef8e70f13526bb4f5f7 HTTP/1.1" 200 5055 "http://ed.activities.at/entry.php?id=11694&" "Mozilla/5.0 (Windows NT 10.0; WOW64; rv:55.0) Gecko/20100101 Firefox/55.0"
81.189.93.28 - - [11/Sep/2017:17:15:13 +0200] "GET /entry.php?id=11671& HTTP/1.1" 200 4544 "http://ed.activities.at/entry.php?id=11673" "Mozilla/5.0 (Windows NT 10.0; WOW64; rv:55.0) Gecko/20100101 Firefox/55.0"
81.189.93.28 - - [11/Sep/2017:17:15:13 +0200] "GET /entry.php?id=11672& HTTP/1.1" 200 2736 "http://ed.activities.at/entry.php?id=11673" "Mozilla/5.0 (Windows NT 10.0; WOW64; rv:55.0) Gecko/20100101 Firefox/55.0"
81.189.93.28 - - [11/Sep/2017:17:15:15 +0200] "GET /gui/javascript/form_form.js?1505142915 HTTP/1.1" 200 16206 "http://ed.activities.at/entry.php?id=11672&" "Mozilla/5.0 (Windows NT 10.0; WOW64; rv:55.0) Gecko/20100101 Firefox/55.0"
81.189.93.28 - - [11/Sep/2017:17:15:14 +0200] "GET /entry.php?id=10776&form=11496&name=list& HTTP/1.1" 200 1526 "http://ed.activities.at/entry.php?id=11671&" "Mozilla/5.0 (Windows NT 10.0; WOW64; rv:55.0) Gecko/20100101 Firefox/55.0"
81.189.93.28 - - [11/Sep/2017:17:15:14 +0200] "GET /entry.php?id=10778&form=11496&name=list& HTTP/1.1" 200 2493 "http://ed.activities.at/entry.php?id=11671&" "Mozilla/5.0 (Windows NT 10.0; WOW64; rv:55.0) Gecko/20100101 Firefox/55.0"
81.189.93.28 - - [11/Sep/2017:17:15:15 +0200] "GET /entry.php?id=10776&form=11497&name=list& HTTP/1.1" 200 1943 "http://ed.activities.at/entry.php?id=11672&" "Mozilla/5.0 (Windows NT 10.0; WOW64; rv:55.0) Gecko/20100101 Firefox/55.0"
81.189.93.28 - - [11/Sep/2017:17:15:15 +0200] "GET /entry.php?id=10778&form=11497&name=list& HTTP/1.1" 200 18351 "http://ed.activities.at/entry.php?id=11672&" "Mozilla/5.0 (Windows NT 10.0; WOW64; rv:55.0) Gecko/20100101 Firefox/55.0"
81.189.93.28 - - [11/Sep/2017:17:15:15 +0200] "GET /entry.php?id=10777&form=11497&name=list& HTTP/1.1" 200 1340 "http://ed.activities.at/entry.php?id=11672&" "Mozilla/5.0 (Windows NT 10.0; WOW64; rv:55.0) Gecko/20100101 Firefox/55.0"
81.189.93.28 - - [11/Sep/2017:17:15:22 +0200] "POST /entry.php?id=11672 HTTP/1.1" 200 2702 "http://ed.activities.at/entry.php?id=11672&" "Mozilla/5.0 (Windows NT 10.0; WOW64; rv:55.0) Gecko/20100101 Firefox/55.0"
81.189.93.28 - - [11/Sep/2017:17:15:22 +0200] "GET /gui/javascript/form_form.js?1505142922 HTTP/1.1" 200 16206 "http://ed.activities.at/entry.php?id=11672" "Mozilla/5.0 (Windows NT 10.0; WOW64; rv:55.0) Gecko/20100101 Firefox/55.0"
81.189.93.28 - - [11/Sep/2017:17:15:22 +0200] "GET /entry.php?id=10776&form=11497&name=list& HTTP/1.1" 200 1940 "http://ed.activities.at/entry.php?id=11672" "Mozilla/5.0 (Windows NT 10.0; WOW64; rv:55.0) Gecko/20100101 Firefox/55.0"
81.189.93.28 - - [11/Sep/2017:17:15:22 +0200] "GET /entry.php?id=10778&form=11497&name=list& HTTP/1.1" 200 3152 "http://ed.activities.at/entry.php?id=11672" "Mozilla/5.0 (Windows NT 10.0; WOW64; rv:55.0) Gecko/20100101 Firefox/55.0"
81.189.93.28 - - [11/Sep/2017:17:15:28 +0200] "POST /entry.php?id=11671 HTTP/1.1" 200 5371 "http://ed.activities.at/entry.php?id=11671&" "Mozilla/5.0 (Windows NT 10.0; WOW64; rv:55.0) Gecko/20100101 Firefox/55.0"
81.189.93.28 - - [11/Sep/2017:17:15:28 +0200] "GET /gui/javascript/form_form.js?1505142928 HTTP/1.1" 200 16206 "http://ed.activities.at/entry.php?id=11671" "Mozilla/5.0 (Windows NT 10.0; WOW64; rv:55.0) Gecko/20100101 Firefox/55.0"
81.189.93.28 - - [11/Sep/2017:17:15:28 +0200] "GET /entry.php?id=10776&form=11496&name=list& HTTP/1.1" 200 1519 "http://ed.activities.at/entry.php?id=11671" "Mozilla/5.0 (Windows NT 10.0; WOW64; rv:55.0) Gecko/20100101 Firefox/55.0"
81.189.93.28 - - [11/Sep/2017:17:15:28 +0200] "GET /entry.php?id=10778&form=11496&name=list& HTTP/1.1" 200 4461 "http://ed.activities.at/entry.php?id=11671" "Mozilla/5.0 (Windows NT 10.0; WOW64; rv:55.0) Gecko/20100101 Firefox/55.0"
81.189.93.28 - - [11/Sep/2017:17:15:33 +0200] "POST /entry.php?id=11671 HTTP/1.1" 200 3786 "http://ed.activities.at/entry.php?id=11671" "Mozilla/5.0 (Windows NT 10.0; WOW64; rv:55.0) Gecko/20100101 Firefox/55.0"
81.189.93.28 - - [11/Sep/2017:17:15:33 +0200] "GET /gui/javascript/form_form.js?1505142933 HTTP/1.1" 200 16206 "http://ed.activities.at/entry.php?id=11671" "Mozilla/5.0 (Windows NT 10.0; WOW64; rv:55.0) Gecko/20100101 Firefox/55.0"
81.189.93.28 - - [11/Sep/2017:17:15:34 +0200] "GET /framework/webfx/javascript/tinymce/skins/lightgray/content.min.css HTTP/1.1" 404 325 "http://ed.activities.at/entry.php?id=11671" "Mozilla/5.0 (Windows NT 10.0; WOW64; rv:55.0) Gecko/20100101 Firefox/55.0"
80.122.130.46 - - [11/Sep/2017:17:16:04 +0200] "GET /entry.php?id=10271&&ser=142903 HTTP/1.1" 200 987 "http://ed.activities.at/entry.php?id=10271&&ser=142843" "Mozilla/5.0 (Windows NT 6.1; rv:55.0) Gecko/20100101 Firefox/55.0"
80.122.130.46 - - [11/Sep/2017:17:16:04 +0200] "GET /gui/javascript/form_form.js?1505142964 HTTP/1.1" 200 16206 "http://ed.activities.at/entry.php?id=10271&&ser=142903" "Mozilla/5.0 (Windows NT 6.1; rv:55.0) Gecko/20100101 Firefox/55.0"
81.189.93.28 - - [11/Sep/2017:17:16:04 +0200] "GET /entry.php?id=10271&&ser=142904 HTTP/1.1" 200 987 "http://ed.activities.at/entry.php?id=10271&&ser=142843" "Mozilla/5.0 (Windows NT 10.0; WOW64; rv:55.0) Gecko/20100101 Firefox/55.0"
81.189.93.28 - - [11/Sep/2017:17:16:04 +0200] "GET /gui/javascript/form_form.js?1505142964 HTTP/1.1" 200 16206 "http://ed.activities.at/entry.php?id=10271&&ser=142904" "Mozilla/5.0 (Windows NT 10.0; WOW64; rv:55.0) Gecko/20100101 Firefox/55.0"
80.122.130.46 - - [11/Sep/2017:17:17:04 +0200] "GET /entry.php?id=10271&&ser=142964 HTTP/1.1" 200 988 "http://ed.activities.at/entry.php?id=10271&&ser=142903" "Mozilla/5.0 (Windows NT 6.1; rv:55.0) Gecko/20100101 Firefox/55.0"
80.122.130.46 - - [11/Sep/2017:17:17:05 +0200] "GET /gui/javascript/form_form.js?1505143025 HTTP/1.1" 200 16206 "http://ed.activities.at/entry.php?id=10271&&ser=142964" "Mozilla/5.0 (Windows NT 6.1; rv:55.0) Gecko/20100101 Firefox/55.0"
81.189.93.28 - - [11/Sep/2017:17:17:05 +0200] "GET /entry.php?id=10271&&ser=142964 HTTP/1.1" 200 986 "http://ed.activities.at/entry.php?id=10271&&ser=142904" "Mozilla/5.0 (Windows NT 10.0; WOW64; rv:55.0) Gecko/20100101 Firefox/55.0"
81.189.93.28 - - [11/Sep/2017:17:17:05 +0200] "GET /gui/javascript/form_form.js?1505143025 HTTP/1.1" 200 16206 "http://ed.activities.at/entry.php?id=10271&&ser=142964" "Mozilla/5.0 (Windows NT 10.0; WOW64; rv:55.0) Gecko/20100101 Firefox/55.0"
80.122.130.46 - - [11/Sep/2017:17:18:05 +0200] "GET /entry.php?id=10271&&ser=143024 HTTP/1.1" 200 988 "http://ed.activities.at/entry.php?id=10271&&ser=142964" "Mozilla/5.0 (Windows NT 6.1; rv:55.0) Gecko/20100101 Firefox/55.0"
81.189.93.28 - - [11/Sep/2017:17:18:05 +0200] "GET /entry.php?id=10271&&ser=143025 HTTP/1.1" 200 988 "http://ed.activities.at/entry.php?id=10271&&ser=142964" "Mozilla/5.0 (Windows NT 10.0; WOW64; rv:55.0) Gecko/20100101 Firefox/55.0"
80.122.130.46 - - [11/Sep/2017:17:18:05 +0200] "GET /gui/javascript/form_form.js?1505143085 HTTP/1.1" 200 16206 "http://ed.activities.at/entry.php?id=10271&&ser=143024" "Mozilla/5.0 (Windows NT 6.1; rv:55.0) Gecko/20100101 Firefox/55.0"
81.189.93.28 - - [11/Sep/2017:17:18:05 +0200] "GET /gui/javascript/form_form.js?1505143085 HTTP/1.1" 200 16206 "http://ed.activities.at/entry.php?id=10271&&ser=143025" "Mozilla/5.0 (Windows NT 10.0; WOW64; rv:55.0) Gecko/20100101 Firefox/55.0"
81.189.93.28 - - [11/Sep/2017:17:19:05 +0200] "GET /entry.php?id=10271&&ser=143085 HTTP/1.1" 200 987 "http://ed.activities.at/entry.php?id=10271&&ser=143025" "Mozilla/5.0 (Windows NT 10.0; WOW64; rv:55.0) Gecko/20100101 Firefox/55.0"
80.122.130.46 - - [11/Sep/2017:17:19:05 +0200] "GET /entry.php?id=10271&&ser=143085 HTTP/1.1" 200 987 "http://ed.activities.at/entry.php?id=10271&&ser=143024" "Mozilla/5.0 (Windows NT 6.1; rv:55.0) Gecko/20100101 Firefox/55.0"
81.189.93.28 - - [11/Sep/2017:17:19:06 +0200] "GET /gui/javascript/form_form.js?1505143146 HTTP/1.1" 200 16206 "http://ed.activities.at/entry.php?id=10271&&ser=143085" "Mozilla/5.0 (Windows NT 10.0; WOW64; rv:55.0) Gecko/20100101 Firefox/55.0"
80.122.130.46 - - [11/Sep/2017:17:19:06 +0200] "GET /gui/javascript/form_form.js?1505143146 HTTP/1.1" 200 16206 "http://ed.activities.at/entry.php?id=10271&&ser=143085" "Mozilla/5.0 (Windows NT 6.1; rv:55.0) Gecko/20100101 Firefox/55.0"
81.189.93.28 - - [11/Sep/2017:17:20:06 +0200] "GET /entry.php?id=10271&&ser=143146 HTTP/1.1" 200 986 "http://ed.activities.at/entry.php?id=10271&&ser=143085" "Mozilla/5.0 (Windows NT 10.0; WOW64; rv:55.0) Gecko/20100101 Firefox/55.0"
80.122.130.46 - - [11/Sep/2017:17:20:06 +0200] "GET /entry.php?id=10271&&ser=143146 HTTP/1.1" 200 986 "http://ed.activities.at/entry.php?id=10271&&ser=143085" "Mozilla/5.0 (Windows NT 6.1; rv:55.0) Gecko/20100101 Firefox/55.0"
81.189.93.28 - - [11/Sep/2017:17:20:06 +0200] "GET /gui/javascript/form_form.js?1505143206 HTTP/1.1" 200 16206 "http://ed.activities.at/entry.php?id=10271&&ser=143146" "Mozilla/5.0 (Windows NT 10.0; WOW64; rv:55.0) Gecko/20100101 Firefox/55.0"
80.122.130.46 - - [11/Sep/2017:17:20:06 +0200] "GET /gui/javascript/form_form.js?1505143206 HTTP/1.1" 200 16206 "http://ed.activities.at/entry.php?id=10271&&ser=143146" "Mozilla/5.0 (Windows NT 6.1; rv:55.0) Gecko/20100101 Firefox/55.0"
81.189.93.28 - - [11/Sep/2017:17:21:06 +0200] "GET /entry.php?id=10271&&ser=143206 HTTP/1.1" 200 987 "http://ed.activities.at/entry.php?id=10271&&ser=143146" "Mozilla/5.0 (Windows NT 10.0; WOW64; rv:55.0) Gecko/20100101 Firefox/55.0"
81.189.93.28 - - [11/Sep/2017:17:21:07 +0200] "GET /gui/javascript/form_form.js?1505143266 HTTP/1.1" 200 16206 "http://ed.activities.at/entry.php?id=10271&&ser=143206" "Mozilla/5.0 (Windows NT 10.0; WOW64; rv:55.0) Gecko/20100101 Firefox/55.0"
80.122.130.46 - - [11/Sep/2017:17:21:06 +0200] "GET /entry.php?id=10271&&ser=143206 HTTP/1.1" 200 987 "http://ed.activities.at/entry.php?id=10271&&ser=143146" "Mozilla/5.0 (Windows NT 6.1; rv:55.0) Gecko/20100101 Firefox/55.0"
80.122.130.46 - - [11/Sep/2017:17:21:07 +0200] "GET /gui/javascript/form_form.js?1505143267 HTTP/1.1" 200 16206 "http://ed.activities.at/entry.php?id=10271&&ser=143206" "Mozilla/5.0 (Windows NT 6.1; rv:55.0) Gecko/20100101 Firefox/55.0"
81.189.93.28 - - [11/Sep/2017:17:22:07 +0200] "GET /entry.php?id=10271&&ser=143266 HTTP/1.1" 200 987 "http://ed.activities.at/entry.php?id=10271&&ser=143206" "Mozilla/5.0 (Windows NT 10.0; WOW64; rv:55.0) Gecko/20100101 Firefox/55.0"
81.189.93.28 - - [11/Sep/2017:17:22:07 +0200] "GET /gui/javascript/form_form.js?1505143327 HTTP/1.1" 200 16206 "http://ed.activities.at/entry.php?id=10271&&ser=143266" "Mozilla/5.0 (Windows NT 10.0; WOW64; rv:55.0) Gecko/20100101 Firefox/55.0"
80.122.130.46 - - [11/Sep/2017:17:22:07 +0200] "GET /entry.php?id=10271&&ser=143267 HTTP/1.1" 200 987 "http://ed.activities.at/entry.php?id=10271&&ser=143206" "Mozilla/5.0 (Windows NT 6.1; rv:55.0) Gecko/20100101 Firefox/55.0"
80.122.130.46 - - [11/Sep/2017:17:22:07 +0200] "GET /gui/javascript/form_form.js?1505143327 HTTP/1.1" 200 16206 "http://ed.activities.at/entry.php?id=10271&&ser=143267" "Mozilla/5.0 (Windows NT 6.1; rv:55.0) Gecko/20100101 Firefox/55.0"
81.189.93.28 - - [11/Sep/2017:17:23:07 +0200] "GET /entry.php?id=10271&&ser=143327 HTTP/1.1" 200 987 "http://ed.activities.at/entry.php?id=10271&&ser=143266" "Mozilla/5.0 (Windows NT 10.0; WOW64; rv:55.0) Gecko/20100101 Firefox/55.0"
81.189.93.28 - - [11/Sep/2017:17:23:07 +0200] "GET /gui/javascript/form_form.js?1505143387 HTTP/1.1" 200 16206 "http://ed.activities.at/entry.php?id=10271&&ser=143327" "Mozilla/5.0 (Windows NT 10.0; WOW64; rv:55.0) Gecko/20100101 Firefox/55.0"
80.122.130.46 - - [11/Sep/2017:17:23:07 +0200] "GET /entry.php?id=10271&&ser=143327 HTTP/1.1" 200 987 "http://ed.activities.at/entry.php?id=10271&&ser=143267" "Mozilla/5.0 (Windows NT 6.1; rv:55.0) Gecko/20100101 Firefox/55.0"
80.122.130.46 - - [11/Sep/2017:17:23:08 +0200] "GET /gui/javascript/form_form.js?1505143388 HTTP/1.1" 200 16206 "http://ed.activities.at/entry.php?id=10271&&ser=143327" "Mozilla/5.0 (Windows NT 6.1; rv:55.0) Gecko/20100101 Firefox/55.0"
81.189.93.28 - - [11/Sep/2017:17:24:08 +0200] "GET /entry.php?id=10271&&ser=143387 HTTP/1.1" 200 987 "http://ed.activities.at/entry.php?id=10271&&ser=143327" "Mozilla/5.0 (Windows NT 10.0; WOW64; rv:55.0) Gecko/20100101 Firefox/55.0"
81.189.93.28 - - [11/Sep/2017:17:24:08 +0200] "GET /gui/javascript/form_form.js?1505143448 HTTP/1.1" 200 16206 "http://ed.activities.at/entry.php?id=10271&&ser=143387" "Mozilla/5.0 (Windows NT 10.0; WOW64; rv:55.0) Gecko/20100101 Firefox/55.0"
80.122.130.46 - - [11/Sep/2017:17:24:08 +0200] "GET /entry.php?id=10271&&ser=143388 HTTP/1.1" 200 987 "http://ed.activities.at/entry.php?id=10271&&ser=143327" "Mozilla/5.0 (Windows NT 6.1; rv:55.0) Gecko/20100101 Firefox/55.0"
80.122.130.46 - - [11/Sep/2017:17:24:08 +0200] "GET /gui/javascript/form_form.js?1505143448 HTTP/1.1" 200 16206 "http://ed.activities.at/entry.php?id=10271&&ser=143388" "Mozilla/5.0 (Windows NT 6.1; rv:55.0) Gecko/20100101 Firefox/55.0"
81.189.93.28 - - [11/Sep/2017:17:25:08 +0200] "GET /entry.php?id=10271&&ser=143448 HTTP/1.1" 200 988 "http://ed.activities.at/entry.php?id=10271&&ser=143387" "Mozilla/5.0 (Windows NT 10.0; WOW64; rv:55.0) Gecko/20100101 Firefox/55.0"
81.189.93.28 - - [11/Sep/2017:17:25:08 +0200] "GET /gui/javascript/form_form.js?1505143508 HTTP/1.1" 200 16206 "http://ed.activities.at/entry.php?id=10271&&ser=143448" "Mozilla/5.0 (Windows NT 10.0; WOW64; rv:55.0) Gecko/20100101 Firefox/55.0"
80.122.130.46 - - [11/Sep/2017:17:25:08 +0200] "GET /entry.php?id=10271&&ser=143448 HTTP/1.1" 200 988 "http://ed.activities.at/entry.php?id=10271&&ser=143388" "Mozilla/5.0 (Windows NT 6.1; rv:55.0) Gecko/20100101 Firefox/55.0"
80.122.130.46 - - [11/Sep/2017:17:25:09 +0200] "GET /gui/javascript/form_form.js?1505143509 HTTP/1.1" 200 16206 "http://ed.activities.at/entry.php?id=10271&&ser=143448" "Mozilla/5.0 (Windows NT 6.1; rv:55.0) Gecko/20100101 Firefox/55.0"
81.189.93.28 - - [11/Sep/2017:17:26:09 +0200] "GET /entry.php?id=10271&&ser=143508 HTTP/1.1" 200 988 "http://ed.activities.at/entry.php?id=10271&&ser=143448" "Mozilla/5.0 (Windows NT 10.0; WOW64; rv:55.0) Gecko/20100101 Firefox/55.0"
81.189.93.28 - - [11/Sep/2017:17:26:09 +0200] "GET /gui/javascript/form_form.js?1505143569 HTTP/1.1" 200 16206 "http://ed.activities.at/entry.php?id=10271&&ser=143508" "Mozilla/5.0 (Windows NT 10.0; WOW64; rv:55.0) Gecko/20100101 Firefox/55.0"
80.122.130.46 - - [11/Sep/2017:17:26:09 +0200] "GET /entry.php?id=10271&&ser=143509 HTTP/1.1" 200 988 "http://ed.activities.at/entry.php?id=10271&&ser=143448" "Mozilla/5.0 (Windows NT 6.1; rv:55.0) Gecko/20100101 Firefox/55.0"
80.122.130.46 - - [11/Sep/2017:17:26:09 +0200] "GET /gui/javascript/form_form.js?1505143569 HTTP/1.1" 200 16206 "http://ed.activities.at/entry.php?id=10271&&ser=143509" "Mozilla/5.0 (Windows NT 6.1; rv:55.0) Gecko/20100101 Firefox/55.0"
80.122.130.46 - - [11/Sep/2017:17:27:09 +0200] "GET /entry.php?id=10271&&ser=143569 HTTP/1.1" 200 987 "http://ed.activities.at/entry.php?id=10271&&ser=143509" "Mozilla/5.0 (Windows NT 6.1; rv:55.0) Gecko/20100101 Firefox/55.0"
80.122.130.46 - - [11/Sep/2017:17:27:10 +0200] "GET /gui/javascript/form_form.js?1505143630 HTTP/1.1" 200 16206 "http://ed.activities.at/entry.php?id=10271&&ser=143569" "Mozilla/5.0 (Windows NT 6.1; rv:55.0) Gecko/20100101 Firefox/55.0"
81.189.93.28 - - [11/Sep/2017:17:27:10 +0200] "GET /entry.php?id=10271&&ser=143569 HTTP/1.1" 200 987 "http://ed.activities.at/entry.php?id=10271&&ser=143508" "Mozilla/5.0 (Windows NT 10.0; WOW64; rv:55.0) Gecko/20100101 Firefox/55.0"
81.189.93.28 - - [11/Sep/2017:17:27:10 +0200] "GET /gui/javascript/form_form.js?1505143630 HTTP/1.1" 200 16206 "http://ed.activities.at/entry.php?id=10271&&ser=143569" "Mozilla/5.0 (Windows NT 10.0; WOW64; rv:55.0) Gecko/20100101 Firefox/55.0"
81.189.93.28 - - [11/Sep/2017:17:28:10 +0200] "GET /entry.php?id=10271&&ser=143630 HTTP/1.1" 200 986 "http://ed.activities.at/entry.php?id=10271&&ser=143569" "Mozilla/5.0 (Windows NT 10.0; WOW64; rv:55.0) Gecko/20100101 Firefox/55.0"
80.122.130.46 - - [11/Sep/2017:17:28:10 +0200] "GET /entry.php?id=10271&&ser=143630 HTTP/1.1" 200 986 "http://ed.activities.at/entry.php?id=10271&&ser=143569" "Mozilla/5.0 (Windows NT 6.1; rv:55.0) Gecko/20100101 Firefox/55.0"
81.189.93.28 - - [11/Sep/2017:17:28:10 +0200] "GET /gui/javascript/form_form.js?1505143690 HTTP/1.1" 200 16206 "http://ed.activities.at/entry.php?id=10271&&ser=143630" "Mozilla/5.0 (Windows NT 10.0; WOW64; rv:55.0) Gecko/20100101 Firefox/55.0"
80.122.130.46 - - [11/Sep/2017:17:28:10 +0200] "GET /gui/javascript/form_form.js?1505143690 HTTP/1.1" 200 16206 "http://ed.activities.at/entry.php?id=10271&&ser=143630" "Mozilla/5.0 (Windows NT 6.1; rv:55.0) Gecko/20100101 Firefox/55.0"
81.189.93.28 - - [11/Sep/2017:17:29:10 +0200] "GET /entry.php?id=10271&&ser=143690 HTTP/1.1" 200 986 "http://ed.activities.at/entry.php?id=10271&&ser=143630" "Mozilla/5.0 (Windows NT 10.0; WOW64; rv:55.0) Gecko/20100101 Firefox/55.0"
81.189.93.28 - - [11/Sep/2017:17:29:11 +0200] "GET /gui/javascript/form_form.js?1505143751 HTTP/1.1" 200 16206 "http://ed.activities.at/entry.php?id=10271&&ser=143690" "Mozilla/5.0 (Windows NT 10.0; WOW64; rv:55.0) Gecko/20100101 Firefox/55.0"
80.122.130.46 - - [11/Sep/2017:17:29:11 +0200] "GET /entry.php?id=10271&&ser=143690 HTTP/1.1" 200 986 "http://ed.activities.at/entry.php?id=10271&&ser=143630" "Mozilla/5.0 (Windows NT 6.1; rv:55.0) Gecko/20100101 Firefox/55.0"
80.122.130.46 - - [11/Sep/2017:17:29:11 +0200] "GET /gui/javascript/form_form.js?1505143751 HTTP/1.1" 200 16206 "http://ed.activities.at/entry.php?id=10271&&ser=143690" "Mozilla/5.0 (Windows NT 6.1; rv:55.0) Gecko/20100101 Firefox/55.0"
81.189.93.28 - - [11/Sep/2017:17:30:11 +0200] "GET /entry.php?id=10271&&ser=143751 HTTP/1.1" 200 986 "http://ed.activities.at/entry.php?id=10271&&ser=143690" "Mozilla/5.0 (Windows NT 10.0; WOW64; rv:55.0) Gecko/20100101 Firefox/55.0"
81.189.93.28 - - [11/Sep/2017:17:30:11 +0200] "GET /gui/javascript/form_form.js?1505143811 HTTP/1.1" 200 16206 "http://ed.activities.at/entry.php?id=10271&&ser=143751" "Mozilla/5.0 (Windows NT 10.0; WOW64; rv:55.0) Gecko/20100101 Firefox/55.0"
80.122.130.46 - - [11/Sep/2017:17:30:11 +0200] "GET /entry.php?id=10271&&ser=143751 HTTP/1.1" 200 986 "http://ed.activities.at/entry.php?id=10271&&ser=143690" "Mozilla/5.0 (Windows NT 6.1; rv:55.0) Gecko/20100101 Firefox/55.0"
80.122.130.46 - - [11/Sep/2017:17:30:11 +0200] "GET /gui/javascript/form_form.js?1505143811 HTTP/1.1" 200 16206 "http://ed.activities.at/entry.php?id=10271&&ser=143751" "Mozilla/5.0 (Windows NT 6.1; rv:55.0) Gecko/20100101 Firefox/55.0"
81.189.93.28 - - [11/Sep/2017:17:31:11 +0200] "GET /entry.php?id=10271&&ser=143811 HTTP/1.1" 200 986 "http://ed.activities.at/entry.php?id=10271&&ser=143751" "Mozilla/5.0 (Windows NT 10.0; WOW64; rv:55.0) Gecko/20100101 Firefox/55.0"
81.189.93.28 - - [11/Sep/2017:17:31:12 +0200] "GET /gui/javascript/form_form.js?1505143871 HTTP/1.1" 200 16206 "http://ed.activities.at/entry.php?id=10271&&ser=143811" "Mozilla/5.0 (Windows NT 10.0; WOW64; rv:55.0) Gecko/20100101 Firefox/55.0"
80.122.130.46 - - [11/Sep/2017:17:31:12 +0200] "GET /entry.php?id=10271&&ser=143811 HTTP/1.1" 200 986 "http://ed.activities.at/entry.php?id=10271&&ser=143751" "Mozilla/5.0 (Windows NT 6.1; rv:55.0) Gecko/20100101 Firefox/55.0"
80.122.130.46 - - [11/Sep/2017:17:31:12 +0200] "GET /gui/javascript/form_form.js?1505143872 HTTP/1.1" 200 16206 "http://ed.activities.at/entry.php?id=10271&&ser=143811" "Mozilla/5.0 (Windows NT 6.1; rv:55.0) Gecko/20100101 Firefox/55.0"
81.189.93.28 - - [11/Sep/2017:17:32:12 +0200] "GET /entry.php?id=10271&&ser=143871 HTTP/1.1" 200 986 "http://ed.activities.at/entry.php?id=10271&&ser=143811" "Mozilla/5.0 (Windows NT 10.0; WOW64; rv:55.0) Gecko/20100101 Firefox/55.0"
81.189.93.28 - - [11/Sep/2017:17:32:12 +0200] "GET /gui/javascript/form_form.js?1505143932 HTTP/1.1" 200 16206 "http://ed.activities.at/entry.php?id=10271&&ser=143871" "Mozilla/5.0 (Windows NT 10.0; WOW64; rv:55.0) Gecko/20100101 Firefox/55.0"
80.122.130.46 - - [11/Sep/2017:17:32:12 +0200] "GET /entry.php?id=10271&&ser=143872 HTTP/1.1" 200 986 "http://ed.activities.at/entry.php?id=10271&&ser=143811" "Mozilla/5.0 (Windows NT 6.1; rv:55.0) Gecko/20100101 Firefox/55.0"
80.122.130.46 - - [11/Sep/2017:17:32:12 +0200] "GET /gui/javascript/form_form.js?1505143932 HTTP/1.1" 200 16206 "http://ed.activities.at/entry.php?id=10271&&ser=143872" "Mozilla/5.0 (Windows NT 6.1; rv:55.0) Gecko/20100101 Firefox/55.0"
81.189.93.28 - - [11/Sep/2017:17:33:12 +0200] "GET /entry.php?id=10271&&ser=143932 HTTP/1.1" 200 986 "http://ed.activities.at/entry.php?id=10271&&ser=143871" "Mozilla/5.0 (Windows NT 10.0; WOW64; rv:55.0) Gecko/20100101 Firefox/55.0"
81.189.93.28 - - [11/Sep/2017:17:33:12 +0200] "GET /gui/javascript/form_form.js?1505143992 HTTP/1.1" 200 16206 "http://ed.activities.at/entry.php?id=10271&&ser=143932" "Mozilla/5.0 (Windows NT 10.0; WOW64; rv:55.0) Gecko/20100101 Firefox/55.0"
80.122.130.46 - - [11/Sep/2017:17:33:13 +0200] "GET /entry.php?id=10271&&ser=143932 HTTP/1.1" 200 986 "http://ed.activities.at/entry.php?id=10271&&ser=143872" "Mozilla/5.0 (Windows NT 6.1; rv:55.0) Gecko/20100101 Firefox/55.0"
80.122.130.46 - - [11/Sep/2017:17:33:13 +0200] "GET /gui/javascript/form_form.js?1505143993 HTTP/1.1" 200 16206 "http://ed.activities.at/entry.php?id=10271&&ser=143932" "Mozilla/5.0 (Windows NT 6.1; rv:55.0) Gecko/20100101 Firefox/55.0"
81.189.93.28 - - [11/Sep/2017:17:34:13 +0200] "GET /entry.php?id=10271&&ser=143992 HTTP/1.1" 200 988 "http://ed.activities.at/entry.php?id=10271&&ser=143932" "Mozilla/5.0 (Windows NT 10.0; WOW64; rv:55.0) Gecko/20100101 Firefox/55.0"
81.189.93.28 - - [11/Sep/2017:17:34:13 +0200] "GET /gui/javascript/form_form.js?1505144053 HTTP/1.1" 200 16206 "http://ed.activities.at/entry.php?id=10271&&ser=143992" "Mozilla/5.0 (Windows NT 10.0; WOW64; rv:55.0) Gecko/20100101 Firefox/55.0"
80.122.130.46 - - [11/Sep/2017:17:34:13 +0200] "GET /entry.php?id=10271&&ser=143993 HTTP/1.1" 200 988 "http://ed.activities.at/entry.php?id=10271&&ser=143932" "Mozilla/5.0 (Windows NT 6.1; rv:55.0) Gecko/20100101 Firefox/55.0"
80.122.130.46 - - [11/Sep/2017:17:34:13 +0200] "GET /gui/javascript/form_form.js?1505144053 HTTP/1.1" 200 16206 "http://ed.activities.at/entry.php?id=10271&&ser=143993" "Mozilla/5.0 (Windows NT 6.1; rv:55.0) Gecko/20100101 Firefox/55.0"
81.189.93.28 - - [11/Sep/2017:17:35:13 +0200] "GET /entry.php?id=10271&&ser=144053 HTTP/1.1" 200 987 "http://ed.activities.at/entry.php?id=10271&&ser=143992" "Mozilla/5.0 (Windows NT 10.0; WOW64; rv:55.0) Gecko/20100101 Firefox/55.0"
81.189.93.28 - - [11/Sep/2017:17:35:13 +0200] "GET /gui/javascript/form_form.js?1505144113 HTTP/1.1" 200 16206 "http://ed.activities.at/entry.php?id=10271&&ser=144053" "Mozilla/5.0 (Windows NT 10.0; WOW64; rv:55.0) Gecko/20100101 Firefox/55.0"
80.122.130.46 - - [11/Sep/2017:17:35:14 +0200] "GET /entry.php?id=10271&&ser=144053 HTTP/1.1" 200 987 "http://ed.activities.at/entry.php?id=10271&&ser=143993" "Mozilla/5.0 (Windows NT 6.1; rv:55.0) Gecko/20100101 Firefox/55.0"
80.122.130.46 - - [11/Sep/2017:17:35:14 +0200] "GET /gui/javascript/form_form.js?1505144114 HTTP/1.1" 200 16206 "http://ed.activities.at/entry.php?id=10271&&ser=144053" "Mozilla/5.0 (Windows NT 6.1; rv:55.0) Gecko/20100101 Firefox/55.0"
81.189.93.28 - - [11/Sep/2017:17:36:13 +0200] "GET /entry.php?id=10271&&ser=144113 HTTP/1.1" 200 986 "http://ed.activities.at/entry.php?id=10271&&ser=144053" "Mozilla/5.0 (Windows NT 10.0; WOW64; rv:55.0) Gecko/20100101 Firefox/55.0"
81.189.93.28 - - [11/Sep/2017:17:36:14 +0200] "GET /gui/javascript/form_form.js?1505144174 HTTP/1.1" 200 16206 "http://ed.activities.at/entry.php?id=10271&&ser=144113" "Mozilla/5.0 (Windows NT 10.0; WOW64; rv:55.0) Gecko/20100101 Firefox/55.0"
80.122.130.46 - - [11/Sep/2017:17:36:14 +0200] "GET /entry.php?id=10271&&ser=144114 HTTP/1.1" 200 986 "http://ed.activities.at/entry.php?id=10271&&ser=144053" "Mozilla/5.0 (Windows NT 6.1; rv:55.0) Gecko/20100101 Firefox/55.0"
80.122.130.46 - - [11/Sep/2017:17:36:14 +0200] "GET /gui/javascript/form_form.js?1505144174 HTTP/1.1" 200 16206 "http://ed.activities.at/entry.php?id=10271&&ser=144114" "Mozilla/5.0 (Windows NT 6.1; rv:55.0) Gecko/20100101 Firefox/55.0"
81.189.93.28 - - [11/Sep/2017:17:37:14 +0200] "GET /entry.php?id=10271&&ser=144174 HTTP/1.1" 200 987 "http://ed.activities.at/entry.php?id=10271&&ser=144113" "Mozilla/5.0 (Windows NT 10.0; WOW64; rv:55.0) Gecko/20100101 Firefox/55.0"
81.189.93.28 - - [11/Sep/2017:17:37:14 +0200] "GET /gui/javascript/form_form.js?1505144234 HTTP/1.1" 200 16206 "http://ed.activities.at/entry.php?id=10271&&ser=144174" "Mozilla/5.0 (Windows NT 10.0; WOW64; rv:55.0) Gecko/20100101 Firefox/55.0"
80.122.130.46 - - [11/Sep/2017:17:37:15 +0200] "GET /entry.php?id=10271&&ser=144174 HTTP/1.1" 200 986 "http://ed.activities.at/entry.php?id=10271&&ser=144114" "Mozilla/5.0 (Windows NT 6.1; rv:55.0) Gecko/20100101 Firefox/55.0"
80.122.130.46 - - [11/Sep/2017:17:37:15 +0200] "GET /gui/javascript/form_form.js?1505144235 HTTP/1.1" 200 16206 "http://ed.activities.at/entry.php?id=10271&&ser=144174" "Mozilla/5.0 (Windows NT 6.1; rv:55.0) Gecko/20100101 Firefox/55.0"
81.189.93.28 - - [11/Sep/2017:17:38:14 +0200] "GET /entry.php?id=10271&&ser=144234 HTTP/1.1" 200 987 "http://ed.activities.at/entry.php?id=10271&&ser=144174" "Mozilla/5.0 (Windows NT 10.0; WOW64; rv:55.0) Gecko/20100101 Firefox/55.0"
81.189.93.28 - - [11/Sep/2017:17:38:14 +0200] "GET /gui/javascript/form_form.js?1505144294 HTTP/1.1" 200 16206 "http://ed.activities.at/entry.php?id=10271&&ser=144234" "Mozilla/5.0 (Windows NT 10.0; WOW64; rv:55.0) Gecko/20100101 Firefox/55.0"
80.122.130.46 - - [11/Sep/2017:17:38:15 +0200] "GET /entry.php?id=10271&&ser=144235 HTTP/1.1" 200 988 "http://ed.activities.at/entry.php?id=10271&&ser=144174" "Mozilla/5.0 (Windows NT 6.1; rv:55.0) Gecko/20100101 Firefox/55.0"
80.122.130.46 - - [11/Sep/2017:17:38:15 +0200] "GET /gui/javascript/form_form.js?1505144295 HTTP/1.1" 200 16206 "http://ed.activities.at/entry.php?id=10271&&ser=144235" "Mozilla/5.0 (Windows NT 6.1; rv:55.0) Gecko/20100101 Firefox/55.0"
81.189.93.28 - - [11/Sep/2017:17:39:15 +0200] "GET /entry.php?id=10271&&ser=144294 HTTP/1.1" 200 988 "http://ed.activities.at/entry.php?id=10271&&ser=144234" "Mozilla/5.0 (Windows NT 10.0; WOW64; rv:55.0) Gecko/20100101 Firefox/55.0"
81.189.93.28 - - [11/Sep/2017:17:39:15 +0200] "GET /gui/javascript/form_form.js?1505144355 HTTP/1.1" 200 16206 "http://ed.activities.at/entry.php?id=10271&&ser=144294" "Mozilla/5.0 (Windows NT 10.0; WOW64; rv:55.0) Gecko/20100101 Firefox/55.0"
80.122.130.46 - - [11/Sep/2017:17:39:16 +0200] "GET /entry.php?id=10271&&ser=144295 HTTP/1.1" 200 988 "http://ed.activities.at/entry.php?id=10271&&ser=144235" "Mozilla/5.0 (Windows NT 6.1; rv:55.0) Gecko/20100101 Firefox/55.0"
80.122.130.46 - - [11/Sep/2017:17:39:16 +0200] "GET /gui/javascript/form_form.js?1505144356 HTTP/1.1" 200 16206 "http://ed.activities.at/entry.php?id=10271&&ser=144295" "Mozilla/5.0 (Windows NT 6.1; rv:55.0) Gecko/20100101 Firefox/55.0"
81.189.93.28 - - [11/Sep/2017:17:40:15 +0200] "GET /entry.php?id=10271&&ser=144355 HTTP/1.1" 200 986 "http://ed.activities.at/entry.php?id=10271&&ser=144294" "Mozilla/5.0 (Windows NT 10.0; WOW64; rv:55.0) Gecko/20100101 Firefox/55.0"
81.189.93.28 - - [11/Sep/2017:17:40:15 +0200] "GET /gui/javascript/form_form.js?1505144415 HTTP/1.1" 200 16206 "http://ed.activities.at/entry.php?id=10271&&ser=144355" "Mozilla/5.0 (Windows NT 10.0; WOW64; rv:55.0) Gecko/20100101 Firefox/55.0"
80.122.130.46 - - [11/Sep/2017:17:40:16 +0200] "GET /entry.php?id=10271&&ser=144356 HTTP/1.1" 200 986 "http://ed.activities.at/entry.php?id=10271&&ser=144295" "Mozilla/5.0 (Windows NT 6.1; rv:55.0) Gecko/20100101 Firefox/55.0"
80.122.130.46 - - [11/Sep/2017:17:40:17 +0200] "GET /gui/javascript/form_form.js?1505144416 HTTP/1.1" 200 16206 "http://ed.activities.at/entry.php?id=10271&&ser=144356" "Mozilla/5.0 (Windows NT 6.1; rv:55.0) Gecko/20100101 Firefox/55.0"
81.189.93.28 - - [11/Sep/2017:17:41:15 +0200] "GET /entry.php?id=10271&&ser=144415 HTTP/1.1" 200 986 "http://ed.activities.at/entry.php?id=10271&&ser=144355" "Mozilla/5.0 (Windows NT 10.0; WOW64; rv:55.0) Gecko/20100101 Firefox/55.0"
81.189.93.28 - - [11/Sep/2017:17:41:16 +0200] "GET /gui/javascript/form_form.js?1505144476 HTTP/1.1" 200 16206 "http://ed.activities.at/entry.php?id=10271&&ser=144415" "Mozilla/5.0 (Windows NT 10.0; WOW64; rv:55.0) Gecko/20100101 Firefox/55.0"
80.122.130.46 - - [11/Sep/2017:17:41:17 +0200] "GET /entry.php?id=10271&&ser=144416 HTTP/1.1" 200 986 "http://ed.activities.at/entry.php?id=10271&&ser=144356" "Mozilla/5.0 (Windows NT 6.1; rv:55.0) Gecko/20100101 Firefox/55.0"
80.122.130.46 - - [11/Sep/2017:17:41:17 +0200] "GET /gui/javascript/form_form.js?1505144477 HTTP/1.1" 200 16206 "http://ed.activities.at/entry.php?id=10271&&ser=144416" "Mozilla/5.0 (Windows NT 6.1; rv:55.0) Gecko/20100101 Firefox/55.0"
81.189.93.28 - - [11/Sep/2017:17:42:16 +0200] "GET /entry.php?id=10271&&ser=144476 HTTP/1.1" 200 988 "http://ed.activities.at/entry.php?id=10271&&ser=144415" "Mozilla/5.0 (Windows NT 10.0; WOW64; rv:55.0) Gecko/20100101 Firefox/55.0"
