80.122.130.46 - - [11/Sep/2017:12:06:58 +0200] "GET /gui/javascript/form_form.js?1505124417 HTTP/1.1" 200 16206 "http://ed.activities.at/entry.php?id=10271&&ser=124357" "Mozilla/5.0 (Windows NT 6.1; rv:55.0) Gecko/20100101 Firefox/55.0"
78.3.136.95 - - [11/Sep/2017:12:06:58 +0200] "GET /entry.php?id=10441&UIN=fcc157fe521845c565cd03f9d66521f1 HTTP/1.1" 200 1172 "http://ed.activities.at/layout.php" "Mozilla/5.0 (Windows NT 6.3; WOW64; rv:50.0) Gecko/20100101 Firefox/50.0"
78.3.136.95 - - [11/Sep/2017:12:06:59 +0200] "GET /gui/javascript/jquery/css/gui-themes/jquery.tooltip.css HTTP/1.1" 200 246 "http://ed.activities.at/entry.php?id=10441&UIN=fcc157fe521845c565cd03f9d66521f1" "Mozilla/5.0 (Windows NT 6.3; WOW64; rv:50.0) Gecko/20100101 Firefox/50.0"
78.3.136.95 - - [11/Sep/2017:12:06:59 +0200] "GET /gui/javascript/jquery/css/gui-themes/ui.spinner.css HTTP/1.1" 200 350 "http://ed.activities.at/entry.php?id=10441&UIN=fcc157fe521845c565cd03f9d66521f1" "Mozilla/5.0 (Windows NT 6.3; WOW64; rv:50.0) Gecko/20100101 Firefox/50.0"
78.3.136.95 - - [11/Sep/2017:12:06:59 +0200] "GET /gui/styles/tmplDefault.css HTTP/1.1" 200 2135 "http://ed.activities.at/entry.php?id=10441&UIN=fcc157fe521845c565cd03f9d66521f1" "Mozilla/5.0 (Windows NT 6.3; WOW64; rv:50.0) Gecko/20100101 Firefox/50.0"
78.3.136.95 - - [11/Sep/2017:12:06:59 +0200] "GET /gui/javascript/jquery/css/gui-themes/custom.min.css HTTP/1.1" 200 5618 "http://ed.activities.at/entry.php?id=10441&UIN=fcc157fe521845c565cd03f9d66521f1" "Mozilla/5.0 (Windows NT 6.3; WOW64; rv:50.0) Gecko/20100101 Firefox/50.0"
78.3.136.95 - - [11/Sep/2017:12:06:59 +0200] "GET /gui/javascript/form_form.js?1505124418 HTTP/1.1" 200 16206 "http://ed.activities.at/entry.php?id=10441&UIN=fcc157fe521845c565cd03f9d66521f1" "Mozilla/5.0 (Windows NT 6.3; WOW64; rv:50.0) Gecko/20100101 Firefox/50.0"
78.3.136.95 - - [11/Sep/2017:12:06:59 +0200] "GET /gui/javascript/jquery/js/jquery-1.8.2.js HTTP/1.1" 200 35391 "http://ed.activities.at/entry.php?id=10441&UIN=fcc157fe521845c565cd03f9d66521f1" "Mozilla/5.0 (Windows NT 6.3; WOW64; rv:50.0) Gecko/20100101 Firefox/50.0"
78.3.136.95 - - [11/Sep/2017:12:06:59 +0200] "GET /gui/javascript/jquery/jquery-tooltip/jquery.tooltip.min.js HTTP/1.1" 200 1982 "http://ed.activities.at/entry.php?id=10441&UIN=fcc157fe521845c565cd03f9d66521f1" "Mozilla/5.0 (Windows NT 6.3; WOW64; rv:50.0) Gecko/20100101 Firefox/50.0"
78.3.136.95 - - [11/Sep/2017:12:06:59 +0200] "GET /gui/javascript/jquery/js/jquery-ui-1.9.0.custom.min.js HTTP/1.1" 200 51286 "http://ed.activities.at/entry.php?id=10441&UIN=fcc157fe521845c565cd03f9d66521f1" "Mozilla/5.0 (Windows NT 6.3; WOW64; rv:50.0) Gecko/20100101 Firefox/50.0"
212.108.43.59 - - [11/Sep/2017:12:07:51 +0200] "GET /entry.php?id=10271&&ser=124410 HTTP/1.1" 200 986 "http://ed.activities.at/entry.php?id=10271&&ser=124350" "Mozilla/5.0 (Macintosh; Intel Mac OS X 10_12_6) AppleWebKit/537.36 (KHTML, like Gecko) Chrome/60.0.3112.101 Safari/537.36"
212.108.43.59 - - [11/Sep/2017:12:07:51 +0200] "GET /gui/javascript/form_form.js?1505124471 HTTP/1.1" 200 16206 "http://ed.activities.at/entry.php?id=10271&&ser=124410" "Mozilla/5.0 (Macintosh; Intel Mac OS X 10_12_6) AppleWebKit/537.36 (KHTML, like Gecko) Chrome/60.0.3112.101 Safari/537.36"
80.122.130.46 - - [11/Sep/2017:12:07:58 +0200] "GET /entry.php?id=10271&&ser=124417 HTTP/1.1" 200 986 "http://ed.activities.at/entry.php?id=10271&&ser=124357" "Mozilla/5.0 (Windows NT 6.1; rv:55.0) Gecko/20100101 Firefox/55.0"
80.122.130.46 - - [11/Sep/2017:12:07:58 +0200] "GET /gui/javascript/form_form.js?1505124478 HTTP/1.1" 200 16206 "http://ed.activities.at/entry.php?id=10271&&ser=124417" "Mozilla/5.0 (Windows NT 6.1; rv:55.0) Gecko/20100101 Firefox/55.0"
212.108.43.59 - - [11/Sep/2017:12:08:52 +0200] "GET /entry.php?id=10271&&ser=124471 HTTP/1.1" 200 987 "http://ed.activities.at/entry.php?id=10271&&ser=124410" "Mozilla/5.0 (Macintosh; Intel Mac OS X 10_12_6) AppleWebKit/537.36 (KHTML, like Gecko) Chrome/60.0.3112.101 Safari/537.36"
212.108.43.59 - - [11/Sep/2017:12:08:53 +0200] "GET /gui/javascript/form_form.js?1505124532 HTTP/1.1" 200 16206 "http://ed.activities.at/entry.php?id=10271&&ser=124471" "Mozilla/5.0 (Macintosh; Intel Mac OS X 10_12_6) AppleWebKit/537.36 (KHTML, like Gecko) Chrome/60.0.3112.101 Safari/537.36"
80.122.130.46 - - [11/Sep/2017:12:08:58 +0200] "GET /entry.php?id=10271&&ser=124478 HTTP/1.1" 200 988 "http://ed.activities.at/entry.php?id=10271&&ser=124417" "Mozilla/5.0 (Windows NT 6.1; rv:55.0) Gecko/20100101 Firefox/55.0"
80.122.130.46 - - [11/Sep/2017:12:08:59 +0200] "GET /gui/javascript/form_form.js?1505124538 HTTP/1.1" 200 16206 "http://ed.activities.at/entry.php?id=10271&&ser=124478" "Mozilla/5.0 (Windows NT 6.1; rv:55.0) Gecko/20100101 Firefox/55.0"
212.108.43.59 - - [11/Sep/2017:12:09:53 +0200] "GET /entry.php?id=10271&&ser=124532 HTTP/1.1" 200 988 "http://ed.activities.at/entry.php?id=10271&&ser=124471" "Mozilla/5.0 (Macintosh; Intel Mac OS X 10_12_6) AppleWebKit/537.36 (KHTML, like Gecko) Chrome/60.0.3112.101 Safari/537.36"
212.108.43.59 - - [11/Sep/2017:12:09:54 +0200] "GET /gui/javascript/form_form.js?1505124593 HTTP/1.1" 200 16206 "http://ed.activities.at/entry.php?id=10271&&ser=124532" "Mozilla/5.0 (Macintosh; Intel Mac OS X 10_12_6) AppleWebKit/537.36 (KHTML, like Gecko) Chrome/60.0.3112.101 Safari/537.36"
80.122.130.46 - - [11/Sep/2017:12:09:59 +0200] "GET /entry.php?id=10271&&ser=124538 HTTP/1.1" 200 988 "http://ed.activities.at/entry.php?id=10271&&ser=124478" "Mozilla/5.0 (Windows NT 6.1; rv:55.0) Gecko/20100101 Firefox/55.0"
80.122.130.46 - - [11/Sep/2017:12:09:59 +0200] "GET /gui/javascript/form_form.js?1505124599 HTTP/1.1" 200 16206 "http://ed.activities.at/entry.php?id=10271&&ser=124538" "Mozilla/5.0 (Windows NT 6.1; rv:55.0) Gecko/20100101 Firefox/55.0"
212.108.43.59 - - [11/Sep/2017:12:10:54 +0200] "GET /entry.php?id=10271&&ser=124593 HTTP/1.1" 200 988 "http://ed.activities.at/entry.php?id=10271&&ser=124532" "Mozilla/5.0 (Macintosh; Intel Mac OS X 10_12_6) AppleWebKit/537.36 (KHTML, like Gecko) Chrome/60.0.3112.101 Safari/537.36"
212.108.43.59 - - [11/Sep/2017:12:10:54 +0200] "GET /gui/javascript/form_form.js?1505124654 HTTP/1.1" 200 16206 "http://ed.activities.at/entry.php?id=10271&&ser=124593" "Mozilla/5.0 (Macintosh; Intel Mac OS X 10_12_6) AppleWebKit/537.36 (KHTML, like Gecko) Chrome/60.0.3112.101 Safari/537.36"
80.122.130.46 - - [11/Sep/2017:12:10:59 +0200] "GET /entry.php?id=10271&&ser=124599 HTTP/1.1" 200 988 "http://ed.activities.at/entry.php?id=10271&&ser=124538" "Mozilla/5.0 (Windows NT 6.1; rv:55.0) Gecko/20100101 Firefox/55.0"
80.122.130.46 - - [11/Sep/2017:12:11:00 +0200] "GET /gui/javascript/form_form.js?1505124659 HTTP/1.1" 200 16206 "http://ed.activities.at/entry.php?id=10271&&ser=124599" "Mozilla/5.0 (Windows NT 6.1; rv:55.0) Gecko/20100101 Firefox/55.0"
212.108.43.59 - - [11/Sep/2017:12:11:55 +0200] "GET /entry.php?id=10271&&ser=124654 HTTP/1.1" 200 988 "http://ed.activities.at/entry.php?id=10271&&ser=124593" "Mozilla/5.0 (Macintosh; Intel Mac OS X 10_12_6) AppleWebKit/537.36 (KHTML, like Gecko) Chrome/60.0.3112.101 Safari/537.36"
212.108.43.59 - - [11/Sep/2017:12:11:55 +0200] "GET /gui/javascript/form_form.js?1505124715 HTTP/1.1" 200 16206 "http://ed.activities.at/entry.php?id=10271&&ser=124654" "Mozilla/5.0 (Macintosh; Intel Mac OS X 10_12_6) AppleWebKit/537.36 (KHTML, like Gecko) Chrome/60.0.3112.101 Safari/537.36"
80.122.130.46 - - [11/Sep/2017:12:12:00 +0200] "GET /entry.php?id=10271&&ser=124659 HTTP/1.1" 200 987 "http://ed.activities.at/entry.php?id=10271&&ser=124599" "Mozilla/5.0 (Windows NT 6.1; rv:55.0) Gecko/20100101 Firefox/55.0"
80.122.130.46 - - [11/Sep/2017:12:12:00 +0200] "GET /gui/javascript/form_form.js?1505124720 HTTP/1.1" 200 16206 "http://ed.activities.at/entry.php?id=10271&&ser=124659" "Mozilla/5.0 (Windows NT 6.1; rv:55.0) Gecko/20100101 Firefox/55.0"
212.108.43.59 - - [11/Sep/2017:12:12:56 +0200] "GET /entry.php?id=10271&&ser=124715 HTTP/1.1" 200 987 "http://ed.activities.at/entry.php?id=10271&&ser=124654" "Mozilla/5.0 (Macintosh; Intel Mac OS X 10_12_6) AppleWebKit/537.36 (KHTML, like Gecko) Chrome/60.0.3112.101 Safari/537.36"
212.108.43.59 - - [11/Sep/2017:12:12:56 +0200] "GET /gui/javascript/form_form.js?1505124776 HTTP/1.1" 200 16206 "http://ed.activities.at/entry.php?id=10271&&ser=124715" "Mozilla/5.0 (Macintosh; Intel Mac OS X 10_12_6) AppleWebKit/537.36 (KHTML, like Gecko) Chrome/60.0.3112.101 Safari/537.36"
80.122.130.46 - - [11/Sep/2017:12:13:00 +0200] "GET /entry.php?id=10271&&ser=124720 HTTP/1.1" 200 987 "http://ed.activities.at/entry.php?id=10271&&ser=124659" "Mozilla/5.0 (Windows NT 6.1; rv:55.0) Gecko/20100101 Firefox/55.0"
80.122.130.46 - - [11/Sep/2017:12:13:01 +0200] "GET /gui/javascript/form_form.js?1505124780 HTTP/1.1" 200 16206 "http://ed.activities.at/entry.php?id=10271&&ser=124720" "Mozilla/5.0 (Windows NT 6.1; rv:55.0) Gecko/20100101 Firefox/55.0"
212.108.43.59 - - [11/Sep/2017:12:13:24 +0200] "POST /entry.php?id=11676 HTTP/1.1" 200 4635 "http://ed.activities.at/entry.php?id=11676" "Mozilla/5.0 (Macintosh; Intel Mac OS X 10_12_6) AppleWebKit/537.36 (KHTML, like Gecko) Chrome/60.0.3112.101 Safari/537.36"
212.108.43.59 - - [11/Sep/2017:12:13:25 +0200] "GET /gui/javascript/form_form.js?1505124805 HTTP/1.1" 200 16206 "http://ed.activities.at/entry.php?id=11676" "Mozilla/5.0 (Macintosh; Intel Mac OS X 10_12_6) AppleWebKit/537.36 (KHTML, like Gecko) Chrome/60.0.3112.101 Safari/537.36"
212.108.43.59 - - [11/Sep/2017:12:13:26 +0200] "POST /entry.php?id=11676 HTTP/1.1" 200 3548 "http://ed.activities.at/entry.php?id=11676" "Mozilla/5.0 (Macintosh; Intel Mac OS X 10_12_6) AppleWebKit/537.36 (KHTML, like Gecko) Chrome/60.0.3112.101 Safari/537.36"
212.108.43.59 - - [11/Sep/2017:12:13:27 +0200] "GET /gui/javascript/form_form.js?1505124806 HTTP/1.1" 200 16206 "http://ed.activities.at/entry.php?id=11676" "Mozilla/5.0 (Macintosh; Intel Mac OS X 10_12_6) AppleWebKit/537.36 (KHTML, like Gecko) Chrome/60.0.3112.101 Safari/537.36"
212.108.43.59 - - [11/Sep/2017:12:13:27 +0200] "GET /framework/webfx/javascript/tinymce/skins/lightgray/content.min.css HTTP/1.1" 404 325 "http://ed.activities.at/entry.php?id=11676" "Mozilla/5.0 (Macintosh; Intel Mac OS X 10_12_6) AppleWebKit/537.36 (KHTML, like Gecko) Chrome/60.0.3112.101 Safari/537.36"
212.108.43.59 - - [11/Sep/2017:12:13:57 +0200] "GET /entry.php?id=10271&&ser=124776 HTTP/1.1" 200 987 "http://ed.activities.at/entry.php?id=10271&&ser=124715" "Mozilla/5.0 (Macintosh; Intel Mac OS X 10_12_6) AppleWebKit/537.36 (KHTML, like Gecko) Chrome/60.0.3112.101 Safari/537.36"
212.108.43.59 - - [11/Sep/2017:12:13:57 +0200] "GET /gui/javascript/form_form.js?1505124837 HTTP/1.1" 200 16206 "http://ed.activities.at/entry.php?id=10271&&ser=124776" "Mozilla/5.0 (Macintosh; Intel Mac OS X 10_12_6) AppleWebKit/537.36 (KHTML, like Gecko) Chrome/60.0.3112.101 Safari/537.36"
80.122.130.46 - - [11/Sep/2017:12:14:01 +0200] "GET /entry.php?id=10271&&ser=124780 HTTP/1.1" 200 986 "http://ed.activities.at/entry.php?id=10271&&ser=124720" "Mozilla/5.0 (Windows NT 6.1; rv:55.0) Gecko/20100101 Firefox/55.0"
80.122.130.46 - - [11/Sep/2017:12:14:01 +0200] "GET /gui/javascript/form_form.js?1505124841 HTTP/1.1" 200 16206 "http://ed.activities.at/entry.php?id=10271&&ser=124780" "Mozilla/5.0 (Windows NT 6.1; rv:55.0) Gecko/20100101 Firefox/55.0"
212.108.43.59 - - [11/Sep/2017:12:14:57 +0200] "POST /entry.php?id=11676 HTTP/1.1" 200 3854 "http://ed.activities.at/entry.php?id=11676" "Mozilla/5.0 (Macintosh; Intel Mac OS X 10_12_6) AppleWebKit/537.36 (KHTML, like Gecko) Chrome/60.0.3112.101 Safari/537.36"
212.108.43.59 - - [11/Sep/2017:12:14:57 +0200] "GET /gui/javascript/form_form.js?1505124897 HTTP/1.1" 200 16206 "http://ed.activities.at/entry.php?id=11676" "Mozilla/5.0 (Macintosh; Intel Mac OS X 10_12_6) AppleWebKit/537.36 (KHTML, like Gecko) Chrome/60.0.3112.101 Safari/537.36"
212.108.43.59 - - [11/Sep/2017:12:14:57 +0200] "GET /entry.php?id=10271&&ser=124837 HTTP/1.1" 200 987 "http://ed.activities.at/entry.php?id=10271&&ser=124776" "Mozilla/5.0 (Macintosh; Intel Mac OS X 10_12_6) AppleWebKit/537.36 (KHTML, like Gecko) Chrome/60.0.3112.101 Safari/537.36"
212.108.43.59 - - [11/Sep/2017:12:14:58 +0200] "GET /framework/webfx/javascript/tinymce/skins/lightgray/content.min.css HTTP/1.1" 404 325 "http://ed.activities.at/entry.php?id=11676" "Mozilla/5.0 (Macintosh; Intel Mac OS X 10_12_6) AppleWebKit/537.36 (KHTML, like Gecko) Chrome/60.0.3112.101 Safari/537.36"
80.122.130.46 - - [11/Sep/2017:12:15:01 +0200] "GET /entry.php?id=10271&&ser=124841 HTTP/1.1" 200 986 "http://ed.activities.at/entry.php?id=10271&&ser=124780" "Mozilla/5.0 (Windows NT 6.1; rv:55.0) Gecko/20100101 Firefox/55.0"
80.122.130.46 - - [11/Sep/2017:12:15:02 +0200] "GET /gui/javascript/form_form.js?1505124901 HTTP/1.1" 200 16206 "http://ed.activities.at/entry.php?id=10271&&ser=124841" "Mozilla/5.0 (Windows NT 6.1; rv:55.0) Gecko/20100101 Firefox/55.0"
212.108.43.59 - - [11/Sep/2017:12:15:01 +0200] "POST /entry.php?id=11676 HTTP/1.1" 200 4657 "http://ed.activities.at/entry.php?id=11676" "Mozilla/5.0 (Macintosh; Intel Mac OS X 10_12_6) AppleWebKit/537.36 (KHTML, like Gecko) Chrome/60.0.3112.101 Safari/537.36"
212.108.43.59 - - [11/Sep/2017:12:15:02 +0200] "GET /gui/javascript/form_form.js?1505124902 HTTP/1.1" 200 16206 "http://ed.activities.at/entry.php?id=11676" "Mozilla/5.0 (Macintosh; Intel Mac OS X 10_12_6) AppleWebKit/537.36 (KHTML, like Gecko) Chrome/60.0.3112.101 Safari/537.36"
212.108.43.59 - - [11/Sep/2017:12:15:15 +0200] "POST /entry.php?id=11676 HTTP/1.1" 200 4943 "http://ed.activities.at/entry.php?id=11676" "Mozilla/5.0 (Macintosh; Intel Mac OS X 10_12_6) AppleWebKit/537.36 (KHTML, like Gecko) Chrome/60.0.3112.101 Safari/537.36"
212.108.43.59 - - [11/Sep/2017:12:15:16 +0200] "GET /gui/javascript/form_form.js?1505124916 HTTP/1.1" 200 16206 "http://ed.activities.at/entry.php?id=11676" "Mozilla/5.0 (Macintosh; Intel Mac OS X 10_12_6) AppleWebKit/537.36 (KHTML, like Gecko) Chrome/60.0.3112.101 Safari/537.36"
212.108.43.59 - - [11/Sep/2017:12:15:58 +0200] "GET /entry.php?id=10271&&ser=124897 HTTP/1.1" 200 988 "http://ed.activities.at/entry.php?id=10271&&ser=124837" "Mozilla/5.0 (Macintosh; Intel Mac OS X 10_12_6) AppleWebKit/537.36 (KHTML, like Gecko) Chrome/60.0.3112.101 Safari/537.36"
212.108.43.59 - - [11/Sep/2017:12:15:58 +0200] "GET /gui/javascript/form_form.js?1505124958 HTTP/1.1" 200 16206 "http://ed.activities.at/entry.php?id=10271&&ser=124897" "Mozilla/5.0 (Macintosh; Intel Mac OS X 10_12_6) AppleWebKit/537.36 (KHTML, like Gecko) Chrome/60.0.3112.101 Safari/537.36"
80.122.130.46 - - [11/Sep/2017:12:16:02 +0200] "GET /entry.php?id=10271&&ser=124901 HTTP/1.1" 200 987 "http://ed.activities.at/entry.php?id=10271&&ser=124841" "Mozilla/5.0 (Windows NT 6.1; rv:55.0) Gecko/20100101 Firefox/55.0"
80.122.130.46 - - [11/Sep/2017:12:16:02 +0200] "GET /gui/javascript/form_form.js?1505124962 HTTP/1.1" 200 16206 "http://ed.activities.at/entry.php?id=10271&&ser=124901" "Mozilla/5.0 (Windows NT 6.1; rv:55.0) Gecko/20100101 Firefox/55.0"
212.108.43.59 - - [11/Sep/2017:12:16:30 +0200] "POST /entry.php?id=11676 HTTP/1.1" 200 4911 "http://ed.activities.at/entry.php?id=11676" "Mozilla/5.0 (Macintosh; Intel Mac OS X 10_12_6) AppleWebKit/537.36 (KHTML, like Gecko) Chrome/60.0.3112.101 Safari/537.36"
212.108.43.59 - - [11/Sep/2017:12:16:32 +0200] "GET /gui/javascript/form_form.js?1505124991 HTTP/1.1" 200 16206 "http://ed.activities.at/entry.php?id=11676" "Mozilla/5.0 (Macintosh; Intel Mac OS X 10_12_6) AppleWebKit/537.36 (KHTML, like Gecko) Chrome/60.0.3112.101 Safari/537.36"
212.108.43.59 - - [11/Sep/2017:12:16:34 +0200] "POST /entry.php?id=11676 HTTP/1.1" 200 4894 "http://ed.activities.at/entry.php?id=11676" "Mozilla/5.0 (Macintosh; Intel Mac OS X 10_12_6) AppleWebKit/537.36 (KHTML, like Gecko) Chrome/60.0.3112.101 Safari/537.36"
212.108.43.59 - - [11/Sep/2017:12:16:35 +0200] "GET /gui/javascript/form_form.js?1505124995 HTTP/1.1" 200 16206 "http://ed.activities.at/entry.php?id=11676" "Mozilla/5.0 (Macintosh; Intel Mac OS X 10_12_6) AppleWebKit/537.36 (KHTML, like Gecko) Chrome/60.0.3112.101 Safari/537.36"
212.108.43.59 - - [11/Sep/2017:12:17:00 +0200] "GET /entry.php?id=10271&&ser=124958 HTTP/1.1" 200 986 "http://ed.activities.at/entry.php?id=10271&&ser=124897" "Mozilla/5.0 (Macintosh; Intel Mac OS X 10_12_6) AppleWebKit/537.36 (KHTML, like Gecko) Chrome/60.0.3112.101 Safari/537.36"
212.108.43.59 - - [11/Sep/2017:12:17:00 +0200] "GET /gui/javascript/form_form.js?1505125020 HTTP/1.1" 200 16206 "http://ed.activities.at/entry.php?id=10271&&ser=124958" "Mozilla/5.0 (Macintosh; Intel Mac OS X 10_12_6) AppleWebKit/537.36 (KHTML, like Gecko) Chrome/60.0.3112.101 Safari/537.36"
80.122.130.46 - - [11/Sep/2017:12:17:02 +0200] "GET /entry.php?id=10271&&ser=124962 HTTP/1.1" 200 986 "http://ed.activities.at/entry.php?id=10271&&ser=124901" "Mozilla/5.0 (Windows NT 6.1; rv:55.0) Gecko/20100101 Firefox/55.0"
80.122.130.46 - - [11/Sep/2017:12:17:03 +0200] "GET /gui/javascript/form_form.js?1505125022 HTTP/1.1" 200 16206 "http://ed.activities.at/entry.php?id=10271&&ser=124962" "Mozilla/5.0 (Windows NT 6.1; rv:55.0) Gecko/20100101 Firefox/55.0"
212.108.43.59 - - [11/Sep/2017:12:17:28 +0200] "GET /entry.php?id=10287&login=1 HTTP/1.1" 200 2975 "http://ed.activities.at/entry.php?id=10273&" "Mozilla/5.0 (Macintosh; Intel Mac OS X 10_12_6) AppleWebKit/537.36 (KHTML, like Gecko) Chrome/60.0.3112.101 Safari/537.36"
212.108.43.59 - - [11/Sep/2017:12:17:28 +0200] "GET /gui/javascript/form_form.js?1505125048 HTTP/1.1" 200 16206 "http://ed.activities.at/entry.php?id=10287&login=1" "Mozilla/5.0 (Macintosh; Intel Mac OS X 10_12_6) AppleWebKit/537.36 (KHTML, like Gecko) Chrome/60.0.3112.101 Safari/537.36"
212.108.43.59 - - [11/Sep/2017:12:17:33 +0200] "POST /entry.php?id=10287& HTTP/1.1" 200 3073 "http://ed.activities.at/entry.php?id=10287&login=1" "Mozilla/5.0 (Macintosh; Intel Mac OS X 10_12_6) AppleWebKit/537.36 (KHTML, like Gecko) Chrome/60.0.3112.101 Safari/537.36"
212.108.43.59 - - [11/Sep/2017:12:17:34 +0200] "GET /gui/javascript/form_form.js?1505125053 HTTP/1.1" 200 16206 "http://ed.activities.at/entry.php?id=10287&" "Mozilla/5.0 (Macintosh; Intel Mac OS X 10_12_6) AppleWebKit/537.36 (KHTML, like Gecko) Chrome/60.0.3112.101 Safari/537.36"
212.108.43.59 - - [11/Sep/2017:12:17:34 +0200] "GET /entry.php?id=10271&&ser=124958 HTTP/1.1" 200 987 "http://ed.activities.at/entry.php?id=10271&&ser=124958" "Mozilla/5.0 (Macintosh; Intel Mac OS X 10_12_6) AppleWebKit/537.36 (KHTML, like Gecko) Chrome/60.0.3112.101 Safari/537.36"
212.108.43.59 - - [11/Sep/2017:12:17:34 +0200] "GET /gui/javascript/form_form.js?1505125054 HTTP/1.1" 200 16206 "http://ed.activities.at/entry.php?id=10271&&ser=124958" "Mozilla/5.0 (Macintosh; Intel Mac OS X 10_12_6) AppleWebKit/537.36 (KHTML, like Gecko) Chrome/60.0.3112.101 Safari/537.36"
212.108.43.59 - - [11/Sep/2017:12:17:39 +0200] "GET /entry.php?id=11679 HTTP/1.1" 200 312 "http://ed.activities.at/entry.php?id=10270&__app__=10006038" "Mozilla/5.0 (Macintosh; Intel Mac OS X 10_12_6) AppleWebKit/537.36 (KHTML, like Gecko) Chrome/60.0.3112.101 Safari/537.36"
212.108.43.59 - - [11/Sep/2017:12:17:39 +0200] "GET /entry.php?id=10676&title=Portal& HTTP/1.1" 200 1386 "http://ed.activities.at/entry.php?id=11679" "Mozilla/5.0 (Macintosh; Intel Mac OS X 10_12_6) AppleWebKit/537.36 (KHTML, like Gecko) Chrome/60.0.3112.101 Safari/537.36"
212.108.43.59 - - [11/Sep/2017:12:17:40 +0200] "GET /gui/javascript/form_form.js?1505125060 HTTP/1.1" 200 16206 "http://ed.activities.at/entry.php?id=10676&title=Portal&" "Mozilla/5.0 (Macintosh; Intel Mac OS X 10_12_6) AppleWebKit/537.36 (KHTML, like Gecko) Chrome/60.0.3112.101 Safari/537.36"
212.108.43.59 - - [11/Sep/2017:12:17:39 +0200] "GET /entry.php?id=11677& HTTP/1.1" 200 4456 "http://ed.activities.at/entry.php?id=11679" "Mozilla/5.0 (Macintosh; Intel Mac OS X 10_12_6) AppleWebKit/537.36 (KHTML, like Gecko) Chrome/60.0.3112.101 Safari/537.36"
212.108.43.59 - - [11/Sep/2017:12:17:39 +0200] "GET /entry.php?id=11678& HTTP/1.1" 200 3363 "http://ed.activities.at/entry.php?id=11679" "Mozilla/5.0 (Macintosh; Intel Mac OS X 10_12_6) AppleWebKit/537.36 (KHTML, like Gecko) Chrome/60.0.3112.101 Safari/537.36"
212.108.43.59 - - [11/Sep/2017:12:17:41 +0200] "GET /activities/framework/KoolControls/KoolAjax/koolajax.php?8436e354c842500aba3cbaf0584c0c24 HTTP/1.1" 200 4079 "http://ed.activities.at/entry.php?id=11678&" "Mozilla/5.0 (Macintosh; Intel Mac OS X 10_12_6) AppleWebKit/537.36 (KHTML, like Gecko) Chrome/60.0.3112.101 Safari/537.36"
212.108.43.59 - - [11/Sep/2017:12:17:41 +0200] "GET /gui/javascript/form_form.js?1505125061 HTTP/1.1" 200 16206 "http://ed.activities.at/entry.php?id=11678&" "Mozilla/5.0 (Macintosh; Intel Mac OS X 10_12_6) AppleWebKit/537.36 (KHTML, like Gecko) Chrome/60.0.3112.101 Safari/537.36"
212.108.43.59 - - [11/Sep/2017:12:17:41 +0200] "GET /activities/framework/KoolControls/KoolTreeView/kooltreeview.php?c7cd9180e88ffef8e70f13526bb4f5f7 HTTP/1.1" 200 5055 "http://ed.activities.at/entry.php?id=11678&" "Mozilla/5.0 (Macintosh; Intel Mac OS X 10_12_6) AppleWebKit/537.36 (KHTML, like Gecko) Chrome/60.0.3112.101 Safari/537.36"
212.108.43.59 - - [11/Sep/2017:12:17:40 +0200] "GET /entry.php?id=11618&&object=&item=&emu_class= HTTP/1.1" 200 1697 "http://ed.activities.at/entry.php?id=11677&" "Mozilla/5.0 (Macintosh; Intel Mac OS X 10_12_6) AppleWebKit/537.36 (KHTML, like Gecko) Chrome/60.0.3112.101 Safari/537.36"
212.108.43.59 - - [11/Sep/2017:12:17:41 +0200] "POST /entry.php?id=11677 HTTP/1.1" 200 4548 "http://ed.activities.at/entry.php?id=11677&" "Mozilla/5.0 (Macintosh; Intel Mac OS X 10_12_6) AppleWebKit/537.36 (KHTML, like Gecko) Chrome/60.0.3112.101 Safari/537.36"
212.108.43.59 - - [11/Sep/2017:12:17:42 +0200] "POST /entry.php?id=11677 HTTP/1.1" 200 4549 "http://ed.activities.at/entry.php?id=11677" "Mozilla/5.0 (Macintosh; Intel Mac OS X 10_12_6) AppleWebKit/537.36 (KHTML, like Gecko) Chrome/60.0.3112.101 Safari/537.36"
212.108.43.59 - - [11/Sep/2017:12:17:42 +0200] "GET /gui/javascript/form_form.js?1505125062 HTTP/1.1" 200 16206 "http://ed.activities.at/entry.php?id=11677" "Mozilla/5.0 (Macintosh; Intel Mac OS X 10_12_6) AppleWebKit/537.36 (KHTML, like Gecko) Chrome/60.0.3112.101 Safari/537.36"
212.108.43.59 - - [11/Sep/2017:12:17:43 +0200] "POST /entry.php?id=11677 HTTP/1.1" 200 3219 "http://ed.activities.at/entry.php?id=11677" "Mozilla/5.0 (Macintosh; Intel Mac OS X 10_12_6) AppleWebKit/537.36 (KHTML, like Gecko) Chrome/60.0.3112.101 Safari/537.36"
212.108.43.59 - - [11/Sep/2017:12:17:44 +0200] "GET /gui/javascript/form_form.js?1505125064 HTTP/1.1" 200 16206 "http://ed.activities.at/entry.php?id=11677" "Mozilla/5.0 (Macintosh; Intel Mac OS X 10_12_6) AppleWebKit/537.36 (KHTML, like Gecko) Chrome/60.0.3112.101 Safari/537.36"
212.108.43.59 - - [11/Sep/2017:12:17:44 +0200] "GET /entry.php?id=10776&form=11502&name=list& HTTP/1.1" 200 1475 "http://ed.activities.at/entry.php?id=11677" "Mozilla/5.0 (Macintosh; Intel Mac OS X 10_12_6) AppleWebKit/537.36 (KHTML, like Gecko) Chrome/60.0.3112.101 Safari/537.36"
212.108.43.59 - - [11/Sep/2017:12:17:44 +0200] "GET /entry.php?id=10778&form=11502&name=list& HTTP/1.1" 200 3881 "http://ed.activities.at/entry.php?id=11677" "Mozilla/5.0 (Macintosh; Intel Mac OS X 10_12_6) AppleWebKit/537.36 (KHTML, like Gecko) Chrome/60.0.3112.101 Safari/537.36"
212.108.43.59 - - [11/Sep/2017:12:17:47 +0200] "POST /entry.php?id=11677 HTTP/1.1" 200 5180 "http://ed.activities.at/entry.php?id=11677" "Mozilla/5.0 (Macintosh; Intel Mac OS X 10_12_6) AppleWebKit/537.36 (KHTML, like Gecko) Chrome/60.0.3112.101 Safari/537.36"
212.108.43.59 - - [11/Sep/2017:12:17:49 +0200] "GET /gui/javascript/form_form.js?1505125068 HTTP/1.1" 200 16206 "http://ed.activities.at/entry.php?id=11677" "Mozilla/5.0 (Macintosh; Intel Mac OS X 10_12_6) AppleWebKit/537.36 (KHTML, like Gecko) Chrome/60.0.3112.101 Safari/537.36"
212.108.43.59 - - [11/Sep/2017:12:17:53 +0200] "GET /entry.php?id=11674 HTTP/1.1" 200 321 "http://ed.activities.at/entry.php?id=10270&__app__=10006038" "Mozilla/5.0 (Macintosh; Intel Mac OS X 10_12_6) AppleWebKit/537.36 (KHTML, like Gecko) Chrome/60.0.3112.101 Safari/537.36"
212.108.43.59 - - [11/Sep/2017:12:17:54 +0200] "GET /entry.php?id=10676&&title=Aktionen HTTP/1.1" 200 1387 "http://ed.activities.at/entry.php?id=11674" "Mozilla/5.0 (Macintosh; Intel Mac OS X 10_12_6) AppleWebKit/537.36 (KHTML, like Gecko) Chrome/60.0.3112.101 Safari/537.36"
212.108.43.59 - - [11/Sep/2017:12:17:54 +0200] "GET /gui/javascript/form_form.js?1505125074 HTTP/1.1" 200 16206 "http://ed.activities.at/entry.php?id=10676&&title=Aktionen" "Mozilla/5.0 (Macintosh; Intel Mac OS X 10_12_6) AppleWebKit/537.36 (KHTML, like Gecko) Chrome/60.0.3112.101 Safari/537.36"
212.108.43.59 - - [11/Sep/2017:12:17:54 +0200] "GET /entry.php?id=11675& HTTP/1.1" 200 2691 "http://ed.activities.at/entry.php?id=11674" "Mozilla/5.0 (Macintosh; Intel Mac OS X 10_12_6) AppleWebKit/537.36 (KHTML, like Gecko) Chrome/60.0.3112.101 Safari/537.36"
212.108.43.59 - - [11/Sep/2017:12:17:54 +0200] "GET /entry.php?id=11676& HTTP/1.1" 200 4385 "http://ed.activities.at/entry.php?id=11674" "Mozilla/5.0 (Macintosh; Intel Mac OS X 10_12_6) AppleWebKit/537.36 (KHTML, like Gecko) Chrome/60.0.3112.101 Safari/537.36"
212.108.43.59 - - [11/Sep/2017:12:17:55 +0200] "GET /gui/javascript/form_form.js?1505125075 HTTP/1.1" 200 16206 "http://ed.activities.at/entry.php?id=11676&" "Mozilla/5.0 (Macintosh; Intel Mac OS X 10_12_6) AppleWebKit/537.36 (KHTML, like Gecko) Chrome/60.0.3112.101 Safari/537.36"
212.108.43.59 - - [11/Sep/2017:12:17:54 +0200] "GET /entry.php?id=10776&form=11500&name=list& HTTP/1.1" 200 2451 "http://ed.activities.at/entry.php?id=11675&" "Mozilla/5.0 (Macintosh; Intel Mac OS X 10_12_6) AppleWebKit/537.36 (KHTML, like Gecko) Chrome/60.0.3112.101 Safari/537.36"
212.108.43.59 - - [11/Sep/2017:12:17:54 +0200] "GET /entry.php?id=10778&form=11500&name=list& HTTP/1.1" 200 3693 "http://ed.activities.at/entry.php?id=11675&" "Mozilla/5.0 (Macintosh; Intel Mac OS X 10_12_6) AppleWebKit/537.36 (KHTML, like Gecko) Chrome/60.0.3112.101 Safari/537.36"
80.122.130.46 - - [11/Sep/2017:12:18:03 +0200] "GET /entry.php?id=10271&&ser=125022 HTTP/1.1" 200 986 "http://ed.activities.at/entry.php?id=10271&&ser=124962" "Mozilla/5.0 (Windows NT 6.1; rv:55.0) Gecko/20100101 Firefox/55.0"
80.122.130.46 - - [11/Sep/2017:12:18:03 +0200] "GET /gui/javascript/form_form.js?1505125083 HTTP/1.1" 200 16206 "http://ed.activities.at/entry.php?id=10271&&ser=125022" "Mozilla/5.0 (Windows NT 6.1; rv:55.0) Gecko/20100101 Firefox/55.0"
212.108.43.59 - - [11/Sep/2017:12:18:07 +0200] "POST /entry.php?id=11676 HTTP/1.1" 200 4610 "http://ed.activities.at/entry.php?id=11676&" "Mozilla/5.0 (Macintosh; Intel Mac OS X 10_12_6) AppleWebKit/537.36 (KHTML, like Gecko) Chrome/60.0.3112.101 Safari/537.36"
212.108.43.59 - - [11/Sep/2017:12:18:08 +0200] "GET /gui/javascript/form_form.js?1505125088 HTTP/1.1" 200 16206 "http://ed.activities.at/entry.php?id=11676" "Mozilla/5.0 (Macintosh; Intel Mac OS X 10_12_6) AppleWebKit/537.36 (KHTML, like Gecko) Chrome/60.0.3112.101 Safari/537.36"
212.108.43.59 - - [11/Sep/2017:12:18:25 +0200] "POST /entry.php?id=11676 HTTP/1.1" 200 4973 "http://ed.activities.at/entry.php?id=11676" "Mozilla/5.0 (Macintosh; Intel Mac OS X 10_12_6) AppleWebKit/537.36 (KHTML, like Gecko) Chrome/60.0.3112.101 Safari/537.36"
212.108.43.59 - - [11/Sep/2017:12:18:26 +0200] "GET /gui/javascript/form_form.js?1505125106 HTTP/1.1" 200 16206 "http://ed.activities.at/entry.php?id=11676" "Mozilla/5.0 (Macintosh; Intel Mac OS X 10_12_6) AppleWebKit/537.36 (KHTML, like Gecko) Chrome/60.0.3112.101 Safari/537.36"
212.108.43.59 - - [11/Sep/2017:12:18:27 +0200] "POST /entry.php?id=11676 HTTP/1.1" 200 3548 "http://ed.activities.at/entry.php?id=11676" "Mozilla/5.0 (Macintosh; Intel Mac OS X 10_12_6) AppleWebKit/537.36 (KHTML, like Gecko) Chrome/60.0.3112.101 Safari/537.36"
212.108.43.59 - - [11/Sep/2017:12:18:28 +0200] "GET /gui/javascript/form_form.js?1505125108 HTTP/1.1" 200 16206 "http://ed.activities.at/entry.php?id=11676" "Mozilla/5.0 (Macintosh; Intel Mac OS X 10_12_6) AppleWebKit/537.36 (KHTML, like Gecko) Chrome/60.0.3112.101 Safari/537.36"
212.108.43.59 - - [11/Sep/2017:12:18:28 +0200] "GET /framework/webfx/javascript/tinymce/skins/lightgray/content.min.css HTTP/1.1" 404 325 "http://ed.activities.at/entry.php?id=11676" "Mozilla/5.0 (Macintosh; Intel Mac OS X 10_12_6) AppleWebKit/537.36 (KHTML, like Gecko) Chrome/60.0.3112.101 Safari/537.36"
212.108.43.59 - - [11/Sep/2017:12:18:31 +0200] "POST /entry.php?id=11676 HTTP/1.1" 200 3808 "http://ed.activities.at/entry.php?id=11676" "Mozilla/5.0 (Macintosh; Intel Mac OS X 10_12_6) AppleWebKit/537.36 (KHTML, like Gecko) Chrome/60.0.3112.101 Safari/537.36"
212.108.43.59 - - [11/Sep/2017:12:18:32 +0200] "GET /gui/javascript/form_form.js?1505125112 HTTP/1.1" 200 16206 "http://ed.activities.at/entry.php?id=11676" "Mozilla/5.0 (Macintosh; Intel Mac OS X 10_12_6) AppleWebKit/537.36 (KHTML, like Gecko) Chrome/60.0.3112.101 Safari/537.36"
212.108.43.59 - - [11/Sep/2017:12:18:32 +0200] "GET /framework/webfx/javascript/tinymce/skins/lightgray/content.min.css HTTP/1.1" 404 325 "http://ed.activities.at/entry.php?id=11676" "Mozilla/5.0 (Macintosh; Intel Mac OS X 10_12_6) AppleWebKit/537.36 (KHTML, like Gecko) Chrome/60.0.3112.101 Safari/537.36"
212.108.43.59 - - [11/Sep/2017:12:18:34 +0200] "GET /entry.php?id=10271&&ser=125054 HTTP/1.1" 200 987 "http://ed.activities.at/entry.php?id=10271&&ser=124958" "Mozilla/5.0 (Macintosh; Intel Mac OS X 10_12_6) AppleWebKit/537.36 (KHTML, like Gecko) Chrome/60.0.3112.101 Safari/537.36"
212.108.43.59 - - [11/Sep/2017:12:18:34 +0200] "GET /gui/javascript/form_form.js?1505125114 HTTP/1.1" 200 16206 "http://ed.activities.at/entry.php?id=10271&&ser=125054" "Mozilla/5.0 (Macintosh; Intel Mac OS X 10_12_6) AppleWebKit/537.36 (KHTML, like Gecko) Chrome/60.0.3112.101 Safari/537.36"
212.108.43.59 - - [11/Sep/2017:12:18:46 +0200] "POST /entry.php?id=11676 HTTP/1.1" 200 4663 "http://ed.activities.at/entry.php?id=11676" "Mozilla/5.0 (Macintosh; Intel Mac OS X 10_12_6) AppleWebKit/537.36 (KHTML, like Gecko) Chrome/60.0.3112.101 Safari/537.36"
212.108.43.59 - - [11/Sep/2017:12:18:47 +0200] "GET /gui/javascript/form_form.js?1505125126 HTTP/1.1" 200 16206 "http://ed.activities.at/entry.php?id=11676" "Mozilla/5.0 (Macintosh; Intel Mac OS X 10_12_6) AppleWebKit/537.36 (KHTML, like Gecko) Chrome/60.0.3112.101 Safari/537.36"
212.108.43.59 - - [11/Sep/2017:12:18:48 +0200] "POST /entry.php?id=11676 HTTP/1.1" 200 4947 "http://ed.activities.at/entry.php?id=11676" "Mozilla/5.0 (Macintosh; Intel Mac OS X 10_12_6) AppleWebKit/537.36 (KHTML, like Gecko) Chrome/60.0.3112.101 Safari/537.36"
212.108.43.59 - - [11/Sep/2017:12:18:50 +0200] "GET /gui/javascript/form_form.js?1505125130 HTTP/1.1" 200 16206 "http://ed.activities.at/entry.php?id=11676" "Mozilla/5.0 (Macintosh; Intel Mac OS X 10_12_6) AppleWebKit/537.36 (KHTML, like Gecko) Chrome/60.0.3112.101 Safari/537.36"
212.108.43.59 - - [11/Sep/2017:12:19:00 +0200] "POST /entry.php?id=11676 HTTP/1.1" 200 4952 "http://ed.activities.at/entry.php?id=11676" "Mozilla/5.0 (Macintosh; Intel Mac OS X 10_12_6) AppleWebKit/537.36 (KHTML, like Gecko) Chrome/60.0.3112.101 Safari/537.36"
212.108.43.59 - - [11/Sep/2017:12:19:01 +0200] "GET /gui/javascript/form_form.js?1505125141 HTTP/1.1" 200 16206 "http://ed.activities.at/entry.php?id=11676" "Mozilla/5.0 (Macintosh; Intel Mac OS X 10_12_6) AppleWebKit/537.36 (KHTML, like Gecko) Chrome/60.0.3112.101 Safari/537.36"
212.108.43.59 - - [11/Sep/2017:12:19:02 +0200] "POST /entry.php?id=11676 HTTP/1.1" 200 4932 "http://ed.activities.at/entry.php?id=11676" "Mozilla/5.0 (Macintosh; Intel Mac OS X 10_12_6) AppleWebKit/537.36 (KHTML, like Gecko) Chrome/60.0.3112.101 Safari/537.36"
212.108.43.59 - - [11/Sep/2017:12:19:03 +0200] "GET /gui/javascript/form_form.js?1505125143 HTTP/1.1" 200 16206 "http://ed.activities.at/entry.php?id=11676" "Mozilla/5.0 (Macintosh; Intel Mac OS X 10_12_6) AppleWebKit/537.36 (KHTML, like Gecko) Chrome/60.0.3112.101 Safari/537.36"
80.122.130.46 - - [11/Sep/2017:12:19:03 +0200] "GET /entry.php?id=10271&&ser=125083 HTTP/1.1" 200 987 "http://ed.activities.at/entry.php?id=10271&&ser=125022" "Mozilla/5.0 (Windows NT 6.1; rv:55.0) Gecko/20100101 Firefox/55.0"
80.122.130.46 - - [11/Sep/2017:12:19:04 +0200] "GET /gui/javascript/form_form.js?1505125144 HTTP/1.1" 200 16206 "http://ed.activities.at/entry.php?id=10271&&ser=125083" "Mozilla/5.0 (Windows NT 6.1; rv:55.0) Gecko/20100101 Firefox/55.0"
212.108.43.59 - - [11/Sep/2017:12:19:07 +0200] "POST /entry.php?id=11676 HTTP/1.1" 200 4893 "http://ed.activities.at/entry.php?id=11676" "Mozilla/5.0 (Macintosh; Intel Mac OS X 10_12_6) AppleWebKit/537.36 (KHTML, like Gecko) Chrome/60.0.3112.101 Safari/537.36"
212.108.43.59 - - [11/Sep/2017:12:19:08 +0200] "GET /gui/javascript/form_form.js?1505125148 HTTP/1.1" 200 16206 "http://ed.activities.at/entry.php?id=11676" "Mozilla/5.0 (Macintosh; Intel Mac OS X 10_12_6) AppleWebKit/537.36 (KHTML, like Gecko) Chrome/60.0.3112.101 Safari/537.36"
212.108.43.59 - - [11/Sep/2017:12:19:09 +0200] "POST /entry.php?id=11676 HTTP/1.1" 200 4877 "http://ed.activities.at/entry.php?id=11676" "Mozilla/5.0 (Macintosh; Intel Mac OS X 10_12_6) AppleWebKit/537.36 (KHTML, like Gecko) Chrome/60.0.3112.101 Safari/537.36"
212.108.43.59 - - [11/Sep/2017:12:19:10 +0200] "GET /gui/javascript/form_form.js?1505125150 HTTP/1.1" 200 16206 "http://ed.activities.at/entry.php?id=11676" "Mozilla/5.0 (Macintosh; Intel Mac OS X 10_12_6) AppleWebKit/537.36 (KHTML, like Gecko) Chrome/60.0.3112.101 Safari/537.36"
212.108.43.59 - - [11/Sep/2017:12:19:24 +0200] "POST /entry.php?id=11676 HTTP/1.1" 200 4698 "http://ed.activities.at/entry.php?id=11676" "Mozilla/5.0 (Macintosh; Intel Mac OS X 10_12_6) AppleWebKit/537.36 (KHTML, like Gecko) Chrome/60.0.3112.101 Safari/537.36"
212.108.43.59 - - [11/Sep/2017:12:19:26 +0200] "GET /gui/javascript/form_form.js?1505125165 HTTP/1.1" 200 16206 "http://ed.activities.at/entry.php?id=11676" "Mozilla/5.0 (Macintosh; Intel Mac OS X 10_12_6) AppleWebKit/537.36 (KHTML, like Gecko) Chrome/60.0.3112.101 Safari/537.36"
212.108.43.59 - - [11/Sep/2017:12:19:31 +0200] "POST /entry.php?id=11676 HTTP/1.1" 200 5015 "http://ed.activities.at/entry.php?id=11676" "Mozilla/5.0 (Macintosh; Intel Mac OS X 10_12_6) AppleWebKit/537.36 (KHTML, like Gecko) Chrome/60.0.3112.101 Safari/537.36"
212.108.43.59 - - [11/Sep/2017:12:19:32 +0200] "GET /gui/javascript/form_form.js?1505125172 HTTP/1.1" 200 16206 "http://ed.activities.at/entry.php?id=11676" "Mozilla/5.0 (Macintosh; Intel Mac OS X 10_12_6) AppleWebKit/537.36 (KHTML, like Gecko) Chrome/60.0.3112.101 Safari/537.36"
212.108.43.59 - - [11/Sep/2017:12:19:34 +0200] "POST /entry.php?id=11676 HTTP/1.1" 200 4989 "http://ed.activities.at/entry.php?id=11676" "Mozilla/5.0 (Macintosh; Intel Mac OS X 10_12_6) AppleWebKit/537.36 (KHTML, like Gecko) Chrome/60.0.3112.101 Safari/537.36"
212.108.43.59 - - [11/Sep/2017:12:19:34 +0200] "GET /entry.php?id=10271&&ser=125114 HTTP/1.1" 200 988 "http://ed.activities.at/entry.php?id=10271&&ser=125054" "Mozilla/5.0 (Macintosh; Intel Mac OS X 10_12_6) AppleWebKit/537.36 (KHTML, like Gecko) Chrome/60.0.3112.101 Safari/537.36"
212.108.43.59 - - [11/Sep/2017:12:19:35 +0200] "GET /gui/javascript/form_form.js?1505125175 HTTP/1.1" 200 16206 "http://ed.activities.at/entry.php?id=11676" "Mozilla/5.0 (Macintosh; Intel Mac OS X 10_12_6) AppleWebKit/537.36 (KHTML, like Gecko) Chrome/60.0.3112.101 Safari/537.36"
212.108.43.59 - - [11/Sep/2017:12:19:39 +0200] "GET /entry.php?id=10287&login=1 HTTP/1.1" 200 3003 "http://ed.activities.at/entry.php?id=10273&" "Mozilla/5.0 (Macintosh; Intel Mac OS X 10_12_6) AppleWebKit/537.36 (KHTML, like Gecko) Chrome/60.0.3112.101 Safari/537.36"
212.108.43.59 - - [11/Sep/2017:12:19:40 +0200] "GET /gui/javascript/form_form.js?1505125180 HTTP/1.1" 200 16206 "http://ed.activities.at/entry.php?id=10287&login=1" "Mozilla/5.0 (Macintosh; Intel Mac OS X 10_12_6) AppleWebKit/537.36 (KHTML, like Gecko) Chrome/60.0.3112.101 Safari/537.36"
212.108.43.59 - - [11/Sep/2017:12:19:52 +0200] "POST /entry.php?id=10287& HTTP/1.1" 200 3047 "http://ed.activities.at/entry.php?id=10287&login=1" "Mozilla/5.0 (Macintosh; Intel Mac OS X 10_12_6) AppleWebKit/537.36 (KHTML, like Gecko) Chrome/60.0.3112.101 Safari/537.36"
212.108.43.59 - - [11/Sep/2017:12:19:52 +0200] "GET /gui/javascript/form_form.js?1505125192 HTTP/1.1" 200 16206 "http://ed.activities.at/entry.php?id=10287&" "Mozilla/5.0 (Macintosh; Intel Mac OS X 10_12_6) AppleWebKit/537.36 (KHTML, like Gecko) Chrome/60.0.3112.101 Safari/537.36"
212.108.43.59 - - [11/Sep/2017:12:19:52 +0200] "GET /entry.php?id=10271&&ser=125114 HTTP/1.1" 200 988 "http://ed.activities.at/entry.php?id=10271&&ser=125114" "Mozilla/5.0 (Macintosh; Intel Mac OS X 10_12_6) AppleWebKit/537.36 (KHTML, like Gecko) Chrome/60.0.3112.101 Safari/537.36"
212.108.43.59 - - [11/Sep/2017:12:19:53 +0200] "GET /gui/javascript/form_form.js?1505125193 HTTP/1.1" 200 16206 "http://ed.activities.at/entry.php?id=10271&&ser=125114" "Mozilla/5.0 (Macintosh; Intel Mac OS X 10_12_6) AppleWebKit/537.36 (KHTML, like Gecko) Chrome/60.0.3112.101 Safari/537.36"
212.108.43.59 - - [11/Sep/2017:12:19:54 +0200] "GET /entry.php?id=11681 HTTP/1.1" 200 328 "http://ed.activities.at/entry.php?id=10270&__app__=10006038" "Mozilla/5.0 (Macintosh; Intel Mac OS X 10_12_6) AppleWebKit/537.36 (KHTML, like Gecko) Chrome/60.0.3112.101 Safari/537.36"
212.108.43.59 - - [11/Sep/2017:12:19:55 +0200] "GET /entry.php?id=10676&&title=Contentverwaltung HTTP/1.1" 200 1392 "http://ed.activities.at/entry.php?id=11681" "Mozilla/5.0 (Macintosh; Intel Mac OS X 10_12_6) AppleWebKit/537.36 (KHTML, like Gecko) Chrome/60.0.3112.101 Safari/537.36"
212.108.43.59 - - [11/Sep/2017:12:19:55 +0200] "GET /entry.php?id=11683& HTTP/1.1" 200 2680 "http://ed.activities.at/entry.php?id=11681" "Mozilla/5.0 (Macintosh; Intel Mac OS X 10_12_6) AppleWebKit/537.36 (KHTML, like Gecko) Chrome/60.0.3112.101 Safari/537.36"
212.108.43.59 - - [11/Sep/2017:12:19:55 +0200] "GET /gui/javascript/form_form.js?1505125195 HTTP/1.1" 200 16206 "http://ed.activities.at/entry.php?id=10676&&title=Contentverwaltung" "Mozilla/5.0 (Macintosh; Intel Mac OS X 10_12_6) AppleWebKit/537.36 (KHTML, like Gecko) Chrome/60.0.3112.101 Safari/537.36"
212.108.43.59 - - [11/Sep/2017:12:19:55 +0200] "GET /entry.php?id=11684& HTTP/1.1" 200 3805 "http://ed.activities.at/entry.php?id=11681" "Mozilla/5.0 (Macintosh; Intel Mac OS X 10_12_6) AppleWebKit/537.36 (KHTML, like Gecko) Chrome/60.0.3112.101 Safari/537.36"
212.108.43.59 - - [11/Sep/2017:12:19:55 +0200] "GET /entry.php?id=10778&form=11508&name=list& HTTP/1.1" 200 3120 "http://ed.activities.at/entry.php?id=11683&" "Mozilla/5.0 (Macintosh; Intel Mac OS X 10_12_6) AppleWebKit/537.36 (KHTML, like Gecko) Chrome/60.0.3112.101 Safari/537.36"
212.108.43.59 - - [11/Sep/2017:12:19:55 +0200] "GET /entry.php?id=10776&form=11508&name=list& HTTP/1.1" 200 1894 "http://ed.activities.at/entry.php?id=11683&" "Mozilla/5.0 (Macintosh; Intel Mac OS X 10_12_6) AppleWebKit/537.36 (KHTML, like Gecko) Chrome/60.0.3112.101 Safari/537.36"
212.108.43.59 - - [11/Sep/2017:12:19:57 +0200] "GET /entry.php?id=11674 HTTP/1.1" 200 321 "http://ed.activities.at/entry.php?id=10270&__app__=10006038" "Mozilla/5.0 (Macintosh; Intel Mac OS X 10_12_6) AppleWebKit/537.36 (KHTML, like Gecko) Chrome/60.0.3112.101 Safari/537.36"
212.108.43.59 - - [11/Sep/2017:12:19:58 +0200] "GET /entry.php?id=10676&&title=Aktionen HTTP/1.1" 200 1388 "http://ed.activities.at/entry.php?id=11674" "Mozilla/5.0 (Macintosh; Intel Mac OS X 10_12_6) AppleWebKit/537.36 (KHTML, like Gecko) Chrome/60.0.3112.101 Safari/537.36"
212.108.43.59 - - [11/Sep/2017:12:19:58 +0200] "GET /gui/javascript/form_form.js?1505125198 HTTP/1.1" 200 16206 "http://ed.activities.at/entry.php?id=10676&&title=Aktionen" "Mozilla/5.0 (Macintosh; Intel Mac OS X 10_12_6) AppleWebKit/537.36 (KHTML, like Gecko) Chrome/60.0.3112.101 Safari/537.36"
212.108.43.59 - - [11/Sep/2017:12:19:58 +0200] "GET /entry.php?id=11675& HTTP/1.1" 200 2692 "http://ed.activities.at/entry.php?id=11674" "Mozilla/5.0 (Macintosh; Intel Mac OS X 10_12_6) AppleWebKit/537.36 (KHTML, like Gecko) Chrome/60.0.3112.101 Safari/537.36"
212.108.43.59 - - [11/Sep/2017:12:19:58 +0200] "GET /entry.php?id=11676& HTTP/1.1" 200 4385 "http://ed.activities.at/entry.php?id=11674" "Mozilla/5.0 (Macintosh; Intel Mac OS X 10_12_6) AppleWebKit/537.36 (KHTML, like Gecko) Chrome/60.0.3112.101 Safari/537.36"
212.108.43.59 - - [11/Sep/2017:12:19:59 +0200] "GET /gui/javascript/form_form.js?1505125199 HTTP/1.1" 200 16206 "http://ed.activities.at/entry.php?id=11676&" "Mozilla/5.0 (Macintosh; Intel Mac OS X 10_12_6) AppleWebKit/537.36 (KHTML, like Gecko) Chrome/60.0.3112.101 Safari/537.36"
212.108.43.59 - - [11/Sep/2017:12:19:58 +0200] "GET /entry.php?id=10776&form=11500&name=list& HTTP/1.1" 200 2451 "http://ed.activities.at/entry.php?id=11675&" "Mozilla/5.0 (Macintosh; Intel Mac OS X 10_12_6) AppleWebKit/537.36 (KHTML, like Gecko) Chrome/60.0.3112.101 Safari/537.36"
212.108.43.59 - - [11/Sep/2017:12:19:58 +0200] "GET /entry.php?id=10778&form=11500&name=list& HTTP/1.1" 200 3722 "http://ed.activities.at/entry.php?id=11675&" "Mozilla/5.0 (Macintosh; Intel Mac OS X 10_12_6) AppleWebKit/537.36 (KHTML, like Gecko) Chrome/60.0.3112.101 Safari/537.36"
80.122.130.46 - - [11/Sep/2017:12:20:04 +0200] "GET /entry.php?id=10271&&ser=125144 HTTP/1.1" 200 987 "http://ed.activities.at/entry.php?id=10271&&ser=125083" "Mozilla/5.0 (Windows NT 6.1; rv:55.0) Gecko/20100101 Firefox/55.0"
80.122.130.46 - - [11/Sep/2017:12:20:04 +0200] "GET /gui/javascript/form_form.js?1505125204 HTTP/1.1" 200 16206 "http://ed.activities.at/entry.php?id=10271&&ser=125144" "Mozilla/5.0 (Windows NT 6.1; rv:55.0) Gecko/20100101 Firefox/55.0"
212.108.43.59 - - [11/Sep/2017:12:20:04 +0200] "POST /entry.php?id=11676 HTTP/1.1" 200 4687 "http://ed.activities.at/entry.php?id=11676&" "Mozilla/5.0 (Macintosh; Intel Mac OS X 10_12_6) AppleWebKit/537.36 (KHTML, like Gecko) Chrome/60.0.3112.101 Safari/537.36"
212.108.43.59 - - [11/Sep/2017:12:20:05 +0200] "GET /gui/javascript/form_form.js?1505125205 HTTP/1.1" 200 16206 "http://ed.activities.at/entry.php?id=11676" "Mozilla/5.0 (Macintosh; Intel Mac OS X 10_12_6) AppleWebKit/537.36 (KHTML, like Gecko) Chrome/60.0.3112.101 Safari/537.36"
212.108.43.59 - - [11/Sep/2017:12:20:05 +0200] "GET /cache/emu/images/easy-drivers-m10290723/edaktionsseitemotorradherbstpng_270_123_0.png HTTP/1.1" 200 34968 "http://ed.activities.at/entry.php?id=11676" "Mozilla/5.0 (Macintosh; Intel Mac OS X 10_12_6) AppleWebKit/537.36 (KHTML, like Gecko) Chrome/60.0.3112.101 Safari/537.36"
212.108.43.59 - - [11/Sep/2017:12:20:08 +0200] "POST /entry.php?id=11676 HTTP/1.1" 200 5010 "http://ed.activities.at/entry.php?id=11676" "Mozilla/5.0 (Macintosh; Intel Mac OS X 10_12_6) AppleWebKit/537.36 (KHTML, like Gecko) Chrome/60.0.3112.101 Safari/537.36"
212.108.43.59 - - [11/Sep/2017:12:20:09 +0200] "GET /gui/javascript/form_form.js?1505125209 HTTP/1.1" 200 16206 "http://ed.activities.at/entry.php?id=11676" "Mozilla/5.0 (Macintosh; Intel Mac OS X 10_12_6) AppleWebKit/537.36 (KHTML, like Gecko) Chrome/60.0.3112.101 Safari/537.36"
212.108.43.59 - - [11/Sep/2017:12:20:12 +0200] "POST /entry.php?id=11676 HTTP/1.1" 200 4985 "http://ed.activities.at/entry.php?id=11676" "Mozilla/5.0 (Macintosh; Intel Mac OS X 10_12_6) AppleWebKit/537.36 (KHTML, like Gecko) Chrome/60.0.3112.101 Safari/537.36"
212.108.43.59 - - [11/Sep/2017:12:20:14 +0200] "GET /gui/javascript/form_form.js?1505125213 HTTP/1.1" 200 16206 "http://ed.activities.at/entry.php?id=11676" "Mozilla/5.0 (Macintosh; Intel Mac OS X 10_12_6) AppleWebKit/537.36 (KHTML, like Gecko) Chrome/60.0.3112.101 Safari/537.36"
212.108.43.59 - - [11/Sep/2017:12:20:53 +0200] "GET /entry.php?id=10271&&ser=125193 HTTP/1.1" 200 987 "http://ed.activities.at/entry.php?id=10271&&ser=125114" "Mozilla/5.0 (Macintosh; Intel Mac OS X 10_12_6) AppleWebKit/537.36 (KHTML, like Gecko) Chrome/60.0.3112.101 Safari/537.36"
212.108.43.59 - - [11/Sep/2017:12:20:53 +0200] "GET /gui/javascript/form_form.js?1505125253 HTTP/1.1" 200 16206 "http://ed.activities.at/entry.php?id=10271&&ser=125193" "Mozilla/5.0 (Macintosh; Intel Mac OS X 10_12_6) AppleWebKit/537.36 (KHTML, like Gecko) Chrome/60.0.3112.101 Safari/537.36"
80.122.130.46 - - [11/Sep/2017:12:21:04 +0200] "GET /entry.php?id=10271&&ser=125204 HTTP/1.1" 200 987 "http://ed.activities.at/entry.php?id=10271&&ser=125144" "Mozilla/5.0 (Windows NT 6.1; rv:55.0) Gecko/20100101 Firefox/55.0"
80.122.130.46 - - [11/Sep/2017:12:21:05 +0200] "GET /gui/javascript/form_form.js?1505125265 HTTP/1.1" 200 16206 "http://ed.activities.at/entry.php?id=10271&&ser=125204" "Mozilla/5.0 (Windows NT 6.1; rv:55.0) Gecko/20100101 Firefox/55.0"
212.108.43.59 - - [11/Sep/2017:12:21:54 +0200] "GET /entry.php?id=10271&&ser=125253 HTTP/1.1" 200 988 "http://ed.activities.at/entry.php?id=10271&&ser=125193" "Mozilla/5.0 (Macintosh; Intel Mac OS X 10_12_6) AppleWebKit/537.36 (KHTML, like Gecko) Chrome/60.0.3112.101 Safari/537.36"
212.108.43.59 - - [11/Sep/2017:12:21:54 +0200] "GET /gui/javascript/form_form.js?1505125314 HTTP/1.1" 200 16206 "http://ed.activities.at/entry.php?id=10271&&ser=125253" "Mozilla/5.0 (Macintosh; Intel Mac OS X 10_12_6) AppleWebKit/537.36 (KHTML, like Gecko) Chrome/60.0.3112.101 Safari/537.36"
80.122.130.46 - - [11/Sep/2017:12:22:05 +0200] "GET /entry.php?id=10271&&ser=125265 HTTP/1.1" 200 987 "http://ed.activities.at/entry.php?id=10271&&ser=125204" "Mozilla/5.0 (Windows NT 6.1; rv:55.0) Gecko/20100101 Firefox/55.0"
80.122.130.46 - - [11/Sep/2017:12:22:05 +0200] "GET /gui/javascript/form_form.js?1505125325 HTTP/1.1" 200 16206 "http://ed.activities.at/entry.php?id=10271&&ser=125265" "Mozilla/5.0 (Windows NT 6.1; rv:55.0) Gecko/20100101 Firefox/55.0"
212.108.43.59 - - [11/Sep/2017:12:22:13 +0200] "GET /entry.php?id=10441&UIN=04811479963c393aa0d40ddc3900059e HTTP/1.1" 200 1173 "http://ed.activities.at/layout.php" "Mozilla/5.0 (Macintosh; Intel Mac OS X 10_12_6) AppleWebKit/537.36 (KHTML, like Gecko) Chrome/60.0.3112.101 Safari/537.36"
212.108.43.59 - - [11/Sep/2017:12:22:14 +0200] "GET /gui/javascript/form_form.js?1505125334 HTTP/1.1" 200 16206 "http://ed.activities.at/entry.php?id=10441&UIN=04811479963c393aa0d40ddc3900059e" "Mozilla/5.0 (Macintosh; Intel Mac OS X 10_12_6) AppleWebKit/537.36 (KHTML, like Gecko) Chrome/60.0.3112.101 Safari/537.36"
80.122.130.46 - - [11/Sep/2017:12:23:05 +0200] "GET /entry.php?id=10271&&ser=125325 HTTP/1.1" 200 988 "http://ed.activities.at/entry.php?id=10271&&ser=125265" "Mozilla/5.0 (Windows NT 6.1; rv:55.0) Gecko/20100101 Firefox/55.0"
80.122.130.46 - - [11/Sep/2017:12:23:06 +0200] "GET /gui/javascript/form_form.js?1505125386 HTTP/1.1" 200 16206 "http://ed.activities.at/entry.php?id=10271&&ser=125325" "Mozilla/5.0 (Windows NT 6.1; rv:55.0) Gecko/20100101 Firefox/55.0"
80.122.130.46 - - [11/Sep/2017:12:24:06 +0200] "GET /entry.php?id=10271&&ser=125386 HTTP/1.1" 200 988 "http://ed.activities.at/entry.php?id=10271&&ser=125325" "Mozilla/5.0 (Windows NT 6.1; rv:55.0) Gecko/20100101 Firefox/55.0"
80.122.130.46 - - [11/Sep/2017:12:24:06 +0200] "GET /gui/javascript/form_form.js?1505125446 HTTP/1.1" 200 16206 "http://ed.activities.at/entry.php?id=10271&&ser=125386" "Mozilla/5.0 (Windows NT 6.1; rv:55.0) Gecko/20100101 Firefox/55.0"
80.122.130.46 - - [11/Sep/2017:12:25:06 +0200] "GET /entry.php?id=10271&&ser=125446 HTTP/1.1" 200 988 "http://ed.activities.at/entry.php?id=10271&&ser=125386" "Mozilla/5.0 (Windows NT 6.1; rv:55.0) Gecko/20100101 Firefox/55.0"
80.122.130.46 - - [11/Sep/2017:12:25:07 +0200] "GET /gui/javascript/form_form.js?1505125507 HTTP/1.1" 200 16206 "http://ed.activities.at/entry.php?id=10271&&ser=125446" "Mozilla/5.0 (Windows NT 6.1; rv:55.0) Gecko/20100101 Firefox/55.0"
80.122.130.46 - - [11/Sep/2017:12:26:07 +0200] "GET /entry.php?id=10271&&ser=125507 HTTP/1.1" 200 988 "http://ed.activities.at/entry.php?id=10271&&ser=125446" "Mozilla/5.0 (Windows NT 6.1; rv:55.0) Gecko/20100101 Firefox/55.0"
80.122.130.46 - - [11/Sep/2017:12:26:07 +0200] "GET /gui/javascript/form_form.js?1505125567 HTTP/1.1" 200 16206 "http://ed.activities.at/entry.php?id=10271&&ser=125507" "Mozilla/5.0 (Windows NT 6.1; rv:55.0) Gecko/20100101 Firefox/55.0"
80.122.130.46 - - [11/Sep/2017:12:27:07 +0200] "GET /entry.php?id=10271&&ser=125567 HTTP/1.1" 200 988 "http://ed.activities.at/entry.php?id=10271&&ser=125507" "Mozilla/5.0 (Windows NT 6.1; rv:55.0) Gecko/20100101 Firefox/55.0"
80.122.130.46 - - [11/Sep/2017:12:27:08 +0200] "GET /gui/javascript/form_form.js?1505125628 HTTP/1.1" 200 16206 "http://ed.activities.at/entry.php?id=10271&&ser=125567" "Mozilla/5.0 (Windows NT 6.1; rv:55.0) Gecko/20100101 Firefox/55.0"
80.122.130.46 - - [11/Sep/2017:12:28:08 +0200] "GET /entry.php?id=10271&&ser=125628 HTTP/1.1" 200 988 "http://ed.activities.at/entry.php?id=10271&&ser=125567" "Mozilla/5.0 (Windows NT 6.1; rv:55.0) Gecko/20100101 Firefox/55.0"
80.122.130.46 - - [11/Sep/2017:12:28:08 +0200] "GET /gui/javascript/form_form.js?1505125688 HTTP/1.1" 200 16206 "http://ed.activities.at/entry.php?id=10271&&ser=125628" "Mozilla/5.0 (Windows NT 6.1; rv:55.0) Gecko/20100101 Firefox/55.0"
80.122.130.46 - - [11/Sep/2017:12:29:08 +0200] "GET /entry.php?id=10271&&ser=125688 HTTP/1.1" 200 988 "http://ed.activities.at/entry.php?id=10271&&ser=125628" "Mozilla/5.0 (Windows NT 6.1; rv:55.0) Gecko/20100101 Firefox/55.0"
80.122.130.46 - - [11/Sep/2017:12:29:09 +0200] "GET /gui/javascript/form_form.js?1505125749 HTTP/1.1" 200 16206 "http://ed.activities.at/entry.php?id=10271&&ser=125688" "Mozilla/5.0 (Windows NT 6.1; rv:55.0) Gecko/20100101 Firefox/55.0"
