81.189.93.28 - - [11/Sep/2017:16:26:45 +0200] "GET /gui/images/icons/paging_next.gif HTTP/1.1" 200 74 "http://ed.activities.at/entry.php?id=10777&form=10549&name=list&" "Mozilla/5.0 (Windows NT 10.0; WOW64; rv:55.0) Gecko/20100101 Firefox/55.0"
81.189.93.28 - - [11/Sep/2017:16:26:45 +0200] "GET /gui/images/icons/paging_lastpage.gif HTTP/1.1" 200 78 "http://ed.activities.at/entry.php?id=10777&form=10549&name=list&" "Mozilla/5.0 (Windows NT 10.0; WOW64; rv:55.0) Gecko/20100101 Firefox/55.0"
81.189.93.28 - - [11/Sep/2017:16:26:45 +0200] "GET /cache/emu/images/easy-drivers-wallensteinplatz-au10244141/appstorelogomobilejpg_16_5_1.jpg HTTP/1.1" 200 740 "http://ed.activities.at/entry.php?id=10778&form=10549&name=list&" "Mozilla/5.0 (Windows NT 10.0; WOW64; rv:55.0) Gecko/20100101 Firefox/55.0"
81.189.93.28 - - [11/Sep/2017:16:26:45 +0200] "GET /cache/emu/images/easy-drivers-wallensteinplatz-au10287969/auvalogosponsorlogojpg_16_8_0.jpg HTTP/1.1" 200 769 "http://ed.activities.at/entry.php?id=10778&form=10549&name=list&" "Mozilla/5.0 (Windows NT 10.0; WOW64; rv:55.0) Gecko/20100101 Firefox/55.0"
81.189.93.28 - - [11/Sep/2017:16:26:45 +0200] "GET /cache/emu/images/easy-drivers-wallensteinplatz-au10287970/bildungintegrjpg_16_8_0.jpg HTTP/1.1" 200 739 "http://ed.activities.at/entry.php?id=10778&form=10549&name=list&" "Mozilla/5.0 (Windows NT 10.0; WOW64; rv:55.0) Gecko/20100101 Firefox/55.0"
81.189.93.28 - - [11/Sep/2017:16:27:20 +0200] "POST /entry.php?id=10704 HTTP/1.1" 200 3079 "http://ed.activities.at/entry.php?id=10704" "Mozilla/5.0 (Windows NT 10.0; WOW64; rv:55.0) Gecko/20100101 Firefox/55.0"
81.189.93.28 - - [11/Sep/2017:16:27:21 +0200] "GET /gui/javascript/form_form.js?1505140041 HTTP/1.1" 200 16206 "http://ed.activities.at/entry.php?id=10704" "Mozilla/5.0 (Windows NT 10.0; WOW64; rv:55.0) Gecko/20100101 Firefox/55.0"
81.189.93.28 - - [11/Sep/2017:16:27:21 +0200] "GET /cache/emu/images/easy-drivers-wallensteinplatz-au10264045/weihnachtsbaumjpg_90_90_0.jpg HTTP/1.1" 200 2344 "http://ed.activities.at/entry.php?id=11685&object=10229064&site=10201431&item=10222011" "Mozilla/5.0 (Windows NT 10.0; WOW64; rv:55.0) Gecko/20100101 Firefox/55.0"
81.189.93.28 - - [11/Sep/2017:16:27:23 +0200] "GET /entry.php?id=10271&&ser=139982 HTTP/1.1" 200 987 "http://ed.activities.at/entry.php?id=10271&&ser=139922" "Mozilla/5.0 (Windows NT 10.0; WOW64; rv:55.0) Gecko/20100101 Firefox/55.0"
81.189.93.28 - - [11/Sep/2017:16:27:23 +0200] "GET /gui/javascript/form_form.js?1505140043 HTTP/1.1" 200 16206 "http://ed.activities.at/entry.php?id=10271&&ser=139982" "Mozilla/5.0 (Windows NT 10.0; WOW64; rv:55.0) Gecko/20100101 Firefox/55.0"
81.189.93.28 - - [11/Sep/2017:16:27:31 +0200] "POST /entry.php?id=11685 HTTP/1.1" 200 3744 "http://ed.activities.at/entry.php?id=11685&object=10229064&site=10201431&item=10222011" "Mozilla/5.0 (Windows NT 10.0; WOW64; rv:55.0) Gecko/20100101 Firefox/55.0"
81.189.93.28 - - [11/Sep/2017:16:27:31 +0200] "GET /gui/javascript/form_form.js?1505140051 HTTP/1.1" 200 16206 "http://ed.activities.at/entry.php?id=11685" "Mozilla/5.0 (Windows NT 10.0; WOW64; rv:55.0) Gecko/20100101 Firefox/55.0"
81.189.93.28 - - [11/Sep/2017:16:27:31 +0200] "GET /cache/emu/images/easy-drivers-wallensteinplatz-au10264045/weihnachtsbaumjpg_90_90_0.jpg HTTP/1.1" 200 2344 "http://ed.activities.at/entry.php?id=11685" "Mozilla/5.0 (Windows NT 10.0; WOW64; rv:55.0) Gecko/20100101 Firefox/55.0"
81.189.93.28 - - [11/Sep/2017:16:27:32 +0200] "GET /activities/framework/KoolControls/KoolTreeView/icons/square_yellowS.gif HTTP/1.1" 200 541 "http://ed.activities.at/entry.php?id=11678&" "Mozilla/5.0 (Windows NT 10.0; WOW64; rv:55.0) Gecko/20100101 Firefox/55.0"
80.122.130.46 - - [11/Sep/2017:16:27:37 +0200] "GET /entry.php?id=10271&&ser=139997 HTTP/1.1" 200 986 "http://ed.activities.at/entry.php?id=10271&&ser=139936" "Mozilla/5.0 (Windows NT 6.1; rv:55.0) Gecko/20100101 Firefox/55.0"
80.122.130.46 - - [11/Sep/2017:16:27:38 +0200] "GET /gui/javascript/form_form.js?1505140057 HTTP/1.1" 200 16206 "http://ed.activities.at/entry.php?id=10271&&ser=139997" "Mozilla/5.0 (Windows NT 6.1; rv:55.0) Gecko/20100101 Firefox/55.0"
80.122.130.46 - - [11/Sep/2017:16:27:43 +0200] "POST /entry.php?id=11671 HTTP/1.1" 200 4786 "http://ed.activities.at/entry.php?id=11671" "Mozilla/5.0 (Windows NT 6.1; rv:55.0) Gecko/20100101 Firefox/55.0"
80.122.130.46 - - [11/Sep/2017:16:27:44 +0200] "GET /gui/javascript/form_form.js?1505140064 HTTP/1.1" 200 16206 "http://ed.activities.at/entry.php?id=11671" "Mozilla/5.0 (Windows NT 6.1; rv:55.0) Gecko/20100101 Firefox/55.0"
90.146.3.54 - - [11/Sep/2017:16:27:44 +0200] "GET /entry.php?id=10271&&ser=140003 HTTP/1.1" 200 987 "http://ed.activities.at/entry.php?id=10271&&ser=139942" "Mozilla/5.0 (Windows NT 10.0; Win64; x64) AppleWebKit/537.36 (KHTML, like Gecko) Chrome/60.0.3112.113 Safari/537.36"
90.146.3.54 - - [11/Sep/2017:16:27:44 +0200] "GET /gui/javascript/form_form.js?1505140064 HTTP/1.1" 200 16206 "http://ed.activities.at/entry.php?id=10271&&ser=140003" "Mozilla/5.0 (Windows NT 10.0; Win64; x64) AppleWebKit/537.36 (KHTML, like Gecko) Chrome/60.0.3112.113 Safari/537.36"
80.122.130.46 - - [11/Sep/2017:16:27:44 +0200] "GET /entry.php?id=10776&form=11496&name=list& HTTP/1.1" 200 1519 "http://ed.activities.at/entry.php?id=11671" "Mozilla/5.0 (Windows NT 6.1; rv:55.0) Gecko/20100101 Firefox/55.0"
80.122.130.46 - - [11/Sep/2017:16:27:44 +0200] "GET /entry.php?id=10778&form=11496&name=list& HTTP/1.1" 200 5818 "http://ed.activities.at/entry.php?id=11671" "Mozilla/5.0 (Windows NT 6.1; rv:55.0) Gecko/20100101 Firefox/55.0"
81.189.93.28 - - [11/Sep/2017:16:27:45 +0200] "GET /gui/javascript/jquery/css/gui-themes/images/ui-icons_000000_256x240_ev.png HTTP/1.1" 200 11218 "http://ed.activities.at/gui/javascript/jquery/css/gui-themes/custom.min.css" "Mozilla/5.0 (Windows NT 10.0; WOW64; rv:55.0) Gecko/20100101 Firefox/55.0"
81.189.93.28 - - [11/Sep/2017:16:28:04 +0200] "GET /entry.php?id=11686&object=10229064&site=10201431 HTTP/1.1" 200 1792 "http://ed.activities.at/entry.php?id=11412" "Mozilla/5.0 (Windows NT 10.0; WOW64; rv:55.0) Gecko/20100101 Firefox/55.0"
81.189.93.28 - - [11/Sep/2017:16:28:04 +0200] "GET /gui/javascript/form_form.js?1505140084 HTTP/1.1" 200 16206 "http://ed.activities.at/entry.php?id=11686&object=10229064&site=10201431" "Mozilla/5.0 (Windows NT 10.0; WOW64; rv:55.0) Gecko/20100101 Firefox/55.0"
81.189.93.28 - - [11/Sep/2017:16:28:05 +0200] "GET /cache/emu/images/easy-drivers-wallensteinplatz-au10264045/weihnachtsbaumjpg_90_90_0.jpg HTTP/1.1" 304 - "http://ed.activities.at/entry.php?id=11686&object=10229064&site=10201431" "Mozilla/5.0 (Windows NT 10.0; WOW64; rv:55.0) Gecko/20100101 Firefox/55.0"
80.122.130.46 - - [11/Sep/2017:16:28:07 +0200] "POST /entry.php?id=11671 HTTP/1.1" 200 4778 "http://ed.activities.at/entry.php?id=11671" "Mozilla/5.0 (Windows NT 6.1; rv:55.0) Gecko/20100101 Firefox/55.0"
80.122.130.46 - - [11/Sep/2017:16:28:08 +0200] "GET /gui/javascript/form_form.js?1505140087 HTTP/1.1" 200 16206 "http://ed.activities.at/entry.php?id=11671" "Mozilla/5.0 (Windows NT 6.1; rv:55.0) Gecko/20100101 Firefox/55.0"
80.122.130.46 - - [11/Sep/2017:16:28:08 +0200] "GET /entry.php?id=10776&form=11496&name=list& HTTP/1.1" 200 1519 "http://ed.activities.at/entry.php?id=11671" "Mozilla/5.0 (Windows NT 6.1; rv:55.0) Gecko/20100101 Firefox/55.0"
80.122.130.46 - - [11/Sep/2017:16:28:08 +0200] "GET /entry.php?id=10778&form=11496&name=list& HTTP/1.1" 200 5826 "http://ed.activities.at/entry.php?id=11671" "Mozilla/5.0 (Windows NT 6.1; rv:55.0) Gecko/20100101 Firefox/55.0"
81.189.93.28 - - [11/Sep/2017:16:28:10 +0200] "POST /entry.php?id=11677 HTTP/1.1" 200 4464 "http://ed.activities.at/entry.php?id=11677" "Mozilla/5.0 (Windows NT 10.0; WOW64; rv:55.0) Gecko/20100101 Firefox/55.0"
81.189.93.28 - - [11/Sep/2017:16:28:10 +0200] "GET /gui/javascript/form_form.js?1505140090 HTTP/1.1" 200 16206 "http://ed.activities.at/entry.php?id=11677" "Mozilla/5.0 (Windows NT 10.0; WOW64; rv:55.0) Gecko/20100101 Firefox/55.0"
81.189.93.28 - - [11/Sep/2017:16:28:17 +0200] "POST /entry.php?id=11678 HTTP/1.1" 200 3444 "http://ed.activities.at/entry.php?id=11678&" "Mozilla/5.0 (Windows NT 10.0; WOW64; rv:55.0) Gecko/20100101 Firefox/55.0"
81.189.93.28 - - [11/Sep/2017:16:28:18 +0200] "GET /gui/javascript/form_form.js?1505140097 HTTP/1.1" 200 16206 "http://ed.activities.at/entry.php?id=11678" "Mozilla/5.0 (Windows NT 10.0; WOW64; rv:55.0) Gecko/20100101 Firefox/55.0"
81.189.93.28 - - [11/Sep/2017:16:28:18 +0200] "GET /activities/framework/KoolControls/KoolAjax/koolajax.php?8436e354c842500aba3cbaf0584c0c24 HTTP/1.1" 200 4079 "http://ed.activities.at/entry.php?id=11678" "Mozilla/5.0 (Windows NT 10.0; WOW64; rv:55.0) Gecko/20100101 Firefox/55.0"
81.189.93.28 - - [11/Sep/2017:16:28:18 +0200] "GET /activities/framework/KoolControls/KoolTreeView/kooltreeview.php?c7cd9180e88ffef8e70f13526bb4f5f7 HTTP/1.1" 200 5055 "http://ed.activities.at/entry.php?id=11678" "Mozilla/5.0 (Windows NT 10.0; WOW64; rv:55.0) Gecko/20100101 Firefox/55.0"
81.189.93.28 - - [11/Sep/2017:16:28:18 +0200] "GET /activities/framework/KoolControls/KoolTreeView/styles/default/v.gif HTTP/1.1" 200 1940 "http://ed.activities.at/activities/framework/KoolControls/KoolTreeView/styles/default/default.css" "Mozilla/5.0 (Windows NT 10.0; WOW64; rv:55.0) Gecko/20100101 Firefox/55.0"
81.189.93.28 - - [11/Sep/2017:16:28:18 +0200] "GET /activities/framework/KoolControls/KoolTreeView/styles/default/horizon.gif HTTP/1.1" 200 844 "http://ed.activities.at/activities/framework/KoolControls/KoolTreeView/styles/default/default.css" "Mozilla/5.0 (Windows NT 10.0; WOW64; rv:55.0) Gecko/20100101 Firefox/55.0"
81.189.93.28 - - [11/Sep/2017:16:28:18 +0200] "GET /activities/framework/KoolControls/KoolTreeView/styles/default/mid.gif HTTP/1.1" 200 71 "http://ed.activities.at/activities/framework/KoolControls/KoolTreeView/styles/default/default.css" "Mozilla/5.0 (Windows NT 10.0; WOW64; rv:55.0) Gecko/20100101 Firefox/55.0"
81.189.93.28 - - [11/Sep/2017:16:28:19 +0200] "POST /entry.php?id=11677 HTTP/1.1" 200 4459 "http://ed.activities.at/entry.php?id=11677" "Mozilla/5.0 (Windows NT 10.0; WOW64; rv:55.0) Gecko/20100101 Firefox/55.0"
81.189.93.28 - - [11/Sep/2017:16:28:19 +0200] "GET /gui/javascript/form_form.js?1505140099 HTTP/1.1" 200 16206 "http://ed.activities.at/entry.php?id=11677" "Mozilla/5.0 (Windows NT 10.0; WOW64; rv:55.0) Gecko/20100101 Firefox/55.0"
81.189.93.28 - - [11/Sep/2017:16:28:23 +0200] "GET /entry.php?id=10271&&ser=140043 HTTP/1.1" 200 987 "http://ed.activities.at/entry.php?id=10271&&ser=139982" "Mozilla/5.0 (Windows NT 10.0; WOW64; rv:55.0) Gecko/20100101 Firefox/55.0"
81.189.93.28 - - [11/Sep/2017:16:28:23 +0200] "GET /gui/javascript/form_form.js?1505140103 HTTP/1.1" 200 16206 "http://ed.activities.at/entry.php?id=10271&&ser=140043" "Mozilla/5.0 (Windows NT 10.0; WOW64; rv:55.0) Gecko/20100101 Firefox/55.0"
80.122.130.46 - - [11/Sep/2017:16:28:38 +0200] "GET /entry.php?id=10271&&ser=140057 HTTP/1.1" 200 987 "http://ed.activities.at/entry.php?id=10271&&ser=139997" "Mozilla/5.0 (Windows NT 6.1; rv:55.0) Gecko/20100101 Firefox/55.0"
80.122.130.46 - - [11/Sep/2017:16:28:38 +0200] "GET /gui/javascript/form_form.js?1505140118 HTTP/1.1" 200 16206 "http://ed.activities.at/entry.php?id=10271&&ser=140057" "Mozilla/5.0 (Windows NT 6.1; rv:55.0) Gecko/20100101 Firefox/55.0"
90.146.3.54 - - [11/Sep/2017:16:28:45 +0200] "GET /entry.php?id=10271&&ser=140064 HTTP/1.1" 200 988 "http://ed.activities.at/entry.php?id=10271&&ser=140003" "Mozilla/5.0 (Windows NT 10.0; Win64; x64) AppleWebKit/537.36 (KHTML, like Gecko) Chrome/60.0.3112.113 Safari/537.36"
90.146.3.54 - - [11/Sep/2017:16:28:45 +0200] "GET /gui/javascript/form_form.js?1505140125 HTTP/1.1" 200 16206 "http://ed.activities.at/entry.php?id=10271&&ser=140064" "Mozilla/5.0 (Windows NT 10.0; Win64; x64) AppleWebKit/537.36 (KHTML, like Gecko) Chrome/60.0.3112.113 Safari/537.36"
81.189.93.28 - - [11/Sep/2017:16:28:55 +0200] "GET /entry.php?id=10287&login=1 HTTP/1.1" 200 2222 "http://ed.activities.at/entry.php?id=10273&" "Mozilla/5.0 (Windows NT 10.0; WOW64; rv:55.0) Gecko/20100101 Firefox/55.0"
81.189.93.28 - - [11/Sep/2017:16:28:56 +0200] "GET /gui/javascript/form_form.js?1505140136 HTTP/1.1" 200 16206 "http://ed.activities.at/entry.php?id=10287&login=1" "Mozilla/5.0 (Windows NT 10.0; WOW64; rv:55.0) Gecko/20100101 Firefox/55.0"
81.189.93.28 - - [11/Sep/2017:16:28:59 +0200] "POST /entry.php?id=10287& HTTP/1.1" 200 2294 "http://ed.activities.at/entry.php?id=10287&login=1" "Mozilla/5.0 (Windows NT 10.0; WOW64; rv:55.0) Gecko/20100101 Firefox/55.0"
81.189.93.28 - - [11/Sep/2017:16:28:59 +0200] "GET /gui/javascript/form_form.js?1505140139 HTTP/1.1" 200 16206 "http://ed.activities.at/entry.php?id=10287&" "Mozilla/5.0 (Windows NT 10.0; WOW64; rv:55.0) Gecko/20100101 Firefox/55.0"
81.189.93.28 - - [11/Sep/2017:16:28:59 +0200] "GET /entry.php?id=10271&&ser=140043 HTTP/1.1" 200 987 "http://ed.activities.at/entry.php?id=10271&&ser=139982" "Mozilla/5.0 (Windows NT 10.0; WOW64; rv:55.0) Gecko/20100101 Firefox/55.0"
81.189.93.28 - - [11/Sep/2017:16:28:59 +0200] "GET /gui/javascript/jquery/css/gui-themes/custom.min.css HTTP/1.1" 304 - "http://ed.activities.at/entry.php?id=10271&&ser=140043" "Mozilla/5.0 (Windows NT 10.0; WOW64; rv:55.0) Gecko/20100101 Firefox/55.0"
81.189.93.28 - - [11/Sep/2017:16:28:59 +0200] "GET /gui/styles/tmplDefault.css HTTP/1.1" 304 - "http://ed.activities.at/entry.php?id=10271&&ser=140043" "Mozilla/5.0 (Windows NT 10.0; WOW64; rv:55.0) Gecko/20100101 Firefox/55.0"
81.189.93.28 - - [11/Sep/2017:16:28:59 +0200] "GET /gui/javascript/form_form.js?1505140139 HTTP/1.1" 304 - "http://ed.activities.at/entry.php?id=10271&&ser=140043" "Mozilla/5.0 (Windows NT 10.0; WOW64; rv:55.0) Gecko/20100101 Firefox/55.0"
81.189.93.28 - - [11/Sep/2017:16:28:59 +0200] "GET /gui/javascript/jquery/js/jquery-1.8.2.js HTTP/1.1" 304 - "http://ed.activities.at/entry.php?id=10271&&ser=140043" "Mozilla/5.0 (Windows NT 10.0; WOW64; rv:55.0) Gecko/20100101 Firefox/55.0"
81.189.93.28 - - [11/Sep/2017:16:28:59 +0200] "GET /gui/javascript/jquery/js/jquery-ui-1.9.0.custom.min.js HTTP/1.1" 304 - "http://ed.activities.at/entry.php?id=10271&&ser=140043" "Mozilla/5.0 (Windows NT 10.0; WOW64; rv:55.0) Gecko/20100101 Firefox/55.0"
81.189.93.28 - - [11/Sep/2017:16:28:59 +0200] "GET /gui/javascript/jquery/jquery-tooltip/jquery.tooltip.min.js HTTP/1.1" 304 - "http://ed.activities.at/entry.php?id=10271&&ser=140043" "Mozilla/5.0 (Windows NT 10.0; WOW64; rv:55.0) Gecko/20100101 Firefox/55.0"
81.189.93.28 - - [11/Sep/2017:16:29:00 +0200] "GET /gui/javascript/jquery/css/gui-themes/ui.spinner.css HTTP/1.1" 304 - "http://ed.activities.at/entry.php?id=10271&&ser=140043" "Mozilla/5.0 (Windows NT 10.0; WOW64; rv:55.0) Gecko/20100101 Firefox/55.0"
81.189.93.28 - - [11/Sep/2017:16:29:00 +0200] "GET /gui/javascript/jquery/css/gui-themes/jquery.tooltip.css HTTP/1.1" 304 - "http://ed.activities.at/entry.php?id=10271&&ser=140043" "Mozilla/5.0 (Windows NT 10.0; WOW64; rv:55.0) Gecko/20100101 Firefox/55.0"
81.189.93.28 - - [11/Sep/2017:16:29:03 +0200] "POST /entry.php?id=10287& HTTP/1.1" 200 2280 "http://ed.activities.at/entry.php?id=10287&" "Mozilla/5.0 (Windows NT 10.0; WOW64; rv:55.0) Gecko/20100101 Firefox/55.0"
81.189.93.28 - - [11/Sep/2017:16:29:04 +0200] "GET /gui/javascript/form_form.js?1505140144 HTTP/1.1" 200 16206 "http://ed.activities.at/entry.php?id=10287&" "Mozilla/5.0 (Windows NT 10.0; WOW64; rv:55.0) Gecko/20100101 Firefox/55.0"
81.189.93.28 - - [11/Sep/2017:16:29:04 +0200] "GET /entry.php?id=10271&&ser=140043 HTTP/1.1" 200 987 "http://ed.activities.at/entry.php?id=10271&&ser=139982" "Mozilla/5.0 (Windows NT 10.0; WOW64; rv:55.0) Gecko/20100101 Firefox/55.0"
81.189.93.28 - - [11/Sep/2017:16:29:04 +0200] "GET /gui/javascript/jquery/css/gui-themes/custom.min.css HTTP/1.1" 304 - "http://ed.activities.at/entry.php?id=10271&&ser=140043" "Mozilla/5.0 (Windows NT 10.0; WOW64; rv:55.0) Gecko/20100101 Firefox/55.0"
81.189.93.28 - - [11/Sep/2017:16:29:04 +0200] "GET /gui/javascript/jquery/css/gui-themes/ui.spinner.css HTTP/1.1" 304 - "http://ed.activities.at/entry.php?id=10271&&ser=140043" "Mozilla/5.0 (Windows NT 10.0; WOW64; rv:55.0) Gecko/20100101 Firefox/55.0"
81.189.93.28 - - [11/Sep/2017:16:29:04 +0200] "GET /gui/javascript/jquery/css/gui-themes/jquery.tooltip.css HTTP/1.1" 304 - "http://ed.activities.at/entry.php?id=10271&&ser=140043" "Mozilla/5.0 (Windows NT 10.0; WOW64; rv:55.0) Gecko/20100101 Firefox/55.0"
81.189.93.28 - - [11/Sep/2017:16:29:04 +0200] "GET /gui/styles/tmplDefault.css HTTP/1.1" 304 - "http://ed.activities.at/entry.php?id=10271&&ser=140043" "Mozilla/5.0 (Windows NT 10.0; WOW64; rv:55.0) Gecko/20100101 Firefox/55.0"
81.189.93.28 - - [11/Sep/2017:16:29:04 +0200] "GET /gui/javascript/form_form.js?1505140144 HTTP/1.1" 304 - "http://ed.activities.at/entry.php?id=10271&&ser=140043" "Mozilla/5.0 (Windows NT 10.0; WOW64; rv:55.0) Gecko/20100101 Firefox/55.0"
81.189.93.28 - - [11/Sep/2017:16:29:04 +0200] "GET /gui/javascript/jquery/js/jquery-ui-1.9.0.custom.min.js HTTP/1.1" 304 - "http://ed.activities.at/entry.php?id=10271&&ser=140043" "Mozilla/5.0 (Windows NT 10.0; WOW64; rv:55.0) Gecko/20100101 Firefox/55.0"
81.189.93.28 - - [11/Sep/2017:16:29:04 +0200] "GET /gui/javascript/jquery/js/jquery-1.8.2.js HTTP/1.1" 304 - "http://ed.activities.at/entry.php?id=10271&&ser=140043" "Mozilla/5.0 (Windows NT 10.0; WOW64; rv:55.0) Gecko/20100101 Firefox/55.0"
81.189.93.28 - - [11/Sep/2017:16:29:04 +0200] "GET /gui/javascript/jquery/jquery-tooltip/jquery.tooltip.min.js HTTP/1.1" 304 - "http://ed.activities.at/entry.php?id=10271&&ser=140043" "Mozilla/5.0 (Windows NT 10.0; WOW64; rv:55.0) Gecko/20100101 Firefox/55.0"
81.189.93.28 - - [11/Sep/2017:16:29:07 +0200] "GET /entry.php?id=11679 HTTP/1.1" 200 312 "http://ed.activities.at/entry.php?id=10270&__app__=10006038" "Mozilla/5.0 (Windows NT 10.0; WOW64; rv:55.0) Gecko/20100101 Firefox/55.0"
81.189.93.28 - - [11/Sep/2017:16:29:07 +0200] "GET /entry.php?id=10676&title=Portal& HTTP/1.1" 200 1387 "http://ed.activities.at/entry.php?id=11679" "Mozilla/5.0 (Windows NT 10.0; WOW64; rv:55.0) Gecko/20100101 Firefox/55.0"
81.189.93.28 - - [11/Sep/2017:16:29:07 +0200] "GET /gui/javascript/form_form.js?1505140147 HTTP/1.1" 200 16206 "http://ed.activities.at/entry.php?id=10676&title=Portal&" "Mozilla/5.0 (Windows NT 10.0; WOW64; rv:55.0) Gecko/20100101 Firefox/55.0"
81.189.93.28 - - [11/Sep/2017:16:29:07 +0200] "GET /entry.php?id=11678& HTTP/1.1" 200 3378 "http://ed.activities.at/entry.php?id=11679" "Mozilla/5.0 (Windows NT 10.0; WOW64; rv:55.0) Gecko/20100101 Firefox/55.0"
81.189.93.28 - - [11/Sep/2017:16:29:08 +0200] "GET /gui/javascript/form_form.js?1505140148 HTTP/1.1" 200 16206 "http://ed.activities.at/entry.php?id=11678&" "Mozilla/5.0 (Windows NT 10.0; WOW64; rv:55.0) Gecko/20100101 Firefox/55.0"
81.189.93.28 - - [11/Sep/2017:16:29:08 +0200] "GET /activities/framework/KoolControls/KoolAjax/koolajax.php?8436e354c842500aba3cbaf0584c0c24 HTTP/1.1" 200 4079 "http://ed.activities.at/entry.php?id=11678&" "Mozilla/5.0 (Windows NT 10.0; WOW64; rv:55.0) Gecko/20100101 Firefox/55.0"
81.189.93.28 - - [11/Sep/2017:16:29:08 +0200] "GET /activities/framework/KoolControls/KoolTreeView/kooltreeview.php?c7cd9180e88ffef8e70f13526bb4f5f7 HTTP/1.1" 200 5055 "http://ed.activities.at/entry.php?id=11678&" "Mozilla/5.0 (Windows NT 10.0; WOW64; rv:55.0) Gecko/20100101 Firefox/55.0"
81.189.93.28 - - [11/Sep/2017:16:29:07 +0200] "GET /entry.php?id=11677& HTTP/1.1" 200 4373 "http://ed.activities.at/entry.php?id=11679" "Mozilla/5.0 (Windows NT 10.0; WOW64; rv:55.0) Gecko/20100101 Firefox/55.0"
81.189.93.28 - - [11/Sep/2017:16:29:08 +0200] "GET /entry.php?id=11618&&object=&item=&emu_class= HTTP/1.1" 200 1697 "http://ed.activities.at/entry.php?id=11677&" "Mozilla/5.0 (Windows NT 10.0; WOW64; rv:55.0) Gecko/20100101 Firefox/55.0"
81.189.93.28 - - [11/Sep/2017:16:29:16 +0200] "POST /entry.php?id=11677 HTTP/1.1" 200 4415 "http://ed.activities.at/entry.php?id=11677&" "Mozilla/5.0 (Windows NT 10.0; WOW64; rv:55.0) Gecko/20100101 Firefox/55.0"
81.189.93.28 - - [11/Sep/2017:16:29:17 +0200] "GET /gui/javascript/form_form.js?1505140156 HTTP/1.1" 200 16206 "http://ed.activities.at/entry.php?id=11677" "Mozilla/5.0 (Windows NT 10.0; WOW64; rv:55.0) Gecko/20100101 Firefox/55.0"
80.122.130.46 - - [11/Sep/2017:16:29:17 +0200] "POST /entry.php?id=11671 HTTP/1.1" 200 4794 "http://ed.activities.at/entry.php?id=11671" "Mozilla/5.0 (Windows NT 6.1; rv:55.0) Gecko/20100101 Firefox/55.0"
80.122.130.46 - - [11/Sep/2017:16:29:18 +0200] "GET /gui/javascript/form_form.js?1505140158 HTTP/1.1" 200 16206 "http://ed.activities.at/entry.php?id=11671" "Mozilla/5.0 (Windows NT 6.1; rv:55.0) Gecko/20100101 Firefox/55.0"
80.122.130.46 - - [11/Sep/2017:16:29:18 +0200] "GET /entry.php?id=10776&form=11496&name=list& HTTP/1.1" 200 1519 "http://ed.activities.at/entry.php?id=11671" "Mozilla/5.0 (Windows NT 6.1; rv:55.0) Gecko/20100101 Firefox/55.0"
80.122.130.46 - - [11/Sep/2017:16:29:18 +0200] "GET /entry.php?id=10778&form=11496&name=list& HTTP/1.1" 200 5730 "http://ed.activities.at/entry.php?id=11671" "Mozilla/5.0 (Windows NT 6.1; rv:55.0) Gecko/20100101 Firefox/55.0"
81.189.93.28 - - [11/Sep/2017:16:29:20 +0200] "POST /entry.php?id=11677 HTTP/1.1" 200 3219 "http://ed.activities.at/entry.php?id=11677" "Mozilla/5.0 (Windows NT 10.0; WOW64; rv:55.0) Gecko/20100101 Firefox/55.0"
81.189.93.28 - - [11/Sep/2017:16:29:20 +0200] "GET /gui/javascript/form_form.js?1505140160 HTTP/1.1" 200 16206 "http://ed.activities.at/entry.php?id=11677" "Mozilla/5.0 (Windows NT 10.0; WOW64; rv:55.0) Gecko/20100101 Firefox/55.0"
81.189.93.28 - - [11/Sep/2017:16:29:21 +0200] "GET /entry.php?id=10776&form=11502&name=list& HTTP/1.1" 200 1475 "http://ed.activities.at/entry.php?id=11677" "Mozilla/5.0 (Windows NT 10.0; WOW64; rv:55.0) Gecko/20100101 Firefox/55.0"
81.189.93.28 - - [11/Sep/2017:16:29:21 +0200] "GET /entry.php?id=10778&form=11502&name=list& HTTP/1.1" 200 3855 "http://ed.activities.at/entry.php?id=11677" "Mozilla/5.0 (Windows NT 10.0; WOW64; rv:55.0) Gecko/20100101 Firefox/55.0"
81.189.93.28 - - [11/Sep/2017:16:29:32 +0200] "GET /entry.php?id=11685&object=10230390&site=10201431&item=10221974 HTTP/1.1" 200 3631 "http://ed.activities.at/entry.php?id=11412" "Mozilla/5.0 (Windows NT 10.0; WOW64; rv:55.0) Gecko/20100101 Firefox/55.0"
81.189.93.28 - - [11/Sep/2017:16:29:33 +0200] "GET /gui/javascript/form_form.js?1505140172 HTTP/1.1" 200 16206 "http://ed.activities.at/entry.php?id=11685&object=10230390&site=10201431&item=10221974" "Mozilla/5.0 (Windows NT 10.0; WOW64; rv:55.0) Gecko/20100101 Firefox/55.0"
81.189.93.28 - - [11/Sep/2017:16:29:33 +0200] "GET /cache/emu/images/easy-drivers-brigittenau10244083/schnellkursjpg_160_90_0.jpg HTTP/1.1" 200 4214 "http://ed.activities.at/entry.php?id=11685&object=10230390&site=10201431&item=10221974" "Mozilla/5.0 (Windows NT 10.0; WOW64; rv:55.0) Gecko/20100101 Firefox/55.0"
80.122.130.46 - - [11/Sep/2017:16:29:38 +0200] "GET /entry.php?id=10271&&ser=140118 HTTP/1.1" 200 986 "http://ed.activities.at/entry.php?id=10271&&ser=140057" "Mozilla/5.0 (Windows NT 6.1; rv:55.0) Gecko/20100101 Firefox/55.0"
80.122.130.46 - - [11/Sep/2017:16:29:39 +0200] "GET /gui/javascript/form_form.js?1505140178 HTTP/1.1" 200 16206 "http://ed.activities.at/entry.php?id=10271&&ser=140118" "Mozilla/5.0 (Windows NT 6.1; rv:55.0) Gecko/20100101 Firefox/55.0"
90.146.3.54 - - [11/Sep/2017:16:29:46 +0200] "GET /entry.php?id=10271&&ser=140125 HTTP/1.1" 200 986 "http://ed.activities.at/entry.php?id=10271&&ser=140064" "Mozilla/5.0 (Windows NT 10.0; Win64; x64) AppleWebKit/537.36 (KHTML, like Gecko) Chrome/60.0.3112.113 Safari/537.36"
90.146.3.54 - - [11/Sep/2017:16:29:46 +0200] "GET /gui/javascript/form_form.js?1505140186 HTTP/1.1" 200 16206 "http://ed.activities.at/entry.php?id=10271&&ser=140125" "Mozilla/5.0 (Windows NT 10.0; Win64; x64) AppleWebKit/537.36 (KHTML, like Gecko) Chrome/60.0.3112.113 Safari/537.36"
81.189.93.28 - - [11/Sep/2017:16:29:59 +0200] "GET /entry.php?id=10711&chooserview=image_single&view=boxofferimage HTTP/1.1" 200 1724 "http://ed.activities.at/entry.php?id=11685&object=10230390&site=10201431&item=10221974" "Mozilla/5.0 (Windows NT 10.0; WOW64; rv:55.0) Gecko/20100101 Firefox/55.0"
81.189.93.28 - - [11/Sep/2017:16:29:59 +0200] "GET /gui/javascript/form_form.js?1505140199 HTTP/1.1" 200 16206 "http://ed.activities.at/entry.php?id=10711&chooserview=image_single&view=boxofferimage" "Mozilla/5.0 (Windows NT 10.0; WOW64; rv:55.0) Gecko/20100101 Firefox/55.0"
81.189.93.28 - - [11/Sep/2017:16:30:00 +0200] "GET /entry.php?id=10676&title=Ressourcenverwaltung HTTP/1.1" 200 1395 "http://ed.activities.at/entry.php?id=10711&chooserview=image_single&view=boxofferimage" "Mozilla/5.0 (Windows NT 10.0; WOW64; rv:55.0) Gecko/20100101 Firefox/55.0"
81.189.93.28 - - [11/Sep/2017:16:30:00 +0200] "GET /entry.php?id=10703&&but=&object=&class=&tag=&value=&chooserview=image_single&function=&setlist=&t_width=&t_height=&view=boxofferimage HTTP/1.1" 200 2539 "http://ed.activities.at/entry.php?id=10711&chooserview=image_single&view=boxofferimage" "Mozilla/5.0 (Windows NT 10.0; WOW64; rv:55.0) Gecko/20100101 Firefox/55.0"
81.189.93.28 - - [11/Sep/2017:16:30:00 +0200] "GET /gui/javascript/form_form.js?1505140200 HTTP/1.1" 200 16206 "http://ed.activities.at/entry.php?id=10676&title=Ressourcenverwaltung" "Mozilla/5.0 (Windows NT 10.0; WOW64; rv:55.0) Gecko/20100101 Firefox/55.0"
81.189.93.28 - - [11/Sep/2017:16:30:00 +0200] "GET /entry.php?id=10704&&but=&object=&class=&tag=&value=&chooserview=image_single&function=&setlist=&t_width=&t_height=&view=boxofferimage HTTP/1.1" 200 2976 "http://ed.activities.at/entry.php?id=10711&chooserview=image_single&view=boxofferimage" "Mozilla/5.0 (Windows NT 10.0; WOW64; rv:55.0) Gecko/20100101 Firefox/55.0"
81.189.93.28 - - [11/Sep/2017:16:30:01 +0200] "GET /entry.php?id=10776&form=10547&name=list& HTTP/1.1" 200 1290 "http://ed.activities.at/entry.php?id=10703&&but=&object=&class=&tag=&value=&chooserview=image_single&function=&setlist=&t_width=&t_height=&view=boxofferimage" "Mozilla/5.0 (Windows NT 10.0; WOW64; rv:55.0) Gecko/20100101 Firefox/55.0"
81.189.93.28 - - [11/Sep/2017:16:30:01 +0200] "GET /entry.php?id=10778&form=10547&name=list& HTTP/1.1" 200 3006 "http://ed.activities.at/entry.php?id=10703&&but=&object=&class=&tag=&value=&chooserview=image_single&function=&setlist=&t_width=&t_height=&view=boxofferimage" "Mozilla/5.0 (Windows NT 10.0; WOW64; rv:55.0) Gecko/20100101 Firefox/55.0"
81.189.93.28 - - [11/Sep/2017:16:30:01 +0200] "GET /entry.php?id=10776&form=10549&name=list& HTTP/1.1" 200 1608 "http://ed.activities.at/entry.php?id=10704&&but=&object=&class=&tag=&value=&chooserview=image_single&function=&setlist=&t_width=&t_height=&view=boxofferimage" "Mozilla/5.0 (Windows NT 10.0; WOW64; rv:55.0) Gecko/20100101 Firefox/55.0"
81.189.93.28 - - [11/Sep/2017:16:30:01 +0200] "GET /entry.php?id=10778&form=10549&name=list& HTTP/1.1" 200 7499 "http://ed.activities.at/entry.php?id=10704&&but=&object=&class=&tag=&value=&chooserview=image_single&function=&setlist=&t_width=&t_height=&view=boxofferimage" "Mozilla/5.0 (Windows NT 10.0; WOW64; rv:55.0) Gecko/20100101 Firefox/55.0"
81.189.93.28 - - [11/Sep/2017:16:30:01 +0200] "GET /entry.php?id=10777&form=10549&name=list& HTTP/1.1" 200 1340 "http://ed.activities.at/entry.php?id=10704&&but=&object=&class=&tag=&value=&chooserview=image_single&function=&setlist=&t_width=&t_height=&view=boxofferimage" "Mozilla/5.0 (Windows NT 10.0; WOW64; rv:55.0) Gecko/20100101 Firefox/55.0"
81.189.93.28 - - [11/Sep/2017:16:30:02 +0200] "GET /cache/emu/images/easy-drivers-brigittenau10244077/aktionjpg_16_9_0.jpg HTTP/1.1" 200 786 "http://ed.activities.at/entry.php?id=10778&form=10549&name=list&" "Mozilla/5.0 (Windows NT 10.0; WOW64; rv:55.0) Gecko/20100101 Firefox/55.0"
81.189.93.28 - - [11/Sep/2017:16:30:02 +0200] "GET /cache/emu/images/easy-drivers-brigittenau10244141/appstorelogomobilejpg_16_5_1.jpg HTTP/1.1" 200 740 "http://ed.activities.at/entry.php?id=10778&form=10549&name=list&" "Mozilla/5.0 (Windows NT 10.0; WOW64; rv:55.0) Gecko/20100101 Firefox/55.0"
81.189.93.28 - - [11/Sep/2017:16:30:02 +0200] "GET /cache/emu/images/easy-drivers-brigittenau10287969/auvalogosponsorlogojpg_16_8_0.jpg HTTP/1.1" 200 769 "http://ed.activities.at/entry.php?id=10778&form=10549&name=list&" "Mozilla/5.0 (Windows NT 10.0; WOW64; rv:55.0) Gecko/20100101 Firefox/55.0"
81.189.93.28 - - [11/Sep/2017:16:30:02 +0200] "GET /cache/emu/images/easy-drivers-brigittenau10287970/bildungintegrjpg_16_8_0.jpg HTTP/1.1" 200 739 "http://ed.activities.at/entry.php?id=10778&form=10549&name=list&" "Mozilla/5.0 (Windows NT 10.0; WOW64; rv:55.0) Gecko/20100101 Firefox/55.0"
81.189.93.28 - - [11/Sep/2017:16:30:02 +0200] "GET /cache/emu/images/easy-drivers-brigittenau10264045/weihnachtsbaumjpg_16_16_0.jpg HTTP/1.1" 200 813 "http://ed.activities.at/entry.php?id=10778&form=10549&name=list&" "Mozilla/5.0 (Windows NT 10.0; WOW64; rv:55.0) Gecko/20100101 Firefox/55.0"
81.189.93.28 - - [11/Sep/2017:16:30:03 +0200] "GET /cache/emu/images/easy-drivers-brigittenau10287771/bildwebedanschnittl830x300px5png_16_6_0.png HTTP/1.1" 200 439 "http://ed.activities.at/entry.php?id=10778&form=10549&name=list&" "Mozilla/5.0 (Windows NT 10.0; WOW64; rv:55.0) Gecko/20100101 Firefox/55.0"
81.189.93.28 - - [11/Sep/2017:16:30:03 +0200] "GET /cache/emu/images/easy-drivers-brigittenau10287809/bildwebedanschnittl830x300px6png_16_6_0.png HTTP/1.1" 200 447 "http://ed.activities.at/entry.php?id=10778&form=10549&name=list&" "Mozilla/5.0 (Windows NT 10.0; WOW64; rv:55.0) Gecko/20100101 Firefox/55.0"
81.189.93.28 - - [11/Sep/2017:16:30:03 +0200] "GET /cache/emu/images/easy-drivers-brigittenau10287810/bildwebedanschnittl830x300px8png_16_6_0.png HTTP/1.1" 200 425 "http://ed.activities.at/entry.php?id=10778&form=10549&name=list&" "Mozilla/5.0 (Windows NT 10.0; WOW64; rv:55.0) Gecko/20100101 Firefox/55.0"
81.189.93.28 - - [11/Sep/2017:16:30:03 +0200] "GET /cache/emu/images/easy-drivers-brigittenau10287967/umweltundverkehrwebjpg_16_8_0.jpg HTTP/1.1" 200 743 "http://ed.activities.at/entry.php?id=10778&form=10549&name=list&" "Mozilla/5.0 (Windows NT 10.0; WOW64; rv:55.0) Gecko/20100101 Firefox/55.0"
81.189.93.28 - - [11/Sep/2017:16:30:03 +0200] "GET /cache/emu/images/easy-drivers-brigittenau10287968/uniqajpg_16_13_0.jpg HTTP/1.1" 200 767 "http://ed.activities.at/entry.php?id=10778&form=10549&name=list&" "Mozilla/5.0 (Windows NT 10.0; WOW64; rv:55.0) Gecko/20100101 Firefox/55.0"
81.189.93.28 - - [11/Sep/2017:16:30:03 +0200] "GET /cache/emu/images/easy-drivers-brigittenau10264046/weihnachtsbaumjpg_16_16_0.jpg HTTP/1.1" 200 813 "http://ed.activities.at/entry.php?id=10778&form=10549&name=list&" "Mozilla/5.0 (Windows NT 10.0; WOW64; rv:55.0) Gecko/20100101 Firefox/55.0"
80.122.130.46 - - [11/Sep/2017:16:30:03 +0200] "POST /entry.php?id=11671 HTTP/1.1" 200 4790 "http://ed.activities.at/entry.php?id=11671" "Mozilla/5.0 (Windows NT 6.1; rv:55.0) Gecko/20100101 Firefox/55.0"
81.189.93.28 - - [11/Sep/2017:16:30:03 +0200] "GET /cache/emu/images/easy-drivers-brigittenau10264038/weihnachtsbaumpng_16_16_0.png HTTP/1.1" 200 589 "http://ed.activities.at/entry.php?id=10778&form=10549&name=list&" "Mozilla/5.0 (Windows NT 10.0; WOW64; rv:55.0) Gecko/20100101 Firefox/55.0"
81.189.93.28 - - [11/Sep/2017:16:30:03 +0200] "GET /cache/emu/images/easy-drivers-brigittenau10287961/wernerebenbauerjpg_12_16_0.jpg HTTP/1.1" 200 810 "http://ed.activities.at/entry.php?id=10778&form=10549&name=list&" "Mozilla/5.0 (Windows NT 10.0; WOW64; rv:55.0) Gecko/20100101 Firefox/55.0"
81.189.93.28 - - [11/Sep/2017:16:30:03 +0200] "GET /cache/emu/images/easy-drivers-brigittenau10287770/bildwebedanschnittl830x300px4png_16_6_0.png HTTP/1.1" 200 430 "http://ed.activities.at/entry.php?id=10778&form=10549&name=list&" "Mozilla/5.0 (Windows NT 10.0; WOW64; rv:55.0) Gecko/20100101 Firefox/55.0"
80.122.130.46 - - [11/Sep/2017:16:30:03 +0200] "GET /gui/javascript/form_form.js?1505140203 HTTP/1.1" 200 16206 "http://ed.activities.at/entry.php?id=11671" "Mozilla/5.0 (Windows NT 6.1; rv:55.0) Gecko/20100101 Firefox/55.0"
81.189.93.28 - - [11/Sep/2017:16:30:03 +0200] "GET /cache/emu/images/easy-drivers-brigittenau10287772/bildwebedanschnittr830x300px3png_16_6_0.png HTTP/1.1" 200 434 "http://ed.activities.at/entry.php?id=10778&form=10549&name=list&" "Mozilla/5.0 (Windows NT 10.0; WOW64; rv:55.0) Gecko/20100101 Firefox/55.0"
81.189.93.28 - - [11/Sep/2017:16:30:03 +0200] "GET /cache/emu/images/easy-drivers-brigittenau10287773/bildwebedanschnittr830x300px4png_16_6_0.png HTTP/1.1" 200 433 "http://ed.activities.at/entry.php?id=10778&form=10549&name=list&" "Mozilla/5.0 (Windows NT 10.0; WOW64; rv:55.0) Gecko/20100101 Firefox/55.0"
81.189.93.28 - - [11/Sep/2017:16:30:03 +0200] "GET /cache/emu/images/easy-drivers-brigittenau10287971/dare2b-logo-blackjpg_16_5_0.jpg HTTP/1.1" 200 738 "http://ed.activities.at/entry.php?id=10778&form=10549&name=list&" "Mozilla/5.0 (Windows NT 10.0; WOW64; rv:55.0) Gecko/20100101 Firefox/55.0"
81.189.93.28 - - [11/Sep/2017:16:30:04 +0200] "GET /cache/emu/images/easy-drivers-brigittenau10244086/ed-audicabriojpg_16_11_0.jpg HTTP/1.1" 200 790 "http://ed.activities.at/entry.php?id=10778&form=10549&name=list&" "Mozilla/5.0 (Windows NT 10.0; WOW64; rv:55.0) Gecko/20100101 Firefox/55.0"
81.189.93.28 - - [11/Sep/2017:16:30:04 +0200] "GET /cache/emu/images/easy-drivers-brigittenau10244088/ed-autoaudijpg_16_11_0.jpg HTTP/1.1" 200 795 "http://ed.activities.at/entry.php?id=10778&form=10549&name=list&" "Mozilla/5.0 (Windows NT 10.0; WOW64; rv:55.0) Gecko/20100101 Firefox/55.0"
80.122.130.46 - - [11/Sep/2017:16:30:03 +0200] "GET /entry.php?id=10776&form=11496&name=list& HTTP/1.1" 200 1519 "http://ed.activities.at/entry.php?id=11671" "Mozilla/5.0 (Windows NT 6.1; rv:55.0) Gecko/20100101 Firefox/55.0"
81.189.93.28 - - [11/Sep/2017:16:30:04 +0200] "GET /cache/emu/images/easy-drivers-brigittenau10244089/ed-autocabriodetailjpg_16_12_0.jpg HTTP/1.1" 200 790 "http://ed.activities.at/entry.php?id=10778&form=10549&name=list&" "Mozilla/5.0 (Windows NT 10.0; WOW64; rv:55.0) Gecko/20100101 Firefox/55.0"
80.122.130.46 - - [11/Sep/2017:16:30:03 +0200] "GET /entry.php?id=10778&form=11496&name=list& HTTP/1.1" 200 5818 "http://ed.activities.at/entry.php?id=11671" "Mozilla/5.0 (Windows NT 6.1; rv:55.0) Gecko/20100101 Firefox/55.0"
81.189.93.28 - - [11/Sep/2017:16:30:04 +0200] "GET /cache/emu/images/easy-drivers-brigittenau10244090/ed-autodetailjpg_16_11_0.jpg HTTP/1.1" 200 789 "http://ed.activities.at/entry.php?id=10778&form=10549&name=list&" "Mozilla/5.0 (Windows NT 10.0; WOW64; rv:55.0) Gecko/20100101 Firefox/55.0"
81.189.93.28 - - [11/Sep/2017:16:30:04 +0200] "GET /cache/emu/images/easy-drivers-brigittenau10244091/ed-autojeepjpg_16_11_0.jpg HTTP/1.1" 200 795 "http://ed.activities.at/entry.php?id=10778&form=10549&name=list&" "Mozilla/5.0 (Windows NT 10.0; WOW64; rv:55.0) Gecko/20100101 Firefox/55.0"
81.189.93.28 - - [11/Sep/2017:16:30:04 +0200] "GET /cache/emu/images/easy-drivers-brigittenau10244094/ed-logodetailjpg_16_11_0.jpg HTTP/1.1" 200 796 "http://ed.activities.at/entry.php?id=10778&form=10549&name=list&" "Mozilla/5.0 (Windows NT 10.0; WOW64; rv:55.0) Gecko/20100101 Firefox/55.0"
81.189.93.28 - - [11/Sep/2017:16:30:04 +0200] "GET /cache/emu/images/easy-drivers-brigittenau10244092/ed-automercedesjpg_16_11_0.jpg HTTP/1.1" 200 791 "http://ed.activities.at/entry.php?id=10778&form=10549&name=list&" "Mozilla/5.0 (Windows NT 10.0; WOW64; rv:55.0) Gecko/20100101 Firefox/55.0"
81.189.93.28 - - [11/Sep/2017:16:30:04 +0200] "GET /cache/emu/images/easy-drivers-brigittenau10244087/ed-auto-vwjpg_16_11_0.jpg HTTP/1.1" 200 796 "http://ed.activities.at/entry.php?id=10778&form=10549&name=list&" "Mozilla/5.0 (Windows NT 10.0; WOW64; rv:55.0) Gecko/20100101 Firefox/55.0"
81.189.93.28 - - [11/Sep/2017:16:30:04 +0200] "GET /cache/emu/images/easy-drivers-brigittenau10244093/ed-flottejpg_16_9_0.jpg HTTP/1.1" 200 754 "http://ed.activities.at/entry.php?id=10778&form=10549&name=list&" "Mozilla/5.0 (Windows NT 10.0; WOW64; rv:55.0) Gecko/20100101 Firefox/55.0"
81.189.93.28 - - [11/Sep/2017:16:30:04 +0200] "GET /cache/emu/images/easy-drivers-brigittenau10244078/edlogoljpg_16_9_0.jpg HTTP/1.1" 200 776 "http://ed.activities.at/entry.php?id=10778&form=10549&name=list&" "Mozilla/5.0 (Windows NT 10.0; WOW64; rv:55.0) Gecko/20100101 Firefox/55.0"
81.189.93.28 - - [11/Sep/2017:16:30:04 +0200] "GET /cache/emu/images/easy-drivers-brigittenau10258015/edmaxijpg_11_16_0.jpg HTTP/1.1" 200 823 "http://ed.activities.at/entry.php?id=10778&form=10549&name=list&" "Mozilla/5.0 (Windows NT 10.0; WOW64; rv:55.0) Gecko/20100101 Firefox/55.0"
81.189.93.28 - - [11/Sep/2017:16:30:04 +0200] "GET /cache/emu/images/easy-drivers-brigittenau10287972/edlogogpprofilbildpng_16_16_0.png HTTP/1.1" 200 239 "http://ed.activities.at/entry.php?id=10778&form=10549&name=list&" "Mozilla/5.0 (Windows NT 10.0; WOW64; rv:55.0) Gecko/20100101 Firefox/55.0"
81.189.93.28 - - [11/Sep/2017:16:30:04 +0200] "GET /cache/emu/images/easy-drivers-brigittenau10258016/edmaxijpg_11_16_0.jpg HTTP/1.1" 200 823 "http://ed.activities.at/entry.php?id=10778&form=10549&name=list&" "Mozilla/5.0 (Windows NT 10.0; WOW64; rv:55.0) Gecko/20100101 Firefox/55.0"
81.189.93.28 - - [11/Sep/2017:16:30:05 +0200] "GET /cache/emu/images/easy-drivers-brigittenau10244079/fuehrerscheinajpg_16_9_0.jpg HTTP/1.1" 200 778 "http://ed.activities.at/entry.php?id=10778&form=10549&name=list&" "Mozilla/5.0 (Windows NT 10.0; WOW64; rv:55.0) Gecko/20100101 Firefox/55.0"
81.189.93.28 - - [11/Sep/2017:16:30:05 +0200] "GET /cache/emu/images/easy-drivers-brigittenau10244080/fuehrerscheinbjpg_16_9_0.jpg HTTP/1.1" 200 789 "http://ed.activities.at/entry.php?id=10778&form=10549&name=list&" "Mozilla/5.0 (Windows NT 10.0; WOW64; rv:55.0) Gecko/20100101 Firefox/55.0"
81.189.93.28 - - [11/Sep/2017:16:30:05 +0200] "GET /cache/emu/images/easy-drivers-brigittenau10258081/grafikeurojpg_15_16_0.jpg HTTP/1.1" 200 823 "http://ed.activities.at/entry.php?id=10778&form=10549&name=list&" "Mozilla/5.0 (Windows NT 10.0; WOW64; rv:55.0) Gecko/20100101 Firefox/55.0"
81.189.93.28 - - [11/Sep/2017:16:30:05 +0200] "GET /cache/emu/images/easy-drivers-brigittenau10244142/googleplaylogomobilejpg_16_5_1.jpg HTTP/1.1" 200 739 "http://ed.activities.at/entry.php?id=10778&form=10549&name=list&" "Mozilla/5.0 (Windows NT 10.0; WOW64; rv:55.0) Gecko/20100101 Firefox/55.0"
81.189.93.28 - - [11/Sep/2017:16:30:05 +0200] "GET /cache/emu/images/easy-drivers-brigittenau10258082/grafikeurojpg_15_16_0.jpg HTTP/1.1" 200 823 "http://ed.activities.at/entry.php?id=10778&form=10549&name=list&" "Mozilla/5.0 (Windows NT 10.0; WOW64; rv:55.0) Gecko/20100101 Firefox/55.0"
81.189.93.28 - - [11/Sep/2017:16:30:05 +0200] "GET /cache/emu/images/easy-drivers-brigittenau10287973/grosseschuetzenkleinejpg_16_8_0.jpg HTTP/1.1" 200 776 "http://ed.activities.at/entry.php?id=10778&form=10549&name=list&" "Mozilla/5.0 (Windows NT 10.0; WOW64; rv:55.0) Gecko/20100101 Firefox/55.0"
81.189.93.28 - - [11/Sep/2017:16:30:05 +0200] "GET /cache/emu/images/easy-drivers-brigittenau10244081/herbstkursejpg_16_9_0.jpg HTTP/1.1" 200 765 "http://ed.activities.at/entry.php?id=10778&form=10549&name=list&" "Mozilla/5.0 (Windows NT 10.0; WOW64; rv:55.0) Gecko/20100101 Firefox/55.0"
81.189.93.28 - - [11/Sep/2017:16:30:05 +0200] "GET /cache/emu/images/easy-drivers-brigittenau10244068/jetztanmeldenjpg_16_9_0.jpg HTTP/1.1" 200 772 "http://ed.activities.at/entry.php?id=10778&form=10549&name=list&" "Mozilla/5.0 (Windows NT 10.0; WOW64; rv:55.0) Gecko/20100101 Firefox/55.0"
81.189.93.28 - - [11/Sep/2017:16:30:05 +0200] "GET /cache/emu/images/easy-drivers-brigittenau10287974/kfvgif_16_7_0.gif HTTP/1.1" 200 314 "http://ed.activities.at/entry.php?id=10778&form=10549&name=list&" "Mozilla/5.0 (Windows NT 10.0; WOW64; rv:55.0) Gecko/20100101 Firefox/55.0"
81.189.93.28 - - [11/Sep/2017:16:30:05 +0200] "GET /cache/emu/images/easy-drivers-brigittenau10287966/klimaaktivlogopartnerjpg_16_7_0.jpg HTTP/1.1" 200 741 "http://ed.activities.at/entry.php?id=10778&form=10549&name=list&" "Mozilla/5.0 (Windows NT 10.0; WOW64; rv:55.0) Gecko/20100101 Firefox/55.0"
81.189.93.28 - - [11/Sep/2017:16:30:05 +0200] "GET /cache/emu/images/easy-drivers-brigittenau10287706/logo-bigjpg_16_6_0.jpg HTTP/1.1" 200 737 "http://ed.activities.at/entry.php?id=10778&form=10549&name=list&" "Mozilla/5.0 (Windows NT 10.0; WOW64; rv:55.0) Gecko/20100101 Firefox/55.0"
81.189.93.28 - - [11/Sep/2017:16:30:05 +0200] "GET /cache/emu/images/easy-drivers-brigittenau10287959/madlencnikjpg_11_16_0.jpg HTTP/1.1" 200 790 "http://ed.activities.at/entry.php?id=10778&form=10549&name=list&" "Mozilla/5.0 (Windows NT 10.0; WOW64; rv:55.0) Gecko/20100101 Firefox/55.0"
81.189.93.28 - - [11/Sep/2017:16:30:06 +0200] "GET /cache/emu/images/easy-drivers-brigittenau10244082/osterkursejpg_16_9_0.jpg HTTP/1.1" 200 766 "http://ed.activities.at/entry.php?id=10778&form=10549&name=list&" "Mozilla/5.0 (Windows NT 10.0; WOW64; rv:55.0) Gecko/20100101 Firefox/55.0"
81.189.93.28 - - [11/Sep/2017:16:30:06 +0200] "GET /cache/emu/images/easy-drivers-brigittenau10287960/sabinemadlencnikjpg_12_16_0.jpg HTTP/1.1" 200 797 "http://ed.activities.at/entry.php?id=10778&form=10549&name=list&" "Mozilla/5.0 (Windows NT 10.0; WOW64; rv:55.0) Gecko/20100101 Firefox/55.0"
81.189.93.28 - - [11/Sep/2017:16:30:06 +0200] "GET /cache/emu/images/easy-drivers-brigittenau10244083/schnellkursjpg_16_9_0.jpg HTTP/1.1" 200 790 "http://ed.activities.at/entry.php?id=10778&form=10549&name=list&" "Mozilla/5.0 (Windows NT 10.0; WOW64; rv:55.0) Gecko/20100101 Firefox/55.0"
81.189.93.28 - - [11/Sep/2017:16:30:06 +0200] "GET /cache/emu/images/easy-drivers-brigittenau10241568/schnellkursjpg_16_9_0.jpg HTTP/1.1" 200 786 "http://ed.activities.at/entry.php?id=10778&form=10549&name=list&" "Mozilla/5.0 (Windows NT 10.0; WOW64; rv:55.0) Gecko/20100101 Firefox/55.0"
81.189.93.28 - - [11/Sep/2017:16:30:06 +0200] "GET /cache/emu/images/easy-drivers-brigittenau10244084/sommerkursejpg_16_9_0.jpg HTTP/1.1" 200 763 "http://ed.activities.at/entry.php?id=10778&form=10549&name=list&" "Mozilla/5.0 (Windows NT 10.0; WOW64; rv:55.0) Gecko/20100101 Firefox/55.0"
81.189.93.28 - - [11/Sep/2017:16:30:06 +0200] "GET /cache/emu/images/easy-drivers-brigittenau10290390/truckjpg_14_16_0.jpg HTTP/1.1" 200 822 "http://ed.activities.at/entry.php?id=10778&form=10549&name=list&" "Mozilla/5.0 (Windows NT 10.0; WOW64; rv:55.0) Gecko/20100101 Firefox/55.0"
81.189.93.28 - - [11/Sep/2017:16:30:06 +0200] "GET /cache/emu/images/easy-drivers-brigittenau10290386/truckjpg_14_16_0.jpg HTTP/1.1" 200 822 "http://ed.activities.at/entry.php?id=10778&form=10549&name=list&" "Mozilla/5.0 (Windows NT 10.0; WOW64; rv:55.0) Gecko/20100101 Firefox/55.0"
81.189.93.28 - - [11/Sep/2017:16:30:06 +0200] "GET /cache/emu/images/easy-drivers-brigittenau10290385/truckjpg_14_16_0.jpg HTTP/1.1" 200 822 "http://ed.activities.at/entry.php?id=10778&form=10549&name=list&" "Mozilla/5.0 (Windows NT 10.0; WOW64; rv:55.0) Gecko/20100101 Firefox/55.0"
81.189.93.28 - - [11/Sep/2017:16:30:06 +0200] "GET /entry.php?id=10271&&ser=140144 HTTP/1.1" 200 986 "http://ed.activities.at/entry.php?id=10271&&ser=140043" "Mozilla/5.0 (Windows NT 10.0; WOW64; rv:55.0) Gecko/20100101 Firefox/55.0"
81.189.93.28 - - [11/Sep/2017:16:30:07 +0200] "GET /gui/javascript/form_form.js?1505140207 HTTP/1.1" 200 16206 "http://ed.activities.at/entry.php?id=10271&&ser=140144" "Mozilla/5.0 (Windows NT 10.0; WOW64; rv:55.0) Gecko/20100101 Firefox/55.0"
81.189.93.28 - - [11/Sep/2017:16:30:10 +0200] "POST /entry.php?id=10704 HTTP/1.1" 200 3075 "http://ed.activities.at/entry.php?id=10704&&but=&object=&class=&tag=&value=&chooserview=image_single&function=&setlist=&t_width=&t_height=&view=boxofferimage" "Mozilla/5.0 (Windows NT 10.0; WOW64; rv:55.0) Gecko/20100101 Firefox/55.0"
80.122.130.46 - - [11/Sep/2017:16:30:10 +0200] "POST /entry.php?id=11671 HTTP/1.1" 200 4870 "http://ed.activities.at/entry.php?id=11671" "Mozilla/5.0 (Windows NT 6.1; rv:55.0) Gecko/20100101 Firefox/55.0"
80.122.130.46 - - [11/Sep/2017:16:30:10 +0200] "GET /gui/javascript/form_form.js?1505140210 HTTP/1.1" 200 16206 "http://ed.activities.at/entry.php?id=11671" "Mozilla/5.0 (Windows NT 6.1; rv:55.0) Gecko/20100101 Firefox/55.0"
81.189.93.28 - - [11/Sep/2017:16:30:11 +0200] "GET /gui/javascript/form_form.js?1505140210 HTTP/1.1" 200 16206 "http://ed.activities.at/entry.php?id=10704" "Mozilla/5.0 (Windows NT 10.0; WOW64; rv:55.0) Gecko/20100101 Firefox/55.0"
80.122.130.46 - - [11/Sep/2017:16:30:11 +0200] "GET /entry.php?id=10776&form=11496&name=list& HTTP/1.1" 200 1519 "http://ed.activities.at/entry.php?id=11671" "Mozilla/5.0 (Windows NT 6.1; rv:55.0) Gecko/20100101 Firefox/55.0"
80.122.130.46 - - [11/Sep/2017:16:30:11 +0200] "GET /entry.php?id=10778&form=11496&name=list& HTTP/1.1" 200 5717 "http://ed.activities.at/entry.php?id=11671" "Mozilla/5.0 (Windows NT 6.1; rv:55.0) Gecko/20100101 Firefox/55.0"
81.189.93.28 - - [11/Sep/2017:16:30:11 +0200] "GET /cache/emu/images/easy-drivers-brigittenau10264045/weihnachtsbaumjpg_90_90_0.jpg HTTP/1.1" 200 2344 "http://ed.activities.at/entry.php?id=11685&object=10230390&site=10201431&item=10221974" "Mozilla/5.0 (Windows NT 10.0; WOW64; rv:55.0) Gecko/20100101 Firefox/55.0"
81.189.93.28 - - [11/Sep/2017:16:30:16 +0200] "POST /entry.php?id=11685 HTTP/1.1" 200 3728 "http://ed.activities.at/entry.php?id=11685&object=10230390&site=10201431&item=10221974" "Mozilla/5.0 (Windows NT 10.0; WOW64; rv:55.0) Gecko/20100101 Firefox/55.0"
81.189.93.28 - - [11/Sep/2017:16:30:16 +0200] "GET /gui/javascript/form_form.js?1505140216 HTTP/1.1" 200 16206 "http://ed.activities.at/entry.php?id=11685" "Mozilla/5.0 (Windows NT 10.0; WOW64; rv:55.0) Gecko/20100101 Firefox/55.0"
81.189.93.28 - - [11/Sep/2017:16:30:17 +0200] "GET /cache/emu/images/easy-drivers-brigittenau10264045/weihnachtsbaumjpg_90_90_0.jpg HTTP/1.1" 304 - "http://ed.activities.at/entry.php?id=11685" "Mozilla/5.0 (Windows NT 10.0; WOW64; rv:55.0) Gecko/20100101 Firefox/55.0"
81.189.93.28 - - [11/Sep/2017:16:30:20 +0200] "GET /entry.php?id=11681&chooserview=addnewboxoffer&hidetitle=true&object=10289334&chooserview=addnewboxoffer&hidetitle=true HTTP/1.1" 200 347 "http://ed.activities.at/entry.php?id=11412" "Mozilla/5.0 (Windows NT 10.0; WOW64; rv:55.0) Gecko/20100101 Firefox/55.0"
81.189.93.28 - - [11/Sep/2017:16:30:20 +0200] "GET /entry.php?id=11683&chooserview=addnewboxoffer&object=10289334& HTTP/1.1" 200 2956 "http://ed.activities.at/entry.php?id=11681&chooserview=addnewboxoffer&hidetitle=true&object=10289334&chooserview=addnewboxoffer&hidetitle=true" "Mozilla/5.0 (Windows NT 10.0; WOW64; rv:55.0) Gecko/20100101 Firefox/55.0"
81.189.93.28 - - [11/Sep/2017:16:30:20 +0200] "GET /entry.php?id=11684&chooserview=addnewboxoffer&object=10289334& HTTP/1.1" 200 3968 "http://ed.activities.at/entry.php?id=11681&chooserview=addnewboxoffer&hidetitle=true&object=10289334&chooserview=addnewboxoffer&hidetitle=true" "Mozilla/5.0 (Windows NT 10.0; WOW64; rv:55.0) Gecko/20100101 Firefox/55.0"
81.189.93.28 - - [11/Sep/2017:16:30:21 +0200] "GET /gui/javascript/form_form.js?1505140221 HTTP/1.1" 200 16206 "http://ed.activities.at/entry.php?id=11683&chooserview=addnewboxoffer&object=10289334&" "Mozilla/5.0 (Windows NT 10.0; WOW64; rv:55.0) Gecko/20100101 Firefox/55.0"
81.189.93.28 - - [11/Sep/2017:16:30:21 +0200] "GET /entry.php?id=10776&form=11508&name=list& HTTP/1.1" 200 1807 "http://ed.activities.at/entry.php?id=11683&chooserview=addnewboxoffer&object=10289334&" "Mozilla/5.0 (Windows NT 10.0; WOW64; rv:55.0) Gecko/20100101 Firefox/55.0"
81.189.93.28 - - [11/Sep/2017:16:30:21 +0200] "GET /entry.php?id=10778&form=11508&name=list& HTTP/1.1" 200 3419 "http://ed.activities.at/entry.php?id=11683&chooserview=addnewboxoffer&object=10289334&" "Mozilla/5.0 (Windows NT 10.0; WOW64; rv:55.0) Gecko/20100101 Firefox/55.0"
81.189.93.28 - - [11/Sep/2017:16:30:30 +0200] "POST /entry.php?id=11685 HTTP/1.1" 200 3725 "http://ed.activities.at/entry.php?id=11685" "Mozilla/5.0 (Windows NT 10.0; WOW64; rv:55.0) Gecko/20100101 Firefox/55.0"
81.189.93.28 - - [11/Sep/2017:16:30:31 +0200] "GET /gui/javascript/form_form.js?1505140231 HTTP/1.1" 200 16206 "http://ed.activities.at/entry.php?id=11685" "Mozilla/5.0 (Windows NT 10.0; WOW64; rv:55.0) Gecko/20100101 Firefox/55.0"
81.189.93.28 - - [11/Sep/2017:16:30:31 +0200] "GET /cache/emu/images/easy-drivers-brigittenau10264045/weihnachtsbaumjpg_90_90_0.jpg HTTP/1.1" 304 - "http://ed.activities.at/entry.php?id=11685" "Mozilla/5.0 (Windows NT 10.0; WOW64; rv:55.0) Gecko/20100101 Firefox/55.0"
80.122.130.46 - - [11/Sep/2017:16:30:35 +0200] "POST /entry.php?id=11671 HTTP/1.1" 200 4789 "http://ed.activities.at/entry.php?id=11671" "Mozilla/5.0 (Windows NT 6.1; rv:55.0) Gecko/20100101 Firefox/55.0"
80.122.130.46 - - [11/Sep/2017:16:30:36 +0200] "GET /gui/javascript/form_form.js?1505140235 HTTP/1.1" 200 16206 "http://ed.activities.at/entry.php?id=11671" "Mozilla/5.0 (Windows NT 6.1; rv:55.0) Gecko/20100101 Firefox/55.0"
80.122.130.46 - - [11/Sep/2017:16:30:36 +0200] "GET /entry.php?id=10776&form=11496&name=list& HTTP/1.1" 200 1519 "http://ed.activities.at/entry.php?id=11671" "Mozilla/5.0 (Windows NT 6.1; rv:55.0) Gecko/20100101 Firefox/55.0"
80.122.130.46 - - [11/Sep/2017:16:30:36 +0200] "GET /entry.php?id=10778&form=11496&name=list& HTTP/1.1" 200 5730 "http://ed.activities.at/entry.php?id=11671" "Mozilla/5.0 (Windows NT 6.1; rv:55.0) Gecko/20100101 Firefox/55.0"
80.122.130.46 - - [11/Sep/2017:16:30:39 +0200] "GET /entry.php?id=10271&&ser=140178 HTTP/1.1" 200 987 "http://ed.activities.at/entry.php?id=10271&&ser=140118" "Mozilla/5.0 (Windows NT 6.1; rv:55.0) Gecko/20100101 Firefox/55.0"
