90.146.3.54 - - [11/Sep/2017:15:59:05 +0200] "GET /gui/javascript/jquery/css/gui-themes/images/ui-icons_72a7cf_256x240_ev.png HTTP/1.1" 200 6036 "http://ed.activities.at/gui/javascript/jquery/css/gui-themes/custom.min.css" "Mozilla/5.0 (Windows NT 10.0; Win64; x64) AppleWebKit/537.36 (KHTML, like Gecko) Chrome/60.0.3112.113 Safari/537.36"
90.146.3.54 - - [11/Sep/2017:15:59:05 +0200] "GET /gui/javascript/jquery/css/gui-themes/images/ui-icons_ffffff_256x240_ev.png HTTP/1.1" 200 6912 "http://ed.activities.at/gui/javascript/jquery/css/gui-themes/custom.min.css" "Mozilla/5.0 (Windows NT 10.0; Win64; x64) AppleWebKit/537.36 (KHTML, like Gecko) Chrome/60.0.3112.113 Safari/537.36"
90.146.3.54 - - [11/Sep/2017:15:59:04 +0200] "GET /entry.php?id=11685&object=10230526&site=10201431&item=10222004 HTTP/1.1" 200 3600 "http://ed.activities.at/entry.php?id=11412" "Mozilla/5.0 (Windows NT 10.0; Win64; x64) AppleWebKit/537.36 (KHTML, like Gecko) Chrome/60.0.3112.113 Safari/537.36"
90.146.3.54 - - [11/Sep/2017:15:59:05 +0200] "GET /gui/javascript/form_form.js?1505138345 HTTP/1.1" 200 16206 "http://ed.activities.at/entry.php?id=11685&object=10230526&site=10201431&item=10222004" "Mozilla/5.0 (Windows NT 10.0; Win64; x64) AppleWebKit/537.36 (KHTML, like Gecko) Chrome/60.0.3112.113 Safari/537.36"
90.146.3.54 - - [11/Sep/2017:15:59:05 +0200] "GET /cache/emu/images/easy-drivers-steyr10255541/easy-1jpg_120_90_0.jpg HTTP/1.1" 200 2330 "http://ed.activities.at/entry.php?id=11685&object=10230526&site=10201431&item=10222004" "Mozilla/5.0 (Windows NT 10.0; Win64; x64) AppleWebKit/537.36 (KHTML, like Gecko) Chrome/60.0.3112.113 Safari/537.36"
80.122.130.46 - - [11/Sep/2017:15:59:12 +0200] "POST /entry.php?id=11671 HTTP/1.1" 200 4962 "http://ed.activities.at/entry.php?id=11671" "Mozilla/5.0 (Windows NT 6.1; rv:55.0) Gecko/20100101 Firefox/55.0"
80.122.130.46 - - [11/Sep/2017:15:59:12 +0200] "GET /gui/javascript/form_form.js?1505138352 HTTP/1.1" 200 16206 "http://ed.activities.at/entry.php?id=11671" "Mozilla/5.0 (Windows NT 6.1; rv:55.0) Gecko/20100101 Firefox/55.0"
80.122.130.46 - - [11/Sep/2017:15:59:13 +0200] "GET /entry.php?id=10776&form=11496&name=list& HTTP/1.1" 200 1519 "http://ed.activities.at/entry.php?id=11671" "Mozilla/5.0 (Windows NT 6.1; rv:55.0) Gecko/20100101 Firefox/55.0"
80.122.130.46 - - [11/Sep/2017:15:59:13 +0200] "GET /entry.php?id=10778&form=11496&name=list& HTTP/1.1" 200 5732 "http://ed.activities.at/entry.php?id=11671" "Mozilla/5.0 (Windows NT 6.1; rv:55.0) Gecko/20100101 Firefox/55.0"
90.146.3.54 - - [11/Sep/2017:15:59:18 +0200] "GET /entry.php?id=10271&&ser=138298 HTTP/1.1" 200 988 "http://ed.activities.at/entry.php?id=10271&&ser=138237" "Mozilla/5.0 (Windows NT 10.0; Win64; x64) AppleWebKit/537.36 (KHTML, like Gecko) Chrome/60.0.3112.113 Safari/537.36"
90.146.3.54 - - [11/Sep/2017:15:59:18 +0200] "GET /gui/javascript/form_form.js?1505138358 HTTP/1.1" 200 16206 "http://ed.activities.at/entry.php?id=10271&&ser=138298" "Mozilla/5.0 (Windows NT 10.0; Win64; x64) AppleWebKit/537.36 (KHTML, like Gecko) Chrome/60.0.3112.113 Safari/537.36"
80.122.130.46 - - [11/Sep/2017:15:59:22 +0200] "GET /entry.php?id=10271&&ser=138302 HTTP/1.1" 200 988 "http://ed.activities.at/entry.php?id=10271&&ser=138242" "Mozilla/5.0 (Windows NT 6.1; rv:55.0) Gecko/20100101 Firefox/55.0"
80.122.130.46 - - [11/Sep/2017:15:59:23 +0200] "GET /gui/javascript/form_form.js?1505138363 HTTP/1.1" 200 16206 "http://ed.activities.at/entry.php?id=10271&&ser=138302" "Mozilla/5.0 (Windows NT 6.1; rv:55.0) Gecko/20100101 Firefox/55.0"
80.122.130.46 - - [11/Sep/2017:15:59:24 +0200] "POST /entry.php?id=11671 HTTP/1.1" 200 3193 "http://ed.activities.at/entry.php?id=11671" "Mozilla/5.0 (Windows NT 6.1; rv:55.0) Gecko/20100101 Firefox/55.0"
80.122.130.46 - - [11/Sep/2017:15:59:25 +0200] "GET /gui/javascript/form_form.js?1505138365 HTTP/1.1" 200 16206 "http://ed.activities.at/entry.php?id=11671" "Mozilla/5.0 (Windows NT 6.1; rv:55.0) Gecko/20100101 Firefox/55.0"
80.122.130.46 - - [11/Sep/2017:15:59:26 +0200] "GET /framework/webfx/javascript/tinymce/skins/lightgray/content.min.css HTTP/1.1" 404 325 "http://ed.activities.at/entry.php?id=11671" "Mozilla/5.0 (Windows NT 6.1; rv:55.0) Gecko/20100101 Firefox/55.0"
80.122.130.46 - - [11/Sep/2017:15:59:30 +0200] "POST /entry.php?id=11671 HTTP/1.1" 200 3401 "http://ed.activities.at/entry.php?id=11671" "Mozilla/5.0 (Windows NT 6.1; rv:55.0) Gecko/20100101 Firefox/55.0"
80.122.130.46 - - [11/Sep/2017:15:59:30 +0200] "GET /gui/javascript/form_form.js?1505138370 HTTP/1.1" 200 16206 "http://ed.activities.at/entry.php?id=11671" "Mozilla/5.0 (Windows NT 6.1; rv:55.0) Gecko/20100101 Firefox/55.0"
80.122.130.46 - - [11/Sep/2017:15:59:31 +0200] "GET /framework/webfx/javascript/tinymce/skins/lightgray/content.min.css HTTP/1.1" 404 325 "http://ed.activities.at/entry.php?id=11671" "Mozilla/5.0 (Windows NT 6.1; rv:55.0) Gecko/20100101 Firefox/55.0"
90.146.3.54 - - [11/Sep/2017:15:59:31 +0200] "POST /entry.php?id=11685 HTTP/1.1" 200 3671 "http://ed.activities.at/entry.php?id=11685&object=10230526&site=10201431&item=10222004" "Mozilla/5.0 (Windows NT 10.0; Win64; x64) AppleWebKit/537.36 (KHTML, like Gecko) Chrome/60.0.3112.113 Safari/537.36"
90.146.3.54 - - [11/Sep/2017:15:59:32 +0200] "GET /gui/javascript/form_form.js?1505138372 HTTP/1.1" 200 16206 "http://ed.activities.at/entry.php?id=11685" "Mozilla/5.0 (Windows NT 10.0; Win64; x64) AppleWebKit/537.36 (KHTML, like Gecko) Chrome/60.0.3112.113 Safari/537.36"
90.146.3.54 - - [11/Sep/2017:15:59:40 +0200] "POST /entry.php?id=11677 HTTP/1.1" 200 4416 "http://ed.activities.at/entry.php?id=11677" "Mozilla/5.0 (Windows NT 10.0; Win64; x64) AppleWebKit/537.36 (KHTML, like Gecko) Chrome/60.0.3112.113 Safari/537.36"
90.146.3.54 - - [11/Sep/2017:15:59:40 +0200] "GET /gui/javascript/form_form.js?1505138380 HTTP/1.1" 200 16206 "http://ed.activities.at/entry.php?id=11677" "Mozilla/5.0 (Windows NT 10.0; Win64; x64) AppleWebKit/537.36 (KHTML, like Gecko) Chrome/60.0.3112.113 Safari/537.36"
90.146.3.54 - - [11/Sep/2017:15:59:44 +0200] "POST /entry.php?id=11678 HTTP/1.1" 200 3307 "http://ed.activities.at/entry.php?id=11678&" "Mozilla/5.0 (Windows NT 10.0; Win64; x64) AppleWebKit/537.36 (KHTML, like Gecko) Chrome/60.0.3112.113 Safari/537.36"
90.146.3.54 - - [11/Sep/2017:15:59:45 +0200] "GET /activities/framework/KoolControls/KoolAjax/koolajax.php?8436e354c842500aba3cbaf0584c0c24 HTTP/1.1" 200 4079 "http://ed.activities.at/entry.php?id=11678" "Mozilla/5.0 (Windows NT 10.0; Win64; x64) AppleWebKit/537.36 (KHTML, like Gecko) Chrome/60.0.3112.113 Safari/537.36"
90.146.3.54 - - [11/Sep/2017:15:59:45 +0200] "GET /gui/javascript/form_form.js?1505138385 HTTP/1.1" 200 16206 "http://ed.activities.at/entry.php?id=11678" "Mozilla/5.0 (Windows NT 10.0; Win64; x64) AppleWebKit/537.36 (KHTML, like Gecko) Chrome/60.0.3112.113 Safari/537.36"
90.146.3.54 - - [11/Sep/2017:15:59:45 +0200] "GET /activities/framework/KoolControls/KoolTreeView/kooltreeview.php?c7cd9180e88ffef8e70f13526bb4f5f7 HTTP/1.1" 200 5055 "http://ed.activities.at/entry.php?id=11678" "Mozilla/5.0 (Windows NT 10.0; Win64; x64) AppleWebKit/537.36 (KHTML, like Gecko) Chrome/60.0.3112.113 Safari/537.36"
90.146.3.54 - - [11/Sep/2017:15:59:46 +0200] "POST /entry.php?id=11677 HTTP/1.1" 200 4410 "http://ed.activities.at/entry.php?id=11677" "Mozilla/5.0 (Windows NT 10.0; Win64; x64) AppleWebKit/537.36 (KHTML, like Gecko) Chrome/60.0.3112.113 Safari/537.36"
90.146.3.54 - - [11/Sep/2017:15:59:47 +0200] "GET /gui/javascript/form_form.js?1505138387 HTTP/1.1" 200 16206 "http://ed.activities.at/entry.php?id=11677" "Mozilla/5.0 (Windows NT 10.0; Win64; x64) AppleWebKit/537.36 (KHTML, like Gecko) Chrome/60.0.3112.113 Safari/537.36"
90.146.3.54 - - [11/Sep/2017:16:00:19 +0200] "GET /entry.php?id=10271&&ser=138358 HTTP/1.1" 200 987 "http://ed.activities.at/entry.php?id=10271&&ser=138298" "Mozilla/5.0 (Windows NT 10.0; Win64; x64) AppleWebKit/537.36 (KHTML, like Gecko) Chrome/60.0.3112.113 Safari/537.36"
90.146.3.54 - - [11/Sep/2017:16:00:19 +0200] "GET /gui/javascript/form_form.js?1505138419 HTTP/1.1" 200 16206 "http://ed.activities.at/entry.php?id=10271&&ser=138358" "Mozilla/5.0 (Windows NT 10.0; Win64; x64) AppleWebKit/537.36 (KHTML, like Gecko) Chrome/60.0.3112.113 Safari/537.36"
80.122.130.46 - - [11/Sep/2017:16:00:23 +0200] "GET /entry.php?id=10271&&ser=138363 HTTP/1.1" 200 987 "http://ed.activities.at/entry.php?id=10271&&ser=138302" "Mozilla/5.0 (Windows NT 6.1; rv:55.0) Gecko/20100101 Firefox/55.0"
80.122.130.46 - - [11/Sep/2017:16:00:23 +0200] "GET /gui/javascript/form_form.js?1505138423 HTTP/1.1" 200 16206 "http://ed.activities.at/entry.php?id=10271&&ser=138363" "Mozilla/5.0 (Windows NT 6.1; rv:55.0) Gecko/20100101 Firefox/55.0"
80.122.130.46 - - [11/Sep/2017:16:00:29 +0200] "POST /entry.php?id=11671 HTTP/1.1" 200 4791 "http://ed.activities.at/entry.php?id=11671" "Mozilla/5.0 (Windows NT 6.1; rv:55.0) Gecko/20100101 Firefox/55.0"
80.122.130.46 - - [11/Sep/2017:16:00:30 +0200] "GET /gui/javascript/form_form.js?1505138429 HTTP/1.1" 200 16206 "http://ed.activities.at/entry.php?id=11671" "Mozilla/5.0 (Windows NT 6.1; rv:55.0) Gecko/20100101 Firefox/55.0"
80.122.130.46 - - [11/Sep/2017:16:00:30 +0200] "GET /entry.php?id=10776&form=11496&name=list& HTTP/1.1" 200 1519 "http://ed.activities.at/entry.php?id=11671" "Mozilla/5.0 (Windows NT 6.1; rv:55.0) Gecko/20100101 Firefox/55.0"
80.122.130.46 - - [11/Sep/2017:16:00:30 +0200] "GET /entry.php?id=10778&form=11496&name=list& HTTP/1.1" 200 5732 "http://ed.activities.at/entry.php?id=11671" "Mozilla/5.0 (Windows NT 6.1; rv:55.0) Gecko/20100101 Firefox/55.0"
90.146.3.54 - - [11/Sep/2017:16:00:30 +0200] "GET /entry.php?id=11674 HTTP/1.1" 200 321 "http://ed.activities.at/entry.php?id=10270&__app__=10006038" "Mozilla/5.0 (Windows NT 10.0; Win64; x64) AppleWebKit/537.36 (KHTML, like Gecko) Chrome/60.0.3112.113 Safari/537.36"
90.146.3.54 - - [11/Sep/2017:16:00:31 +0200] "GET /entry.php?id=11675& HTTP/1.1" 200 2690 "http://ed.activities.at/entry.php?id=11674" "Mozilla/5.0 (Windows NT 10.0; Win64; x64) AppleWebKit/537.36 (KHTML, like Gecko) Chrome/60.0.3112.113 Safari/537.36"
90.146.3.54 - - [11/Sep/2017:16:00:31 +0200] "GET /gui/javascript/form_form.js?1505138431 HTTP/1.1" 200 16206 "http://ed.activities.at/entry.php?id=11675&" "Mozilla/5.0 (Windows NT 10.0; Win64; x64) AppleWebKit/537.36 (KHTML, like Gecko) Chrome/60.0.3112.113 Safari/537.36"
90.146.3.54 - - [11/Sep/2017:16:00:31 +0200] "GET /entry.php?id=10676&&title=Aktionen HTTP/1.1" 200 1388 "http://ed.activities.at/entry.php?id=11674" "Mozilla/5.0 (Windows NT 10.0; Win64; x64) AppleWebKit/537.36 (KHTML, like Gecko) Chrome/60.0.3112.113 Safari/537.36"
90.146.3.54 - - [11/Sep/2017:16:00:31 +0200] "GET /entry.php?id=11676& HTTP/1.1" 200 4383 "http://ed.activities.at/entry.php?id=11674" "Mozilla/5.0 (Windows NT 10.0; Win64; x64) AppleWebKit/537.36 (KHTML, like Gecko) Chrome/60.0.3112.113 Safari/537.36"
90.146.3.54 - - [11/Sep/2017:16:00:32 +0200] "GET /gui/javascript/form_form.js?1505138432 HTTP/1.1" 200 16206 "http://ed.activities.at/entry.php?id=11676&" "Mozilla/5.0 (Windows NT 10.0; Win64; x64) AppleWebKit/537.36 (KHTML, like Gecko) Chrome/60.0.3112.113 Safari/537.36"
90.146.3.54 - - [11/Sep/2017:16:00:31 +0200] "GET /entry.php?id=10776&form=11500&name=list& HTTP/1.1" 200 2450 "http://ed.activities.at/entry.php?id=11675&" "Mozilla/5.0 (Windows NT 10.0; Win64; x64) AppleWebKit/537.36 (KHTML, like Gecko) Chrome/60.0.3112.113 Safari/537.36"
90.146.3.54 - - [11/Sep/2017:16:00:31 +0200] "GET /entry.php?id=10778&form=11500&name=list& HTTP/1.1" 200 3612 "http://ed.activities.at/entry.php?id=11675&" "Mozilla/5.0 (Windows NT 10.0; Win64; x64) AppleWebKit/537.36 (KHTML, like Gecko) Chrome/60.0.3112.113 Safari/537.36"
90.146.3.54 - - [11/Sep/2017:16:00:36 +0200] "POST /entry.php?id=11676 HTTP/1.1" 200 4596 "http://ed.activities.at/entry.php?id=11676&" "Mozilla/5.0 (Windows NT 10.0; Win64; x64) AppleWebKit/537.36 (KHTML, like Gecko) Chrome/60.0.3112.113 Safari/537.36"
90.146.3.54 - - [11/Sep/2017:16:00:37 +0200] "GET /cache/emu/images/easy-drivers-steyr10264958/mopedjpg_241_150_0.jpg HTTP/1.1" 200 10977 "http://ed.activities.at/entry.php?id=11676" "Mozilla/5.0 (Windows NT 10.0; Win64; x64) AppleWebKit/537.36 (KHTML, like Gecko) Chrome/60.0.3112.113 Safari/537.36"
90.146.3.54 - - [11/Sep/2017:16:00:37 +0200] "GET /gui/javascript/form_form.js?1505138437 HTTP/1.1" 200 16206 "http://ed.activities.at/entry.php?id=11676" "Mozilla/5.0 (Windows NT 10.0; Win64; x64) AppleWebKit/537.36 (KHTML, like Gecko) Chrome/60.0.3112.113 Safari/537.36"
90.146.3.54 - - [11/Sep/2017:16:00:45 +0200] "POST /entry.php?id=11676 HTTP/1.1" 200 4909 "http://ed.activities.at/entry.php?id=11676" "Mozilla/5.0 (Windows NT 10.0; Win64; x64) AppleWebKit/537.36 (KHTML, like Gecko) Chrome/60.0.3112.113 Safari/537.36"
90.146.3.54 - - [11/Sep/2017:16:00:46 +0200] "GET /gui/javascript/form_form.js?1505138446 HTTP/1.1" 200 16206 "http://ed.activities.at/entry.php?id=11676" "Mozilla/5.0 (Windows NT 10.0; Win64; x64) AppleWebKit/537.36 (KHTML, like Gecko) Chrome/60.0.3112.113 Safari/537.36"
90.146.3.54 - - [11/Sep/2017:16:00:47 +0200] "POST /entry.php?id=11676 HTTP/1.1" 200 4880 "http://ed.activities.at/entry.php?id=11676" "Mozilla/5.0 (Windows NT 10.0; Win64; x64) AppleWebKit/537.36 (KHTML, like Gecko) Chrome/60.0.3112.113 Safari/537.36"
90.146.3.54 - - [11/Sep/2017:16:00:49 +0200] "GET /gui/javascript/form_form.js?1505138448 HTTP/1.1" 200 16206 "http://ed.activities.at/entry.php?id=11676" "Mozilla/5.0 (Windows NT 10.0; Win64; x64) AppleWebKit/537.36 (KHTML, like Gecko) Chrome/60.0.3112.113 Safari/537.36"
90.146.3.54 - - [11/Sep/2017:16:01:06 +0200] "POST /entry.php?id=11676 HTTP/1.1" 200 4617 "http://ed.activities.at/entry.php?id=11676" "Mozilla/5.0 (Windows NT 10.0; Win64; x64) AppleWebKit/537.36 (KHTML, like Gecko) Chrome/60.0.3112.113 Safari/537.36"
90.146.3.54 - - [11/Sep/2017:16:01:07 +0200] "GET /gui/javascript/form_form.js?1505138467 HTTP/1.1" 200 16206 "http://ed.activities.at/entry.php?id=11676" "Mozilla/5.0 (Windows NT 10.0; Win64; x64) AppleWebKit/537.36 (KHTML, like Gecko) Chrome/60.0.3112.113 Safari/537.36"
90.146.3.54 - - [11/Sep/2017:16:01:13 +0200] "POST /entry.php?id=11676 HTTP/1.1" 200 4927 "http://ed.activities.at/entry.php?id=11676" "Mozilla/5.0 (Windows NT 10.0; Win64; x64) AppleWebKit/537.36 (KHTML, like Gecko) Chrome/60.0.3112.113 Safari/537.36"
90.146.3.54 - - [11/Sep/2017:16:01:14 +0200] "GET /gui/javascript/form_form.js?1505138474 HTTP/1.1" 200 16206 "http://ed.activities.at/entry.php?id=11676" "Mozilla/5.0 (Windows NT 10.0; Win64; x64) AppleWebKit/537.36 (KHTML, like Gecko) Chrome/60.0.3112.113 Safari/537.36"
90.146.3.54 - - [11/Sep/2017:16:01:16 +0200] "POST /entry.php?id=11676 HTTP/1.1" 200 4899 "http://ed.activities.at/entry.php?id=11676" "Mozilla/5.0 (Windows NT 10.0; Win64; x64) AppleWebKit/537.36 (KHTML, like Gecko) Chrome/60.0.3112.113 Safari/537.36"
90.146.3.54 - - [11/Sep/2017:16:01:17 +0200] "GET /gui/javascript/form_form.js?1505138477 HTTP/1.1" 200 16206 "http://ed.activities.at/entry.php?id=11676" "Mozilla/5.0 (Windows NT 10.0; Win64; x64) AppleWebKit/537.36 (KHTML, like Gecko) Chrome/60.0.3112.113 Safari/537.36"
90.146.3.54 - - [11/Sep/2017:16:01:20 +0200] "GET /entry.php?id=10271&&ser=138419 HTTP/1.1" 200 986 "http://ed.activities.at/entry.php?id=10271&&ser=138358" "Mozilla/5.0 (Windows NT 10.0; Win64; x64) AppleWebKit/537.36 (KHTML, like Gecko) Chrome/60.0.3112.113 Safari/537.36"
90.146.3.54 - - [11/Sep/2017:16:01:20 +0200] "GET /gui/javascript/form_form.js?1505138480 HTTP/1.1" 200 16206 "http://ed.activities.at/entry.php?id=10271&&ser=138419" "Mozilla/5.0 (Windows NT 10.0; Win64; x64) AppleWebKit/537.36 (KHTML, like Gecko) Chrome/60.0.3112.113 Safari/537.36"
80.122.130.46 - - [11/Sep/2017:16:01:24 +0200] "GET /entry.php?id=10271&&ser=138423 HTTP/1.1" 200 987 "http://ed.activities.at/entry.php?id=10271&&ser=138363" "Mozilla/5.0 (Windows NT 6.1; rv:55.0) Gecko/20100101 Firefox/55.0"
80.122.130.46 - - [11/Sep/2017:16:01:24 +0200] "GET /gui/javascript/form_form.js?1505138484 HTTP/1.1" 200 16206 "http://ed.activities.at/entry.php?id=10271&&ser=138423" "Mozilla/5.0 (Windows NT 6.1; rv:55.0) Gecko/20100101 Firefox/55.0"
80.122.130.46 - - [11/Sep/2017:16:01:40 +0200] "POST /entry.php?id=11671 HTTP/1.1" 200 4780 "http://ed.activities.at/entry.php?id=11671" "Mozilla/5.0 (Windows NT 6.1; rv:55.0) Gecko/20100101 Firefox/55.0"
80.122.130.46 - - [11/Sep/2017:16:01:40 +0200] "GET /gui/javascript/form_form.js?1505138500 HTTP/1.1" 200 16206 "http://ed.activities.at/entry.php?id=11671" "Mozilla/5.0 (Windows NT 6.1; rv:55.0) Gecko/20100101 Firefox/55.0"
80.122.130.46 - - [11/Sep/2017:16:01:41 +0200] "GET /entry.php?id=10776&form=11496&name=list& HTTP/1.1" 200 1519 "http://ed.activities.at/entry.php?id=11671" "Mozilla/5.0 (Windows NT 6.1; rv:55.0) Gecko/20100101 Firefox/55.0"
80.122.130.46 - - [11/Sep/2017:16:01:41 +0200] "GET /entry.php?id=10778&form=11496&name=list& HTTP/1.1" 200 5752 "http://ed.activities.at/entry.php?id=11671" "Mozilla/5.0 (Windows NT 6.1; rv:55.0) Gecko/20100101 Firefox/55.0"
90.146.3.54 - - [11/Sep/2017:16:02:20 +0200] "GET /entry.php?id=10271&&ser=138480 HTTP/1.1" 200 988 "http://ed.activities.at/entry.php?id=10271&&ser=138419" "Mozilla/5.0 (Windows NT 10.0; Win64; x64) AppleWebKit/537.36 (KHTML, like Gecko) Chrome/60.0.3112.113 Safari/537.36"
90.146.3.54 - - [11/Sep/2017:16:02:20 +0200] "GET /gui/javascript/form_form.js?1505138540 HTTP/1.1" 200 16206 "http://ed.activities.at/entry.php?id=10271&&ser=138480" "Mozilla/5.0 (Windows NT 10.0; Win64; x64) AppleWebKit/537.36 (KHTML, like Gecko) Chrome/60.0.3112.113 Safari/537.36"
80.122.130.46 - - [11/Sep/2017:16:02:24 +0200] "POST /entry.php?id=11671 HTTP/1.1" 200 4797 "http://ed.activities.at/entry.php?id=11671" "Mozilla/5.0 (Windows NT 6.1; rv:55.0) Gecko/20100101 Firefox/55.0"
80.122.130.46 - - [11/Sep/2017:16:02:24 +0200] "GET /entry.php?id=10271&&ser=138484 HTTP/1.1" 200 988 "http://ed.activities.at/entry.php?id=10271&&ser=138423" "Mozilla/5.0 (Windows NT 6.1; rv:55.0) Gecko/20100101 Firefox/55.0"
80.122.130.46 - - [11/Sep/2017:16:02:24 +0200] "GET /gui/javascript/form_form.js?1505138544 HTTP/1.1" 200 16206 "http://ed.activities.at/entry.php?id=11671" "Mozilla/5.0 (Windows NT 6.1; rv:55.0) Gecko/20100101 Firefox/55.0"
80.122.130.46 - - [11/Sep/2017:16:02:25 +0200] "GET /entry.php?id=10776&form=11496&name=list& HTTP/1.1" 200 1519 "http://ed.activities.at/entry.php?id=11671" "Mozilla/5.0 (Windows NT 6.1; rv:55.0) Gecko/20100101 Firefox/55.0"
80.122.130.46 - - [11/Sep/2017:16:02:25 +0200] "GET /entry.php?id=10778&form=11496&name=list& HTTP/1.1" 200 5846 "http://ed.activities.at/entry.php?id=11671" "Mozilla/5.0 (Windows NT 6.1; rv:55.0) Gecko/20100101 Firefox/55.0"
90.146.3.54 - - [11/Sep/2017:16:03:21 +0200] "GET /entry.php?id=10271&&ser=138540 HTTP/1.1" 200 986 "http://ed.activities.at/entry.php?id=10271&&ser=138480" "Mozilla/5.0 (Windows NT 10.0; Win64; x64) AppleWebKit/537.36 (KHTML, like Gecko) Chrome/60.0.3112.113 Safari/537.36"
90.146.3.54 - - [11/Sep/2017:16:03:21 +0200] "GET /gui/javascript/form_form.js?1505138601 HTTP/1.1" 200 16206 "http://ed.activities.at/entry.php?id=10271&&ser=138540" "Mozilla/5.0 (Windows NT 10.0; Win64; x64) AppleWebKit/537.36 (KHTML, like Gecko) Chrome/60.0.3112.113 Safari/537.36"
80.122.130.46 - - [11/Sep/2017:16:03:25 +0200] "GET /entry.php?id=10271&&ser=138544 HTTP/1.1" 200 988 "http://ed.activities.at/entry.php?id=10271&&ser=138484" "Mozilla/5.0 (Windows NT 6.1; rv:55.0) Gecko/20100101 Firefox/55.0"
80.122.130.46 - - [11/Sep/2017:16:03:25 +0200] "GET /gui/javascript/form_form.js?1505138605 HTTP/1.1" 200 16206 "http://ed.activities.at/entry.php?id=10271&&ser=138544" "Mozilla/5.0 (Windows NT 6.1; rv:55.0) Gecko/20100101 Firefox/55.0"
80.122.130.46 - - [11/Sep/2017:16:03:32 +0200] "POST /entry.php?id=11672 HTTP/1.1" 200 2702 "http://ed.activities.at/entry.php?id=11672&" "Mozilla/5.0 (Windows NT 6.1; rv:55.0) Gecko/20100101 Firefox/55.0"
80.122.130.46 - - [11/Sep/2017:16:03:32 +0200] "GET /gui/javascript/form_form.js?1505138612 HTTP/1.1" 200 16206 "http://ed.activities.at/entry.php?id=11672" "Mozilla/5.0 (Windows NT 6.1; rv:55.0) Gecko/20100101 Firefox/55.0"
80.122.130.46 - - [11/Sep/2017:16:03:33 +0200] "GET /entry.php?id=10776&form=11497&name=list& HTTP/1.1" 200 1944 "http://ed.activities.at/entry.php?id=11672" "Mozilla/5.0 (Windows NT 6.1; rv:55.0) Gecko/20100101 Firefox/55.0"
80.122.130.46 - - [11/Sep/2017:16:03:33 +0200] "GET /entry.php?id=10778&form=11497&name=list& HTTP/1.1" 200 8378 "http://ed.activities.at/entry.php?id=11672" "Mozilla/5.0 (Windows NT 6.1; rv:55.0) Gecko/20100101 Firefox/55.0"
80.122.130.46 - - [11/Sep/2017:16:03:52 +0200] "POST /entry.php?id=11671 HTTP/1.1" 200 4786 "http://ed.activities.at/entry.php?id=11671" "Mozilla/5.0 (Windows NT 6.1; rv:55.0) Gecko/20100101 Firefox/55.0"
80.122.130.46 - - [11/Sep/2017:16:03:53 +0200] "GET /gui/javascript/form_form.js?1505138633 HTTP/1.1" 200 16206 "http://ed.activities.at/entry.php?id=11671" "Mozilla/5.0 (Windows NT 6.1; rv:55.0) Gecko/20100101 Firefox/55.0"
80.122.130.46 - - [11/Sep/2017:16:03:53 +0200] "GET /entry.php?id=10776&form=11496&name=list& HTTP/1.1" 200 1519 "http://ed.activities.at/entry.php?id=11671" "Mozilla/5.0 (Windows NT 6.1; rv:55.0) Gecko/20100101 Firefox/55.0"
80.122.130.46 - - [11/Sep/2017:16:03:53 +0200] "GET /entry.php?id=10778&form=11496&name=list& HTTP/1.1" 200 5761 "http://ed.activities.at/entry.php?id=11671" "Mozilla/5.0 (Windows NT 6.1; rv:55.0) Gecko/20100101 Firefox/55.0"
80.122.130.46 - - [11/Sep/2017:16:03:57 +0200] "POST /entry.php?id=11671 HTTP/1.1" 200 4775 "http://ed.activities.at/entry.php?id=11671" "Mozilla/5.0 (Windows NT 6.1; rv:55.0) Gecko/20100101 Firefox/55.0"
80.122.130.46 - - [11/Sep/2017:16:03:58 +0200] "GET /gui/javascript/form_form.js?1505138638 HTTP/1.1" 200 16206 "http://ed.activities.at/entry.php?id=11671" "Mozilla/5.0 (Windows NT 6.1; rv:55.0) Gecko/20100101 Firefox/55.0"
80.122.130.46 - - [11/Sep/2017:16:03:58 +0200] "GET /entry.php?id=10776&form=11496&name=list& HTTP/1.1" 200 1519 "http://ed.activities.at/entry.php?id=11671" "Mozilla/5.0 (Windows NT 6.1; rv:55.0) Gecko/20100101 Firefox/55.0"
80.122.130.46 - - [11/Sep/2017:16:03:58 +0200] "GET /entry.php?id=10778&form=11496&name=list& HTTP/1.1" 200 5819 "http://ed.activities.at/entry.php?id=11671" "Mozilla/5.0 (Windows NT 6.1; rv:55.0) Gecko/20100101 Firefox/55.0"
80.122.130.46 - - [11/Sep/2017:16:04:12 +0200] "POST /entry.php?id=11671 HTTP/1.1" 200 4786 "http://ed.activities.at/entry.php?id=11671" "Mozilla/5.0 (Windows NT 6.1; rv:55.0) Gecko/20100101 Firefox/55.0"
80.122.130.46 - - [11/Sep/2017:16:04:13 +0200] "GET /gui/javascript/form_form.js?1505138653 HTTP/1.1" 200 16206 "http://ed.activities.at/entry.php?id=11671" "Mozilla/5.0 (Windows NT 6.1; rv:55.0) Gecko/20100101 Firefox/55.0"
80.122.130.46 - - [11/Sep/2017:16:04:13 +0200] "GET /entry.php?id=10776&form=11496&name=list& HTTP/1.1" 200 1519 "http://ed.activities.at/entry.php?id=11671" "Mozilla/5.0 (Windows NT 6.1; rv:55.0) Gecko/20100101 Firefox/55.0"
80.122.130.46 - - [11/Sep/2017:16:04:13 +0200] "GET /entry.php?id=10778&form=11496&name=list& HTTP/1.1" 200 5761 "http://ed.activities.at/entry.php?id=11671" "Mozilla/5.0 (Windows NT 6.1; rv:55.0) Gecko/20100101 Firefox/55.0"
90.146.3.54 - - [11/Sep/2017:16:04:22 +0200] "GET /entry.php?id=10271&&ser=138601 HTTP/1.1" 200 987 "http://ed.activities.at/entry.php?id=10271&&ser=138540" "Mozilla/5.0 (Windows NT 10.0; Win64; x64) AppleWebKit/537.36 (KHTML, like Gecko) Chrome/60.0.3112.113 Safari/537.36"
90.146.3.54 - - [11/Sep/2017:16:04:22 +0200] "GET /gui/javascript/form_form.js?1505138662 HTTP/1.1" 200 16206 "http://ed.activities.at/entry.php?id=10271&&ser=138601" "Mozilla/5.0 (Windows NT 10.0; Win64; x64) AppleWebKit/537.36 (KHTML, like Gecko) Chrome/60.0.3112.113 Safari/537.36"
80.122.130.46 - - [11/Sep/2017:16:04:26 +0200] "GET /entry.php?id=10271&&ser=138605 HTTP/1.1" 200 987 "http://ed.activities.at/entry.php?id=10271&&ser=138544" "Mozilla/5.0 (Windows NT 6.1; rv:55.0) Gecko/20100101 Firefox/55.0"
80.122.130.46 - - [11/Sep/2017:16:04:26 +0200] "GET /gui/javascript/form_form.js?1505138666 HTTP/1.1" 200 16206 "http://ed.activities.at/entry.php?id=10271&&ser=138605" "Mozilla/5.0 (Windows NT 6.1; rv:55.0) Gecko/20100101 Firefox/55.0"
80.122.130.46 - - [11/Sep/2017:16:04:47 +0200] "POST /entry.php?id=11671 HTTP/1.1" 200 4783 "http://ed.activities.at/entry.php?id=11671" "Mozilla/5.0 (Windows NT 6.1; rv:55.0) Gecko/20100101 Firefox/55.0"
80.122.130.46 - - [11/Sep/2017:16:04:47 +0200] "GET /gui/javascript/form_form.js?1505138687 HTTP/1.1" 200 16206 "http://ed.activities.at/entry.php?id=11671" "Mozilla/5.0 (Windows NT 6.1; rv:55.0) Gecko/20100101 Firefox/55.0"
80.122.130.46 - - [11/Sep/2017:16:04:48 +0200] "GET /entry.php?id=10776&form=11496&name=list& HTTP/1.1" 200 1519 "http://ed.activities.at/entry.php?id=11671" "Mozilla/5.0 (Windows NT 6.1; rv:55.0) Gecko/20100101 Firefox/55.0"
80.122.130.46 - - [11/Sep/2017:16:04:48 +0200] "GET /entry.php?id=10778&form=11496&name=list& HTTP/1.1" 200 5818 "http://ed.activities.at/entry.php?id=11671" "Mozilla/5.0 (Windows NT 6.1; rv:55.0) Gecko/20100101 Firefox/55.0"
80.122.130.46 - - [11/Sep/2017:16:05:09 +0200] "POST /entry.php?id=11671 HTTP/1.1" 200 4780 "http://ed.activities.at/entry.php?id=11671" "Mozilla/5.0 (Windows NT 6.1; rv:55.0) Gecko/20100101 Firefox/55.0"
80.122.130.46 - - [11/Sep/2017:16:05:10 +0200] "GET /gui/javascript/form_form.js?1505138710 HTTP/1.1" 200 16206 "http://ed.activities.at/entry.php?id=11671" "Mozilla/5.0 (Windows NT 6.1; rv:55.0) Gecko/20100101 Firefox/55.0"
80.122.130.46 - - [11/Sep/2017:16:05:10 +0200] "GET /entry.php?id=10776&form=11496&name=list& HTTP/1.1" 200 1519 "http://ed.activities.at/entry.php?id=11671" "Mozilla/5.0 (Windows NT 6.1; rv:55.0) Gecko/20100101 Firefox/55.0"
80.122.130.46 - - [11/Sep/2017:16:05:10 +0200] "GET /entry.php?id=10778&form=11496&name=list& HTTP/1.1" 200 5752 "http://ed.activities.at/entry.php?id=11671" "Mozilla/5.0 (Windows NT 6.1; rv:55.0) Gecko/20100101 Firefox/55.0"
90.146.3.54 - - [11/Sep/2017:16:05:13 +0200] "GET /entry.php?id=10711&chooserview=image_single&view=actionimage HTTP/1.1" 200 1719 "http://ed.activities.at/entry.php?id=11676" "Mozilla/5.0 (Windows NT 10.0; Win64; x64) AppleWebKit/537.36 (KHTML, like Gecko) Chrome/60.0.3112.113 Safari/537.36"
90.146.3.54 - - [11/Sep/2017:16:05:13 +0200] "GET /gui/javascript/form_binary.js HTTP/1.1" 200 3410 "http://ed.activities.at/entry.php?id=10711&chooserview=image_single&view=actionimage" "Mozilla/5.0 (Windows NT 10.0; Win64; x64) AppleWebKit/537.36 (KHTML, like Gecko) Chrome/60.0.3112.113 Safari/537.36"
90.146.3.54 - - [11/Sep/2017:16:05:13 +0200] "GET /gui/javascript/form_form.js?1505138713 HTTP/1.1" 200 16206 "http://ed.activities.at/entry.php?id=10711&chooserview=image_single&view=actionimage" "Mozilla/5.0 (Windows NT 10.0; Win64; x64) AppleWebKit/537.36 (KHTML, like Gecko) Chrome/60.0.3112.113 Safari/537.36"
90.146.3.54 - - [11/Sep/2017:16:05:13 +0200] "GET /gui/javascript/jquery/js/ui.splitter.js HTTP/1.1" 200 3473 "http://ed.activities.at/entry.php?id=10711&chooserview=image_single&view=actionimage" "Mozilla/5.0 (Windows NT 10.0; Win64; x64) AppleWebKit/537.36 (KHTML, like Gecko) Chrome/60.0.3112.113 Safari/537.36"
90.146.3.54 - - [11/Sep/2017:16:05:13 +0200] "GET /entry.php?id=10676&title=Ressourcenverwaltung HTTP/1.1" 200 1395 "http://ed.activities.at/entry.php?id=10711&chooserview=image_single&view=actionimage" "Mozilla/5.0 (Windows NT 10.0; Win64; x64) AppleWebKit/537.36 (KHTML, like Gecko) Chrome/60.0.3112.113 Safari/537.36"
90.146.3.54 - - [11/Sep/2017:16:05:13 +0200] "GET /entry.php?id=10703&&but=&object=&class=&tag=&value=&chooserview=image_single&function=&setlist=&t_width=&t_height=&view=actionimage HTTP/1.1" 200 2540 "http://ed.activities.at/entry.php?id=10711&chooserview=image_single&view=actionimage" "Mozilla/5.0 (Windows NT 10.0; Win64; x64) AppleWebKit/537.36 (KHTML, like Gecko) Chrome/60.0.3112.113 Safari/537.36"
90.146.3.54 - - [11/Sep/2017:16:05:14 +0200] "GET /gui/javascript/form_form.js?1505138714 HTTP/1.1" 200 16206 "http://ed.activities.at/entry.php?id=10703&&but=&object=&class=&tag=&value=&chooserview=image_single&function=&setlist=&t_width=&t_height=&view=actionimage" "Mozilla/5.0 (Windows NT 10.0; Win64; x64) AppleWebKit/537.36 (KHTML, like Gecko) Chrome/60.0.3112.113 Safari/537.36"
90.146.3.54 - - [11/Sep/2017:16:05:13 +0200] "GET /entry.php?id=10704&&but=&object=&class=&tag=&value=&chooserview=image_single&function=&setlist=&t_width=&t_height=&view=actionimage HTTP/1.1" 200 2870 "http://ed.activities.at/entry.php?id=10711&chooserview=image_single&view=actionimage" "Mozilla/5.0 (Windows NT 10.0; Win64; x64) AppleWebKit/537.36 (KHTML, like Gecko) Chrome/60.0.3112.113 Safari/537.36"
90.146.3.54 - - [11/Sep/2017:16:05:14 +0200] "GET /entry.php?id=10776&form=10547&name=list& HTTP/1.1" 200 1290 "http://ed.activities.at/entry.php?id=10703&&but=&object=&class=&tag=&value=&chooserview=image_single&function=&setlist=&t_width=&t_height=&view=actionimage" "Mozilla/5.0 (Windows NT 10.0; Win64; x64) AppleWebKit/537.36 (KHTML, like Gecko) Chrome/60.0.3112.113 Safari/537.36"
90.146.3.54 - - [11/Sep/2017:16:05:14 +0200] "GET /entry.php?id=10778&form=10547&name=list& HTTP/1.1" 200 3001 "http://ed.activities.at/entry.php?id=10703&&but=&object=&class=&tag=&value=&chooserview=image_single&function=&setlist=&t_width=&t_height=&view=actionimage" "Mozilla/5.0 (Windows NT 10.0; Win64; x64) AppleWebKit/537.36 (KHTML, like Gecko) Chrome/60.0.3112.113 Safari/537.36"
90.146.3.54 - - [11/Sep/2017:16:05:14 +0200] "GET /entry.php?id=10776&form=10549&name=list& HTTP/1.1" 200 1546 "http://ed.activities.at/entry.php?id=10704&&but=&object=&class=&tag=&value=&chooserview=image_single&function=&setlist=&t_width=&t_height=&view=actionimage" "Mozilla/5.0 (Windows NT 10.0; Win64; x64) AppleWebKit/537.36 (KHTML, like Gecko) Chrome/60.0.3112.113 Safari/537.36"
90.146.3.54 - - [11/Sep/2017:16:05:14 +0200] "GET /entry.php?id=10778&form=10549&name=list& HTTP/1.1" 200 2599 "http://ed.activities.at/entry.php?id=10704&&but=&object=&class=&tag=&value=&chooserview=image_single&function=&setlist=&t_width=&t_height=&view=actionimage" "Mozilla/5.0 (Windows NT 10.0; Win64; x64) AppleWebKit/537.36 (KHTML, like Gecko) Chrome/60.0.3112.113 Safari/537.36"
90.146.3.54 - - [11/Sep/2017:16:05:14 +0200] "GET /gui/images/icons/disabled_view_grid.gif HTTP/1.1" 200 399 "http://ed.activities.at/entry.php?id=10776&form=10549&name=list&" "Mozilla/5.0 (Windows NT 10.0; Win64; x64) AppleWebKit/537.36 (KHTML, like Gecko) Chrome/60.0.3112.113 Safari/537.36"
90.146.3.54 - - [11/Sep/2017:16:05:21 +0200] "GET /entry.php?id=11687&uploadmode=single&object=false&mode=single&mime=10015786&listview=list HTTP/1.1" 200 2353 "http://ed.activities.at/entry.php?id=10711&chooserview=image_single&view=actionimage" "Mozilla/5.0 (Windows NT 10.0; Win64; x64) AppleWebKit/537.36 (KHTML, like Gecko) Chrome/60.0.3112.113 Safari/537.36"
90.146.3.54 - - [11/Sep/2017:16:05:21 +0200] "GET /gui/javascript/jquery/fileupload/js/jquery.ui.plupload/css/jquery.ui.plupload.css HTTP/1.1" 200 1380 "http://ed.activities.at/entry.php?id=11687&uploadmode=single&object=false&mode=single&mime=10015786&listview=list" "Mozilla/5.0 (Windows NT 10.0; Win64; x64) AppleWebKit/537.36 (KHTML, like Gecko) Chrome/60.0.3112.113 Safari/537.36"
90.146.3.54 - - [11/Sep/2017:16:05:21 +0200] "GET /gui/javascript/form_form.js?1505138721 HTTP/1.1" 200 16206 "http://ed.activities.at/entry.php?id=11687&uploadmode=single&object=false&mode=single&mime=10015786&listview=list" "Mozilla/5.0 (Windows NT 10.0; Win64; x64) AppleWebKit/537.36 (KHTML, like Gecko) Chrome/60.0.3112.113 Safari/537.36"
90.146.3.54 - - [11/Sep/2017:16:05:21 +0200] "GET /gui/javascript/form_file_upload.js HTTP/1.1" 200 3545 "http://ed.activities.at/entry.php?id=11687&uploadmode=single&object=false&mode=single&mime=10015786&listview=list" "Mozilla/5.0 (Windows NT 10.0; Win64; x64) AppleWebKit/537.36 (KHTML, like Gecko) Chrome/60.0.3112.113 Safari/537.36"
90.146.3.54 - - [11/Sep/2017:16:05:21 +0200] "GET /gui/javascript/jquery/fileupload/js/jquery.ui.plupload/jquery.ui.plupload.js HTTP/1.1" 200 6007 "http://ed.activities.at/entry.php?id=11687&uploadmode=single&object=false&mode=single&mime=10015786&listview=list" "Mozilla/5.0 (Windows NT 10.0; Win64; x64) AppleWebKit/537.36 (KHTML, like Gecko) Chrome/60.0.3112.113 Safari/537.36"
90.146.3.54 - - [11/Sep/2017:16:05:21 +0200] "GET /gui/javascript/jquery/fileupload/js/i18n/de.js HTTP/1.1" 200 651 "http://ed.activities.at/entry.php?id=11687&uploadmode=single&object=false&mode=single&mime=10015786&listview=list" "Mozilla/5.0 (Windows NT 10.0; Win64; x64) AppleWebKit/537.36 (KHTML, like Gecko) Chrome/60.0.3112.113 Safari/537.36"
90.146.3.54 - - [11/Sep/2017:16:05:21 +0200] "GET /gui/javascript/jquery/fileupload/js/plupload.full.js HTTP/1.1" 200 23055 "http://ed.activities.at/entry.php?id=11687&uploadmode=single&object=false&mode=single&mime=10015786&listview=list" "Mozilla/5.0 (Windows NT 10.0; Win64; x64) AppleWebKit/537.36 (KHTML, like Gecko) Chrome/60.0.3112.113 Safari/537.36"
90.146.3.54 - - [11/Sep/2017:16:05:21 +0200] "GET /gui/javascript/jquery/fileupload/js/jquery.ui.plupload/img/buttons.png HTTP/1.1" 200 1439 "http://ed.activities.at/gui/javascript/jquery/fileupload/js/jquery.ui.plupload/css/jquery.ui.plupload.css" "Mozilla/5.0 (Windows NT 10.0; Win64; x64) AppleWebKit/537.36 (KHTML, like Gecko) Chrome/60.0.3112.113 Safari/537.36"
90.146.3.54 - - [11/Sep/2017:16:05:21 +0200] "GET /gui/javascript/jquery/css/gui-themes/images/ui-bg_flat_80_ece9d8_40x100.png HTTP/1.1" 200 183 "http://ed.activities.at/gui/javascript/jquery/css/gui-themes/custom.min.css" "Mozilla/5.0 (Windows NT 10.0; Win64; x64) AppleWebKit/537.36 (KHTML, like Gecko) Chrome/60.0.3112.113 Safari/537.36"
90.146.3.54 - - [11/Sep/2017:16:05:21 +0200] "GET /gui/javascript/jquery/css/gui-themes/images/ui-icons_000000_256x240_ev.png HTTP/1.1" 200 11218 "http://ed.activities.at/gui/javascript/jquery/css/gui-themes/custom.min.css" "Mozilla/5.0 (Windows NT 10.0; Win64; x64) AppleWebKit/537.36 (KHTML, like Gecko) Chrome/60.0.3112.113 Safari/537.36"
90.146.3.54 - - [11/Sep/2017:16:05:23 +0200] "GET /entry.php?id=10271&&ser=138662 HTTP/1.1" 200 987 "http://ed.activities.at/entry.php?id=10271&&ser=138601" "Mozilla/5.0 (Windows NT 10.0; Win64; x64) AppleWebKit/537.36 (KHTML, like Gecko) Chrome/60.0.3112.113 Safari/537.36"
90.146.3.54 - - [11/Sep/2017:16:05:23 +0200] "GET /gui/javascript/form_form.js?1505138723 HTTP/1.1" 200 16206 "http://ed.activities.at/entry.php?id=10271&&ser=138662" "Mozilla/5.0 (Windows NT 10.0; Win64; x64) AppleWebKit/537.36 (KHTML, like Gecko) Chrome/60.0.3112.113 Safari/537.36"
90.146.3.54 - - [11/Sep/2017:16:05:23 +0200] "GET /gui/javascript/jquery/css/gui-themes/images/ui-bg_flat_100_ffffff_40x100.png HTTP/1.1" 200 178 "http://ed.activities.at/gui/javascript/jquery/css/gui-themes/custom.min.css" "Mozilla/5.0 (Windows NT 10.0; Win64; x64) AppleWebKit/537.36 (KHTML, like Gecko) Chrome/60.0.3112.113 Safari/537.36"
80.122.130.46 - - [11/Sep/2017:16:05:26 +0200] "GET /entry.php?id=10271&&ser=138666 HTTP/1.1" 200 987 "http://ed.activities.at/entry.php?id=10271&&ser=138605" "Mozilla/5.0 (Windows NT 6.1; rv:55.0) Gecko/20100101 Firefox/55.0"
80.122.130.46 - - [11/Sep/2017:16:05:26 +0200] "GET /gui/javascript/form_form.js?1505138726 HTTP/1.1" 200 16206 "http://ed.activities.at/entry.php?id=10271&&ser=138666" "Mozilla/5.0 (Windows NT 6.1; rv:55.0) Gecko/20100101 Firefox/55.0"
90.146.3.54 - - [11/Sep/2017:16:05:36 +0200] "GET /gui/javascript/jquery/css/gui-themes/images/ui-bg_highlight-soft_25_ffef8f_1x100.png HTTP/1.1" 200 119 "http://ed.activities.at/gui/javascript/jquery/css/gui-themes/custom.min.css" "Mozilla/5.0 (Windows NT 10.0; Win64; x64) AppleWebKit/537.36 (KHTML, like Gecko) Chrome/60.0.3112.113 Safari/537.36"
90.146.3.54 - - [11/Sep/2017:16:05:36 +0200] "GET /gui/javascript/jquery/css/gui-themes/images/ui-icons_2e83ff_256x240_ev.png HTTP/1.1" 200 6035 "http://ed.activities.at/gui/javascript/jquery/css/gui-themes/custom.min.css" "Mozilla/5.0 (Windows NT 10.0; Win64; x64) AppleWebKit/537.36 (KHTML, like Gecko) Chrome/60.0.3112.113 Safari/537.36"
90.146.3.54 - - [11/Sep/2017:16:05:36 +0200] "POST /entry.php?id=11687&ajaxaction=binary HTTP/1.1" 200 313 "http://ed.activities.at/entry.php?id=11687&uploadmode=single&object=false&mode=single&mime=10015786&listview=list" "Mozilla/5.0 (Windows NT 10.0; Win64; x64) AppleWebKit/537.36 (KHTML, like Gecko) Chrome/60.0.3112.113 Safari/537.36"
90.146.3.54 - - [11/Sep/2017:16:05:36 +0200] "GET /cache/emu/images/easy-drivers-steyr10291203/k_16_11_0.jpg HTTP/1.1" 200 812 "http://ed.activities.at/entry.php?id=10778&form=10549&name=list&" "Mozilla/5.0 (Windows NT 10.0; Win64; x64) AppleWebKit/537.36 (KHTML, like Gecko) Chrome/60.0.3112.113 Safari/537.36"
90.146.3.54 - - [11/Sep/2017:16:05:36 +0200] "GET /framework/icons/note_msg_icon.gif HTTP/1.1" 200 1022 "http://ed.activities.at/gui/styles/tmplDefault.css" "Mozilla/5.0 (Windows NT 10.0; Win64; x64) AppleWebKit/537.36 (KHTML, like Gecko) Chrome/60.0.3112.113 Safari/537.36"
80.122.130.46 - - [11/Sep/2017:16:05:40 +0200] "POST /entry.php?id=11671 HTTP/1.1" 200 4795 "http://ed.activities.at/entry.php?id=11671" "Mozilla/5.0 (Windows NT 6.1; rv:55.0) Gecko/20100101 Firefox/55.0"
90.146.3.54 - - [11/Sep/2017:16:05:41 +0200] "POST /entry.php?id=10704 HTTP/1.1" 200 2963 "http://ed.activities.at/entry.php?id=10704&&but=&object=&class=&tag=&value=&chooserview=image_single&function=&setlist=&t_width=&t_height=&view=actionimage" "Mozilla/5.0 (Windows NT 10.0; Win64; x64) AppleWebKit/537.36 (KHTML, like Gecko) Chrome/60.0.3112.113 Safari/537.36"
80.122.130.46 - - [11/Sep/2017:16:05:41 +0200] "GET /gui/javascript/form_form.js?1505138741 HTTP/1.1" 200 16206 "http://ed.activities.at/entry.php?id=11671" "Mozilla/5.0 (Windows NT 6.1; rv:55.0) Gecko/20100101 Firefox/55.0"
90.146.3.54 - - [11/Sep/2017:16:05:42 +0200] "GET /gui/javascript/form_form.js?1505138741 HTTP/1.1" 200 16206 "http://ed.activities.at/entry.php?id=10704" "Mozilla/5.0 (Windows NT 10.0; Win64; x64) AppleWebKit/537.36 (KHTML, like Gecko) Chrome/60.0.3112.113 Safari/537.36"
90.146.3.54 - - [11/Sep/2017:16:05:42 +0200] "GET /cache/emu/images/easy-drivers-steyr10291203/k_225_150_0.jpg HTTP/1.1" 200 6543 "http://ed.activities.at/entry.php?id=11676" "Mozilla/5.0 (Windows NT 10.0; Win64; x64) AppleWebKit/537.36 (KHTML, like Gecko) Chrome/60.0.3112.113 Safari/537.36"
80.122.130.46 - - [11/Sep/2017:16:05:42 +0200] "GET /entry.php?id=10776&form=11496&name=list& HTTP/1.1" 200 1519 "http://ed.activities.at/entry.php?id=11671" "Mozilla/5.0 (Windows NT 6.1; rv:55.0) Gecko/20100101 Firefox/55.0"
80.122.130.46 - - [11/Sep/2017:16:05:42 +0200] "GET /entry.php?id=10778&form=11496&name=list& HTTP/1.1" 200 5730 "http://ed.activities.at/entry.php?id=11671" "Mozilla/5.0 (Windows NT 6.1; rv:55.0) Gecko/20100101 Firefox/55.0"
90.146.3.54 - - [11/Sep/2017:16:05:44 +0200] "POST /entry.php?id=11676 HTTP/1.1" 200 4911 "http://ed.activities.at/entry.php?id=11676" "Mozilla/5.0 (Windows NT 10.0; Win64; x64) AppleWebKit/537.36 (KHTML, like Gecko) Chrome/60.0.3112.113 Safari/537.36"
90.146.3.54 - - [11/Sep/2017:16:05:46 +0200] "GET /cache/emu/images/easy-drivers-steyr10291203/k_225_150_0.jpg HTTP/1.1" 304 - "http://ed.activities.at/entry.php?id=11676" "Mozilla/5.0 (Windows NT 10.0; Win64; x64) AppleWebKit/537.36 (KHTML, like Gecko) Chrome/60.0.3112.113 Safari/537.36"
90.146.3.54 - - [11/Sep/2017:16:05:46 +0200] "GET /gui/javascript/form_form.js?1505138745 HTTP/1.1" 200 16206 "http://ed.activities.at/entry.php?id=11676" "Mozilla/5.0 (Windows NT 10.0; Win64; x64) AppleWebKit/537.36 (KHTML, like Gecko) Chrome/60.0.3112.113 Safari/537.36"
90.146.3.54 - - [11/Sep/2017:16:06:09 +0200] "POST /entry.php?id=11676 HTTP/1.1" 200 4917 "http://ed.activities.at/entry.php?id=11676" "Mozilla/5.0 (Windows NT 10.0; Win64; x64) AppleWebKit/537.36 (KHTML, like Gecko) Chrome/60.0.3112.113 Safari/537.36"
90.146.3.54 - - [11/Sep/2017:16:06:10 +0200] "GET /cache/emu/images/easy-drivers-steyr10291203/k_225_150_0.jpg HTTP/1.1" 304 - "http://ed.activities.at/entry.php?id=11676" "Mozilla/5.0 (Windows NT 10.0; Win64; x64) AppleWebKit/537.36 (KHTML, like Gecko) Chrome/60.0.3112.113 Safari/537.36"
90.146.3.54 - - [11/Sep/2017:16:06:10 +0200] "GET /gui/javascript/form_form.js?1505138770 HTTP/1.1" 200 16206 "http://ed.activities.at/entry.php?id=11676" "Mozilla/5.0 (Windows NT 10.0; Win64; x64) AppleWebKit/537.36 (KHTML, like Gecko) Chrome/60.0.3112.113 Safari/537.36"
90.146.3.54 - - [11/Sep/2017:16:06:11 +0200] "POST /entry.php?id=11676 HTTP/1.1" 200 3231 "http://ed.activities.at/entry.php?id=11676" "Mozilla/5.0 (Windows NT 10.0; Win64; x64) AppleWebKit/537.36 (KHTML, like Gecko) Chrome/60.0.3112.113 Safari/537.36"
90.146.3.54 - - [11/Sep/2017:16:06:12 +0200] "GET /gui/javascript/form_form.js?1505138772 HTTP/1.1" 200 16206 "http://ed.activities.at/entry.php?id=11676" "Mozilla/5.0 (Windows NT 10.0; Win64; x64) AppleWebKit/537.36 (KHTML, like Gecko) Chrome/60.0.3112.113 Safari/537.36"
90.146.3.54 - - [11/Sep/2017:16:06:12 +0200] "GET /framework/webfx/javascript/tinymce/skins/lightgray/content.min.css HTTP/1.1" 404 325 "http://ed.activities.at/entry.php?id=11676" "Mozilla/5.0 (Windows NT 10.0; Win64; x64) AppleWebKit/537.36 (KHTML, like Gecko) Chrome/60.0.3112.113 Safari/537.36"
90.146.3.54 - - [11/Sep/2017:16:06:23 +0200] "GET /entry.php?id=10271&&ser=138723 HTTP/1.1" 200 987 "http://ed.activities.at/entry.php?id=10271&&ser=138662" "Mozilla/5.0 (Windows NT 10.0; Win64; x64) AppleWebKit/537.36 (KHTML, like Gecko) Chrome/60.0.3112.113 Safari/537.36"
90.146.3.54 - - [11/Sep/2017:16:06:23 +0200] "GET /gui/javascript/form_form.js?1505138783 HTTP/1.1" 200 16206 "http://ed.activities.at/entry.php?id=10271&&ser=138723" "Mozilla/5.0 (Windows NT 10.0; Win64; x64) AppleWebKit/537.36 (KHTML, like Gecko) Chrome/60.0.3112.113 Safari/537.36"
90.146.3.54 - - [11/Sep/2017:16:06:24 +0200] "POST /entry.php?id=11676 HTTP/1.1" 200 4618 "http://ed.activities.at/entry.php?id=11676" "Mozilla/5.0 (Windows NT 10.0; Win64; x64) AppleWebKit/537.36 (KHTML, like Gecko) Chrome/60.0.3112.113 Safari/537.36"
90.146.3.54 - - [11/Sep/2017:16:06:25 +0200] "GET /cache/emu/images/easy-drivers-steyr10291203/k_225_150_0.jpg HTTP/1.1" 304 - "http://ed.activities.at/entry.php?id=11676" "Mozilla/5.0 (Windows NT 10.0; Win64; x64) AppleWebKit/537.36 (KHTML, like Gecko) Chrome/60.0.3112.113 Safari/537.36"
90.146.3.54 - - [11/Sep/2017:16:06:25 +0200] "GET /gui/javascript/form_form.js?1505138785 HTTP/1.1" 200 16206 "http://ed.activities.at/entry.php?id=11676" "Mozilla/5.0 (Windows NT 10.0; Win64; x64) AppleWebKit/537.36 (KHTML, like Gecko) Chrome/60.0.3112.113 Safari/537.36"
80.122.130.46 - - [11/Sep/2017:16:06:27 +0200] "GET /entry.php?id=10271&&ser=138726 HTTP/1.1" 200 987 "http://ed.activities.at/entry.php?id=10271&&ser=138666" "Mozilla/5.0 (Windows NT 6.1; rv:55.0) Gecko/20100101 Firefox/55.0"
80.122.130.46 - - [11/Sep/2017:16:06:27 +0200] "GET /gui/javascript/form_form.js?1505138787 HTTP/1.1" 200 16206 "http://ed.activities.at/entry.php?id=10271&&ser=138726" "Mozilla/5.0 (Windows NT 6.1; rv:55.0) Gecko/20100101 Firefox/55.0"
90.146.3.54 - - [11/Sep/2017:16:06:27 +0200] "POST /entry.php?id=11676 HTTP/1.1" 200 4898 "http://ed.activities.at/entry.php?id=11676" "Mozilla/5.0 (Windows NT 10.0; Win64; x64) AppleWebKit/537.36 (KHTML, like Gecko) Chrome/60.0.3112.113 Safari/537.36"
90.146.3.54 - - [11/Sep/2017:16:06:28 +0200] "GET /gui/javascript/form_form.js?1505138788 HTTP/1.1" 200 16206 "http://ed.activities.at/entry.php?id=11676" "Mozilla/5.0 (Windows NT 10.0; Win64; x64) AppleWebKit/537.36 (KHTML, like Gecko) Chrome/60.0.3112.113 Safari/537.36"
90.146.3.54 - - [11/Sep/2017:16:06:43 +0200] "POST /entry.php?id=11676 HTTP/1.1" 200 4910 "http://ed.activities.at/entry.php?id=11676" "Mozilla/5.0 (Windows NT 10.0; Win64; x64) AppleWebKit/537.36 (KHTML, like Gecko) Chrome/60.0.3112.113 Safari/537.36"
90.146.3.54 - - [11/Sep/2017:16:06:44 +0200] "GET /cache/emu/images/easy-drivers-steyr10291203/k_225_150_0.jpg HTTP/1.1" 304 - "http://ed.activities.at/entry.php?id=11676" "Mozilla/5.0 (Windows NT 10.0; Win64; x64) AppleWebKit/537.36 (KHTML, like Gecko) Chrome/60.0.3112.113 Safari/537.36"
90.146.3.54 - - [11/Sep/2017:16:06:44 +0200] "GET /gui/javascript/form_form.js?1505138804 HTTP/1.1" 200 16206 "http://ed.activities.at/entry.php?id=11676" "Mozilla/5.0 (Windows NT 10.0; Win64; x64) AppleWebKit/537.36 (KHTML, like Gecko) Chrome/60.0.3112.113 Safari/537.36"
90.146.3.54 - - [11/Sep/2017:16:06:45 +0200] "POST /entry.php?id=11676 HTTP/1.1" 200 4891 "http://ed.activities.at/entry.php?id=11676" "Mozilla/5.0 (Windows NT 10.0; Win64; x64) AppleWebKit/537.36 (KHTML, like Gecko) Chrome/60.0.3112.113 Safari/537.36"
90.146.3.54 - - [11/Sep/2017:16:06:46 +0200] "GET /gui/javascript/form_form.js?1505138806 HTTP/1.1" 200 16206 "http://ed.activities.at/entry.php?id=11676" "Mozilla/5.0 (Windows NT 10.0; Win64; x64) AppleWebKit/537.36 (KHTML, like Gecko) Chrome/60.0.3112.113 Safari/537.36"
90.146.3.54 - - [11/Sep/2017:16:07:24 +0200] "GET /entry.php?id=10271&&ser=138783 HTTP/1.1" 200 987 "http://ed.activities.at/entry.php?id=10271&&ser=138723" "Mozilla/5.0 (Windows NT 10.0; Win64; x64) AppleWebKit/537.36 (KHTML, like Gecko) Chrome/60.0.3112.113 Safari/537.36"
90.146.3.54 - - [11/Sep/2017:16:07:24 +0200] "GET /gui/javascript/form_form.js?1505138844 HTTP/1.1" 200 16206 "http://ed.activities.at/entry.php?id=10271&&ser=138783" "Mozilla/5.0 (Windows NT 10.0; Win64; x64) AppleWebKit/537.36 (KHTML, like Gecko) Chrome/60.0.3112.113 Safari/537.36"
80.122.130.46 - - [11/Sep/2017:16:07:27 +0200] "GET /entry.php?id=10271&&ser=138787 HTTP/1.1" 200 987 "http://ed.activities.at/entry.php?id=10271&&ser=138726" "Mozilla/5.0 (Windows NT 6.1; rv:55.0) Gecko/20100101 Firefox/55.0"
80.122.130.46 - - [11/Sep/2017:16:07:27 +0200] "GET /gui/javascript/form_form.js?1505138847 HTTP/1.1" 200 16206 "http://ed.activities.at/entry.php?id=10271&&ser=138787" "Mozilla/5.0 (Windows NT 6.1; rv:55.0) Gecko/20100101 Firefox/55.0"
90.146.3.54 - - [11/Sep/2017:16:08:25 +0200] "GET /entry.php?id=10271&&ser=138844 HTTP/1.1" 200 988 "http://ed.activities.at/entry.php?id=10271&&ser=138783" "Mozilla/5.0 (Windows NT 10.0; Win64; x64) AppleWebKit/537.36 (KHTML, like Gecko) Chrome/60.0.3112.113 Safari/537.36"
90.146.3.54 - - [11/Sep/2017:16:08:25 +0200] "GET /gui/javascript/form_form.js?1505138905 HTTP/1.1" 200 16206 "http://ed.activities.at/entry.php?id=10271&&ser=138844" "Mozilla/5.0 (Windows NT 10.0; Win64; x64) AppleWebKit/537.36 (KHTML, like Gecko) Chrome/60.0.3112.113 Safari/537.36"
80.122.130.46 - - [11/Sep/2017:16:08:28 +0200] "GET /entry.php?id=10271&&ser=138847 HTTP/1.1" 200 987 "http://ed.activities.at/entry.php?id=10271&&ser=138787" "Mozilla/5.0 (Windows NT 6.1; rv:55.0) Gecko/20100101 Firefox/55.0"
80.122.130.46 - - [11/Sep/2017:16:08:28 +0200] "GET /gui/javascript/form_form.js?1505138908 HTTP/1.1" 200 16206 "http://ed.activities.at/entry.php?id=10271&&ser=138847" "Mozilla/5.0 (Windows NT 6.1; rv:55.0) Gecko/20100101 Firefox/55.0"
90.146.3.54 - - [11/Sep/2017:16:09:26 +0200] "GET /entry.php?id=10271&&ser=138905 HTTP/1.1" 200 987 "http://ed.activities.at/entry.php?id=10271&&ser=138844" "Mozilla/5.0 (Windows NT 10.0; Win64; x64) AppleWebKit/537.36 (KHTML, like Gecko) Chrome/60.0.3112.113 Safari/537.36"
90.146.3.54 - - [11/Sep/2017:16:09:26 +0200] "GET /gui/javascript/form_form.js?1505138966 HTTP/1.1" 200 16206 "http://ed.activities.at/entry.php?id=10271&&ser=138905" "Mozilla/5.0 (Windows NT 10.0; Win64; x64) AppleWebKit/537.36 (KHTML, like Gecko) Chrome/60.0.3112.113 Safari/537.36"
80.122.130.46 - - [11/Sep/2017:16:09:28 +0200] "GET /entry.php?id=10271&&ser=138908 HTTP/1.1" 200 987 "http://ed.activities.at/entry.php?id=10271&&ser=138847" "Mozilla/5.0 (Windows NT 6.1; rv:55.0) Gecko/20100101 Firefox/55.0"
80.122.130.46 - - [11/Sep/2017:16:09:28 +0200] "GET /gui/javascript/form_form.js?1505138968 HTTP/1.1" 200 16206 "http://ed.activities.at/entry.php?id=10271&&ser=138908" "Mozilla/5.0 (Windows NT 6.1; rv:55.0) Gecko/20100101 Firefox/55.0"
90.146.3.54 - - [11/Sep/2017:16:10:27 +0200] "GET /entry.php?id=10271&&ser=138966 HTTP/1.1" 200 986 "http://ed.activities.at/entry.php?id=10271&&ser=138905" "Mozilla/5.0 (Windows NT 10.0; Win64; x64) AppleWebKit/537.36 (KHTML, like Gecko) Chrome/60.0.3112.113 Safari/537.36"
90.146.3.54 - - [11/Sep/2017:16:10:27 +0200] "GET /gui/javascript/form_form.js?1505139027 HTTP/1.1" 200 16206 "http://ed.activities.at/entry.php?id=10271&&ser=138966" "Mozilla/5.0 (Windows NT 10.0; Win64; x64) AppleWebKit/537.36 (KHTML, like Gecko) Chrome/60.0.3112.113 Safari/537.36"
80.122.130.46 - - [11/Sep/2017:16:10:29 +0200] "GET /entry.php?id=10271&&ser=138968 HTTP/1.1" 200 986 "http://ed.activities.at/entry.php?id=10271&&ser=138908" "Mozilla/5.0 (Windows NT 6.1; rv:55.0) Gecko/20100101 Firefox/55.0"
80.122.130.46 - - [11/Sep/2017:16:10:29 +0200] "GET /gui/javascript/form_form.js?1505139029 HTTP/1.1" 200 16206 "http://ed.activities.at/entry.php?id=10271&&ser=138968" "Mozilla/5.0 (Windows NT 6.1; rv:55.0) Gecko/20100101 Firefox/55.0"
90.146.3.54 - - [11/Sep/2017:16:11:28 +0200] "GET /entry.php?id=10271&&ser=139027 HTTP/1.1" 200 986 "http://ed.activities.at/entry.php?id=10271&&ser=138966" "Mozilla/5.0 (Windows NT 10.0; Win64; x64) AppleWebKit/537.36 (KHTML, like Gecko) Chrome/60.0.3112.113 Safari/537.36"
90.146.3.54 - - [11/Sep/2017:16:11:28 +0200] "GET /gui/javascript/form_form.js?1505139088 HTTP/1.1" 200 16206 "http://ed.activities.at/entry.php?id=10271&&ser=139027" "Mozilla/5.0 (Windows NT 10.0; Win64; x64) AppleWebKit/537.36 (KHTML, like Gecko) Chrome/60.0.3112.113 Safari/537.36"
