78.3.136.95 - - [11/Sep/2017:11:29:51 +0200] "GET /gui/javascript/jquery/css/gui-themes/ui.spinner.css HTTP/1.1" 200 350 "http://ed.activities.at/entry.php?id=11672" "Mozilla/5.0 (Windows NT 6.3; WOW64; rv:50.0) Gecko/20100101 Firefox/50.0"
78.3.136.95 - - [11/Sep/2017:11:29:51 +0200] "GET /gui/styles/tmplDefault.css HTTP/1.1" 200 2135 "http://ed.activities.at/entry.php?id=11672" "Mozilla/5.0 (Windows NT 6.3; WOW64; rv:50.0) Gecko/20100101 Firefox/50.0"
78.3.136.95 - - [11/Sep/2017:11:29:51 +0200] "GET /gui/javascript/jquery/css/gui-themes/jquery.tooltip.css HTTP/1.1" 200 246 "http://ed.activities.at/entry.php?id=11672" "Mozilla/5.0 (Windows NT 6.3; WOW64; rv:50.0) Gecko/20100101 Firefox/50.0"
78.3.136.95 - - [11/Sep/2017:11:29:51 +0200] "GET /gui/javascript/jquery/css/gui-themes/custom.min.css HTTP/1.1" 200 5618 "http://ed.activities.at/entry.php?id=11672" "Mozilla/5.0 (Windows NT 6.3; WOW64; rv:50.0) Gecko/20100101 Firefox/50.0"
78.3.136.95 - - [11/Sep/2017:11:29:51 +0200] "GET /gui/javascript/form_form.js?1505122191 HTTP/1.1" 200 16206 "http://ed.activities.at/entry.php?id=11672" "Mozilla/5.0 (Windows NT 6.3; WOW64; rv:50.0) Gecko/20100101 Firefox/50.0"
78.3.136.95 - - [11/Sep/2017:11:29:51 +0200] "GET /gui/javascript/jquery/js/jquery-1.8.2.js HTTP/1.1" 200 35391 "http://ed.activities.at/entry.php?id=11672" "Mozilla/5.0 (Windows NT 6.3; WOW64; rv:50.0) Gecko/20100101 Firefox/50.0"
78.3.136.95 - - [11/Sep/2017:11:29:51 +0200] "GET /gui/javascript/jquery/jquery-tooltip/jquery.tooltip.min.js HTTP/1.1" 200 1982 "http://ed.activities.at/entry.php?id=11672" "Mozilla/5.0 (Windows NT 6.3; WOW64; rv:50.0) Gecko/20100101 Firefox/50.0"
78.3.136.95 - - [11/Sep/2017:11:29:51 +0200] "GET /gui/javascript/form_ed_training_course.js HTTP/1.1" 200 1951 "http://ed.activities.at/entry.php?id=11672" "Mozilla/5.0 (Windows NT 6.3; WOW64; rv:50.0) Gecko/20100101 Firefox/50.0"
78.3.136.95 - - [11/Sep/2017:11:29:51 +0200] "GET /gui/javascript/jquery/js/jquery.friendurl.js HTTP/1.1" 200 2321 "http://ed.activities.at/entry.php?id=11672" "Mozilla/5.0 (Windows NT 6.3; WOW64; rv:50.0) Gecko/20100101 Firefox/50.0"
78.3.136.95 - - [11/Sep/2017:11:29:51 +0200] "GET /framework/webfx/javascript/scrolltable/scrolltableIframe.js HTTP/1.1" 200 9641 "http://ed.activities.at/entry.php?id=11672" "Mozilla/5.0 (Windows NT 6.3; WOW64; rv:50.0) Gecko/20100101 Firefox/50.0"
78.3.136.95 - - [11/Sep/2017:11:29:51 +0200] "GET /gui/javascript/jquery/js/jquery-ui-1.9.0.custom.min.js HTTP/1.1" 200 51286 "http://ed.activities.at/entry.php?id=11672" "Mozilla/5.0 (Windows NT 6.3; WOW64; rv:50.0) Gecko/20100101 Firefox/50.0"
78.3.136.95 - - [11/Sep/2017:11:29:52 +0200] "GET /entry.php?id=10776&form=11497&name=list& HTTP/1.1" 200 1940 "http://ed.activities.at/entry.php?id=11672" "Mozilla/5.0 (Windows NT 6.3; WOW64; rv:50.0) Gecko/20100101 Firefox/50.0"
78.3.136.95 - - [11/Sep/2017:11:29:52 +0200] "GET /entry.php?id=10778&form=11497&name=list& HTTP/1.1" 200 2893 "http://ed.activities.at/entry.php?id=11672" "Mozilla/5.0 (Windows NT 6.3; WOW64; rv:50.0) Gecko/20100101 Firefox/50.0"
78.3.136.95 - - [11/Sep/2017:11:29:52 +0200] "GET /gui/styles/tmplDefault.css HTTP/1.1" 200 2135 "http://ed.activities.at/entry.php?id=10776&form=11497&name=list&" "Mozilla/5.0 (Windows NT 6.3; WOW64; rv:50.0) Gecko/20100101 Firefox/50.0"
78.3.136.95 - - [11/Sep/2017:11:29:52 +0200] "GET /gui/javascript/jquery/css/gui-themes/custom.min.css HTTP/1.1" 200 5618 "http://ed.activities.at/entry.php?id=10776&form=11497&name=list&" "Mozilla/5.0 (Windows NT 6.3; WOW64; rv:50.0) Gecko/20100101 Firefox/50.0"
78.3.136.95 - - [11/Sep/2017:11:29:52 +0200] "GET /gui/javascript/jquery/css/gui-themes/custom.min.css HTTP/1.1" 200 5618 "http://ed.activities.at/entry.php?id=10778&form=11497&name=list&" "Mozilla/5.0 (Windows NT 6.3; WOW64; rv:50.0) Gecko/20100101 Firefox/50.0"
78.3.136.95 - - [11/Sep/2017:11:29:52 +0200] "GET /gui/javascript/form_form.js HTTP/1.1" 200 16206 "http://ed.activities.at/entry.php?id=10776&form=11497&name=list&" "Mozilla/5.0 (Windows NT 6.3; WOW64; rv:50.0) Gecko/20100101 Firefox/50.0"
78.3.136.95 - - [11/Sep/2017:11:29:52 +0200] "GET /gui/javascript/jquery/js/jquery-ui-1.9.0.custom.min.js HTTP/1.1" 200 51286 "http://ed.activities.at/entry.php?id=10776&form=11497&name=list&" "Mozilla/5.0 (Windows NT 6.3; WOW64; rv:50.0) Gecko/20100101 Firefox/50.0"
78.3.136.95 - - [11/Sep/2017:11:29:52 +0200] "GET /gui/javascript/jquery/js/jquery-1.8.2.js HTTP/1.1" 200 35391 "http://ed.activities.at/entry.php?id=10776&form=11497&name=list&" "Mozilla/5.0 (Windows NT 6.3; WOW64; rv:50.0) Gecko/20100101 Firefox/50.0"
78.3.136.95 - - [11/Sep/2017:11:29:52 +0200] "GET /gui/styles/tmplDefault.css HTTP/1.1" 200 2135 "http://ed.activities.at/entry.php?id=10778&form=11497&name=list&" "Mozilla/5.0 (Windows NT 6.3; WOW64; rv:50.0) Gecko/20100101 Firefox/50.0"
78.3.136.95 - - [11/Sep/2017:11:29:52 +0200] "GET /gui/javascript/form_form.js HTTP/1.1" 200 16206 "http://ed.activities.at/entry.php?id=10778&form=11497&name=list&" "Mozilla/5.0 (Windows NT 6.3; WOW64; rv:50.0) Gecko/20100101 Firefox/50.0"
78.3.136.95 - - [11/Sep/2017:11:29:52 +0200] "GET /gui/javascript/jquery/js/jquery-ui-1.9.0.custom.min.js HTTP/1.1" 200 51286 "http://ed.activities.at/entry.php?id=10778&form=11497&name=list&" "Mozilla/5.0 (Windows NT 6.3; WOW64; rv:50.0) Gecko/20100101 Firefox/50.0"
78.3.136.95 - - [11/Sep/2017:11:29:52 +0200] "GET /gui/javascript/jquery/js/jquery-1.8.2.js HTTP/1.1" 200 35391 "http://ed.activities.at/entry.php?id=10778&form=11497&name=list&" "Mozilla/5.0 (Windows NT 6.3; WOW64; rv:50.0) Gecko/20100101 Firefox/50.0"
212.108.43.59 - - [11/Sep/2017:11:29:52 +0200] "POST /entry.php?id=11677 HTTP/1.1" 200 3220 "http://ed.activities.at/entry.php?id=11677" "Mozilla/5.0 (Macintosh; Intel Mac OS X 10_12_6) AppleWebKit/537.36 (KHTML, like Gecko) Chrome/60.0.3112.101 Safari/537.36"
212.108.43.59 - - [11/Sep/2017:11:29:53 +0200] "GET /gui/javascript/form_form.js?1505122192 HTTP/1.1" 200 16206 "http://ed.activities.at/entry.php?id=11677" "Mozilla/5.0 (Macintosh; Intel Mac OS X 10_12_6) AppleWebKit/537.36 (KHTML, like Gecko) Chrome/60.0.3112.101 Safari/537.36"
212.108.43.59 - - [11/Sep/2017:11:29:53 +0200] "GET /entry.php?id=10778&form=11502&name=list& HTTP/1.1" 200 3885 "http://ed.activities.at/entry.php?id=11677" "Mozilla/5.0 (Macintosh; Intel Mac OS X 10_12_6) AppleWebKit/537.36 (KHTML, like Gecko) Chrome/60.0.3112.101 Safari/537.36"
212.108.43.59 - - [11/Sep/2017:11:29:53 +0200] "GET /entry.php?id=10776&form=11502&name=list& HTTP/1.1" 200 1475 "http://ed.activities.at/entry.php?id=11677" "Mozilla/5.0 (Macintosh; Intel Mac OS X 10_12_6) AppleWebKit/537.36 (KHTML, like Gecko) Chrome/60.0.3112.101 Safari/537.36"
78.3.136.95 - - [11/Sep/2017:11:29:55 +0200] "POST /entry.php?id=11672 HTTP/1.1" 200 2701 "http://ed.activities.at/entry.php?id=11672" "Mozilla/5.0 (Windows NT 6.3; WOW64; rv:50.0) Gecko/20100101 Firefox/50.0"
212.108.43.59 - - [11/Sep/2017:11:29:55 +0200] "GET /entry.php?id=11685&object=10278267&site=10201431&item=10278266 HTTP/1.1" 200 3647 "http://ed.activities.at/entry.php?id=11412" "Mozilla/5.0 (Macintosh; Intel Mac OS X 10_12_6) AppleWebKit/537.36 (KHTML, like Gecko) Chrome/60.0.3112.101 Safari/537.36"
212.108.43.59 - - [11/Sep/2017:11:29:55 +0200] "GET /cache/emu/images/easy-drivers-triesterstra10244068/jetztanmeldenjpg_160_90_0.jpg HTTP/1.1" 200 4162 "http://ed.activities.at/entry.php?id=11685&object=10278267&site=10201431&item=10278266" "Mozilla/5.0 (Macintosh; Intel Mac OS X 10_12_6) AppleWebKit/537.36 (KHTML, like Gecko) Chrome/60.0.3112.101 Safari/537.36"
212.108.43.59 - - [11/Sep/2017:11:29:55 +0200] "GET /gui/javascript/form_form.js?1505122195 HTTP/1.1" 200 16206 "http://ed.activities.at/entry.php?id=11685&object=10278267&site=10201431&item=10278266" "Mozilla/5.0 (Macintosh; Intel Mac OS X 10_12_6) AppleWebKit/537.36 (KHTML, like Gecko) Chrome/60.0.3112.101 Safari/537.36"
78.3.136.95 - - [11/Sep/2017:11:29:55 +0200] "GET /gui/javascript/jquery/css/gui-themes/custom.min.css HTTP/1.1" 200 5618 "http://ed.activities.at/entry.php?id=11672" "Mozilla/5.0 (Windows NT 6.3; WOW64; rv:50.0) Gecko/20100101 Firefox/50.0"
78.3.136.95 - - [11/Sep/2017:11:29:55 +0200] "GET /gui/javascript/jquery/css/gui-themes/jquery.tooltip.css HTTP/1.1" 200 246 "http://ed.activities.at/entry.php?id=11672" "Mozilla/5.0 (Windows NT 6.3; WOW64; rv:50.0) Gecko/20100101 Firefox/50.0"
78.3.136.95 - - [11/Sep/2017:11:29:55 +0200] "GET /gui/javascript/jquery/css/gui-themes/ui.spinner.css HTTP/1.1" 200 350 "http://ed.activities.at/entry.php?id=11672" "Mozilla/5.0 (Windows NT 6.3; WOW64; rv:50.0) Gecko/20100101 Firefox/50.0"
78.3.136.95 - - [11/Sep/2017:11:29:55 +0200] "GET /gui/styles/tmplDefault.css HTTP/1.1" 200 2135 "http://ed.activities.at/entry.php?id=11672" "Mozilla/5.0 (Windows NT 6.3; WOW64; rv:50.0) Gecko/20100101 Firefox/50.0"
78.3.136.95 - - [11/Sep/2017:11:29:55 +0200] "GET /gui/javascript/form_form.js?1505122195 HTTP/1.1" 200 16206 "http://ed.activities.at/entry.php?id=11672" "Mozilla/5.0 (Windows NT 6.3; WOW64; rv:50.0) Gecko/20100101 Firefox/50.0"
78.3.136.95 - - [11/Sep/2017:11:29:55 +0200] "GET /gui/javascript/jquery/js/jquery-1.8.2.js HTTP/1.1" 200 35391 "http://ed.activities.at/entry.php?id=11672" "Mozilla/5.0 (Windows NT 6.3; WOW64; rv:50.0) Gecko/20100101 Firefox/50.0"
78.3.136.95 - - [11/Sep/2017:11:29:56 +0200] "GET /gui/javascript/jquery/jquery-tooltip/jquery.tooltip.min.js HTTP/1.1" 200 1982 "http://ed.activities.at/entry.php?id=11672" "Mozilla/5.0 (Windows NT 6.3; WOW64; rv:50.0) Gecko/20100101 Firefox/50.0"
78.3.136.95 - - [11/Sep/2017:11:29:56 +0200] "GET /gui/javascript/jquery/js/jquery.friendurl.js HTTP/1.1" 200 2321 "http://ed.activities.at/entry.php?id=11672" "Mozilla/5.0 (Windows NT 6.3; WOW64; rv:50.0) Gecko/20100101 Firefox/50.0"
78.3.136.95 - - [11/Sep/2017:11:29:56 +0200] "GET /gui/javascript/form_ed_training_course.js HTTP/1.1" 200 1951 "http://ed.activities.at/entry.php?id=11672" "Mozilla/5.0 (Windows NT 6.3; WOW64; rv:50.0) Gecko/20100101 Firefox/50.0"
78.3.136.95 - - [11/Sep/2017:11:29:56 +0200] "GET /gui/javascript/jquery/js/jquery-ui-1.9.0.custom.min.js HTTP/1.1" 200 51286 "http://ed.activities.at/entry.php?id=11672" "Mozilla/5.0 (Windows NT 6.3; WOW64; rv:50.0) Gecko/20100101 Firefox/50.0"
78.3.136.95 - - [11/Sep/2017:11:29:56 +0200] "GET /framework/webfx/javascript/scrolltable/scrolltableIframe.js HTTP/1.1" 200 9641 "http://ed.activities.at/entry.php?id=11672" "Mozilla/5.0 (Windows NT 6.3; WOW64; rv:50.0) Gecko/20100101 Firefox/50.0"
78.3.136.95 - - [11/Sep/2017:11:29:56 +0200] "GET /entry.php?id=10778&form=11497&name=list& HTTP/1.1" 200 7666 "http://ed.activities.at/entry.php?id=11672" "Mozilla/5.0 (Windows NT 6.3; WOW64; rv:50.0) Gecko/20100101 Firefox/50.0"
78.3.136.95 - - [11/Sep/2017:11:29:56 +0200] "GET /entry.php?id=10776&form=11497&name=list& HTTP/1.1" 200 1943 "http://ed.activities.at/entry.php?id=11672" "Mozilla/5.0 (Windows NT 6.3; WOW64; rv:50.0) Gecko/20100101 Firefox/50.0"
78.3.136.95 - - [11/Sep/2017:11:29:56 +0200] "GET /gui/styles/tmplDefault.css HTTP/1.1" 200 2135 "http://ed.activities.at/entry.php?id=10778&form=11497&name=list&" "Mozilla/5.0 (Windows NT 6.3; WOW64; rv:50.0) Gecko/20100101 Firefox/50.0"
78.3.136.95 - - [11/Sep/2017:11:29:56 +0200] "GET /gui/javascript/jquery/css/gui-themes/custom.min.css HTTP/1.1" 200 5618 "http://ed.activities.at/entry.php?id=10778&form=11497&name=list&" "Mozilla/5.0 (Windows NT 6.3; WOW64; rv:50.0) Gecko/20100101 Firefox/50.0"
78.3.136.95 - - [11/Sep/2017:11:29:56 +0200] "GET /gui/javascript/form_form.js HTTP/1.1" 200 16206 "http://ed.activities.at/entry.php?id=10778&form=11497&name=list&" "Mozilla/5.0 (Windows NT 6.3; WOW64; rv:50.0) Gecko/20100101 Firefox/50.0"
78.3.136.95 - - [11/Sep/2017:11:29:56 +0200] "GET /gui/javascript/jquery/js/jquery-ui-1.9.0.custom.min.js HTTP/1.1" 200 51286 "http://ed.activities.at/entry.php?id=10778&form=11497&name=list&" "Mozilla/5.0 (Windows NT 6.3; WOW64; rv:50.0) Gecko/20100101 Firefox/50.0"
78.3.136.95 - - [11/Sep/2017:11:29:56 +0200] "GET /gui/javascript/jquery/js/jquery-1.8.2.js HTTP/1.1" 200 35391 "http://ed.activities.at/entry.php?id=10778&form=11497&name=list&" "Mozilla/5.0 (Windows NT 6.3; WOW64; rv:50.0) Gecko/20100101 Firefox/50.0"
78.3.136.95 - - [11/Sep/2017:11:29:57 +0200] "GET /gui/styles/tmplDefault.css HTTP/1.1" 200 2135 "http://ed.activities.at/entry.php?id=10776&form=11497&name=list&" "Mozilla/5.0 (Windows NT 6.3; WOW64; rv:50.0) Gecko/20100101 Firefox/50.0"
78.3.136.95 - - [11/Sep/2017:11:29:57 +0200] "GET /gui/javascript/jquery/css/gui-themes/custom.min.css HTTP/1.1" 200 5618 "http://ed.activities.at/entry.php?id=10776&form=11497&name=list&" "Mozilla/5.0 (Windows NT 6.3; WOW64; rv:50.0) Gecko/20100101 Firefox/50.0"
78.3.136.95 - - [11/Sep/2017:11:29:57 +0200] "GET /gui/javascript/form_form.js HTTP/1.1" 200 16206 "http://ed.activities.at/entry.php?id=10776&form=11497&name=list&" "Mozilla/5.0 (Windows NT 6.3; WOW64; rv:50.0) Gecko/20100101 Firefox/50.0"
78.3.136.95 - - [11/Sep/2017:11:29:57 +0200] "GET /gui/javascript/jquery/js/jquery-ui-1.9.0.custom.min.js HTTP/1.1" 200 51286 "http://ed.activities.at/entry.php?id=10776&form=11497&name=list&" "Mozilla/5.0 (Windows NT 6.3; WOW64; rv:50.0) Gecko/20100101 Firefox/50.0"
78.3.136.95 - - [11/Sep/2017:11:29:57 +0200] "GET /gui/javascript/jquery/js/jquery-1.8.2.js HTTP/1.1" 200 35391 "http://ed.activities.at/entry.php?id=10776&form=11497&name=list&" "Mozilla/5.0 (Windows NT 6.3; WOW64; rv:50.0) Gecko/20100101 Firefox/50.0"
78.3.136.95 - - [11/Sep/2017:11:30:00 +0200] "GET /gui/images/progressbar.gif HTTP/1.1" 200 2157 "http://ed.activities.at/entry.php?id=10272" "Mozilla/5.0 (Windows NT 6.3; WOW64; rv:50.0) Gecko/20100101 Firefox/50.0"
78.3.136.95 - - [11/Sep/2017:11:30:00 +0200] "POST /entry.php?id=11672 HTTP/1.1" 200 2701 "http://ed.activities.at/entry.php?id=11672" "Mozilla/5.0 (Windows NT 6.3; WOW64; rv:50.0) Gecko/20100101 Firefox/50.0"
78.3.136.95 - - [11/Sep/2017:11:30:01 +0200] "GET /gui/javascript/jquery/css/gui-themes/jquery.tooltip.css HTTP/1.1" 200 246 "http://ed.activities.at/entry.php?id=11672" "Mozilla/5.0 (Windows NT 6.3; WOW64; rv:50.0) Gecko/20100101 Firefox/50.0"
78.3.136.95 - - [11/Sep/2017:11:30:01 +0200] "GET /gui/javascript/jquery/css/gui-themes/ui.spinner.css HTTP/1.1" 200 350 "http://ed.activities.at/entry.php?id=11672" "Mozilla/5.0 (Windows NT 6.3; WOW64; rv:50.0) Gecko/20100101 Firefox/50.0"
78.3.136.95 - - [11/Sep/2017:11:30:01 +0200] "GET /gui/javascript/jquery/css/gui-themes/custom.min.css HTTP/1.1" 200 5618 "http://ed.activities.at/entry.php?id=11672" "Mozilla/5.0 (Windows NT 6.3; WOW64; rv:50.0) Gecko/20100101 Firefox/50.0"
78.3.136.95 - - [11/Sep/2017:11:30:01 +0200] "GET /gui/styles/tmplDefault.css HTTP/1.1" 200 2135 "http://ed.activities.at/entry.php?id=11672" "Mozilla/5.0 (Windows NT 6.3; WOW64; rv:50.0) Gecko/20100101 Firefox/50.0"
78.3.136.95 - - [11/Sep/2017:11:30:01 +0200] "GET /gui/javascript/form_form.js?1505122200 HTTP/1.1" 200 16206 "http://ed.activities.at/entry.php?id=11672" "Mozilla/5.0 (Windows NT 6.3; WOW64; rv:50.0) Gecko/20100101 Firefox/50.0"
78.3.136.95 - - [11/Sep/2017:11:30:01 +0200] "GET /gui/javascript/jquery/js/jquery-1.8.2.js HTTP/1.1" 200 35391 "http://ed.activities.at/entry.php?id=11672" "Mozilla/5.0 (Windows NT 6.3; WOW64; rv:50.0) Gecko/20100101 Firefox/50.0"
78.3.136.95 - - [11/Sep/2017:11:30:01 +0200] "GET /gui/javascript/jquery/jquery-tooltip/jquery.tooltip.min.js HTTP/1.1" 200 1982 "http://ed.activities.at/entry.php?id=11672" "Mozilla/5.0 (Windows NT 6.3; WOW64; rv:50.0) Gecko/20100101 Firefox/50.0"
78.3.136.95 - - [11/Sep/2017:11:30:01 +0200] "GET /gui/javascript/jquery/js/jquery.friendurl.js HTTP/1.1" 200 2321 "http://ed.activities.at/entry.php?id=11672" "Mozilla/5.0 (Windows NT 6.3; WOW64; rv:50.0) Gecko/20100101 Firefox/50.0"
78.3.136.95 - - [11/Sep/2017:11:30:01 +0200] "GET /gui/javascript/jquery/js/jquery-ui-1.9.0.custom.min.js HTTP/1.1" 200 51286 "http://ed.activities.at/entry.php?id=11672" "Mozilla/5.0 (Windows NT 6.3; WOW64; rv:50.0) Gecko/20100101 Firefox/50.0"
78.3.136.95 - - [11/Sep/2017:11:30:01 +0200] "GET /gui/javascript/form_ed_training_course.js HTTP/1.1" 200 1951 "http://ed.activities.at/entry.php?id=11672" "Mozilla/5.0 (Windows NT 6.3; WOW64; rv:50.0) Gecko/20100101 Firefox/50.0"
78.3.136.95 - - [11/Sep/2017:11:30:01 +0200] "GET /framework/webfx/javascript/scrolltable/scrolltableIframe.js HTTP/1.1" 200 9641 "http://ed.activities.at/entry.php?id=11672" "Mozilla/5.0 (Windows NT 6.3; WOW64; rv:50.0) Gecko/20100101 Firefox/50.0"
212.108.43.59 - - [11/Sep/2017:11:30:01 +0200] "POST /entry.php?id=11685 HTTP/1.1" 200 3776 "http://ed.activities.at/entry.php?id=11685&object=10278267&site=10201431&item=10278266" "Mozilla/5.0 (Macintosh; Intel Mac OS X 10_12_6) AppleWebKit/537.36 (KHTML, like Gecko) Chrome/60.0.3112.101 Safari/537.36"
78.3.136.95 - - [11/Sep/2017:11:30:01 +0200] "GET /entry.php?id=10776&form=11497&name=list& HTTP/1.1" 200 1945 "http://ed.activities.at/entry.php?id=11672" "Mozilla/5.0 (Windows NT 6.3; WOW64; rv:50.0) Gecko/20100101 Firefox/50.0"
78.3.136.95 - - [11/Sep/2017:11:30:01 +0200] "GET /entry.php?id=10778&form=11497&name=list& HTTP/1.1" 200 7558 "http://ed.activities.at/entry.php?id=11672" "Mozilla/5.0 (Windows NT 6.3; WOW64; rv:50.0) Gecko/20100101 Firefox/50.0"
212.108.43.59 - - [11/Sep/2017:11:30:01 +0200] "GET /gui/javascript/form_form.js?1505122201 HTTP/1.1" 200 16206 "http://ed.activities.at/entry.php?id=11685" "Mozilla/5.0 (Macintosh; Intel Mac OS X 10_12_6) AppleWebKit/537.36 (KHTML, like Gecko) Chrome/60.0.3112.101 Safari/537.36"
78.3.136.95 - - [11/Sep/2017:11:30:02 +0200] "GET /gui/styles/tmplDefault.css HTTP/1.1" 200 2135 "http://ed.activities.at/entry.php?id=10776&form=11497&name=list&" "Mozilla/5.0 (Windows NT 6.3; WOW64; rv:50.0) Gecko/20100101 Firefox/50.0"
78.3.136.95 - - [11/Sep/2017:11:30:02 +0200] "GET /gui/javascript/jquery/css/gui-themes/custom.min.css HTTP/1.1" 200 5618 "http://ed.activities.at/entry.php?id=10776&form=11497&name=list&" "Mozilla/5.0 (Windows NT 6.3; WOW64; rv:50.0) Gecko/20100101 Firefox/50.0"
78.3.136.95 - - [11/Sep/2017:11:30:02 +0200] "GET /gui/javascript/form_form.js HTTP/1.1" 200 16206 "http://ed.activities.at/entry.php?id=10776&form=11497&name=list&" "Mozilla/5.0 (Windows NT 6.3; WOW64; rv:50.0) Gecko/20100101 Firefox/50.0"
78.3.136.95 - - [11/Sep/2017:11:30:02 +0200] "GET /gui/javascript/jquery/js/jquery-1.8.2.js HTTP/1.1" 200 35391 "http://ed.activities.at/entry.php?id=10776&form=11497&name=list&" "Mozilla/5.0 (Windows NT 6.3; WOW64; rv:50.0) Gecko/20100101 Firefox/50.0"
78.3.136.95 - - [11/Sep/2017:11:30:02 +0200] "GET /gui/javascript/jquery/css/gui-themes/custom.min.css HTTP/1.1" 200 5618 "http://ed.activities.at/entry.php?id=10778&form=11497&name=list&" "Mozilla/5.0 (Windows NT 6.3; WOW64; rv:50.0) Gecko/20100101 Firefox/50.0"
78.3.136.95 - - [11/Sep/2017:11:30:02 +0200] "GET /gui/javascript/jquery/js/jquery-ui-1.9.0.custom.min.js HTTP/1.1" 200 51286 "http://ed.activities.at/entry.php?id=10776&form=11497&name=list&" "Mozilla/5.0 (Windows NT 6.3; WOW64; rv:50.0) Gecko/20100101 Firefox/50.0"
78.3.136.95 - - [11/Sep/2017:11:30:02 +0200] "GET /gui/styles/tmplDefault.css HTTP/1.1" 200 2135 "http://ed.activities.at/entry.php?id=10778&form=11497&name=list&" "Mozilla/5.0 (Windows NT 6.3; WOW64; rv:50.0) Gecko/20100101 Firefox/50.0"
78.3.136.95 - - [11/Sep/2017:11:30:02 +0200] "GET /gui/javascript/form_form.js HTTP/1.1" 200 16206 "http://ed.activities.at/entry.php?id=10778&form=11497&name=list&" "Mozilla/5.0 (Windows NT 6.3; WOW64; rv:50.0) Gecko/20100101 Firefox/50.0"
78.3.136.95 - - [11/Sep/2017:11:30:02 +0200] "GET /gui/javascript/jquery/js/jquery-1.8.2.js HTTP/1.1" 200 35391 "http://ed.activities.at/entry.php?id=10778&form=11497&name=list&" "Mozilla/5.0 (Windows NT 6.3; WOW64; rv:50.0) Gecko/20100101 Firefox/50.0"
78.3.136.95 - - [11/Sep/2017:11:30:02 +0200] "GET /gui/javascript/jquery/js/jquery-ui-1.9.0.custom.min.js HTTP/1.1" 200 51286 "http://ed.activities.at/entry.php?id=10778&form=11497&name=list&" "Mozilla/5.0 (Windows NT 6.3; WOW64; rv:50.0) Gecko/20100101 Firefox/50.0"
78.3.136.95 - - [11/Sep/2017:11:30:04 +0200] "POST /entry.php?id=11672 HTTP/1.1" 200 2701 "http://ed.activities.at/entry.php?id=11672" "Mozilla/5.0 (Windows NT 6.3; WOW64; rv:50.0) Gecko/20100101 Firefox/50.0"
212.108.43.59 - - [11/Sep/2017:11:30:04 +0200] "GET /entry.php?id=11685&object=10278268&site=10201431&item=10278266 HTTP/1.1" 200 3596 "http://ed.activities.at/entry.php?id=11412" "Mozilla/5.0 (Macintosh; Intel Mac OS X 10_12_6) AppleWebKit/537.36 (KHTML, like Gecko) Chrome/60.0.3112.101 Safari/537.36"
212.108.43.59 - - [11/Sep/2017:11:30:05 +0200] "GET /cache/emu/images/easy-drivers-triesterstra10279121/anfahrtsplan-easy-drivers-v_137_90_0.png HTTP/1.1" 200 14115 "http://ed.activities.at/entry.php?id=11685&object=10278268&site=10201431&item=10278266" "Mozilla/5.0 (Macintosh; Intel Mac OS X 10_12_6) AppleWebKit/537.36 (KHTML, like Gecko) Chrome/60.0.3112.101 Safari/537.36"
212.108.43.59 - - [11/Sep/2017:11:30:05 +0200] "GET /gui/javascript/form_form.js?1505122205 HTTP/1.1" 200 16206 "http://ed.activities.at/entry.php?id=11685&object=10278268&site=10201431&item=10278266" "Mozilla/5.0 (Macintosh; Intel Mac OS X 10_12_6) AppleWebKit/537.36 (KHTML, like Gecko) Chrome/60.0.3112.101 Safari/537.36"
78.3.136.95 - - [11/Sep/2017:11:30:05 +0200] "GET /gui/javascript/jquery/css/gui-themes/jquery.tooltip.css HTTP/1.1" 200 246 "http://ed.activities.at/entry.php?id=11672" "Mozilla/5.0 (Windows NT 6.3; WOW64; rv:50.0) Gecko/20100101 Firefox/50.0"
78.3.136.95 - - [11/Sep/2017:11:30:05 +0200] "GET /gui/javascript/jquery/css/gui-themes/ui.spinner.css HTTP/1.1" 200 350 "http://ed.activities.at/entry.php?id=11672" "Mozilla/5.0 (Windows NT 6.3; WOW64; rv:50.0) Gecko/20100101 Firefox/50.0"
78.3.136.95 - - [11/Sep/2017:11:30:05 +0200] "GET /gui/javascript/jquery/css/gui-themes/custom.min.css HTTP/1.1" 200 5618 "http://ed.activities.at/entry.php?id=11672" "Mozilla/5.0 (Windows NT 6.3; WOW64; rv:50.0) Gecko/20100101 Firefox/50.0"
78.3.136.95 - - [11/Sep/2017:11:30:05 +0200] "GET /gui/styles/tmplDefault.css HTTP/1.1" 200 2135 "http://ed.activities.at/entry.php?id=11672" "Mozilla/5.0 (Windows NT 6.3; WOW64; rv:50.0) Gecko/20100101 Firefox/50.0"
78.3.136.95 - - [11/Sep/2017:11:30:05 +0200] "GET /gui/javascript/form_form.js?1505122205 HTTP/1.1" 200 16206 "http://ed.activities.at/entry.php?id=11672" "Mozilla/5.0 (Windows NT 6.3; WOW64; rv:50.0) Gecko/20100101 Firefox/50.0"
78.3.136.95 - - [11/Sep/2017:11:30:05 +0200] "GET /gui/javascript/jquery/js/jquery-1.8.2.js HTTP/1.1" 200 35391 "http://ed.activities.at/entry.php?id=11672" "Mozilla/5.0 (Windows NT 6.3; WOW64; rv:50.0) Gecko/20100101 Firefox/50.0"
78.3.136.95 - - [11/Sep/2017:11:30:05 +0200] "GET /gui/javascript/jquery/jquery-tooltip/jquery.tooltip.min.js HTTP/1.1" 200 1982 "http://ed.activities.at/entry.php?id=11672" "Mozilla/5.0 (Windows NT 6.3; WOW64; rv:50.0) Gecko/20100101 Firefox/50.0"
78.3.136.95 - - [11/Sep/2017:11:30:05 +0200] "GET /gui/javascript/jquery/js/jquery.friendurl.js HTTP/1.1" 200 2321 "http://ed.activities.at/entry.php?id=11672" "Mozilla/5.0 (Windows NT 6.3; WOW64; rv:50.0) Gecko/20100101 Firefox/50.0"
78.3.136.95 - - [11/Sep/2017:11:30:05 +0200] "GET /gui/javascript/form_ed_training_course.js HTTP/1.1" 200 1951 "http://ed.activities.at/entry.php?id=11672" "Mozilla/5.0 (Windows NT 6.3; WOW64; rv:50.0) Gecko/20100101 Firefox/50.0"
80.122.130.46 - - [11/Sep/2017:11:30:05 +0200] "GET /entry.php?id=10271&&ser=122144 HTTP/1.1" 200 987 "http://ed.activities.at/entry.php?id=10271&&ser=122084" "Mozilla/5.0 (Windows NT 6.1; rv:55.0) Gecko/20100101 Firefox/55.0"
78.3.136.95 - - [11/Sep/2017:11:30:05 +0200] "GET /gui/javascript/jquery/js/jquery-ui-1.9.0.custom.min.js HTTP/1.1" 200 51286 "http://ed.activities.at/entry.php?id=11672" "Mozilla/5.0 (Windows NT 6.3; WOW64; rv:50.0) Gecko/20100101 Firefox/50.0"
78.3.136.95 - - [11/Sep/2017:11:30:05 +0200] "GET /framework/webfx/javascript/scrolltable/scrolltableIframe.js HTTP/1.1" 200 9641 "http://ed.activities.at/entry.php?id=11672" "Mozilla/5.0 (Windows NT 6.3; WOW64; rv:50.0) Gecko/20100101 Firefox/50.0"
80.122.130.46 - - [11/Sep/2017:11:30:05 +0200] "GET /gui/javascript/form_form.js?1505122205 HTTP/1.1" 200 16206 "http://ed.activities.at/entry.php?id=10271&&ser=122144" "Mozilla/5.0 (Windows NT 6.1; rv:55.0) Gecko/20100101 Firefox/55.0"
78.3.136.95 - - [11/Sep/2017:11:30:05 +0200] "GET /entry.php?id=10776&form=11497&name=list& HTTP/1.1" 200 1946 "http://ed.activities.at/entry.php?id=11672" "Mozilla/5.0 (Windows NT 6.3; WOW64; rv:50.0) Gecko/20100101 Firefox/50.0"
78.3.136.95 - - [11/Sep/2017:11:30:05 +0200] "GET /entry.php?id=10778&form=11497&name=list& HTTP/1.1" 200 7577 "http://ed.activities.at/entry.php?id=11672" "Mozilla/5.0 (Windows NT 6.3; WOW64; rv:50.0) Gecko/20100101 Firefox/50.0"
78.3.136.95 - - [11/Sep/2017:11:30:06 +0200] "GET /gui/javascript/jquery/css/gui-themes/custom.min.css HTTP/1.1" 200 5618 "http://ed.activities.at/entry.php?id=10776&form=11497&name=list&" "Mozilla/5.0 (Windows NT 6.3; WOW64; rv:50.0) Gecko/20100101 Firefox/50.0"
78.3.136.95 - - [11/Sep/2017:11:30:06 +0200] "GET /gui/styles/tmplDefault.css HTTP/1.1" 200 2135 "http://ed.activities.at/entry.php?id=10776&form=11497&name=list&" "Mozilla/5.0 (Windows NT 6.3; WOW64; rv:50.0) Gecko/20100101 Firefox/50.0"
78.3.136.95 - - [11/Sep/2017:11:30:06 +0200] "GET /gui/javascript/form_form.js HTTP/1.1" 200 16206 "http://ed.activities.at/entry.php?id=10776&form=11497&name=list&" "Mozilla/5.0 (Windows NT 6.3; WOW64; rv:50.0) Gecko/20100101 Firefox/50.0"
78.3.136.95 - - [11/Sep/2017:11:30:06 +0200] "GET /gui/javascript/jquery/css/gui-themes/custom.min.css HTTP/1.1" 200 5618 "http://ed.activities.at/entry.php?id=10778&form=11497&name=list&" "Mozilla/5.0 (Windows NT 6.3; WOW64; rv:50.0) Gecko/20100101 Firefox/50.0"
78.3.136.95 - - [11/Sep/2017:11:30:06 +0200] "GET /gui/javascript/jquery/js/jquery-ui-1.9.0.custom.min.js HTTP/1.1" 200 51286 "http://ed.activities.at/entry.php?id=10776&form=11497&name=list&" "Mozilla/5.0 (Windows NT 6.3; WOW64; rv:50.0) Gecko/20100101 Firefox/50.0"
78.3.136.95 - - [11/Sep/2017:11:30:06 +0200] "GET /gui/javascript/jquery/js/jquery-1.8.2.js HTTP/1.1" 200 35391 "http://ed.activities.at/entry.php?id=10776&form=11497&name=list&" "Mozilla/5.0 (Windows NT 6.3; WOW64; rv:50.0) Gecko/20100101 Firefox/50.0"
78.3.136.95 - - [11/Sep/2017:11:30:06 +0200] "GET /gui/styles/tmplDefault.css HTTP/1.1" 200 2135 "http://ed.activities.at/entry.php?id=10778&form=11497&name=list&" "Mozilla/5.0 (Windows NT 6.3; WOW64; rv:50.0) Gecko/20100101 Firefox/50.0"
78.3.136.95 - - [11/Sep/2017:11:30:06 +0200] "GET /gui/javascript/form_form.js HTTP/1.1" 200 16206 "http://ed.activities.at/entry.php?id=10778&form=11497&name=list&" "Mozilla/5.0 (Windows NT 6.3; WOW64; rv:50.0) Gecko/20100101 Firefox/50.0"
78.3.136.95 - - [11/Sep/2017:11:30:06 +0200] "GET /gui/javascript/jquery/js/jquery-1.8.2.js HTTP/1.1" 200 35391 "http://ed.activities.at/entry.php?id=10778&form=11497&name=list&" "Mozilla/5.0 (Windows NT 6.3; WOW64; rv:50.0) Gecko/20100101 Firefox/50.0"
78.3.136.95 - - [11/Sep/2017:11:30:06 +0200] "GET /framework/icons/sortDown.gif HTTP/1.1" 200 54 "http://ed.activities.at/entry.php?id=10776&form=11497&name=list&" "Mozilla/5.0 (Windows NT 6.3; WOW64; rv:50.0) Gecko/20100101 Firefox/50.0"
78.3.136.95 - - [11/Sep/2017:11:30:06 +0200] "GET /gui/javascript/jquery/js/jquery-ui-1.9.0.custom.min.js HTTP/1.1" 200 51286 "http://ed.activities.at/entry.php?id=10778&form=11497&name=list&" "Mozilla/5.0 (Windows NT 6.3; WOW64; rv:50.0) Gecko/20100101 Firefox/50.0"
212.108.43.59 - - [11/Sep/2017:11:30:09 +0200] "GET /entry.php?id=11685&object=10278269&site=10201431&item=10278266 HTTP/1.1" 200 3661 "http://ed.activities.at/entry.php?id=11412" "Mozilla/5.0 (Macintosh; Intel Mac OS X 10_12_6) AppleWebKit/537.36 (KHTML, like Gecko) Chrome/60.0.3112.101 Safari/537.36"
212.108.43.59 - - [11/Sep/2017:11:30:09 +0200] "GET /cache/emu/images/easy-drivers-triesterstra10244080/fuehrerscheinbjpg_160_90_0.jpg HTTP/1.1" 200 4032 "http://ed.activities.at/entry.php?id=11685&object=10278269&site=10201431&item=10278266" "Mozilla/5.0 (Macintosh; Intel Mac OS X 10_12_6) AppleWebKit/537.36 (KHTML, like Gecko) Chrome/60.0.3112.101 Safari/537.36"
212.108.43.59 - - [11/Sep/2017:11:30:09 +0200] "GET /gui/javascript/form_form.js?1505122209 HTTP/1.1" 200 16206 "http://ed.activities.at/entry.php?id=11685&object=10278269&site=10201431&item=10278266" "Mozilla/5.0 (Macintosh; Intel Mac OS X 10_12_6) AppleWebKit/537.36 (KHTML, like Gecko) Chrome/60.0.3112.101 Safari/537.36"
212.108.43.59 - - [11/Sep/2017:11:30:14 +0200] "POST /entry.php?id=11685 HTTP/1.1" 200 3785 "http://ed.activities.at/entry.php?id=11685&object=10278269&site=10201431&item=10278266" "Mozilla/5.0 (Macintosh; Intel Mac OS X 10_12_6) AppleWebKit/537.36 (KHTML, like Gecko) Chrome/60.0.3112.101 Safari/537.36"
212.108.43.59 - - [11/Sep/2017:11:30:14 +0200] "GET /gui/javascript/form_form.js?1505122214 HTTP/1.1" 200 16206 "http://ed.activities.at/entry.php?id=11685" "Mozilla/5.0 (Macintosh; Intel Mac OS X 10_12_6) AppleWebKit/537.36 (KHTML, like Gecko) Chrome/60.0.3112.101 Safari/537.36"
80.122.130.46 - - [11/Sep/2017:11:30:16 +0200] "POST /entry.php?id=11671 HTTP/1.1" 200 4957 "http://ed.activities.at/entry.php?id=11671" "Mozilla/5.0 (Windows NT 6.1; rv:55.0) Gecko/20100101 Firefox/55.0"
80.122.130.46 - - [11/Sep/2017:11:30:17 +0200] "GET /gui/javascript/form_form.js?1505122217 HTTP/1.1" 200 16206 "http://ed.activities.at/entry.php?id=11671" "Mozilla/5.0 (Windows NT 6.1; rv:55.0) Gecko/20100101 Firefox/55.0"
80.122.130.46 - - [11/Sep/2017:11:30:17 +0200] "GET /entry.php?id=10776&form=11496&name=list& HTTP/1.1" 200 1519 "http://ed.activities.at/entry.php?id=11671" "Mozilla/5.0 (Windows NT 6.1; rv:55.0) Gecko/20100101 Firefox/55.0"
80.122.130.46 - - [11/Sep/2017:11:30:17 +0200] "GET /entry.php?id=10778&form=11496&name=list& HTTP/1.1" 200 5599 "http://ed.activities.at/entry.php?id=11671" "Mozilla/5.0 (Windows NT 6.1; rv:55.0) Gecko/20100101 Firefox/55.0"
78.3.136.95 - - [11/Sep/2017:11:30:20 +0200] "GET /entry.php?id=10271&&ser=122159 HTTP/1.1" 200 985 "http://ed.activities.at/entry.php?id=10271&UIN=baafe1f0ec5b7054861ea1a4d3b2c0d0" "Mozilla/5.0 (Windows NT 6.3; WOW64; rv:50.0) Gecko/20100101 Firefox/50.0"
78.3.136.95 - - [11/Sep/2017:11:30:21 +0200] "GET /gui/javascript/jquery/css/gui-themes/ui.spinner.css HTTP/1.1" 200 350 "http://ed.activities.at/entry.php?id=10271&&ser=122159" "Mozilla/5.0 (Windows NT 6.3; WOW64; rv:50.0) Gecko/20100101 Firefox/50.0"
78.3.136.95 - - [11/Sep/2017:11:30:21 +0200] "GET /gui/javascript/jquery/css/gui-themes/jquery.tooltip.css HTTP/1.1" 200 246 "http://ed.activities.at/entry.php?id=10271&&ser=122159" "Mozilla/5.0 (Windows NT 6.3; WOW64; rv:50.0) Gecko/20100101 Firefox/50.0"
78.3.136.95 - - [11/Sep/2017:11:30:21 +0200] "GET /gui/javascript/jquery/css/gui-themes/custom.min.css HTTP/1.1" 200 5618 "http://ed.activities.at/entry.php?id=10271&&ser=122159" "Mozilla/5.0 (Windows NT 6.3; WOW64; rv:50.0) Gecko/20100101 Firefox/50.0"
78.3.136.95 - - [11/Sep/2017:11:30:21 +0200] "GET /gui/styles/tmplDefault.css HTTP/1.1" 200 2135 "http://ed.activities.at/entry.php?id=10271&&ser=122159" "Mozilla/5.0 (Windows NT 6.3; WOW64; rv:50.0) Gecko/20100101 Firefox/50.0"
78.3.136.95 - - [11/Sep/2017:11:30:21 +0200] "GET /gui/javascript/form_form.js?1505122220 HTTP/1.1" 200 16206 "http://ed.activities.at/entry.php?id=10271&&ser=122159" "Mozilla/5.0 (Windows NT 6.3; WOW64; rv:50.0) Gecko/20100101 Firefox/50.0"
78.3.136.95 - - [11/Sep/2017:11:30:21 +0200] "GET /gui/javascript/jquery/js/jquery-1.8.2.js HTTP/1.1" 200 35391 "http://ed.activities.at/entry.php?id=10271&&ser=122159" "Mozilla/5.0 (Windows NT 6.3; WOW64; rv:50.0) Gecko/20100101 Firefox/50.0"
78.3.136.95 - - [11/Sep/2017:11:30:21 +0200] "GET /gui/javascript/jquery/jquery-tooltip/jquery.tooltip.min.js HTTP/1.1" 200 1982 "http://ed.activities.at/entry.php?id=10271&&ser=122159" "Mozilla/5.0 (Windows NT 6.3; WOW64; rv:50.0) Gecko/20100101 Firefox/50.0"
78.3.136.95 - - [11/Sep/2017:11:30:21 +0200] "GET /gui/javascript/jquery/js/jquery-ui-1.9.0.custom.min.js HTTP/1.1" 200 51286 "http://ed.activities.at/entry.php?id=10271&&ser=122159" "Mozilla/5.0 (Windows NT 6.3; WOW64; rv:50.0) Gecko/20100101 Firefox/50.0"
80.122.130.46 - - [11/Sep/2017:11:30:20 +0200] "POST /entry.php?id=11671 HTTP/1.1" 200 3183 "http://ed.activities.at/entry.php?id=11671" "Mozilla/5.0 (Windows NT 6.1; rv:55.0) Gecko/20100101 Firefox/55.0"
80.122.130.46 - - [11/Sep/2017:11:30:21 +0200] "GET /gui/javascript/form_form.js?1505122221 HTTP/1.1" 200 16206 "http://ed.activities.at/entry.php?id=11671" "Mozilla/5.0 (Windows NT 6.1; rv:55.0) Gecko/20100101 Firefox/55.0"
80.122.130.46 - - [11/Sep/2017:11:30:21 +0200] "GET /framework/webfx/javascript/tinymce/skins/lightgray/content.min.css HTTP/1.1" 404 325 "http://ed.activities.at/entry.php?id=11671" "Mozilla/5.0 (Windows NT 6.1; rv:55.0) Gecko/20100101 Firefox/55.0"
212.108.43.59 - - [11/Sep/2017:11:30:24 +0200] "POST /entry.php?id=11677 HTTP/1.1" 200 4554 "http://ed.activities.at/entry.php?id=11677" "Mozilla/5.0 (Macintosh; Intel Mac OS X 10_12_6) AppleWebKit/537.36 (KHTML, like Gecko) Chrome/60.0.3112.101 Safari/537.36"
212.108.43.59 - - [11/Sep/2017:11:30:25 +0200] "GET /gui/javascript/form_form.js?1505122225 HTTP/1.1" 200 16206 "http://ed.activities.at/entry.php?id=11677" "Mozilla/5.0 (Macintosh; Intel Mac OS X 10_12_6) AppleWebKit/537.36 (KHTML, like Gecko) Chrome/60.0.3112.101 Safari/537.36"
80.122.130.46 - - [11/Sep/2017:11:30:25 +0200] "POST /entry.php?id=11671 HTTP/1.1" 200 3398 "http://ed.activities.at/entry.php?id=11671" "Mozilla/5.0 (Windows NT 6.1; rv:55.0) Gecko/20100101 Firefox/55.0"
80.122.130.46 - - [11/Sep/2017:11:30:26 +0200] "GET /gui/javascript/form_form.js?1505122225 HTTP/1.1" 200 16206 "http://ed.activities.at/entry.php?id=11671" "Mozilla/5.0 (Windows NT 6.1; rv:55.0) Gecko/20100101 Firefox/55.0"
80.122.130.46 - - [11/Sep/2017:11:30:26 +0200] "GET /framework/webfx/javascript/tinymce/skins/lightgray/content.min.css HTTP/1.1" 404 325 "http://ed.activities.at/entry.php?id=11671" "Mozilla/5.0 (Windows NT 6.1; rv:55.0) Gecko/20100101 Firefox/55.0"
212.108.43.59 - - [11/Sep/2017:11:30:26 +0200] "POST /entry.php?id=11677 HTTP/1.1" 200 3218 "http://ed.activities.at/entry.php?id=11677" "Mozilla/5.0 (Macintosh; Intel Mac OS X 10_12_6) AppleWebKit/537.36 (KHTML, like Gecko) Chrome/60.0.3112.101 Safari/537.36"
212.108.43.59 - - [11/Sep/2017:11:30:27 +0200] "GET /gui/javascript/form_form.js?1505122227 HTTP/1.1" 200 16206 "http://ed.activities.at/entry.php?id=11677" "Mozilla/5.0 (Macintosh; Intel Mac OS X 10_12_6) AppleWebKit/537.36 (KHTML, like Gecko) Chrome/60.0.3112.101 Safari/537.36"
212.108.43.59 - - [11/Sep/2017:11:30:27 +0200] "GET /entry.php?id=10776&form=11502&name=list& HTTP/1.1" 200 1475 "http://ed.activities.at/entry.php?id=11677" "Mozilla/5.0 (Macintosh; Intel Mac OS X 10_12_6) AppleWebKit/537.36 (KHTML, like Gecko) Chrome/60.0.3112.101 Safari/537.36"
212.108.43.59 - - [11/Sep/2017:11:30:27 +0200] "GET /entry.php?id=10778&form=11502&name=list& HTTP/1.1" 200 3881 "http://ed.activities.at/entry.php?id=11677" "Mozilla/5.0 (Macintosh; Intel Mac OS X 10_12_6) AppleWebKit/537.36 (KHTML, like Gecko) Chrome/60.0.3112.101 Safari/537.36"
80.122.130.46 - - [11/Sep/2017:11:30:28 +0200] "POST /entry.php?id=11671 HTTP/1.1" 200 4803 "http://ed.activities.at/entry.php?id=11671" "Mozilla/5.0 (Windows NT 6.1; rv:55.0) Gecko/20100101 Firefox/55.0"
80.122.130.46 - - [11/Sep/2017:11:30:29 +0200] "GET /gui/javascript/form_form.js?1505122229 HTTP/1.1" 200 16206 "http://ed.activities.at/entry.php?id=11671" "Mozilla/5.0 (Windows NT 6.1; rv:55.0) Gecko/20100101 Firefox/55.0"
80.122.130.46 - - [11/Sep/2017:11:30:29 +0200] "GET /entry.php?id=10778&form=11496&name=list& HTTP/1.1" 200 5599 "http://ed.activities.at/entry.php?id=11671" "Mozilla/5.0 (Windows NT 6.1; rv:55.0) Gecko/20100101 Firefox/55.0"
80.122.130.46 - - [11/Sep/2017:11:30:29 +0200] "GET /entry.php?id=10776&form=11496&name=list& HTTP/1.1" 200 1519 "http://ed.activities.at/entry.php?id=11671" "Mozilla/5.0 (Windows NT 6.1; rv:55.0) Gecko/20100101 Firefox/55.0"
212.108.43.59 - - [11/Sep/2017:11:30:30 +0200] "POST /entry.php?id=11677 HTTP/1.1" 200 4556 "http://ed.activities.at/entry.php?id=11677" "Mozilla/5.0 (Macintosh; Intel Mac OS X 10_12_6) AppleWebKit/537.36 (KHTML, like Gecko) Chrome/60.0.3112.101 Safari/537.36"
212.108.43.59 - - [11/Sep/2017:11:30:30 +0200] "GET /gui/javascript/form_form.js?1505122230 HTTP/1.1" 200 16206 "http://ed.activities.at/entry.php?id=11677" "Mozilla/5.0 (Macintosh; Intel Mac OS X 10_12_6) AppleWebKit/537.36 (KHTML, like Gecko) Chrome/60.0.3112.101 Safari/537.36"
212.108.43.59 - - [11/Sep/2017:11:30:35 +0200] "POST /entry.php?id=11678 HTTP/1.1" 200 3419 "http://ed.activities.at/entry.php?id=11678&" "Mozilla/5.0 (Macintosh; Intel Mac OS X 10_12_6) AppleWebKit/537.36 (KHTML, like Gecko) Chrome/60.0.3112.101 Safari/537.36"
212.108.43.59 - - [11/Sep/2017:11:30:36 +0200] "GET /activities/framework/KoolControls/KoolAjax/koolajax.php?8436e354c842500aba3cbaf0584c0c24 HTTP/1.1" 200 4079 "http://ed.activities.at/entry.php?id=11678" "Mozilla/5.0 (Macintosh; Intel Mac OS X 10_12_6) AppleWebKit/537.36 (KHTML, like Gecko) Chrome/60.0.3112.101 Safari/537.36"
212.108.43.59 - - [11/Sep/2017:11:30:36 +0200] "GET /gui/javascript/form_form.js?1505122236 HTTP/1.1" 200 16206 "http://ed.activities.at/entry.php?id=11678" "Mozilla/5.0 (Macintosh; Intel Mac OS X 10_12_6) AppleWebKit/537.36 (KHTML, like Gecko) Chrome/60.0.3112.101 Safari/537.36"
212.108.43.59 - - [11/Sep/2017:11:30:36 +0200] "GET /activities/framework/KoolControls/KoolTreeView/kooltreeview.php?c7cd9180e88ffef8e70f13526bb4f5f7 HTTP/1.1" 200 5055 "http://ed.activities.at/entry.php?id=11678" "Mozilla/5.0 (Macintosh; Intel Mac OS X 10_12_6) AppleWebKit/537.36 (KHTML, like Gecko) Chrome/60.0.3112.101 Safari/537.36"
212.108.43.59 - - [11/Sep/2017:11:30:37 +0200] "POST /entry.php?id=11677 HTTP/1.1" 200 4548 "http://ed.activities.at/entry.php?id=11677" "Mozilla/5.0 (Macintosh; Intel Mac OS X 10_12_6) AppleWebKit/537.36 (KHTML, like Gecko) Chrome/60.0.3112.101 Safari/537.36"
212.108.43.59 - - [11/Sep/2017:11:30:38 +0200] "GET /gui/javascript/form_form.js?1505122238 HTTP/1.1" 200 16206 "http://ed.activities.at/entry.php?id=11677" "Mozilla/5.0 (Macintosh; Intel Mac OS X 10_12_6) AppleWebKit/537.36 (KHTML, like Gecko) Chrome/60.0.3112.101 Safari/537.36"
212.108.43.59 - - [11/Sep/2017:11:30:42 +0200] "GET /entry.php?id=10271&&ser=122182 HTTP/1.1" 200 987 "http://ed.activities.at/entry.php?id=10271&&ser=122093" "Mozilla/5.0 (Macintosh; Intel Mac OS X 10_12_6) AppleWebKit/537.36 (KHTML, like Gecko) Chrome/60.0.3112.101 Safari/537.36"
212.108.43.59 - - [11/Sep/2017:11:30:43 +0200] "GET /gui/javascript/form_form.js?1505122243 HTTP/1.1" 200 16206 "http://ed.activities.at/entry.php?id=10271&&ser=122182" "Mozilla/5.0 (Macintosh; Intel Mac OS X 10_12_6) AppleWebKit/537.36 (KHTML, like Gecko) Chrome/60.0.3112.101 Safari/537.36"
80.122.130.46 - - [11/Sep/2017:11:31:05 +0200] "GET /entry.php?id=10271&&ser=122205 HTTP/1.1" 200 987 "http://ed.activities.at/entry.php?id=10271&&ser=122144" "Mozilla/5.0 (Windows NT 6.1; rv:55.0) Gecko/20100101 Firefox/55.0"
80.122.130.46 - - [11/Sep/2017:11:31:06 +0200] "GET /gui/javascript/form_form.js?1505122266 HTTP/1.1" 200 16206 "http://ed.activities.at/entry.php?id=10271&&ser=122205" "Mozilla/5.0 (Windows NT 6.1; rv:55.0) Gecko/20100101 Firefox/55.0"
80.122.130.46 - - [11/Sep/2017:11:31:13 +0200] "POST /entry.php?id=11671 HTTP/1.1" 200 5023 "http://ed.activities.at/entry.php?id=11671" "Mozilla/5.0 (Windows NT 6.1; rv:55.0) Gecko/20100101 Firefox/55.0"
80.122.130.46 - - [11/Sep/2017:11:31:13 +0200] "GET /gui/javascript/form_form.js?1505122273 HTTP/1.1" 200 16206 "http://ed.activities.at/entry.php?id=11671" "Mozilla/5.0 (Windows NT 6.1; rv:55.0) Gecko/20100101 Firefox/55.0"
80.122.130.46 - - [11/Sep/2017:11:31:14 +0200] "GET /entry.php?id=10776&form=11496&name=list& HTTP/1.1" 200 1519 "http://ed.activities.at/entry.php?id=11671" "Mozilla/5.0 (Windows NT 6.1; rv:55.0) Gecko/20100101 Firefox/55.0"
80.122.130.46 - - [11/Sep/2017:11:31:14 +0200] "GET /entry.php?id=10778&form=11496&name=list& HTTP/1.1" 200 5857 "http://ed.activities.at/entry.php?id=11671" "Mozilla/5.0 (Windows NT 6.1; rv:55.0) Gecko/20100101 Firefox/55.0"
78.3.136.95 - - [11/Sep/2017:11:31:21 +0200] "GET /entry.php?id=10271&&ser=122220 HTTP/1.1" 200 986 "http://ed.activities.at/entry.php?id=10271&&ser=122159" "Mozilla/5.0 (Windows NT 6.3; WOW64; rv:50.0) Gecko/20100101 Firefox/50.0"
78.3.136.95 - - [11/Sep/2017:11:31:22 +0200] "GET /gui/javascript/jquery/css/gui-themes/ui.spinner.css HTTP/1.1" 200 350 "http://ed.activities.at/entry.php?id=10271&&ser=122220" "Mozilla/5.0 (Windows NT 6.3; WOW64; rv:50.0) Gecko/20100101 Firefox/50.0"
78.3.136.95 - - [11/Sep/2017:11:31:22 +0200] "GET /gui/javascript/jquery/css/gui-themes/jquery.tooltip.css HTTP/1.1" 200 246 "http://ed.activities.at/entry.php?id=10271&&ser=122220" "Mozilla/5.0 (Windows NT 6.3; WOW64; rv:50.0) Gecko/20100101 Firefox/50.0"
78.3.136.95 - - [11/Sep/2017:11:31:22 +0200] "GET /gui/javascript/jquery/css/gui-themes/custom.min.css HTTP/1.1" 200 5618 "http://ed.activities.at/entry.php?id=10271&&ser=122220" "Mozilla/5.0 (Windows NT 6.3; WOW64; rv:50.0) Gecko/20100101 Firefox/50.0"
78.3.136.95 - - [11/Sep/2017:11:31:22 +0200] "GET /gui/styles/tmplDefault.css HTTP/1.1" 200 2135 "http://ed.activities.at/entry.php?id=10271&&ser=122220" "Mozilla/5.0 (Windows NT 6.3; WOW64; rv:50.0) Gecko/20100101 Firefox/50.0"
78.3.136.95 - - [11/Sep/2017:11:31:22 +0200] "GET /gui/javascript/form_form.js?1505122281 HTTP/1.1" 200 16206 "http://ed.activities.at/entry.php?id=10271&&ser=122220" "Mozilla/5.0 (Windows NT 6.3; WOW64; rv:50.0) Gecko/20100101 Firefox/50.0"
78.3.136.95 - - [11/Sep/2017:11:31:22 +0200] "GET /gui/javascript/jquery/js/jquery-1.8.2.js HTTP/1.1" 200 35391 "http://ed.activities.at/entry.php?id=10271&&ser=122220" "Mozilla/5.0 (Windows NT 6.3; WOW64; rv:50.0) Gecko/20100101 Firefox/50.0"
78.3.136.95 - - [11/Sep/2017:11:31:22 +0200] "GET /gui/javascript/jquery/jquery-tooltip/jquery.tooltip.min.js HTTP/1.1" 200 1982 "http://ed.activities.at/entry.php?id=10271&&ser=122220" "Mozilla/5.0 (Windows NT 6.3; WOW64; rv:50.0) Gecko/20100101 Firefox/50.0"
78.3.136.95 - - [11/Sep/2017:11:31:22 +0200] "GET /gui/javascript/jquery/js/jquery-ui-1.9.0.custom.min.js HTTP/1.1" 200 51286 "http://ed.activities.at/entry.php?id=10271&&ser=122220" "Mozilla/5.0 (Windows NT 6.3; WOW64; rv:50.0) Gecko/20100101 Firefox/50.0"
80.122.130.46 - - [11/Sep/2017:11:31:22 +0200] "POST /entry.php?id=11671 HTTP/1.1" 200 4618 "http://ed.activities.at/entry.php?id=11671" "Mozilla/5.0 (Windows NT 6.1; rv:55.0) Gecko/20100101 Firefox/55.0"
80.122.130.46 - - [11/Sep/2017:11:31:22 +0200] "GET /gui/javascript/form_form.js?1505122282 HTTP/1.1" 200 16206 "http://ed.activities.at/entry.php?id=11671" "Mozilla/5.0 (Windows NT 6.1; rv:55.0) Gecko/20100101 Firefox/55.0"
80.122.130.46 - - [11/Sep/2017:11:31:23 +0200] "GET /entry.php?id=10776&form=11496&name=list& HTTP/1.1" 200 1519 "http://ed.activities.at/entry.php?id=11671" "Mozilla/5.0 (Windows NT 6.1; rv:55.0) Gecko/20100101 Firefox/55.0"
80.122.130.46 - - [11/Sep/2017:11:31:23 +0200] "GET /entry.php?id=10778&form=11496&name=list& HTTP/1.1" 200 5599 "http://ed.activities.at/entry.php?id=11671" "Mozilla/5.0 (Windows NT 6.1; rv:55.0) Gecko/20100101 Firefox/55.0"
212.108.43.59 - - [11/Sep/2017:11:31:42 +0200] "GET /entry.php?id=11674 HTTP/1.1" 200 321 "http://ed.activities.at/entry.php?id=10270&__app__=10006038" "Mozilla/5.0 (Macintosh; Intel Mac OS X 10_12_6) AppleWebKit/537.36 (KHTML, like Gecko) Chrome/60.0.3112.101 Safari/537.36"
212.108.43.59 - - [11/Sep/2017:11:31:42 +0200] "GET /entry.php?id=10676&&title=Aktionen HTTP/1.1" 200 1387 "http://ed.activities.at/entry.php?id=11674" "Mozilla/5.0 (Macintosh; Intel Mac OS X 10_12_6) AppleWebKit/537.36 (KHTML, like Gecko) Chrome/60.0.3112.101 Safari/537.36"
212.108.43.59 - - [11/Sep/2017:11:31:43 +0200] "GET /gui/javascript/form_form.js?1505122303 HTTP/1.1" 200 16206 "http://ed.activities.at/entry.php?id=10676&&title=Aktionen" "Mozilla/5.0 (Macintosh; Intel Mac OS X 10_12_6) AppleWebKit/537.36 (KHTML, like Gecko) Chrome/60.0.3112.101 Safari/537.36"
212.108.43.59 - - [11/Sep/2017:11:31:42 +0200] "GET /entry.php?id=11676& HTTP/1.1" 200 4385 "http://ed.activities.at/entry.php?id=11674" "Mozilla/5.0 (Macintosh; Intel Mac OS X 10_12_6) AppleWebKit/537.36 (KHTML, like Gecko) Chrome/60.0.3112.101 Safari/537.36"
212.108.43.59 - - [11/Sep/2017:11:31:42 +0200] "GET /entry.php?id=11675& HTTP/1.1" 200 2690 "http://ed.activities.at/entry.php?id=11674" "Mozilla/5.0 (Macintosh; Intel Mac OS X 10_12_6) AppleWebKit/537.36 (KHTML, like Gecko) Chrome/60.0.3112.101 Safari/537.36"
212.108.43.59 - - [11/Sep/2017:11:31:44 +0200] "GET /gui/javascript/form_form.js?1505122304 HTTP/1.1" 200 16206 "http://ed.activities.at/entry.php?id=11675&" "Mozilla/5.0 (Macintosh; Intel Mac OS X 10_12_6) AppleWebKit/537.36 (KHTML, like Gecko) Chrome/60.0.3112.101 Safari/537.36"
212.108.43.59 - - [11/Sep/2017:11:31:43 +0200] "GET /entry.php?id=10271&&ser=122243 HTTP/1.1" 200 987 "http://ed.activities.at/entry.php?id=10271&&ser=122182" "Mozilla/5.0 (Macintosh; Intel Mac OS X 10_12_6) AppleWebKit/537.36 (KHTML, like Gecko) Chrome/60.0.3112.101 Safari/537.36"
212.108.43.59 - - [11/Sep/2017:11:31:44 +0200] "GET /entry.php?id=10778&form=11500&name=list& HTTP/1.1" 200 3686 "http://ed.activities.at/entry.php?id=11675&" "Mozilla/5.0 (Macintosh; Intel Mac OS X 10_12_6) AppleWebKit/537.36 (KHTML, like Gecko) Chrome/60.0.3112.101 Safari/537.36"
212.108.43.59 - - [11/Sep/2017:11:31:44 +0200] "GET /entry.php?id=10776&form=11500&name=list& HTTP/1.1" 200 2451 "http://ed.activities.at/entry.php?id=11675&" "Mozilla/5.0 (Macintosh; Intel Mac OS X 10_12_6) AppleWebKit/537.36 (KHTML, like Gecko) Chrome/60.0.3112.101 Safari/537.36"
80.122.130.46 - - [11/Sep/2017:11:32:06 +0200] "GET /entry.php?id=10271&&ser=122266 HTTP/1.1" 200 987 "http://ed.activities.at/entry.php?id=10271&&ser=122205" "Mozilla/5.0 (Windows NT 6.1; rv:55.0) Gecko/20100101 Firefox/55.0"
80.122.130.46 - - [11/Sep/2017:11:32:06 +0200] "GET /gui/javascript/form_form.js?1505122326 HTTP/1.1" 200 16206 "http://ed.activities.at/entry.php?id=10271&&ser=122266" "Mozilla/5.0 (Windows NT 6.1; rv:55.0) Gecko/20100101 Firefox/55.0"
212.108.43.59 - - [11/Sep/2017:11:32:15 +0200] "GET /framework/icons/rowselect.gif HTTP/1.1" 200 67 "http://ed.activities.at/entry.php?id=10778&form=11500&name=list&" "Mozilla/5.0 (Macintosh; Intel Mac OS X 10_12_6) AppleWebKit/537.36 (KHTML, like Gecko) Chrome/60.0.3112.101 Safari/537.36"
212.108.43.59 - - [11/Sep/2017:11:32:15 +0200] "POST /entry.php?id=11676 HTTP/1.1" 200 4537 "http://ed.activities.at/entry.php?id=11676&" "Mozilla/5.0 (Macintosh; Intel Mac OS X 10_12_6) AppleWebKit/537.36 (KHTML, like Gecko) Chrome/60.0.3112.101 Safari/537.36"
212.108.43.59 - - [11/Sep/2017:11:32:16 +0200] "GET /gui/javascript/form_form.js?1505122336 HTTP/1.1" 200 16206 "http://ed.activities.at/entry.php?id=11676" "Mozilla/5.0 (Macintosh; Intel Mac OS X 10_12_6) AppleWebKit/537.36 (KHTML, like Gecko) Chrome/60.0.3112.101 Safari/537.36"
212.108.43.59 - - [11/Sep/2017:11:32:18 +0200] "POST /entry.php?id=11676 HTTP/1.1" 200 3490 "http://ed.activities.at/entry.php?id=11676" "Mozilla/5.0 (Macintosh; Intel Mac OS X 10_12_6) AppleWebKit/537.36 (KHTML, like Gecko) Chrome/60.0.3112.101 Safari/537.36"
212.108.43.59 - - [11/Sep/2017:11:32:19 +0200] "GET /framework/webfx/javascript/tinymce/tinyEdit.js HTTP/1.1" 200 1251 "http://ed.activities.at/entry.php?id=11676" "Mozilla/5.0 (Macintosh; Intel Mac OS X 10_12_6) AppleWebKit/537.36 (KHTML, like Gecko) Chrome/60.0.3112.101 Safari/537.36"
212.108.43.59 - - [11/Sep/2017:11:32:19 +0200] "GET /gui/javascript/form_form.js?1505122339 HTTP/1.1" 200 16206 "http://ed.activities.at/entry.php?id=11676" "Mozilla/5.0 (Macintosh; Intel Mac OS X 10_12_6) AppleWebKit/537.36 (KHTML, like Gecko) Chrome/60.0.3112.101 Safari/537.36"
212.108.43.59 - - [11/Sep/2017:11:32:19 +0200] "GET /framework/webfx/javascript/tinymce/tinymce.min.js HTTP/1.1" 200 101898 "http://ed.activities.at/entry.php?id=11676" "Mozilla/5.0 (Macintosh; Intel Mac OS X 10_12_6) AppleWebKit/537.36 (KHTML, like Gecko) Chrome/60.0.3112.101 Safari/537.36"
212.108.43.59 - - [11/Sep/2017:11:32:19 +0200] "GET /framework/webfx/javascript/tinymce/plugins/advlist/plugin.min.js HTTP/1.1" 200 613 "http://ed.activities.at/entry.php?id=11676" "Mozilla/5.0 (Macintosh; Intel Mac OS X 10_12_6) AppleWebKit/537.36 (KHTML, like Gecko) Chrome/60.0.3112.101 Safari/537.36"
212.108.43.59 - - [11/Sep/2017:11:32:19 +0200] "GET /framework/webfx/javascript/tinymce/langs/de.js HTTP/1.1" 200 3001 "http://ed.activities.at/entry.php?id=11676" "Mozilla/5.0 (Macintosh; Intel Mac OS X 10_12_6) AppleWebKit/537.36 (KHTML, like Gecko) Chrome/60.0.3112.101 Safari/537.36"
212.108.43.59 - - [11/Sep/2017:11:32:19 +0200] "GET /framework/webfx/javascript/tinymce/themes/modern/theme.min.js HTTP/1.1" 200 2636 "http://ed.activities.at/entry.php?id=11676" "Mozilla/5.0 (Macintosh; Intel Mac OS X 10_12_6) AppleWebKit/537.36 (KHTML, like Gecko) Chrome/60.0.3112.101 Safari/537.36"
212.108.43.59 - - [11/Sep/2017:11:32:19 +0200] "GET /framework/webfx/javascript/tinymce/plugins/hr/plugin.min.js HTTP/1.1" 200 191 "http://ed.activities.at/entry.php?id=11676" "Mozilla/5.0 (Macintosh; Intel Mac OS X 10_12_6) AppleWebKit/537.36 (KHTML, like Gecko) Chrome/60.0.3112.101 Safari/537.36"
