81.189.93.28 - - [11/Sep/2017:16:35:01 +0200] "GET /gui/javascript/jquery/css/gui-themes/custom.min.css HTTP/1.1" 304 - "http://ed.activities.at/entry.php?id=10271&&ser=140388" "Mozilla/5.0 (Windows NT 10.0; WOW64; rv:55.0) Gecko/20100101 Firefox/55.0"
81.189.93.28 - - [11/Sep/2017:16:35:01 +0200] "GET /gui/javascript/jquery/css/gui-themes/ui.spinner.css HTTP/1.1" 304 - "http://ed.activities.at/entry.php?id=10271&&ser=140388" "Mozilla/5.0 (Windows NT 10.0; WOW64; rv:55.0) Gecko/20100101 Firefox/55.0"
81.189.93.28 - - [11/Sep/2017:16:35:01 +0200] "GET /gui/javascript/jquery/css/gui-themes/jquery.tooltip.css HTTP/1.1" 304 - "http://ed.activities.at/entry.php?id=10271&&ser=140388" "Mozilla/5.0 (Windows NT 10.0; WOW64; rv:55.0) Gecko/20100101 Firefox/55.0"
81.189.93.28 - - [11/Sep/2017:16:35:01 +0200] "GET /gui/styles/tmplDefault.css HTTP/1.1" 304 - "http://ed.activities.at/entry.php?id=10271&&ser=140388" "Mozilla/5.0 (Windows NT 10.0; WOW64; rv:55.0) Gecko/20100101 Firefox/55.0"
81.189.93.28 - - [11/Sep/2017:16:35:00 +0200] "GET /entry.php?id=10273& HTTP/1.1" 200 2029 "http://ed.activities.at/entry.php?id=10287&" "Mozilla/5.0 (Windows NT 10.0; WOW64; rv:55.0) Gecko/20100101 Firefox/55.0"
81.189.93.28 - - [11/Sep/2017:16:35:01 +0200] "GET /gui/javascript/jquery/js/jquery-1.8.2.js HTTP/1.1" 304 - "http://ed.activities.at/entry.php?id=10271&&ser=140388" "Mozilla/5.0 (Windows NT 10.0; WOW64; rv:55.0) Gecko/20100101 Firefox/55.0"
81.189.93.28 - - [11/Sep/2017:16:35:01 +0200] "GET /gui/javascript/form_form.js?1505140501 HTTP/1.1" 200 16206 "http://ed.activities.at/entry.php?id=10271&&ser=140388" "Mozilla/5.0 (Windows NT 10.0; WOW64; rv:55.0) Gecko/20100101 Firefox/55.0"
81.189.93.28 - - [11/Sep/2017:16:35:01 +0200] "GET /gui/javascript/jquery/js/jquery-ui-1.9.0.custom.min.js HTTP/1.1" 304 - "http://ed.activities.at/entry.php?id=10271&&ser=140388" "Mozilla/5.0 (Windows NT 10.0; WOW64; rv:55.0) Gecko/20100101 Firefox/55.0"
81.189.93.28 - - [11/Sep/2017:16:35:01 +0200] "GET /gui/javascript/jquery/jquery-tooltip/jquery.tooltip.min.js HTTP/1.1" 304 - "http://ed.activities.at/entry.php?id=10271&&ser=140388" "Mozilla/5.0 (Windows NT 10.0; WOW64; rv:55.0) Gecko/20100101 Firefox/55.0"
81.189.93.28 - - [11/Sep/2017:16:35:01 +0200] "GET /framework/webfx/style/toolbar/images/cbback.gif HTTP/1.1" 404 313 "http://ed.activities.at/framework/webfx/style/toolbar/cb2.css" "Mozilla/5.0 (Windows NT 10.0; WOW64; rv:55.0) Gecko/20100101 Firefox/55.0"
81.189.93.28 - - [11/Sep/2017:16:35:01 +0200] "GET /entry.php?id=10270&__app__=10006038 HTTP/1.1" 200 1649 "http://ed.activities.at/entry.php?id=10273&" "Mozilla/5.0 (Windows NT 10.0; WOW64; rv:55.0) Gecko/20100101 Firefox/55.0"
81.189.93.28 - - [11/Sep/2017:16:35:01 +0200] "GET /undefined HTTP/1.1" 404 283 "http://ed.activities.at/entry.php?id=10270&__app__=10006038" "Mozilla/5.0 (Windows NT 10.0; WOW64; rv:55.0) Gecko/20100101 Firefox/55.0"
81.189.93.28 - - [11/Sep/2017:16:35:15 +0200] "GET /entry.php?id=11681 HTTP/1.1" 200 328 "http://ed.activities.at/entry.php?id=10270&__app__=10006038" "Mozilla/5.0 (Windows NT 10.0; WOW64; rv:55.0) Gecko/20100101 Firefox/55.0"
81.189.93.28 - - [11/Sep/2017:16:35:15 +0200] "GET /entry.php?id=10676&&title=Contentverwaltung HTTP/1.1" 200 1389 "http://ed.activities.at/entry.php?id=11681" "Mozilla/5.0 (Windows NT 10.0; WOW64; rv:55.0) Gecko/20100101 Firefox/55.0"
81.189.93.28 - - [11/Sep/2017:16:35:15 +0200] "GET /gui/javascript/form_form.js?1505140515 HTTP/1.1" 200 16206 "http://ed.activities.at/entry.php?id=10676&&title=Contentverwaltung" "Mozilla/5.0 (Windows NT 10.0; WOW64; rv:55.0) Gecko/20100101 Firefox/55.0"
81.189.93.28 - - [11/Sep/2017:16:35:15 +0200] "GET /entry.php?id=11683& HTTP/1.1" 200 2678 "http://ed.activities.at/entry.php?id=11681" "Mozilla/5.0 (Windows NT 10.0; WOW64; rv:55.0) Gecko/20100101 Firefox/55.0"
81.189.93.28 - - [11/Sep/2017:16:35:15 +0200] "GET /entry.php?id=11684& HTTP/1.1" 200 3803 "http://ed.activities.at/entry.php?id=11681" "Mozilla/5.0 (Windows NT 10.0; WOW64; rv:55.0) Gecko/20100101 Firefox/55.0"
81.189.93.28 - - [11/Sep/2017:16:35:16 +0200] "GET /gui/javascript/form_form.js?1505140516 HTTP/1.1" 200 16206 "http://ed.activities.at/entry.php?id=11684&" "Mozilla/5.0 (Windows NT 10.0; WOW64; rv:55.0) Gecko/20100101 Firefox/55.0"
81.189.93.28 - - [11/Sep/2017:16:35:16 +0200] "GET /entry.php?id=10776&form=11508&name=list& HTTP/1.1" 200 1895 "http://ed.activities.at/entry.php?id=11683&" "Mozilla/5.0 (Windows NT 10.0; WOW64; rv:55.0) Gecko/20100101 Firefox/55.0"
81.189.93.28 - - [11/Sep/2017:16:35:16 +0200] "GET /entry.php?id=10778&form=11508&name=list& HTTP/1.1" 200 3499 "http://ed.activities.at/entry.php?id=11683&" "Mozilla/5.0 (Windows NT 10.0; WOW64; rv:55.0) Gecko/20100101 Firefox/55.0"
81.189.93.28 - - [11/Sep/2017:16:35:19 +0200] "POST /entry.php?id=11684 HTTP/1.1" 200 3958 "http://ed.activities.at/entry.php?id=11684&" "Mozilla/5.0 (Windows NT 10.0; WOW64; rv:55.0) Gecko/20100101 Firefox/55.0"
81.189.93.28 - - [11/Sep/2017:16:35:20 +0200] "GET /gui/javascript/form_form.js?1505140520 HTTP/1.1" 200 16206 "http://ed.activities.at/entry.php?id=11684" "Mozilla/5.0 (Windows NT 10.0; WOW64; rv:55.0) Gecko/20100101 Firefox/55.0"
81.189.93.28 - - [11/Sep/2017:16:35:29 +0200] "POST /entry.php?id=11684 HTTP/1.1" 200 4259 "http://ed.activities.at/entry.php?id=11684" "Mozilla/5.0 (Windows NT 10.0; WOW64; rv:55.0) Gecko/20100101 Firefox/55.0"
81.189.93.28 - - [11/Sep/2017:16:35:30 +0200] "GET /gui/javascript/form_form.js?1505140530 HTTP/1.1" 200 16206 "http://ed.activities.at/entry.php?id=11684" "Mozilla/5.0 (Windows NT 10.0; WOW64; rv:55.0) Gecko/20100101 Firefox/55.0"
81.189.93.28 - - [11/Sep/2017:16:35:31 +0200] "POST /entry.php?id=11684 HTTP/1.1" 200 3402 "http://ed.activities.at/entry.php?id=11684" "Mozilla/5.0 (Windows NT 10.0; WOW64; rv:55.0) Gecko/20100101 Firefox/55.0"
81.189.93.28 - - [11/Sep/2017:16:35:31 +0200] "GET /gui/javascript/form_form.js?1505140531 HTTP/1.1" 200 16206 "http://ed.activities.at/entry.php?id=11684" "Mozilla/5.0 (Windows NT 10.0; WOW64; rv:55.0) Gecko/20100101 Firefox/55.0"
81.189.93.28 - - [11/Sep/2017:16:35:32 +0200] "GET /framework/webfx/javascript/tinymce/skins/lightgray/content.min.css HTTP/1.1" 404 325 "http://ed.activities.at/entry.php?id=11684" "Mozilla/5.0 (Windows NT 10.0; WOW64; rv:55.0) Gecko/20100101 Firefox/55.0"
80.122.130.46 - - [11/Sep/2017:16:35:42 +0200] "GET /entry.php?id=10271&&ser=140481 HTTP/1.1" 200 988 "http://ed.activities.at/entry.php?id=10271&&ser=140421" "Mozilla/5.0 (Windows NT 6.1; rv:55.0) Gecko/20100101 Firefox/55.0"
80.122.130.46 - - [11/Sep/2017:16:35:42 +0200] "GET /gui/javascript/form_form.js?1505140542 HTTP/1.1" 200 16206 "http://ed.activities.at/entry.php?id=10271&&ser=140481" "Mozilla/5.0 (Windows NT 6.1; rv:55.0) Gecko/20100101 Firefox/55.0"
80.122.130.46 - - [11/Sep/2017:16:35:49 +0200] "POST /entry.php?id=11671 HTTP/1.1" 200 4783 "http://ed.activities.at/entry.php?id=11671" "Mozilla/5.0 (Windows NT 6.1; rv:55.0) Gecko/20100101 Firefox/55.0"
80.122.130.46 - - [11/Sep/2017:16:35:50 +0200] "GET /gui/javascript/form_form.js?1505140550 HTTP/1.1" 200 16206 "http://ed.activities.at/entry.php?id=11671" "Mozilla/5.0 (Windows NT 6.1; rv:55.0) Gecko/20100101 Firefox/55.0"
80.122.130.46 - - [11/Sep/2017:16:35:50 +0200] "GET /entry.php?id=10776&form=11496&name=list& HTTP/1.1" 200 1519 "http://ed.activities.at/entry.php?id=11671" "Mozilla/5.0 (Windows NT 6.1; rv:55.0) Gecko/20100101 Firefox/55.0"
80.122.130.46 - - [11/Sep/2017:16:35:50 +0200] "GET /entry.php?id=10778&form=11496&name=list& HTTP/1.1" 200 5760 "http://ed.activities.at/entry.php?id=11671" "Mozilla/5.0 (Windows NT 6.1; rv:55.0) Gecko/20100101 Firefox/55.0"
90.146.3.54 - - [11/Sep/2017:16:35:51 +0200] "GET /entry.php?id=10271&&ser=140491 HTTP/1.1" 200 987 "http://ed.activities.at/entry.php?id=10271&&ser=140430" "Mozilla/5.0 (Windows NT 10.0; Win64; x64) AppleWebKit/537.36 (KHTML, like Gecko) Chrome/60.0.3112.113 Safari/537.36"
90.146.3.54 - - [11/Sep/2017:16:35:51 +0200] "GET /gui/javascript/form_form.js?1505140551 HTTP/1.1" 200 16206 "http://ed.activities.at/entry.php?id=10271&&ser=140491" "Mozilla/5.0 (Windows NT 10.0; Win64; x64) AppleWebKit/537.36 (KHTML, like Gecko) Chrome/60.0.3112.113 Safari/537.36"
80.122.130.46 - - [11/Sep/2017:16:35:53 +0200] "POST /entry.php?id=11671 HTTP/1.1" 200 4815 "http://ed.activities.at/entry.php?id=11671" "Mozilla/5.0 (Windows NT 6.1; rv:55.0) Gecko/20100101 Firefox/55.0"
80.122.130.46 - - [11/Sep/2017:16:35:53 +0200] "GET /gui/javascript/form_form.js?1505140553 HTTP/1.1" 200 16206 "http://ed.activities.at/entry.php?id=11671" "Mozilla/5.0 (Windows NT 6.1; rv:55.0) Gecko/20100101 Firefox/55.0"
80.122.130.46 - - [11/Sep/2017:16:35:54 +0200] "GET /entry.php?id=10776&form=11496&name=list& HTTP/1.1" 200 1519 "http://ed.activities.at/entry.php?id=11671" "Mozilla/5.0 (Windows NT 6.1; rv:55.0) Gecko/20100101 Firefox/55.0"
80.122.130.46 - - [11/Sep/2017:16:35:54 +0200] "GET /entry.php?id=10778&form=11496&name=list& HTTP/1.1" 200 5862 "http://ed.activities.at/entry.php?id=11671" "Mozilla/5.0 (Windows NT 6.1; rv:55.0) Gecko/20100101 Firefox/55.0"
80.122.130.46 - - [11/Sep/2017:16:36:01 +0200] "POST /entry.php?id=11671 HTTP/1.1" 200 4790 "http://ed.activities.at/entry.php?id=11671" "Mozilla/5.0 (Windows NT 6.1; rv:55.0) Gecko/20100101 Firefox/55.0"
80.122.130.46 - - [11/Sep/2017:16:36:01 +0200] "GET /gui/javascript/form_form.js?1505140561 HTTP/1.1" 200 16206 "http://ed.activities.at/entry.php?id=11671" "Mozilla/5.0 (Windows NT 6.1; rv:55.0) Gecko/20100101 Firefox/55.0"
81.189.93.28 - - [11/Sep/2017:16:36:01 +0200] "GET /entry.php?id=10271&&ser=140501 HTTP/1.1" 200 987 "http://ed.activities.at/entry.php?id=10271&&ser=140388" "Mozilla/5.0 (Windows NT 10.0; WOW64; rv:55.0) Gecko/20100101 Firefox/55.0"
81.189.93.28 - - [11/Sep/2017:16:36:02 +0200] "GET /gui/javascript/form_form.js?1505140561 HTTP/1.1" 200 16206 "http://ed.activities.at/entry.php?id=10271&&ser=140501" "Mozilla/5.0 (Windows NT 10.0; WOW64; rv:55.0) Gecko/20100101 Firefox/55.0"
80.122.130.46 - - [11/Sep/2017:16:36:01 +0200] "GET /entry.php?id=10776&form=11496&name=list& HTTP/1.1" 200 1519 "http://ed.activities.at/entry.php?id=11671" "Mozilla/5.0 (Windows NT 6.1; rv:55.0) Gecko/20100101 Firefox/55.0"
80.122.130.46 - - [11/Sep/2017:16:36:01 +0200] "GET /entry.php?id=10778&form=11496&name=list& HTTP/1.1" 200 5761 "http://ed.activities.at/entry.php?id=11671" "Mozilla/5.0 (Windows NT 6.1; rv:55.0) Gecko/20100101 Firefox/55.0"
81.189.93.28 - - [11/Sep/2017:16:36:07 +0200] "POST /entry.php?id=11684 HTTP/1.1" 200 3682 "http://ed.activities.at/entry.php?id=11684" "Mozilla/5.0 (Windows NT 10.0; WOW64; rv:55.0) Gecko/20100101 Firefox/55.0"
81.189.93.28 - - [11/Sep/2017:16:36:07 +0200] "GET /gui/javascript/form_form.js?1505140567 HTTP/1.1" 200 16206 "http://ed.activities.at/entry.php?id=11684" "Mozilla/5.0 (Windows NT 10.0; WOW64; rv:55.0) Gecko/20100101 Firefox/55.0"
81.189.93.28 - - [11/Sep/2017:16:36:08 +0200] "GET /framework/webfx/javascript/tinymce/skins/lightgray/content.min.css HTTP/1.1" 404 325 "http://ed.activities.at/entry.php?id=11684" "Mozilla/5.0 (Windows NT 10.0; WOW64; rv:55.0) Gecko/20100101 Firefox/55.0"
80.122.130.46 - - [11/Sep/2017:16:36:08 +0200] "POST /entry.php?id=11671 HTTP/1.1" 200 4795 "http://ed.activities.at/entry.php?id=11671" "Mozilla/5.0 (Windows NT 6.1; rv:55.0) Gecko/20100101 Firefox/55.0"
80.122.130.46 - - [11/Sep/2017:16:36:09 +0200] "GET /gui/javascript/form_form.js?1505140569 HTTP/1.1" 200 16206 "http://ed.activities.at/entry.php?id=11671" "Mozilla/5.0 (Windows NT 6.1; rv:55.0) Gecko/20100101 Firefox/55.0"
80.122.130.46 - - [11/Sep/2017:16:36:09 +0200] "GET /entry.php?id=10776&form=11496&name=list& HTTP/1.1" 200 1519 "http://ed.activities.at/entry.php?id=11671" "Mozilla/5.0 (Windows NT 6.1; rv:55.0) Gecko/20100101 Firefox/55.0"
80.122.130.46 - - [11/Sep/2017:16:36:09 +0200] "GET /entry.php?id=10778&form=11496&name=list& HTTP/1.1" 200 5732 "http://ed.activities.at/entry.php?id=11671" "Mozilla/5.0 (Windows NT 6.1; rv:55.0) Gecko/20100101 Firefox/55.0"
80.122.130.46 - - [11/Sep/2017:16:36:20 +0200] "POST /entry.php?id=11671 HTTP/1.1" 200 4776 "http://ed.activities.at/entry.php?id=11671" "Mozilla/5.0 (Windows NT 6.1; rv:55.0) Gecko/20100101 Firefox/55.0"
80.122.130.46 - - [11/Sep/2017:16:36:20 +0200] "GET /gui/javascript/form_form.js?1505140580 HTTP/1.1" 200 16206 "http://ed.activities.at/entry.php?id=11671" "Mozilla/5.0 (Windows NT 6.1; rv:55.0) Gecko/20100101 Firefox/55.0"
80.122.130.46 - - [11/Sep/2017:16:36:21 +0200] "GET /entry.php?id=10776&form=11496&name=list& HTTP/1.1" 200 1519 "http://ed.activities.at/entry.php?id=11671" "Mozilla/5.0 (Windows NT 6.1; rv:55.0) Gecko/20100101 Firefox/55.0"
80.122.130.46 - - [11/Sep/2017:16:36:21 +0200] "GET /entry.php?id=10778&form=11496&name=list& HTTP/1.1" 200 5742 "http://ed.activities.at/entry.php?id=11671" "Mozilla/5.0 (Windows NT 6.1; rv:55.0) Gecko/20100101 Firefox/55.0"
80.122.130.46 - - [11/Sep/2017:16:36:22 +0200] "POST /entry.php?id=11671 HTTP/1.1" 200 4872 "http://ed.activities.at/entry.php?id=11671" "Mozilla/5.0 (Windows NT 6.1; rv:55.0) Gecko/20100101 Firefox/55.0"
80.122.130.46 - - [11/Sep/2017:16:36:23 +0200] "GET /gui/javascript/form_form.js?1505140583 HTTP/1.1" 200 16206 "http://ed.activities.at/entry.php?id=11671" "Mozilla/5.0 (Windows NT 6.1; rv:55.0) Gecko/20100101 Firefox/55.0"
80.122.130.46 - - [11/Sep/2017:16:36:23 +0200] "GET /entry.php?id=10776&form=11496&name=list& HTTP/1.1" 200 1519 "http://ed.activities.at/entry.php?id=11671" "Mozilla/5.0 (Windows NT 6.1; rv:55.0) Gecko/20100101 Firefox/55.0"
80.122.130.46 - - [11/Sep/2017:16:36:23 +0200] "GET /entry.php?id=10778&form=11496&name=list& HTTP/1.1" 200 5717 "http://ed.activities.at/entry.php?id=11671" "Mozilla/5.0 (Windows NT 6.1; rv:55.0) Gecko/20100101 Firefox/55.0"
80.122.130.46 - - [11/Sep/2017:16:36:33 +0200] "POST /entry.php?id=11671 HTTP/1.1" 200 4785 "http://ed.activities.at/entry.php?id=11671" "Mozilla/5.0 (Windows NT 6.1; rv:55.0) Gecko/20100101 Firefox/55.0"
80.122.130.46 - - [11/Sep/2017:16:36:33 +0200] "GET /gui/javascript/form_form.js?1505140593 HTTP/1.1" 200 16206 "http://ed.activities.at/entry.php?id=11671" "Mozilla/5.0 (Windows NT 6.1; rv:55.0) Gecko/20100101 Firefox/55.0"
80.122.130.46 - - [11/Sep/2017:16:36:33 +0200] "GET /entry.php?id=10776&form=11496&name=list& HTTP/1.1" 200 1519 "http://ed.activities.at/entry.php?id=11671" "Mozilla/5.0 (Windows NT 6.1; rv:55.0) Gecko/20100101 Firefox/55.0"
80.122.130.46 - - [11/Sep/2017:16:36:33 +0200] "GET /entry.php?id=10778&form=11496&name=list& HTTP/1.1" 200 5760 "http://ed.activities.at/entry.php?id=11671" "Mozilla/5.0 (Windows NT 6.1; rv:55.0) Gecko/20100101 Firefox/55.0"
80.122.130.46 - - [11/Sep/2017:16:36:37 +0200] "POST /entry.php?id=11671 HTTP/1.1" 200 4871 "http://ed.activities.at/entry.php?id=11671" "Mozilla/5.0 (Windows NT 6.1; rv:55.0) Gecko/20100101 Firefox/55.0"
80.122.130.46 - - [11/Sep/2017:16:36:37 +0200] "GET /gui/javascript/form_form.js?1505140597 HTTP/1.1" 200 16206 "http://ed.activities.at/entry.php?id=11671" "Mozilla/5.0 (Windows NT 6.1; rv:55.0) Gecko/20100101 Firefox/55.0"
80.122.130.46 - - [11/Sep/2017:16:36:38 +0200] "GET /entry.php?id=10776&form=11496&name=list& HTTP/1.1" 200 1519 "http://ed.activities.at/entry.php?id=11671" "Mozilla/5.0 (Windows NT 6.1; rv:55.0) Gecko/20100101 Firefox/55.0"
80.122.130.46 - - [11/Sep/2017:16:36:38 +0200] "GET /entry.php?id=10778&form=11496&name=list& HTTP/1.1" 200 5717 "http://ed.activities.at/entry.php?id=11671" "Mozilla/5.0 (Windows NT 6.1; rv:55.0) Gecko/20100101 Firefox/55.0"
81.189.93.28 - - [11/Sep/2017:16:36:42 +0200] "GET /entry.php?id=10287&login=1 HTTP/1.1" 200 2206 "http://ed.activities.at/entry.php?id=10273&" "Mozilla/5.0 (Windows NT 10.0; WOW64; rv:55.0) Gecko/20100101 Firefox/55.0"
80.122.130.46 - - [11/Sep/2017:16:36:42 +0200] "GET /entry.php?id=10271&&ser=140542 HTTP/1.1" 200 987 "http://ed.activities.at/entry.php?id=10271&&ser=140481" "Mozilla/5.0 (Windows NT 6.1; rv:55.0) Gecko/20100101 Firefox/55.0"
81.189.93.28 - - [11/Sep/2017:16:36:42 +0200] "GET /gui/javascript/form_form.js?1505140602 HTTP/1.1" 200 16206 "http://ed.activities.at/entry.php?id=10287&login=1" "Mozilla/5.0 (Windows NT 10.0; WOW64; rv:55.0) Gecko/20100101 Firefox/55.0"
80.122.130.46 - - [11/Sep/2017:16:36:42 +0200] "GET /gui/javascript/form_form.js?1505140602 HTTP/1.1" 200 16206 "http://ed.activities.at/entry.php?id=10271&&ser=140542" "Mozilla/5.0 (Windows NT 6.1; rv:55.0) Gecko/20100101 Firefox/55.0"
80.122.130.46 - - [11/Sep/2017:16:36:44 +0200] "POST /entry.php?id=11671 HTTP/1.1" 200 4785 "http://ed.activities.at/entry.php?id=11671" "Mozilla/5.0 (Windows NT 6.1; rv:55.0) Gecko/20100101 Firefox/55.0"
80.122.130.46 - - [11/Sep/2017:16:36:45 +0200] "GET /gui/javascript/form_form.js?1505140605 HTTP/1.1" 200 16206 "http://ed.activities.at/entry.php?id=11671" "Mozilla/5.0 (Windows NT 6.1; rv:55.0) Gecko/20100101 Firefox/55.0"
80.122.130.46 - - [11/Sep/2017:16:36:45 +0200] "GET /entry.php?id=10776&form=11496&name=list& HTTP/1.1" 200 1519 "http://ed.activities.at/entry.php?id=11671" "Mozilla/5.0 (Windows NT 6.1; rv:55.0) Gecko/20100101 Firefox/55.0"
80.122.130.46 - - [11/Sep/2017:16:36:45 +0200] "GET /entry.php?id=10778&form=11496&name=list& HTTP/1.1" 200 5760 "http://ed.activities.at/entry.php?id=11671" "Mozilla/5.0 (Windows NT 6.1; rv:55.0) Gecko/20100101 Firefox/55.0"
81.189.93.28 - - [11/Sep/2017:16:36:45 +0200] "POST /entry.php?id=10287& HTTP/1.1" 200 2281 "http://ed.activities.at/entry.php?id=10287&login=1" "Mozilla/5.0 (Windows NT 10.0; WOW64; rv:55.0) Gecko/20100101 Firefox/55.0"
81.189.93.28 - - [11/Sep/2017:16:36:46 +0200] "GET /gui/javascript/form_form.js?1505140606 HTTP/1.1" 200 16206 "http://ed.activities.at/entry.php?id=10287&" "Mozilla/5.0 (Windows NT 10.0; WOW64; rv:55.0) Gecko/20100101 Firefox/55.0"
81.189.93.28 - - [11/Sep/2017:16:36:46 +0200] "GET /entry.php?id=10271&&ser=140501 HTTP/1.1" 200 987 "http://ed.activities.at/entry.php?id=10271&&ser=140388" "Mozilla/5.0 (Windows NT 10.0; WOW64; rv:55.0) Gecko/20100101 Firefox/55.0"
81.189.93.28 - - [11/Sep/2017:16:36:46 +0200] "GET /gui/javascript/jquery/css/gui-themes/custom.min.css HTTP/1.1" 304 - "http://ed.activities.at/entry.php?id=10271&&ser=140501" "Mozilla/5.0 (Windows NT 10.0; WOW64; rv:55.0) Gecko/20100101 Firefox/55.0"
81.189.93.28 - - [11/Sep/2017:16:36:46 +0200] "GET /gui/javascript/jquery/css/gui-themes/ui.spinner.css HTTP/1.1" 304 - "http://ed.activities.at/entry.php?id=10271&&ser=140501" "Mozilla/5.0 (Windows NT 10.0; WOW64; rv:55.0) Gecko/20100101 Firefox/55.0"
81.189.93.28 - - [11/Sep/2017:16:36:46 +0200] "GET /gui/javascript/jquery/css/gui-themes/jquery.tooltip.css HTTP/1.1" 304 - "http://ed.activities.at/entry.php?id=10271&&ser=140501" "Mozilla/5.0 (Windows NT 10.0; WOW64; rv:55.0) Gecko/20100101 Firefox/55.0"
81.189.93.28 - - [11/Sep/2017:16:36:46 +0200] "GET /gui/styles/tmplDefault.css HTTP/1.1" 304 - "http://ed.activities.at/entry.php?id=10271&&ser=140501" "Mozilla/5.0 (Windows NT 10.0; WOW64; rv:55.0) Gecko/20100101 Firefox/55.0"
81.189.93.28 - - [11/Sep/2017:16:36:46 +0200] "GET /gui/javascript/form_form.js?1505140606 HTTP/1.1" 304 - "http://ed.activities.at/entry.php?id=10271&&ser=140501" "Mozilla/5.0 (Windows NT 10.0; WOW64; rv:55.0) Gecko/20100101 Firefox/55.0"
81.189.93.28 - - [11/Sep/2017:16:36:46 +0200] "GET /gui/javascript/jquery/js/jquery-1.8.2.js HTTP/1.1" 304 - "http://ed.activities.at/entry.php?id=10271&&ser=140501" "Mozilla/5.0 (Windows NT 10.0; WOW64; rv:55.0) Gecko/20100101 Firefox/55.0"
81.189.93.28 - - [11/Sep/2017:16:36:46 +0200] "GET /gui/javascript/jquery/js/jquery-ui-1.9.0.custom.min.js HTTP/1.1" 304 - "http://ed.activities.at/entry.php?id=10271&&ser=140501" "Mozilla/5.0 (Windows NT 10.0; WOW64; rv:55.0) Gecko/20100101 Firefox/55.0"
81.189.93.28 - - [11/Sep/2017:16:36:46 +0200] "GET /gui/javascript/jquery/jquery-tooltip/jquery.tooltip.min.js HTTP/1.1" 304 - "http://ed.activities.at/entry.php?id=10271&&ser=140501" "Mozilla/5.0 (Windows NT 10.0; WOW64; rv:55.0) Gecko/20100101 Firefox/55.0"
90.146.3.54 - - [11/Sep/2017:16:36:52 +0200] "GET /entry.php?id=10271&&ser=140551 HTTP/1.1" 200 987 "http://ed.activities.at/entry.php?id=10271&&ser=140491" "Mozilla/5.0 (Windows NT 10.0; Win64; x64) AppleWebKit/537.36 (KHTML, like Gecko) Chrome/60.0.3112.113 Safari/537.36"
90.146.3.54 - - [11/Sep/2017:16:36:52 +0200] "GET /gui/javascript/form_form.js?1505140612 HTTP/1.1" 200 16206 "http://ed.activities.at/entry.php?id=10271&&ser=140551" "Mozilla/5.0 (Windows NT 10.0; Win64; x64) AppleWebKit/537.36 (KHTML, like Gecko) Chrome/60.0.3112.113 Safari/537.36"
80.122.130.46 - - [11/Sep/2017:16:36:55 +0200] "POST /entry.php?id=11671 HTTP/1.1" 200 4955 "http://ed.activities.at/entry.php?id=11671" "Mozilla/5.0 (Windows NT 6.1; rv:55.0) Gecko/20100101 Firefox/55.0"
80.122.130.46 - - [11/Sep/2017:16:36:55 +0200] "GET /gui/javascript/form_form.js?1505140615 HTTP/1.1" 200 16206 "http://ed.activities.at/entry.php?id=11671" "Mozilla/5.0 (Windows NT 6.1; rv:55.0) Gecko/20100101 Firefox/55.0"
80.122.130.46 - - [11/Sep/2017:16:36:56 +0200] "GET /entry.php?id=10776&form=11496&name=list& HTTP/1.1" 200 1519 "http://ed.activities.at/entry.php?id=11671" "Mozilla/5.0 (Windows NT 6.1; rv:55.0) Gecko/20100101 Firefox/55.0"
80.122.130.46 - - [11/Sep/2017:16:36:56 +0200] "GET /entry.php?id=10778&form=11496&name=list& HTTP/1.1" 200 5760 "http://ed.activities.at/entry.php?id=11671" "Mozilla/5.0 (Windows NT 6.1; rv:55.0) Gecko/20100101 Firefox/55.0"
81.189.93.28 - - [11/Sep/2017:16:37:02 +0200] "GET /entry.php?id=11679 HTTP/1.1" 200 312 "http://ed.activities.at/entry.php?id=10270&__app__=10006038" "Mozilla/5.0 (Windows NT 10.0; WOW64; rv:55.0) Gecko/20100101 Firefox/55.0"
81.189.93.28 - - [11/Sep/2017:16:37:02 +0200] "GET /entry.php?id=10676&title=Portal& HTTP/1.1" 200 1386 "http://ed.activities.at/entry.php?id=11679" "Mozilla/5.0 (Windows NT 10.0; WOW64; rv:55.0) Gecko/20100101 Firefox/55.0"
81.189.93.28 - - [11/Sep/2017:16:37:03 +0200] "GET /gui/javascript/form_form.js?1505140623 HTTP/1.1" 200 16206 "http://ed.activities.at/entry.php?id=10676&title=Portal&" "Mozilla/5.0 (Windows NT 10.0; WOW64; rv:55.0) Gecko/20100101 Firefox/55.0"
80.122.130.46 - - [11/Sep/2017:16:37:02 +0200] "POST /entry.php?id=11672 HTTP/1.1" 200 2700 "http://ed.activities.at/entry.php?id=11672" "Mozilla/5.0 (Windows NT 6.1; rv:55.0) Gecko/20100101 Firefox/55.0"
80.122.130.46 - - [11/Sep/2017:16:37:03 +0200] "GET /gui/javascript/form_form.js?1505140623 HTTP/1.1" 200 16206 "http://ed.activities.at/entry.php?id=11672" "Mozilla/5.0 (Windows NT 6.1; rv:55.0) Gecko/20100101 Firefox/55.0"
81.189.93.28 - - [11/Sep/2017:16:37:02 +0200] "GET /entry.php?id=11677& HTTP/1.1" 200 4374 "http://ed.activities.at/entry.php?id=11679" "Mozilla/5.0 (Windows NT 10.0; WOW64; rv:55.0) Gecko/20100101 Firefox/55.0"
81.189.93.28 - - [11/Sep/2017:16:37:02 +0200] "GET /entry.php?id=11678& HTTP/1.1" 200 3379 "http://ed.activities.at/entry.php?id=11679" "Mozilla/5.0 (Windows NT 10.0; WOW64; rv:55.0) Gecko/20100101 Firefox/55.0"
81.189.93.28 - - [11/Sep/2017:16:37:03 +0200] "GET /activities/framework/KoolControls/KoolAjax/koolajax.php?8436e354c842500aba3cbaf0584c0c24 HTTP/1.1" 200 4079 "http://ed.activities.at/entry.php?id=11678&" "Mozilla/5.0 (Windows NT 10.0; WOW64; rv:55.0) Gecko/20100101 Firefox/55.0"
81.189.93.28 - - [11/Sep/2017:16:37:03 +0200] "GET /activities/framework/KoolControls/KoolTreeView/kooltreeview.php?c7cd9180e88ffef8e70f13526bb4f5f7 HTTP/1.1" 200 5055 "http://ed.activities.at/entry.php?id=11678&" "Mozilla/5.0 (Windows NT 10.0; WOW64; rv:55.0) Gecko/20100101 Firefox/55.0"
81.189.93.28 - - [11/Sep/2017:16:37:03 +0200] "GET /entry.php?id=11618&&object=&item=&emu_class= HTTP/1.1" 200 1701 "http://ed.activities.at/entry.php?id=11677&" "Mozilla/5.0 (Windows NT 10.0; WOW64; rv:55.0) Gecko/20100101 Firefox/55.0"
80.122.130.46 - - [11/Sep/2017:16:37:03 +0200] "GET /entry.php?id=10776&form=11497&name=list& HTTP/1.1" 200 1946 "http://ed.activities.at/entry.php?id=11672" "Mozilla/5.0 (Windows NT 6.1; rv:55.0) Gecko/20100101 Firefox/55.0"
80.122.130.46 - - [11/Sep/2017:16:37:04 +0200] "GET /framework/icons/sortDown.gif HTTP/1.1" 200 54 "http://ed.activities.at/entry.php?id=10776&form=11497&name=list&" "Mozilla/5.0 (Windows NT 6.1; rv:55.0) Gecko/20100101 Firefox/55.0"
80.122.130.46 - - [11/Sep/2017:16:37:03 +0200] "GET /entry.php?id=10778&form=11497&name=list& HTTP/1.1" 200 8388 "http://ed.activities.at/entry.php?id=11672" "Mozilla/5.0 (Windows NT 6.1; rv:55.0) Gecko/20100101 Firefox/55.0"
81.189.93.28 - - [11/Sep/2017:16:37:03 +0200] "POST /entry.php?id=11677 HTTP/1.1" 200 4458 "http://ed.activities.at/entry.php?id=11677&" "Mozilla/5.0 (Windows NT 10.0; WOW64; rv:55.0) Gecko/20100101 Firefox/55.0"
81.189.93.28 - - [11/Sep/2017:16:37:04 +0200] "GET /gui/javascript/form_form.js?1505140624 HTTP/1.1" 200 16206 "http://ed.activities.at/entry.php?id=11677" "Mozilla/5.0 (Windows NT 10.0; WOW64; rv:55.0) Gecko/20100101 Firefox/55.0"
81.189.93.28 - - [11/Sep/2017:16:37:05 +0200] "POST /entry.php?id=11677 HTTP/1.1" 200 4459 "http://ed.activities.at/entry.php?id=11677" "Mozilla/5.0 (Windows NT 10.0; WOW64; rv:55.0) Gecko/20100101 Firefox/55.0"
81.189.93.28 - - [11/Sep/2017:16:37:05 +0200] "GET /gui/javascript/form_form.js?1505140625 HTTP/1.1" 200 16206 "http://ed.activities.at/entry.php?id=11677" "Mozilla/5.0 (Windows NT 10.0; WOW64; rv:55.0) Gecko/20100101 Firefox/55.0"
81.189.93.28 - - [11/Sep/2017:16:37:10 +0200] "GET /entry.php?id=11681 HTTP/1.1" 200 328 "http://ed.activities.at/entry.php?id=10270&__app__=10006038" "Mozilla/5.0 (Windows NT 10.0; WOW64; rv:55.0) Gecko/20100101 Firefox/55.0"
81.189.93.28 - - [11/Sep/2017:16:37:10 +0200] "GET /entry.php?id=10676&&title=Contentverwaltung HTTP/1.1" 200 1391 "http://ed.activities.at/entry.php?id=11681" "Mozilla/5.0 (Windows NT 10.0; WOW64; rv:55.0) Gecko/20100101 Firefox/55.0"
81.189.93.28 - - [11/Sep/2017:16:37:11 +0200] "GET /gui/javascript/form_form.js?1505140631 HTTP/1.1" 200 16206 "http://ed.activities.at/entry.php?id=10676&&title=Contentverwaltung" "Mozilla/5.0 (Windows NT 10.0; WOW64; rv:55.0) Gecko/20100101 Firefox/55.0"
81.189.93.28 - - [11/Sep/2017:16:37:10 +0200] "GET /entry.php?id=11683& HTTP/1.1" 200 2679 "http://ed.activities.at/entry.php?id=11681" "Mozilla/5.0 (Windows NT 10.0; WOW64; rv:55.0) Gecko/20100101 Firefox/55.0"
81.189.93.28 - - [11/Sep/2017:16:37:10 +0200] "GET /entry.php?id=11684& HTTP/1.1" 200 3804 "http://ed.activities.at/entry.php?id=11681" "Mozilla/5.0 (Windows NT 10.0; WOW64; rv:55.0) Gecko/20100101 Firefox/55.0"
81.189.93.28 - - [11/Sep/2017:16:37:11 +0200] "GET /entry.php?id=10776&form=11508&name=list& HTTP/1.1" 200 1895 "http://ed.activities.at/entry.php?id=11683&" "Mozilla/5.0 (Windows NT 10.0; WOW64; rv:55.0) Gecko/20100101 Firefox/55.0"
81.189.93.28 - - [11/Sep/2017:16:37:11 +0200] "GET /entry.php?id=10778&form=11508&name=list& HTTP/1.1" 200 3508 "http://ed.activities.at/entry.php?id=11683&" "Mozilla/5.0 (Windows NT 10.0; WOW64; rv:55.0) Gecko/20100101 Firefox/55.0"
81.189.93.28 - - [11/Sep/2017:16:37:18 +0200] "POST /entry.php?id=11684 HTTP/1.1" 200 3947 "http://ed.activities.at/entry.php?id=11684&" "Mozilla/5.0 (Windows NT 10.0; WOW64; rv:55.0) Gecko/20100101 Firefox/55.0"
81.189.93.28 - - [11/Sep/2017:16:37:18 +0200] "GET /gui/javascript/form_form.js?1505140638 HTTP/1.1" 200 16206 "http://ed.activities.at/entry.php?id=11684" "Mozilla/5.0 (Windows NT 10.0; WOW64; rv:55.0) Gecko/20100101 Firefox/55.0"
81.189.93.28 - - [11/Sep/2017:16:37:20 +0200] "POST /entry.php?id=11684 HTTP/1.1" 200 3408 "http://ed.activities.at/entry.php?id=11684" "Mozilla/5.0 (Windows NT 10.0; WOW64; rv:55.0) Gecko/20100101 Firefox/55.0"
81.189.93.28 - - [11/Sep/2017:16:37:21 +0200] "GET /gui/javascript/form_form.js?1505140641 HTTP/1.1" 200 16206 "http://ed.activities.at/entry.php?id=11684" "Mozilla/5.0 (Windows NT 10.0; WOW64; rv:55.0) Gecko/20100101 Firefox/55.0"
81.189.93.28 - - [11/Sep/2017:16:37:21 +0200] "GET /framework/webfx/javascript/tinymce/skins/lightgray/content.min.css HTTP/1.1" 404 325 "http://ed.activities.at/entry.php?id=11684" "Mozilla/5.0 (Windows NT 10.0; WOW64; rv:55.0) Gecko/20100101 Firefox/55.0"
80.122.130.46 - - [11/Sep/2017:16:37:30 +0200] "POST /entry.php?id=11671 HTTP/1.1" 200 4787 "http://ed.activities.at/entry.php?id=11671" "Mozilla/5.0 (Windows NT 6.1; rv:55.0) Gecko/20100101 Firefox/55.0"
80.122.130.46 - - [11/Sep/2017:16:37:31 +0200] "GET /gui/javascript/form_form.js?1505140651 HTTP/1.1" 200 16206 "http://ed.activities.at/entry.php?id=11671" "Mozilla/5.0 (Windows NT 6.1; rv:55.0) Gecko/20100101 Firefox/55.0"
80.122.130.46 - - [11/Sep/2017:16:37:31 +0200] "GET /entry.php?id=10776&form=11496&name=list& HTTP/1.1" 200 1519 "http://ed.activities.at/entry.php?id=11671" "Mozilla/5.0 (Windows NT 6.1; rv:55.0) Gecko/20100101 Firefox/55.0"
80.122.130.46 - - [11/Sep/2017:16:37:31 +0200] "GET /entry.php?id=10778&form=11496&name=list& HTTP/1.1" 200 5761 "http://ed.activities.at/entry.php?id=11671" "Mozilla/5.0 (Windows NT 6.1; rv:55.0) Gecko/20100101 Firefox/55.0"
80.122.130.46 - - [11/Sep/2017:16:37:43 +0200] "GET /entry.php?id=10271&&ser=140602 HTTP/1.1" 200 987 "http://ed.activities.at/entry.php?id=10271&&ser=140542" "Mozilla/5.0 (Windows NT 6.1; rv:55.0) Gecko/20100101 Firefox/55.0"
80.122.130.46 - - [11/Sep/2017:16:37:43 +0200] "GET /gui/javascript/form_form.js?1505140663 HTTP/1.1" 200 16206 "http://ed.activities.at/entry.php?id=10271&&ser=140602" "Mozilla/5.0 (Windows NT 6.1; rv:55.0) Gecko/20100101 Firefox/55.0"
81.189.93.28 - - [11/Sep/2017:16:37:46 +0200] "GET /entry.php?id=10271&&ser=140606 HTTP/1.1" 200 987 "http://ed.activities.at/entry.php?id=10271&&ser=140501" "Mozilla/5.0 (Windows NT 10.0; WOW64; rv:55.0) Gecko/20100101 Firefox/55.0"
81.189.93.28 - - [11/Sep/2017:16:37:46 +0200] "GET /gui/javascript/form_form.js?1505140666 HTTP/1.1" 200 16206 "http://ed.activities.at/entry.php?id=10271&&ser=140606" "Mozilla/5.0 (Windows NT 10.0; WOW64; rv:55.0) Gecko/20100101 Firefox/55.0"
90.146.3.54 - - [11/Sep/2017:16:37:52 +0200] "GET /entry.php?id=10271&&ser=140612 HTTP/1.1" 200 987 "http://ed.activities.at/entry.php?id=10271&&ser=140551" "Mozilla/5.0 (Windows NT 10.0; Win64; x64) AppleWebKit/537.36 (KHTML, like Gecko) Chrome/60.0.3112.113 Safari/537.36"
90.146.3.54 - - [11/Sep/2017:16:37:52 +0200] "GET /gui/javascript/form_form.js?1505140672 HTTP/1.1" 200 16206 "http://ed.activities.at/entry.php?id=10271&&ser=140612" "Mozilla/5.0 (Windows NT 10.0; Win64; x64) AppleWebKit/537.36 (KHTML, like Gecko) Chrome/60.0.3112.113 Safari/537.36"
80.122.130.46 - - [11/Sep/2017:16:38:03 +0200] "POST /entry.php?id=11671 HTTP/1.1" 200 4791 "http://ed.activities.at/entry.php?id=11671" "Mozilla/5.0 (Windows NT 6.1; rv:55.0) Gecko/20100101 Firefox/55.0"
80.122.130.46 - - [11/Sep/2017:16:38:04 +0200] "GET /gui/javascript/form_form.js?1505140684 HTTP/1.1" 200 16206 "http://ed.activities.at/entry.php?id=11671" "Mozilla/5.0 (Windows NT 6.1; rv:55.0) Gecko/20100101 Firefox/55.0"
80.122.130.46 - - [11/Sep/2017:16:38:04 +0200] "GET /entry.php?id=10776&form=11496&name=list& HTTP/1.1" 200 1519 "http://ed.activities.at/entry.php?id=11671" "Mozilla/5.0 (Windows NT 6.1; rv:55.0) Gecko/20100101 Firefox/55.0"
80.122.130.46 - - [11/Sep/2017:16:38:04 +0200] "GET /entry.php?id=10778&form=11496&name=list& HTTP/1.1" 200 5732 "http://ed.activities.at/entry.php?id=11671" "Mozilla/5.0 (Windows NT 6.1; rv:55.0) Gecko/20100101 Firefox/55.0"
80.122.130.46 - - [11/Sep/2017:16:38:12 +0200] "POST /entry.php?id=11671 HTTP/1.1" 200 4781 "http://ed.activities.at/entry.php?id=11671" "Mozilla/5.0 (Windows NT 6.1; rv:55.0) Gecko/20100101 Firefox/55.0"
80.122.130.46 - - [11/Sep/2017:16:38:13 +0200] "GET /gui/javascript/form_form.js?1505140692 HTTP/1.1" 200 16206 "http://ed.activities.at/entry.php?id=11671" "Mozilla/5.0 (Windows NT 6.1; rv:55.0) Gecko/20100101 Firefox/55.0"
80.122.130.46 - - [11/Sep/2017:16:38:13 +0200] "GET /entry.php?id=10776&form=11496&name=list& HTTP/1.1" 200 1519 "http://ed.activities.at/entry.php?id=11671" "Mozilla/5.0 (Windows NT 6.1; rv:55.0) Gecko/20100101 Firefox/55.0"
80.122.130.46 - - [11/Sep/2017:16:38:13 +0200] "GET /entry.php?id=10778&form=11496&name=list& HTTP/1.1" 200 5742 "http://ed.activities.at/entry.php?id=11671" "Mozilla/5.0 (Windows NT 6.1; rv:55.0) Gecko/20100101 Firefox/55.0"
80.122.130.46 - - [11/Sep/2017:16:38:18 +0200] "POST /entry.php?id=11671 HTTP/1.1" 200 4796 "http://ed.activities.at/entry.php?id=11671" "Mozilla/5.0 (Windows NT 6.1; rv:55.0) Gecko/20100101 Firefox/55.0"
80.122.130.46 - - [11/Sep/2017:16:38:18 +0200] "GET /gui/javascript/form_form.js?1505140698 HTTP/1.1" 200 16206 "http://ed.activities.at/entry.php?id=11671" "Mozilla/5.0 (Windows NT 6.1; rv:55.0) Gecko/20100101 Firefox/55.0"
80.122.130.46 - - [11/Sep/2017:16:38:18 +0200] "GET /entry.php?id=10776&form=11496&name=list& HTTP/1.1" 200 1519 "http://ed.activities.at/entry.php?id=11671" "Mozilla/5.0 (Windows NT 6.1; rv:55.0) Gecko/20100101 Firefox/55.0"
80.122.130.46 - - [11/Sep/2017:16:38:18 +0200] "GET /entry.php?id=10778&form=11496&name=list& HTTP/1.1" 200 5756 "http://ed.activities.at/entry.php?id=11671" "Mozilla/5.0 (Windows NT 6.1; rv:55.0) Gecko/20100101 Firefox/55.0"
90.146.3.54 - - [11/Sep/2017:16:38:19 +0200] "POST /entry.php?id=11676 HTTP/1.1" 200 3712 "http://ed.activities.at/entry.php?id=11676" "Mozilla/5.0 (Windows NT 10.0; Win64; x64) AppleWebKit/537.36 (KHTML, like Gecko) Chrome/60.0.3112.113 Safari/537.36"
90.146.3.54 - - [11/Sep/2017:16:38:20 +0200] "GET /gui/javascript/form_form.js?1505140700 HTTP/1.1" 200 16206 "http://ed.activities.at/entry.php?id=11676" "Mozilla/5.0 (Windows NT 10.0; Win64; x64) AppleWebKit/537.36 (KHTML, like Gecko) Chrome/60.0.3112.113 Safari/537.36"
90.146.3.54 - - [11/Sep/2017:16:38:20 +0200] "GET /framework/webfx/javascript/tinymce/skins/lightgray/content.min.css HTTP/1.1" 404 325 "http://ed.activities.at/entry.php?id=11676" "Mozilla/5.0 (Windows NT 10.0; Win64; x64) AppleWebKit/537.36 (KHTML, like Gecko) Chrome/60.0.3112.113 Safari/537.36"
90.146.3.54 - - [11/Sep/2017:16:38:24 +0200] "POST /entry.php?id=11676 HTTP/1.1" 200 4617 "http://ed.activities.at/entry.php?id=11676" "Mozilla/5.0 (Windows NT 10.0; Win64; x64) AppleWebKit/537.36 (KHTML, like Gecko) Chrome/60.0.3112.113 Safari/537.36"
90.146.3.54 - - [11/Sep/2017:16:38:25 +0200] "GET /cache/emu/images/easy-drivers-steyr10291203/k_225_150_0.jpg HTTP/1.1" 304 - "http://ed.activities.at/entry.php?id=11676" "Mozilla/5.0 (Windows NT 10.0; Win64; x64) AppleWebKit/537.36 (KHTML, like Gecko) Chrome/60.0.3112.113 Safari/537.36"
90.146.3.54 - - [11/Sep/2017:16:38:25 +0200] "GET /gui/javascript/form_form.js?1505140705 HTTP/1.1" 200 16206 "http://ed.activities.at/entry.php?id=11676" "Mozilla/5.0 (Windows NT 10.0; Win64; x64) AppleWebKit/537.36 (KHTML, like Gecko) Chrome/60.0.3112.113 Safari/537.36"
80.122.130.46 - - [11/Sep/2017:16:38:24 +0200] "POST /entry.php?id=11671 HTTP/1.1" 200 4775 "http://ed.activities.at/entry.php?id=11671" "Mozilla/5.0 (Windows NT 6.1; rv:55.0) Gecko/20100101 Firefox/55.0"
80.122.130.46 - - [11/Sep/2017:16:38:25 +0200] "GET /gui/javascript/form_form.js?1505140705 HTTP/1.1" 200 16206 "http://ed.activities.at/entry.php?id=11671" "Mozilla/5.0 (Windows NT 6.1; rv:55.0) Gecko/20100101 Firefox/55.0"
80.122.130.46 - - [11/Sep/2017:16:38:25 +0200] "GET /entry.php?id=10778&form=11496&name=list& HTTP/1.1" 200 5599 "http://ed.activities.at/entry.php?id=11671" "Mozilla/5.0 (Windows NT 6.1; rv:55.0) Gecko/20100101 Firefox/55.0"
80.122.130.46 - - [11/Sep/2017:16:38:25 +0200] "GET /entry.php?id=10776&form=11496&name=list& HTTP/1.1" 200 1519 "http://ed.activities.at/entry.php?id=11671" "Mozilla/5.0 (Windows NT 6.1; rv:55.0) Gecko/20100101 Firefox/55.0"
90.146.3.54 - - [11/Sep/2017:16:38:26 +0200] "POST /entry.php?id=11676 HTTP/1.1" 200 4892 "http://ed.activities.at/entry.php?id=11676" "Mozilla/5.0 (Windows NT 10.0; Win64; x64) AppleWebKit/537.36 (KHTML, like Gecko) Chrome/60.0.3112.113 Safari/537.36"
90.146.3.54 - - [11/Sep/2017:16:38:28 +0200] "GET /gui/javascript/form_form.js?1505140708 HTTP/1.1" 200 16206 "http://ed.activities.at/entry.php?id=11676" "Mozilla/5.0 (Windows NT 10.0; Win64; x64) AppleWebKit/537.36 (KHTML, like Gecko) Chrome/60.0.3112.113 Safari/537.36"
90.146.3.54 - - [11/Sep/2017:16:38:33 +0200] "POST /entry.php?id=11676 HTTP/1.1" 200 4916 "http://ed.activities.at/entry.php?id=11676" "Mozilla/5.0 (Windows NT 10.0; Win64; x64) AppleWebKit/537.36 (KHTML, like Gecko) Chrome/60.0.3112.113 Safari/537.36"
90.146.3.54 - - [11/Sep/2017:16:38:34 +0200] "GET /gui/javascript/form_form.js?1505140714 HTTP/1.1" 200 16206 "http://ed.activities.at/entry.php?id=11676" "Mozilla/5.0 (Windows NT 10.0; Win64; x64) AppleWebKit/537.36 (KHTML, like Gecko) Chrome/60.0.3112.113 Safari/537.36"
90.146.3.54 - - [11/Sep/2017:16:38:35 +0200] "POST /entry.php?id=11676 HTTP/1.1" 200 4898 "http://ed.activities.at/entry.php?id=11676" "Mozilla/5.0 (Windows NT 10.0; Win64; x64) AppleWebKit/537.36 (KHTML, like Gecko) Chrome/60.0.3112.113 Safari/537.36"
90.146.3.54 - - [11/Sep/2017:16:38:36 +0200] "GET /gui/javascript/form_form.js?1505140716 HTTP/1.1" 200 16206 "http://ed.activities.at/entry.php?id=11676" "Mozilla/5.0 (Windows NT 10.0; Win64; x64) AppleWebKit/537.36 (KHTML, like Gecko) Chrome/60.0.3112.113 Safari/537.36"
80.122.130.46 - - [11/Sep/2017:16:38:43 +0200] "GET /entry.php?id=10271&&ser=140663 HTTP/1.1" 200 987 "http://ed.activities.at/entry.php?id=10271&&ser=140602" "Mozilla/5.0 (Windows NT 6.1; rv:55.0) Gecko/20100101 Firefox/55.0"
80.122.130.46 - - [11/Sep/2017:16:38:43 +0200] "GET /gui/javascript/form_form.js?1505140723 HTTP/1.1" 200 16206 "http://ed.activities.at/entry.php?id=10271&&ser=140663" "Mozilla/5.0 (Windows NT 6.1; rv:55.0) Gecko/20100101 Firefox/55.0"
81.189.93.28 - - [11/Sep/2017:16:38:47 +0200] "GET /entry.php?id=10271&&ser=140666 HTTP/1.1" 200 987 "http://ed.activities.at/entry.php?id=10271&&ser=140606" "Mozilla/5.0 (Windows NT 10.0; WOW64; rv:55.0) Gecko/20100101 Firefox/55.0"
81.189.93.28 - - [11/Sep/2017:16:38:47 +0200] "GET /gui/javascript/form_form.js?1505140727 HTTP/1.1" 200 16206 "http://ed.activities.at/entry.php?id=10271&&ser=140666" "Mozilla/5.0 (Windows NT 10.0; WOW64; rv:55.0) Gecko/20100101 Firefox/55.0"
90.146.3.54 - - [11/Sep/2017:16:38:53 +0200] "GET /entry.php?id=10271&&ser=140672 HTTP/1.1" 200 987 "http://ed.activities.at/entry.php?id=10271&&ser=140612" "Mozilla/5.0 (Windows NT 10.0; Win64; x64) AppleWebKit/537.36 (KHTML, like Gecko) Chrome/60.0.3112.113 Safari/537.36"
90.146.3.54 - - [11/Sep/2017:16:38:53 +0200] "GET /gui/javascript/form_form.js?1505140733 HTTP/1.1" 200 16206 "http://ed.activities.at/entry.php?id=10271&&ser=140672" "Mozilla/5.0 (Windows NT 10.0; Win64; x64) AppleWebKit/537.36 (KHTML, like Gecko) Chrome/60.0.3112.113 Safari/537.36"
90.146.3.54 - - [11/Sep/2017:16:38:58 +0200] "POST /entry.php?id=11676 HTTP/1.1" 200 3355 "http://ed.activities.at/entry.php?id=11676" "Mozilla/5.0 (Windows NT 10.0; Win64; x64) AppleWebKit/537.36 (KHTML, like Gecko) Chrome/60.0.3112.113 Safari/537.36"
90.146.3.54 - - [11/Sep/2017:16:38:59 +0200] "GET /gui/javascript/form_form.js?1505140739 HTTP/1.1" 200 16206 "http://ed.activities.at/entry.php?id=11676" "Mozilla/5.0 (Windows NT 10.0; Win64; x64) AppleWebKit/537.36 (KHTML, like Gecko) Chrome/60.0.3112.113 Safari/537.36"
90.146.3.54 - - [11/Sep/2017:16:38:59 +0200] "GET /framework/webfx/javascript/tinymce/skins/lightgray/content.min.css HTTP/1.1" 404 325 "http://ed.activities.at/entry.php?id=11676" "Mozilla/5.0 (Windows NT 10.0; Win64; x64) AppleWebKit/537.36 (KHTML, like Gecko) Chrome/60.0.3112.113 Safari/537.36"
90.146.3.54 - - [11/Sep/2017:16:39:08 +0200] "POST /entry.php?id=11676 HTTP/1.1" 200 3702 "http://ed.activities.at/entry.php?id=11676" "Mozilla/5.0 (Windows NT 10.0; Win64; x64) AppleWebKit/537.36 (KHTML, like Gecko) Chrome/60.0.3112.113 Safari/537.36"
90.146.3.54 - - [11/Sep/2017:16:39:09 +0200] "GET /gui/javascript/form_form.js?1505140749 HTTP/1.1" 200 16206 "http://ed.activities.at/entry.php?id=11676" "Mozilla/5.0 (Windows NT 10.0; Win64; x64) AppleWebKit/537.36 (KHTML, like Gecko) Chrome/60.0.3112.113 Safari/537.36"
90.146.3.54 - - [11/Sep/2017:16:39:09 +0200] "GET /framework/webfx/javascript/tinymce/skins/lightgray/content.min.css HTTP/1.1" 404 325 "http://ed.activities.at/entry.php?id=11676" "Mozilla/5.0 (Windows NT 10.0; Win64; x64) AppleWebKit/537.36 (KHTML, like Gecko) Chrome/60.0.3112.113 Safari/537.36"
90.146.3.54 - - [11/Sep/2017:16:39:10 +0200] "POST /entry.php?id=11676 HTTP/1.1" 200 4622 "http://ed.activities.at/entry.php?id=11676" "Mozilla/5.0 (Windows NT 10.0; Win64; x64) AppleWebKit/537.36 (KHTML, like Gecko) Chrome/60.0.3112.113 Safari/537.36"
90.146.3.54 - - [11/Sep/2017:16:39:11 +0200] "GET /gui/javascript/form_form.js?1505140750 HTTP/1.1" 200 16206 "http://ed.activities.at/entry.php?id=11676" "Mozilla/5.0 (Windows NT 10.0; Win64; x64) AppleWebKit/537.36 (KHTML, like Gecko) Chrome/60.0.3112.113 Safari/537.36"
90.146.3.54 - - [11/Sep/2017:16:39:12 +0200] "POST /entry.php?id=11676 HTTP/1.1" 200 4898 "http://ed.activities.at/entry.php?id=11676" "Mozilla/5.0 (Windows NT 10.0; Win64; x64) AppleWebKit/537.36 (KHTML, like Gecko) Chrome/60.0.3112.113 Safari/537.36"
90.146.3.54 - - [11/Sep/2017:16:39:13 +0200] "GET /gui/javascript/form_form.js?1505140753 HTTP/1.1" 200 16206 "http://ed.activities.at/entry.php?id=11676" "Mozilla/5.0 (Windows NT 10.0; Win64; x64) AppleWebKit/537.36 (KHTML, like Gecko) Chrome/60.0.3112.113 Safari/537.36"
80.122.130.46 - - [11/Sep/2017:16:39:44 +0200] "GET /entry.php?id=10271&&ser=140723 HTTP/1.1" 200 987 "http://ed.activities.at/entry.php?id=10271&&ser=140663" "Mozilla/5.0 (Windows NT 6.1; rv:55.0) Gecko/20100101 Firefox/55.0"
80.122.130.46 - - [11/Sep/2017:16:39:44 +0200] "GET /gui/javascript/form_form.js?1505140784 HTTP/1.1" 200 16206 "http://ed.activities.at/entry.php?id=10271&&ser=140723" "Mozilla/5.0 (Windows NT 6.1; rv:55.0) Gecko/20100101 Firefox/55.0"
81.189.93.28 - - [11/Sep/2017:16:39:47 +0200] "GET /entry.php?id=10271&&ser=140727 HTTP/1.1" 200 987 "http://ed.activities.at/entry.php?id=10271&&ser=140666" "Mozilla/5.0 (Windows NT 10.0; WOW64; rv:55.0) Gecko/20100101 Firefox/55.0"
81.189.93.28 - - [11/Sep/2017:16:39:47 +0200] "GET /gui/javascript/form_form.js?1505140787 HTTP/1.1" 200 16206 "http://ed.activities.at/entry.php?id=10271&&ser=140727" "Mozilla/5.0 (Windows NT 10.0; WOW64; rv:55.0) Gecko/20100101 Firefox/55.0"
90.146.3.54 - - [11/Sep/2017:16:39:54 +0200] "GET /entry.php?id=10271&&ser=140733 HTTP/1.1" 200 987 "http://ed.activities.at/entry.php?id=10271&&ser=140672" "Mozilla/5.0 (Windows NT 10.0; Win64; x64) AppleWebKit/537.36 (KHTML, like Gecko) Chrome/60.0.3112.113 Safari/537.36"
90.146.3.54 - - [11/Sep/2017:16:39:54 +0200] "GET /gui/javascript/form_form.js?1505140794 HTTP/1.1" 200 16206 "http://ed.activities.at/entry.php?id=10271&&ser=140733" "Mozilla/5.0 (Windows NT 10.0; Win64; x64) AppleWebKit/537.36 (KHTML, like Gecko) Chrome/60.0.3112.113 Safari/537.36"
90.146.3.54 - - [11/Sep/2017:16:40:02 +0200] "POST /entry.php?id=11676 HTTP/1.1" 200 3340 "http://ed.activities.at/entry.php?id=11676" "Mozilla/5.0 (Windows NT 10.0; Win64; x64) AppleWebKit/537.36 (KHTML, like Gecko) Chrome/60.0.3112.113 Safari/537.36"
90.146.3.54 - - [11/Sep/2017:16:40:02 +0200] "GET /gui/javascript/form_form.js?1505140802 HTTP/1.1" 200 16206 "http://ed.activities.at/entry.php?id=11676" "Mozilla/5.0 (Windows NT 10.0; Win64; x64) AppleWebKit/537.36 (KHTML, like Gecko) Chrome/60.0.3112.113 Safari/537.36"
90.146.3.54 - - [11/Sep/2017:16:40:03 +0200] "GET /framework/webfx/javascript/tinymce/skins/lightgray/content.min.css HTTP/1.1" 404 325 "http://ed.activities.at/entry.php?id=11676" "Mozilla/5.0 (Windows NT 10.0; Win64; x64) AppleWebKit/537.36 (KHTML, like Gecko) Chrome/60.0.3112.113 Safari/537.36"
80.122.130.46 - - [11/Sep/2017:16:40:14 +0200] "POST /entry.php?id=11671 HTTP/1.1" 200 4619 "http://ed.activities.at/entry.php?id=11671" "Mozilla/5.0 (Windows NT 6.1; rv:55.0) Gecko/20100101 Firefox/55.0"
80.122.130.46 - - [11/Sep/2017:16:40:15 +0200] "GET /gui/javascript/form_form.js?1505140815 HTTP/1.1" 200 16206 "http://ed.activities.at/entry.php?id=11671" "Mozilla/5.0 (Windows NT 6.1; rv:55.0) Gecko/20100101 Firefox/55.0"
80.122.130.46 - - [11/Sep/2017:16:40:15 +0200] "GET /entry.php?id=10776&form=11496&name=list& HTTP/1.1" 200 1519 "http://ed.activities.at/entry.php?id=11671" "Mozilla/5.0 (Windows NT 6.1; rv:55.0) Gecko/20100101 Firefox/55.0"
80.122.130.46 - - [11/Sep/2017:16:40:15 +0200] "GET /entry.php?id=10778&form=11496&name=list& HTTP/1.1" 200 5599 "http://ed.activities.at/entry.php?id=11671" "Mozilla/5.0 (Windows NT 6.1; rv:55.0) Gecko/20100101 Firefox/55.0"
90.146.3.54 - - [11/Sep/2017:16:40:15 +0200] "POST /entry.php?id=11676 HTTP/1.1" 200 3693 "http://ed.activities.at/entry.php?id=11676" "Mozilla/5.0 (Windows NT 10.0; Win64; x64) AppleWebKit/537.36 (KHTML, like Gecko) Chrome/60.0.3112.113 Safari/537.36"
90.146.3.54 - - [11/Sep/2017:16:40:16 +0200] "GET /gui/javascript/form_form.js?1505140816 HTTP/1.1" 200 16206 "http://ed.activities.at/entry.php?id=11676" "Mozilla/5.0 (Windows NT 10.0; Win64; x64) AppleWebKit/537.36 (KHTML, like Gecko) Chrome/60.0.3112.113 Safari/537.36"
90.146.3.54 - - [11/Sep/2017:16:40:16 +0200] "GET /framework/webfx/javascript/tinymce/skins/lightgray/content.min.css HTTP/1.1" 404 325 "http://ed.activities.at/entry.php?id=11676" "Mozilla/5.0 (Windows NT 10.0; Win64; x64) AppleWebKit/537.36 (KHTML, like Gecko) Chrome/60.0.3112.113 Safari/537.36"
90.146.3.54 - - [11/Sep/2017:16:40:17 +0200] "POST /entry.php?id=11676 HTTP/1.1" 200 4619 "http://ed.activities.at/entry.php?id=11676" "Mozilla/5.0 (Windows NT 10.0; Win64; x64) AppleWebKit/537.36 (KHTML, like Gecko) Chrome/60.0.3112.113 Safari/537.36"
90.146.3.54 - - [11/Sep/2017:16:40:18 +0200] "GET /gui/javascript/form_form.js?1505140818 HTTP/1.1" 200 16206 "http://ed.activities.at/entry.php?id=11676" "Mozilla/5.0 (Windows NT 10.0; Win64; x64) AppleWebKit/537.36 (KHTML, like Gecko) Chrome/60.0.3112.113 Safari/537.36"
90.146.3.54 - - [11/Sep/2017:16:40:20 +0200] "POST /entry.php?id=11676 HTTP/1.1" 200 4898 "http://ed.activities.at/entry.php?id=11676" "Mozilla/5.0 (Windows NT 10.0; Win64; x64) AppleWebKit/537.36 (KHTML, like Gecko) Chrome/60.0.3112.113 Safari/537.36"
90.146.3.54 - - [11/Sep/2017:16:40:21 +0200] "GET /gui/javascript/form_form.js?1505140821 HTTP/1.1" 200 16206 "http://ed.activities.at/entry.php?id=11676" "Mozilla/5.0 (Windows NT 10.0; Win64; x64) AppleWebKit/537.36 (KHTML, like Gecko) Chrome/60.0.3112.113 Safari/537.36"
80.122.130.46 - - [11/Sep/2017:16:40:44 +0200] "GET /entry.php?id=10271&&ser=140784 HTTP/1.1" 200 987 "http://ed.activities.at/entry.php?id=10271&&ser=140723" "Mozilla/5.0 (Windows NT 6.1; rv:55.0) Gecko/20100101 Firefox/55.0"
80.122.130.46 - - [11/Sep/2017:16:40:44 +0200] "GET /gui/javascript/form_form.js?1505140844 HTTP/1.1" 200 16206 "http://ed.activities.at/entry.php?id=10271&&ser=140784" "Mozilla/5.0 (Windows NT 6.1; rv:55.0) Gecko/20100101 Firefox/55.0"
81.189.93.28 - - [11/Sep/2017:16:40:48 +0200] "GET /entry.php?id=10271&&ser=140787 HTTP/1.1" 200 987 "http://ed.activities.at/entry.php?id=10271&&ser=140727" "Mozilla/5.0 (Windows NT 10.0; WOW64; rv:55.0) Gecko/20100101 Firefox/55.0"
81.189.93.28 - - [11/Sep/2017:16:40:48 +0200] "GET /gui/javascript/form_form.js?1505140848 HTTP/1.1" 200 16206 "http://ed.activities.at/entry.php?id=10271&&ser=140787" "Mozilla/5.0 (Windows NT 10.0; WOW64; rv:55.0) Gecko/20100101 Firefox/55.0"
90.146.3.54 - - [11/Sep/2017:16:40:55 +0200] "GET /entry.php?id=10271&&ser=140794 HTTP/1.1" 200 987 "http://ed.activities.at/entry.php?id=10271&&ser=140733" "Mozilla/5.0 (Windows NT 10.0; Win64; x64) AppleWebKit/537.36 (KHTML, like Gecko) Chrome/60.0.3112.113 Safari/537.36"
90.146.3.54 - - [11/Sep/2017:16:40:55 +0200] "GET /gui/javascript/form_form.js?1505140855 HTTP/1.1" 200 16206 "http://ed.activities.at/entry.php?id=10271&&ser=140794" "Mozilla/5.0 (Windows NT 10.0; Win64; x64) AppleWebKit/537.36 (KHTML, like Gecko) Chrome/60.0.3112.113 Safari/537.36"
90.146.3.54 - - [11/Sep/2017:16:41:02 +0200] "GET /entry.php?id=10287&login=1 HTTP/1.1" 200 1877 "http://ed.activities.at/entry.php?id=10273&" "Mozilla/5.0 (Windows NT 10.0; Win64; x64) AppleWebKit/537.36 (KHTML, like Gecko) Chrome/60.0.3112.113 Safari/537.36"
90.146.3.54 - - [11/Sep/2017:16:41:02 +0200] "GET /gui/javascript/form_form.js?1505140862 HTTP/1.1" 200 16206 "http://ed.activities.at/entry.php?id=10287&login=1" "Mozilla/5.0 (Windows NT 10.0; Win64; x64) AppleWebKit/537.36 (KHTML, like Gecko) Chrome/60.0.3112.113 Safari/537.36"
90.146.3.54 - - [11/Sep/2017:16:41:04 +0200] "POST /entry.php?id=10287& HTTP/1.1" 200 2429 "http://ed.activities.at/entry.php?id=10287&login=1" "Mozilla/5.0 (Windows NT 10.0; Win64; x64) AppleWebKit/537.36 (KHTML, like Gecko) Chrome/60.0.3112.113 Safari/537.36"
90.146.3.54 - - [11/Sep/2017:16:41:04 +0200] "GET /gui/javascript/form_form.js?1505140864 HTTP/1.1" 200 16206 "http://ed.activities.at/entry.php?id=10287&" "Mozilla/5.0 (Windows NT 10.0; Win64; x64) AppleWebKit/537.36 (KHTML, like Gecko) Chrome/60.0.3112.113 Safari/537.36"
90.146.3.54 - - [11/Sep/2017:16:41:05 +0200] "GET /entry.php?id=10270& HTTP/1.1" 200 909 "http://ed.activities.at/entry.php?id=10287&" "Mozilla/5.0 (Windows NT 10.0; Win64; x64) AppleWebKit/537.36 (KHTML, like Gecko) Chrome/60.0.3112.113 Safari/537.36"
90.146.3.54 - - [11/Sep/2017:16:41:05 +0200] "GET /entry.php?id=10273&logout=true& HTTP/1.1" 200 1913 "http://ed.activities.at/entry.php?id=10287&" "Mozilla/5.0 (Windows NT 10.0; Win64; x64) AppleWebKit/537.36 (KHTML, like Gecko) Chrome/60.0.3112.113 Safari/537.36"
