80.122.130.46 - - [11/Sep/2017:11:44:43 +0200] "POST /entry.php?id=11671 HTTP/1.1" 200 4824 "http://ed.activities.at/entry.php?id=11671" "Mozilla/5.0 (Windows NT 6.1; rv:55.0) Gecko/20100101 Firefox/55.0"
80.122.130.46 - - [11/Sep/2017:11:44:44 +0200] "GET /gui/javascript/form_form.js?1505123084 HTTP/1.1" 200 16206 "http://ed.activities.at/entry.php?id=11671" "Mozilla/5.0 (Windows NT 6.1; rv:55.0) Gecko/20100101 Firefox/55.0"
80.122.130.46 - - [11/Sep/2017:11:44:44 +0200] "GET /entry.php?id=10776&form=11496&name=list& HTTP/1.1" 200 1519 "http://ed.activities.at/entry.php?id=11671" "Mozilla/5.0 (Windows NT 6.1; rv:55.0) Gecko/20100101 Firefox/55.0"
80.122.130.46 - - [11/Sep/2017:11:44:44 +0200] "GET /entry.php?id=10778&form=11496&name=list& HTTP/1.1" 200 5862 "http://ed.activities.at/entry.php?id=11671" "Mozilla/5.0 (Windows NT 6.1; rv:55.0) Gecko/20100101 Firefox/55.0"
80.122.130.46 - - [11/Sep/2017:11:44:50 +0200] "POST /entry.php?id=11671 HTTP/1.1" 200 5026 "http://ed.activities.at/entry.php?id=11671" "Mozilla/5.0 (Windows NT 6.1; rv:55.0) Gecko/20100101 Firefox/55.0"
80.122.130.46 - - [11/Sep/2017:11:44:50 +0200] "GET /gui/javascript/form_form.js?1505123090 HTTP/1.1" 200 16206 "http://ed.activities.at/entry.php?id=11671" "Mozilla/5.0 (Windows NT 6.1; rv:55.0) Gecko/20100101 Firefox/55.0"
80.122.130.46 - - [11/Sep/2017:11:44:50 +0200] "GET /entry.php?id=10776&form=11496&name=list& HTTP/1.1" 200 1519 "http://ed.activities.at/entry.php?id=11671" "Mozilla/5.0 (Windows NT 6.1; rv:55.0) Gecko/20100101 Firefox/55.0"
80.122.130.46 - - [11/Sep/2017:11:44:50 +0200] "GET /entry.php?id=10778&form=11496&name=list& HTTP/1.1" 200 5862 "http://ed.activities.at/entry.php?id=11671" "Mozilla/5.0 (Windows NT 6.1; rv:55.0) Gecko/20100101 Firefox/55.0"
212.108.43.59 - - [11/Sep/2017:11:45:04 +0200] "GET /entry.php?id=10271&&ser=123041 HTTP/1.1" 200 988 "http://ed.activities.at/entry.php?id=10271&&ser=122974" "Mozilla/5.0 (Macintosh; Intel Mac OS X 10_12_6) AppleWebKit/537.36 (KHTML, like Gecko) Chrome/60.0.3112.101 Safari/537.36"
212.108.43.59 - - [11/Sep/2017:11:45:05 +0200] "GET /gui/javascript/form_form.js?1505123105 HTTP/1.1" 200 16206 "http://ed.activities.at/entry.php?id=10271&&ser=123041" "Mozilla/5.0 (Macintosh; Intel Mac OS X 10_12_6) AppleWebKit/537.36 (KHTML, like Gecko) Chrome/60.0.3112.101 Safari/537.36"
212.108.43.59 - - [11/Sep/2017:11:45:11 +0200] "POST /entry.php?id=11676 HTTP/1.1" 200 3490 "http://ed.activities.at/entry.php?id=11676" "Mozilla/5.0 (Macintosh; Intel Mac OS X 10_12_6) AppleWebKit/537.36 (KHTML, like Gecko) Chrome/60.0.3112.101 Safari/537.36"
212.108.43.59 - - [11/Sep/2017:11:45:12 +0200] "GET /gui/javascript/form_form.js?1505123112 HTTP/1.1" 200 16206 "http://ed.activities.at/entry.php?id=11676" "Mozilla/5.0 (Macintosh; Intel Mac OS X 10_12_6) AppleWebKit/537.36 (KHTML, like Gecko) Chrome/60.0.3112.101 Safari/537.36"
80.122.130.46 - - [11/Sep/2017:11:45:13 +0200] "GET /entry.php?id=10271&&ser=123053 HTTP/1.1" 200 986 "http://ed.activities.at/entry.php?id=10271&&ser=122992" "Mozilla/5.0 (Windows NT 6.1; rv:55.0) Gecko/20100101 Firefox/55.0"
80.122.130.46 - - [11/Sep/2017:11:45:14 +0200] "GET /gui/javascript/form_form.js?1505123114 HTTP/1.1" 200 16206 "http://ed.activities.at/entry.php?id=10271&&ser=123053" "Mozilla/5.0 (Windows NT 6.1; rv:55.0) Gecko/20100101 Firefox/55.0"
80.122.130.46 - - [11/Sep/2017:11:45:14 +0200] "POST /entry.php?id=11671 HTTP/1.1" 200 4619 "http://ed.activities.at/entry.php?id=11671" "Mozilla/5.0 (Windows NT 6.1; rv:55.0) Gecko/20100101 Firefox/55.0"
80.122.130.46 - - [11/Sep/2017:11:45:15 +0200] "GET /gui/javascript/form_form.js?1505123115 HTTP/1.1" 200 16206 "http://ed.activities.at/entry.php?id=11671" "Mozilla/5.0 (Windows NT 6.1; rv:55.0) Gecko/20100101 Firefox/55.0"
80.122.130.46 - - [11/Sep/2017:11:45:15 +0200] "GET /entry.php?id=10776&form=11496&name=list& HTTP/1.1" 200 1519 "http://ed.activities.at/entry.php?id=11671" "Mozilla/5.0 (Windows NT 6.1; rv:55.0) Gecko/20100101 Firefox/55.0"
80.122.130.46 - - [11/Sep/2017:11:45:15 +0200] "GET /entry.php?id=10778&form=11496&name=list& HTTP/1.1" 200 5599 "http://ed.activities.at/entry.php?id=11671" "Mozilla/5.0 (Windows NT 6.1; rv:55.0) Gecko/20100101 Firefox/55.0"
212.108.43.59 - - [11/Sep/2017:11:45:18 +0200] "GET /framework/webfx/javascript/tinymce/skins/lightgray/content.min.css HTTP/1.1" 404 325 "http://ed.activities.at/entry.php?id=11676" "Mozilla/5.0 (Macintosh; Intel Mac OS X 10_12_6) AppleWebKit/537.36 (KHTML, like Gecko) Chrome/60.0.3112.101 Safari/537.36"
212.108.43.59 - - [11/Sep/2017:11:45:21 +0200] "POST /entry.php?id=11676 HTTP/1.1" 200 4576 "http://ed.activities.at/entry.php?id=11676" "Mozilla/5.0 (Macintosh; Intel Mac OS X 10_12_6) AppleWebKit/537.36 (KHTML, like Gecko) Chrome/60.0.3112.101 Safari/537.36"
212.108.43.59 - - [11/Sep/2017:11:45:22 +0200] "GET /gui/javascript/form_form.js?1505123122 HTTP/1.1" 200 16206 "http://ed.activities.at/entry.php?id=11676" "Mozilla/5.0 (Macintosh; Intel Mac OS X 10_12_6) AppleWebKit/537.36 (KHTML, like Gecko) Chrome/60.0.3112.101 Safari/537.36"
78.3.136.95 - - [11/Sep/2017:11:45:36 +0200] "GET /entry.php?id=10271&&ser=123075 HTTP/1.1" 200 987 "http://ed.activities.at/entry.php?id=10271&&ser=123014" "Mozilla/5.0 (Windows NT 6.3; WOW64; rv:50.0) Gecko/20100101 Firefox/50.0"
78.3.136.95 - - [11/Sep/2017:11:45:37 +0200] "GET /gui/javascript/jquery/css/gui-themes/ui.spinner.css HTTP/1.1" 200 350 "http://ed.activities.at/entry.php?id=10271&&ser=123075" "Mozilla/5.0 (Windows NT 6.3; WOW64; rv:50.0) Gecko/20100101 Firefox/50.0"
78.3.136.95 - - [11/Sep/2017:11:45:37 +0200] "GET /gui/styles/tmplDefault.css HTTP/1.1" 200 2135 "http://ed.activities.at/entry.php?id=10271&&ser=123075" "Mozilla/5.0 (Windows NT 6.3; WOW64; rv:50.0) Gecko/20100101 Firefox/50.0"
78.3.136.95 - - [11/Sep/2017:11:45:37 +0200] "GET /gui/javascript/jquery/css/gui-themes/custom.min.css HTTP/1.1" 200 5618 "http://ed.activities.at/entry.php?id=10271&&ser=123075" "Mozilla/5.0 (Windows NT 6.3; WOW64; rv:50.0) Gecko/20100101 Firefox/50.0"
78.3.136.95 - - [11/Sep/2017:11:45:37 +0200] "GET /gui/javascript/jquery/css/gui-themes/jquery.tooltip.css HTTP/1.1" 200 246 "http://ed.activities.at/entry.php?id=10271&&ser=123075" "Mozilla/5.0 (Windows NT 6.3; WOW64; rv:50.0) Gecko/20100101 Firefox/50.0"
78.3.136.95 - - [11/Sep/2017:11:45:37 +0200] "GET /gui/javascript/form_form.js?1505123136 HTTP/1.1" 200 16206 "http://ed.activities.at/entry.php?id=10271&&ser=123075" "Mozilla/5.0 (Windows NT 6.3; WOW64; rv:50.0) Gecko/20100101 Firefox/50.0"
78.3.136.95 - - [11/Sep/2017:11:45:37 +0200] "GET /gui/javascript/jquery/js/jquery-1.8.2.js HTTP/1.1" 200 35391 "http://ed.activities.at/entry.php?id=10271&&ser=123075" "Mozilla/5.0 (Windows NT 6.3; WOW64; rv:50.0) Gecko/20100101 Firefox/50.0"
78.3.136.95 - - [11/Sep/2017:11:45:37 +0200] "GET /gui/javascript/jquery/jquery-tooltip/jquery.tooltip.min.js HTTP/1.1" 200 1982 "http://ed.activities.at/entry.php?id=10271&&ser=123075" "Mozilla/5.0 (Windows NT 6.3; WOW64; rv:50.0) Gecko/20100101 Firefox/50.0"
78.3.136.95 - - [11/Sep/2017:11:45:37 +0200] "GET /gui/javascript/jquery/js/jquery-ui-1.9.0.custom.min.js HTTP/1.1" 200 51286 "http://ed.activities.at/entry.php?id=10271&&ser=123075" "Mozilla/5.0 (Windows NT 6.3; WOW64; rv:50.0) Gecko/20100101 Firefox/50.0"
212.108.43.59 - - [11/Sep/2017:11:45:49 +0200] "GET /framework/icons/note_msg_icon.gif HTTP/1.1" 200 1022 "http://ed.activities.at/gui/styles/tmplDefault.css" "Mozilla/5.0 (Macintosh; Intel Mac OS X 10_12_6) AppleWebKit/537.36 (KHTML, like Gecko) Chrome/60.0.3112.101 Safari/537.36"
212.108.43.59 - - [11/Sep/2017:11:45:49 +0200] "GET /gui/javascript/jquery/css/gui-themes/images/ui-bg_flat_80_ece9d8_40x100.png HTTP/1.1" 200 183 "http://ed.activities.at/gui/javascript/jquery/css/gui-themes/custom.min.css" "Mozilla/5.0 (Macintosh; Intel Mac OS X 10_12_6) AppleWebKit/537.36 (KHTML, like Gecko) Chrome/60.0.3112.101 Safari/537.36"
212.108.43.59 - - [11/Sep/2017:11:45:51 +0200] "GET /gui/javascript/jquery/css/gui-themes/images/ui-bg_flat_100_ffffff_40x100.png HTTP/1.1" 200 178 "http://ed.activities.at/gui/javascript/jquery/css/gui-themes/custom.min.css" "Mozilla/5.0 (Macintosh; Intel Mac OS X 10_12_6) AppleWebKit/537.36 (KHTML, like Gecko) Chrome/60.0.3112.101 Safari/537.36"
212.108.43.59 - - [11/Sep/2017:11:45:51 +0200] "POST /entry.php?id=11676 HTTP/1.1" 200 4912 "http://ed.activities.at/entry.php?id=11676" "Mozilla/5.0 (Macintosh; Intel Mac OS X 10_12_6) AppleWebKit/537.36 (KHTML, like Gecko) Chrome/60.0.3112.101 Safari/537.36"
212.108.43.59 - - [11/Sep/2017:11:45:53 +0200] "GET /gui/javascript/form_form.js?1505123152 HTTP/1.1" 200 16206 "http://ed.activities.at/entry.php?id=11676" "Mozilla/5.0 (Macintosh; Intel Mac OS X 10_12_6) AppleWebKit/537.36 (KHTML, like Gecko) Chrome/60.0.3112.101 Safari/537.36"
212.108.43.59 - - [11/Sep/2017:11:45:55 +0200] "POST /entry.php?id=11676 HTTP/1.1" 200 3491 "http://ed.activities.at/entry.php?id=11676" "Mozilla/5.0 (Macintosh; Intel Mac OS X 10_12_6) AppleWebKit/537.36 (KHTML, like Gecko) Chrome/60.0.3112.101 Safari/537.36"
212.108.43.59 - - [11/Sep/2017:11:45:56 +0200] "GET /gui/javascript/form_form.js?1505123156 HTTP/1.1" 200 16206 "http://ed.activities.at/entry.php?id=11676" "Mozilla/5.0 (Macintosh; Intel Mac OS X 10_12_6) AppleWebKit/537.36 (KHTML, like Gecko) Chrome/60.0.3112.101 Safari/537.36"
212.108.43.59 - - [11/Sep/2017:11:45:56 +0200] "GET /framework/webfx/javascript/tinymce/skins/lightgray/content.min.css HTTP/1.1" 404 325 "http://ed.activities.at/entry.php?id=11676" "Mozilla/5.0 (Macintosh; Intel Mac OS X 10_12_6) AppleWebKit/537.36 (KHTML, like Gecko) Chrome/60.0.3112.101 Safari/537.36"
212.108.43.59 - - [11/Sep/2017:11:46:05 +0200] "GET /entry.php?id=10271&&ser=123105 HTTP/1.1" 200 988 "http://ed.activities.at/entry.php?id=10271&&ser=123041" "Mozilla/5.0 (Macintosh; Intel Mac OS X 10_12_6) AppleWebKit/537.36 (KHTML, like Gecko) Chrome/60.0.3112.101 Safari/537.36"
212.108.43.59 - - [11/Sep/2017:11:46:05 +0200] "GET /gui/javascript/form_form.js?1505123165 HTTP/1.1" 200 16206 "http://ed.activities.at/entry.php?id=10271&&ser=123105" "Mozilla/5.0 (Macintosh; Intel Mac OS X 10_12_6) AppleWebKit/537.36 (KHTML, like Gecko) Chrome/60.0.3112.101 Safari/537.36"
212.108.43.59 - - [11/Sep/2017:11:46:08 +0200] "POST /entry.php?id=11676 HTTP/1.1" 200 3863 "http://ed.activities.at/entry.php?id=11676" "Mozilla/5.0 (Macintosh; Intel Mac OS X 10_12_6) AppleWebKit/537.36 (KHTML, like Gecko) Chrome/60.0.3112.101 Safari/537.36"
212.108.43.59 - - [11/Sep/2017:11:46:09 +0200] "GET /gui/javascript/form_form.js?1505123169 HTTP/1.1" 200 16206 "http://ed.activities.at/entry.php?id=11676" "Mozilla/5.0 (Macintosh; Intel Mac OS X 10_12_6) AppleWebKit/537.36 (KHTML, like Gecko) Chrome/60.0.3112.101 Safari/537.36"
212.108.43.59 - - [11/Sep/2017:11:46:09 +0200] "GET /framework/webfx/javascript/tinymce/skins/lightgray/content.min.css HTTP/1.1" 404 325 "http://ed.activities.at/entry.php?id=11676" "Mozilla/5.0 (Macintosh; Intel Mac OS X 10_12_6) AppleWebKit/537.36 (KHTML, like Gecko) Chrome/60.0.3112.101 Safari/537.36"
80.122.130.46 - - [11/Sep/2017:11:46:14 +0200] "GET /entry.php?id=10271&&ser=123114 HTTP/1.1" 200 987 "http://ed.activities.at/entry.php?id=10271&&ser=123053" "Mozilla/5.0 (Windows NT 6.1; rv:55.0) Gecko/20100101 Firefox/55.0"
80.122.130.46 - - [11/Sep/2017:11:46:14 +0200] "GET /gui/javascript/form_form.js?1505123174 HTTP/1.1" 200 16206 "http://ed.activities.at/entry.php?id=10271&&ser=123114" "Mozilla/5.0 (Windows NT 6.1; rv:55.0) Gecko/20100101 Firefox/55.0"
212.108.43.59 - - [11/Sep/2017:11:46:19 +0200] "POST /entry.php?id=11676 HTTP/1.1" 200 4607 "http://ed.activities.at/entry.php?id=11676" "Mozilla/5.0 (Macintosh; Intel Mac OS X 10_12_6) AppleWebKit/537.36 (KHTML, like Gecko) Chrome/60.0.3112.101 Safari/537.36"
212.108.43.59 - - [11/Sep/2017:11:46:20 +0200] "GET /gui/javascript/form_form.js?1505123180 HTTP/1.1" 200 16206 "http://ed.activities.at/entry.php?id=11676" "Mozilla/5.0 (Macintosh; Intel Mac OS X 10_12_6) AppleWebKit/537.36 (KHTML, like Gecko) Chrome/60.0.3112.101 Safari/537.36"
212.108.43.59 - - [11/Sep/2017:11:46:22 +0200] "POST /entry.php?id=11676 HTTP/1.1" 200 4891 "http://ed.activities.at/entry.php?id=11676" "Mozilla/5.0 (Macintosh; Intel Mac OS X 10_12_6) AppleWebKit/537.36 (KHTML, like Gecko) Chrome/60.0.3112.101 Safari/537.36"
212.108.43.59 - - [11/Sep/2017:11:46:23 +0200] "GET /gui/javascript/form_form.js?1505123183 HTTP/1.1" 200 16206 "http://ed.activities.at/entry.php?id=11676" "Mozilla/5.0 (Macintosh; Intel Mac OS X 10_12_6) AppleWebKit/537.36 (KHTML, like Gecko) Chrome/60.0.3112.101 Safari/537.36"
80.122.130.46 - - [11/Sep/2017:11:46:25 +0200] "POST /entry.php?id=11671 HTTP/1.1" 200 4969 "http://ed.activities.at/entry.php?id=11671" "Mozilla/5.0 (Windows NT 6.1; rv:55.0) Gecko/20100101 Firefox/55.0"
80.122.130.46 - - [11/Sep/2017:11:46:25 +0200] "GET /gui/javascript/form_form.js?1505123185 HTTP/1.1" 200 16206 "http://ed.activities.at/entry.php?id=11671" "Mozilla/5.0 (Windows NT 6.1; rv:55.0) Gecko/20100101 Firefox/55.0"
80.122.130.46 - - [11/Sep/2017:11:46:26 +0200] "GET /entry.php?id=10776&form=11496&name=list& HTTP/1.1" 200 1519 "http://ed.activities.at/entry.php?id=11671" "Mozilla/5.0 (Windows NT 6.1; rv:55.0) Gecko/20100101 Firefox/55.0"
80.122.130.46 - - [11/Sep/2017:11:46:26 +0200] "GET /entry.php?id=10778&form=11496&name=list& HTTP/1.1" 200 5599 "http://ed.activities.at/entry.php?id=11671" "Mozilla/5.0 (Windows NT 6.1; rv:55.0) Gecko/20100101 Firefox/55.0"
80.122.130.46 - - [11/Sep/2017:11:46:27 +0200] "POST /entry.php?id=11671 HTTP/1.1" 200 3192 "http://ed.activities.at/entry.php?id=11671" "Mozilla/5.0 (Windows NT 6.1; rv:55.0) Gecko/20100101 Firefox/55.0"
80.122.130.46 - - [11/Sep/2017:11:46:28 +0200] "GET /gui/javascript/form_form.js?1505123188 HTTP/1.1" 200 16206 "http://ed.activities.at/entry.php?id=11671" "Mozilla/5.0 (Windows NT 6.1; rv:55.0) Gecko/20100101 Firefox/55.0"
80.122.130.46 - - [11/Sep/2017:11:46:29 +0200] "GET /framework/webfx/javascript/tinymce/skins/lightgray/content.min.css HTTP/1.1" 404 325 "http://ed.activities.at/entry.php?id=11671" "Mozilla/5.0 (Windows NT 6.1; rv:55.0) Gecko/20100101 Firefox/55.0"
78.3.136.95 - - [11/Sep/2017:11:46:37 +0200] "GET /entry.php?id=10271&&ser=123136 HTTP/1.1" 200 987 "http://ed.activities.at/entry.php?id=10271&&ser=123075" "Mozilla/5.0 (Windows NT 6.3; WOW64; rv:50.0) Gecko/20100101 Firefox/50.0"
78.3.136.95 - - [11/Sep/2017:11:46:38 +0200] "GET /gui/javascript/jquery/css/gui-themes/jquery.tooltip.css HTTP/1.1" 200 246 "http://ed.activities.at/entry.php?id=10271&&ser=123136" "Mozilla/5.0 (Windows NT 6.3; WOW64; rv:50.0) Gecko/20100101 Firefox/50.0"
78.3.136.95 - - [11/Sep/2017:11:46:38 +0200] "GET /gui/styles/tmplDefault.css HTTP/1.1" 200 2135 "http://ed.activities.at/entry.php?id=10271&&ser=123136" "Mozilla/5.0 (Windows NT 6.3; WOW64; rv:50.0) Gecko/20100101 Firefox/50.0"
78.3.136.95 - - [11/Sep/2017:11:46:38 +0200] "GET /gui/javascript/jquery/css/gui-themes/custom.min.css HTTP/1.1" 200 5618 "http://ed.activities.at/entry.php?id=10271&&ser=123136" "Mozilla/5.0 (Windows NT 6.3; WOW64; rv:50.0) Gecko/20100101 Firefox/50.0"
78.3.136.95 - - [11/Sep/2017:11:46:38 +0200] "GET /gui/javascript/jquery/css/gui-themes/ui.spinner.css HTTP/1.1" 200 350 "http://ed.activities.at/entry.php?id=10271&&ser=123136" "Mozilla/5.0 (Windows NT 6.3; WOW64; rv:50.0) Gecko/20100101 Firefox/50.0"
78.3.136.95 - - [11/Sep/2017:11:46:38 +0200] "GET /gui/javascript/form_form.js?1505123197 HTTP/1.1" 200 16206 "http://ed.activities.at/entry.php?id=10271&&ser=123136" "Mozilla/5.0 (Windows NT 6.3; WOW64; rv:50.0) Gecko/20100101 Firefox/50.0"
78.3.136.95 - - [11/Sep/2017:11:46:38 +0200] "GET /gui/javascript/jquery/js/jquery-1.8.2.js HTTP/1.1" 200 35391 "http://ed.activities.at/entry.php?id=10271&&ser=123136" "Mozilla/5.0 (Windows NT 6.3; WOW64; rv:50.0) Gecko/20100101 Firefox/50.0"
78.3.136.95 - - [11/Sep/2017:11:46:38 +0200] "GET /gui/javascript/jquery/jquery-tooltip/jquery.tooltip.min.js HTTP/1.1" 200 1982 "http://ed.activities.at/entry.php?id=10271&&ser=123136" "Mozilla/5.0 (Windows NT 6.3; WOW64; rv:50.0) Gecko/20100101 Firefox/50.0"
78.3.136.95 - - [11/Sep/2017:11:46:38 +0200] "GET /gui/javascript/jquery/js/jquery-ui-1.9.0.custom.min.js HTTP/1.1" 200 51286 "http://ed.activities.at/entry.php?id=10271&&ser=123136" "Mozilla/5.0 (Windows NT 6.3; WOW64; rv:50.0) Gecko/20100101 Firefox/50.0"
80.122.130.46 - - [11/Sep/2017:11:46:56 +0200] "POST /entry.php?id=11671 HTTP/1.1" 200 3411 "http://ed.activities.at/entry.php?id=11671" "Mozilla/5.0 (Windows NT 6.1; rv:55.0) Gecko/20100101 Firefox/55.0"
80.122.130.46 - - [11/Sep/2017:11:46:56 +0200] "GET /gui/javascript/form_form.js?1505123216 HTTP/1.1" 200 16206 "http://ed.activities.at/entry.php?id=11671" "Mozilla/5.0 (Windows NT 6.1; rv:55.0) Gecko/20100101 Firefox/55.0"
80.122.130.46 - - [11/Sep/2017:11:46:57 +0200] "GET /framework/webfx/javascript/tinymce/skins/lightgray/content.min.css HTTP/1.1" 404 325 "http://ed.activities.at/entry.php?id=11671" "Mozilla/5.0 (Windows NT 6.1; rv:55.0) Gecko/20100101 Firefox/55.0"
80.122.130.46 - - [11/Sep/2017:11:47:01 +0200] "POST /entry.php?id=11671 HTTP/1.1" 200 4816 "http://ed.activities.at/entry.php?id=11671" "Mozilla/5.0 (Windows NT 6.1; rv:55.0) Gecko/20100101 Firefox/55.0"
80.122.130.46 - - [11/Sep/2017:11:47:02 +0200] "GET /gui/javascript/form_form.js?1505123221 HTTP/1.1" 200 16206 "http://ed.activities.at/entry.php?id=11671" "Mozilla/5.0 (Windows NT 6.1; rv:55.0) Gecko/20100101 Firefox/55.0"
80.122.130.46 - - [11/Sep/2017:11:47:02 +0200] "GET /entry.php?id=10776&form=11496&name=list& HTTP/1.1" 200 1519 "http://ed.activities.at/entry.php?id=11671" "Mozilla/5.0 (Windows NT 6.1; rv:55.0) Gecko/20100101 Firefox/55.0"
80.122.130.46 - - [11/Sep/2017:11:47:02 +0200] "GET /entry.php?id=10778&form=11496&name=list& HTTP/1.1" 200 5599 "http://ed.activities.at/entry.php?id=11671" "Mozilla/5.0 (Windows NT 6.1; rv:55.0) Gecko/20100101 Firefox/55.0"
212.108.43.59 - - [11/Sep/2017:11:47:05 +0200] "GET /entry.php?id=10271&&ser=123165 HTTP/1.1" 200 987 "http://ed.activities.at/entry.php?id=10271&&ser=123105" "Mozilla/5.0 (Macintosh; Intel Mac OS X 10_12_6) AppleWebKit/537.36 (KHTML, like Gecko) Chrome/60.0.3112.101 Safari/537.36"
212.108.43.59 - - [11/Sep/2017:11:47:05 +0200] "GET /gui/javascript/form_form.js?1505123225 HTTP/1.1" 200 16206 "http://ed.activities.at/entry.php?id=10271&&ser=123165" "Mozilla/5.0 (Macintosh; Intel Mac OS X 10_12_6) AppleWebKit/537.36 (KHTML, like Gecko) Chrome/60.0.3112.101 Safari/537.36"
80.122.130.46 - - [11/Sep/2017:11:47:14 +0200] "GET /entry.php?id=10271&&ser=123174 HTTP/1.1" 200 986 "http://ed.activities.at/entry.php?id=10271&&ser=123114" "Mozilla/5.0 (Windows NT 6.1; rv:55.0) Gecko/20100101 Firefox/55.0"
80.122.130.46 - - [11/Sep/2017:11:47:15 +0200] "GET /gui/javascript/form_form.js?1505123235 HTTP/1.1" 200 16206 "http://ed.activities.at/entry.php?id=10271&&ser=123174" "Mozilla/5.0 (Windows NT 6.1; rv:55.0) Gecko/20100101 Firefox/55.0"
80.122.130.46 - - [11/Sep/2017:11:47:23 +0200] "POST /entry.php?id=11671 HTTP/1.1" 200 5038 "http://ed.activities.at/entry.php?id=11671" "Mozilla/5.0 (Windows NT 6.1; rv:55.0) Gecko/20100101 Firefox/55.0"
80.122.130.46 - - [11/Sep/2017:11:47:24 +0200] "GET /gui/javascript/form_form.js?1505123243 HTTP/1.1" 200 16206 "http://ed.activities.at/entry.php?id=11671" "Mozilla/5.0 (Windows NT 6.1; rv:55.0) Gecko/20100101 Firefox/55.0"
80.122.130.46 - - [11/Sep/2017:11:47:24 +0200] "GET /entry.php?id=10776&form=11496&name=list& HTTP/1.1" 200 1519 "http://ed.activities.at/entry.php?id=11671" "Mozilla/5.0 (Windows NT 6.1; rv:55.0) Gecko/20100101 Firefox/55.0"
80.122.130.46 - - [11/Sep/2017:11:47:24 +0200] "GET /entry.php?id=10778&form=11496&name=list& HTTP/1.1" 200 5862 "http://ed.activities.at/entry.php?id=11671" "Mozilla/5.0 (Windows NT 6.1; rv:55.0) Gecko/20100101 Firefox/55.0"
212.108.43.59 - - [11/Sep/2017:11:47:29 +0200] "POST /entry.php?id=11676 HTTP/1.1" 200 3476 "http://ed.activities.at/entry.php?id=11676" "Mozilla/5.0 (Macintosh; Intel Mac OS X 10_12_6) AppleWebKit/537.36 (KHTML, like Gecko) Chrome/60.0.3112.101 Safari/537.36"
212.108.43.59 - - [11/Sep/2017:11:47:30 +0200] "GET /gui/javascript/form_form.js?1505123250 HTTP/1.1" 200 16206 "http://ed.activities.at/entry.php?id=11676" "Mozilla/5.0 (Macintosh; Intel Mac OS X 10_12_6) AppleWebKit/537.36 (KHTML, like Gecko) Chrome/60.0.3112.101 Safari/537.36"
212.108.43.59 - - [11/Sep/2017:11:47:30 +0200] "GET /framework/webfx/javascript/tinymce/skins/lightgray/content.min.css HTTP/1.1" 404 325 "http://ed.activities.at/entry.php?id=11676" "Mozilla/5.0 (Macintosh; Intel Mac OS X 10_12_6) AppleWebKit/537.36 (KHTML, like Gecko) Chrome/60.0.3112.101 Safari/537.36"
212.108.43.59 - - [11/Sep/2017:11:47:32 +0200] "POST /entry.php?id=11676 HTTP/1.1" 200 4595 "http://ed.activities.at/entry.php?id=11676" "Mozilla/5.0 (Macintosh; Intel Mac OS X 10_12_6) AppleWebKit/537.36 (KHTML, like Gecko) Chrome/60.0.3112.101 Safari/537.36"
212.108.43.59 - - [11/Sep/2017:11:47:33 +0200] "GET /gui/javascript/form_form.js?1505123253 HTTP/1.1" 200 16206 "http://ed.activities.at/entry.php?id=11676" "Mozilla/5.0 (Macintosh; Intel Mac OS X 10_12_6) AppleWebKit/537.36 (KHTML, like Gecko) Chrome/60.0.3112.101 Safari/537.36"
78.3.136.95 - - [11/Sep/2017:11:47:38 +0200] "GET /entry.php?id=10271&&ser=123197 HTTP/1.1" 200 987 "http://ed.activities.at/entry.php?id=10271&&ser=123136" "Mozilla/5.0 (Windows NT 6.3; WOW64; rv:50.0) Gecko/20100101 Firefox/50.0"
78.3.136.95 - - [11/Sep/2017:11:47:39 +0200] "GET /gui/styles/tmplDefault.css HTTP/1.1" 200 2135 "http://ed.activities.at/entry.php?id=10271&&ser=123197" "Mozilla/5.0 (Windows NT 6.3; WOW64; rv:50.0) Gecko/20100101 Firefox/50.0"
78.3.136.95 - - [11/Sep/2017:11:47:39 +0200] "GET /gui/javascript/jquery/css/gui-themes/ui.spinner.css HTTP/1.1" 200 350 "http://ed.activities.at/entry.php?id=10271&&ser=123197" "Mozilla/5.0 (Windows NT 6.3; WOW64; rv:50.0) Gecko/20100101 Firefox/50.0"
78.3.136.95 - - [11/Sep/2017:11:47:39 +0200] "GET /gui/javascript/jquery/css/gui-themes/jquery.tooltip.css HTTP/1.1" 200 246 "http://ed.activities.at/entry.php?id=10271&&ser=123197" "Mozilla/5.0 (Windows NT 6.3; WOW64; rv:50.0) Gecko/20100101 Firefox/50.0"
78.3.136.95 - - [11/Sep/2017:11:47:39 +0200] "GET /gui/javascript/jquery/css/gui-themes/custom.min.css HTTP/1.1" 200 5618 "http://ed.activities.at/entry.php?id=10271&&ser=123197" "Mozilla/5.0 (Windows NT 6.3; WOW64; rv:50.0) Gecko/20100101 Firefox/50.0"
78.3.136.95 - - [11/Sep/2017:11:47:39 +0200] "GET /gui/javascript/form_form.js?1505123258 HTTP/1.1" 200 16206 "http://ed.activities.at/entry.php?id=10271&&ser=123197" "Mozilla/5.0 (Windows NT 6.3; WOW64; rv:50.0) Gecko/20100101 Firefox/50.0"
78.3.136.95 - - [11/Sep/2017:11:47:39 +0200] "GET /gui/javascript/jquery/js/jquery-1.8.2.js HTTP/1.1" 200 35391 "http://ed.activities.at/entry.php?id=10271&&ser=123197" "Mozilla/5.0 (Windows NT 6.3; WOW64; rv:50.0) Gecko/20100101 Firefox/50.0"
78.3.136.95 - - [11/Sep/2017:11:47:39 +0200] "GET /gui/javascript/jquery/jquery-tooltip/jquery.tooltip.min.js HTTP/1.1" 200 1982 "http://ed.activities.at/entry.php?id=10271&&ser=123197" "Mozilla/5.0 (Windows NT 6.3; WOW64; rv:50.0) Gecko/20100101 Firefox/50.0"
78.3.136.95 - - [11/Sep/2017:11:47:39 +0200] "GET /gui/javascript/jquery/js/jquery-ui-1.9.0.custom.min.js HTTP/1.1" 200 51286 "http://ed.activities.at/entry.php?id=10271&&ser=123197" "Mozilla/5.0 (Windows NT 6.3; WOW64; rv:50.0) Gecko/20100101 Firefox/50.0"
80.122.130.46 - - [11/Sep/2017:11:48:04 +0200] "POST /entry.php?id=11671 HTTP/1.1" 200 4827 "http://ed.activities.at/entry.php?id=11671" "Mozilla/5.0 (Windows NT 6.1; rv:55.0) Gecko/20100101 Firefox/55.0"
80.122.130.46 - - [11/Sep/2017:11:48:04 +0200] "GET /gui/javascript/form_form.js?1505123284 HTTP/1.1" 200 16206 "http://ed.activities.at/entry.php?id=11671" "Mozilla/5.0 (Windows NT 6.1; rv:55.0) Gecko/20100101 Firefox/55.0"
80.122.130.46 - - [11/Sep/2017:11:48:05 +0200] "GET /entry.php?id=10778&form=11496&name=list& HTTP/1.1" 200 5717 "http://ed.activities.at/entry.php?id=11671" "Mozilla/5.0 (Windows NT 6.1; rv:55.0) Gecko/20100101 Firefox/55.0"
80.122.130.46 - - [11/Sep/2017:11:48:05 +0200] "GET /entry.php?id=10776&form=11496&name=list& HTTP/1.1" 200 1519 "http://ed.activities.at/entry.php?id=11671" "Mozilla/5.0 (Windows NT 6.1; rv:55.0) Gecko/20100101 Firefox/55.0"
212.108.43.59 - - [11/Sep/2017:11:48:06 +0200] "GET /entry.php?id=10271&&ser=123225 HTTP/1.1" 200 987 "http://ed.activities.at/entry.php?id=10271&&ser=123165" "Mozilla/5.0 (Macintosh; Intel Mac OS X 10_12_6) AppleWebKit/537.36 (KHTML, like Gecko) Chrome/60.0.3112.101 Safari/537.36"
212.108.43.59 - - [11/Sep/2017:11:48:07 +0200] "GET /gui/javascript/form_form.js?1505123286 HTTP/1.1" 200 16206 "http://ed.activities.at/entry.php?id=10271&&ser=123225" "Mozilla/5.0 (Macintosh; Intel Mac OS X 10_12_6) AppleWebKit/537.36 (KHTML, like Gecko) Chrome/60.0.3112.101 Safari/537.36"
80.122.130.46 - - [11/Sep/2017:11:48:15 +0200] "GET /entry.php?id=10271&&ser=123235 HTTP/1.1" 200 987 "http://ed.activities.at/entry.php?id=10271&&ser=123174" "Mozilla/5.0 (Windows NT 6.1; rv:55.0) Gecko/20100101 Firefox/55.0"
80.122.130.46 - - [11/Sep/2017:11:48:15 +0200] "GET /gui/javascript/form_form.js?1505123295 HTTP/1.1" 200 16206 "http://ed.activities.at/entry.php?id=10271&&ser=123235" "Mozilla/5.0 (Windows NT 6.1; rv:55.0) Gecko/20100101 Firefox/55.0"
78.3.136.95 - - [11/Sep/2017:11:48:39 +0200] "GET /entry.php?id=10271&&ser=123258 HTTP/1.1" 200 987 "http://ed.activities.at/entry.php?id=10271&&ser=123197" "Mozilla/5.0 (Windows NT 6.3; WOW64; rv:50.0) Gecko/20100101 Firefox/50.0"
78.3.136.95 - - [11/Sep/2017:11:48:40 +0200] "GET /gui/javascript/jquery/css/gui-themes/ui.spinner.css HTTP/1.1" 200 350 "http://ed.activities.at/entry.php?id=10271&&ser=123258" "Mozilla/5.0 (Windows NT 6.3; WOW64; rv:50.0) Gecko/20100101 Firefox/50.0"
78.3.136.95 - - [11/Sep/2017:11:48:40 +0200] "GET /gui/javascript/jquery/css/gui-themes/jquery.tooltip.css HTTP/1.1" 200 246 "http://ed.activities.at/entry.php?id=10271&&ser=123258" "Mozilla/5.0 (Windows NT 6.3; WOW64; rv:50.0) Gecko/20100101 Firefox/50.0"
78.3.136.95 - - [11/Sep/2017:11:48:40 +0200] "GET /gui/javascript/jquery/css/gui-themes/custom.min.css HTTP/1.1" 200 5618 "http://ed.activities.at/entry.php?id=10271&&ser=123258" "Mozilla/5.0 (Windows NT 6.3; WOW64; rv:50.0) Gecko/20100101 Firefox/50.0"
78.3.136.95 - - [11/Sep/2017:11:48:40 +0200] "GET /gui/styles/tmplDefault.css HTTP/1.1" 200 2135 "http://ed.activities.at/entry.php?id=10271&&ser=123258" "Mozilla/5.0 (Windows NT 6.3; WOW64; rv:50.0) Gecko/20100101 Firefox/50.0"
78.3.136.95 - - [11/Sep/2017:11:48:40 +0200] "GET /gui/javascript/form_form.js?1505123320 HTTP/1.1" 200 16206 "http://ed.activities.at/entry.php?id=10271&&ser=123258" "Mozilla/5.0 (Windows NT 6.3; WOW64; rv:50.0) Gecko/20100101 Firefox/50.0"
78.3.136.95 - - [11/Sep/2017:11:48:40 +0200] "GET /gui/javascript/jquery/js/jquery-1.8.2.js HTTP/1.1" 200 35391 "http://ed.activities.at/entry.php?id=10271&&ser=123258" "Mozilla/5.0 (Windows NT 6.3; WOW64; rv:50.0) Gecko/20100101 Firefox/50.0"
78.3.136.95 - - [11/Sep/2017:11:48:40 +0200] "GET /gui/javascript/jquery/jquery-tooltip/jquery.tooltip.min.js HTTP/1.1" 200 1982 "http://ed.activities.at/entry.php?id=10271&&ser=123258" "Mozilla/5.0 (Windows NT 6.3; WOW64; rv:50.0) Gecko/20100101 Firefox/50.0"
78.3.136.95 - - [11/Sep/2017:11:48:40 +0200] "GET /gui/javascript/jquery/js/jquery-ui-1.9.0.custom.min.js HTTP/1.1" 200 51286 "http://ed.activities.at/entry.php?id=10271&&ser=123258" "Mozilla/5.0 (Windows NT 6.3; WOW64; rv:50.0) Gecko/20100101 Firefox/50.0"
80.122.130.46 - - [11/Sep/2017:11:49:02 +0200] "POST /entry.php?id=11671 HTTP/1.1" 200 5001 "http://ed.activities.at/entry.php?id=11671" "Mozilla/5.0 (Windows NT 6.1; rv:55.0) Gecko/20100101 Firefox/55.0"
80.122.130.46 - - [11/Sep/2017:11:49:03 +0200] "GET /gui/javascript/form_form.js?1505123343 HTTP/1.1" 200 16206 "http://ed.activities.at/entry.php?id=11671" "Mozilla/5.0 (Windows NT 6.1; rv:55.0) Gecko/20100101 Firefox/55.0"
80.122.130.46 - - [11/Sep/2017:11:49:03 +0200] "GET /entry.php?id=10776&form=11496&name=list& HTTP/1.1" 200 1519 "http://ed.activities.at/entry.php?id=11671" "Mozilla/5.0 (Windows NT 6.1; rv:55.0) Gecko/20100101 Firefox/55.0"
80.122.130.46 - - [11/Sep/2017:11:49:03 +0200] "GET /entry.php?id=10778&form=11496&name=list& HTTP/1.1" 200 5717 "http://ed.activities.at/entry.php?id=11671" "Mozilla/5.0 (Windows NT 6.1; rv:55.0) Gecko/20100101 Firefox/55.0"
212.108.43.59 - - [11/Sep/2017:11:49:07 +0200] "GET /entry.php?id=10271&&ser=123286 HTTP/1.1" 200 987 "http://ed.activities.at/entry.php?id=10271&&ser=123225" "Mozilla/5.0 (Macintosh; Intel Mac OS X 10_12_6) AppleWebKit/537.36 (KHTML, like Gecko) Chrome/60.0.3112.101 Safari/537.36"
212.108.43.59 - - [11/Sep/2017:11:49:08 +0200] "GET /gui/javascript/form_form.js?1505123347 HTTP/1.1" 200 16206 "http://ed.activities.at/entry.php?id=10271&&ser=123286" "Mozilla/5.0 (Macintosh; Intel Mac OS X 10_12_6) AppleWebKit/537.36 (KHTML, like Gecko) Chrome/60.0.3112.101 Safari/537.36"
80.122.130.46 - - [11/Sep/2017:11:49:15 +0200] "POST /entry.php?id=11671 HTTP/1.1" 200 4856 "http://ed.activities.at/entry.php?id=11671" "Mozilla/5.0 (Windows NT 6.1; rv:55.0) Gecko/20100101 Firefox/55.0"
80.122.130.46 - - [11/Sep/2017:11:49:16 +0200] "GET /entry.php?id=10271&&ser=123295 HTTP/1.1" 200 988 "http://ed.activities.at/entry.php?id=10271&&ser=123235" "Mozilla/5.0 (Windows NT 6.1; rv:55.0) Gecko/20100101 Firefox/55.0"
80.122.130.46 - - [11/Sep/2017:11:49:16 +0200] "GET /gui/javascript/form_form.js?1505123356 HTTP/1.1" 200 16206 "http://ed.activities.at/entry.php?id=11671" "Mozilla/5.0 (Windows NT 6.1; rv:55.0) Gecko/20100101 Firefox/55.0"
80.122.130.46 - - [11/Sep/2017:11:49:16 +0200] "GET /entry.php?id=10778&form=11496&name=list& HTTP/1.1" 200 5717 "http://ed.activities.at/entry.php?id=11671" "Mozilla/5.0 (Windows NT 6.1; rv:55.0) Gecko/20100101 Firefox/55.0"
80.122.130.46 - - [11/Sep/2017:11:49:16 +0200] "GET /entry.php?id=10776&form=11496&name=list& HTTP/1.1" 200 1519 "http://ed.activities.at/entry.php?id=11671" "Mozilla/5.0 (Windows NT 6.1; rv:55.0) Gecko/20100101 Firefox/55.0"
78.3.136.95 - - [11/Sep/2017:11:49:40 +0200] "GET /entry.php?id=10271&&ser=123320 HTTP/1.1" 200 986 "http://ed.activities.at/entry.php?id=10271&&ser=123258" "Mozilla/5.0 (Windows NT 6.3; WOW64; rv:50.0) Gecko/20100101 Firefox/50.0"
78.3.136.95 - - [11/Sep/2017:11:49:41 +0200] "GET /gui/javascript/jquery/css/gui-themes/ui.spinner.css HTTP/1.1" 200 350 "http://ed.activities.at/entry.php?id=10271&&ser=123320" "Mozilla/5.0 (Windows NT 6.3; WOW64; rv:50.0) Gecko/20100101 Firefox/50.0"
78.3.136.95 - - [11/Sep/2017:11:49:41 +0200] "GET /gui/javascript/jquery/css/gui-themes/custom.min.css HTTP/1.1" 200 5618 "http://ed.activities.at/entry.php?id=10271&&ser=123320" "Mozilla/5.0 (Windows NT 6.3; WOW64; rv:50.0) Gecko/20100101 Firefox/50.0"
78.3.136.95 - - [11/Sep/2017:11:49:41 +0200] "GET /gui/javascript/jquery/css/gui-themes/jquery.tooltip.css HTTP/1.1" 200 246 "http://ed.activities.at/entry.php?id=10271&&ser=123320" "Mozilla/5.0 (Windows NT 6.3; WOW64; rv:50.0) Gecko/20100101 Firefox/50.0"
78.3.136.95 - - [11/Sep/2017:11:49:41 +0200] "GET /gui/styles/tmplDefault.css HTTP/1.1" 200 2135 "http://ed.activities.at/entry.php?id=10271&&ser=123320" "Mozilla/5.0 (Windows NT 6.3; WOW64; rv:50.0) Gecko/20100101 Firefox/50.0"
78.3.136.95 - - [11/Sep/2017:11:49:41 +0200] "GET /gui/javascript/form_form.js?1505123381 HTTP/1.1" 200 16206 "http://ed.activities.at/entry.php?id=10271&&ser=123320" "Mozilla/5.0 (Windows NT 6.3; WOW64; rv:50.0) Gecko/20100101 Firefox/50.0"
78.3.136.95 - - [11/Sep/2017:11:49:41 +0200] "GET /gui/javascript/jquery/js/jquery-1.8.2.js HTTP/1.1" 200 35391 "http://ed.activities.at/entry.php?id=10271&&ser=123320" "Mozilla/5.0 (Windows NT 6.3; WOW64; rv:50.0) Gecko/20100101 Firefox/50.0"
78.3.136.95 - - [11/Sep/2017:11:49:41 +0200] "GET /gui/javascript/jquery/jquery-tooltip/jquery.tooltip.min.js HTTP/1.1" 200 1982 "http://ed.activities.at/entry.php?id=10271&&ser=123320" "Mozilla/5.0 (Windows NT 6.3; WOW64; rv:50.0) Gecko/20100101 Firefox/50.0"
78.3.136.95 - - [11/Sep/2017:11:49:41 +0200] "GET /gui/javascript/jquery/js/jquery-ui-1.9.0.custom.min.js HTTP/1.1" 200 51286 "http://ed.activities.at/entry.php?id=10271&&ser=123320" "Mozilla/5.0 (Windows NT 6.3; WOW64; rv:50.0) Gecko/20100101 Firefox/50.0"
80.122.130.46 - - [11/Sep/2017:11:49:48 +0200] "POST /entry.php?id=11671 HTTP/1.1" 200 5032 "http://ed.activities.at/entry.php?id=11671" "Mozilla/5.0 (Windows NT 6.1; rv:55.0) Gecko/20100101 Firefox/55.0"
80.122.130.46 - - [11/Sep/2017:11:49:49 +0200] "GET /gui/javascript/form_form.js?1505123389 HTTP/1.1" 200 16206 "http://ed.activities.at/entry.php?id=11671" "Mozilla/5.0 (Windows NT 6.1; rv:55.0) Gecko/20100101 Firefox/55.0"
80.122.130.46 - - [11/Sep/2017:11:49:49 +0200] "GET /entry.php?id=10776&form=11496&name=list& HTTP/1.1" 200 1519 "http://ed.activities.at/entry.php?id=11671" "Mozilla/5.0 (Windows NT 6.1; rv:55.0) Gecko/20100101 Firefox/55.0"
80.122.130.46 - - [11/Sep/2017:11:49:49 +0200] "GET /entry.php?id=10778&form=11496&name=list& HTTP/1.1" 200 5717 "http://ed.activities.at/entry.php?id=11671" "Mozilla/5.0 (Windows NT 6.1; rv:55.0) Gecko/20100101 Firefox/55.0"
80.122.130.46 - - [11/Sep/2017:11:50:04 +0200] "POST /entry.php?id=11671 HTTP/1.1" 200 4866 "http://ed.activities.at/entry.php?id=11671" "Mozilla/5.0 (Windows NT 6.1; rv:55.0) Gecko/20100101 Firefox/55.0"
80.122.130.46 - - [11/Sep/2017:11:50:04 +0200] "GET /gui/javascript/form_form.js?1505123404 HTTP/1.1" 200 16206 "http://ed.activities.at/entry.php?id=11671" "Mozilla/5.0 (Windows NT 6.1; rv:55.0) Gecko/20100101 Firefox/55.0"
80.122.130.46 - - [11/Sep/2017:11:50:05 +0200] "GET /entry.php?id=10776&form=11496&name=list& HTTP/1.1" 200 1519 "http://ed.activities.at/entry.php?id=11671" "Mozilla/5.0 (Windows NT 6.1; rv:55.0) Gecko/20100101 Firefox/55.0"
80.122.130.46 - - [11/Sep/2017:11:50:05 +0200] "GET /entry.php?id=10778&form=11496&name=list& HTTP/1.1" 200 5717 "http://ed.activities.at/entry.php?id=11671" "Mozilla/5.0 (Windows NT 6.1; rv:55.0) Gecko/20100101 Firefox/55.0"
212.108.43.59 - - [11/Sep/2017:11:50:10 +0200] "GET /entry.php?id=10271&&ser=123347 HTTP/1.1" 200 987 "http://ed.activities.at/entry.php?id=10271&&ser=123286" "Mozilla/5.0 (Macintosh; Intel Mac OS X 10_12_6) AppleWebKit/537.36 (KHTML, like Gecko) Chrome/60.0.3112.101 Safari/537.36"
212.108.43.59 - - [11/Sep/2017:11:50:10 +0200] "GET /gui/javascript/form_form.js?1505123410 HTTP/1.1" 200 16206 "http://ed.activities.at/entry.php?id=10271&&ser=123347" "Mozilla/5.0 (Macintosh; Intel Mac OS X 10_12_6) AppleWebKit/537.36 (KHTML, like Gecko) Chrome/60.0.3112.101 Safari/537.36"
80.122.130.46 - - [11/Sep/2017:11:50:16 +0200] "GET /entry.php?id=10271&&ser=123356 HTTP/1.1" 200 987 "http://ed.activities.at/entry.php?id=10271&&ser=123295" "Mozilla/5.0 (Windows NT 6.1; rv:55.0) Gecko/20100101 Firefox/55.0"
80.122.130.46 - - [11/Sep/2017:11:50:17 +0200] "GET /gui/javascript/form_form.js?1505123417 HTTP/1.1" 200 16206 "http://ed.activities.at/entry.php?id=10271&&ser=123356" "Mozilla/5.0 (Windows NT 6.1; rv:55.0) Gecko/20100101 Firefox/55.0"
78.3.136.95 - - [11/Sep/2017:11:50:42 +0200] "GET /entry.php?id=10271&&ser=123381 HTTP/1.1" 200 987 "http://ed.activities.at/entry.php?id=10271&&ser=123320" "Mozilla/5.0 (Windows NT 6.3; WOW64; rv:50.0) Gecko/20100101 Firefox/50.0"
78.3.136.95 - - [11/Sep/2017:11:50:42 +0200] "GET /gui/styles/tmplDefault.css HTTP/1.1" 200 2135 "http://ed.activities.at/entry.php?id=10271&&ser=123381" "Mozilla/5.0 (Windows NT 6.3; WOW64; rv:50.0) Gecko/20100101 Firefox/50.0"
78.3.136.95 - - [11/Sep/2017:11:50:42 +0200] "GET /gui/javascript/jquery/css/gui-themes/ui.spinner.css HTTP/1.1" 200 350 "http://ed.activities.at/entry.php?id=10271&&ser=123381" "Mozilla/5.0 (Windows NT 6.3; WOW64; rv:50.0) Gecko/20100101 Firefox/50.0"
78.3.136.95 - - [11/Sep/2017:11:50:42 +0200] "GET /gui/javascript/jquery/css/gui-themes/jquery.tooltip.css HTTP/1.1" 200 246 "http://ed.activities.at/entry.php?id=10271&&ser=123381" "Mozilla/5.0 (Windows NT 6.3; WOW64; rv:50.0) Gecko/20100101 Firefox/50.0"
78.3.136.95 - - [11/Sep/2017:11:50:42 +0200] "GET /gui/javascript/jquery/css/gui-themes/custom.min.css HTTP/1.1" 200 5618 "http://ed.activities.at/entry.php?id=10271&&ser=123381" "Mozilla/5.0 (Windows NT 6.3; WOW64; rv:50.0) Gecko/20100101 Firefox/50.0"
78.3.136.95 - - [11/Sep/2017:11:50:42 +0200] "GET /gui/javascript/form_form.js?1505123442 HTTP/1.1" 200 16206 "http://ed.activities.at/entry.php?id=10271&&ser=123381" "Mozilla/5.0 (Windows NT 6.3; WOW64; rv:50.0) Gecko/20100101 Firefox/50.0"
78.3.136.95 - - [11/Sep/2017:11:50:42 +0200] "GET /gui/javascript/jquery/js/jquery-1.8.2.js HTTP/1.1" 200 35391 "http://ed.activities.at/entry.php?id=10271&&ser=123381" "Mozilla/5.0 (Windows NT 6.3; WOW64; rv:50.0) Gecko/20100101 Firefox/50.0"
78.3.136.95 - - [11/Sep/2017:11:50:42 +0200] "GET /gui/javascript/jquery/jquery-tooltip/jquery.tooltip.min.js HTTP/1.1" 200 1982 "http://ed.activities.at/entry.php?id=10271&&ser=123381" "Mozilla/5.0 (Windows NT 6.3; WOW64; rv:50.0) Gecko/20100101 Firefox/50.0"
78.3.136.95 - - [11/Sep/2017:11:50:42 +0200] "GET /gui/javascript/jquery/js/jquery-ui-1.9.0.custom.min.js HTTP/1.1" 200 51286 "http://ed.activities.at/entry.php?id=10271&&ser=123381" "Mozilla/5.0 (Windows NT 6.3; WOW64; rv:50.0) Gecko/20100101 Firefox/50.0"
80.122.130.46 - - [11/Sep/2017:11:50:58 +0200] "POST /entry.php?id=11671 HTTP/1.1" 200 4870 "http://ed.activities.at/entry.php?id=11671" "Mozilla/5.0 (Windows NT 6.1; rv:55.0) Gecko/20100101 Firefox/55.0"
80.122.130.46 - - [11/Sep/2017:11:50:58 +0200] "GET /gui/javascript/form_form.js?1505123458 HTTP/1.1" 200 16206 "http://ed.activities.at/entry.php?id=11671" "Mozilla/5.0 (Windows NT 6.1; rv:55.0) Gecko/20100101 Firefox/55.0"
80.122.130.46 - - [11/Sep/2017:11:50:58 +0200] "GET /entry.php?id=10778&form=11496&name=list& HTTP/1.1" 200 5717 "http://ed.activities.at/entry.php?id=11671" "Mozilla/5.0 (Windows NT 6.1; rv:55.0) Gecko/20100101 Firefox/55.0"
80.122.130.46 - - [11/Sep/2017:11:50:58 +0200] "GET /entry.php?id=10776&form=11496&name=list& HTTP/1.1" 200 1519 "http://ed.activities.at/entry.php?id=11671" "Mozilla/5.0 (Windows NT 6.1; rv:55.0) Gecko/20100101 Firefox/55.0"
80.122.130.46 - - [11/Sep/2017:11:51:17 +0200] "POST /entry.php?id=11671 HTTP/1.1" 200 4866 "http://ed.activities.at/entry.php?id=11671" "Mozilla/5.0 (Windows NT 6.1; rv:55.0) Gecko/20100101 Firefox/55.0"
80.122.130.46 - - [11/Sep/2017:11:51:17 +0200] "GET /gui/javascript/form_form.js?1505123477 HTTP/1.1" 200 16206 "http://ed.activities.at/entry.php?id=11671" "Mozilla/5.0 (Windows NT 6.1; rv:55.0) Gecko/20100101 Firefox/55.0"
212.108.43.59 - - [11/Sep/2017:11:51:17 +0200] "GET /entry.php?id=10271&&ser=123410 HTTP/1.1" 200 987 "http://ed.activities.at/entry.php?id=10271&&ser=123347" "Mozilla/5.0 (Macintosh; Intel Mac OS X 10_12_6) AppleWebKit/537.36 (KHTML, like Gecko) Chrome/60.0.3112.101 Safari/537.36"
212.108.43.59 - - [11/Sep/2017:11:51:18 +0200] "GET /gui/javascript/form_form.js?1505123478 HTTP/1.1" 200 16206 "http://ed.activities.at/entry.php?id=10271&&ser=123410" "Mozilla/5.0 (Macintosh; Intel Mac OS X 10_12_6) AppleWebKit/537.36 (KHTML, like Gecko) Chrome/60.0.3112.101 Safari/537.36"
80.122.130.46 - - [11/Sep/2017:11:51:18 +0200] "GET /entry.php?id=10776&form=11496&name=list& HTTP/1.1" 200 1519 "http://ed.activities.at/entry.php?id=11671" "Mozilla/5.0 (Windows NT 6.1; rv:55.0) Gecko/20100101 Firefox/55.0"
80.122.130.46 - - [11/Sep/2017:11:51:18 +0200] "GET /entry.php?id=10778&form=11496&name=list& HTTP/1.1" 200 5717 "http://ed.activities.at/entry.php?id=11671" "Mozilla/5.0 (Windows NT 6.1; rv:55.0) Gecko/20100101 Firefox/55.0"
78.3.136.95 - - [11/Sep/2017:11:51:43 +0200] "GET /entry.php?id=10271&&ser=123442 HTTP/1.1" 200 986 "http://ed.activities.at/entry.php?id=10271&&ser=123381" "Mozilla/5.0 (Windows NT 6.3; WOW64; rv:50.0) Gecko/20100101 Firefox/50.0"
78.3.136.95 - - [11/Sep/2017:11:51:43 +0200] "GET /gui/javascript/jquery/css/gui-themes/jquery.tooltip.css HTTP/1.1" 200 246 "http://ed.activities.at/entry.php?id=10271&&ser=123442" "Mozilla/5.0 (Windows NT 6.3; WOW64; rv:50.0) Gecko/20100101 Firefox/50.0"
78.3.136.95 - - [11/Sep/2017:11:51:43 +0200] "GET /gui/javascript/jquery/css/gui-themes/custom.min.css HTTP/1.1" 200 5618 "http://ed.activities.at/entry.php?id=10271&&ser=123442" "Mozilla/5.0 (Windows NT 6.3; WOW64; rv:50.0) Gecko/20100101 Firefox/50.0"
78.3.136.95 - - [11/Sep/2017:11:51:43 +0200] "GET /gui/javascript/jquery/css/gui-themes/ui.spinner.css HTTP/1.1" 200 350 "http://ed.activities.at/entry.php?id=10271&&ser=123442" "Mozilla/5.0 (Windows NT 6.3; WOW64; rv:50.0) Gecko/20100101 Firefox/50.0"
78.3.136.95 - - [11/Sep/2017:11:51:43 +0200] "GET /gui/styles/tmplDefault.css HTTP/1.1" 200 2135 "http://ed.activities.at/entry.php?id=10271&&ser=123442" "Mozilla/5.0 (Windows NT 6.3; WOW64; rv:50.0) Gecko/20100101 Firefox/50.0"
78.3.136.95 - - [11/Sep/2017:11:51:43 +0200] "GET /gui/javascript/form_form.js?1505123503 HTTP/1.1" 200 16206 "http://ed.activities.at/entry.php?id=10271&&ser=123442" "Mozilla/5.0 (Windows NT 6.3; WOW64; rv:50.0) Gecko/20100101 Firefox/50.0"
78.3.136.95 - - [11/Sep/2017:11:51:43 +0200] "GET /gui/javascript/jquery/js/jquery-1.8.2.js HTTP/1.1" 200 35391 "http://ed.activities.at/entry.php?id=10271&&ser=123442" "Mozilla/5.0 (Windows NT 6.3; WOW64; rv:50.0) Gecko/20100101 Firefox/50.0"
78.3.136.95 - - [11/Sep/2017:11:51:43 +0200] "GET /gui/javascript/jquery/jquery-tooltip/jquery.tooltip.min.js HTTP/1.1" 200 1982 "http://ed.activities.at/entry.php?id=10271&&ser=123442" "Mozilla/5.0 (Windows NT 6.3; WOW64; rv:50.0) Gecko/20100101 Firefox/50.0"
78.3.136.95 - - [11/Sep/2017:11:51:43 +0200] "GET /gui/javascript/jquery/js/jquery-ui-1.9.0.custom.min.js HTTP/1.1" 200 51286 "http://ed.activities.at/entry.php?id=10271&&ser=123442" "Mozilla/5.0 (Windows NT 6.3; WOW64; rv:50.0) Gecko/20100101 Firefox/50.0"
80.122.130.46 - - [11/Sep/2017:11:51:45 +0200] "POST /entry.php?id=11671 HTTP/1.1" 200 5047 "http://ed.activities.at/entry.php?id=11671" "Mozilla/5.0 (Windows NT 6.1; rv:55.0) Gecko/20100101 Firefox/55.0"
80.122.130.46 - - [11/Sep/2017:11:51:45 +0200] "GET /gui/javascript/form_form.js?1505123505 HTTP/1.1" 200 16206 "http://ed.activities.at/entry.php?id=11671" "Mozilla/5.0 (Windows NT 6.1; rv:55.0) Gecko/20100101 Firefox/55.0"
80.122.130.46 - - [11/Sep/2017:11:51:46 +0200] "GET /entry.php?id=10776&form=11496&name=list& HTTP/1.1" 200 1519 "http://ed.activities.at/entry.php?id=11671" "Mozilla/5.0 (Windows NT 6.1; rv:55.0) Gecko/20100101 Firefox/55.0"
80.122.130.46 - - [11/Sep/2017:11:51:46 +0200] "GET /entry.php?id=10778&form=11496&name=list& HTTP/1.1" 200 5717 "http://ed.activities.at/entry.php?id=11671" "Mozilla/5.0 (Windows NT 6.1; rv:55.0) Gecko/20100101 Firefox/55.0"
80.122.130.46 - - [11/Sep/2017:11:51:47 +0200] "POST /entry.php?id=11671 HTTP/1.1" 200 3312 "http://ed.activities.at/entry.php?id=11671" "Mozilla/5.0 (Windows NT 6.1; rv:55.0) Gecko/20100101 Firefox/55.0"
80.122.130.46 - - [11/Sep/2017:11:51:48 +0200] "GET /gui/javascript/form_form.js?1505123508 HTTP/1.1" 200 16206 "http://ed.activities.at/entry.php?id=11671" "Mozilla/5.0 (Windows NT 6.1; rv:55.0) Gecko/20100101 Firefox/55.0"
80.122.130.46 - - [11/Sep/2017:11:51:48 +0200] "GET /framework/webfx/javascript/tinymce/skins/lightgray/content.min.css HTTP/1.1" 404 325 "http://ed.activities.at/entry.php?id=11671" "Mozilla/5.0 (Windows NT 6.1; rv:55.0) Gecko/20100101 Firefox/55.0"
80.122.130.46 - - [11/Sep/2017:11:51:50 +0200] "GET /entry.php?id=10271&&ser=123356 HTTP/1.1" 200 986 "http://ed.activities.at/entry.php?id=10271&&ser=123295" "Mozilla/5.0 (Windows NT 6.1; rv:55.0) Gecko/20100101 Firefox/55.0"
80.122.130.46 - - [11/Sep/2017:11:51:50 +0200] "GET /gui/javascript/form_form.js?1505123510 HTTP/1.1" 200 16206 "http://ed.activities.at/entry.php?id=10271&&ser=123356" "Mozilla/5.0 (Windows NT 6.1; rv:55.0) Gecko/20100101 Firefox/55.0"
212.108.43.59 - - [11/Sep/2017:11:52:19 +0200] "GET /entry.php?id=10271&&ser=123478 HTTP/1.1" 200 986 "http://ed.activities.at/entry.php?id=10271&&ser=123410" "Mozilla/5.0 (Macintosh; Intel Mac OS X 10_12_6) AppleWebKit/537.36 (KHTML, like Gecko) Chrome/60.0.3112.101 Safari/537.36"
212.108.43.59 - - [11/Sep/2017:11:52:19 +0200] "GET /gui/javascript/form_form.js?1505123539 HTTP/1.1" 200 16206 "http://ed.activities.at/entry.php?id=10271&&ser=123478" "Mozilla/5.0 (Macintosh; Intel Mac OS X 10_12_6) AppleWebKit/537.36 (KHTML, like Gecko) Chrome/60.0.3112.101 Safari/537.36"
80.122.130.46 - - [11/Sep/2017:11:52:22 +0200] "POST /entry.php?id=11671 HTTP/1.1" 200 3538 "http://ed.activities.at/entry.php?id=11671" "Mozilla/5.0 (Windows NT 6.1; rv:55.0) Gecko/20100101 Firefox/55.0"
80.122.130.46 - - [11/Sep/2017:11:52:23 +0200] "GET /gui/javascript/form_form.js?1505123542 HTTP/1.1" 200 16206 "http://ed.activities.at/entry.php?id=11671" "Mozilla/5.0 (Windows NT 6.1; rv:55.0) Gecko/20100101 Firefox/55.0"
80.122.130.46 - - [11/Sep/2017:11:52:23 +0200] "GET /framework/webfx/javascript/tinymce/skins/lightgray/content.min.css HTTP/1.1" 404 325 "http://ed.activities.at/entry.php?id=11671" "Mozilla/5.0 (Windows NT 6.1; rv:55.0) Gecko/20100101 Firefox/55.0"
80.122.130.46 - - [11/Sep/2017:11:52:30 +0200] "POST /entry.php?id=11671 HTTP/1.1" 200 3284 "http://ed.activities.at/entry.php?id=11671" "Mozilla/5.0 (Windows NT 6.1; rv:55.0) Gecko/20100101 Firefox/55.0"
80.122.130.46 - - [11/Sep/2017:11:52:30 +0200] "GET /gui/javascript/form_form.js?1505123550 HTTP/1.1" 200 16206 "http://ed.activities.at/entry.php?id=11671" "Mozilla/5.0 (Windows NT 6.1; rv:55.0) Gecko/20100101 Firefox/55.0"
80.122.130.46 - - [11/Sep/2017:11:52:31 +0200] "GET /framework/webfx/javascript/tinymce/skins/lightgray/content.min.css HTTP/1.1" 404 325 "http://ed.activities.at/entry.php?id=11671" "Mozilla/5.0 (Windows NT 6.1; rv:55.0) Gecko/20100101 Firefox/55.0"
80.122.130.46 - - [11/Sep/2017:11:52:40 +0200] "POST /entry.php?id=11671 HTTP/1.1" 200 4843 "http://ed.activities.at/entry.php?id=11671" "Mozilla/5.0 (Windows NT 6.1; rv:55.0) Gecko/20100101 Firefox/55.0"
80.122.130.46 - - [11/Sep/2017:11:52:41 +0200] "GET /gui/javascript/form_form.js?1505123561 HTTP/1.1" 200 16206 "http://ed.activities.at/entry.php?id=11671" "Mozilla/5.0 (Windows NT 6.1; rv:55.0) Gecko/20100101 Firefox/55.0"
80.122.130.46 - - [11/Sep/2017:11:52:41 +0200] "GET /entry.php?id=10776&form=11496&name=list& HTTP/1.1" 200 1519 "http://ed.activities.at/entry.php?id=11671" "Mozilla/5.0 (Windows NT 6.1; rv:55.0) Gecko/20100101 Firefox/55.0"
80.122.130.46 - - [11/Sep/2017:11:52:41 +0200] "GET /entry.php?id=10778&form=11496&name=list& HTTP/1.1" 200 5717 "http://ed.activities.at/entry.php?id=11671" "Mozilla/5.0 (Windows NT 6.1; rv:55.0) Gecko/20100101 Firefox/55.0"
78.3.136.95 - - [11/Sep/2017:11:52:44 +0200] "GET /entry.php?id=10271&&ser=123503 HTTP/1.1" 200 986 "http://ed.activities.at/entry.php?id=10271&&ser=123442" "Mozilla/5.0 (Windows NT 6.3; WOW64; rv:50.0) Gecko/20100101 Firefox/50.0"
78.3.136.95 - - [11/Sep/2017:11:52:44 +0200] "GET /gui/styles/tmplDefault.css HTTP/1.1" 200 2135 "http://ed.activities.at/entry.php?id=10271&&ser=123503" "Mozilla/5.0 (Windows NT 6.3; WOW64; rv:50.0) Gecko/20100101 Firefox/50.0"
78.3.136.95 - - [11/Sep/2017:11:52:44 +0200] "GET /gui/javascript/jquery/css/gui-themes/ui.spinner.css HTTP/1.1" 200 350 "http://ed.activities.at/entry.php?id=10271&&ser=123503" "Mozilla/5.0 (Windows NT 6.3; WOW64; rv:50.0) Gecko/20100101 Firefox/50.0"
78.3.136.95 - - [11/Sep/2017:11:52:44 +0200] "GET /gui/javascript/jquery/css/gui-themes/jquery.tooltip.css HTTP/1.1" 200 246 "http://ed.activities.at/entry.php?id=10271&&ser=123503" "Mozilla/5.0 (Windows NT 6.3; WOW64; rv:50.0) Gecko/20100101 Firefox/50.0"
78.3.136.95 - - [11/Sep/2017:11:52:44 +0200] "GET /gui/javascript/jquery/css/gui-themes/custom.min.css HTTP/1.1" 200 5618 "http://ed.activities.at/entry.php?id=10271&&ser=123503" "Mozilla/5.0 (Windows NT 6.3; WOW64; rv:50.0) Gecko/20100101 Firefox/50.0"
78.3.136.95 - - [11/Sep/2017:11:52:44 +0200] "GET /gui/javascript/form_form.js?1505123564 HTTP/1.1" 200 16206 "http://ed.activities.at/entry.php?id=10271&&ser=123503" "Mozilla/5.0 (Windows NT 6.3; WOW64; rv:50.0) Gecko/20100101 Firefox/50.0"
78.3.136.95 - - [11/Sep/2017:11:52:44 +0200] "GET /gui/javascript/jquery/js/jquery-1.8.2.js HTTP/1.1" 200 35391 "http://ed.activities.at/entry.php?id=10271&&ser=123503" "Mozilla/5.0 (Windows NT 6.3; WOW64; rv:50.0) Gecko/20100101 Firefox/50.0"
78.3.136.95 - - [11/Sep/2017:11:52:44 +0200] "GET /gui/javascript/jquery/jquery-tooltip/jquery.tooltip.min.js HTTP/1.1" 200 1982 "http://ed.activities.at/entry.php?id=10271&&ser=123503" "Mozilla/5.0 (Windows NT 6.3; WOW64; rv:50.0) Gecko/20100101 Firefox/50.0"
78.3.136.95 - - [11/Sep/2017:11:52:44 +0200] "GET /gui/javascript/jquery/js/jquery-ui-1.9.0.custom.min.js HTTP/1.1" 200 51286 "http://ed.activities.at/entry.php?id=10271&&ser=123503" "Mozilla/5.0 (Windows NT 6.3; WOW64; rv:50.0) Gecko/20100101 Firefox/50.0"
80.122.130.46 - - [11/Sep/2017:11:52:50 +0200] "GET /entry.php?id=10271&&ser=123510 HTTP/1.1" 200 986 "http://ed.activities.at/entry.php?id=10271&&ser=123356" "Mozilla/5.0 (Windows NT 6.1; rv:55.0) Gecko/20100101 Firefox/55.0"
80.122.130.46 - - [11/Sep/2017:11:52:50 +0200] "GET /gui/javascript/form_form.js?1505123570 HTTP/1.1" 200 16206 "http://ed.activities.at/entry.php?id=10271&&ser=123510" "Mozilla/5.0 (Windows NT 6.1; rv:55.0) Gecko/20100101 Firefox/55.0"
212.108.43.59 - - [11/Sep/2017:11:53:19 +0200] "GET /entry.php?id=10271&&ser=123539 HTTP/1.1" 200 986 "http://ed.activities.at/entry.php?id=10271&&ser=123478" "Mozilla/5.0 (Macintosh; Intel Mac OS X 10_12_6) AppleWebKit/537.36 (KHTML, like Gecko) Chrome/60.0.3112.101 Safari/537.36"
