90.146.3.54 - - [11/Sep/2017:16:41:05 +0200] "GET /gui/javascript/form_form.js?1505140865 HTTP/1.1" 200 16206 "http://ed.activities.at/entry.php?id=10270&" "Mozilla/5.0 (Windows NT 10.0; Win64; x64) AppleWebKit/537.36 (KHTML, like Gecko) Chrome/60.0.3112.113 Safari/537.36"
81.189.93.28 - - [11/Sep/2017:16:41:25 +0200] "POST /entry.php?id=11684 HTTP/1.1" 200 4016 "http://ed.activities.at/entry.php?id=11684" "Mozilla/5.0 (Windows NT 10.0; WOW64; rv:55.0) Gecko/20100101 Firefox/55.0"
81.189.93.28 - - [11/Sep/2017:16:41:26 +0200] "GET /gui/javascript/form_form.js?1505140886 HTTP/1.1" 200 16206 "http://ed.activities.at/entry.php?id=11684" "Mozilla/5.0 (Windows NT 10.0; WOW64; rv:55.0) Gecko/20100101 Firefox/55.0"
81.189.93.28 - - [11/Sep/2017:16:41:26 +0200] "GET /framework/webfx/javascript/tinymce/skins/lightgray/content.min.css HTTP/1.1" 404 325 "http://ed.activities.at/entry.php?id=11684" "Mozilla/5.0 (Windows NT 10.0; WOW64; rv:55.0) Gecko/20100101 Firefox/55.0"
81.189.93.28 - - [11/Sep/2017:16:41:43 +0200] "POST /entry.php?id=11684 HTTP/1.1" 200 3334 "http://ed.activities.at/entry.php?id=11684" "Mozilla/5.0 (Windows NT 10.0; WOW64; rv:55.0) Gecko/20100101 Firefox/55.0"
81.189.93.28 - - [11/Sep/2017:16:41:44 +0200] "GET /gui/javascript/form_form.js?1505140903 HTTP/1.1" 200 16206 "http://ed.activities.at/entry.php?id=11684" "Mozilla/5.0 (Windows NT 10.0; WOW64; rv:55.0) Gecko/20100101 Firefox/55.0"
81.189.93.28 - - [11/Sep/2017:16:41:44 +0200] "GET /framework/webfx/javascript/tinymce/skins/lightgray/content.min.css HTTP/1.1" 404 325 "http://ed.activities.at/entry.php?id=11684" "Mozilla/5.0 (Windows NT 10.0; WOW64; rv:55.0) Gecko/20100101 Firefox/55.0"
80.122.130.46 - - [11/Sep/2017:16:41:45 +0200] "GET /entry.php?id=10271&&ser=140844 HTTP/1.1" 200 988 "http://ed.activities.at/entry.php?id=10271&&ser=140784" "Mozilla/5.0 (Windows NT 6.1; rv:55.0) Gecko/20100101 Firefox/55.0"
80.122.130.46 - - [11/Sep/2017:16:41:45 +0200] "GET /gui/javascript/form_form.js?1505140905 HTTP/1.1" 200 16206 "http://ed.activities.at/entry.php?id=10271&&ser=140844" "Mozilla/5.0 (Windows NT 6.1; rv:55.0) Gecko/20100101 Firefox/55.0"
81.189.93.28 - - [11/Sep/2017:16:41:48 +0200] "GET /entry.php?id=10271&&ser=140848 HTTP/1.1" 200 987 "http://ed.activities.at/entry.php?id=10271&&ser=140787" "Mozilla/5.0 (Windows NT 10.0; WOW64; rv:55.0) Gecko/20100101 Firefox/55.0"
81.189.93.28 - - [11/Sep/2017:16:41:48 +0200] "GET /gui/javascript/form_form.js?1505140908 HTTP/1.1" 200 16206 "http://ed.activities.at/entry.php?id=10271&&ser=140848" "Mozilla/5.0 (Windows NT 10.0; WOW64; rv:55.0) Gecko/20100101 Firefox/55.0"
81.189.93.28 - - [11/Sep/2017:16:42:01 +0200] "POST /entry.php?id=11684 HTTP/1.1" 200 4045 "http://ed.activities.at/entry.php?id=11684" "Mozilla/5.0 (Windows NT 10.0; WOW64; rv:55.0) Gecko/20100101 Firefox/55.0"
81.189.93.28 - - [11/Sep/2017:16:42:02 +0200] "GET /gui/javascript/form_form.js?1505140922 HTTP/1.1" 200 16206 "http://ed.activities.at/entry.php?id=11684" "Mozilla/5.0 (Windows NT 10.0; WOW64; rv:55.0) Gecko/20100101 Firefox/55.0"
81.189.93.28 - - [11/Sep/2017:16:42:02 +0200] "GET /framework/webfx/javascript/tinymce/skins/lightgray/content.min.css HTTP/1.1" 404 325 "http://ed.activities.at/entry.php?id=11684" "Mozilla/5.0 (Windows NT 10.0; WOW64; rv:55.0) Gecko/20100101 Firefox/55.0"
80.122.130.46 - - [11/Sep/2017:16:42:05 +0200] "POST /entry.php?id=11671 HTTP/1.1" 200 5008 "http://ed.activities.at/entry.php?id=11671" "Mozilla/5.0 (Windows NT 6.1; rv:55.0) Gecko/20100101 Firefox/55.0"
80.122.130.46 - - [11/Sep/2017:16:42:06 +0200] "GET /gui/javascript/form_form.js?1505140925 HTTP/1.1" 200 16206 "http://ed.activities.at/entry.php?id=11671" "Mozilla/5.0 (Windows NT 6.1; rv:55.0) Gecko/20100101 Firefox/55.0"
80.122.130.46 - - [11/Sep/2017:16:42:06 +0200] "GET /entry.php?id=10776&form=11496&name=list& HTTP/1.1" 200 1519 "http://ed.activities.at/entry.php?id=11671" "Mozilla/5.0 (Windows NT 6.1; rv:55.0) Gecko/20100101 Firefox/55.0"
80.122.130.46 - - [11/Sep/2017:16:42:06 +0200] "GET /entry.php?id=10778&form=11496&name=list& HTTP/1.1" 200 5818 "http://ed.activities.at/entry.php?id=11671" "Mozilla/5.0 (Windows NT 6.1; rv:55.0) Gecko/20100101 Firefox/55.0"
81.189.93.28 - - [11/Sep/2017:16:42:13 +0200] "POST /entry.php?id=11684 HTTP/1.1" 200 3984 "http://ed.activities.at/entry.php?id=11684" "Mozilla/5.0 (Windows NT 10.0; WOW64; rv:55.0) Gecko/20100101 Firefox/55.0"
81.189.93.28 - - [11/Sep/2017:16:42:14 +0200] "GET /gui/javascript/form_form.js?1505140934 HTTP/1.1" 200 16206 "http://ed.activities.at/entry.php?id=11684" "Mozilla/5.0 (Windows NT 10.0; WOW64; rv:55.0) Gecko/20100101 Firefox/55.0"
80.122.130.46 - - [11/Sep/2017:16:42:15 +0200] "POST /entry.php?id=11672 HTTP/1.1" 200 2692 "http://ed.activities.at/entry.php?id=11672" "Mozilla/5.0 (Windows NT 6.1; rv:55.0) Gecko/20100101 Firefox/55.0"
80.122.130.46 - - [11/Sep/2017:16:42:15 +0200] "GET /gui/javascript/form_form.js?1505140935 HTTP/1.1" 200 16206 "http://ed.activities.at/entry.php?id=11672" "Mozilla/5.0 (Windows NT 6.1; rv:55.0) Gecko/20100101 Firefox/55.0"
80.122.130.46 - - [11/Sep/2017:16:42:16 +0200] "GET /entry.php?id=10776&form=11497&name=list& HTTP/1.1" 200 1943 "http://ed.activities.at/entry.php?id=11672" "Mozilla/5.0 (Windows NT 6.1; rv:55.0) Gecko/20100101 Firefox/55.0"
80.122.130.46 - - [11/Sep/2017:16:42:16 +0200] "GET /entry.php?id=10778&form=11497&name=list& HTTP/1.1" 200 8525 "http://ed.activities.at/entry.php?id=11672" "Mozilla/5.0 (Windows NT 6.1; rv:55.0) Gecko/20100101 Firefox/55.0"
81.189.93.28 - - [11/Sep/2017:16:42:17 +0200] "POST /entry.php?id=11684 HTTP/1.1" 200 4232 "http://ed.activities.at/entry.php?id=11684" "Mozilla/5.0 (Windows NT 10.0; WOW64; rv:55.0) Gecko/20100101 Firefox/55.0"
81.189.93.28 - - [11/Sep/2017:16:42:18 +0200] "GET /gui/javascript/form_form.js?1505140937 HTTP/1.1" 200 16206 "http://ed.activities.at/entry.php?id=11684" "Mozilla/5.0 (Windows NT 10.0; WOW64; rv:55.0) Gecko/20100101 Firefox/55.0"
81.189.93.28 - - [11/Sep/2017:16:42:31 +0200] "GET /entry.php?id=11679 HTTP/1.1" 200 312 "http://ed.activities.at/entry.php?id=10270&__app__=10006038" "Mozilla/5.0 (Windows NT 10.0; WOW64; rv:55.0) Gecko/20100101 Firefox/55.0"
81.189.93.28 - - [11/Sep/2017:16:42:31 +0200] "GET /entry.php?id=10676&title=Portal& HTTP/1.1" 200 1386 "http://ed.activities.at/entry.php?id=11679" "Mozilla/5.0 (Windows NT 10.0; WOW64; rv:55.0) Gecko/20100101 Firefox/55.0"
81.189.93.28 - - [11/Sep/2017:16:42:31 +0200] "GET /gui/javascript/form_form.js?1505140951 HTTP/1.1" 200 16206 "http://ed.activities.at/entry.php?id=10676&title=Portal&" "Mozilla/5.0 (Windows NT 10.0; WOW64; rv:55.0) Gecko/20100101 Firefox/55.0"
81.189.93.28 - - [11/Sep/2017:16:42:31 +0200] "GET /entry.php?id=11678& HTTP/1.1" 200 3379 "http://ed.activities.at/entry.php?id=11679" "Mozilla/5.0 (Windows NT 10.0; WOW64; rv:55.0) Gecko/20100101 Firefox/55.0"
81.189.93.28 - - [11/Sep/2017:16:42:32 +0200] "GET /activities/framework/KoolControls/KoolAjax/koolajax.php?8436e354c842500aba3cbaf0584c0c24 HTTP/1.1" 200 4079 "http://ed.activities.at/entry.php?id=11678&" "Mozilla/5.0 (Windows NT 10.0; WOW64; rv:55.0) Gecko/20100101 Firefox/55.0"
81.189.93.28 - - [11/Sep/2017:16:42:32 +0200] "GET /gui/javascript/form_form.js?1505140952 HTTP/1.1" 200 16206 "http://ed.activities.at/entry.php?id=11678&" "Mozilla/5.0 (Windows NT 10.0; WOW64; rv:55.0) Gecko/20100101 Firefox/55.0"
81.189.93.28 - - [11/Sep/2017:16:42:32 +0200] "GET /activities/framework/KoolControls/KoolTreeView/kooltreeview.php?c7cd9180e88ffef8e70f13526bb4f5f7 HTTP/1.1" 200 5055 "http://ed.activities.at/entry.php?id=11678&" "Mozilla/5.0 (Windows NT 10.0; WOW64; rv:55.0) Gecko/20100101 Firefox/55.0"
81.189.93.28 - - [11/Sep/2017:16:42:31 +0200] "GET /entry.php?id=11677& HTTP/1.1" 200 4373 "http://ed.activities.at/entry.php?id=11679" "Mozilla/5.0 (Windows NT 10.0; WOW64; rv:55.0) Gecko/20100101 Firefox/55.0"
81.189.93.28 - - [11/Sep/2017:16:42:32 +0200] "GET /entry.php?id=11618&&object=&item=&emu_class= HTTP/1.1" 200 1698 "http://ed.activities.at/entry.php?id=11677&" "Mozilla/5.0 (Windows NT 10.0; WOW64; rv:55.0) Gecko/20100101 Firefox/55.0"
81.189.93.28 - - [11/Sep/2017:16:42:36 +0200] "POST /entry.php?id=11677 HTTP/1.1" 200 4459 "http://ed.activities.at/entry.php?id=11677&" "Mozilla/5.0 (Windows NT 10.0; WOW64; rv:55.0) Gecko/20100101 Firefox/55.0"
81.189.93.28 - - [11/Sep/2017:16:42:36 +0200] "GET /gui/javascript/form_form.js?1505140956 HTTP/1.1" 200 16206 "http://ed.activities.at/entry.php?id=11677" "Mozilla/5.0 (Windows NT 10.0; WOW64; rv:55.0) Gecko/20100101 Firefox/55.0"
81.189.93.28 - - [11/Sep/2017:16:42:38 +0200] "POST /entry.php?id=11677 HTTP/1.1" 200 3217 "http://ed.activities.at/entry.php?id=11677" "Mozilla/5.0 (Windows NT 10.0; WOW64; rv:55.0) Gecko/20100101 Firefox/55.0"
81.189.93.28 - - [11/Sep/2017:16:42:38 +0200] "GET /gui/javascript/form_form.js?1505140958 HTTP/1.1" 200 16206 "http://ed.activities.at/entry.php?id=11677" "Mozilla/5.0 (Windows NT 10.0; WOW64; rv:55.0) Gecko/20100101 Firefox/55.0"
81.189.93.28 - - [11/Sep/2017:16:42:38 +0200] "GET /entry.php?id=10776&form=11502&name=list& HTTP/1.1" 200 1475 "http://ed.activities.at/entry.php?id=11677" "Mozilla/5.0 (Windows NT 10.0; WOW64; rv:55.0) Gecko/20100101 Firefox/55.0"
81.189.93.28 - - [11/Sep/2017:16:42:38 +0200] "GET /entry.php?id=10778&form=11502&name=list& HTTP/1.1" 200 3845 "http://ed.activities.at/entry.php?id=11677" "Mozilla/5.0 (Windows NT 10.0; WOW64; rv:55.0) Gecko/20100101 Firefox/55.0"
80.122.130.46 - - [11/Sep/2017:16:42:45 +0200] "GET /entry.php?id=10271&&ser=140905 HTTP/1.1" 200 987 "http://ed.activities.at/entry.php?id=10271&&ser=140844" "Mozilla/5.0 (Windows NT 6.1; rv:55.0) Gecko/20100101 Firefox/55.0"
80.122.130.46 - - [11/Sep/2017:16:42:46 +0200] "GET /gui/javascript/form_form.js?1505140966 HTTP/1.1" 200 16206 "http://ed.activities.at/entry.php?id=10271&&ser=140905" "Mozilla/5.0 (Windows NT 6.1; rv:55.0) Gecko/20100101 Firefox/55.0"
81.189.93.28 - - [11/Sep/2017:16:42:48 +0200] "GET /entry.php?id=10271&&ser=140908 HTTP/1.1" 200 987 "http://ed.activities.at/entry.php?id=10271&&ser=140848" "Mozilla/5.0 (Windows NT 10.0; WOW64; rv:55.0) Gecko/20100101 Firefox/55.0"
81.189.93.28 - - [11/Sep/2017:16:42:49 +0200] "GET /gui/javascript/form_form.js?1505140969 HTTP/1.1" 200 16206 "http://ed.activities.at/entry.php?id=10271&&ser=140908" "Mozilla/5.0 (Windows NT 10.0; WOW64; rv:55.0) Gecko/20100101 Firefox/55.0"
81.189.93.28 - - [11/Sep/2017:16:42:55 +0200] "GET /entry.php?id=11685&object=10228804&site=10201431&item=10221967 HTTP/1.1" 200 3631 "http://ed.activities.at/entry.php?id=11412" "Mozilla/5.0 (Windows NT 10.0; WOW64; rv:55.0) Gecko/20100101 Firefox/55.0"
81.189.93.28 - - [11/Sep/2017:16:42:55 +0200] "GET /gui/javascript/form_form.js?1505140975 HTTP/1.1" 200 16206 "http://ed.activities.at/entry.php?id=11685&object=10228804&site=10201431&item=10221967" "Mozilla/5.0 (Windows NT 10.0; WOW64; rv:55.0) Gecko/20100101 Firefox/55.0"
81.189.93.28 - - [11/Sep/2017:16:42:55 +0200] "GET /cache/emu/images/easy-drivers-am-spitz-au10241568/schnellkursjpg_160_90_0.jpg HTTP/1.1" 200 4159 "http://ed.activities.at/entry.php?id=11685&object=10228804&site=10201431&item=10221967" "Mozilla/5.0 (Windows NT 10.0; WOW64; rv:55.0) Gecko/20100101 Firefox/55.0"
81.189.93.28 - - [11/Sep/2017:16:43:18 +0200] "GET /entry.php?id=10711&chooserview=image_single&view=boxofferimage HTTP/1.1" 200 1725 "http://ed.activities.at/entry.php?id=11685&object=10228804&site=10201431&item=10221967" "Mozilla/5.0 (Windows NT 10.0; WOW64; rv:55.0) Gecko/20100101 Firefox/55.0"
81.189.93.28 - - [11/Sep/2017:16:43:18 +0200] "GET /gui/javascript/form_form.js?1505140998 HTTP/1.1" 200 16206 "http://ed.activities.at/entry.php?id=10711&chooserview=image_single&view=boxofferimage" "Mozilla/5.0 (Windows NT 10.0; WOW64; rv:55.0) Gecko/20100101 Firefox/55.0"
81.189.93.28 - - [11/Sep/2017:16:43:18 +0200] "GET /entry.php?id=10676&title=Ressourcenverwaltung HTTP/1.1" 200 1395 "http://ed.activities.at/entry.php?id=10711&chooserview=image_single&view=boxofferimage" "Mozilla/5.0 (Windows NT 10.0; WOW64; rv:55.0) Gecko/20100101 Firefox/55.0"
81.189.93.28 - - [11/Sep/2017:16:43:18 +0200] "GET /entry.php?id=10703&&but=&object=&class=&tag=&value=&chooserview=image_single&function=&setlist=&t_width=&t_height=&view=boxofferimage HTTP/1.1" 200 2540 "http://ed.activities.at/entry.php?id=10711&chooserview=image_single&view=boxofferimage" "Mozilla/5.0 (Windows NT 10.0; WOW64; rv:55.0) Gecko/20100101 Firefox/55.0"
81.189.93.28 - - [11/Sep/2017:16:43:18 +0200] "GET /entry.php?id=10704&&but=&object=&class=&tag=&value=&chooserview=image_single&function=&setlist=&t_width=&t_height=&view=boxofferimage HTTP/1.1" 200 2862 "http://ed.activities.at/entry.php?id=10711&chooserview=image_single&view=boxofferimage" "Mozilla/5.0 (Windows NT 10.0; WOW64; rv:55.0) Gecko/20100101 Firefox/55.0"
81.189.93.28 - - [11/Sep/2017:16:43:18 +0200] "GET /entry.php?id=10776&form=10547&name=list& HTTP/1.1" 200 1290 "http://ed.activities.at/entry.php?id=10703&&but=&object=&class=&tag=&value=&chooserview=image_single&function=&setlist=&t_width=&t_height=&view=boxofferimage" "Mozilla/5.0 (Windows NT 10.0; WOW64; rv:55.0) Gecko/20100101 Firefox/55.0"
81.189.93.28 - - [11/Sep/2017:16:43:18 +0200] "GET /entry.php?id=10778&form=10547&name=list& HTTP/1.1" 200 3006 "http://ed.activities.at/entry.php?id=10703&&but=&object=&class=&tag=&value=&chooserview=image_single&function=&setlist=&t_width=&t_height=&view=boxofferimage" "Mozilla/5.0 (Windows NT 10.0; WOW64; rv:55.0) Gecko/20100101 Firefox/55.0"
81.189.93.28 - - [11/Sep/2017:16:43:19 +0200] "GET /entry.php?id=10776&form=10549&name=list& HTTP/1.1" 200 1546 "http://ed.activities.at/entry.php?id=10704&&but=&object=&class=&tag=&value=&chooserview=image_single&function=&setlist=&t_width=&t_height=&view=boxofferimage" "Mozilla/5.0 (Windows NT 10.0; WOW64; rv:55.0) Gecko/20100101 Firefox/55.0"
81.189.93.28 - - [11/Sep/2017:16:43:19 +0200] "GET /entry.php?id=10778&form=10549&name=list& HTTP/1.1" 200 2603 "http://ed.activities.at/entry.php?id=10704&&but=&object=&class=&tag=&value=&chooserview=image_single&function=&setlist=&t_width=&t_height=&view=boxofferimage" "Mozilla/5.0 (Windows NT 10.0; WOW64; rv:55.0) Gecko/20100101 Firefox/55.0"
81.189.93.28 - - [11/Sep/2017:16:43:25 +0200] "POST /entry.php?id=10704 HTTP/1.1" 200 2966 "http://ed.activities.at/entry.php?id=10704&&but=&object=&class=&tag=&value=&chooserview=image_single&function=&setlist=&t_width=&t_height=&view=boxofferimage" "Mozilla/5.0 (Windows NT 10.0; WOW64; rv:55.0) Gecko/20100101 Firefox/55.0"
81.189.93.28 - - [11/Sep/2017:16:43:25 +0200] "GET /gui/javascript/form_form.js?1505141005 HTTP/1.1" 200 16206 "http://ed.activities.at/entry.php?id=10704" "Mozilla/5.0 (Windows NT 10.0; WOW64; rv:55.0) Gecko/20100101 Firefox/55.0"
81.189.93.28 - - [11/Sep/2017:16:43:26 +0200] "GET /entry.php?id=10776&form=10549&name=list& HTTP/1.1" 200 1608 "http://ed.activities.at/entry.php?id=10704" "Mozilla/5.0 (Windows NT 10.0; WOW64; rv:55.0) Gecko/20100101 Firefox/55.0"
81.189.93.28 - - [11/Sep/2017:16:43:26 +0200] "GET /entry.php?id=10778&form=10549&name=list& HTTP/1.1" 200 7456 "http://ed.activities.at/entry.php?id=10704" "Mozilla/5.0 (Windows NT 10.0; WOW64; rv:55.0) Gecko/20100101 Firefox/55.0"
81.189.93.28 - - [11/Sep/2017:16:43:26 +0200] "GET /entry.php?id=10777&form=10549&name=list& HTTP/1.1" 200 1340 "http://ed.activities.at/entry.php?id=10704" "Mozilla/5.0 (Windows NT 10.0; WOW64; rv:55.0) Gecko/20100101 Firefox/55.0"
81.189.93.28 - - [11/Sep/2017:16:43:26 +0200] "GET /cache/emu/images/easy-drivers-am-spitz-au10244077/aktionjpg_16_9_0.jpg HTTP/1.1" 200 786 "http://ed.activities.at/entry.php?id=10778&form=10549&name=list&" "Mozilla/5.0 (Windows NT 10.0; WOW64; rv:55.0) Gecko/20100101 Firefox/55.0"
81.189.93.28 - - [11/Sep/2017:16:43:26 +0200] "GET /cache/emu/images/easy-drivers-am-spitz-au10244141/appstorelogomobilejpg_16_5_1.jpg HTTP/1.1" 200 740 "http://ed.activities.at/entry.php?id=10778&form=10549&name=list&" "Mozilla/5.0 (Windows NT 10.0; WOW64; rv:55.0) Gecko/20100101 Firefox/55.0"
81.189.93.28 - - [11/Sep/2017:16:43:26 +0200] "GET /cache/emu/images/easy-drivers-am-spitz-au10287770/bildwebedanschnittl830x300px4png_16_6_0.png HTTP/1.1" 200 430 "http://ed.activities.at/entry.php?id=10778&form=10549&name=list&" "Mozilla/5.0 (Windows NT 10.0; WOW64; rv:55.0) Gecko/20100101 Firefox/55.0"
81.189.93.28 - - [11/Sep/2017:16:43:26 +0200] "GET /cache/emu/images/easy-drivers-am-spitz-au10287771/bildwebedanschnittl830x300px5png_16_6_0.png HTTP/1.1" 200 439 "http://ed.activities.at/entry.php?id=10778&form=10549&name=list&" "Mozilla/5.0 (Windows NT 10.0; WOW64; rv:55.0) Gecko/20100101 Firefox/55.0"
81.189.93.28 - - [11/Sep/2017:16:43:26 +0200] "GET /cache/emu/images/easy-drivers-am-spitz-au10287809/bildwebedanschnittl830x300px6png_16_6_0.png HTTP/1.1" 200 447 "http://ed.activities.at/entry.php?id=10778&form=10549&name=list&" "Mozilla/5.0 (Windows NT 10.0; WOW64; rv:55.0) Gecko/20100101 Firefox/55.0"
81.189.93.28 - - [11/Sep/2017:16:43:26 +0200] "GET /cache/emu/images/easy-drivers-am-spitz-au10287810/bildwebedanschnittl830x300px8png_16_6_0.png HTTP/1.1" 200 425 "http://ed.activities.at/entry.php?id=10778&form=10549&name=list&" "Mozilla/5.0 (Windows NT 10.0; WOW64; rv:55.0) Gecko/20100101 Firefox/55.0"
81.189.93.28 - - [11/Sep/2017:16:43:26 +0200] "GET /cache/emu/images/easy-drivers-am-spitz-au10287772/bildwebedanschnittr830x300px3png_16_6_0.png HTTP/1.1" 200 434 "http://ed.activities.at/entry.php?id=10778&form=10549&name=list&" "Mozilla/5.0 (Windows NT 10.0; WOW64; rv:55.0) Gecko/20100101 Firefox/55.0"
81.189.93.28 - - [11/Sep/2017:16:43:26 +0200] "GET /cache/emu/images/easy-drivers-am-spitz-au10244086/ed-audicabriojpg_16_11_0.jpg HTTP/1.1" 200 790 "http://ed.activities.at/entry.php?id=10778&form=10549&name=list&" "Mozilla/5.0 (Windows NT 10.0; WOW64; rv:55.0) Gecko/20100101 Firefox/55.0"
81.189.93.28 - - [11/Sep/2017:16:43:26 +0200] "GET /cache/emu/images/easy-drivers-am-spitz-au10287773/bildwebedanschnittr830x300px4png_16_6_0.png HTTP/1.1" 200 433 "http://ed.activities.at/entry.php?id=10778&form=10549&name=list&" "Mozilla/5.0 (Windows NT 10.0; WOW64; rv:55.0) Gecko/20100101 Firefox/55.0"
81.189.93.28 - - [11/Sep/2017:16:43:26 +0200] "GET /cache/emu/images/easy-drivers-am-spitz-au10287971/dare2b-logo-blackjpg_16_5_0.jpg HTTP/1.1" 200 738 "http://ed.activities.at/entry.php?id=10778&form=10549&name=list&" "Mozilla/5.0 (Windows NT 10.0; WOW64; rv:55.0) Gecko/20100101 Firefox/55.0"
81.189.93.28 - - [11/Sep/2017:16:43:26 +0200] "GET /cache/emu/images/easy-drivers-am-spitz-au10287969/auvalogosponsorlogojpg_16_8_0.jpg HTTP/1.1" 200 769 "http://ed.activities.at/entry.php?id=10778&form=10549&name=list&" "Mozilla/5.0 (Windows NT 10.0; WOW64; rv:55.0) Gecko/20100101 Firefox/55.0"
81.189.93.28 - - [11/Sep/2017:16:43:26 +0200] "GET /cache/emu/images/easy-drivers-am-spitz-au10287970/bildungintegrjpg_16_8_0.jpg HTTP/1.1" 200 739 "http://ed.activities.at/entry.php?id=10778&form=10549&name=list&" "Mozilla/5.0 (Windows NT 10.0; WOW64; rv:55.0) Gecko/20100101 Firefox/55.0"
81.189.93.28 - - [11/Sep/2017:16:43:26 +0200] "GET /cache/emu/images/easy-drivers-am-spitz-au10287967/umweltundverkehrwebjpg_16_8_0.jpg HTTP/1.1" 200 743 "http://ed.activities.at/entry.php?id=10778&form=10549&name=list&" "Mozilla/5.0 (Windows NT 10.0; WOW64; rv:55.0) Gecko/20100101 Firefox/55.0"
81.189.93.28 - - [11/Sep/2017:16:43:26 +0200] "GET /cache/emu/images/easy-drivers-am-spitz-au10287968/uniqajpg_16_13_0.jpg HTTP/1.1" 200 767 "http://ed.activities.at/entry.php?id=10778&form=10549&name=list&" "Mozilla/5.0 (Windows NT 10.0; WOW64; rv:55.0) Gecko/20100101 Firefox/55.0"
81.189.93.28 - - [11/Sep/2017:16:43:26 +0200] "GET /cache/emu/images/easy-drivers-am-spitz-au10264045/weihnachtsbaumjpg_16_16_0.jpg HTTP/1.1" 200 813 "http://ed.activities.at/entry.php?id=10778&form=10549&name=list&" "Mozilla/5.0 (Windows NT 10.0; WOW64; rv:55.0) Gecko/20100101 Firefox/55.0"
81.189.93.28 - - [11/Sep/2017:16:43:26 +0200] "GET /cache/emu/images/easy-drivers-am-spitz-au10264046/weihnachtsbaumjpg_16_16_0.jpg HTTP/1.1" 200 813 "http://ed.activities.at/entry.php?id=10778&form=10549&name=list&" "Mozilla/5.0 (Windows NT 10.0; WOW64; rv:55.0) Gecko/20100101 Firefox/55.0"
81.189.93.28 - - [11/Sep/2017:16:43:26 +0200] "GET /cache/emu/images/easy-drivers-am-spitz-au10264038/weihnachtsbaumpng_16_16_0.png HTTP/1.1" 200 589 "http://ed.activities.at/entry.php?id=10778&form=10549&name=list&" "Mozilla/5.0 (Windows NT 10.0; WOW64; rv:55.0) Gecko/20100101 Firefox/55.0"
81.189.93.28 - - [11/Sep/2017:16:43:26 +0200] "GET /cache/emu/images/easy-drivers-am-spitz-au10244088/ed-autoaudijpg_16_11_0.jpg HTTP/1.1" 200 795 "http://ed.activities.at/entry.php?id=10778&form=10549&name=list&" "Mozilla/5.0 (Windows NT 10.0; WOW64; rv:55.0) Gecko/20100101 Firefox/55.0"
81.189.93.28 - - [11/Sep/2017:16:43:27 +0200] "GET /cache/emu/images/easy-drivers-am-spitz-au10244090/ed-autodetailjpg_16_11_0.jpg HTTP/1.1" 200 789 "http://ed.activities.at/entry.php?id=10778&form=10549&name=list&" "Mozilla/5.0 (Windows NT 10.0; WOW64; rv:55.0) Gecko/20100101 Firefox/55.0"
81.189.93.28 - - [11/Sep/2017:16:43:27 +0200] "GET /cache/emu/images/easy-drivers-am-spitz-au10244089/ed-autocabriodetailjpg_16_12_0.jpg HTTP/1.1" 200 790 "http://ed.activities.at/entry.php?id=10778&form=10549&name=list&" "Mozilla/5.0 (Windows NT 10.0; WOW64; rv:55.0) Gecko/20100101 Firefox/55.0"
81.189.93.28 - - [11/Sep/2017:16:43:27 +0200] "GET /cache/emu/images/easy-drivers-am-spitz-au10244091/ed-autojeepjpg_16_11_0.jpg HTTP/1.1" 200 795 "http://ed.activities.at/entry.php?id=10778&form=10549&name=list&" "Mozilla/5.0 (Windows NT 10.0; WOW64; rv:55.0) Gecko/20100101 Firefox/55.0"
81.189.93.28 - - [11/Sep/2017:16:43:27 +0200] "GET /cache/emu/images/easy-drivers-am-spitz-au10244092/ed-automercedesjpg_16_11_0.jpg HTTP/1.1" 200 791 "http://ed.activities.at/entry.php?id=10778&form=10549&name=list&" "Mozilla/5.0 (Windows NT 10.0; WOW64; rv:55.0) Gecko/20100101 Firefox/55.0"
81.189.93.28 - - [11/Sep/2017:16:43:27 +0200] "GET /cache/emu/images/easy-drivers-am-spitz-au10244087/ed-auto-vwjpg_16_11_0.jpg HTTP/1.1" 200 796 "http://ed.activities.at/entry.php?id=10778&form=10549&name=list&" "Mozilla/5.0 (Windows NT 10.0; WOW64; rv:55.0) Gecko/20100101 Firefox/55.0"
81.189.93.28 - - [11/Sep/2017:16:43:27 +0200] "GET /cache/emu/images/easy-drivers-am-spitz-au10244093/ed-flottejpg_16_9_0.jpg HTTP/1.1" 200 754 "http://ed.activities.at/entry.php?id=10778&form=10549&name=list&" "Mozilla/5.0 (Windows NT 10.0; WOW64; rv:55.0) Gecko/20100101 Firefox/55.0"
81.189.93.28 - - [11/Sep/2017:16:43:27 +0200] "GET /cache/emu/images/easy-drivers-am-spitz-au10244094/ed-logodetailjpg_16_11_0.jpg HTTP/1.1" 200 796 "http://ed.activities.at/entry.php?id=10778&form=10549&name=list&" "Mozilla/5.0 (Windows NT 10.0; WOW64; rv:55.0) Gecko/20100101 Firefox/55.0"
81.189.93.28 - - [11/Sep/2017:16:43:27 +0200] "GET /cache/emu/images/easy-drivers-am-spitz-au10287972/edlogogpprofilbildpng_16_16_0.png HTTP/1.1" 200 239 "http://ed.activities.at/entry.php?id=10778&form=10549&name=list&" "Mozilla/5.0 (Windows NT 10.0; WOW64; rv:55.0) Gecko/20100101 Firefox/55.0"
81.189.93.28 - - [11/Sep/2017:16:43:27 +0200] "GET /cache/emu/images/easy-drivers-am-spitz-au10244078/edlogoljpg_16_9_0.jpg HTTP/1.1" 200 776 "http://ed.activities.at/entry.php?id=10778&form=10549&name=list&" "Mozilla/5.0 (Windows NT 10.0; WOW64; rv:55.0) Gecko/20100101 Firefox/55.0"
81.189.93.28 - - [11/Sep/2017:16:43:27 +0200] "GET /cache/emu/images/easy-drivers-am-spitz-au10258011/edmaxijpg_11_16_0.jpg HTTP/1.1" 200 823 "http://ed.activities.at/entry.php?id=10778&form=10549&name=list&" "Mozilla/5.0 (Windows NT 10.0; WOW64; rv:55.0) Gecko/20100101 Firefox/55.0"
81.189.93.28 - - [11/Sep/2017:16:43:27 +0200] "GET /cache/emu/images/easy-drivers-am-spitz-au10244079/fuehrerscheinajpg_16_9_0.jpg HTTP/1.1" 200 778 "http://ed.activities.at/entry.php?id=10778&form=10549&name=list&" "Mozilla/5.0 (Windows NT 10.0; WOW64; rv:55.0) Gecko/20100101 Firefox/55.0"
81.189.93.28 - - [11/Sep/2017:16:43:27 +0200] "GET /cache/emu/images/easy-drivers-am-spitz-au10244080/fuehrerscheinbjpg_16_9_0.jpg HTTP/1.1" 200 789 "http://ed.activities.at/entry.php?id=10778&form=10549&name=list&" "Mozilla/5.0 (Windows NT 10.0; WOW64; rv:55.0) Gecko/20100101 Firefox/55.0"
81.189.93.28 - - [11/Sep/2017:16:43:27 +0200] "GET /cache/emu/images/easy-drivers-am-spitz-au10244142/googleplaylogomobilejpg_16_5_1.jpg HTTP/1.1" 200 739 "http://ed.activities.at/entry.php?id=10778&form=10549&name=list&" "Mozilla/5.0 (Windows NT 10.0; WOW64; rv:55.0) Gecko/20100101 Firefox/55.0"
81.189.93.28 - - [11/Sep/2017:16:43:27 +0200] "GET /cache/emu/images/easy-drivers-am-spitz-au10258068/grafikeurojpg_15_16_0.jpg HTTP/1.1" 200 823 "http://ed.activities.at/entry.php?id=10778&form=10549&name=list&" "Mozilla/5.0 (Windows NT 10.0; WOW64; rv:55.0) Gecko/20100101 Firefox/55.0"
81.189.93.28 - - [11/Sep/2017:16:43:27 +0200] "GET /cache/emu/images/easy-drivers-am-spitz-au10258004/grafikeurojpg_15_16_0.jpg HTTP/1.1" 200 823 "http://ed.activities.at/entry.php?id=10778&form=10549&name=list&" "Mozilla/5.0 (Windows NT 10.0; WOW64; rv:55.0) Gecko/20100101 Firefox/55.0"
81.189.93.28 - - [11/Sep/2017:16:43:27 +0200] "GET /cache/emu/images/easy-drivers-am-spitz-au10258067/grafikeurojpg_15_16_0.jpg HTTP/1.1" 200 823 "http://ed.activities.at/entry.php?id=10778&form=10549&name=list&" "Mozilla/5.0 (Windows NT 10.0; WOW64; rv:55.0) Gecko/20100101 Firefox/55.0"
81.189.93.28 - - [11/Sep/2017:16:43:27 +0200] "GET /cache/emu/images/easy-drivers-am-spitz-au10287973/grosseschuetzenkleinejpg_16_8_0.jpg HTTP/1.1" 200 776 "http://ed.activities.at/entry.php?id=10778&form=10549&name=list&" "Mozilla/5.0 (Windows NT 10.0; WOW64; rv:55.0) Gecko/20100101 Firefox/55.0"
81.189.93.28 - - [11/Sep/2017:16:43:27 +0200] "GET /cache/emu/images/easy-drivers-am-spitz-au10244081/herbstkursejpg_16_9_0.jpg HTTP/1.1" 200 765 "http://ed.activities.at/entry.php?id=10778&form=10549&name=list&" "Mozilla/5.0 (Windows NT 10.0; WOW64; rv:55.0) Gecko/20100101 Firefox/55.0"
81.189.93.28 - - [11/Sep/2017:16:43:27 +0200] "GET /cache/emu/images/easy-drivers-am-spitz-au10244068/jetztanmeldenjpg_16_9_0.jpg HTTP/1.1" 200 772 "http://ed.activities.at/entry.php?id=10778&form=10549&name=list&" "Mozilla/5.0 (Windows NT 10.0; WOW64; rv:55.0) Gecko/20100101 Firefox/55.0"
81.189.93.28 - - [11/Sep/2017:16:43:27 +0200] "GET /cache/emu/images/easy-drivers-am-spitz-au10287974/kfvgif_16_7_0.gif HTTP/1.1" 200 314 "http://ed.activities.at/entry.php?id=10778&form=10549&name=list&" "Mozilla/5.0 (Windows NT 10.0; WOW64; rv:55.0) Gecko/20100101 Firefox/55.0"
81.189.93.28 - - [11/Sep/2017:16:43:27 +0200] "GET /cache/emu/images/easy-drivers-am-spitz-au10287966/klimaaktivlogopartnerjpg_16_7_0.jpg HTTP/1.1" 200 741 "http://ed.activities.at/entry.php?id=10778&form=10549&name=list&" "Mozilla/5.0 (Windows NT 10.0; WOW64; rv:55.0) Gecko/20100101 Firefox/55.0"
81.189.93.28 - - [11/Sep/2017:16:43:27 +0200] "GET /cache/emu/images/easy-drivers-am-spitz-au10287706/logo-bigjpg_16_6_0.jpg HTTP/1.1" 200 737 "http://ed.activities.at/entry.php?id=10778&form=10549&name=list&" "Mozilla/5.0 (Windows NT 10.0; WOW64; rv:55.0) Gecko/20100101 Firefox/55.0"
81.189.93.28 - - [11/Sep/2017:16:43:27 +0200] "GET /cache/emu/images/easy-drivers-am-spitz-au10287959/madlencnikjpg_11_16_0.jpg HTTP/1.1" 200 790 "http://ed.activities.at/entry.php?id=10778&form=10549&name=list&" "Mozilla/5.0 (Windows NT 10.0; WOW64; rv:55.0) Gecko/20100101 Firefox/55.0"
81.189.93.28 - - [11/Sep/2017:16:43:27 +0200] "GET /cache/emu/images/easy-drivers-am-spitz-au10244082/osterkursejpg_16_9_0.jpg HTTP/1.1" 200 766 "http://ed.activities.at/entry.php?id=10778&form=10549&name=list&" "Mozilla/5.0 (Windows NT 10.0; WOW64; rv:55.0) Gecko/20100101 Firefox/55.0"
81.189.93.28 - - [11/Sep/2017:16:43:27 +0200] "GET /cache/emu/images/easy-drivers-am-spitz-au10287960/sabinemadlencnikjpg_12_16_0.jpg HTTP/1.1" 200 797 "http://ed.activities.at/entry.php?id=10778&form=10549&name=list&" "Mozilla/5.0 (Windows NT 10.0; WOW64; rv:55.0) Gecko/20100101 Firefox/55.0"
81.189.93.28 - - [11/Sep/2017:16:43:27 +0200] "GET /cache/emu/images/easy-drivers-am-spitz-au10244083/schnellkursjpg_16_9_0.jpg HTTP/1.1" 200 790 "http://ed.activities.at/entry.php?id=10778&form=10549&name=list&" "Mozilla/5.0 (Windows NT 10.0; WOW64; rv:55.0) Gecko/20100101 Firefox/55.0"
81.189.93.28 - - [11/Sep/2017:16:43:27 +0200] "GET /cache/emu/images/easy-drivers-am-spitz-au10241568/schnellkursjpg_16_9_0.jpg HTTP/1.1" 200 786 "http://ed.activities.at/entry.php?id=10778&form=10549&name=list&" "Mozilla/5.0 (Windows NT 10.0; WOW64; rv:55.0) Gecko/20100101 Firefox/55.0"
81.189.93.28 - - [11/Sep/2017:16:43:27 +0200] "GET /cache/emu/images/easy-drivers-am-spitz-au10249737/semester14hpjpg_16_11_0.jpg HTTP/1.1" 200 796 "http://ed.activities.at/entry.php?id=10778&form=10549&name=list&" "Mozilla/5.0 (Windows NT 10.0; WOW64; rv:55.0) Gecko/20100101 Firefox/55.0"
81.189.93.28 - - [11/Sep/2017:16:43:27 +0200] "GET /cache/emu/images/easy-drivers-am-spitz-au10249736/semester14hpjpg_16_11_0.jpg HTTP/1.1" 200 796 "http://ed.activities.at/entry.php?id=10778&form=10549&name=list&" "Mozilla/5.0 (Windows NT 10.0; WOW64; rv:55.0) Gecko/20100101 Firefox/55.0"
81.189.93.28 - - [11/Sep/2017:16:43:27 +0200] "GET /cache/emu/images/easy-drivers-am-spitz-au10249735/semester14hpjpg_16_11_0.jpg HTTP/1.1" 200 796 "http://ed.activities.at/entry.php?id=10778&form=10549&name=list&" "Mozilla/5.0 (Windows NT 10.0; WOW64; rv:55.0) Gecko/20100101 Firefox/55.0"
81.189.93.28 - - [11/Sep/2017:16:43:27 +0200] "GET /cache/emu/images/easy-drivers-am-spitz-au10244084/sommerkursejpg_16_9_0.jpg HTTP/1.1" 200 763 "http://ed.activities.at/entry.php?id=10778&form=10549&name=list&" "Mozilla/5.0 (Windows NT 10.0; WOW64; rv:55.0) Gecko/20100101 Firefox/55.0"
81.189.93.28 - - [11/Sep/2017:16:43:27 +0200] "GET /cache/emu/images/easy-drivers-am-spitz-au10290373/truckjpg_14_16_0.jpg HTTP/1.1" 200 822 "http://ed.activities.at/entry.php?id=10778&form=10549&name=list&" "Mozilla/5.0 (Windows NT 10.0; WOW64; rv:55.0) Gecko/20100101 Firefox/55.0"
81.189.93.28 - - [11/Sep/2017:16:43:31 +0200] "POST /entry.php?id=10704 HTTP/1.1" 200 3074 "http://ed.activities.at/entry.php?id=10704" "Mozilla/5.0 (Windows NT 10.0; WOW64; rv:55.0) Gecko/20100101 Firefox/55.0"
81.189.93.28 - - [11/Sep/2017:16:43:31 +0200] "GET /gui/javascript/form_form.js?1505141011 HTTP/1.1" 200 16206 "http://ed.activities.at/entry.php?id=10704" "Mozilla/5.0 (Windows NT 10.0; WOW64; rv:55.0) Gecko/20100101 Firefox/55.0"
81.189.93.28 - - [11/Sep/2017:16:43:31 +0200] "GET /cache/emu/images/easy-drivers-am-spitz-au10264045/weihnachtsbaumjpg_90_90_0.jpg HTTP/1.1" 200 2344 "http://ed.activities.at/entry.php?id=11685&object=10228804&site=10201431&item=10221967" "Mozilla/5.0 (Windows NT 10.0; WOW64; rv:55.0) Gecko/20100101 Firefox/55.0"
81.189.93.28 - - [11/Sep/2017:16:43:34 +0200] "GET /entry.php?id=11681&chooserview=addnewboxoffer&hidetitle=true&object=10289328&chooserview=addnewboxoffer&hidetitle=true HTTP/1.1" 200 348 "http://ed.activities.at/entry.php?id=11412" "Mozilla/5.0 (Windows NT 10.0; WOW64; rv:55.0) Gecko/20100101 Firefox/55.0"
81.189.93.28 - - [11/Sep/2017:16:43:34 +0200] "GET /entry.php?id=11683&chooserview=addnewboxoffer&object=10289328& HTTP/1.1" 200 2957 "http://ed.activities.at/entry.php?id=11681&chooserview=addnewboxoffer&hidetitle=true&object=10289328&chooserview=addnewboxoffer&hidetitle=true" "Mozilla/5.0 (Windows NT 10.0; WOW64; rv:55.0) Gecko/20100101 Firefox/55.0"
81.189.93.28 - - [11/Sep/2017:16:43:34 +0200] "GET /gui/javascript/form_form.js?1505141014 HTTP/1.1" 200 16206 "http://ed.activities.at/entry.php?id=11683&chooserview=addnewboxoffer&object=10289328&" "Mozilla/5.0 (Windows NT 10.0; WOW64; rv:55.0) Gecko/20100101 Firefox/55.0"
81.189.93.28 - - [11/Sep/2017:16:43:34 +0200] "GET /entry.php?id=11684&chooserview=addnewboxoffer&object=10289328& HTTP/1.1" 200 3958 "http://ed.activities.at/entry.php?id=11681&chooserview=addnewboxoffer&hidetitle=true&object=10289328&chooserview=addnewboxoffer&hidetitle=true" "Mozilla/5.0 (Windows NT 10.0; WOW64; rv:55.0) Gecko/20100101 Firefox/55.0"
81.189.93.28 - - [11/Sep/2017:16:43:35 +0200] "GET /gui/javascript/form_form.js?1505141015 HTTP/1.1" 200 16206 "http://ed.activities.at/entry.php?id=11684&chooserview=addnewboxoffer&object=10289328&" "Mozilla/5.0 (Windows NT 10.0; WOW64; rv:55.0) Gecko/20100101 Firefox/55.0"
81.189.93.28 - - [11/Sep/2017:16:43:35 +0200] "GET /entry.php?id=10776&form=11508&name=list& HTTP/1.1" 200 1807 "http://ed.activities.at/entry.php?id=11683&chooserview=addnewboxoffer&object=10289328&" "Mozilla/5.0 (Windows NT 10.0; WOW64; rv:55.0) Gecko/20100101 Firefox/55.0"
81.189.93.28 - - [11/Sep/2017:16:43:35 +0200] "GET /entry.php?id=10778&form=11508&name=list& HTTP/1.1" 200 3422 "http://ed.activities.at/entry.php?id=11683&chooserview=addnewboxoffer&object=10289328&" "Mozilla/5.0 (Windows NT 10.0; WOW64; rv:55.0) Gecko/20100101 Firefox/55.0"
81.189.93.28 - - [11/Sep/2017:16:43:43 +0200] "POST /entry.php?id=11685 HTTP/1.1" 200 3739 "http://ed.activities.at/entry.php?id=11685&object=10228804&site=10201431&item=10221967" "Mozilla/5.0 (Windows NT 10.0; WOW64; rv:55.0) Gecko/20100101 Firefox/55.0"
81.189.93.28 - - [11/Sep/2017:16:43:43 +0200] "GET /gui/javascript/form_form.js?1505141023 HTTP/1.1" 200 16206 "http://ed.activities.at/entry.php?id=11685" "Mozilla/5.0 (Windows NT 10.0; WOW64; rv:55.0) Gecko/20100101 Firefox/55.0"
81.189.93.28 - - [11/Sep/2017:16:43:43 +0200] "GET /cache/emu/images/easy-drivers-am-spitz-au10264045/weihnachtsbaumjpg_90_90_0.jpg HTTP/1.1" 200 2344 "http://ed.activities.at/entry.php?id=11685" "Mozilla/5.0 (Windows NT 10.0; WOW64; rv:55.0) Gecko/20100101 Firefox/55.0"
80.122.130.46 - - [11/Sep/2017:16:43:46 +0200] "GET /entry.php?id=10271&&ser=140966 HTTP/1.1" 200 986 "http://ed.activities.at/entry.php?id=10271&&ser=140905" "Mozilla/5.0 (Windows NT 6.1; rv:55.0) Gecko/20100101 Firefox/55.0"
80.122.130.46 - - [11/Sep/2017:16:43:46 +0200] "GET /gui/javascript/form_form.js?1505141026 HTTP/1.1" 200 16206 "http://ed.activities.at/entry.php?id=10271&&ser=140966" "Mozilla/5.0 (Windows NT 6.1; rv:55.0) Gecko/20100101 Firefox/55.0"
81.189.93.28 - - [11/Sep/2017:16:43:49 +0200] "GET /entry.php?id=10271&&ser=140969 HTTP/1.1" 200 986 "http://ed.activities.at/entry.php?id=10271&&ser=140908" "Mozilla/5.0 (Windows NT 10.0; WOW64; rv:55.0) Gecko/20100101 Firefox/55.0"
81.189.93.28 - - [11/Sep/2017:16:43:49 +0200] "GET /gui/javascript/form_form.js?1505141029 HTTP/1.1" 200 16206 "http://ed.activities.at/entry.php?id=10271&&ser=140969" "Mozilla/5.0 (Windows NT 10.0; WOW64; rv:55.0) Gecko/20100101 Firefox/55.0"
81.189.93.28 - - [11/Sep/2017:16:43:57 +0200] "POST /entry.php?id=11677 HTTP/1.1" 200 4464 "http://ed.activities.at/entry.php?id=11677" "Mozilla/5.0 (Windows NT 10.0; WOW64; rv:55.0) Gecko/20100101 Firefox/55.0"
81.189.93.28 - - [11/Sep/2017:16:43:58 +0200] "GET /gui/javascript/form_form.js?1505141038 HTTP/1.1" 200 16206 "http://ed.activities.at/entry.php?id=11677" "Mozilla/5.0 (Windows NT 10.0; WOW64; rv:55.0) Gecko/20100101 Firefox/55.0"
81.189.93.28 - - [11/Sep/2017:16:44:03 +0200] "POST /entry.php?id=11678 HTTP/1.1" 200 3435 "http://ed.activities.at/entry.php?id=11678&" "Mozilla/5.0 (Windows NT 10.0; WOW64; rv:55.0) Gecko/20100101 Firefox/55.0"
81.189.93.28 - - [11/Sep/2017:16:44:04 +0200] "GET /activities/framework/KoolControls/KoolAjax/koolajax.php?8436e354c842500aba3cbaf0584c0c24 HTTP/1.1" 200 4079 "http://ed.activities.at/entry.php?id=11678" "Mozilla/5.0 (Windows NT 10.0; WOW64; rv:55.0) Gecko/20100101 Firefox/55.0"
81.189.93.28 - - [11/Sep/2017:16:44:04 +0200] "GET /gui/javascript/form_form.js?1505141044 HTTP/1.1" 200 16206 "http://ed.activities.at/entry.php?id=11678" "Mozilla/5.0 (Windows NT 10.0; WOW64; rv:55.0) Gecko/20100101 Firefox/55.0"
81.189.93.28 - - [11/Sep/2017:16:44:04 +0200] "GET /activities/framework/KoolControls/KoolTreeView/kooltreeview.php?c7cd9180e88ffef8e70f13526bb4f5f7 HTTP/1.1" 200 5055 "http://ed.activities.at/entry.php?id=11678" "Mozilla/5.0 (Windows NT 10.0; WOW64; rv:55.0) Gecko/20100101 Firefox/55.0"
81.189.93.28 - - [11/Sep/2017:16:44:05 +0200] "POST /entry.php?id=11677 HTTP/1.1" 200 4458 "http://ed.activities.at/entry.php?id=11677" "Mozilla/5.0 (Windows NT 10.0; WOW64; rv:55.0) Gecko/20100101 Firefox/55.0"
81.189.93.28 - - [11/Sep/2017:16:44:06 +0200] "GET /gui/javascript/form_form.js?1505141045 HTTP/1.1" 200 16206 "http://ed.activities.at/entry.php?id=11677" "Mozilla/5.0 (Windows NT 10.0; WOW64; rv:55.0) Gecko/20100101 Firefox/55.0"
80.122.130.46 - - [11/Sep/2017:16:44:46 +0200] "GET /entry.php?id=10271&&ser=141026 HTTP/1.1" 200 986 "http://ed.activities.at/entry.php?id=10271&&ser=140966" "Mozilla/5.0 (Windows NT 6.1; rv:55.0) Gecko/20100101 Firefox/55.0"
80.122.130.46 - - [11/Sep/2017:16:44:47 +0200] "GET /gui/javascript/form_form.js?1505141087 HTTP/1.1" 200 16206 "http://ed.activities.at/entry.php?id=10271&&ser=141026" "Mozilla/5.0 (Windows NT 6.1; rv:55.0) Gecko/20100101 Firefox/55.0"
81.189.93.28 - - [11/Sep/2017:16:44:49 +0200] "GET /entry.php?id=10271&&ser=141029 HTTP/1.1" 200 986 "http://ed.activities.at/entry.php?id=10271&&ser=140969" "Mozilla/5.0 (Windows NT 10.0; WOW64; rv:55.0) Gecko/20100101 Firefox/55.0"
81.189.93.28 - - [11/Sep/2017:16:44:49 +0200] "GET /gui/javascript/form_form.js?1505141089 HTTP/1.1" 200 16206 "http://ed.activities.at/entry.php?id=10271&&ser=141029" "Mozilla/5.0 (Windows NT 10.0; WOW64; rv:55.0) Gecko/20100101 Firefox/55.0"
81.189.93.28 - - [11/Sep/2017:16:44:58 +0200] "GET /entry.php?id=10287&login=1 HTTP/1.1" 200 2207 "http://ed.activities.at/entry.php?id=10273&" "Mozilla/5.0 (Windows NT 10.0; WOW64; rv:55.0) Gecko/20100101 Firefox/55.0"
81.189.93.28 - - [11/Sep/2017:16:44:58 +0200] "GET /gui/javascript/form_form.js?1505141098 HTTP/1.1" 200 16206 "http://ed.activities.at/entry.php?id=10287&login=1" "Mozilla/5.0 (Windows NT 10.0; WOW64; rv:55.0) Gecko/20100101 Firefox/55.0"
81.189.93.28 - - [11/Sep/2017:16:45:03 +0200] "POST /entry.php?id=10287& HTTP/1.1" 200 2275 "http://ed.activities.at/entry.php?id=10287&login=1" "Mozilla/5.0 (Windows NT 10.0; WOW64; rv:55.0) Gecko/20100101 Firefox/55.0"
81.189.93.28 - - [11/Sep/2017:16:45:04 +0200] "GET /gui/javascript/form_form.js?1505141103 HTTP/1.1" 200 16206 "http://ed.activities.at/entry.php?id=10287&" "Mozilla/5.0 (Windows NT 10.0; WOW64; rv:55.0) Gecko/20100101 Firefox/55.0"
81.189.93.28 - - [11/Sep/2017:16:45:04 +0200] "GET /entry.php?id=10271&&ser=141029 HTTP/1.1" 200 987 "http://ed.activities.at/entry.php?id=10271&&ser=140969" "Mozilla/5.0 (Windows NT 10.0; WOW64; rv:55.0) Gecko/20100101 Firefox/55.0"
81.189.93.28 - - [11/Sep/2017:16:45:04 +0200] "GET /gui/javascript/jquery/css/gui-themes/custom.min.css HTTP/1.1" 304 - "http://ed.activities.at/entry.php?id=10271&&ser=141029" "Mozilla/5.0 (Windows NT 10.0; WOW64; rv:55.0) Gecko/20100101 Firefox/55.0"
81.189.93.28 - - [11/Sep/2017:16:45:04 +0200] "GET /gui/javascript/jquery/css/gui-themes/ui.spinner.css HTTP/1.1" 304 - "http://ed.activities.at/entry.php?id=10271&&ser=141029" "Mozilla/5.0 (Windows NT 10.0; WOW64; rv:55.0) Gecko/20100101 Firefox/55.0"
81.189.93.28 - - [11/Sep/2017:16:45:04 +0200] "GET /gui/javascript/jquery/js/jquery-ui-1.9.0.custom.min.js HTTP/1.1" 304 - "http://ed.activities.at/entry.php?id=10271&&ser=141029" "Mozilla/5.0 (Windows NT 10.0; WOW64; rv:55.0) Gecko/20100101 Firefox/55.0"
81.189.93.28 - - [11/Sep/2017:16:45:04 +0200] "GET /gui/javascript/jquery/css/gui-themes/jquery.tooltip.css HTTP/1.1" 304 - "http://ed.activities.at/entry.php?id=10271&&ser=141029" "Mozilla/5.0 (Windows NT 10.0; WOW64; rv:55.0) Gecko/20100101 Firefox/55.0"
81.189.93.28 - - [11/Sep/2017:16:45:04 +0200] "GET /gui/styles/tmplDefault.css HTTP/1.1" 304 - "http://ed.activities.at/entry.php?id=10271&&ser=141029" "Mozilla/5.0 (Windows NT 10.0; WOW64; rv:55.0) Gecko/20100101 Firefox/55.0"
81.189.93.28 - - [11/Sep/2017:16:45:04 +0200] "GET /gui/javascript/jquery/jquery-tooltip/jquery.tooltip.min.js HTTP/1.1" 304 - "http://ed.activities.at/entry.php?id=10271&&ser=141029" "Mozilla/5.0 (Windows NT 10.0; WOW64; rv:55.0) Gecko/20100101 Firefox/55.0"
81.189.93.28 - - [11/Sep/2017:16:45:04 +0200] "GET /gui/javascript/form_form.js?1505141104 HTTP/1.1" 200 16206 "http://ed.activities.at/entry.php?id=10271&&ser=141029" "Mozilla/5.0 (Windows NT 10.0; WOW64; rv:55.0) Gecko/20100101 Firefox/55.0"
81.189.93.28 - - [11/Sep/2017:16:45:04 +0200] "GET /gui/javascript/jquery/js/jquery-1.8.2.js HTTP/1.1" 304 - "http://ed.activities.at/entry.php?id=10271&&ser=141029" "Mozilla/5.0 (Windows NT 10.0; WOW64; rv:55.0) Gecko/20100101 Firefox/55.0"
81.189.93.28 - - [11/Sep/2017:16:45:06 +0200] "GET /entry.php?id=11681 HTTP/1.1" 200 328 "http://ed.activities.at/entry.php?id=10270&__app__=10006038" "Mozilla/5.0 (Windows NT 10.0; WOW64; rv:55.0) Gecko/20100101 Firefox/55.0"
81.189.93.28 - - [11/Sep/2017:16:45:06 +0200] "GET /entry.php?id=10676&&title=Contentverwaltung HTTP/1.1" 200 1391 "http://ed.activities.at/entry.php?id=11681" "Mozilla/5.0 (Windows NT 10.0; WOW64; rv:55.0) Gecko/20100101 Firefox/55.0"
81.189.93.28 - - [11/Sep/2017:16:45:07 +0200] "GET /gui/javascript/form_form.js?1505141107 HTTP/1.1" 200 16206 "http://ed.activities.at/entry.php?id=10676&&title=Contentverwaltung" "Mozilla/5.0 (Windows NT 10.0; WOW64; rv:55.0) Gecko/20100101 Firefox/55.0"
81.189.93.28 - - [11/Sep/2017:16:45:06 +0200] "GET /entry.php?id=11683& HTTP/1.1" 200 2680 "http://ed.activities.at/entry.php?id=11681" "Mozilla/5.0 (Windows NT 10.0; WOW64; rv:55.0) Gecko/20100101 Firefox/55.0"
81.189.93.28 - - [11/Sep/2017:16:45:06 +0200] "GET /entry.php?id=11684& HTTP/1.1" 200 3804 "http://ed.activities.at/entry.php?id=11681" "Mozilla/5.0 (Windows NT 10.0; WOW64; rv:55.0) Gecko/20100101 Firefox/55.0"
81.189.93.28 - - [11/Sep/2017:16:45:07 +0200] "GET /entry.php?id=10776&form=11508&name=list& HTTP/1.1" 200 1894 "http://ed.activities.at/entry.php?id=11683&" "Mozilla/5.0 (Windows NT 10.0; WOW64; rv:55.0) Gecko/20100101 Firefox/55.0"
81.189.93.28 - - [11/Sep/2017:16:45:07 +0200] "GET /entry.php?id=10778&form=11508&name=list& HTTP/1.1" 200 3350 "http://ed.activities.at/entry.php?id=11683&" "Mozilla/5.0 (Windows NT 10.0; WOW64; rv:55.0) Gecko/20100101 Firefox/55.0"
81.189.93.28 - - [11/Sep/2017:16:45:10 +0200] "POST /entry.php?id=11684 HTTP/1.1" 200 3960 "http://ed.activities.at/entry.php?id=11684&" "Mozilla/5.0 (Windows NT 10.0; WOW64; rv:55.0) Gecko/20100101 Firefox/55.0"
81.189.93.28 - - [11/Sep/2017:16:45:10 +0200] "GET /gui/javascript/form_form.js?1505141110 HTTP/1.1" 200 16206 "http://ed.activities.at/entry.php?id=11684" "Mozilla/5.0 (Windows NT 10.0; WOW64; rv:55.0) Gecko/20100101 Firefox/55.0"
81.189.93.28 - - [11/Sep/2017:16:45:20 +0200] "POST /entry.php?id=11684 HTTP/1.1" 200 4260 "http://ed.activities.at/entry.php?id=11684" "Mozilla/5.0 (Windows NT 10.0; WOW64; rv:55.0) Gecko/20100101 Firefox/55.0"
81.189.93.28 - - [11/Sep/2017:16:45:21 +0200] "GET /gui/javascript/form_form.js?1505141121 HTTP/1.1" 200 16206 "http://ed.activities.at/entry.php?id=11684" "Mozilla/5.0 (Windows NT 10.0; WOW64; rv:55.0) Gecko/20100101 Firefox/55.0"
81.189.93.28 - - [11/Sep/2017:16:45:22 +0200] "POST /entry.php?id=11684 HTTP/1.1" 200 3400 "http://ed.activities.at/entry.php?id=11684" "Mozilla/5.0 (Windows NT 10.0; WOW64; rv:55.0) Gecko/20100101 Firefox/55.0"
81.189.93.28 - - [11/Sep/2017:16:45:22 +0200] "GET /gui/javascript/form_form.js?1505141122 HTTP/1.1" 200 16206 "http://ed.activities.at/entry.php?id=11684" "Mozilla/5.0 (Windows NT 10.0; WOW64; rv:55.0) Gecko/20100101 Firefox/55.0"
81.189.93.28 - - [11/Sep/2017:16:45:23 +0200] "GET /framework/webfx/javascript/tinymce/skins/lightgray/content.min.css HTTP/1.1" 404 325 "http://ed.activities.at/entry.php?id=11684" "Mozilla/5.0 (Windows NT 10.0; WOW64; rv:55.0) Gecko/20100101 Firefox/55.0"
80.122.130.46 - - [11/Sep/2017:16:45:47 +0200] "GET /entry.php?id=10271&&ser=141087 HTTP/1.1" 200 986 "http://ed.activities.at/entry.php?id=10271&&ser=141026" "Mozilla/5.0 (Windows NT 6.1; rv:55.0) Gecko/20100101 Firefox/55.0"
80.122.130.46 - - [11/Sep/2017:16:45:47 +0200] "GET /gui/javascript/form_form.js?1505141147 HTTP/1.1" 200 16206 "http://ed.activities.at/entry.php?id=10271&&ser=141087" "Mozilla/5.0 (Windows NT 6.1; rv:55.0) Gecko/20100101 Firefox/55.0"
81.189.93.28 - - [11/Sep/2017:16:46:00 +0200] "POST /entry.php?id=11684 HTTP/1.1" 200 4029 "http://ed.activities.at/entry.php?id=11684" "Mozilla/5.0 (Windows NT 10.0; WOW64; rv:55.0) Gecko/20100101 Firefox/55.0"
81.189.93.28 - - [11/Sep/2017:16:46:00 +0200] "GET /gui/javascript/form_form.js?1505141160 HTTP/1.1" 200 16206 "http://ed.activities.at/entry.php?id=11684" "Mozilla/5.0 (Windows NT 10.0; WOW64; rv:55.0) Gecko/20100101 Firefox/55.0"
81.189.93.28 - - [11/Sep/2017:16:46:01 +0200] "GET /framework/webfx/javascript/tinymce/skins/lightgray/content.min.css HTTP/1.1" 404 325 "http://ed.activities.at/entry.php?id=11684" "Mozilla/5.0 (Windows NT 10.0; WOW64; rv:55.0) Gecko/20100101 Firefox/55.0"
81.189.93.28 - - [11/Sep/2017:16:46:04 +0200] "GET /entry.php?id=10271&&ser=141104 HTTP/1.1" 200 986 "http://ed.activities.at/entry.php?id=10271&&ser=141029" "Mozilla/5.0 (Windows NT 10.0; WOW64; rv:55.0) Gecko/20100101 Firefox/55.0"
81.189.93.28 - - [11/Sep/2017:16:46:04 +0200] "GET /gui/javascript/form_form.js?1505141164 HTTP/1.1" 200 16206 "http://ed.activities.at/entry.php?id=10271&&ser=141104" "Mozilla/5.0 (Windows NT 10.0; WOW64; rv:55.0) Gecko/20100101 Firefox/55.0"
81.189.93.28 - - [11/Sep/2017:16:46:06 +0200] "POST /entry.php?id=11684 HTTP/1.1" 200 3981 "http://ed.activities.at/entry.php?id=11684" "Mozilla/5.0 (Windows NT 10.0; WOW64; rv:55.0) Gecko/20100101 Firefox/55.0"
81.189.93.28 - - [11/Sep/2017:16:46:07 +0200] "GET /gui/javascript/form_form.js?1505141167 HTTP/1.1" 200 16206 "http://ed.activities.at/entry.php?id=11684" "Mozilla/5.0 (Windows NT 10.0; WOW64; rv:55.0) Gecko/20100101 Firefox/55.0"
81.189.93.28 - - [11/Sep/2017:16:46:09 +0200] "POST /entry.php?id=11684 HTTP/1.1" 200 4230 "http://ed.activities.at/entry.php?id=11684" "Mozilla/5.0 (Windows NT 10.0; WOW64; rv:55.0) Gecko/20100101 Firefox/55.0"
81.189.93.28 - - [11/Sep/2017:16:46:09 +0200] "GET /gui/javascript/form_form.js?1505141169 HTTP/1.1" 200 16206 "http://ed.activities.at/entry.php?id=11684" "Mozilla/5.0 (Windows NT 10.0; WOW64; rv:55.0) Gecko/20100101 Firefox/55.0"
81.189.93.28 - - [11/Sep/2017:16:46:13 +0200] "GET /entry.php?id=11679 HTTP/1.1" 200 312 "http://ed.activities.at/entry.php?id=10270&__app__=10006038" "Mozilla/5.0 (Windows NT 10.0; WOW64; rv:55.0) Gecko/20100101 Firefox/55.0"
80.122.130.46 - - [11/Sep/2017:16:46:13 +0200] "POST /entry.php?id=11671 HTTP/1.1" 200 3200 "http://ed.activities.at/entry.php?id=11671" "Mozilla/5.0 (Windows NT 6.1; rv:55.0) Gecko/20100101 Firefox/55.0"
81.189.93.28 - - [11/Sep/2017:16:46:14 +0200] "GET /entry.php?id=10676&title=Portal& HTTP/1.1" 200 1387 "http://ed.activities.at/entry.php?id=11679" "Mozilla/5.0 (Windows NT 10.0; WOW64; rv:55.0) Gecko/20100101 Firefox/55.0"
80.122.130.46 - - [11/Sep/2017:16:46:14 +0200] "GET /gui/javascript/form_form.js?1505141174 HTTP/1.1" 200 16206 "http://ed.activities.at/entry.php?id=11671" "Mozilla/5.0 (Windows NT 6.1; rv:55.0) Gecko/20100101 Firefox/55.0"
81.189.93.28 - - [11/Sep/2017:16:46:14 +0200] "GET /gui/javascript/form_form.js?1505141174 HTTP/1.1" 200 16206 "http://ed.activities.at/entry.php?id=10676&title=Portal&" "Mozilla/5.0 (Windows NT 10.0; WOW64; rv:55.0) Gecko/20100101 Firefox/55.0"
81.189.93.28 - - [11/Sep/2017:16:46:14 +0200] "GET /entry.php?id=11678& HTTP/1.1" 200 3373 "http://ed.activities.at/entry.php?id=11679" "Mozilla/5.0 (Windows NT 10.0; WOW64; rv:55.0) Gecko/20100101 Firefox/55.0"
81.189.93.28 - - [11/Sep/2017:16:46:14 +0200] "GET /activities/framework/KoolControls/KoolAjax/koolajax.php?8436e354c842500aba3cbaf0584c0c24 HTTP/1.1" 200 4079 "http://ed.activities.at/entry.php?id=11678&" "Mozilla/5.0 (Windows NT 10.0; WOW64; rv:55.0) Gecko/20100101 Firefox/55.0"
81.189.93.28 - - [11/Sep/2017:16:46:14 +0200] "GET /activities/framework/KoolControls/KoolTreeView/kooltreeview.php?c7cd9180e88ffef8e70f13526bb4f5f7 HTTP/1.1" 200 5055 "http://ed.activities.at/entry.php?id=11678&" "Mozilla/5.0 (Windows NT 10.0; WOW64; rv:55.0) Gecko/20100101 Firefox/55.0"
80.122.130.46 - - [11/Sep/2017:16:46:14 +0200] "GET /framework/webfx/javascript/tinymce/skins/lightgray/content.min.css HTTP/1.1" 404 325 "http://ed.activities.at/entry.php?id=11671" "Mozilla/5.0 (Windows NT 6.1; rv:55.0) Gecko/20100101 Firefox/55.0"
81.189.93.28 - - [11/Sep/2017:16:46:14 +0200] "GET /entry.php?id=11677& HTTP/1.1" 200 4374 "http://ed.activities.at/entry.php?id=11679" "Mozilla/5.0 (Windows NT 10.0; WOW64; rv:55.0) Gecko/20100101 Firefox/55.0"
81.189.93.28 - - [11/Sep/2017:16:46:15 +0200] "GET /entry.php?id=11618&&object=&item=&emu_class= HTTP/1.1" 200 1700 "http://ed.activities.at/entry.php?id=11677&" "Mozilla/5.0 (Windows NT 10.0; WOW64; rv:55.0) Gecko/20100101 Firefox/55.0"
81.189.93.28 - - [11/Sep/2017:16:46:15 +0200] "GET /gui/javascript/form_form.js?1505141175 HTTP/1.1" 200 16206 "http://ed.activities.at/entry.php?id=11618&&object=&item=&emu_class=" "Mozilla/5.0 (Windows NT 10.0; WOW64; rv:55.0) Gecko/20100101 Firefox/55.0"
81.189.93.28 - - [11/Sep/2017:16:46:17 +0200] "POST /entry.php?id=11677 HTTP/1.1" 200 4413 "http://ed.activities.at/entry.php?id=11677&" "Mozilla/5.0 (Windows NT 10.0; WOW64; rv:55.0) Gecko/20100101 Firefox/55.0"
81.189.93.28 - - [11/Sep/2017:16:46:17 +0200] "GET /gui/javascript/form_form.js?1505141177 HTTP/1.1" 200 16206 "http://ed.activities.at/entry.php?id=11677" "Mozilla/5.0 (Windows NT 10.0; WOW64; rv:55.0) Gecko/20100101 Firefox/55.0"
