81.189.93.28 - - [11/Sep/2017:16:58:02 +0200] "GET /entry.php?id=11676& HTTP/1.1" 200 4386 "http://ed.activities.at/entry.php?id=11674" "Mozilla/5.0 (Windows NT 10.0; WOW64; rv:55.0) Gecko/20100101 Firefox/55.0"
81.189.93.28 - - [11/Sep/2017:16:58:03 +0200] "GET /gui/javascript/form_form.js?1505141883 HTTP/1.1" 200 16206 "http://ed.activities.at/entry.php?id=11676&" "Mozilla/5.0 (Windows NT 10.0; WOW64; rv:55.0) Gecko/20100101 Firefox/55.0"
81.189.93.28 - - [11/Sep/2017:16:58:03 +0200] "GET /entry.php?id=10776&form=11500&name=list& HTTP/1.1" 200 2450 "http://ed.activities.at/entry.php?id=11675&" "Mozilla/5.0 (Windows NT 10.0; WOW64; rv:55.0) Gecko/20100101 Firefox/55.0"
81.189.93.28 - - [11/Sep/2017:16:58:03 +0200] "GET /entry.php?id=10778&form=11500&name=list& HTTP/1.1" 200 4357 "http://ed.activities.at/entry.php?id=11675&" "Mozilla/5.0 (Windows NT 10.0; WOW64; rv:55.0) Gecko/20100101 Firefox/55.0"
81.189.93.28 - - [11/Sep/2017:16:58:09 +0200] "POST /entry.php?id=11676 HTTP/1.1" 200 4375 "http://ed.activities.at/entry.php?id=11676&" "Mozilla/5.0 (Windows NT 10.0; WOW64; rv:55.0) Gecko/20100101 Firefox/55.0"
81.189.93.28 - - [11/Sep/2017:16:58:09 +0200] "GET /gui/javascript/form_form.js?1505141889 HTTP/1.1" 200 16206 "http://ed.activities.at/entry.php?id=11676" "Mozilla/5.0 (Windows NT 10.0; WOW64; rv:55.0) Gecko/20100101 Firefox/55.0"
81.189.93.28 - - [11/Sep/2017:16:58:35 +0200] "POST /entry.php?id=11676 HTTP/1.1" 200 4893 "http://ed.activities.at/entry.php?id=11676" "Mozilla/5.0 (Windows NT 10.0; WOW64; rv:55.0) Gecko/20100101 Firefox/55.0"
81.189.93.28 - - [11/Sep/2017:16:58:35 +0200] "GET /gui/javascript/form_form.js?1505141915 HTTP/1.1" 200 16206 "http://ed.activities.at/entry.php?id=11676" "Mozilla/5.0 (Windows NT 10.0; WOW64; rv:55.0) Gecko/20100101 Firefox/55.0"
81.189.93.28 - - [11/Sep/2017:16:58:38 +0200] "POST /entry.php?id=11676 HTTP/1.1" 200 3051 "http://ed.activities.at/entry.php?id=11676" "Mozilla/5.0 (Windows NT 10.0; WOW64; rv:55.0) Gecko/20100101 Firefox/55.0"
81.189.93.28 - - [11/Sep/2017:16:58:39 +0200] "GET /gui/javascript/form_form.js?1505141919 HTTP/1.1" 200 16206 "http://ed.activities.at/entry.php?id=11676" "Mozilla/5.0 (Windows NT 10.0; WOW64; rv:55.0) Gecko/20100101 Firefox/55.0"
81.189.93.28 - - [11/Sep/2017:16:58:39 +0200] "GET /framework/webfx/javascript/tinymce/skins/lightgray/content.min.css HTTP/1.1" 404 325 "http://ed.activities.at/entry.php?id=11676" "Mozilla/5.0 (Windows NT 10.0; WOW64; rv:55.0) Gecko/20100101 Firefox/55.0"
80.122.130.46 - - [11/Sep/2017:16:58:54 +0200] "GET /entry.php?id=10271&&ser=141874 HTTP/1.1" 200 987 "http://ed.activities.at/entry.php?id=10271&&ser=141813" "Mozilla/5.0 (Windows NT 6.1; rv:55.0) Gecko/20100101 Firefox/55.0"
80.122.130.46 - - [11/Sep/2017:16:58:54 +0200] "GET /gui/javascript/form_form.js?1505141934 HTTP/1.1" 200 16206 "http://ed.activities.at/entry.php?id=10271&&ser=141874" "Mozilla/5.0 (Windows NT 6.1; rv:55.0) Gecko/20100101 Firefox/55.0"
81.189.93.28 - - [11/Sep/2017:16:58:55 +0200] "POST /entry.php?id=11676 HTTP/1.1" 200 4034 "http://ed.activities.at/entry.php?id=11676" "Mozilla/5.0 (Windows NT 10.0; WOW64; rv:55.0) Gecko/20100101 Firefox/55.0"
81.189.93.28 - - [11/Sep/2017:16:58:56 +0200] "GET /gui/javascript/form_form.js?1505141935 HTTP/1.1" 200 16206 "http://ed.activities.at/entry.php?id=11676" "Mozilla/5.0 (Windows NT 10.0; WOW64; rv:55.0) Gecko/20100101 Firefox/55.0"
81.189.93.28 - - [11/Sep/2017:16:58:56 +0200] "GET /framework/webfx/javascript/tinymce/skins/lightgray/content.min.css HTTP/1.1" 404 325 "http://ed.activities.at/entry.php?id=11676" "Mozilla/5.0 (Windows NT 10.0; WOW64; rv:55.0) Gecko/20100101 Firefox/55.0"
81.189.93.28 - - [11/Sep/2017:16:58:58 +0200] "POST /entry.php?id=11676 HTTP/1.1" 200 4569 "http://ed.activities.at/entry.php?id=11676" "Mozilla/5.0 (Windows NT 10.0; WOW64; rv:55.0) Gecko/20100101 Firefox/55.0"
81.189.93.28 - - [11/Sep/2017:16:58:58 +0200] "GET /gui/javascript/form_form.js?1505141938 HTTP/1.1" 200 16206 "http://ed.activities.at/entry.php?id=11676" "Mozilla/5.0 (Windows NT 10.0; WOW64; rv:55.0) Gecko/20100101 Firefox/55.0"
81.189.93.28 - - [11/Sep/2017:16:59:00 +0200] "POST /entry.php?id=11676 HTTP/1.1" 200 4853 "http://ed.activities.at/entry.php?id=11676" "Mozilla/5.0 (Windows NT 10.0; WOW64; rv:55.0) Gecko/20100101 Firefox/55.0"
81.189.93.28 - - [11/Sep/2017:16:59:00 +0200] "GET /gui/javascript/form_form.js?1505141940 HTTP/1.1" 200 16206 "http://ed.activities.at/entry.php?id=11676" "Mozilla/5.0 (Windows NT 10.0; WOW64; rv:55.0) Gecko/20100101 Firefox/55.0"
81.189.93.28 - - [11/Sep/2017:16:59:01 +0200] "GET /entry.php?id=10271&&ser=141881 HTTP/1.1" 200 985 "http://ed.activities.at/entry.php?id=10271&&ser=141769" "Mozilla/5.0 (Windows NT 10.0; WOW64; rv:55.0) Gecko/20100101 Firefox/55.0"
81.189.93.28 - - [11/Sep/2017:16:59:01 +0200] "GET /gui/javascript/form_form.js?1505141941 HTTP/1.1" 200 16206 "http://ed.activities.at/entry.php?id=10271&&ser=141881" "Mozilla/5.0 (Windows NT 10.0; WOW64; rv:55.0) Gecko/20100101 Firefox/55.0"
81.189.93.28 - - [11/Sep/2017:16:59:02 +0200] "POST /entry.php?id=11676 HTTP/1.1" 200 4572 "http://ed.activities.at/entry.php?id=11676" "Mozilla/5.0 (Windows NT 10.0; WOW64; rv:55.0) Gecko/20100101 Firefox/55.0"
81.189.93.28 - - [11/Sep/2017:16:59:03 +0200] "GET /gui/javascript/form_form.js?1505141943 HTTP/1.1" 200 16206 "http://ed.activities.at/entry.php?id=11676" "Mozilla/5.0 (Windows NT 10.0; WOW64; rv:55.0) Gecko/20100101 Firefox/55.0"
81.189.93.28 - - [11/Sep/2017:16:59:18 +0200] "POST /entry.php?id=11676 HTTP/1.1" 200 4896 "http://ed.activities.at/entry.php?id=11676" "Mozilla/5.0 (Windows NT 10.0; WOW64; rv:55.0) Gecko/20100101 Firefox/55.0"
81.189.93.28 - - [11/Sep/2017:16:59:19 +0200] "GET /gui/javascript/form_form.js?1505141959 HTTP/1.1" 200 16206 "http://ed.activities.at/entry.php?id=11676" "Mozilla/5.0 (Windows NT 10.0; WOW64; rv:55.0) Gecko/20100101 Firefox/55.0"
81.189.93.28 - - [11/Sep/2017:16:59:22 +0200] "POST /entry.php?id=11676 HTTP/1.1" 200 4873 "http://ed.activities.at/entry.php?id=11676" "Mozilla/5.0 (Windows NT 10.0; WOW64; rv:55.0) Gecko/20100101 Firefox/55.0"
81.189.93.28 - - [11/Sep/2017:16:59:23 +0200] "GET /gui/javascript/form_form.js?1505141963 HTTP/1.1" 200 16206 "http://ed.activities.at/entry.php?id=11676" "Mozilla/5.0 (Windows NT 10.0; WOW64; rv:55.0) Gecko/20100101 Firefox/55.0"
81.189.93.28 - - [11/Sep/2017:16:59:47 +0200] "GET /entry.php?id=10287&login=1 HTTP/1.1" 200 2208 "http://ed.activities.at/entry.php?id=10273&" "Mozilla/5.0 (Windows NT 10.0; WOW64; rv:55.0) Gecko/20100101 Firefox/55.0"
81.189.93.28 - - [11/Sep/2017:16:59:48 +0200] "GET /gui/javascript/form_form.js?1505141987 HTTP/1.1" 200 16206 "http://ed.activities.at/entry.php?id=10287&login=1" "Mozilla/5.0 (Windows NT 10.0; WOW64; rv:55.0) Gecko/20100101 Firefox/55.0"
81.189.93.28 - - [11/Sep/2017:16:59:49 +0200] "POST /entry.php?id=10287& HTTP/1.1" 200 2435 "http://ed.activities.at/entry.php?id=10287&login=1" "Mozilla/5.0 (Windows NT 10.0; WOW64; rv:55.0) Gecko/20100101 Firefox/55.0"
81.189.93.28 - - [11/Sep/2017:16:59:49 +0200] "GET /gui/javascript/form_form.js?1505141989 HTTP/1.1" 200 16206 "http://ed.activities.at/entry.php?id=10287&" "Mozilla/5.0 (Windows NT 10.0; WOW64; rv:55.0) Gecko/20100101 Firefox/55.0"
81.189.93.28 - - [11/Sep/2017:16:59:49 +0200] "GET /entry.php?id=10270& HTTP/1.1" 200 908 "http://ed.activities.at/entry.php?id=10287&" "Mozilla/5.0 (Windows NT 10.0; WOW64; rv:55.0) Gecko/20100101 Firefox/55.0"
81.189.93.28 - - [11/Sep/2017:16:59:49 +0200] "GET /entry.php?id=10273&logout=true& HTTP/1.1" 200 1912 "http://ed.activities.at/entry.php?id=10287&" "Mozilla/5.0 (Windows NT 10.0; WOW64; rv:55.0) Gecko/20100101 Firefox/55.0"
81.189.93.28 - - [11/Sep/2017:16:59:50 +0200] "GET /gui/javascript/form_form.js?1505141990 HTTP/1.1" 200 16206 "http://ed.activities.at/entry.php?id=10270&" "Mozilla/5.0 (Windows NT 10.0; WOW64; rv:55.0) Gecko/20100101 Firefox/55.0"
80.122.130.46 - - [11/Sep/2017:16:59:55 +0200] "GET /entry.php?id=10271&&ser=141934 HTTP/1.1" 200 988 "http://ed.activities.at/entry.php?id=10271&&ser=141874" "Mozilla/5.0 (Windows NT 6.1; rv:55.0) Gecko/20100101 Firefox/55.0"
80.122.130.46 - - [11/Sep/2017:16:59:55 +0200] "GET /gui/javascript/form_form.js?1505141995 HTTP/1.1" 200 16206 "http://ed.activities.at/entry.php?id=10271&&ser=141934" "Mozilla/5.0 (Windows NT 6.1; rv:55.0) Gecko/20100101 Firefox/55.0"
81.189.93.28 - - [11/Sep/2017:17:00:01 +0200] "GET /entry.php?id=10271&&ser=141941 HTTP/1.1" 200 933 "http://ed.activities.at/entry.php?id=10271&&ser=141881" "Mozilla/5.0 (Windows NT 10.0; WOW64; rv:55.0) Gecko/20100101 Firefox/55.0"
81.189.93.28 - - [11/Sep/2017:17:00:02 +0200] "GET /gui/javascript/form_form.js?1505142002 HTTP/1.1" 200 16206 "http://ed.activities.at/entry.php?id=10271&&ser=141941" "Mozilla/5.0 (Windows NT 10.0; WOW64; rv:55.0) Gecko/20100101 Firefox/55.0"
81.189.93.28 - - [11/Sep/2017:17:00:04 +0200] "POST /entry.php?id=10287& HTTP/1.1" 200 2311 "http://ed.activities.at/entry.php?id=10287&" "Mozilla/5.0 (Windows NT 10.0; WOW64; rv:55.0) Gecko/20100101 Firefox/55.0"
81.189.93.28 - - [11/Sep/2017:17:00:04 +0200] "GET /gui/javascript/form_form.js?1505142004 HTTP/1.1" 200 16206 "http://ed.activities.at/entry.php?id=10287&" "Mozilla/5.0 (Windows NT 10.0; WOW64; rv:55.0) Gecko/20100101 Firefox/55.0"
81.189.93.28 - - [11/Sep/2017:17:00:04 +0200] "GET /entry.php?id=10271&&ser=141941 HTTP/1.1" 200 987 "http://ed.activities.at/entry.php?id=10271&&ser=141881" "Mozilla/5.0 (Windows NT 10.0; WOW64; rv:55.0) Gecko/20100101 Firefox/55.0"
81.189.93.28 - - [11/Sep/2017:17:00:05 +0200] "GET /gui/javascript/jquery/css/gui-themes/custom.min.css HTTP/1.1" 304 - "http://ed.activities.at/entry.php?id=10271&&ser=141941" "Mozilla/5.0 (Windows NT 10.0; WOW64; rv:55.0) Gecko/20100101 Firefox/55.0"
81.189.93.28 - - [11/Sep/2017:17:00:05 +0200] "GET /gui/styles/tmplDefault.css HTTP/1.1" 304 - "http://ed.activities.at/entry.php?id=10271&&ser=141941" "Mozilla/5.0 (Windows NT 10.0; WOW64; rv:55.0) Gecko/20100101 Firefox/55.0"
81.189.93.28 - - [11/Sep/2017:17:00:05 +0200] "GET /gui/javascript/jquery/js/jquery-1.8.2.js HTTP/1.1" 304 - "http://ed.activities.at/entry.php?id=10271&&ser=141941" "Mozilla/5.0 (Windows NT 10.0; WOW64; rv:55.0) Gecko/20100101 Firefox/55.0"
81.189.93.28 - - [11/Sep/2017:17:00:05 +0200] "GET /gui/javascript/form_form.js?1505142005 HTTP/1.1" 200 16206 "http://ed.activities.at/entry.php?id=10271&&ser=141941" "Mozilla/5.0 (Windows NT 10.0; WOW64; rv:55.0) Gecko/20100101 Firefox/55.0"
81.189.93.28 - - [11/Sep/2017:17:00:05 +0200] "GET /gui/javascript/jquery/js/jquery-ui-1.9.0.custom.min.js HTTP/1.1" 304 - "http://ed.activities.at/entry.php?id=10271&&ser=141941" "Mozilla/5.0 (Windows NT 10.0; WOW64; rv:55.0) Gecko/20100101 Firefox/55.0"
81.189.93.28 - - [11/Sep/2017:17:00:04 +0200] "GET /entry.php?id=10273& HTTP/1.1" 200 2031 "http://ed.activities.at/entry.php?id=10287&" "Mozilla/5.0 (Windows NT 10.0; WOW64; rv:55.0) Gecko/20100101 Firefox/55.0"
81.189.93.28 - - [11/Sep/2017:17:00:05 +0200] "GET /gui/javascript/jquery/jquery-tooltip/jquery.tooltip.min.js HTTP/1.1" 304 - "http://ed.activities.at/entry.php?id=10271&&ser=141941" "Mozilla/5.0 (Windows NT 10.0; WOW64; rv:55.0) Gecko/20100101 Firefox/55.0"
81.189.93.28 - - [11/Sep/2017:17:00:05 +0200] "GET /gui/javascript/jquery/css/gui-themes/ui.spinner.css HTTP/1.1" 304 - "http://ed.activities.at/entry.php?id=10271&&ser=141941" "Mozilla/5.0 (Windows NT 10.0; WOW64; rv:55.0) Gecko/20100101 Firefox/55.0"
81.189.93.28 - - [11/Sep/2017:17:00:05 +0200] "GET /gui/javascript/jquery/css/gui-themes/jquery.tooltip.css HTTP/1.1" 304 - "http://ed.activities.at/entry.php?id=10271&&ser=141941" "Mozilla/5.0 (Windows NT 10.0; WOW64; rv:55.0) Gecko/20100101 Firefox/55.0"
81.189.93.28 - - [11/Sep/2017:17:00:05 +0200] "GET /framework/webfx/style/toolbar/images/cbback.gif HTTP/1.1" 404 313 "http://ed.activities.at/framework/webfx/style/toolbar/cb2.css" "Mozilla/5.0 (Windows NT 10.0; WOW64; rv:55.0) Gecko/20100101 Firefox/55.0"
81.189.93.28 - - [11/Sep/2017:17:00:05 +0200] "GET /entry.php?id=10270&__app__=10006038 HTTP/1.1" 200 1649 "http://ed.activities.at/entry.php?id=10273&" "Mozilla/5.0 (Windows NT 10.0; WOW64; rv:55.0) Gecko/20100101 Firefox/55.0"
81.189.93.28 - - [11/Sep/2017:17:00:05 +0200] "GET /undefined HTTP/1.1" 404 283 "http://ed.activities.at/entry.php?id=10270&__app__=10006038" "Mozilla/5.0 (Windows NT 10.0; WOW64; rv:55.0) Gecko/20100101 Firefox/55.0"
81.189.93.28 - - [11/Sep/2017:17:00:08 +0200] "GET /entry.php?id=11674 HTTP/1.1" 200 321 "http://ed.activities.at/entry.php?id=10270&__app__=10006038" "Mozilla/5.0 (Windows NT 10.0; WOW64; rv:55.0) Gecko/20100101 Firefox/55.0"
81.189.93.28 - - [11/Sep/2017:17:00:08 +0200] "GET /entry.php?id=10676&&title=Aktionen HTTP/1.1" 200 1386 "http://ed.activities.at/entry.php?id=11674" "Mozilla/5.0 (Windows NT 10.0; WOW64; rv:55.0) Gecko/20100101 Firefox/55.0"
81.189.93.28 - - [11/Sep/2017:17:00:08 +0200] "GET /gui/javascript/form_form.js?1505142008 HTTP/1.1" 200 16206 "http://ed.activities.at/entry.php?id=10676&&title=Aktionen" "Mozilla/5.0 (Windows NT 10.0; WOW64; rv:55.0) Gecko/20100101 Firefox/55.0"
81.189.93.28 - - [11/Sep/2017:17:00:08 +0200] "GET /entry.php?id=11675& HTTP/1.1" 200 2689 "http://ed.activities.at/entry.php?id=11674" "Mozilla/5.0 (Windows NT 10.0; WOW64; rv:55.0) Gecko/20100101 Firefox/55.0"
81.189.93.28 - - [11/Sep/2017:17:00:08 +0200] "GET /entry.php?id=11676& HTTP/1.1" 200 4383 "http://ed.activities.at/entry.php?id=11674" "Mozilla/5.0 (Windows NT 10.0; WOW64; rv:55.0) Gecko/20100101 Firefox/55.0"
81.189.93.28 - - [11/Sep/2017:17:00:09 +0200] "GET /gui/javascript/form_form.js?1505142009 HTTP/1.1" 200 16206 "http://ed.activities.at/entry.php?id=11676&" "Mozilla/5.0 (Windows NT 10.0; WOW64; rv:55.0) Gecko/20100101 Firefox/55.0"
81.189.93.28 - - [11/Sep/2017:17:00:08 +0200] "GET /entry.php?id=10776&form=11500&name=list& HTTP/1.1" 200 2450 "http://ed.activities.at/entry.php?id=11675&" "Mozilla/5.0 (Windows NT 10.0; WOW64; rv:55.0) Gecko/20100101 Firefox/55.0"
81.189.93.28 - - [11/Sep/2017:17:00:08 +0200] "GET /entry.php?id=10778&form=11500&name=list& HTTP/1.1" 200 4357 "http://ed.activities.at/entry.php?id=11675&" "Mozilla/5.0 (Windows NT 10.0; WOW64; rv:55.0) Gecko/20100101 Firefox/55.0"
81.189.93.28 - - [11/Sep/2017:17:00:12 +0200] "POST /entry.php?id=11676 HTTP/1.1" 200 4374 "http://ed.activities.at/entry.php?id=11676&" "Mozilla/5.0 (Windows NT 10.0; WOW64; rv:55.0) Gecko/20100101 Firefox/55.0"
81.189.93.28 - - [11/Sep/2017:17:00:12 +0200] "GET /gui/javascript/form_form.js?1505142012 HTTP/1.1" 200 16206 "http://ed.activities.at/entry.php?id=11676" "Mozilla/5.0 (Windows NT 10.0; WOW64; rv:55.0) Gecko/20100101 Firefox/55.0"
81.189.93.28 - - [11/Sep/2017:17:00:46 +0200] "POST /entry.php?id=11676 HTTP/1.1" 200 4896 "http://ed.activities.at/entry.php?id=11676" "Mozilla/5.0 (Windows NT 10.0; WOW64; rv:55.0) Gecko/20100101 Firefox/55.0"
81.189.93.28 - - [11/Sep/2017:17:00:47 +0200] "GET /gui/javascript/form_form.js?1505142047 HTTP/1.1" 200 16206 "http://ed.activities.at/entry.php?id=11676" "Mozilla/5.0 (Windows NT 10.0; WOW64; rv:55.0) Gecko/20100101 Firefox/55.0"
80.122.130.46 - - [11/Sep/2017:17:00:55 +0200] "GET /entry.php?id=10271&&ser=141995 HTTP/1.1" 200 988 "http://ed.activities.at/entry.php?id=10271&&ser=141934" "Mozilla/5.0 (Windows NT 6.1; rv:55.0) Gecko/20100101 Firefox/55.0"
80.122.130.46 - - [11/Sep/2017:17:00:55 +0200] "GET /gui/javascript/form_form.js?1505142055 HTTP/1.1" 200 16206 "http://ed.activities.at/entry.php?id=10271&&ser=141995" "Mozilla/5.0 (Windows NT 6.1; rv:55.0) Gecko/20100101 Firefox/55.0"
81.189.93.28 - - [11/Sep/2017:17:00:56 +0200] "POST /entry.php?id=11676 HTTP/1.1" 200 3050 "http://ed.activities.at/entry.php?id=11676" "Mozilla/5.0 (Windows NT 10.0; WOW64; rv:55.0) Gecko/20100101 Firefox/55.0"
81.189.93.28 - - [11/Sep/2017:17:00:57 +0200] "GET /gui/javascript/form_form.js?1505142057 HTTP/1.1" 200 16206 "http://ed.activities.at/entry.php?id=11676" "Mozilla/5.0 (Windows NT 10.0; WOW64; rv:55.0) Gecko/20100101 Firefox/55.0"
81.189.93.28 - - [11/Sep/2017:17:00:57 +0200] "GET /framework/webfx/javascript/tinymce/skins/lightgray/content.min.css HTTP/1.1" 404 325 "http://ed.activities.at/entry.php?id=11676" "Mozilla/5.0 (Windows NT 10.0; WOW64; rv:55.0) Gecko/20100101 Firefox/55.0"
81.189.93.28 - - [11/Sep/2017:17:01:05 +0200] "GET /entry.php?id=10271&&ser=142005 HTTP/1.1" 200 987 "http://ed.activities.at/entry.php?id=10271&&ser=141941" "Mozilla/5.0 (Windows NT 10.0; WOW64; rv:55.0) Gecko/20100101 Firefox/55.0"
81.189.93.28 - - [11/Sep/2017:17:01:05 +0200] "GET /gui/javascript/form_form.js?1505142065 HTTP/1.1" 200 16206 "http://ed.activities.at/entry.php?id=10271&&ser=142005" "Mozilla/5.0 (Windows NT 10.0; WOW64; rv:55.0) Gecko/20100101 Firefox/55.0"
81.189.93.28 - - [11/Sep/2017:17:01:11 +0200] "POST /entry.php?id=11676 HTTP/1.1" 200 3684 "http://ed.activities.at/entry.php?id=11676" "Mozilla/5.0 (Windows NT 10.0; WOW64; rv:55.0) Gecko/20100101 Firefox/55.0"
81.189.93.28 - - [11/Sep/2017:17:01:12 +0200] "GET /gui/javascript/form_form.js?1505142072 HTTP/1.1" 200 16206 "http://ed.activities.at/entry.php?id=11676" "Mozilla/5.0 (Windows NT 10.0; WOW64; rv:55.0) Gecko/20100101 Firefox/55.0"
81.189.93.28 - - [11/Sep/2017:17:01:12 +0200] "GET /framework/webfx/javascript/tinymce/skins/lightgray/content.min.css HTTP/1.1" 404 325 "http://ed.activities.at/entry.php?id=11676" "Mozilla/5.0 (Windows NT 10.0; WOW64; rv:55.0) Gecko/20100101 Firefox/55.0"
81.189.93.28 - - [11/Sep/2017:17:01:16 +0200] "POST /entry.php?id=11676 HTTP/1.1" 200 4586 "http://ed.activities.at/entry.php?id=11676" "Mozilla/5.0 (Windows NT 10.0; WOW64; rv:55.0) Gecko/20100101 Firefox/55.0"
81.189.93.28 - - [11/Sep/2017:17:01:16 +0200] "GET /gui/javascript/form_form.js?1505142076 HTTP/1.1" 200 16206 "http://ed.activities.at/entry.php?id=11676" "Mozilla/5.0 (Windows NT 10.0; WOW64; rv:55.0) Gecko/20100101 Firefox/55.0"
81.189.93.28 - - [11/Sep/2017:17:01:18 +0200] "POST /entry.php?id=11676 HTTP/1.1" 200 4862 "http://ed.activities.at/entry.php?id=11676" "Mozilla/5.0 (Windows NT 10.0; WOW64; rv:55.0) Gecko/20100101 Firefox/55.0"
81.189.93.28 - - [11/Sep/2017:17:01:18 +0200] "GET /gui/javascript/form_form.js?1505142078 HTTP/1.1" 200 16206 "http://ed.activities.at/entry.php?id=11676" "Mozilla/5.0 (Windows NT 10.0; WOW64; rv:55.0) Gecko/20100101 Firefox/55.0"
81.189.93.28 - - [11/Sep/2017:17:01:21 +0200] "POST /entry.php?id=11676 HTTP/1.1" 200 4577 "http://ed.activities.at/entry.php?id=11676" "Mozilla/5.0 (Windows NT 10.0; WOW64; rv:55.0) Gecko/20100101 Firefox/55.0"
81.189.93.28 - - [11/Sep/2017:17:01:22 +0200] "GET /gui/javascript/form_form.js?1505142082 HTTP/1.1" 200 16206 "http://ed.activities.at/entry.php?id=11676" "Mozilla/5.0 (Windows NT 10.0; WOW64; rv:55.0) Gecko/20100101 Firefox/55.0"
81.189.93.28 - - [11/Sep/2017:17:01:32 +0200] "POST /entry.php?id=11676 HTTP/1.1" 200 4904 "http://ed.activities.at/entry.php?id=11676" "Mozilla/5.0 (Windows NT 10.0; WOW64; rv:55.0) Gecko/20100101 Firefox/55.0"
81.189.93.28 - - [11/Sep/2017:17:01:32 +0200] "GET /gui/javascript/form_form.js?1505142092 HTTP/1.1" 200 16206 "http://ed.activities.at/entry.php?id=11676" "Mozilla/5.0 (Windows NT 10.0; WOW64; rv:55.0) Gecko/20100101 Firefox/55.0"
81.189.93.28 - - [11/Sep/2017:17:01:33 +0200] "POST /entry.php?id=11676 HTTP/1.1" 200 4873 "http://ed.activities.at/entry.php?id=11676" "Mozilla/5.0 (Windows NT 10.0; WOW64; rv:55.0) Gecko/20100101 Firefox/55.0"
81.189.93.28 - - [11/Sep/2017:17:01:34 +0200] "GET /gui/javascript/form_form.js?1505142094 HTTP/1.1" 200 16206 "http://ed.activities.at/entry.php?id=11676" "Mozilla/5.0 (Windows NT 10.0; WOW64; rv:55.0) Gecko/20100101 Firefox/55.0"
81.189.93.28 - - [11/Sep/2017:17:01:51 +0200] "GET /entry.php?id=10287&login=1 HTTP/1.1" 200 2209 "http://ed.activities.at/entry.php?id=10273&" "Mozilla/5.0 (Windows NT 10.0; WOW64; rv:55.0) Gecko/20100101 Firefox/55.0"
81.189.93.28 - - [11/Sep/2017:17:01:51 +0200] "GET /gui/javascript/form_form.js?1505142111 HTTP/1.1" 200 16206 "http://ed.activities.at/entry.php?id=10287&login=1" "Mozilla/5.0 (Windows NT 10.0; WOW64; rv:55.0) Gecko/20100101 Firefox/55.0"
80.122.130.46 - - [11/Sep/2017:17:01:56 +0200] "GET /entry.php?id=10271&&ser=142055 HTTP/1.1" 200 986 "http://ed.activities.at/entry.php?id=10271&&ser=141995" "Mozilla/5.0 (Windows NT 6.1; rv:55.0) Gecko/20100101 Firefox/55.0"
80.122.130.46 - - [11/Sep/2017:17:01:56 +0200] "GET /gui/javascript/form_form.js?1505142116 HTTP/1.1" 200 16206 "http://ed.activities.at/entry.php?id=10271&&ser=142055" "Mozilla/5.0 (Windows NT 6.1; rv:55.0) Gecko/20100101 Firefox/55.0"
81.189.93.28 - - [11/Sep/2017:17:01:56 +0200] "POST /entry.php?id=10287& HTTP/1.1" 200 2293 "http://ed.activities.at/entry.php?id=10287&login=1" "Mozilla/5.0 (Windows NT 10.0; WOW64; rv:55.0) Gecko/20100101 Firefox/55.0"
81.189.93.28 - - [11/Sep/2017:17:01:56 +0200] "GET /gui/javascript/form_form.js?1505142116 HTTP/1.1" 200 16206 "http://ed.activities.at/entry.php?id=10287&" "Mozilla/5.0 (Windows NT 10.0; WOW64; rv:55.0) Gecko/20100101 Firefox/55.0"
81.189.93.28 - - [11/Sep/2017:17:01:56 +0200] "GET /entry.php?id=10271&&ser=142005 HTTP/1.1" 200 987 "http://ed.activities.at/entry.php?id=10271&&ser=141941" "Mozilla/5.0 (Windows NT 10.0; WOW64; rv:55.0) Gecko/20100101 Firefox/55.0"
81.189.93.28 - - [11/Sep/2017:17:01:57 +0200] "GET /gui/javascript/jquery/css/gui-themes/custom.min.css HTTP/1.1" 304 - "http://ed.activities.at/entry.php?id=10271&&ser=142005" "Mozilla/5.0 (Windows NT 10.0; WOW64; rv:55.0) Gecko/20100101 Firefox/55.0"
81.189.93.28 - - [11/Sep/2017:17:01:57 +0200] "GET /gui/javascript/jquery/css/gui-themes/ui.spinner.css HTTP/1.1" 304 - "http://ed.activities.at/entry.php?id=10271&&ser=142005" "Mozilla/5.0 (Windows NT 10.0; WOW64; rv:55.0) Gecko/20100101 Firefox/55.0"
81.189.93.28 - - [11/Sep/2017:17:01:57 +0200] "GET /gui/javascript/jquery/js/jquery-ui-1.9.0.custom.min.js HTTP/1.1" 304 - "http://ed.activities.at/entry.php?id=10271&&ser=142005" "Mozilla/5.0 (Windows NT 10.0; WOW64; rv:55.0) Gecko/20100101 Firefox/55.0"
81.189.93.28 - - [11/Sep/2017:17:01:57 +0200] "GET /gui/javascript/jquery/css/gui-themes/jquery.tooltip.css HTTP/1.1" 304 - "http://ed.activities.at/entry.php?id=10271&&ser=142005" "Mozilla/5.0 (Windows NT 10.0; WOW64; rv:55.0) Gecko/20100101 Firefox/55.0"
81.189.93.28 - - [11/Sep/2017:17:01:57 +0200] "GET /gui/styles/tmplDefault.css HTTP/1.1" 304 - "http://ed.activities.at/entry.php?id=10271&&ser=142005" "Mozilla/5.0 (Windows NT 10.0; WOW64; rv:55.0) Gecko/20100101 Firefox/55.0"
81.189.93.28 - - [11/Sep/2017:17:01:57 +0200] "GET /gui/javascript/form_form.js?1505142117 HTTP/1.1" 200 16206 "http://ed.activities.at/entry.php?id=10271&&ser=142005" "Mozilla/5.0 (Windows NT 10.0; WOW64; rv:55.0) Gecko/20100101 Firefox/55.0"
81.189.93.28 - - [11/Sep/2017:17:01:57 +0200] "GET /gui/javascript/jquery/jquery-tooltip/jquery.tooltip.min.js HTTP/1.1" 304 - "http://ed.activities.at/entry.php?id=10271&&ser=142005" "Mozilla/5.0 (Windows NT 10.0; WOW64; rv:55.0) Gecko/20100101 Firefox/55.0"
81.189.93.28 - - [11/Sep/2017:17:01:57 +0200] "GET /gui/javascript/jquery/js/jquery-1.8.2.js HTTP/1.1" 304 - "http://ed.activities.at/entry.php?id=10271&&ser=142005" "Mozilla/5.0 (Windows NT 10.0; WOW64; rv:55.0) Gecko/20100101 Firefox/55.0"
81.189.93.28 - - [11/Sep/2017:17:01:58 +0200] "GET /entry.php?id=11674 HTTP/1.1" 200 321 "http://ed.activities.at/entry.php?id=10270&__app__=10006038" "Mozilla/5.0 (Windows NT 10.0; WOW64; rv:55.0) Gecko/20100101 Firefox/55.0"
81.189.93.28 - - [11/Sep/2017:17:01:58 +0200] "GET /entry.php?id=10676&&title=Aktionen HTTP/1.1" 200 1387 "http://ed.activities.at/entry.php?id=11674" "Mozilla/5.0 (Windows NT 10.0; WOW64; rv:55.0) Gecko/20100101 Firefox/55.0"
81.189.93.28 - - [11/Sep/2017:17:01:59 +0200] "GET /gui/javascript/form_form.js?1505142119 HTTP/1.1" 200 16206 "http://ed.activities.at/entry.php?id=10676&&title=Aktionen" "Mozilla/5.0 (Windows NT 10.0; WOW64; rv:55.0) Gecko/20100101 Firefox/55.0"
81.189.93.28 - - [11/Sep/2017:17:01:58 +0200] "GET /entry.php?id=11675& HTTP/1.1" 200 2691 "http://ed.activities.at/entry.php?id=11674" "Mozilla/5.0 (Windows NT 10.0; WOW64; rv:55.0) Gecko/20100101 Firefox/55.0"
81.189.93.28 - - [11/Sep/2017:17:01:58 +0200] "GET /entry.php?id=11676& HTTP/1.1" 200 4382 "http://ed.activities.at/entry.php?id=11674" "Mozilla/5.0 (Windows NT 10.0; WOW64; rv:55.0) Gecko/20100101 Firefox/55.0"
81.189.93.28 - - [11/Sep/2017:17:01:59 +0200] "GET /entry.php?id=10776&form=11500&name=list& HTTP/1.1" 200 2450 "http://ed.activities.at/entry.php?id=11675&" "Mozilla/5.0 (Windows NT 10.0; WOW64; rv:55.0) Gecko/20100101 Firefox/55.0"
81.189.93.28 - - [11/Sep/2017:17:01:59 +0200] "GET /entry.php?id=10778&form=11500&name=list& HTTP/1.1" 200 3983 "http://ed.activities.at/entry.php?id=11675&" "Mozilla/5.0 (Windows NT 10.0; WOW64; rv:55.0) Gecko/20100101 Firefox/55.0"
81.189.93.28 - - [11/Sep/2017:17:02:03 +0200] "POST /entry.php?id=11676 HTTP/1.1" 200 4375 "http://ed.activities.at/entry.php?id=11676&" "Mozilla/5.0 (Windows NT 10.0; WOW64; rv:55.0) Gecko/20100101 Firefox/55.0"
81.189.93.28 - - [11/Sep/2017:17:02:03 +0200] "GET /gui/javascript/form_form.js?1505142123 HTTP/1.1" 200 16206 "http://ed.activities.at/entry.php?id=11676" "Mozilla/5.0 (Windows NT 10.0; WOW64; rv:55.0) Gecko/20100101 Firefox/55.0"
81.189.93.28 - - [11/Sep/2017:17:02:25 +0200] "POST /entry.php?id=11676 HTTP/1.1" 200 4904 "http://ed.activities.at/entry.php?id=11676" "Mozilla/5.0 (Windows NT 10.0; WOW64; rv:55.0) Gecko/20100101 Firefox/55.0"
81.189.93.28 - - [11/Sep/2017:17:02:26 +0200] "GET /gui/javascript/form_form.js?1505142146 HTTP/1.1" 200 16206 "http://ed.activities.at/entry.php?id=11676" "Mozilla/5.0 (Windows NT 10.0; WOW64; rv:55.0) Gecko/20100101 Firefox/55.0"
81.189.93.28 - - [11/Sep/2017:17:02:27 +0200] "POST /entry.php?id=11676 HTTP/1.1" 200 3050 "http://ed.activities.at/entry.php?id=11676" "Mozilla/5.0 (Windows NT 10.0; WOW64; rv:55.0) Gecko/20100101 Firefox/55.0"
81.189.93.28 - - [11/Sep/2017:17:02:28 +0200] "GET /gui/javascript/form_form.js?1505142148 HTTP/1.1" 200 16206 "http://ed.activities.at/entry.php?id=11676" "Mozilla/5.0 (Windows NT 10.0; WOW64; rv:55.0) Gecko/20100101 Firefox/55.0"
81.189.93.28 - - [11/Sep/2017:17:02:28 +0200] "GET /framework/webfx/javascript/tinymce/skins/lightgray/content.min.css HTTP/1.1" 404 325 "http://ed.activities.at/entry.php?id=11676" "Mozilla/5.0 (Windows NT 10.0; WOW64; rv:55.0) Gecko/20100101 Firefox/55.0"
80.122.130.46 - - [11/Sep/2017:17:02:56 +0200] "GET /entry.php?id=10271&&ser=142116 HTTP/1.1" 200 989 "http://ed.activities.at/entry.php?id=10271&&ser=142055" "Mozilla/5.0 (Windows NT 6.1; rv:55.0) Gecko/20100101 Firefox/55.0"
80.122.130.46 - - [11/Sep/2017:17:02:57 +0200] "GET /gui/javascript/form_form.js?1505142177 HTTP/1.1" 200 16206 "http://ed.activities.at/entry.php?id=10271&&ser=142116" "Mozilla/5.0 (Windows NT 6.1; rv:55.0) Gecko/20100101 Firefox/55.0"
81.189.93.28 - - [11/Sep/2017:17:02:57 +0200] "GET /entry.php?id=10271&&ser=142117 HTTP/1.1" 200 987 "http://ed.activities.at/entry.php?id=10271&&ser=142005" "Mozilla/5.0 (Windows NT 10.0; WOW64; rv:55.0) Gecko/20100101 Firefox/55.0"
81.189.93.28 - - [11/Sep/2017:17:02:57 +0200] "GET /gui/javascript/form_form.js?1505142177 HTTP/1.1" 200 16206 "http://ed.activities.at/entry.php?id=10271&&ser=142117" "Mozilla/5.0 (Windows NT 10.0; WOW64; rv:55.0) Gecko/20100101 Firefox/55.0"
81.189.93.28 - - [11/Sep/2017:17:03:13 +0200] "POST /entry.php?id=11676 HTTP/1.1" 200 4021 "http://ed.activities.at/entry.php?id=11676" "Mozilla/5.0 (Windows NT 10.0; WOW64; rv:55.0) Gecko/20100101 Firefox/55.0"
81.189.93.28 - - [11/Sep/2017:17:03:13 +0200] "GET /gui/javascript/form_form.js?1505142193 HTTP/1.1" 200 16206 "http://ed.activities.at/entry.php?id=11676" "Mozilla/5.0 (Windows NT 10.0; WOW64; rv:55.0) Gecko/20100101 Firefox/55.0"
81.189.93.28 - - [11/Sep/2017:17:03:14 +0200] "GET /framework/webfx/javascript/tinymce/skins/lightgray/content.min.css HTTP/1.1" 404 325 "http://ed.activities.at/entry.php?id=11676" "Mozilla/5.0 (Windows NT 10.0; WOW64; rv:55.0) Gecko/20100101 Firefox/55.0"
81.189.93.28 - - [11/Sep/2017:17:03:17 +0200] "POST /entry.php?id=11676 HTTP/1.1" 200 4587 "http://ed.activities.at/entry.php?id=11676" "Mozilla/5.0 (Windows NT 10.0; WOW64; rv:55.0) Gecko/20100101 Firefox/55.0"
81.189.93.28 - - [11/Sep/2017:17:03:17 +0200] "GET /gui/javascript/form_form.js?1505142197 HTTP/1.1" 200 16206 "http://ed.activities.at/entry.php?id=11676" "Mozilla/5.0 (Windows NT 10.0; WOW64; rv:55.0) Gecko/20100101 Firefox/55.0"
81.189.93.28 - - [11/Sep/2017:17:03:19 +0200] "POST /entry.php?id=11676 HTTP/1.1" 200 4867 "http://ed.activities.at/entry.php?id=11676" "Mozilla/5.0 (Windows NT 10.0; WOW64; rv:55.0) Gecko/20100101 Firefox/55.0"
81.189.93.28 - - [11/Sep/2017:17:03:19 +0200] "GET /gui/javascript/form_form.js?1505142199 HTTP/1.1" 200 16206 "http://ed.activities.at/entry.php?id=11676" "Mozilla/5.0 (Windows NT 10.0; WOW64; rv:55.0) Gecko/20100101 Firefox/55.0"
81.189.93.28 - - [11/Sep/2017:17:03:20 +0200] "POST /entry.php?id=11676 HTTP/1.1" 200 4563 "http://ed.activities.at/entry.php?id=11676" "Mozilla/5.0 (Windows NT 10.0; WOW64; rv:55.0) Gecko/20100101 Firefox/55.0"
81.189.93.28 - - [11/Sep/2017:17:03:21 +0200] "GET /gui/javascript/form_form.js?1505142201 HTTP/1.1" 200 16206 "http://ed.activities.at/entry.php?id=11676" "Mozilla/5.0 (Windows NT 10.0; WOW64; rv:55.0) Gecko/20100101 Firefox/55.0"
81.189.93.28 - - [11/Sep/2017:17:03:31 +0200] "POST /entry.php?id=11676 HTTP/1.1" 200 4563 "http://ed.activities.at/entry.php?id=11676" "Mozilla/5.0 (Windows NT 10.0; WOW64; rv:55.0) Gecko/20100101 Firefox/55.0"
81.189.93.28 - - [11/Sep/2017:17:03:32 +0200] "GET /gui/javascript/form_form.js?1505142212 HTTP/1.1" 200 16206 "http://ed.activities.at/entry.php?id=11676" "Mozilla/5.0 (Windows NT 10.0; WOW64; rv:55.0) Gecko/20100101 Firefox/55.0"
80.122.130.46 - - [11/Sep/2017:17:03:57 +0200] "GET /entry.php?id=10271&&ser=142176 HTTP/1.1" 200 987 "http://ed.activities.at/entry.php?id=10271&&ser=142116" "Mozilla/5.0 (Windows NT 6.1; rv:55.0) Gecko/20100101 Firefox/55.0"
80.122.130.46 - - [11/Sep/2017:17:03:57 +0200] "GET /gui/javascript/form_form.js?1505142237 HTTP/1.1" 200 16206 "http://ed.activities.at/entry.php?id=10271&&ser=142176" "Mozilla/5.0 (Windows NT 6.1; rv:55.0) Gecko/20100101 Firefox/55.0"
81.189.93.28 - - [11/Sep/2017:17:03:57 +0200] "GET /entry.php?id=10271&&ser=142177 HTTP/1.1" 200 987 "http://ed.activities.at/entry.php?id=10271&&ser=142117" "Mozilla/5.0 (Windows NT 10.0; WOW64; rv:55.0) Gecko/20100101 Firefox/55.0"
81.189.93.28 - - [11/Sep/2017:17:03:58 +0200] "GET /gui/javascript/form_form.js?1505142238 HTTP/1.1" 200 16206 "http://ed.activities.at/entry.php?id=10271&&ser=142177" "Mozilla/5.0 (Windows NT 10.0; WOW64; rv:55.0) Gecko/20100101 Firefox/55.0"
81.189.93.28 - - [11/Sep/2017:17:04:01 +0200] "POST /entry.php?id=11676 HTTP/1.1" 200 4902 "http://ed.activities.at/entry.php?id=11676" "Mozilla/5.0 (Windows NT 10.0; WOW64; rv:55.0) Gecko/20100101 Firefox/55.0"
81.189.93.28 - - [11/Sep/2017:17:04:02 +0200] "GET /gui/javascript/form_form.js?1505142242 HTTP/1.1" 200 16206 "http://ed.activities.at/entry.php?id=11676" "Mozilla/5.0 (Windows NT 10.0; WOW64; rv:55.0) Gecko/20100101 Firefox/55.0"
81.189.93.28 - - [11/Sep/2017:17:04:03 +0200] "POST /entry.php?id=11676 HTTP/1.1" 200 4870 "http://ed.activities.at/entry.php?id=11676" "Mozilla/5.0 (Windows NT 10.0; WOW64; rv:55.0) Gecko/20100101 Firefox/55.0"
81.189.93.28 - - [11/Sep/2017:17:04:04 +0200] "GET /gui/javascript/form_form.js?1505142244 HTTP/1.1" 200 16206 "http://ed.activities.at/entry.php?id=11676" "Mozilla/5.0 (Windows NT 10.0; WOW64; rv:55.0) Gecko/20100101 Firefox/55.0"
81.189.93.28 - - [11/Sep/2017:17:04:57 +0200] "GET /entry.php?id=11673 HTTP/1.1" 200 358 "http://ed.activities.at/entry.php?id=10270&__app__=10006038" "Mozilla/5.0 (Windows NT 10.0; WOW64; rv:55.0) Gecko/20100101 Firefox/55.0"
80.122.130.46 - - [11/Sep/2017:17:04:57 +0200] "GET /entry.php?id=10271&&ser=142237 HTTP/1.1" 200 987 "http://ed.activities.at/entry.php?id=10271&&ser=142176" "Mozilla/5.0 (Windows NT 6.1; rv:55.0) Gecko/20100101 Firefox/55.0"
80.122.130.46 - - [11/Sep/2017:17:04:58 +0200] "GET /gui/javascript/form_form.js?1505142298 HTTP/1.1" 200 16206 "http://ed.activities.at/entry.php?id=10271&&ser=142237" "Mozilla/5.0 (Windows NT 6.1; rv:55.0) Gecko/20100101 Firefox/55.0"
81.189.93.28 - - [11/Sep/2017:17:04:58 +0200] "GET /entry.php?id=10676&&title=F%FChrerscheinkurse HTTP/1.1" 200 1395 "http://ed.activities.at/entry.php?id=11673" "Mozilla/5.0 (Windows NT 10.0; WOW64; rv:55.0) Gecko/20100101 Firefox/55.0"
81.189.93.28 - - [11/Sep/2017:17:04:58 +0200] "GET /gui/javascript/form_form.js?1505142298 HTTP/1.1" 200 16206 "http://ed.activities.at/entry.php?id=10676&&title=F%FChrerscheinkurse" "Mozilla/5.0 (Windows NT 10.0; WOW64; rv:55.0) Gecko/20100101 Firefox/55.0"
81.189.93.28 - - [11/Sep/2017:17:04:58 +0200] "GET /entry.php?id=11672& HTTP/1.1" 200 2736 "http://ed.activities.at/entry.php?id=11673" "Mozilla/5.0 (Windows NT 10.0; WOW64; rv:55.0) Gecko/20100101 Firefox/55.0"
81.189.93.28 - - [11/Sep/2017:17:04:59 +0200] "GET /gui/javascript/form_form.js?1505142299 HTTP/1.1" 200 16206 "http://ed.activities.at/entry.php?id=11672&" "Mozilla/5.0 (Windows NT 10.0; WOW64; rv:55.0) Gecko/20100101 Firefox/55.0"
81.189.93.28 - - [11/Sep/2017:17:04:58 +0200] "GET /entry.php?id=11694& HTTP/1.1" 200 3456 "http://ed.activities.at/entry.php?id=11673" "Mozilla/5.0 (Windows NT 10.0; WOW64; rv:55.0) Gecko/20100101 Firefox/55.0"
81.189.93.28 - - [11/Sep/2017:17:05:00 +0200] "GET /gui/javascript/form_form.js?1505142300 HTTP/1.1" 200 16206 "http://ed.activities.at/entry.php?id=11694&" "Mozilla/5.0 (Windows NT 10.0; WOW64; rv:55.0) Gecko/20100101 Firefox/55.0"
81.189.93.28 - - [11/Sep/2017:17:04:58 +0200] "GET /entry.php?id=10271&&ser=142238 HTTP/1.1" 200 987 "http://ed.activities.at/entry.php?id=10271&&ser=142177" "Mozilla/5.0 (Windows NT 10.0; WOW64; rv:55.0) Gecko/20100101 Firefox/55.0"
81.189.93.28 - - [11/Sep/2017:17:05:00 +0200] "GET /activities/framework/KoolControls/KoolAjax/koolajax.php?8436e354c842500aba3cbaf0584c0c24 HTTP/1.1" 200 4079 "http://ed.activities.at/entry.php?id=11694&" "Mozilla/5.0 (Windows NT 10.0; WOW64; rv:55.0) Gecko/20100101 Firefox/55.0"
81.189.93.28 - - [11/Sep/2017:17:05:00 +0200] "GET /activities/framework/KoolControls/KoolTreeView/icons/Folder.gif HTTP/1.1" 200 267 "http://ed.activities.at/entry.php?id=11694&" "Mozilla/5.0 (Windows NT 10.0; WOW64; rv:55.0) Gecko/20100101 Firefox/55.0"
81.189.93.28 - - [11/Sep/2017:17:05:00 +0200] "GET /activities/framework/KoolControls/KoolTreeView/icons/square_blueS.gif HTTP/1.1" 200 540 "http://ed.activities.at/entry.php?id=11694&" "Mozilla/5.0 (Windows NT 10.0; WOW64; rv:55.0) Gecko/20100101 Firefox/55.0"
81.189.93.28 - - [11/Sep/2017:17:04:59 +0200] "GET /entry.php?id=10776&form=11497&name=list& HTTP/1.1" 200 1943 "http://ed.activities.at/entry.php?id=11672&" "Mozilla/5.0 (Windows NT 10.0; WOW64; rv:55.0) Gecko/20100101 Firefox/55.0"
81.189.93.28 - - [11/Sep/2017:17:05:00 +0200] "GET /activities/framework/KoolControls/KoolTreeView/kooltreeview.php?c7cd9180e88ffef8e70f13526bb4f5f7 HTTP/1.1" 200 5055 "http://ed.activities.at/entry.php?id=11694&" "Mozilla/5.0 (Windows NT 10.0; WOW64; rv:55.0) Gecko/20100101 Firefox/55.0"
81.189.93.28 - - [11/Sep/2017:17:04:58 +0200] "GET /entry.php?id=11671& HTTP/1.1" 200 4543 "http://ed.activities.at/entry.php?id=11673" "Mozilla/5.0 (Windows NT 10.0; WOW64; rv:55.0) Gecko/20100101 Firefox/55.0"
81.189.93.28 - - [11/Sep/2017:17:04:59 +0200] "GET /entry.php?id=10778&form=11497&name=list& HTTP/1.1" 200 18342 "http://ed.activities.at/entry.php?id=11672&" "Mozilla/5.0 (Windows NT 10.0; WOW64; rv:55.0) Gecko/20100101 Firefox/55.0"
81.189.93.28 - - [11/Sep/2017:17:04:59 +0200] "GET /entry.php?id=10777&form=11497&name=list& HTTP/1.1" 200 1340 "http://ed.activities.at/entry.php?id=11672&" "Mozilla/5.0 (Windows NT 10.0; WOW64; rv:55.0) Gecko/20100101 Firefox/55.0"
81.189.93.28 - - [11/Sep/2017:17:05:00 +0200] "GET /entry.php?id=10776&form=11496&name=list& HTTP/1.1" 200 1526 "http://ed.activities.at/entry.php?id=11671&" "Mozilla/5.0 (Windows NT 10.0; WOW64; rv:55.0) Gecko/20100101 Firefox/55.0"
81.189.93.28 - - [11/Sep/2017:17:05:00 +0200] "GET /entry.php?id=10778&form=11496&name=list& HTTP/1.1" 200 2493 "http://ed.activities.at/entry.php?id=11671&" "Mozilla/5.0 (Windows NT 10.0; WOW64; rv:55.0) Gecko/20100101 Firefox/55.0"
81.189.93.28 - - [11/Sep/2017:17:05:01 +0200] "GET /gui/images/icons/website.gif HTTP/1.1" 200 1049 "http://ed.activities.at/entry.php?id=10776&form=11496&name=list&" "Mozilla/5.0 (Windows NT 10.0; WOW64; rv:55.0) Gecko/20100101 Firefox/55.0"
81.189.93.28 - - [11/Sep/2017:17:05:09 +0200] "POST /entry.php?id=11672 HTTP/1.1" 200 2702 "http://ed.activities.at/entry.php?id=11672&" "Mozilla/5.0 (Windows NT 10.0; WOW64; rv:55.0) Gecko/20100101 Firefox/55.0"
81.189.93.28 - - [11/Sep/2017:17:05:09 +0200] "GET /gui/javascript/form_form.js?1505142309 HTTP/1.1" 200 16206 "http://ed.activities.at/entry.php?id=11672" "Mozilla/5.0 (Windows NT 10.0; WOW64; rv:55.0) Gecko/20100101 Firefox/55.0"
81.189.93.28 - - [11/Sep/2017:17:05:09 +0200] "GET /entry.php?id=10776&form=11497&name=list& HTTP/1.1" 200 1940 "http://ed.activities.at/entry.php?id=11672" "Mozilla/5.0 (Windows NT 10.0; WOW64; rv:55.0) Gecko/20100101 Firefox/55.0"
81.189.93.28 - - [11/Sep/2017:17:05:09 +0200] "GET /entry.php?id=10778&form=11497&name=list& HTTP/1.1" 200 3059 "http://ed.activities.at/entry.php?id=11672" "Mozilla/5.0 (Windows NT 10.0; WOW64; rv:55.0) Gecko/20100101 Firefox/55.0"
81.189.93.28 - - [11/Sep/2017:17:05:40 +0200] "POST /entry.php?id=11672 HTTP/1.1" 200 2703 "http://ed.activities.at/entry.php?id=11672" "Mozilla/5.0 (Windows NT 10.0; WOW64; rv:55.0) Gecko/20100101 Firefox/55.0"
81.189.93.28 - - [11/Sep/2017:17:05:40 +0200] "GET /gui/javascript/form_form.js?1505142340 HTTP/1.1" 200 16206 "http://ed.activities.at/entry.php?id=11672" "Mozilla/5.0 (Windows NT 10.0; WOW64; rv:55.0) Gecko/20100101 Firefox/55.0"
81.189.93.28 - - [11/Sep/2017:17:05:40 +0200] "GET /entry.php?id=10776&form=11497&name=list& HTTP/1.1" 200 1940 "http://ed.activities.at/entry.php?id=11672" "Mozilla/5.0 (Windows NT 10.0; WOW64; rv:55.0) Gecko/20100101 Firefox/55.0"
81.189.93.28 - - [11/Sep/2017:17:05:40 +0200] "GET /entry.php?id=10778&form=11497&name=list& HTTP/1.1" 200 3124 "http://ed.activities.at/entry.php?id=11672" "Mozilla/5.0 (Windows NT 10.0; WOW64; rv:55.0) Gecko/20100101 Firefox/55.0"
80.122.130.46 - - [11/Sep/2017:17:05:59 +0200] "GET /entry.php?id=10271&&ser=142298 HTTP/1.1" 200 986 "http://ed.activities.at/entry.php?id=10271&&ser=142237" "Mozilla/5.0 (Windows NT 6.1; rv:55.0) Gecko/20100101 Firefox/55.0"
80.122.130.46 - - [11/Sep/2017:17:05:59 +0200] "GET /gui/javascript/form_form.js?1505142359 HTTP/1.1" 200 16206 "http://ed.activities.at/entry.php?id=10271&&ser=142298" "Mozilla/5.0 (Windows NT 6.1; rv:55.0) Gecko/20100101 Firefox/55.0"
81.189.93.28 - - [11/Sep/2017:17:06:00 +0200] "GET /entry.php?id=10271&&ser=142300 HTTP/1.1" 200 987 "http://ed.activities.at/entry.php?id=10271&&ser=142238" "Mozilla/5.0 (Windows NT 10.0; WOW64; rv:55.0) Gecko/20100101 Firefox/55.0"
81.189.93.28 - - [11/Sep/2017:17:06:00 +0200] "GET /gui/javascript/form_form.js?1505142360 HTTP/1.1" 200 16206 "http://ed.activities.at/entry.php?id=10271&&ser=142300" "Mozilla/5.0 (Windows NT 10.0; WOW64; rv:55.0) Gecko/20100101 Firefox/55.0"
81.189.93.28 - - [11/Sep/2017:17:06:03 +0200] "POST /entry.php?id=11672 HTTP/1.1" 200 2702 "http://ed.activities.at/entry.php?id=11672" "Mozilla/5.0 (Windows NT 10.0; WOW64; rv:55.0) Gecko/20100101 Firefox/55.0"
81.189.93.28 - - [11/Sep/2017:17:06:03 +0200] "GET /gui/javascript/form_form.js?1505142363 HTTP/1.1" 200 16206 "http://ed.activities.at/entry.php?id=11672" "Mozilla/5.0 (Windows NT 10.0; WOW64; rv:55.0) Gecko/20100101 Firefox/55.0"
81.189.93.28 - - [11/Sep/2017:17:06:04 +0200] "GET /entry.php?id=10776&form=11497&name=list& HTTP/1.1" 200 1941 "http://ed.activities.at/entry.php?id=11672" "Mozilla/5.0 (Windows NT 10.0; WOW64; rv:55.0) Gecko/20100101 Firefox/55.0"
81.189.93.28 - - [11/Sep/2017:17:06:04 +0200] "GET /entry.php?id=10778&form=11497&name=list& HTTP/1.1" 200 3373 "http://ed.activities.at/entry.php?id=11672" "Mozilla/5.0 (Windows NT 10.0; WOW64; rv:55.0) Gecko/20100101 Firefox/55.0"
81.189.93.28 - - [11/Sep/2017:17:06:35 +0200] "POST /entry.php?id=11672 HTTP/1.1" 200 2702 "http://ed.activities.at/entry.php?id=11672" "Mozilla/5.0 (Windows NT 10.0; WOW64; rv:55.0) Gecko/20100101 Firefox/55.0"
81.189.93.28 - - [11/Sep/2017:17:06:36 +0200] "GET /gui/javascript/form_form.js?1505142396 HTTP/1.1" 200 16206 "http://ed.activities.at/entry.php?id=11672" "Mozilla/5.0 (Windows NT 10.0; WOW64; rv:55.0) Gecko/20100101 Firefox/55.0"
81.189.93.28 - - [11/Sep/2017:17:06:36 +0200] "GET /entry.php?id=10776&form=11497&name=list& HTTP/1.1" 200 1940 "http://ed.activities.at/entry.php?id=11672" "Mozilla/5.0 (Windows NT 10.0; WOW64; rv:55.0) Gecko/20100101 Firefox/55.0"
81.189.93.28 - - [11/Sep/2017:17:06:36 +0200] "GET /entry.php?id=10778&form=11497&name=list& HTTP/1.1" 200 3059 "http://ed.activities.at/entry.php?id=11672" "Mozilla/5.0 (Windows NT 10.0; WOW64; rv:55.0) Gecko/20100101 Firefox/55.0"
81.189.93.28 - - [11/Sep/2017:17:06:56 +0200] "POST /entry.php?id=11671 HTTP/1.1" 200 4567 "http://ed.activities.at/entry.php?id=11671&" "Mozilla/5.0 (Windows NT 10.0; WOW64; rv:55.0) Gecko/20100101 Firefox/55.0"
81.189.93.28 - - [11/Sep/2017:17:06:56 +0200] "GET /gui/javascript/form_form.js?1505142416 HTTP/1.1" 200 16206 "http://ed.activities.at/entry.php?id=11671" "Mozilla/5.0 (Windows NT 10.0; WOW64; rv:55.0) Gecko/20100101 Firefox/55.0"
81.189.93.28 - - [11/Sep/2017:17:06:57 +0200] "GET /entry.php?id=10776&form=11496&name=list& HTTP/1.1" 200 1519 "http://ed.activities.at/entry.php?id=11671" "Mozilla/5.0 (Windows NT 10.0; WOW64; rv:55.0) Gecko/20100101 Firefox/55.0"
81.189.93.28 - - [11/Sep/2017:17:06:57 +0200] "GET /entry.php?id=10778&form=11496&name=list& HTTP/1.1" 200 4243 "http://ed.activities.at/entry.php?id=11671" "Mozilla/5.0 (Windows NT 10.0; WOW64; rv:55.0) Gecko/20100101 Firefox/55.0"
80.122.130.46 - - [11/Sep/2017:17:06:59 +0200] "GET /entry.php?id=10271&&ser=142359 HTTP/1.1" 200 987 "http://ed.activities.at/entry.php?id=10271&&ser=142298" "Mozilla/5.0 (Windows NT 6.1; rv:55.0) Gecko/20100101 Firefox/55.0"
80.122.130.46 - - [11/Sep/2017:17:06:59 +0200] "GET /gui/javascript/form_form.js?1505142419 HTTP/1.1" 200 16206 "http://ed.activities.at/entry.php?id=10271&&ser=142359" "Mozilla/5.0 (Windows NT 6.1; rv:55.0) Gecko/20100101 Firefox/55.0"
81.189.93.28 - - [11/Sep/2017:17:07:00 +0200] "GET /entry.php?id=10271&&ser=142360 HTTP/1.1" 200 987 "http://ed.activities.at/entry.php?id=10271&&ser=142300" "Mozilla/5.0 (Windows NT 10.0; WOW64; rv:55.0) Gecko/20100101 Firefox/55.0"
81.189.93.28 - - [11/Sep/2017:17:07:01 +0200] "GET /gui/javascript/form_form.js?1505142420 HTTP/1.1" 200 16206 "http://ed.activities.at/entry.php?id=10271&&ser=142360" "Mozilla/5.0 (Windows NT 10.0; WOW64; rv:55.0) Gecko/20100101 Firefox/55.0"
80.122.130.46 - - [11/Sep/2017:17:08:00 +0200] "GET /entry.php?id=10271&&ser=142419 HTTP/1.1" 200 986 "http://ed.activities.at/entry.php?id=10271&&ser=142359" "Mozilla/5.0 (Windows NT 6.1; rv:55.0) Gecko/20100101 Firefox/55.0"
80.122.130.46 - - [11/Sep/2017:17:08:00 +0200] "GET /gui/javascript/form_form.js?1505142480 HTTP/1.1" 200 16206 "http://ed.activities.at/entry.php?id=10271&&ser=142419" "Mozilla/5.0 (Windows NT 6.1; rv:55.0) Gecko/20100101 Firefox/55.0"
81.189.93.28 - - [11/Sep/2017:17:08:01 +0200] "GET /entry.php?id=10271&&ser=142420 HTTP/1.1" 200 986 "http://ed.activities.at/entry.php?id=10271&&ser=142360" "Mozilla/5.0 (Windows NT 10.0; WOW64; rv:55.0) Gecko/20100101 Firefox/55.0"
81.189.93.28 - - [11/Sep/2017:17:08:01 +0200] "GET /gui/javascript/form_form.js?1505142481 HTTP/1.1" 200 16206 "http://ed.activities.at/entry.php?id=10271&&ser=142420" "Mozilla/5.0 (Windows NT 10.0; WOW64; rv:55.0) Gecko/20100101 Firefox/55.0"
80.122.130.46 - - [11/Sep/2017:17:09:00 +0200] "GET /entry.php?id=10271&&ser=142480 HTTP/1.1" 200 988 "http://ed.activities.at/entry.php?id=10271&&ser=142419" "Mozilla/5.0 (Windows NT 6.1; rv:55.0) Gecko/20100101 Firefox/55.0"
80.122.130.46 - - [11/Sep/2017:17:09:00 +0200] "GET /gui/javascript/form_form.js?1505142540 HTTP/1.1" 200 16206 "http://ed.activities.at/entry.php?id=10271&&ser=142480" "Mozilla/5.0 (Windows NT 6.1; rv:55.0) Gecko/20100101 Firefox/55.0"
81.189.93.28 - - [11/Sep/2017:17:09:01 +0200] "GET /entry.php?id=10271&&ser=142481 HTTP/1.1" 200 987 "http://ed.activities.at/entry.php?id=10271&&ser=142420" "Mozilla/5.0 (Windows NT 10.0; WOW64; rv:55.0) Gecko/20100101 Firefox/55.0"
81.189.93.28 - - [11/Sep/2017:17:09:01 +0200] "GET /gui/javascript/form_form.js?1505142541 HTTP/1.1" 200 16206 "http://ed.activities.at/entry.php?id=10271&&ser=142481" "Mozilla/5.0 (Windows NT 10.0; WOW64; rv:55.0) Gecko/20100101 Firefox/55.0"
81.189.93.28 - - [11/Sep/2017:17:09:21 +0200] "POST /entry.php?id=11671 HTTP/1.1" 200 4907 "http://ed.activities.at/entry.php?id=11671" "Mozilla/5.0 (Windows NT 10.0; WOW64; rv:55.0) Gecko/20100101 Firefox/55.0"
81.189.93.28 - - [11/Sep/2017:17:09:21 +0200] "GET /gui/javascript/form_form.js?1505142561 HTTP/1.1" 200 16206 "http://ed.activities.at/entry.php?id=11671" "Mozilla/5.0 (Windows NT 10.0; WOW64; rv:55.0) Gecko/20100101 Firefox/55.0"
81.189.93.28 - - [11/Sep/2017:17:09:21 +0200] "GET /entry.php?id=10776&form=11496&name=list& HTTP/1.1" 200 1519 "http://ed.activities.at/entry.php?id=11671" "Mozilla/5.0 (Windows NT 10.0; WOW64; rv:55.0) Gecko/20100101 Firefox/55.0"
81.189.93.28 - - [11/Sep/2017:17:09:21 +0200] "GET /entry.php?id=10778&form=11496&name=list& HTTP/1.1" 200 4243 "http://ed.activities.at/entry.php?id=11671" "Mozilla/5.0 (Windows NT 10.0; WOW64; rv:55.0) Gecko/20100101 Firefox/55.0"
80.122.130.46 - - [11/Sep/2017:17:10:01 +0200] "GET /entry.php?id=10271&&ser=142540 HTTP/1.1" 200 986 "http://ed.activities.at/entry.php?id=10271&&ser=142480" "Mozilla/5.0 (Windows NT 6.1; rv:55.0) Gecko/20100101 Firefox/55.0"
80.122.130.46 - - [11/Sep/2017:17:10:01 +0200] "GET /gui/javascript/form_form.js?1505142601 HTTP/1.1" 200 16206 "http://ed.activities.at/entry.php?id=10271&&ser=142540" "Mozilla/5.0 (Windows NT 6.1; rv:55.0) Gecko/20100101 Firefox/55.0"
81.189.93.28 - - [11/Sep/2017:17:10:02 +0200] "GET /entry.php?id=10271&&ser=142541 HTTP/1.1" 200 987 "http://ed.activities.at/entry.php?id=10271&&ser=142481" "Mozilla/5.0 (Windows NT 10.0; WOW64; rv:55.0) Gecko/20100101 Firefox/55.0"
81.189.93.28 - - [11/Sep/2017:17:10:02 +0200] "GET /gui/javascript/form_form.js?1505142602 HTTP/1.1" 200 16206 "http://ed.activities.at/entry.php?id=10271&&ser=142541" "Mozilla/5.0 (Windows NT 10.0; WOW64; rv:55.0) Gecko/20100101 Firefox/55.0"
81.189.93.28 - - [11/Sep/2017:17:10:36 +0200] "POST /entry.php?id=11671 HTTP/1.1" 200 4928 "http://ed.activities.at/entry.php?id=11671" "Mozilla/5.0 (Windows NT 10.0; WOW64; rv:55.0) Gecko/20100101 Firefox/55.0"
81.189.93.28 - - [11/Sep/2017:17:10:37 +0200] "GET /gui/javascript/form_form.js?1505142637 HTTP/1.1" 200 16206 "http://ed.activities.at/entry.php?id=11671" "Mozilla/5.0 (Windows NT 10.0; WOW64; rv:55.0) Gecko/20100101 Firefox/55.0"
81.189.93.28 - - [11/Sep/2017:17:10:37 +0200] "GET /entry.php?id=10776&form=11496&name=list& HTTP/1.1" 200 1519 "http://ed.activities.at/entry.php?id=11671" "Mozilla/5.0 (Windows NT 10.0; WOW64; rv:55.0) Gecko/20100101 Firefox/55.0"
81.189.93.28 - - [11/Sep/2017:17:10:37 +0200] "GET /entry.php?id=10778&form=11496&name=list& HTTP/1.1" 200 4461 "http://ed.activities.at/entry.php?id=11671" "Mozilla/5.0 (Windows NT 10.0; WOW64; rv:55.0) Gecko/20100101 Firefox/55.0"
80.122.130.46 - - [11/Sep/2017:17:11:01 +0200] "GET /entry.php?id=10271&&ser=142601 HTTP/1.1" 200 986 "http://ed.activities.at/entry.php?id=10271&&ser=142540" "Mozilla/5.0 (Windows NT 6.1; rv:55.0) Gecko/20100101 Firefox/55.0"
80.122.130.46 - - [11/Sep/2017:17:11:02 +0200] "GET /gui/javascript/form_form.js?1505142661 HTTP/1.1" 200 16206 "http://ed.activities.at/entry.php?id=10271&&ser=142601" "Mozilla/5.0 (Windows NT 6.1; rv:55.0) Gecko/20100101 Firefox/55.0"
81.189.93.28 - - [11/Sep/2017:17:11:02 +0200] "GET /entry.php?id=10271&&ser=142602 HTTP/1.1" 200 987 "http://ed.activities.at/entry.php?id=10271&&ser=142541" "Mozilla/5.0 (Windows NT 10.0; WOW64; rv:55.0) Gecko/20100101 Firefox/55.0"
81.189.93.28 - - [11/Sep/2017:17:11:02 +0200] "GET /gui/javascript/form_form.js?1505142662 HTTP/1.1" 200 16206 "http://ed.activities.at/entry.php?id=10271&&ser=142602" "Mozilla/5.0 (Windows NT 10.0; WOW64; rv:55.0) Gecko/20100101 Firefox/55.0"
81.189.93.28 - - [11/Sep/2017:17:11:15 +0200] "POST /entry.php?id=11672 HTTP/1.1" 200 2702 "http://ed.activities.at/entry.php?id=11672" "Mozilla/5.0 (Windows NT 10.0; WOW64; rv:55.0) Gecko/20100101 Firefox/55.0"
81.189.93.28 - - [11/Sep/2017:17:11:15 +0200] "GET /gui/javascript/form_form.js?1505142675 HTTP/1.1" 200 16206 "http://ed.activities.at/entry.php?id=11672" "Mozilla/5.0 (Windows NT 10.0; WOW64; rv:55.0) Gecko/20100101 Firefox/55.0"
81.189.93.28 - - [11/Sep/2017:17:11:15 +0200] "GET /entry.php?id=10776&form=11497&name=list& HTTP/1.1" 200 1941 "http://ed.activities.at/entry.php?id=11672" "Mozilla/5.0 (Windows NT 10.0; WOW64; rv:55.0) Gecko/20100101 Firefox/55.0"
81.189.93.28 - - [11/Sep/2017:17:11:15 +0200] "GET /entry.php?id=10778&form=11497&name=list& HTTP/1.1" 200 3340 "http://ed.activities.at/entry.php?id=11672" "Mozilla/5.0 (Windows NT 10.0; WOW64; rv:55.0) Gecko/20100101 Firefox/55.0"
81.189.93.28 - - [11/Sep/2017:17:11:31 +0200] "POST /entry.php?id=11671 HTTP/1.1" 200 5293 "http://ed.activities.at/entry.php?id=11671" "Mozilla/5.0 (Windows NT 10.0; WOW64; rv:55.0) Gecko/20100101 Firefox/55.0"
