90.146.3.54 - - [12/Sep/2017:15:08:44 +0200] "GET /entry.php?id=10270 HTTP/1.1" 200 909 "http://ed.activities.at/layout.php" "Mozilla/5.0 (Windows NT 10.0; Win64; x64) AppleWebKit/537.36 (KHTML, like Gecko) Chrome/60.0.3112.113 Safari/537.36"
90.146.3.54 - - [12/Sep/2017:15:08:44 +0200] "GET /entry.php?id=10272 HTTP/1.1" 200 1189 "http://ed.activities.at/layout.php" "Mozilla/5.0 (Windows NT 10.0; Win64; x64) AppleWebKit/537.36 (KHTML, like Gecko) Chrome/60.0.3112.113 Safari/537.36"
90.146.3.54 - - [12/Sep/2017:15:08:44 +0200] "GET /entry.php?id=10273 HTTP/1.1" 200 1931 "http://ed.activities.at/layout.php" "Mozilla/5.0 (Windows NT 10.0; Win64; x64) AppleWebKit/537.36 (KHTML, like Gecko) Chrome/60.0.3112.113 Safari/537.36"
90.146.3.54 - - [12/Sep/2017:15:08:44 +0200] "GET /gui/javascript/form_form.js?1505221724 HTTP/1.1" 200 16206 "http://ed.activities.at/entry.php?id=10270" "Mozilla/5.0 (Windows NT 10.0; Win64; x64) AppleWebKit/537.36 (KHTML, like Gecko) Chrome/60.0.3112.113 Safari/537.36"
90.146.3.54 - - [12/Sep/2017:15:08:44 +0200] "GET /entry.php?id=11412 HTTP/1.1" 200 1759 "http://ed.activities.at/layout.php" "Mozilla/5.0 (Windows NT 10.0; Win64; x64) AppleWebKit/537.36 (KHTML, like Gecko) Chrome/60.0.3112.113 Safari/537.36"
90.146.3.54 - - [12/Sep/2017:15:08:45 +0200] "GET /entry.php?id=10287 HTTP/1.1" 200 2414 "http://ed.activities.at/entry.php?id=11412" "Mozilla/5.0 (Windows NT 10.0; Win64; x64) AppleWebKit/537.36 (KHTML, like Gecko) Chrome/60.0.3112.113 Safari/537.36"
90.146.3.54 - - [12/Sep/2017:15:08:45 +0200] "GET /entry.php?id=10271&UIN=ebbb903a4224ed3f560b821d73b0ade6 HTTP/1.1" 200 935 "http://ed.activities.at/entry.php?id=10272" "Mozilla/5.0 (Windows NT 10.0; Win64; x64) AppleWebKit/537.36 (KHTML, like Gecko) Chrome/60.0.3112.113 Safari/537.36"
90.146.3.54 - - [12/Sep/2017:15:08:45 +0200] "GET /gui/javascript/form_form.js?1505221725 HTTP/1.1" 200 16206 "http://ed.activities.at/entry.php?id=10287" "Mozilla/5.0 (Windows NT 10.0; Win64; x64) AppleWebKit/537.36 (KHTML, like Gecko) Chrome/60.0.3112.113 Safari/537.36"
90.146.3.54 - - [12/Sep/2017:15:08:45 +0200] "GET /entry.php?id=10270& HTTP/1.1" 200 909 "http://ed.activities.at/entry.php?id=10287" "Mozilla/5.0 (Windows NT 10.0; Win64; x64) AppleWebKit/537.36 (KHTML, like Gecko) Chrome/60.0.3112.113 Safari/537.36"
90.146.3.54 - - [12/Sep/2017:15:08:45 +0200] "GET /entry.php?id=10273& HTTP/1.1" 200 1902 "http://ed.activities.at/entry.php?id=10287" "Mozilla/5.0 (Windows NT 10.0; Win64; x64) AppleWebKit/537.36 (KHTML, like Gecko) Chrome/60.0.3112.113 Safari/537.36"
90.146.3.54 - - [12/Sep/2017:15:08:47 +0200] "POST /entry.php?id=10287& HTTP/1.1" 200 1991 "http://ed.activities.at/entry.php?id=10287" "Mozilla/5.0 (Windows NT 10.0; Win64; x64) AppleWebKit/537.36 (KHTML, like Gecko) Chrome/60.0.3112.113 Safari/537.36"
90.146.3.54 - - [12/Sep/2017:15:08:48 +0200] "GET /gui/javascript/form_form.js?1505221728 HTTP/1.1" 200 16206 "http://ed.activities.at/entry.php?id=10287&" "Mozilla/5.0 (Windows NT 10.0; Win64; x64) AppleWebKit/537.36 (KHTML, like Gecko) Chrome/60.0.3112.113 Safari/537.36"
80.122.130.46 - - [12/Sep/2017:15:08:47 +0200] "POST /entry.php?id=11671 HTTP/1.1" 200 4916 "http://ed.activities.at/entry.php?id=11671" "Mozilla/5.0 (Windows NT 6.1; rv:55.0) Gecko/20100101 Firefox/55.0"
80.122.130.46 - - [12/Sep/2017:15:08:48 +0200] "GET /gui/javascript/form_form.js?1505221728 HTTP/1.1" 200 16206 "http://ed.activities.at/entry.php?id=11671" "Mozilla/5.0 (Windows NT 6.1; rv:55.0) Gecko/20100101 Firefox/55.0"
90.146.3.54 - - [12/Sep/2017:15:08:48 +0200] "GET /entry.php?id=10271&UIN=ebbb903a4224ed3f560b821d73b0ade6 HTTP/1.1" 200 989 "http://ed.activities.at/entry.php?id=10271&UIN=ebbb903a4224ed3f560b821d73b0ade6" "Mozilla/5.0 (Windows NT 10.0; Win64; x64) AppleWebKit/537.36 (KHTML, like Gecko) Chrome/60.0.3112.113 Safari/537.36"
90.146.3.54 - - [12/Sep/2017:15:08:48 +0200] "GET /entry.php?id=10273& HTTP/1.1" 200 2011 "http://ed.activities.at/entry.php?id=10287&" "Mozilla/5.0 (Windows NT 10.0; Win64; x64) AppleWebKit/537.36 (KHTML, like Gecko) Chrome/60.0.3112.113 Safari/537.36"
90.146.3.54 - - [12/Sep/2017:15:08:49 +0200] "GET /gui/javascript/form_form.js?1505221729 HTTP/1.1" 200 16206 "http://ed.activities.at/entry.php?id=10271&UIN=ebbb903a4224ed3f560b821d73b0ade6" "Mozilla/5.0 (Windows NT 10.0; Win64; x64) AppleWebKit/537.36 (KHTML, like Gecko) Chrome/60.0.3112.113 Safari/537.36"
80.122.130.46 - - [12/Sep/2017:15:08:49 +0200] "GET /entry.php?id=10776&form=11496&name=list& HTTP/1.1" 200 1519 "http://ed.activities.at/entry.php?id=11671" "Mozilla/5.0 (Windows NT 6.1; rv:55.0) Gecko/20100101 Firefox/55.0"
80.122.130.46 - - [12/Sep/2017:15:08:49 +0200] "GET /entry.php?id=10778&form=11496&name=list& HTTP/1.1" 200 5880 "http://ed.activities.at/entry.php?id=11671" "Mozilla/5.0 (Windows NT 6.1; rv:55.0) Gecko/20100101 Firefox/55.0"
90.146.3.54 - - [12/Sep/2017:15:08:49 +0200] "GET /framework/webfx/style/toolbar/images/cbback.gif HTTP/1.1" 404 313 "http://ed.activities.at/framework/webfx/style/toolbar/cb2.css" "Mozilla/5.0 (Windows NT 10.0; Win64; x64) AppleWebKit/537.36 (KHTML, like Gecko) Chrome/60.0.3112.113 Safari/537.36"
90.146.3.54 - - [12/Sep/2017:15:08:49 +0200] "GET /entry.php?id=10270&__app__=10006038 HTTP/1.1" 200 1650 "http://ed.activities.at/entry.php?id=10273&" "Mozilla/5.0 (Windows NT 10.0; Win64; x64) AppleWebKit/537.36 (KHTML, like Gecko) Chrome/60.0.3112.113 Safari/537.36"
90.146.3.54 - - [12/Sep/2017:15:08:49 +0200] "GET /undefined HTTP/1.1" 404 283 "http://ed.activities.at/entry.php?id=10270&__app__=10006038" "Mozilla/5.0 (Windows NT 10.0; Win64; x64) AppleWebKit/537.36 (KHTML, like Gecko) Chrome/60.0.3112.113 Safari/537.36"
90.146.3.54 - - [12/Sep/2017:15:08:51 +0200] "GET /entry.php?id=11673 HTTP/1.1" 200 358 "http://ed.activities.at/entry.php?id=10270&__app__=10006038" "Mozilla/5.0 (Windows NT 10.0; Win64; x64) AppleWebKit/537.36 (KHTML, like Gecko) Chrome/60.0.3112.113 Safari/537.36"
90.146.3.54 - - [12/Sep/2017:15:08:51 +0200] "GET /entry.php?id=10676&&title=F%FChrerscheinkurse HTTP/1.1" 200 1393 "http://ed.activities.at/entry.php?id=11673" "Mozilla/5.0 (Windows NT 10.0; Win64; x64) AppleWebKit/537.36 (KHTML, like Gecko) Chrome/60.0.3112.113 Safari/537.36"
90.146.3.54 - - [12/Sep/2017:15:08:51 +0200] "GET /gui/javascript/form_form.js?1505221731 HTTP/1.1" 200 16206 "http://ed.activities.at/entry.php?id=10676&&title=F%FChrerscheinkurse" "Mozilla/5.0 (Windows NT 10.0; Win64; x64) AppleWebKit/537.36 (KHTML, like Gecko) Chrome/60.0.3112.113 Safari/537.36"
90.146.3.54 - - [12/Sep/2017:15:08:51 +0200] "GET /entry.php?id=11694& HTTP/1.1" 200 2852 "http://ed.activities.at/entry.php?id=11673" "Mozilla/5.0 (Windows NT 10.0; Win64; x64) AppleWebKit/537.36 (KHTML, like Gecko) Chrome/60.0.3112.113 Safari/537.36"
90.146.3.54 - - [12/Sep/2017:15:08:52 +0200] "GET /activities/framework/KoolControls/KoolAjax/koolajax.php?8436e354c842500aba3cbaf0584c0c24 HTTP/1.1" 200 4079 "http://ed.activities.at/entry.php?id=11694&" "Mozilla/5.0 (Windows NT 10.0; Win64; x64) AppleWebKit/537.36 (KHTML, like Gecko) Chrome/60.0.3112.113 Safari/537.36"
90.146.3.54 - - [12/Sep/2017:15:08:52 +0200] "GET /gui/javascript/form_form.js?1505221732 HTTP/1.1" 200 16206 "http://ed.activities.at/entry.php?id=11694&" "Mozilla/5.0 (Windows NT 10.0; Win64; x64) AppleWebKit/537.36 (KHTML, like Gecko) Chrome/60.0.3112.113 Safari/537.36"
90.146.3.54 - - [12/Sep/2017:15:08:52 +0200] "GET /activities/framework/KoolControls/KoolTreeView/icons/Folder.gif HTTP/1.1" 200 267 "http://ed.activities.at/entry.php?id=11694&" "Mozilla/5.0 (Windows NT 10.0; Win64; x64) AppleWebKit/537.36 (KHTML, like Gecko) Chrome/60.0.3112.113 Safari/537.36"
90.146.3.54 - - [12/Sep/2017:15:08:52 +0200] "GET /activities/framework/KoolControls/KoolTreeView/icons/square_blueS.gif HTTP/1.1" 200 540 "http://ed.activities.at/entry.php?id=11694&" "Mozilla/5.0 (Windows NT 10.0; Win64; x64) AppleWebKit/537.36 (KHTML, like Gecko) Chrome/60.0.3112.113 Safari/537.36"
90.146.3.54 - - [12/Sep/2017:15:08:52 +0200] "GET /activities/framework/KoolControls/KoolTreeView/kooltreeview.php?c7cd9180e88ffef8e70f13526bb4f5f7 HTTP/1.1" 200 5055 "http://ed.activities.at/entry.php?id=11694&" "Mozilla/5.0 (Windows NT 10.0; Win64; x64) AppleWebKit/537.36 (KHTML, like Gecko) Chrome/60.0.3112.113 Safari/537.36"
90.146.3.54 - - [12/Sep/2017:15:08:51 +0200] "GET /entry.php?id=11672& HTTP/1.1" 200 2690 "http://ed.activities.at/entry.php?id=11673" "Mozilla/5.0 (Windows NT 10.0; Win64; x64) AppleWebKit/537.36 (KHTML, like Gecko) Chrome/60.0.3112.113 Safari/537.36"
90.146.3.54 - - [12/Sep/2017:15:08:51 +0200] "GET /entry.php?id=11671& HTTP/1.1" 200 4534 "http://ed.activities.at/entry.php?id=11673" "Mozilla/5.0 (Windows NT 10.0; Win64; x64) AppleWebKit/537.36 (KHTML, like Gecko) Chrome/60.0.3112.113 Safari/537.36"
90.146.3.54 - - [12/Sep/2017:15:08:53 +0200] "GET /gui/javascript/form_form.js?1505221733 HTTP/1.1" 200 16206 "http://ed.activities.at/entry.php?id=11671&" "Mozilla/5.0 (Windows NT 10.0; Win64; x64) AppleWebKit/537.36 (KHTML, like Gecko) Chrome/60.0.3112.113 Safari/537.36"
90.146.3.54 - - [12/Sep/2017:15:08:52 +0200] "GET /entry.php?id=10776&form=11497&name=list& HTTP/1.1" 200 1941 "http://ed.activities.at/entry.php?id=11672&" "Mozilla/5.0 (Windows NT 10.0; Win64; x64) AppleWebKit/537.36 (KHTML, like Gecko) Chrome/60.0.3112.113 Safari/537.36"
90.146.3.54 - - [12/Sep/2017:15:08:52 +0200] "GET /entry.php?id=10778&form=11497&name=list& HTTP/1.1" 200 6057 "http://ed.activities.at/entry.php?id=11672&" "Mozilla/5.0 (Windows NT 10.0; Win64; x64) AppleWebKit/537.36 (KHTML, like Gecko) Chrome/60.0.3112.113 Safari/537.36"
90.146.3.54 - - [12/Sep/2017:15:08:53 +0200] "GET /entry.php?id=10776&form=11496&name=list& HTTP/1.1" 200 1526 "http://ed.activities.at/entry.php?id=11671&" "Mozilla/5.0 (Windows NT 10.0; Win64; x64) AppleWebKit/537.36 (KHTML, like Gecko) Chrome/60.0.3112.113 Safari/537.36"
90.146.3.54 - - [12/Sep/2017:15:08:53 +0200] "GET /entry.php?id=10778&form=11496&name=list& HTTP/1.1" 200 2493 "http://ed.activities.at/entry.php?id=11671&" "Mozilla/5.0 (Windows NT 10.0; Win64; x64) AppleWebKit/537.36 (KHTML, like Gecko) Chrome/60.0.3112.113 Safari/537.36"
80.122.130.46 - - [12/Sep/2017:15:08:53 +0200] "POST /entry.php?id=11671 HTTP/1.1" 200 4614 "http://ed.activities.at/entry.php?id=11671" "Mozilla/5.0 (Windows NT 6.1; rv:55.0) Gecko/20100101 Firefox/55.0"
80.122.130.46 - - [12/Sep/2017:15:08:54 +0200] "GET /gui/javascript/form_form.js?1505221733 HTTP/1.1" 200 16206 "http://ed.activities.at/entry.php?id=11671" "Mozilla/5.0 (Windows NT 6.1; rv:55.0) Gecko/20100101 Firefox/55.0"
80.122.130.46 - - [12/Sep/2017:15:08:54 +0200] "GET /entry.php?id=10776&form=11496&name=list& HTTP/1.1" 200 1519 "http://ed.activities.at/entry.php?id=11671" "Mozilla/5.0 (Windows NT 6.1; rv:55.0) Gecko/20100101 Firefox/55.0"
80.122.130.46 - - [12/Sep/2017:15:08:54 +0200] "GET /entry.php?id=10778&form=11496&name=list& HTTP/1.1" 200 5611 "http://ed.activities.at/entry.php?id=11671" "Mozilla/5.0 (Windows NT 6.1; rv:55.0) Gecko/20100101 Firefox/55.0"
90.146.3.54 - - [12/Sep/2017:15:09:02 +0200] "POST /entry.php?id=11671 HTTP/1.1" 200 5010 "http://ed.activities.at/entry.php?id=11671&" "Mozilla/5.0 (Windows NT 10.0; Win64; x64) AppleWebKit/537.36 (KHTML, like Gecko) Chrome/60.0.3112.113 Safari/537.36"
90.146.3.54 - - [12/Sep/2017:15:09:03 +0200] "GET /gui/javascript/form_form.js?1505221743 HTTP/1.1" 200 16206 "http://ed.activities.at/entry.php?id=11671" "Mozilla/5.0 (Windows NT 10.0; Win64; x64) AppleWebKit/537.36 (KHTML, like Gecko) Chrome/60.0.3112.113 Safari/537.36"
90.146.3.54 - - [12/Sep/2017:15:09:03 +0200] "GET /entry.php?id=10776&form=11496&name=list& HTTP/1.1" 200 1519 "http://ed.activities.at/entry.php?id=11671" "Mozilla/5.0 (Windows NT 10.0; Win64; x64) AppleWebKit/537.36 (KHTML, like Gecko) Chrome/60.0.3112.113 Safari/537.36"
90.146.3.54 - - [12/Sep/2017:15:09:03 +0200] "GET /entry.php?id=10778&form=11496&name=list& HTTP/1.1" 200 5832 "http://ed.activities.at/entry.php?id=11671" "Mozilla/5.0 (Windows NT 10.0; Win64; x64) AppleWebKit/537.36 (KHTML, like Gecko) Chrome/60.0.3112.113 Safari/537.36"
80.122.130.46 - - [12/Sep/2017:15:09:26 +0200] "GET /entry.php?id=10271&&ser=221706 HTTP/1.1" 200 987 "http://ed.activities.at/entry.php?id=10271&&ser=221645" "Mozilla/5.0 (Windows NT 6.1; rv:55.0) Gecko/20100101 Firefox/55.0"
80.122.130.46 - - [12/Sep/2017:15:09:27 +0200] "GET /gui/javascript/form_form.js?1505221767 HTTP/1.1" 200 16206 "http://ed.activities.at/entry.php?id=10271&&ser=221706" "Mozilla/5.0 (Windows NT 6.1; rv:55.0) Gecko/20100101 Firefox/55.0"
90.146.3.54 - - [12/Sep/2017:15:09:49 +0200] "GET /entry.php?id=10271&&ser=221728 HTTP/1.1" 200 987 "http://ed.activities.at/entry.php?id=10271&UIN=ebbb903a4224ed3f560b821d73b0ade6" "Mozilla/5.0 (Windows NT 10.0; Win64; x64) AppleWebKit/537.36 (KHTML, like Gecko) Chrome/60.0.3112.113 Safari/537.36"
90.146.3.54 - - [12/Sep/2017:15:09:49 +0200] "GET /gui/javascript/form_form.js?1505221789 HTTP/1.1" 200 16206 "http://ed.activities.at/entry.php?id=10271&&ser=221728" "Mozilla/5.0 (Windows NT 10.0; Win64; x64) AppleWebKit/537.36 (KHTML, like Gecko) Chrome/60.0.3112.113 Safari/537.36"
80.122.130.46 - - [12/Sep/2017:15:10:04 +0200] "POST /entry.php?id=11671 HTTP/1.1" 200 5014 "http://ed.activities.at/entry.php?id=11671" "Mozilla/5.0 (Windows NT 6.1; rv:55.0) Gecko/20100101 Firefox/55.0"
80.122.130.46 - - [12/Sep/2017:15:10:04 +0200] "GET /gui/javascript/form_form.js?1505221804 HTTP/1.1" 200 16206 "http://ed.activities.at/entry.php?id=11671" "Mozilla/5.0 (Windows NT 6.1; rv:55.0) Gecko/20100101 Firefox/55.0"
80.122.130.46 - - [12/Sep/2017:15:10:05 +0200] "GET /entry.php?id=10776&form=11496&name=list& HTTP/1.1" 200 1519 "http://ed.activities.at/entry.php?id=11671" "Mozilla/5.0 (Windows NT 6.1; rv:55.0) Gecko/20100101 Firefox/55.0"
80.122.130.46 - - [12/Sep/2017:15:10:05 +0200] "GET /entry.php?id=10778&form=11496&name=list& HTTP/1.1" 200 5880 "http://ed.activities.at/entry.php?id=11671" "Mozilla/5.0 (Windows NT 6.1; rv:55.0) Gecko/20100101 Firefox/55.0"
80.122.130.46 - - [12/Sep/2017:15:10:07 +0200] "POST /entry.php?id=11671 HTTP/1.1" 200 3189 "http://ed.activities.at/entry.php?id=11671" "Mozilla/5.0 (Windows NT 6.1; rv:55.0) Gecko/20100101 Firefox/55.0"
80.122.130.46 - - [12/Sep/2017:15:10:08 +0200] "GET /gui/javascript/form_form.js?1505221808 HTTP/1.1" 200 16206 "http://ed.activities.at/entry.php?id=11671" "Mozilla/5.0 (Windows NT 6.1; rv:55.0) Gecko/20100101 Firefox/55.0"
80.122.130.46 - - [12/Sep/2017:15:10:08 +0200] "GET /framework/webfx/javascript/tinymce/skins/lightgray/content.min.css HTTP/1.1" 404 325 "http://ed.activities.at/entry.php?id=11671" "Mozilla/5.0 (Windows NT 6.1; rv:55.0) Gecko/20100101 Firefox/55.0"
80.122.130.46 - - [12/Sep/2017:15:10:27 +0200] "GET /entry.php?id=10271&&ser=221767 HTTP/1.1" 200 986 "http://ed.activities.at/entry.php?id=10271&&ser=221706" "Mozilla/5.0 (Windows NT 6.1; rv:55.0) Gecko/20100101 Firefox/55.0"
80.122.130.46 - - [12/Sep/2017:15:10:27 +0200] "GET /gui/javascript/form_form.js?1505221827 HTTP/1.1" 200 16206 "http://ed.activities.at/entry.php?id=10271&&ser=221767" "Mozilla/5.0 (Windows NT 6.1; rv:55.0) Gecko/20100101 Firefox/55.0"
90.146.3.54 - - [12/Sep/2017:15:10:36 +0200] "POST /entry.php?id=11671 HTTP/1.1" 200 3449 "http://ed.activities.at/entry.php?id=11671" "Mozilla/5.0 (Windows NT 10.0; Win64; x64) AppleWebKit/537.36 (KHTML, like Gecko) Chrome/60.0.3112.113 Safari/537.36"
90.146.3.54 - - [12/Sep/2017:15:10:37 +0200] "GET /gui/javascript/form_form.js?1505221837 HTTP/1.1" 200 16206 "http://ed.activities.at/entry.php?id=11671" "Mozilla/5.0 (Windows NT 10.0; Win64; x64) AppleWebKit/537.36 (KHTML, like Gecko) Chrome/60.0.3112.113 Safari/537.36"
90.146.3.54 - - [12/Sep/2017:15:10:37 +0200] "GET /framework/webfx/javascript/tinymce/skins/lightgray/content.min.css HTTP/1.1" 404 325 "http://ed.activities.at/entry.php?id=11671" "Mozilla/5.0 (Windows NT 10.0; Win64; x64) AppleWebKit/537.36 (KHTML, like Gecko) Chrome/60.0.3112.113 Safari/537.36"
90.146.3.54 - - [12/Sep/2017:15:10:48 +0200] "POST /entry.php?id=11671 HTTP/1.1" 200 5010 "http://ed.activities.at/entry.php?id=11671" "Mozilla/5.0 (Windows NT 10.0; Win64; x64) AppleWebKit/537.36 (KHTML, like Gecko) Chrome/60.0.3112.113 Safari/537.36"
90.146.3.54 - - [12/Sep/2017:15:10:49 +0200] "GET /gui/javascript/form_form.js?1505221849 HTTP/1.1" 200 16206 "http://ed.activities.at/entry.php?id=11671" "Mozilla/5.0 (Windows NT 10.0; Win64; x64) AppleWebKit/537.36 (KHTML, like Gecko) Chrome/60.0.3112.113 Safari/537.36"
90.146.3.54 - - [12/Sep/2017:15:10:49 +0200] "GET /entry.php?id=10776&form=11496&name=list& HTTP/1.1" 200 1519 "http://ed.activities.at/entry.php?id=11671" "Mozilla/5.0 (Windows NT 10.0; Win64; x64) AppleWebKit/537.36 (KHTML, like Gecko) Chrome/60.0.3112.113 Safari/537.36"
90.146.3.54 - - [12/Sep/2017:15:10:49 +0200] "GET /entry.php?id=10778&form=11496&name=list& HTTP/1.1" 200 5832 "http://ed.activities.at/entry.php?id=11671" "Mozilla/5.0 (Windows NT 10.0; Win64; x64) AppleWebKit/537.36 (KHTML, like Gecko) Chrome/60.0.3112.113 Safari/537.36"
90.146.3.54 - - [12/Sep/2017:15:10:49 +0200] "GET /entry.php?id=10271&&ser=221789 HTTP/1.1" 200 987 "http://ed.activities.at/entry.php?id=10271&&ser=221728" "Mozilla/5.0 (Windows NT 10.0; Win64; x64) AppleWebKit/537.36 (KHTML, like Gecko) Chrome/60.0.3112.113 Safari/537.36"
90.146.3.54 - - [12/Sep/2017:15:10:50 +0200] "GET /gui/javascript/form_form.js?1505221850 HTTP/1.1" 200 16206 "http://ed.activities.at/entry.php?id=10271&&ser=221789" "Mozilla/5.0 (Windows NT 10.0; Win64; x64) AppleWebKit/537.36 (KHTML, like Gecko) Chrome/60.0.3112.113 Safari/537.36"
90.146.3.54 - - [12/Sep/2017:15:10:58 +0200] "POST /entry.php?id=11671 HTTP/1.1" 200 3448 "http://ed.activities.at/entry.php?id=11671" "Mozilla/5.0 (Windows NT 10.0; Win64; x64) AppleWebKit/537.36 (KHTML, like Gecko) Chrome/60.0.3112.113 Safari/537.36"
90.146.3.54 - - [12/Sep/2017:15:10:59 +0200] "GET /gui/javascript/form_form.js?1505221859 HTTP/1.1" 200 16206 "http://ed.activities.at/entry.php?id=11671" "Mozilla/5.0 (Windows NT 10.0; Win64; x64) AppleWebKit/537.36 (KHTML, like Gecko) Chrome/60.0.3112.113 Safari/537.36"
90.146.3.54 - - [12/Sep/2017:15:10:59 +0200] "GET /framework/webfx/javascript/tinymce/skins/lightgray/content.min.css HTTP/1.1" 404 325 "http://ed.activities.at/entry.php?id=11671" "Mozilla/5.0 (Windows NT 10.0; Win64; x64) AppleWebKit/537.36 (KHTML, like Gecko) Chrome/60.0.3112.113 Safari/537.36"
90.146.3.54 - - [12/Sep/2017:15:11:10 +0200] "POST /entry.php?id=11671 HTTP/1.1" 200 3666 "http://ed.activities.at/entry.php?id=11671" "Mozilla/5.0 (Windows NT 10.0; Win64; x64) AppleWebKit/537.36 (KHTML, like Gecko) Chrome/60.0.3112.113 Safari/537.36"
90.146.3.54 - - [12/Sep/2017:15:11:11 +0200] "GET /gui/javascript/form_form.js?1505221871 HTTP/1.1" 200 16206 "http://ed.activities.at/entry.php?id=11671" "Mozilla/5.0 (Windows NT 10.0; Win64; x64) AppleWebKit/537.36 (KHTML, like Gecko) Chrome/60.0.3112.113 Safari/537.36"
90.146.3.54 - - [12/Sep/2017:15:11:12 +0200] "GET /framework/webfx/javascript/tinymce/skins/lightgray/content.min.css HTTP/1.1" 404 325 "http://ed.activities.at/entry.php?id=11671" "Mozilla/5.0 (Windows NT 10.0; Win64; x64) AppleWebKit/537.36 (KHTML, like Gecko) Chrome/60.0.3112.113 Safari/537.36"
90.146.3.54 - - [12/Sep/2017:15:11:14 +0200] "POST /entry.php?id=11671 HTTP/1.1" 200 5017 "http://ed.activities.at/entry.php?id=11671" "Mozilla/5.0 (Windows NT 10.0; Win64; x64) AppleWebKit/537.36 (KHTML, like Gecko) Chrome/60.0.3112.113 Safari/537.36"
90.146.3.54 - - [12/Sep/2017:15:11:15 +0200] "GET /gui/javascript/form_form.js?1505221875 HTTP/1.1" 200 16206 "http://ed.activities.at/entry.php?id=11671" "Mozilla/5.0 (Windows NT 10.0; Win64; x64) AppleWebKit/537.36 (KHTML, like Gecko) Chrome/60.0.3112.113 Safari/537.36"
90.146.3.54 - - [12/Sep/2017:15:11:16 +0200] "GET /entry.php?id=10776&form=11496&name=list& HTTP/1.1" 200 1519 "http://ed.activities.at/entry.php?id=11671" "Mozilla/5.0 (Windows NT 10.0; Win64; x64) AppleWebKit/537.36 (KHTML, like Gecko) Chrome/60.0.3112.113 Safari/537.36"
90.146.3.54 - - [12/Sep/2017:15:11:16 +0200] "GET /entry.php?id=10778&form=11496&name=list& HTTP/1.1" 200 5832 "http://ed.activities.at/entry.php?id=11671" "Mozilla/5.0 (Windows NT 10.0; Win64; x64) AppleWebKit/537.36 (KHTML, like Gecko) Chrome/60.0.3112.113 Safari/537.36"
90.146.3.54 - - [12/Sep/2017:15:11:24 +0200] "POST /entry.php?id=11671 HTTP/1.1" 200 5193 "http://ed.activities.at/entry.php?id=11671" "Mozilla/5.0 (Windows NT 10.0; Win64; x64) AppleWebKit/537.36 (KHTML, like Gecko) Chrome/60.0.3112.113 Safari/537.36"
90.146.3.54 - - [12/Sep/2017:15:11:26 +0200] "GET /gui/javascript/form_form.js?1505221885 HTTP/1.1" 200 16206 "http://ed.activities.at/entry.php?id=11671" "Mozilla/5.0 (Windows NT 10.0; Win64; x64) AppleWebKit/537.36 (KHTML, like Gecko) Chrome/60.0.3112.113 Safari/537.36"
90.146.3.54 - - [12/Sep/2017:15:11:26 +0200] "GET /entry.php?id=10776&form=11496&name=list& HTTP/1.1" 200 1519 "http://ed.activities.at/entry.php?id=11671" "Mozilla/5.0 (Windows NT 10.0; Win64; x64) AppleWebKit/537.36 (KHTML, like Gecko) Chrome/60.0.3112.113 Safari/537.36"
90.146.3.54 - - [12/Sep/2017:15:11:26 +0200] "GET /entry.php?id=10778&form=11496&name=list& HTTP/1.1" 200 5832 "http://ed.activities.at/entry.php?id=11671" "Mozilla/5.0 (Windows NT 10.0; Win64; x64) AppleWebKit/537.36 (KHTML, like Gecko) Chrome/60.0.3112.113 Safari/537.36"
80.122.130.46 - - [12/Sep/2017:15:11:27 +0200] "GET /entry.php?id=10271&&ser=221827 HTTP/1.1" 200 986 "http://ed.activities.at/entry.php?id=10271&&ser=221767" "Mozilla/5.0 (Windows NT 6.1; rv:55.0) Gecko/20100101 Firefox/55.0"
80.122.130.46 - - [12/Sep/2017:15:11:28 +0200] "GET /gui/javascript/form_form.js?1505221887 HTTP/1.1" 200 16206 "http://ed.activities.at/entry.php?id=10271&&ser=221827" "Mozilla/5.0 (Windows NT 6.1; rv:55.0) Gecko/20100101 Firefox/55.0"
90.146.3.54 - - [12/Sep/2017:15:11:50 +0200] "GET /entry.php?id=10271&&ser=221850 HTTP/1.1" 200 987 "http://ed.activities.at/entry.php?id=10271&&ser=221789" "Mozilla/5.0 (Windows NT 10.0; Win64; x64) AppleWebKit/537.36 (KHTML, like Gecko) Chrome/60.0.3112.113 Safari/537.36"
90.146.3.54 - - [12/Sep/2017:15:11:51 +0200] "GET /gui/javascript/form_form.js?1505221911 HTTP/1.1" 200 16206 "http://ed.activities.at/entry.php?id=10271&&ser=221850" "Mozilla/5.0 (Windows NT 10.0; Win64; x64) AppleWebKit/537.36 (KHTML, like Gecko) Chrome/60.0.3112.113 Safari/537.36"
80.122.130.46 - - [12/Sep/2017:15:11:55 +0200] "POST /entry.php?id=11671 HTTP/1.1" 200 3571 "http://ed.activities.at/entry.php?id=11671" "Mozilla/5.0 (Windows NT 6.1; rv:55.0) Gecko/20100101 Firefox/55.0"
80.122.130.46 - - [12/Sep/2017:15:11:55 +0200] "GET /gui/javascript/form_form.js?1505221915 HTTP/1.1" 200 16206 "http://ed.activities.at/entry.php?id=11671" "Mozilla/5.0 (Windows NT 6.1; rv:55.0) Gecko/20100101 Firefox/55.0"
80.122.130.46 - - [12/Sep/2017:15:11:56 +0200] "GET /framework/webfx/javascript/tinymce/skins/lightgray/content.min.css HTTP/1.1" 404 325 "http://ed.activities.at/entry.php?id=11671" "Mozilla/5.0 (Windows NT 6.1; rv:55.0) Gecko/20100101 Firefox/55.0"
80.122.130.46 - - [12/Sep/2017:15:11:57 +0200] "POST /entry.php?id=11671 HTTP/1.1" 200 4924 "http://ed.activities.at/entry.php?id=11671" "Mozilla/5.0 (Windows NT 6.1; rv:55.0) Gecko/20100101 Firefox/55.0"
80.122.130.46 - - [12/Sep/2017:15:11:58 +0200] "GET /gui/javascript/form_form.js?1505221918 HTTP/1.1" 200 16206 "http://ed.activities.at/entry.php?id=11671" "Mozilla/5.0 (Windows NT 6.1; rv:55.0) Gecko/20100101 Firefox/55.0"
80.122.130.46 - - [12/Sep/2017:15:11:58 +0200] "GET /entry.php?id=10776&form=11496&name=list& HTTP/1.1" 200 1519 "http://ed.activities.at/entry.php?id=11671" "Mozilla/5.0 (Windows NT 6.1; rv:55.0) Gecko/20100101 Firefox/55.0"
80.122.130.46 - - [12/Sep/2017:15:11:58 +0200] "GET /entry.php?id=10778&form=11496&name=list& HTTP/1.1" 200 5880 "http://ed.activities.at/entry.php?id=11671" "Mozilla/5.0 (Windows NT 6.1; rv:55.0) Gecko/20100101 Firefox/55.0"
80.122.130.46 - - [12/Sep/2017:15:12:01 +0200] "POST /entry.php?id=11671 HTTP/1.1" 200 4613 "http://ed.activities.at/entry.php?id=11671" "Mozilla/5.0 (Windows NT 6.1; rv:55.0) Gecko/20100101 Firefox/55.0"
80.122.130.46 - - [12/Sep/2017:15:12:02 +0200] "GET /gui/javascript/form_form.js?1505221922 HTTP/1.1" 200 16206 "http://ed.activities.at/entry.php?id=11671" "Mozilla/5.0 (Windows NT 6.1; rv:55.0) Gecko/20100101 Firefox/55.0"
80.122.130.46 - - [12/Sep/2017:15:12:02 +0200] "GET /entry.php?id=10778&form=11496&name=list& HTTP/1.1" 200 5611 "http://ed.activities.at/entry.php?id=11671" "Mozilla/5.0 (Windows NT 6.1; rv:55.0) Gecko/20100101 Firefox/55.0"
80.122.130.46 - - [12/Sep/2017:15:12:02 +0200] "GET /entry.php?id=10776&form=11496&name=list& HTTP/1.1" 200 1519 "http://ed.activities.at/entry.php?id=11671" "Mozilla/5.0 (Windows NT 6.1; rv:55.0) Gecko/20100101 Firefox/55.0"
80.122.130.46 - - [12/Sep/2017:15:12:28 +0200] "GET /entry.php?id=10271&&ser=221887 HTTP/1.1" 200 986 "http://ed.activities.at/entry.php?id=10271&&ser=221827" "Mozilla/5.0 (Windows NT 6.1; rv:55.0) Gecko/20100101 Firefox/55.0"
80.122.130.46 - - [12/Sep/2017:15:12:28 +0200] "GET /gui/javascript/form_form.js?1505221948 HTTP/1.1" 200 16206 "http://ed.activities.at/entry.php?id=10271&&ser=221887" "Mozilla/5.0 (Windows NT 6.1; rv:55.0) Gecko/20100101 Firefox/55.0"
90.146.3.54 - - [12/Sep/2017:15:12:31 +0200] "GET /entry.php?id=11693 HTTP/1.1" 200 2506 "http://ed.activities.at/entry.php?id=10270&__app__=10006038" "Mozilla/5.0 (Windows NT 10.0; Win64; x64) AppleWebKit/537.36 (KHTML, like Gecko) Chrome/60.0.3112.113 Safari/537.36"
90.146.3.54 - - [12/Sep/2017:15:12:32 +0200] "GET /gui/javascript/form_form.js?1505221952 HTTP/1.1" 200 16206 "http://ed.activities.at/entry.php?id=11693" "Mozilla/5.0 (Windows NT 10.0; Win64; x64) AppleWebKit/537.36 (KHTML, like Gecko) Chrome/60.0.3112.113 Safari/537.36"
90.146.3.54 - - [12/Sep/2017:15:12:32 +0200] "GET /gui/javascript/form_ed_articles.js HTTP/1.1" 200 2191 "http://ed.activities.at/entry.php?id=11693" "Mozilla/5.0 (Windows NT 10.0; Win64; x64) AppleWebKit/537.36 (KHTML, like Gecko) Chrome/60.0.3112.113 Safari/537.36"
90.146.3.54 - - [12/Sep/2017:15:12:32 +0200] "GET /entry.php?id=10776&form=11518&name=list& HTTP/1.1" 200 1739 "http://ed.activities.at/entry.php?id=11693" "Mozilla/5.0 (Windows NT 10.0; Win64; x64) AppleWebKit/537.36 (KHTML, like Gecko) Chrome/60.0.3112.113 Safari/537.36"
90.146.3.54 - - [12/Sep/2017:15:12:32 +0200] "GET /entry.php?id=10778&form=11518&name=list& HTTP/1.1" 200 9183 "http://ed.activities.at/entry.php?id=11693" "Mozilla/5.0 (Windows NT 10.0; Win64; x64) AppleWebKit/537.36 (KHTML, like Gecko) Chrome/60.0.3112.113 Safari/537.36"
90.146.3.54 - - [12/Sep/2017:15:12:32 +0200] "GET /gui/images/icons/user_edit.png HTTP/1.1" 200 833 "http://ed.activities.at/entry.php?id=10776&form=11518&name=list&" "Mozilla/5.0 (Windows NT 10.0; Win64; x64) AppleWebKit/537.36 (KHTML, like Gecko) Chrome/60.0.3112.113 Safari/537.36"
90.146.3.54 - - [12/Sep/2017:15:12:32 +0200] "GET /entry.php?id=11148&object=10250017&view=thumbnail&width=100&height=100&wrap=false&mime=image/jpeg&image=jpg.gif HTTP/1.1" 200 1596 "http://ed.activities.at/entry.php?id=10778&form=11518&name=list&" "Mozilla/5.0 (Windows NT 10.0; Win64; x64) AppleWebKit/537.36 (KHTML, like Gecko) Chrome/60.0.3112.113 Safari/537.36"
90.146.3.54 - - [12/Sep/2017:15:12:32 +0200] "GET /entry.php?id=11148&object=10250014&view=thumbnail&width=100&height=100&wrap=false&mime=image/jpeg&image=jpg.gif HTTP/1.1" 200 1596 "http://ed.activities.at/entry.php?id=10778&form=11518&name=list&" "Mozilla/5.0 (Windows NT 10.0; Win64; x64) AppleWebKit/537.36 (KHTML, like Gecko) Chrome/60.0.3112.113 Safari/537.36"
90.146.3.54 - - [12/Sep/2017:15:12:33 +0200] "GET /gui/javascript/form_form.js?1505221953 HTTP/1.1" 200 16206 "http://ed.activities.at/entry.php?id=11148&object=10250017&view=thumbnail&width=100&height=100&wrap=false&mime=image/jpeg&image=jpg.gif" "Mozilla/5.0 (Windows NT 10.0; Win64; x64) AppleWebKit/537.36 (KHTML, like Gecko) Chrome/60.0.3112.113 Safari/537.36"
90.146.3.54 - - [12/Sep/2017:15:12:32 +0200] "GET /entry.php?id=11148&object=10251244&view=thumbnail&width=100&height=100&wrap=false&mime=image/jpeg&image=jpg.gif HTTP/1.1" 200 1597 "http://ed.activities.at/entry.php?id=10778&form=11518&name=list&" "Mozilla/5.0 (Windows NT 10.0; Win64; x64) AppleWebKit/537.36 (KHTML, like Gecko) Chrome/60.0.3112.113 Safari/537.36"
90.146.3.54 - - [12/Sep/2017:15:12:33 +0200] "GET /cache/emu/images/easy-drivers-steyr10250017/_100_67.jpg HTTP/1.1" 200 1692 "http://ed.activities.at/entry.php?id=11148&object=10250017&view=thumbnail&width=100&height=100&wrap=false&mime=image/jpeg&image=jpg.gif" "Mozilla/5.0 (Windows NT 10.0; Win64; x64) AppleWebKit/537.36 (KHTML, like Gecko) Chrome/60.0.3112.113 Safari/537.36"
90.146.3.54 - - [12/Sep/2017:15:12:33 +0200] "GET /cache/emu/images/easy-drivers-steyr10250014/_100_75.jpg HTTP/1.1" 200 2311 "http://ed.activities.at/entry.php?id=11148&object=10250014&view=thumbnail&width=100&height=100&wrap=false&mime=image/jpeg&image=jpg.gif" "Mozilla/5.0 (Windows NT 10.0; Win64; x64) AppleWebKit/537.36 (KHTML, like Gecko) Chrome/60.0.3112.113 Safari/537.36"
90.146.3.54 - - [12/Sep/2017:15:12:32 +0200] "GET /entry.php?id=11148&object=10251816&view=thumbnail&width=100&height=100&wrap=false&mime=image/jpeg&image=jpg.gif HTTP/1.1" 200 1596 "http://ed.activities.at/entry.php?id=10778&form=11518&name=list&" "Mozilla/5.0 (Windows NT 10.0; Win64; x64) AppleWebKit/537.36 (KHTML, like Gecko) Chrome/60.0.3112.113 Safari/537.36"
90.146.3.54 - - [12/Sep/2017:15:12:33 +0200] "GET /cache/emu/images/easy-drivers-steyr10251244/_100_75.jpg HTTP/1.1" 200 3068 "http://ed.activities.at/entry.php?id=11148&object=10251244&view=thumbnail&width=100&height=100&wrap=false&mime=image/jpeg&image=jpg.gif" "Mozilla/5.0 (Windows NT 10.0; Win64; x64) AppleWebKit/537.36 (KHTML, like Gecko) Chrome/60.0.3112.113 Safari/537.36"
90.146.3.54 - - [12/Sep/2017:15:12:33 +0200] "GET /cache/emu/images/easy-drivers-steyr10251816/_100_75.jpg HTTP/1.1" 200 2116 "http://ed.activities.at/entry.php?id=11148&object=10251816&view=thumbnail&width=100&height=100&wrap=false&mime=image/jpeg&image=jpg.gif" "Mozilla/5.0 (Windows NT 10.0; Win64; x64) AppleWebKit/537.36 (KHTML, like Gecko) Chrome/60.0.3112.113 Safari/537.36"
90.146.3.54 - - [12/Sep/2017:15:12:32 +0200] "GET /entry.php?id=11148&object=10279243&view=thumbnail&width=100&height=100&wrap=false&mime=image/jpeg&image=jpg.gif HTTP/1.1" 200 1597 "http://ed.activities.at/entry.php?id=10778&form=11518&name=list&" "Mozilla/5.0 (Windows NT 10.0; Win64; x64) AppleWebKit/537.36 (KHTML, like Gecko) Chrome/60.0.3112.113 Safari/537.36"
90.146.3.54 - - [12/Sep/2017:15:12:33 +0200] "GET /cache/emu/images/easy-drivers-steyr10279243/_100_67.jpg HTTP/1.1" 200 1648 "http://ed.activities.at/entry.php?id=11148&object=10279243&view=thumbnail&width=100&height=100&wrap=false&mime=image/jpeg&image=jpg.gif" "Mozilla/5.0 (Windows NT 10.0; Win64; x64) AppleWebKit/537.36 (KHTML, like Gecko) Chrome/60.0.3112.113 Safari/537.36"
90.146.3.54 - - [12/Sep/2017:15:12:32 +0200] "GET /entry.php?id=11148&object=10278726&view=thumbnail&width=100&height=100&wrap=false&mime=image/jpeg&image=jpg.gif HTTP/1.1" 200 1597 "http://ed.activities.at/entry.php?id=10778&form=11518&name=list&" "Mozilla/5.0 (Windows NT 10.0; Win64; x64) AppleWebKit/537.36 (KHTML, like Gecko) Chrome/60.0.3112.113 Safari/537.36"
90.146.3.54 - - [12/Sep/2017:15:12:33 +0200] "GET /cache/emu/images/easy-drivers-steyr10278726/_75_100.jpg HTTP/1.1" 200 2327 "http://ed.activities.at/entry.php?id=11148&object=10278726&view=thumbnail&width=100&height=100&wrap=false&mime=image/jpeg&image=jpg.gif" "Mozilla/5.0 (Windows NT 10.0; Win64; x64) AppleWebKit/537.36 (KHTML, like Gecko) Chrome/60.0.3112.113 Safari/537.36"
90.146.3.54 - - [12/Sep/2017:15:12:33 +0200] "GET /entry.php?id=11148&object=10251828&view=thumbnail&width=100&height=100&wrap=false&mime=image/jpeg&image=jpg.gif HTTP/1.1" 200 1597 "http://ed.activities.at/entry.php?id=10778&form=11518&name=list&" "Mozilla/5.0 (Windows NT 10.0; Win64; x64) AppleWebKit/537.36 (KHTML, like Gecko) Chrome/60.0.3112.113 Safari/537.36"
90.146.3.54 - - [12/Sep/2017:15:12:34 +0200] "GET /cache/emu/images/easy-drivers-steyr10251828/_56_100.jpg HTTP/1.1" 200 2577 "http://ed.activities.at/entry.php?id=11148&object=10251828&view=thumbnail&width=100&height=100&wrap=false&mime=image/jpeg&image=jpg.gif" "Mozilla/5.0 (Windows NT 10.0; Win64; x64) AppleWebKit/537.36 (KHTML, like Gecko) Chrome/60.0.3112.113 Safari/537.36"
80.122.130.46 - - [12/Sep/2017:15:12:37 +0200] "GET /gui/javascript/jquery/css/gui-themes/images/ui-icons_000000_256x240_ev.png HTTP/1.1" 200 11218 "http://ed.activities.at/gui/javascript/jquery/css/gui-themes/custom.min.css" "Mozilla/5.0 (Windows NT 6.1; rv:55.0) Gecko/20100101 Firefox/55.0"
90.146.3.54 - - [12/Sep/2017:15:12:40 +0200] "GET /entry.php?id=11667&object=10250016&company=10221878&hiddetabs=true HTTP/1.1" 200 3220 "http://ed.activities.at/entry.php?id=11412" "Mozilla/5.0 (Windows NT 10.0; Win64; x64) AppleWebKit/537.36 (KHTML, like Gecko) Chrome/60.0.3112.113 Safari/537.36"
90.146.3.54 - - [12/Sep/2017:15:12:41 +0200] "GET /gui/javascript/form_form.js?1505221960 HTTP/1.1" 200 16206 "http://ed.activities.at/entry.php?id=11667&object=10250016&company=10221878&hiddetabs=true" "Mozilla/5.0 (Windows NT 10.0; Win64; x64) AppleWebKit/537.36 (KHTML, like Gecko) Chrome/60.0.3112.113 Safari/537.36"
90.146.3.54 - - [12/Sep/2017:15:12:41 +0200] "GET /gui/javascript/form_ed_addresses.js HTTP/1.1" 200 2295 "http://ed.activities.at/entry.php?id=11667&object=10250016&company=10221878&hiddetabs=true" "Mozilla/5.0 (Windows NT 10.0; Win64; x64) AppleWebKit/537.36 (KHTML, like Gecko) Chrome/60.0.3112.113 Safari/537.36"
90.146.3.54 - - [12/Sep/2017:15:12:41 +0200] "GET /framework/webfx/javascript/tinymce/skins/lightgray/content.min.css HTTP/1.1" 404 325 "http://ed.activities.at/entry.php?id=11667&object=10250016&company=10221878&hiddetabs=true" "Mozilla/5.0 (Windows NT 10.0; Win64; x64) AppleWebKit/537.36 (KHTML, like Gecko) Chrome/60.0.3112.113 Safari/537.36"
90.146.3.54 - - [12/Sep/2017:15:12:41 +0200] "GET /entry.php?id=11148&object=10250017&view=thumbnail&width=150&height=150&wrap=false&mime=image/jpeg&image=jpg.gif HTTP/1.1" 200 1597 "http://ed.activities.at/entry.php?id=11667&object=10250016&company=10221878&hiddetabs=true" "Mozilla/5.0 (Windows NT 10.0; Win64; x64) AppleWebKit/537.36 (KHTML, like Gecko) Chrome/60.0.3112.113 Safari/537.36"
90.146.3.54 - - [12/Sep/2017:15:12:43 +0200] "GET /cache/emu/images/easy-drivers-steyr10250017/_150_100.jpg HTTP/1.1" 200 2717 "http://ed.activities.at/entry.php?id=11148&object=10250017&view=thumbnail&width=150&height=150&wrap=false&mime=image/jpeg&image=jpg.gif" "Mozilla/5.0 (Windows NT 10.0; Win64; x64) AppleWebKit/537.36 (KHTML, like Gecko) Chrome/60.0.3112.113 Safari/537.36"
90.146.3.54 - - [12/Sep/2017:15:12:43 +0200] "GET /gui/javascript/form_form.js?1505221963 HTTP/1.1" 200 16206 "http://ed.activities.at/entry.php?id=11148&object=10250017&view=thumbnail&width=150&height=150&wrap=false&mime=image/jpeg&image=jpg.gif" "Mozilla/5.0 (Windows NT 10.0; Win64; x64) AppleWebKit/537.36 (KHTML, like Gecko) Chrome/60.0.3112.113 Safari/537.36"
90.146.3.54 - - [12/Sep/2017:15:12:51 +0200] "GET /entry.php?id=10271&&ser=221911 HTTP/1.1" 200 986 "http://ed.activities.at/entry.php?id=10271&&ser=221850" "Mozilla/5.0 (Windows NT 10.0; Win64; x64) AppleWebKit/537.36 (KHTML, like Gecko) Chrome/60.0.3112.113 Safari/537.36"
90.146.3.54 - - [12/Sep/2017:15:12:51 +0200] "GET /gui/javascript/form_form.js?1505221971 HTTP/1.1" 200 16206 "http://ed.activities.at/entry.php?id=10271&&ser=221911" "Mozilla/5.0 (Windows NT 10.0; Win64; x64) AppleWebKit/537.36 (KHTML, like Gecko) Chrome/60.0.3112.113 Safari/537.36"
80.122.130.46 - - [12/Sep/2017:15:13:12 +0200] "POST /entry.php?id=11671 HTTP/1.1" 200 4953 "http://ed.activities.at/entry.php?id=11671" "Mozilla/5.0 (Windows NT 6.1; rv:55.0) Gecko/20100101 Firefox/55.0"
80.122.130.46 - - [12/Sep/2017:15:13:12 +0200] "GET /gui/javascript/form_form.js?1505221992 HTTP/1.1" 200 16206 "http://ed.activities.at/entry.php?id=11671" "Mozilla/5.0 (Windows NT 6.1; rv:55.0) Gecko/20100101 Firefox/55.0"
80.122.130.46 - - [12/Sep/2017:15:13:13 +0200] "GET /entry.php?id=10776&form=11496&name=list& HTTP/1.1" 200 1519 "http://ed.activities.at/entry.php?id=11671" "Mozilla/5.0 (Windows NT 6.1; rv:55.0) Gecko/20100101 Firefox/55.0"
80.122.130.46 - - [12/Sep/2017:15:13:13 +0200] "GET /entry.php?id=10778&form=11496&name=list& HTTP/1.1" 200 5732 "http://ed.activities.at/entry.php?id=11671" "Mozilla/5.0 (Windows NT 6.1; rv:55.0) Gecko/20100101 Firefox/55.0"
80.122.130.46 - - [12/Sep/2017:15:13:15 +0200] "POST /entry.php?id=11671 HTTP/1.1" 200 3183 "http://ed.activities.at/entry.php?id=11671" "Mozilla/5.0 (Windows NT 6.1; rv:55.0) Gecko/20100101 Firefox/55.0"
80.122.130.46 - - [12/Sep/2017:15:13:16 +0200] "GET /gui/javascript/form_form.js?1505221996 HTTP/1.1" 200 16206 "http://ed.activities.at/entry.php?id=11671" "Mozilla/5.0 (Windows NT 6.1; rv:55.0) Gecko/20100101 Firefox/55.0"
80.122.130.46 - - [12/Sep/2017:15:13:16 +0200] "GET /framework/webfx/javascript/tinymce/skins/lightgray/content.min.css HTTP/1.1" 404 325 "http://ed.activities.at/entry.php?id=11671" "Mozilla/5.0 (Windows NT 6.1; rv:55.0) Gecko/20100101 Firefox/55.0"
80.122.130.46 - - [12/Sep/2017:15:13:28 +0200] "GET /entry.php?id=10271&&ser=221948 HTTP/1.1" 200 987 "http://ed.activities.at/entry.php?id=10271&&ser=221887" "Mozilla/5.0 (Windows NT 6.1; rv:55.0) Gecko/20100101 Firefox/55.0"
80.122.130.46 - - [12/Sep/2017:15:13:29 +0200] "GET /gui/javascript/form_form.js?1505222009 HTTP/1.1" 200 16206 "http://ed.activities.at/entry.php?id=10271&&ser=221948" "Mozilla/5.0 (Windows NT 6.1; rv:55.0) Gecko/20100101 Firefox/55.0"
90.146.3.54 - - [12/Sep/2017:15:13:45 +0200] "GET /entry.php?id=11150&object=10250017 HTTP/1.1" 200 2204 "http://ed.activities.at/entry.php?id=11148&object=10250017&view=thumbnail&width=100&height=100&wrap=false&mime=image/jpeg&image=jpg.gif" "Mozilla/5.0 (Windows NT 10.0; Win64; x64) AppleWebKit/537.36 (KHTML, like Gecko) Chrome/60.0.3112.113 Safari/537.36"
90.146.3.54 - - [12/Sep/2017:15:13:47 +0200] "GET /cache/emu/images/easy-drivers-steyr10250017/_200_133.jpg HTTP/1.1" 200 3836 "http://ed.activities.at/entry.php?id=11150&object=10250017" "Mozilla/5.0 (Windows NT 10.0; Win64; x64) AppleWebKit/537.36 (KHTML, like Gecko) Chrome/60.0.3112.113 Safari/537.36"
90.146.3.54 - - [12/Sep/2017:15:13:47 +0200] "GET /gui/javascript/form_form.js?1505222027 HTTP/1.1" 200 16206 "http://ed.activities.at/entry.php?id=11150&object=10250017" "Mozilla/5.0 (Windows NT 10.0; Win64; x64) AppleWebKit/537.36 (KHTML, like Gecko) Chrome/60.0.3112.113 Safari/537.36"
90.146.3.54 - - [12/Sep/2017:15:13:51 +0200] "GET /entry.php?id=10271&&ser=221971 HTTP/1.1" 200 987 "http://ed.activities.at/entry.php?id=10271&&ser=221911" "Mozilla/5.0 (Windows NT 10.0; Win64; x64) AppleWebKit/537.36 (KHTML, like Gecko) Chrome/60.0.3112.113 Safari/537.36"
90.146.3.54 - - [12/Sep/2017:15:13:52 +0200] "GET /gui/javascript/form_form.js?1505222032 HTTP/1.1" 200 16206 "http://ed.activities.at/entry.php?id=10271&&ser=221971" "Mozilla/5.0 (Windows NT 10.0; Win64; x64) AppleWebKit/537.36 (KHTML, like Gecko) Chrome/60.0.3112.113 Safari/537.36"
90.146.3.54 - - [12/Sep/2017:15:13:57 +0200] "POST /entry.php?id=11693 HTTP/1.1" 200 2506 "http://ed.activities.at/entry.php?id=11693" "Mozilla/5.0 (Windows NT 10.0; Win64; x64) AppleWebKit/537.36 (KHTML, like Gecko) Chrome/60.0.3112.113 Safari/537.36"
90.146.3.54 - - [12/Sep/2017:15:13:57 +0200] "GET /gui/javascript/form_form.js?1505222037 HTTP/1.1" 200 16206 "http://ed.activities.at/entry.php?id=11693" "Mozilla/5.0 (Windows NT 10.0; Win64; x64) AppleWebKit/537.36 (KHTML, like Gecko) Chrome/60.0.3112.113 Safari/537.36"
90.146.3.54 - - [12/Sep/2017:15:13:58 +0200] "GET /entry.php?id=10776&form=11518&name=list& HTTP/1.1" 200 1739 "http://ed.activities.at/entry.php?id=11693" "Mozilla/5.0 (Windows NT 10.0; Win64; x64) AppleWebKit/537.36 (KHTML, like Gecko) Chrome/60.0.3112.113 Safari/537.36"
90.146.3.54 - - [12/Sep/2017:15:13:58 +0200] "GET /entry.php?id=10778&form=11518&name=list& HTTP/1.1" 200 9183 "http://ed.activities.at/entry.php?id=11693" "Mozilla/5.0 (Windows NT 10.0; Win64; x64) AppleWebKit/537.36 (KHTML, like Gecko) Chrome/60.0.3112.113 Safari/537.36"
90.146.3.54 - - [12/Sep/2017:15:13:58 +0200] "GET /entry.php?id=11148&object=10250017&view=thumbnail&width=100&height=100&wrap=false&mime=image/jpeg&image=jpg.gif HTTP/1.1" 200 1597 "http://ed.activities.at/entry.php?id=10778&form=11518&name=list&" "Mozilla/5.0 (Windows NT 10.0; Win64; x64) AppleWebKit/537.36 (KHTML, like Gecko) Chrome/60.0.3112.113 Safari/537.36"
90.146.3.54 - - [12/Sep/2017:15:13:58 +0200] "GET /entry.php?id=11148&object=10250014&view=thumbnail&width=100&height=100&wrap=false&mime=image/jpeg&image=jpg.gif HTTP/1.1" 200 1597 "http://ed.activities.at/entry.php?id=10778&form=11518&name=list&" "Mozilla/5.0 (Windows NT 10.0; Win64; x64) AppleWebKit/537.36 (KHTML, like Gecko) Chrome/60.0.3112.113 Safari/537.36"
90.146.3.54 - - [12/Sep/2017:15:13:59 +0200] "GET /gui/javascript/form_form.js?1505222038 HTTP/1.1" 200 16206 "http://ed.activities.at/entry.php?id=11148&object=10250017&view=thumbnail&width=100&height=100&wrap=false&mime=image/jpeg&image=jpg.gif" "Mozilla/5.0 (Windows NT 10.0; Win64; x64) AppleWebKit/537.36 (KHTML, like Gecko) Chrome/60.0.3112.113 Safari/537.36"
90.146.3.54 - - [12/Sep/2017:15:13:58 +0200] "GET /entry.php?id=11148&object=10251816&view=thumbnail&width=100&height=100&wrap=false&mime=image/jpeg&image=jpg.gif HTTP/1.1" 200 1597 "http://ed.activities.at/entry.php?id=10778&form=11518&name=list&" "Mozilla/5.0 (Windows NT 10.0; Win64; x64) AppleWebKit/537.36 (KHTML, like Gecko) Chrome/60.0.3112.113 Safari/537.36"
90.146.3.54 - - [12/Sep/2017:15:13:59 +0200] "GET /gui/javascript/form_form.js?1505222039 HTTP/1.1" 200 16206 "http://ed.activities.at/entry.php?id=11148&object=10251816&view=thumbnail&width=100&height=100&wrap=false&mime=image/jpeg&image=jpg.gif" "Mozilla/5.0 (Windows NT 10.0; Win64; x64) AppleWebKit/537.36 (KHTML, like Gecko) Chrome/60.0.3112.113 Safari/537.36"
90.146.3.54 - - [12/Sep/2017:15:13:58 +0200] "GET /entry.php?id=11148&object=10278726&view=thumbnail&width=100&height=100&wrap=false&mime=image/jpeg&image=jpg.gif HTTP/1.1" 200 1598 "http://ed.activities.at/entry.php?id=10778&form=11518&name=list&" "Mozilla/5.0 (Windows NT 10.0; Win64; x64) AppleWebKit/537.36 (KHTML, like Gecko) Chrome/60.0.3112.113 Safari/537.36"
90.146.3.54 - - [12/Sep/2017:15:13:58 +0200] "GET /entry.php?id=11148&object=10279243&view=thumbnail&width=100&height=100&wrap=false&mime=image/jpeg&image=jpg.gif HTTP/1.1" 200 1597 "http://ed.activities.at/entry.php?id=10778&form=11518&name=list&" "Mozilla/5.0 (Windows NT 10.0; Win64; x64) AppleWebKit/537.36 (KHTML, like Gecko) Chrome/60.0.3112.113 Safari/537.36"
90.146.3.54 - - [12/Sep/2017:15:13:58 +0200] "GET /entry.php?id=11148&object=10251828&view=thumbnail&width=100&height=100&wrap=false&mime=image/jpeg&image=jpg.gif HTTP/1.1" 200 1597 "http://ed.activities.at/entry.php?id=10778&form=11518&name=list&" "Mozilla/5.0 (Windows NT 10.0; Win64; x64) AppleWebKit/537.36 (KHTML, like Gecko) Chrome/60.0.3112.113 Safari/537.36"
90.146.3.54 - - [12/Sep/2017:15:13:58 +0200] "GET /entry.php?id=11148&object=10251244&view=thumbnail&width=100&height=100&wrap=false&mime=image/jpeg&image=jpg.gif HTTP/1.1" 200 1598 "http://ed.activities.at/entry.php?id=10778&form=11518&name=list&" "Mozilla/5.0 (Windows NT 10.0; Win64; x64) AppleWebKit/537.36 (KHTML, like Gecko) Chrome/60.0.3112.113 Safari/537.36"
80.122.130.46 - - [12/Sep/2017:15:14:14 +0200] "POST /entry.php?id=11671 HTTP/1.1" 200 3483 "http://ed.activities.at/entry.php?id=11671" "Mozilla/5.0 (Windows NT 6.1; rv:55.0) Gecko/20100101 Firefox/55.0"
80.122.130.46 - - [12/Sep/2017:15:14:15 +0200] "GET /gui/javascript/form_form.js?1505222055 HTTP/1.1" 200 16206 "http://ed.activities.at/entry.php?id=11671" "Mozilla/5.0 (Windows NT 6.1; rv:55.0) Gecko/20100101 Firefox/55.0"
80.122.130.46 - - [12/Sep/2017:15:14:15 +0200] "GET /framework/webfx/javascript/tinymce/skins/lightgray/content.min.css HTTP/1.1" 404 325 "http://ed.activities.at/entry.php?id=11671" "Mozilla/5.0 (Windows NT 6.1; rv:55.0) Gecko/20100101 Firefox/55.0"
80.122.130.46 - - [12/Sep/2017:15:14:29 +0200] "GET /entry.php?id=10271&&ser=222009 HTTP/1.1" 200 986 "http://ed.activities.at/entry.php?id=10271&&ser=221948" "Mozilla/5.0 (Windows NT 6.1; rv:55.0) Gecko/20100101 Firefox/55.0"
80.122.130.46 - - [12/Sep/2017:15:14:29 +0200] "GET /gui/javascript/form_form.js?1505222069 HTTP/1.1" 200 16206 "http://ed.activities.at/entry.php?id=10271&&ser=222009" "Mozilla/5.0 (Windows NT 6.1; rv:55.0) Gecko/20100101 Firefox/55.0"
80.122.130.46 - - [12/Sep/2017:15:14:37 +0200] "POST /entry.php?id=11671 HTTP/1.1" 200 4877 "http://ed.activities.at/entry.php?id=11671" "Mozilla/5.0 (Windows NT 6.1; rv:55.0) Gecko/20100101 Firefox/55.0"
80.122.130.46 - - [12/Sep/2017:15:14:38 +0200] "GET /gui/javascript/form_form.js?1505222078 HTTP/1.1" 200 16206 "http://ed.activities.at/entry.php?id=11671" "Mozilla/5.0 (Windows NT 6.1; rv:55.0) Gecko/20100101 Firefox/55.0"
80.122.130.46 - - [12/Sep/2017:15:14:39 +0200] "GET /entry.php?id=10776&form=11496&name=list& HTTP/1.1" 200 1519 "http://ed.activities.at/entry.php?id=11671" "Mozilla/5.0 (Windows NT 6.1; rv:55.0) Gecko/20100101 Firefox/55.0"
80.122.130.46 - - [12/Sep/2017:15:14:39 +0200] "GET /entry.php?id=10778&form=11496&name=list& HTTP/1.1" 200 5732 "http://ed.activities.at/entry.php?id=11671" "Mozilla/5.0 (Windows NT 6.1; rv:55.0) Gecko/20100101 Firefox/55.0"
80.122.130.46 - - [12/Sep/2017:15:14:41 +0200] "POST /entry.php?id=11671 HTTP/1.1" 200 4612 "http://ed.activities.at/entry.php?id=11671" "Mozilla/5.0 (Windows NT 6.1; rv:55.0) Gecko/20100101 Firefox/55.0"
80.122.130.46 - - [12/Sep/2017:15:14:41 +0200] "GET /gui/javascript/form_form.js?1505222081 HTTP/1.1" 200 16206 "http://ed.activities.at/entry.php?id=11671" "Mozilla/5.0 (Windows NT 6.1; rv:55.0) Gecko/20100101 Firefox/55.0"
80.122.130.46 - - [12/Sep/2017:15:14:41 +0200] "GET /entry.php?id=10776&form=11496&name=list& HTTP/1.1" 200 1519 "http://ed.activities.at/entry.php?id=11671" "Mozilla/5.0 (Windows NT 6.1; rv:55.0) Gecko/20100101 Firefox/55.0"
80.122.130.46 - - [12/Sep/2017:15:14:41 +0200] "GET /entry.php?id=10778&form=11496&name=list& HTTP/1.1" 200 5611 "http://ed.activities.at/entry.php?id=11671" "Mozilla/5.0 (Windows NT 6.1; rv:55.0) Gecko/20100101 Firefox/55.0"
90.146.3.54 - - [12/Sep/2017:15:14:52 +0200] "GET /entry.php?id=10271&&ser=222032 HTTP/1.1" 200 987 "http://ed.activities.at/entry.php?id=10271&&ser=221971" "Mozilla/5.0 (Windows NT 10.0; Win64; x64) AppleWebKit/537.36 (KHTML, like Gecko) Chrome/60.0.3112.113 Safari/537.36"
90.146.3.54 - - [12/Sep/2017:15:14:52 +0200] "GET /gui/javascript/form_form.js?1505222092 HTTP/1.1" 200 16206 "http://ed.activities.at/entry.php?id=10271&&ser=222032" "Mozilla/5.0 (Windows NT 10.0; Win64; x64) AppleWebKit/537.36 (KHTML, like Gecko) Chrome/60.0.3112.113 Safari/537.36"
90.146.3.54 - - [12/Sep/2017:15:15:22 +0200] "GET /entry.php?id=11667&object=10250016&company=10221878&hiddetabs=true HTTP/1.1" 200 3220 "http://ed.activities.at/entry.php?id=11412" "Mozilla/5.0 (Windows NT 10.0; Win64; x64) AppleWebKit/537.36 (KHTML, like Gecko) Chrome/60.0.3112.113 Safari/537.36"
90.146.3.54 - - [12/Sep/2017:15:15:23 +0200] "GET /gui/javascript/form_form.js?1505222123 HTTP/1.1" 200 16206 "http://ed.activities.at/entry.php?id=11667&object=10250016&company=10221878&hiddetabs=true" "Mozilla/5.0 (Windows NT 10.0; Win64; x64) AppleWebKit/537.36 (KHTML, like Gecko) Chrome/60.0.3112.113 Safari/537.36"
90.146.3.54 - - [12/Sep/2017:15:15:23 +0200] "GET /framework/webfx/javascript/tinymce/skins/lightgray/content.min.css HTTP/1.1" 404 325 "http://ed.activities.at/entry.php?id=11667&object=10250016&company=10221878&hiddetabs=true" "Mozilla/5.0 (Windows NT 10.0; Win64; x64) AppleWebKit/537.36 (KHTML, like Gecko) Chrome/60.0.3112.113 Safari/537.36"
90.146.3.54 - - [12/Sep/2017:15:15:23 +0200] "GET /entry.php?id=11148&object=10250017&view=thumbnail&width=150&height=150&wrap=false&mime=image/jpeg&image=jpg.gif HTTP/1.1" 200 1598 "http://ed.activities.at/entry.php?id=11667&object=10250016&company=10221878&hiddetabs=true" "Mozilla/5.0 (Windows NT 10.0; Win64; x64) AppleWebKit/537.36 (KHTML, like Gecko) Chrome/60.0.3112.113 Safari/537.36"
90.146.3.54 - - [12/Sep/2017:15:15:23 +0200] "GET /cache/emu/images/easy-drivers-steyr10250017/_150_100.jpg HTTP/1.1" 200 2717 "http://ed.activities.at/entry.php?id=11148&object=10250017&view=thumbnail&width=150&height=150&wrap=false&mime=image/jpeg&image=jpg.gif" "Mozilla/5.0 (Windows NT 10.0; Win64; x64) AppleWebKit/537.36 (KHTML, like Gecko) Chrome/60.0.3112.113 Safari/537.36"
90.146.3.54 - - [12/Sep/2017:15:15:25 +0200] "GET /loadbinray.php HTTP/1.1" 200 20 "http://ed.activities.at/entry.php?id=11667&object=10250016&company=10221878&hiddetabs=true" "Mozilla/5.0 (Windows NT 10.0; Win64; x64) AppleWebKit/537.36 (KHTML, like Gecko) Chrome/60.0.3112.113 Safari/537.36"
80.122.130.46 - - [12/Sep/2017:15:15:29 +0200] "GET /entry.php?id=10271&&ser=222069 HTTP/1.1" 200 987 "http://ed.activities.at/entry.php?id=10271&&ser=222009" "Mozilla/5.0 (Windows NT 6.1; rv:55.0) Gecko/20100101 Firefox/55.0"
80.122.130.46 - - [12/Sep/2017:15:15:30 +0200] "GET /gui/javascript/form_form.js?1505222130 HTTP/1.1" 200 16206 "http://ed.activities.at/entry.php?id=10271&&ser=222069" "Mozilla/5.0 (Windows NT 6.1; rv:55.0) Gecko/20100101 Firefox/55.0"
