80.123.96.46 - - [13/Sep/2017:12:06:00 +0200] "GET /entry.php?id=10778&form=11508&name=list& HTTP/1.1" 200 3026 "http://ed.activities.at/entry.php?id=11683&chooserview=addnewmenueitem&object=&" "Mozilla/5.0 (Windows NT 6.1; WOW64; Trident/7.0; rv:11.0) like Gecko"
80.123.96.46 - - [13/Sep/2017:12:06:08 +0200] "POST /entry.php?id=11677 HTTP/1.1" 200 5298 "http://ed.activities.at/entry.php?id=11677" "Mozilla/5.0 (Windows NT 6.1; WOW64; Trident/7.0; rv:11.0) like Gecko"
80.123.96.46 - - [13/Sep/2017:12:06:09 +0200] "GET /gui/javascript/form_form.js?1505297169 HTTP/1.1" 200 16206 "http://ed.activities.at/entry.php?id=11677" "Mozilla/5.0 (Windows NT 6.1; WOW64; Trident/7.0; rv:11.0) like Gecko"
80.122.130.46 - - [13/Sep/2017:12:06:10 +0200] "GET /entry.php?id=10271&&ser=297109 HTTP/1.1" 200 987 "http://ed.activities.at/entry.php?id=10271&&ser=297049" "Mozilla/5.0 (Windows NT 6.1; rv:55.0) Gecko/20100101 Firefox/55.0"
80.122.130.46 - - [13/Sep/2017:12:06:10 +0200] "GET /gui/javascript/form_form.js?1505297170 HTTP/1.1" 200 16206 "http://ed.activities.at/entry.php?id=10271&&ser=297109" "Mozilla/5.0 (Windows NT 6.1; rv:55.0) Gecko/20100101 Firefox/55.0"
213.86.241.133 - - [13/Sep/2017:12:06:19 +0200] "GET /entry.php?id=10271&&ser=297119 HTTP/1.1" 200 987 "http://easydrivers.activities.at/entry.php?id=10271&&ser=297058" "Mozilla/5.0 (Windows NT 10.0; WOW64; Trident/7.0; rv:11.0) like Gecko"
213.86.241.133 - - [13/Sep/2017:12:06:20 +0200] "GET /gui/javascript/form_form.js?1505297180 HTTP/1.1" 200 16206 "http://easydrivers.activities.at/entry.php?id=10271&&ser=297119" "Mozilla/5.0 (Windows NT 10.0; WOW64; Trident/7.0; rv:11.0) like Gecko"
80.123.96.46 - - [13/Sep/2017:12:06:34 +0200] "POST /entry.php?id=11677 HTTP/1.1" 200 4395 "http://ed.activities.at/entry.php?id=11677" "Mozilla/5.0 (Windows NT 6.1; WOW64; Trident/7.0; rv:11.0) like Gecko"
80.123.96.46 - - [13/Sep/2017:12:06:35 +0200] "GET /gui/javascript/form_form.js?1505297194 HTTP/1.1" 200 16206 "http://ed.activities.at/entry.php?id=11677" "Mozilla/5.0 (Windows NT 6.1; WOW64; Trident/7.0; rv:11.0) like Gecko"
80.123.96.46 - - [13/Sep/2017:12:06:36 +0200] "GET /entry.php?id=10271&&ser=297135 HTTP/1.1" 200 987 "http://ed.activities.at/entry.php?id=10271&&ser=297075" "Mozilla/5.0 (Windows NT 6.1; WOW64; Trident/7.0; rv:11.0) like Gecko"
80.123.96.46 - - [13/Sep/2017:12:06:37 +0200] "GET /gui/javascript/form_form.js?1505297196 HTTP/1.1" 200 16206 "http://ed.activities.at/entry.php?id=10271&&ser=297135" "Mozilla/5.0 (Windows NT 6.1; WOW64; Trident/7.0; rv:11.0) like Gecko"
80.123.96.46 - - [13/Sep/2017:12:06:41 +0200] "POST /entry.php?id=11677 HTTP/1.1" 200 2883 "http://ed.activities.at/entry.php?id=11677" "Mozilla/5.0 (Windows NT 6.1; WOW64; Trident/7.0; rv:11.0) like Gecko"
80.123.96.46 - - [13/Sep/2017:12:06:42 +0200] "GET /gui/javascript/form_form.js?1505297202 HTTP/1.1" 200 16206 "http://ed.activities.at/entry.php?id=11677" "Mozilla/5.0 (Windows NT 6.1; WOW64; Trident/7.0; rv:11.0) like Gecko"
80.123.96.46 - - [13/Sep/2017:12:06:43 +0200] "GET /entry.php?id=10776&form=11502&name=image_list& HTTP/1.1" 200 1531 "http://ed.activities.at/entry.php?id=11677" "Mozilla/5.0 (Windows NT 6.1; WOW64; Trident/7.0; rv:11.0) like Gecko"
80.123.96.46 - - [13/Sep/2017:12:06:43 +0200] "GET /entry.php?id=10778&form=11502&name=image_list& HTTP/1.1" 200 2501 "http://ed.activities.at/entry.php?id=11677" "Mozilla/5.0 (Windows NT 6.1; WOW64; Trident/7.0; rv:11.0) like Gecko"
80.123.96.46 - - [13/Sep/2017:12:06:44 +0200] "POST /entry.php?id=11677 HTTP/1.1" 200 2887 "http://ed.activities.at/entry.php?id=11677" "Mozilla/5.0 (Windows NT 6.1; WOW64; Trident/7.0; rv:11.0) like Gecko"
80.123.96.46 - - [13/Sep/2017:12:06:44 +0200] "GET /gui/javascript/form_form.js?1505297204 HTTP/1.1" 200 16206 "http://ed.activities.at/entry.php?id=11677" "Mozilla/5.0 (Windows NT 6.1; WOW64; Trident/7.0; rv:11.0) like Gecko"
80.123.96.46 - - [13/Sep/2017:12:06:44 +0200] "GET /entry.php?id=10776&form=11502&name=image_list& HTTP/1.1" 200 1531 "http://ed.activities.at/entry.php?id=11677" "Mozilla/5.0 (Windows NT 6.1; WOW64; Trident/7.0; rv:11.0) like Gecko"
80.123.96.46 - - [13/Sep/2017:12:06:44 +0200] "GET /entry.php?id=10778&form=11502&name=image_list& HTTP/1.1" 200 2501 "http://ed.activities.at/entry.php?id=11677" "Mozilla/5.0 (Windows NT 6.1; WOW64; Trident/7.0; rv:11.0) like Gecko"
80.123.96.46 - - [13/Sep/2017:12:06:47 +0200] "POST /entry.php?id=11677 HTTP/1.1" 200 4406 "http://ed.activities.at/entry.php?id=11677" "Mozilla/5.0 (Windows NT 6.1; WOW64; Trident/7.0; rv:11.0) like Gecko"
80.123.96.46 - - [13/Sep/2017:12:06:47 +0200] "GET /gui/javascript/form_form.js?1505297207 HTTP/1.1" 200 16206 "http://ed.activities.at/entry.php?id=11677" "Mozilla/5.0 (Windows NT 6.1; WOW64; Trident/7.0; rv:11.0) like Gecko"
80.123.96.46 - - [13/Sep/2017:12:06:54 +0200] "POST /entry.php?id=11677 HTTP/1.1" 200 5192 "http://ed.activities.at/entry.php?id=11677" "Mozilla/5.0 (Windows NT 6.1; WOW64; Trident/7.0; rv:11.0) like Gecko"
80.123.96.46 - - [13/Sep/2017:12:06:54 +0200] "GET /gui/javascript/form_form.js?1505297214 HTTP/1.1" 200 16206 "http://ed.activities.at/entry.php?id=11677" "Mozilla/5.0 (Windows NT 6.1; WOW64; Trident/7.0; rv:11.0) like Gecko"
80.123.96.46 - - [13/Sep/2017:12:07:03 +0200] "POST /entry.php?id=11677 HTTP/1.1" 200 5218 "http://ed.activities.at/entry.php?id=11677" "Mozilla/5.0 (Windows NT 6.1; WOW64; Trident/7.0; rv:11.0) like Gecko"
80.123.96.46 - - [13/Sep/2017:12:07:04 +0200] "GET /gui/javascript/form_form.js?1505297224 HTTP/1.1" 200 16206 "http://ed.activities.at/entry.php?id=11677" "Mozilla/5.0 (Windows NT 6.1; WOW64; Trident/7.0; rv:11.0) like Gecko"
80.122.130.46 - - [13/Sep/2017:12:07:10 +0200] "GET /entry.php?id=10271&&ser=297170 HTTP/1.1" 200 987 "http://ed.activities.at/entry.php?id=10271&&ser=297109" "Mozilla/5.0 (Windows NT 6.1; rv:55.0) Gecko/20100101 Firefox/55.0"
80.122.130.46 - - [13/Sep/2017:12:07:10 +0200] "GET /gui/javascript/form_form.js?1505297230 HTTP/1.1" 200 16206 "http://ed.activities.at/entry.php?id=10271&&ser=297170" "Mozilla/5.0 (Windows NT 6.1; rv:55.0) Gecko/20100101 Firefox/55.0"
80.123.96.46 - - [13/Sep/2017:12:07:14 +0200] "GET /entry.php?id=11681&chooserview=editnewmenueitem&hidetitle=true&object=10291457 HTTP/1.1" 200 349 "http://ed.activities.at/entry.php?id=11412" "Mozilla/5.0 (Windows NT 6.1; WOW64; Trident/7.0; rv:11.0) like Gecko"
80.123.96.46 - - [13/Sep/2017:12:07:14 +0200] "GET /entry.php?id=11683&chooserview=editnewmenueitem&object=10291457& HTTP/1.1" 200 2681 "http://ed.activities.at/entry.php?id=11681&chooserview=editnewmenueitem&hidetitle=true&object=10291457" "Mozilla/5.0 (Windows NT 6.1; WOW64; Trident/7.0; rv:11.0) like Gecko"
80.123.96.46 - - [13/Sep/2017:12:07:15 +0200] "GET /gui/javascript/form_form.js?1505297235 HTTP/1.1" 200 16206 "http://ed.activities.at/entry.php?id=11683&chooserview=editnewmenueitem&object=10291457&" "Mozilla/5.0 (Windows NT 6.1; WOW64; Trident/7.0; rv:11.0) like Gecko"
80.123.96.46 - - [13/Sep/2017:12:07:15 +0200] "GET /entry.php?id=11684&chooserview=editnewmenueitem&object=10291457& HTTP/1.1" 200 3948 "http://ed.activities.at/entry.php?id=11681&chooserview=editnewmenueitem&hidetitle=true&object=10291457" "Mozilla/5.0 (Windows NT 6.1; WOW64; Trident/7.0; rv:11.0) like Gecko"
80.123.96.46 - - [13/Sep/2017:12:07:15 +0200] "GET /entry.php?id=10776&form=11508&name=list& HTTP/1.1" 200 1807 "http://ed.activities.at/entry.php?id=11683&chooserview=editnewmenueitem&object=10291457&" "Mozilla/5.0 (Windows NT 6.1; WOW64; Trident/7.0; rv:11.0) like Gecko"
80.123.96.46 - - [13/Sep/2017:12:07:15 +0200] "GET /entry.php?id=10778&form=11508&name=list& HTTP/1.1" 200 3031 "http://ed.activities.at/entry.php?id=11683&chooserview=editnewmenueitem&object=10291457&" "Mozilla/5.0 (Windows NT 6.1; WOW64; Trident/7.0; rv:11.0) like Gecko"
213.86.241.133 - - [13/Sep/2017:12:07:20 +0200] "GET /entry.php?id=10271&&ser=297180 HTTP/1.1" 200 987 "http://easydrivers.activities.at/entry.php?id=10271&&ser=297119" "Mozilla/5.0 (Windows NT 10.0; WOW64; Trident/7.0; rv:11.0) like Gecko"
213.86.241.133 - - [13/Sep/2017:12:07:20 +0200] "GET /gui/javascript/form_form.js?1505297240 HTTP/1.1" 200 16206 "http://easydrivers.activities.at/entry.php?id=10271&&ser=297180" "Mozilla/5.0 (Windows NT 10.0; WOW64; Trident/7.0; rv:11.0) like Gecko"
80.123.96.46 - - [13/Sep/2017:12:07:20 +0200] "POST /entry.php?id=11684 HTTP/1.1" 200 3075 "http://ed.activities.at/entry.php?id=11684&chooserview=editnewmenueitem&object=10291457&" "Mozilla/5.0 (Windows NT 6.1; WOW64; Trident/7.0; rv:11.0) like Gecko"
80.123.96.46 - - [13/Sep/2017:12:07:21 +0200] "GET /gui/javascript/form_form.js?1505297241 HTTP/1.1" 200 16206 "http://ed.activities.at/entry.php?id=11684" "Mozilla/5.0 (Windows NT 6.1; WOW64; Trident/7.0; rv:11.0) like Gecko"
80.123.96.46 - - [13/Sep/2017:12:07:21 +0200] "GET /framework/webfx/javascript/tinymce/skins/lightgray/content.min.css HTTP/1.1" 404 325 "http://ed.activities.at/entry.php?id=11684" "Mozilla/5.0 (Windows NT 6.1; WOW64; Trident/7.0; rv:11.0) like Gecko"
80.123.96.46 - - [13/Sep/2017:12:07:24 +0200] "POST /entry.php?id=11684 HTTP/1.1" 200 3117 "http://ed.activities.at/entry.php?id=11684" "Mozilla/5.0 (Windows NT 6.1; WOW64; Trident/7.0; rv:11.0) like Gecko"
80.123.96.46 - - [13/Sep/2017:12:07:24 +0200] "GET /gui/javascript/form_form.js?1505297244 HTTP/1.1" 200 16206 "http://ed.activities.at/entry.php?id=11684" "Mozilla/5.0 (Windows NT 6.1; WOW64; Trident/7.0; rv:11.0) like Gecko"
80.123.96.46 - - [13/Sep/2017:12:07:24 +0200] "GET /entry.php?id=10776&form=11506&name=image_list& HTTP/1.1" 200 1538 "http://ed.activities.at/entry.php?id=11684" "Mozilla/5.0 (Windows NT 6.1; WOW64; Trident/7.0; rv:11.0) like Gecko"
80.123.96.46 - - [13/Sep/2017:12:07:24 +0200] "GET /entry.php?id=10778&form=11506&name=image_list& HTTP/1.1" 200 2502 "http://ed.activities.at/entry.php?id=11684" "Mozilla/5.0 (Windows NT 6.1; WOW64; Trident/7.0; rv:11.0) like Gecko"
80.123.96.46 - - [13/Sep/2017:12:07:26 +0200] "POST /entry.php?id=11684 HTTP/1.1" 200 3097 "http://ed.activities.at/entry.php?id=11684" "Mozilla/5.0 (Windows NT 6.1; WOW64; Trident/7.0; rv:11.0) like Gecko"
80.123.96.46 - - [13/Sep/2017:12:07:27 +0200] "GET /gui/javascript/form_form.js?1505297247 HTTP/1.1" 200 16206 "http://ed.activities.at/entry.php?id=11684" "Mozilla/5.0 (Windows NT 6.1; WOW64; Trident/7.0; rv:11.0) like Gecko"
80.123.96.46 - - [13/Sep/2017:12:07:27 +0200] "GET /entry.php?id=10778&form=11506&name=binarie_list& HTTP/1.1" 200 2495 "http://ed.activities.at/entry.php?id=11684" "Mozilla/5.0 (Windows NT 6.1; WOW64; Trident/7.0; rv:11.0) like Gecko"
80.123.96.46 - - [13/Sep/2017:12:07:27 +0200] "GET /entry.php?id=10776&form=11506&name=binarie_list& HTTP/1.1" 200 1529 "http://ed.activities.at/entry.php?id=11684" "Mozilla/5.0 (Windows NT 6.1; WOW64; Trident/7.0; rv:11.0) like Gecko"
80.123.96.46 - - [13/Sep/2017:12:07:34 +0200] "GET /entry.php?id=10711&object=10291458&chooserview=contetbinaries&view=contetbinaries HTTP/1.1" 200 1725 "-" "Mozilla/5.0 (Windows NT 6.1; WOW64; Trident/7.0; rv:11.0) like Gecko"
80.123.96.46 - - [13/Sep/2017:12:07:34 +0200] "GET /gui/javascript/form_form.js?1505297254 HTTP/1.1" 200 16206 "http://ed.activities.at/entry.php?id=10711&object=10291458&chooserview=contetbinaries&view=contetbinaries" "Mozilla/5.0 (Windows NT 6.1; WOW64; Trident/7.0; rv:11.0) like Gecko"
80.123.96.46 - - [13/Sep/2017:12:07:34 +0200] "GET /entry.php?id=10676&title=Ressourcenverwaltung HTTP/1.1" 200 1396 "http://ed.activities.at/entry.php?id=10711&object=10291458&chooserview=contetbinaries&view=contetbinaries" "Mozilla/5.0 (Windows NT 6.1; WOW64; Trident/7.0; rv:11.0) like Gecko"
80.123.96.46 - - [13/Sep/2017:12:07:34 +0200] "GET /entry.php?id=10703&&but=&object=10291458&class=&tag=&value=&chooserview=contetbinaries&function=&setlist=&t_width=&t_height=&view=contetbinaries HTTP/1.1" 200 2541 "http://ed.activities.at/entry.php?id=10711&object=10291458&chooserview=contetbinaries&view=contetbinaries" "Mozilla/5.0 (Windows NT 6.1; WOW64; Trident/7.0; rv:11.0) like Gecko"
80.123.96.46 - - [13/Sep/2017:12:07:34 +0200] "GET /entry.php?id=10704&&but=&object=10291458&class=&tag=&value=&chooserview=contetbinaries&function=&setlist=&t_width=&t_height=&view=contetbinaries HTTP/1.1" 200 2969 "http://ed.activities.at/entry.php?id=10711&object=10291458&chooserview=contetbinaries&view=contetbinaries" "Mozilla/5.0 (Windows NT 6.1; WOW64; Trident/7.0; rv:11.0) like Gecko"
80.123.96.46 - - [13/Sep/2017:12:07:34 +0200] "GET /entry.php?id=10778&form=10547&name=list& HTTP/1.1" 200 3149 "http://ed.activities.at/entry.php?id=10703&&but=&object=10291458&class=&tag=&value=&chooserview=contetbinaries&function=&setlist=&t_width=&t_height=&view=contetbinaries" "Mozilla/5.0 (Windows NT 6.1; WOW64; Trident/7.0; rv:11.0) like Gecko"
80.123.96.46 - - [13/Sep/2017:12:07:34 +0200] "GET /entry.php?id=10776&form=10547&name=list& HTTP/1.1" 200 1290 "http://ed.activities.at/entry.php?id=10703&&but=&object=10291458&class=&tag=&value=&chooserview=contetbinaries&function=&setlist=&t_width=&t_height=&view=contetbinaries" "Mozilla/5.0 (Windows NT 6.1; WOW64; Trident/7.0; rv:11.0) like Gecko"
80.123.96.46 - - [13/Sep/2017:12:07:35 +0200] "GET /entry.php?id=10776&form=10549&name=list& HTTP/1.1" 200 1646 "http://ed.activities.at/entry.php?id=10704&&but=&object=10291458&class=&tag=&value=&chooserview=contetbinaries&function=&setlist=&t_width=&t_height=&view=contetbinaries" "Mozilla/5.0 (Windows NT 6.1; WOW64; Trident/7.0; rv:11.0) like Gecko"
80.123.96.46 - - [13/Sep/2017:12:07:35 +0200] "GET /entry.php?id=10778&form=10549&name=list& HTTP/1.1" 200 2813 "http://ed.activities.at/entry.php?id=10704&&but=&object=10291458&class=&tag=&value=&chooserview=contetbinaries&function=&setlist=&t_width=&t_height=&view=contetbinaries" "Mozilla/5.0 (Windows NT 6.1; WOW64; Trident/7.0; rv:11.0) like Gecko"
80.123.96.46 - - [13/Sep/2017:12:07:37 +0200] "GET /entry.php?id=10271&&ser=297196 HTTP/1.1" 200 988 "http://ed.activities.at/entry.php?id=10271&&ser=297135" "Mozilla/5.0 (Windows NT 6.1; WOW64; Trident/7.0; rv:11.0) like Gecko"
80.123.96.46 - - [13/Sep/2017:12:07:37 +0200] "GET /gui/javascript/form_form.js?1505297257 HTTP/1.1" 200 16206 "http://ed.activities.at/entry.php?id=10271&&ser=297196" "Mozilla/5.0 (Windows NT 6.1; WOW64; Trident/7.0; rv:11.0) like Gecko"
80.123.96.46 - - [13/Sep/2017:12:07:49 +0200] "GET /entry.php?id=11681&chooserview=addnewmenueitem&hidetitle=true HTTP/1.1" 200 340 "http://ed.activities.at/entry.php?id=11412" "Mozilla/5.0 (Windows NT 6.1; WOW64; Trident/7.0; rv:11.0) like Gecko"
80.123.96.46 - - [13/Sep/2017:12:07:50 +0200] "GET /entry.php?id=11683&chooserview=addnewmenueitem&object=& HTTP/1.1" 200 2953 "http://ed.activities.at/entry.php?id=11681&chooserview=addnewmenueitem&hidetitle=true" "Mozilla/5.0 (Windows NT 6.1; WOW64; Trident/7.0; rv:11.0) like Gecko"
80.123.96.46 - - [13/Sep/2017:12:07:50 +0200] "GET /gui/javascript/form_form.js?1505297270 HTTP/1.1" 200 16206 "http://ed.activities.at/entry.php?id=11683&chooserview=addnewmenueitem&object=&" "Mozilla/5.0 (Windows NT 6.1; WOW64; Trident/7.0; rv:11.0) like Gecko"
80.123.96.46 - - [13/Sep/2017:12:07:50 +0200] "GET /entry.php?id=11684&chooserview=addnewmenueitem&object=& HTTP/1.1" 200 3831 "http://ed.activities.at/entry.php?id=11681&chooserview=addnewmenueitem&hidetitle=true" "Mozilla/5.0 (Windows NT 6.1; WOW64; Trident/7.0; rv:11.0) like Gecko"
80.123.96.46 - - [13/Sep/2017:12:07:50 +0200] "GET /entry.php?id=10778&form=11508&name=list& HTTP/1.1" 200 3026 "http://ed.activities.at/entry.php?id=11683&chooserview=addnewmenueitem&object=&" "Mozilla/5.0 (Windows NT 6.1; WOW64; Trident/7.0; rv:11.0) like Gecko"
80.123.96.46 - - [13/Sep/2017:12:07:50 +0200] "GET /entry.php?id=10776&form=11508&name=list& HTTP/1.1" 200 1807 "http://ed.activities.at/entry.php?id=11683&chooserview=addnewmenueitem&object=&" "Mozilla/5.0 (Windows NT 6.1; WOW64; Trident/7.0; rv:11.0) like Gecko"
80.123.96.46 - - [13/Sep/2017:12:08:09 +0200] "POST /entry.php?id=11677 HTTP/1.1" 200 5298 "http://ed.activities.at/entry.php?id=11677" "Mozilla/5.0 (Windows NT 6.1; WOW64; Trident/7.0; rv:11.0) like Gecko"
80.123.96.46 - - [13/Sep/2017:12:08:10 +0200] "GET /gui/javascript/form_form.js?1505297290 HTTP/1.1" 200 16206 "http://ed.activities.at/entry.php?id=11677" "Mozilla/5.0 (Windows NT 6.1; WOW64; Trident/7.0; rv:11.0) like Gecko"
80.122.130.46 - - [13/Sep/2017:12:08:11 +0200] "GET /entry.php?id=10271&&ser=297230 HTTP/1.1" 200 987 "http://ed.activities.at/entry.php?id=10271&&ser=297170" "Mozilla/5.0 (Windows NT 6.1; rv:55.0) Gecko/20100101 Firefox/55.0"
80.122.130.46 - - [13/Sep/2017:12:08:11 +0200] "GET /gui/javascript/form_form.js?1505297291 HTTP/1.1" 200 16206 "http://ed.activities.at/entry.php?id=10271&&ser=297230" "Mozilla/5.0 (Windows NT 6.1; rv:55.0) Gecko/20100101 Firefox/55.0"
213.86.241.133 - - [13/Sep/2017:12:08:20 +0200] "GET /entry.php?id=10271&&ser=297240 HTTP/1.1" 200 986 "http://easydrivers.activities.at/entry.php?id=10271&&ser=297180" "Mozilla/5.0 (Windows NT 10.0; WOW64; Trident/7.0; rv:11.0) like Gecko"
213.86.241.133 - - [13/Sep/2017:12:08:21 +0200] "GET /gui/javascript/form_form.js?1505297301 HTTP/1.1" 200 16206 "http://easydrivers.activities.at/entry.php?id=10271&&ser=297240" "Mozilla/5.0 (Windows NT 10.0; WOW64; Trident/7.0; rv:11.0) like Gecko"
80.123.96.46 - - [13/Sep/2017:12:08:27 +0200] "GET /entry.php?id=10287&login=1 HTTP/1.1" 200 2976 "http://ed.activities.at/entry.php?id=11412" "Mozilla/5.0 (Windows NT 6.1; WOW64; Trident/7.0; rv:11.0) like Gecko"
80.123.96.46 - - [13/Sep/2017:12:08:27 +0200] "GET /gui/javascript/form_form.js?1505297307 HTTP/1.1" 200 16206 "http://ed.activities.at/entry.php?id=10287&login=1" "Mozilla/5.0 (Windows NT 6.1; WOW64; Trident/7.0; rv:11.0) like Gecko"
80.123.96.46 - - [13/Sep/2017:12:08:29 +0200] "POST /entry.php?id=10287& HTTP/1.1" 200 2425 "http://ed.activities.at/entry.php?id=10287&login=1" "Mozilla/5.0 (Windows NT 6.1; WOW64; Trident/7.0; rv:11.0) like Gecko"
80.123.96.46 - - [13/Sep/2017:12:08:29 +0200] "GET /gui/javascript/form_form.js?1505297309 HTTP/1.1" 200 16206 "http://ed.activities.at/entry.php?id=10287&" "Mozilla/5.0 (Windows NT 6.1; WOW64; Trident/7.0; rv:11.0) like Gecko"
80.123.96.46 - - [13/Sep/2017:12:08:29 +0200] "GET /entry.php?id=10270& HTTP/1.1" 200 909 "http://ed.activities.at/layout.php" "Mozilla/5.0 (Windows NT 6.1; WOW64; Trident/7.0; rv:11.0) like Gecko"
80.123.96.46 - - [13/Sep/2017:12:08:29 +0200] "GET /entry.php?id=10273&logout=true& HTTP/1.1" 200 1912 "http://ed.activities.at/layout.php" "Mozilla/5.0 (Windows NT 6.1; WOW64; Trident/7.0; rv:11.0) like Gecko"
80.123.96.46 - - [13/Sep/2017:12:08:30 +0200] "GET /gui/javascript/form_form.js?1505297310 HTTP/1.1" 200 16206 "http://ed.activities.at/entry.php?id=10270&" "Mozilla/5.0 (Windows NT 6.1; WOW64; Trident/7.0; rv:11.0) like Gecko"
80.122.130.46 - - [13/Sep/2017:12:09:11 +0200] "GET /entry.php?id=10271&&ser=297291 HTTP/1.1" 200 987 "http://ed.activities.at/entry.php?id=10271&&ser=297230" "Mozilla/5.0 (Windows NT 6.1; rv:55.0) Gecko/20100101 Firefox/55.0"
80.122.130.46 - - [13/Sep/2017:12:09:11 +0200] "GET /gui/javascript/form_form.js?1505297351 HTTP/1.1" 200 16206 "http://ed.activities.at/entry.php?id=10271&&ser=297291" "Mozilla/5.0 (Windows NT 6.1; rv:55.0) Gecko/20100101 Firefox/55.0"
213.86.241.133 - - [13/Sep/2017:12:09:21 +0200] "GET /entry.php?id=10271&&ser=297301 HTTP/1.1" 200 987 "http://easydrivers.activities.at/entry.php?id=10271&&ser=297240" "Mozilla/5.0 (Windows NT 10.0; WOW64; Trident/7.0; rv:11.0) like Gecko"
213.86.241.133 - - [13/Sep/2017:12:09:21 +0200] "GET /gui/javascript/form_form.js?1505297361 HTTP/1.1" 200 16206 "http://easydrivers.activities.at/entry.php?id=10271&&ser=297301" "Mozilla/5.0 (Windows NT 10.0; WOW64; Trident/7.0; rv:11.0) like Gecko"
80.122.130.46 - - [13/Sep/2017:12:10:12 +0200] "GET /entry.php?id=10271&&ser=297351 HTTP/1.1" 200 987 "http://ed.activities.at/entry.php?id=10271&&ser=297291" "Mozilla/5.0 (Windows NT 6.1; rv:55.0) Gecko/20100101 Firefox/55.0"
80.122.130.46 - - [13/Sep/2017:12:10:12 +0200] "GET /gui/javascript/form_form.js?1505297412 HTTP/1.1" 200 16206 "http://ed.activities.at/entry.php?id=10271&&ser=297351" "Mozilla/5.0 (Windows NT 6.1; rv:55.0) Gecko/20100101 Firefox/55.0"
213.86.241.133 - - [13/Sep/2017:12:10:22 +0200] "GET /entry.php?id=10271&&ser=297361 HTTP/1.1" 200 987 "http://easydrivers.activities.at/entry.php?id=10271&&ser=297301" "Mozilla/5.0 (Windows NT 10.0; WOW64; Trident/7.0; rv:11.0) like Gecko"
213.86.241.133 - - [13/Sep/2017:12:10:22 +0200] "GET /gui/javascript/form_form.js?1505297422 HTTP/1.1" 200 16206 "http://easydrivers.activities.at/entry.php?id=10271&&ser=297361" "Mozilla/5.0 (Windows NT 10.0; WOW64; Trident/7.0; rv:11.0) like Gecko"
80.122.130.46 - - [13/Sep/2017:12:11:12 +0200] "GET /entry.php?id=10271&&ser=297412 HTTP/1.1" 200 987 "http://ed.activities.at/entry.php?id=10271&&ser=297351" "Mozilla/5.0 (Windows NT 6.1; rv:55.0) Gecko/20100101 Firefox/55.0"
80.122.130.46 - - [13/Sep/2017:12:11:12 +0200] "GET /gui/javascript/form_form.js?1505297472 HTTP/1.1" 200 16206 "http://ed.activities.at/entry.php?id=10271&&ser=297412" "Mozilla/5.0 (Windows NT 6.1; rv:55.0) Gecko/20100101 Firefox/55.0"
213.86.241.133 - - [13/Sep/2017:12:11:22 +0200] "GET /entry.php?id=10271&&ser=297422 HTTP/1.1" 200 987 "http://easydrivers.activities.at/entry.php?id=10271&&ser=297361" "Mozilla/5.0 (Windows NT 10.0; WOW64; Trident/7.0; rv:11.0) like Gecko"
213.86.241.133 - - [13/Sep/2017:12:11:23 +0200] "GET /gui/javascript/form_form.js?1505297482 HTTP/1.1" 200 16206 "http://easydrivers.activities.at/entry.php?id=10271&&ser=297422" "Mozilla/5.0 (Windows NT 10.0; WOW64; Trident/7.0; rv:11.0) like Gecko"
80.122.130.46 - - [13/Sep/2017:12:12:13 +0200] "GET /entry.php?id=10271&&ser=297472 HTTP/1.1" 200 988 "http://ed.activities.at/entry.php?id=10271&&ser=297412" "Mozilla/5.0 (Windows NT 6.1; rv:55.0) Gecko/20100101 Firefox/55.0"
80.122.130.46 - - [13/Sep/2017:12:12:13 +0200] "GET /gui/javascript/form_form.js?1505297533 HTTP/1.1" 200 16206 "http://ed.activities.at/entry.php?id=10271&&ser=297472" "Mozilla/5.0 (Windows NT 6.1; rv:55.0) Gecko/20100101 Firefox/55.0"
213.86.241.133 - - [13/Sep/2017:12:12:23 +0200] "GET /entry.php?id=10271&&ser=297482 HTTP/1.1" 200 988 "http://easydrivers.activities.at/entry.php?id=10271&&ser=297422" "Mozilla/5.0 (Windows NT 10.0; WOW64; Trident/7.0; rv:11.0) like Gecko"
213.86.241.133 - - [13/Sep/2017:12:12:23 +0200] "GET /gui/javascript/form_form.js?1505297543 HTTP/1.1" 200 16206 "http://easydrivers.activities.at/entry.php?id=10271&&ser=297482" "Mozilla/5.0 (Windows NT 10.0; WOW64; Trident/7.0; rv:11.0) like Gecko"
80.122.130.46 - - [13/Sep/2017:12:13:13 +0200] "GET /entry.php?id=10271&&ser=297533 HTTP/1.1" 200 988 "http://ed.activities.at/entry.php?id=10271&&ser=297472" "Mozilla/5.0 (Windows NT 6.1; rv:55.0) Gecko/20100101 Firefox/55.0"
80.122.130.46 - - [13/Sep/2017:12:13:13 +0200] "GET /gui/javascript/form_form.js?1505297593 HTTP/1.1" 200 16206 "http://ed.activities.at/entry.php?id=10271&&ser=297533" "Mozilla/5.0 (Windows NT 6.1; rv:55.0) Gecko/20100101 Firefox/55.0"
213.86.241.133 - - [13/Sep/2017:12:13:23 +0200] "GET /entry.php?id=10271&&ser=297543 HTTP/1.1" 200 987 "http://easydrivers.activities.at/entry.php?id=10271&&ser=297482" "Mozilla/5.0 (Windows NT 10.0; WOW64; Trident/7.0; rv:11.0) like Gecko"
213.86.241.133 - - [13/Sep/2017:12:13:24 +0200] "GET /gui/javascript/form_form.js?1505297604 HTTP/1.1" 200 16206 "http://easydrivers.activities.at/entry.php?id=10271&&ser=297543" "Mozilla/5.0 (Windows NT 10.0; WOW64; Trident/7.0; rv:11.0) like Gecko"
80.122.130.46 - - [13/Sep/2017:12:14:14 +0200] "GET /entry.php?id=10271&&ser=297593 HTTP/1.1" 200 988 "http://ed.activities.at/entry.php?id=10271&&ser=297533" "Mozilla/5.0 (Windows NT 6.1; rv:55.0) Gecko/20100101 Firefox/55.0"
80.122.130.46 - - [13/Sep/2017:12:14:14 +0200] "GET /gui/javascript/form_form.js?1505297654 HTTP/1.1" 200 16206 "http://ed.activities.at/entry.php?id=10271&&ser=297593" "Mozilla/5.0 (Windows NT 6.1; rv:55.0) Gecko/20100101 Firefox/55.0"
213.86.241.133 - - [13/Sep/2017:12:14:24 +0200] "GET /entry.php?id=10271&&ser=297604 HTTP/1.1" 200 987 "http://easydrivers.activities.at/entry.php?id=10271&&ser=297543" "Mozilla/5.0 (Windows NT 10.0; WOW64; Trident/7.0; rv:11.0) like Gecko"
213.86.241.133 - - [13/Sep/2017:12:14:24 +0200] "GET /gui/javascript/form_form.js?1505297664 HTTP/1.1" 200 16206 "http://easydrivers.activities.at/entry.php?id=10271&&ser=297604" "Mozilla/5.0 (Windows NT 10.0; WOW64; Trident/7.0; rv:11.0) like Gecko"
80.122.130.46 - - [13/Sep/2017:12:15:14 +0200] "GET /entry.php?id=10271&&ser=297654 HTTP/1.1" 200 987 "http://ed.activities.at/entry.php?id=10271&&ser=297593" "Mozilla/5.0 (Windows NT 6.1; rv:55.0) Gecko/20100101 Firefox/55.0"
80.122.130.46 - - [13/Sep/2017:12:15:15 +0200] "GET /gui/javascript/form_form.js?1505297714 HTTP/1.1" 200 16206 "http://ed.activities.at/entry.php?id=10271&&ser=297654" "Mozilla/5.0 (Windows NT 6.1; rv:55.0) Gecko/20100101 Firefox/55.0"
213.86.241.133 - - [13/Sep/2017:12:15:24 +0200] "GET /entry.php?id=10271&&ser=297664 HTTP/1.1" 200 988 "http://easydrivers.activities.at/entry.php?id=10271&&ser=297604" "Mozilla/5.0 (Windows NT 10.0; WOW64; Trident/7.0; rv:11.0) like Gecko"
213.86.241.133 - - [13/Sep/2017:12:15:25 +0200] "GET /gui/javascript/form_form.js?1505297725 HTTP/1.1" 200 16206 "http://easydrivers.activities.at/entry.php?id=10271&&ser=297664" "Mozilla/5.0 (Windows NT 10.0; WOW64; Trident/7.0; rv:11.0) like Gecko"
80.122.130.46 - - [13/Sep/2017:12:16:15 +0200] "GET /entry.php?id=10271&&ser=297714 HTTP/1.1" 200 988 "http://ed.activities.at/entry.php?id=10271&&ser=297654" "Mozilla/5.0 (Windows NT 6.1; rv:55.0) Gecko/20100101 Firefox/55.0"
80.122.130.46 - - [13/Sep/2017:12:16:15 +0200] "GET /gui/javascript/form_form.js?1505297775 HTTP/1.1" 200 16206 "http://ed.activities.at/entry.php?id=10271&&ser=297714" "Mozilla/5.0 (Windows NT 6.1; rv:55.0) Gecko/20100101 Firefox/55.0"
213.86.241.133 - - [13/Sep/2017:12:16:25 +0200] "GET /entry.php?id=10271&&ser=297725 HTTP/1.1" 200 988 "http://easydrivers.activities.at/entry.php?id=10271&&ser=297664" "Mozilla/5.0 (Windows NT 10.0; WOW64; Trident/7.0; rv:11.0) like Gecko"
213.86.241.133 - - [13/Sep/2017:12:16:25 +0200] "GET /gui/javascript/form_form.js?1505297785 HTTP/1.1" 200 16206 "http://easydrivers.activities.at/entry.php?id=10271&&ser=297725" "Mozilla/5.0 (Windows NT 10.0; WOW64; Trident/7.0; rv:11.0) like Gecko"
80.122.130.46 - - [13/Sep/2017:12:17:15 +0200] "GET /entry.php?id=10271&&ser=297775 HTTP/1.1" 200 989 "http://ed.activities.at/entry.php?id=10271&&ser=297714" "Mozilla/5.0 (Windows NT 6.1; rv:55.0) Gecko/20100101 Firefox/55.0"
80.122.130.46 - - [13/Sep/2017:12:17:16 +0200] "GET /gui/javascript/form_form.js?1505297836 HTTP/1.1" 200 16206 "http://ed.activities.at/entry.php?id=10271&&ser=297775" "Mozilla/5.0 (Windows NT 6.1; rv:55.0) Gecko/20100101 Firefox/55.0"
213.86.241.133 - - [13/Sep/2017:12:17:26 +0200] "GET /entry.php?id=10271&&ser=297785 HTTP/1.1" 200 987 "http://easydrivers.activities.at/entry.php?id=10271&&ser=297725" "Mozilla/5.0 (Windows NT 10.0; WOW64; Trident/7.0; rv:11.0) like Gecko"
213.86.241.133 - - [13/Sep/2017:12:17:26 +0200] "GET /gui/javascript/form_form.js?1505297846 HTTP/1.1" 200 16206 "http://easydrivers.activities.at/entry.php?id=10271&&ser=297785" "Mozilla/5.0 (Windows NT 10.0; WOW64; Trident/7.0; rv:11.0) like Gecko"
80.122.130.46 - - [13/Sep/2017:12:18:16 +0200] "GET /entry.php?id=10271&&ser=297835 HTTP/1.1" 200 987 "http://ed.activities.at/entry.php?id=10271&&ser=297775" "Mozilla/5.0 (Windows NT 6.1; rv:55.0) Gecko/20100101 Firefox/55.0"
80.122.130.46 - - [13/Sep/2017:12:18:16 +0200] "GET /gui/javascript/form_form.js?1505297896 HTTP/1.1" 200 16206 "http://ed.activities.at/entry.php?id=10271&&ser=297835" "Mozilla/5.0 (Windows NT 6.1; rv:55.0) Gecko/20100101 Firefox/55.0"
213.86.241.133 - - [13/Sep/2017:12:18:26 +0200] "GET /entry.php?id=10271&&ser=297846 HTTP/1.1" 200 987 "http://easydrivers.activities.at/entry.php?id=10271&&ser=297785" "Mozilla/5.0 (Windows NT 10.0; WOW64; Trident/7.0; rv:11.0) like Gecko"
213.86.241.133 - - [13/Sep/2017:12:18:26 +0200] "GET /gui/javascript/form_form.js?1505297906 HTTP/1.1" 200 16206 "http://easydrivers.activities.at/entry.php?id=10271&&ser=297846" "Mozilla/5.0 (Windows NT 10.0; WOW64; Trident/7.0; rv:11.0) like Gecko"
80.122.130.46 - - [13/Sep/2017:12:19:16 +0200] "GET /entry.php?id=10271&&ser=297896 HTTP/1.1" 200 988 "http://ed.activities.at/entry.php?id=10271&&ser=297835" "Mozilla/5.0 (Windows NT 6.1; rv:55.0) Gecko/20100101 Firefox/55.0"
80.122.130.46 - - [13/Sep/2017:12:19:17 +0200] "GET /gui/javascript/form_form.js?1505297957 HTTP/1.1" 200 16206 "http://ed.activities.at/entry.php?id=10271&&ser=297896" "Mozilla/5.0 (Windows NT 6.1; rv:55.0) Gecko/20100101 Firefox/55.0"
213.86.241.133 - - [13/Sep/2017:12:19:27 +0200] "GET /entry.php?id=10271&&ser=297906 HTTP/1.1" 200 987 "http://easydrivers.activities.at/entry.php?id=10271&&ser=297846" "Mozilla/5.0 (Windows NT 10.0; WOW64; Trident/7.0; rv:11.0) like Gecko"
213.86.241.133 - - [13/Sep/2017:12:19:27 +0200] "GET /gui/javascript/form_form.js?1505297967 HTTP/1.1" 200 16206 "http://easydrivers.activities.at/entry.php?id=10271&&ser=297906" "Mozilla/5.0 (Windows NT 10.0; WOW64; Trident/7.0; rv:11.0) like Gecko"
80.122.130.46 - - [13/Sep/2017:12:20:17 +0200] "GET /entry.php?id=10271&&ser=297957 HTTP/1.1" 200 987 "http://ed.activities.at/entry.php?id=10271&&ser=297896" "Mozilla/5.0 (Windows NT 6.1; rv:55.0) Gecko/20100101 Firefox/55.0"
80.122.130.46 - - [13/Sep/2017:12:20:17 +0200] "GET /gui/javascript/form_form.js?1505298017 HTTP/1.1" 200 16206 "http://ed.activities.at/entry.php?id=10271&&ser=297957" "Mozilla/5.0 (Windows NT 6.1; rv:55.0) Gecko/20100101 Firefox/55.0"
213.86.241.133 - - [13/Sep/2017:12:20:27 +0200] "GET /entry.php?id=10271&&ser=297967 HTTP/1.1" 200 987 "http://easydrivers.activities.at/entry.php?id=10271&&ser=297906" "Mozilla/5.0 (Windows NT 10.0; WOW64; Trident/7.0; rv:11.0) like Gecko"
213.86.241.133 - - [13/Sep/2017:12:20:28 +0200] "GET /gui/javascript/form_form.js?1505298028 HTTP/1.1" 200 16206 "http://easydrivers.activities.at/entry.php?id=10271&&ser=297967" "Mozilla/5.0 (Windows NT 10.0; WOW64; Trident/7.0; rv:11.0) like Gecko"
80.122.130.46 - - [13/Sep/2017:12:21:17 +0200] "GET /entry.php?id=10271&&ser=298017 HTTP/1.1" 200 987 "http://ed.activities.at/entry.php?id=10271&&ser=297957" "Mozilla/5.0 (Windows NT 6.1; rv:55.0) Gecko/20100101 Firefox/55.0"
80.122.130.46 - - [13/Sep/2017:12:21:18 +0200] "GET /gui/javascript/form_form.js?1505298078 HTTP/1.1" 200 16206 "http://ed.activities.at/entry.php?id=10271&&ser=298017" "Mozilla/5.0 (Windows NT 6.1; rv:55.0) Gecko/20100101 Firefox/55.0"
213.86.241.133 - - [13/Sep/2017:12:21:28 +0200] "GET /entry.php?id=10271&&ser=298028 HTTP/1.1" 200 987 "http://easydrivers.activities.at/entry.php?id=10271&&ser=297967" "Mozilla/5.0 (Windows NT 10.0; WOW64; Trident/7.0; rv:11.0) like Gecko"
213.86.241.133 - - [13/Sep/2017:12:21:28 +0200] "GET /gui/javascript/form_form.js?1505298088 HTTP/1.1" 200 16206 "http://easydrivers.activities.at/entry.php?id=10271&&ser=298028" "Mozilla/5.0 (Windows NT 10.0; WOW64; Trident/7.0; rv:11.0) like Gecko"
80.122.130.46 - - [13/Sep/2017:12:22:18 +0200] "GET /entry.php?id=10271&&ser=298078 HTTP/1.1" 200 987 "http://ed.activities.at/entry.php?id=10271&&ser=298017" "Mozilla/5.0 (Windows NT 6.1; rv:55.0) Gecko/20100101 Firefox/55.0"
80.122.130.46 - - [13/Sep/2017:12:22:18 +0200] "GET /gui/javascript/form_form.js?1505298138 HTTP/1.1" 200 16206 "http://ed.activities.at/entry.php?id=10271&&ser=298078" "Mozilla/5.0 (Windows NT 6.1; rv:55.0) Gecko/20100101 Firefox/55.0"
213.86.241.133 - - [13/Sep/2017:12:22:29 +0200] "GET /entry.php?id=10271&&ser=298088 HTTP/1.1" 200 987 "http://easydrivers.activities.at/entry.php?id=10271&&ser=298028" "Mozilla/5.0 (Windows NT 10.0; WOW64; Trident/7.0; rv:11.0) like Gecko"
213.86.241.133 - - [13/Sep/2017:12:22:29 +0200] "GET /gui/javascript/form_form.js?1505298149 HTTP/1.1" 200 16206 "http://easydrivers.activities.at/entry.php?id=10271&&ser=298088" "Mozilla/5.0 (Windows NT 10.0; WOW64; Trident/7.0; rv:11.0) like Gecko"
80.122.130.46 - - [13/Sep/2017:12:23:19 +0200] "GET /entry.php?id=10271&&ser=298138 HTTP/1.1" 200 986 "http://ed.activities.at/entry.php?id=10271&&ser=298078" "Mozilla/5.0 (Windows NT 6.1; rv:55.0) Gecko/20100101 Firefox/55.0"
80.122.130.46 - - [13/Sep/2017:12:23:19 +0200] "GET /gui/javascript/form_form.js?1505298199 HTTP/1.1" 200 16206 "http://ed.activities.at/entry.php?id=10271&&ser=298138" "Mozilla/5.0 (Windows NT 6.1; rv:55.0) Gecko/20100101 Firefox/55.0"
213.86.241.133 - - [13/Sep/2017:12:23:29 +0200] "GET /entry.php?id=10271&&ser=298149 HTTP/1.1" 200 987 "http://easydrivers.activities.at/entry.php?id=10271&&ser=298088" "Mozilla/5.0 (Windows NT 10.0; WOW64; Trident/7.0; rv:11.0) like Gecko"
213.86.241.133 - - [13/Sep/2017:12:23:29 +0200] "GET /gui/javascript/form_form.js?1505298209 HTTP/1.1" 200 16206 "http://easydrivers.activities.at/entry.php?id=10271&&ser=298149" "Mozilla/5.0 (Windows NT 10.0; WOW64; Trident/7.0; rv:11.0) like Gecko"
80.122.130.46 - - [13/Sep/2017:12:24:19 +0200] "GET /entry.php?id=10271&&ser=298199 HTTP/1.1" 200 987 "http://ed.activities.at/entry.php?id=10271&&ser=298138" "Mozilla/5.0 (Windows NT 6.1; rv:55.0) Gecko/20100101 Firefox/55.0"
80.122.130.46 - - [13/Sep/2017:12:24:19 +0200] "GET /gui/javascript/form_form.js?1505298259 HTTP/1.1" 200 16206 "http://ed.activities.at/entry.php?id=10271&&ser=298199" "Mozilla/5.0 (Windows NT 6.1; rv:55.0) Gecko/20100101 Firefox/55.0"
213.86.241.133 - - [13/Sep/2017:12:24:30 +0200] "GET /entry.php?id=10271&&ser=298209 HTTP/1.1" 200 987 "http://easydrivers.activities.at/entry.php?id=10271&&ser=298149" "Mozilla/5.0 (Windows NT 10.0; WOW64; Trident/7.0; rv:11.0) like Gecko"
213.86.241.133 - - [13/Sep/2017:12:24:30 +0200] "GET /gui/javascript/form_form.js?1505298270 HTTP/1.1" 200 16206 "http://easydrivers.activities.at/entry.php?id=10271&&ser=298209" "Mozilla/5.0 (Windows NT 10.0; WOW64; Trident/7.0; rv:11.0) like Gecko"
80.122.130.46 - - [13/Sep/2017:12:25:20 +0200] "GET /entry.php?id=10271&&ser=298259 HTTP/1.1" 200 987 "http://ed.activities.at/entry.php?id=10271&&ser=298199" "Mozilla/5.0 (Windows NT 6.1; rv:55.0) Gecko/20100101 Firefox/55.0"
80.122.130.46 - - [13/Sep/2017:12:25:20 +0200] "GET /gui/javascript/form_form.js?1505298320 HTTP/1.1" 200 16206 "http://ed.activities.at/entry.php?id=10271&&ser=298259" "Mozilla/5.0 (Windows NT 6.1; rv:55.0) Gecko/20100101 Firefox/55.0"
213.86.241.133 - - [13/Sep/2017:12:25:30 +0200] "GET /entry.php?id=10271&&ser=298270 HTTP/1.1" 200 987 "http://easydrivers.activities.at/entry.php?id=10271&&ser=298209" "Mozilla/5.0 (Windows NT 10.0; WOW64; Trident/7.0; rv:11.0) like Gecko"
213.86.241.133 - - [13/Sep/2017:12:25:31 +0200] "GET /gui/javascript/form_form.js?1505298330 HTTP/1.1" 200 16206 "http://easydrivers.activities.at/entry.php?id=10271&&ser=298270" "Mozilla/5.0 (Windows NT 10.0; WOW64; Trident/7.0; rv:11.0) like Gecko"
80.122.130.46 - - [13/Sep/2017:12:26:20 +0200] "GET /entry.php?id=10271&&ser=298320 HTTP/1.1" 200 987 "http://ed.activities.at/entry.php?id=10271&&ser=298259" "Mozilla/5.0 (Windows NT 6.1; rv:55.0) Gecko/20100101 Firefox/55.0"
80.122.130.46 - - [13/Sep/2017:12:26:20 +0200] "GET /gui/javascript/form_form.js?1505298380 HTTP/1.1" 200 16206 "http://ed.activities.at/entry.php?id=10271&&ser=298320" "Mozilla/5.0 (Windows NT 6.1; rv:55.0) Gecko/20100101 Firefox/55.0"
213.86.241.133 - - [13/Sep/2017:12:26:31 +0200] "GET /entry.php?id=10271&&ser=298330 HTTP/1.1" 200 986 "http://easydrivers.activities.at/entry.php?id=10271&&ser=298270" "Mozilla/5.0 (Windows NT 10.0; WOW64; Trident/7.0; rv:11.0) like Gecko"
213.86.241.133 - - [13/Sep/2017:12:26:31 +0200] "GET /gui/javascript/form_form.js?1505298391 HTTP/1.1" 200 16206 "http://easydrivers.activities.at/entry.php?id=10271&&ser=298330" "Mozilla/5.0 (Windows NT 10.0; WOW64; Trident/7.0; rv:11.0) like Gecko"
80.122.130.46 - - [13/Sep/2017:12:27:21 +0200] "GET /entry.php?id=10271&&ser=298380 HTTP/1.1" 200 986 "http://ed.activities.at/entry.php?id=10271&&ser=298320" "Mozilla/5.0 (Windows NT 6.1; rv:55.0) Gecko/20100101 Firefox/55.0"
80.122.130.46 - - [13/Sep/2017:12:27:21 +0200] "GET /gui/javascript/form_form.js?1505298441 HTTP/1.1" 200 16206 "http://ed.activities.at/entry.php?id=10271&&ser=298380" "Mozilla/5.0 (Windows NT 6.1; rv:55.0) Gecko/20100101 Firefox/55.0"
213.86.241.133 - - [13/Sep/2017:12:27:31 +0200] "GET /entry.php?id=10271&&ser=298391 HTTP/1.1" 200 987 "http://easydrivers.activities.at/entry.php?id=10271&&ser=298330" "Mozilla/5.0 (Windows NT 10.0; WOW64; Trident/7.0; rv:11.0) like Gecko"
213.86.241.133 - - [13/Sep/2017:12:27:32 +0200] "GET /gui/javascript/form_form.js?1505298452 HTTP/1.1" 200 16206 "http://easydrivers.activities.at/entry.php?id=10271&&ser=298391" "Mozilla/5.0 (Windows NT 10.0; WOW64; Trident/7.0; rv:11.0) like Gecko"
80.122.130.46 - - [13/Sep/2017:12:28:21 +0200] "GET /entry.php?id=10271&&ser=298441 HTTP/1.1" 200 986 "http://ed.activities.at/entry.php?id=10271&&ser=298380" "Mozilla/5.0 (Windows NT 6.1; rv:55.0) Gecko/20100101 Firefox/55.0"
80.122.130.46 - - [13/Sep/2017:12:28:21 +0200] "GET /gui/javascript/form_form.js?1505298501 HTTP/1.1" 200 16206 "http://ed.activities.at/entry.php?id=10271&&ser=298441" "Mozilla/5.0 (Windows NT 6.1; rv:55.0) Gecko/20100101 Firefox/55.0"
213.86.241.133 - - [13/Sep/2017:12:28:32 +0200] "GET /entry.php?id=10271&&ser=298452 HTTP/1.1" 200 986 "http://easydrivers.activities.at/entry.php?id=10271&&ser=298391" "Mozilla/5.0 (Windows NT 10.0; WOW64; Trident/7.0; rv:11.0) like Gecko"
213.86.241.133 - - [13/Sep/2017:12:28:32 +0200] "GET /gui/javascript/form_form.js?1505298512 HTTP/1.1" 200 16206 "http://easydrivers.activities.at/entry.php?id=10271&&ser=298452" "Mozilla/5.0 (Windows NT 10.0; WOW64; Trident/7.0; rv:11.0) like Gecko"
80.122.130.46 - - [13/Sep/2017:12:29:22 +0200] "GET /entry.php?id=10271&&ser=298501 HTTP/1.1" 200 986 "http://ed.activities.at/entry.php?id=10271&&ser=298441" "Mozilla/5.0 (Windows NT 6.1; rv:55.0) Gecko/20100101 Firefox/55.0"
80.122.130.46 - - [13/Sep/2017:12:29:22 +0200] "GET /gui/javascript/form_form.js?1505298562 HTTP/1.1" 200 16206 "http://ed.activities.at/entry.php?id=10271&&ser=298501" "Mozilla/5.0 (Windows NT 6.1; rv:55.0) Gecko/20100101 Firefox/55.0"
213.86.241.133 - - [13/Sep/2017:12:29:32 +0200] "GET /entry.php?id=10271&&ser=298512 HTTP/1.1" 200 986 "http://easydrivers.activities.at/entry.php?id=10271&&ser=298452" "Mozilla/5.0 (Windows NT 10.0; WOW64; Trident/7.0; rv:11.0) like Gecko"
213.86.241.133 - - [13/Sep/2017:12:29:33 +0200] "GET /gui/javascript/form_form.js?1505298573 HTTP/1.1" 200 16206 "http://easydrivers.activities.at/entry.php?id=10271&&ser=298512" "Mozilla/5.0 (Windows NT 10.0; WOW64; Trident/7.0; rv:11.0) like Gecko"
80.122.130.46 - - [13/Sep/2017:12:30:22 +0200] "GET /entry.php?id=10271&&ser=298562 HTTP/1.1" 200 987 "http://ed.activities.at/entry.php?id=10271&&ser=298501" "Mozilla/5.0 (Windows NT 6.1; rv:55.0) Gecko/20100101 Firefox/55.0"
80.122.130.46 - - [13/Sep/2017:12:30:22 +0200] "GET /gui/javascript/form_form.js?1505298622 HTTP/1.1" 200 16206 "http://ed.activities.at/entry.php?id=10271&&ser=298562" "Mozilla/5.0 (Windows NT 6.1; rv:55.0) Gecko/20100101 Firefox/55.0"
213.86.241.133 - - [13/Sep/2017:12:30:33 +0200] "GET /entry.php?id=10271&&ser=298573 HTTP/1.1" 200 987 "http://easydrivers.activities.at/entry.php?id=10271&&ser=298512" "Mozilla/5.0 (Windows NT 10.0; WOW64; Trident/7.0; rv:11.0) like Gecko"
213.86.241.133 - - [13/Sep/2017:12:30:33 +0200] "GET /gui/javascript/form_form.js?1505298633 HTTP/1.1" 200 16206 "http://easydrivers.activities.at/entry.php?id=10271&&ser=298573" "Mozilla/5.0 (Windows NT 10.0; WOW64; Trident/7.0; rv:11.0) like Gecko"
80.122.130.46 - - [13/Sep/2017:12:31:23 +0200] "GET /entry.php?id=10271&&ser=298622 HTTP/1.1" 200 987 "http://ed.activities.at/entry.php?id=10271&&ser=298562" "Mozilla/5.0 (Windows NT 6.1; rv:55.0) Gecko/20100101 Firefox/55.0"
80.122.130.46 - - [13/Sep/2017:12:31:23 +0200] "GET /gui/javascript/form_form.js?1505298683 HTTP/1.1" 200 16206 "http://ed.activities.at/entry.php?id=10271&&ser=298622" "Mozilla/5.0 (Windows NT 6.1; rv:55.0) Gecko/20100101 Firefox/55.0"
213.86.241.133 - - [13/Sep/2017:12:31:33 +0200] "GET /entry.php?id=10271&&ser=298633 HTTP/1.1" 200 987 "http://easydrivers.activities.at/entry.php?id=10271&&ser=298573" "Mozilla/5.0 (Windows NT 10.0; WOW64; Trident/7.0; rv:11.0) like Gecko"
213.86.241.133 - - [13/Sep/2017:12:31:34 +0200] "GET /gui/javascript/form_form.js?1505298694 HTTP/1.1" 200 16206 "http://easydrivers.activities.at/entry.php?id=10271&&ser=298633" "Mozilla/5.0 (Windows NT 10.0; WOW64; Trident/7.0; rv:11.0) like Gecko"
80.122.130.46 - - [13/Sep/2017:12:32:23 +0200] "GET /entry.php?id=10271&&ser=298683 HTTP/1.1" 200 986 "http://ed.activities.at/entry.php?id=10271&&ser=298622" "Mozilla/5.0 (Windows NT 6.1; rv:55.0) Gecko/20100101 Firefox/55.0"
80.122.130.46 - - [13/Sep/2017:12:32:23 +0200] "GET /gui/javascript/form_form.js?1505298743 HTTP/1.1" 200 16206 "http://ed.activities.at/entry.php?id=10271&&ser=298683" "Mozilla/5.0 (Windows NT 6.1; rv:55.0) Gecko/20100101 Firefox/55.0"
213.86.241.133 - - [13/Sep/2017:12:32:34 +0200] "GET /entry.php?id=10271&&ser=298694 HTTP/1.1" 200 988 "http://easydrivers.activities.at/entry.php?id=10271&&ser=298633" "Mozilla/5.0 (Windows NT 10.0; WOW64; Trident/7.0; rv:11.0) like Gecko"
213.86.241.133 - - [13/Sep/2017:12:32:34 +0200] "GET /gui/javascript/form_form.js?1505298754 HTTP/1.1" 200 16206 "http://easydrivers.activities.at/entry.php?id=10271&&ser=298694" "Mozilla/5.0 (Windows NT 10.0; WOW64; Trident/7.0; rv:11.0) like Gecko"
80.122.130.46 - - [13/Sep/2017:12:33:24 +0200] "GET /entry.php?id=10271&&ser=298743 HTTP/1.1" 200 987 "http://ed.activities.at/entry.php?id=10271&&ser=298683" "Mozilla/5.0 (Windows NT 6.1; rv:55.0) Gecko/20100101 Firefox/55.0"
80.122.130.46 - - [13/Sep/2017:12:33:24 +0200] "GET /gui/javascript/form_form.js?1505298804 HTTP/1.1" 200 16206 "http://ed.activities.at/entry.php?id=10271&&ser=298743" "Mozilla/5.0 (Windows NT 6.1; rv:55.0) Gecko/20100101 Firefox/55.0"
213.86.241.133 - - [13/Sep/2017:12:33:35 +0200] "GET /entry.php?id=10271&&ser=298754 HTTP/1.1" 200 987 "http://easydrivers.activities.at/entry.php?id=10271&&ser=298694" "Mozilla/5.0 (Windows NT 10.0; WOW64; Trident/7.0; rv:11.0) like Gecko"
213.86.241.133 - - [13/Sep/2017:12:33:35 +0200] "GET /gui/javascript/form_form.js?1505298815 HTTP/1.1" 200 16206 "http://easydrivers.activities.at/entry.php?id=10271&&ser=298754" "Mozilla/5.0 (Windows NT 10.0; WOW64; Trident/7.0; rv:11.0) like Gecko"
80.122.130.46 - - [13/Sep/2017:12:34:24 +0200] "GET /entry.php?id=10271&&ser=298804 HTTP/1.1" 200 987 "http://ed.activities.at/entry.php?id=10271&&ser=298743" "Mozilla/5.0 (Windows NT 6.1; rv:55.0) Gecko/20100101 Firefox/55.0"
80.122.130.46 - - [13/Sep/2017:12:34:24 +0200] "GET /gui/javascript/form_form.js?1505298864 HTTP/1.1" 200 16206 "http://ed.activities.at/entry.php?id=10271&&ser=298804" "Mozilla/5.0 (Windows NT 6.1; rv:55.0) Gecko/20100101 Firefox/55.0"
213.86.241.133 - - [13/Sep/2017:12:34:35 +0200] "GET /entry.php?id=10271&&ser=298815 HTTP/1.1" 200 988 "http://easydrivers.activities.at/entry.php?id=10271&&ser=298754" "Mozilla/5.0 (Windows NT 10.0; WOW64; Trident/7.0; rv:11.0) like Gecko"
213.86.241.133 - - [13/Sep/2017:12:34:35 +0200] "GET /gui/javascript/form_form.js?1505298875 HTTP/1.1" 200 16206 "http://easydrivers.activities.at/entry.php?id=10271&&ser=298815" "Mozilla/5.0 (Windows NT 10.0; WOW64; Trident/7.0; rv:11.0) like Gecko"
80.122.130.46 - - [13/Sep/2017:12:35:25 +0200] "GET /entry.php?id=10271&&ser=298864 HTTP/1.1" 200 987 "http://ed.activities.at/entry.php?id=10271&&ser=298804" "Mozilla/5.0 (Windows NT 6.1; rv:55.0) Gecko/20100101 Firefox/55.0"
80.122.130.46 - - [13/Sep/2017:12:35:25 +0200] "GET /gui/javascript/form_form.js?1505298925 HTTP/1.1" 200 16206 "http://ed.activities.at/entry.php?id=10271&&ser=298864" "Mozilla/5.0 (Windows NT 6.1; rv:55.0) Gecko/20100101 Firefox/55.0"
213.86.241.133 - - [13/Sep/2017:12:35:36 +0200] "GET /entry.php?id=10271&&ser=298875 HTTP/1.1" 200 987 "http://easydrivers.activities.at/entry.php?id=10271&&ser=298815" "Mozilla/5.0 (Windows NT 10.0; WOW64; Trident/7.0; rv:11.0) like Gecko"
213.86.241.133 - - [13/Sep/2017:12:35:36 +0200] "GET /gui/javascript/form_form.js?1505298936 HTTP/1.1" 200 16206 "http://easydrivers.activities.at/entry.php?id=10271&&ser=298875" "Mozilla/5.0 (Windows NT 10.0; WOW64; Trident/7.0; rv:11.0) like Gecko"
80.122.130.46 - - [13/Sep/2017:12:36:25 +0200] "GET /entry.php?id=10271&&ser=298925 HTTP/1.1" 200 986 "http://ed.activities.at/entry.php?id=10271&&ser=298864" "Mozilla/5.0 (Windows NT 6.1; rv:55.0) Gecko/20100101 Firefox/55.0"
80.122.130.46 - - [13/Sep/2017:12:36:25 +0200] "GET /gui/javascript/form_form.js?1505298985 HTTP/1.1" 200 16206 "http://ed.activities.at/entry.php?id=10271&&ser=298925" "Mozilla/5.0 (Windows NT 6.1; rv:55.0) Gecko/20100101 Firefox/55.0"
213.86.241.133 - - [13/Sep/2017:12:36:36 +0200] "GET /entry.php?id=10271&&ser=298936 HTTP/1.1" 200 987 "http://easydrivers.activities.at/entry.php?id=10271&&ser=298875" "Mozilla/5.0 (Windows NT 10.0; WOW64; Trident/7.0; rv:11.0) like Gecko"
213.86.241.133 - - [13/Sep/2017:12:36:37 +0200] "GET /gui/javascript/form_form.js?1505298996 HTTP/1.1" 200 16206 "http://easydrivers.activities.at/entry.php?id=10271&&ser=298936" "Mozilla/5.0 (Windows NT 10.0; WOW64; Trident/7.0; rv:11.0) like Gecko"
80.122.130.46 - - [13/Sep/2017:12:37:26 +0200] "GET /entry.php?id=10271&&ser=298985 HTTP/1.1" 200 987 "http://ed.activities.at/entry.php?id=10271&&ser=298925" "Mozilla/5.0 (Windows NT 6.1; rv:55.0) Gecko/20100101 Firefox/55.0"
80.122.130.46 - - [13/Sep/2017:12:37:26 +0200] "GET /gui/javascript/form_form.js?1505299046 HTTP/1.1" 200 16206 "http://ed.activities.at/entry.php?id=10271&&ser=298985" "Mozilla/5.0 (Windows NT 6.1; rv:55.0) Gecko/20100101 Firefox/55.0"
213.86.241.133 - - [13/Sep/2017:12:37:37 +0200] "GET /entry.php?id=10271&&ser=298996 HTTP/1.1" 200 988 "http://easydrivers.activities.at/entry.php?id=10271&&ser=298936" "Mozilla/5.0 (Windows NT 10.0; WOW64; Trident/7.0; rv:11.0) like Gecko"
213.86.241.133 - - [13/Sep/2017:12:37:37 +0200] "GET /gui/javascript/form_form.js?1505299057 HTTP/1.1" 200 16206 "http://easydrivers.activities.at/entry.php?id=10271&&ser=298996" "Mozilla/5.0 (Windows NT 10.0; WOW64; Trident/7.0; rv:11.0) like Gecko"
80.122.130.46 - - [13/Sep/2017:12:38:26 +0200] "GET /entry.php?id=10271&&ser=299046 HTTP/1.1" 200 987 "http://ed.activities.at/entry.php?id=10271&&ser=298985" "Mozilla/5.0 (Windows NT 6.1; rv:55.0) Gecko/20100101 Firefox/55.0"
80.122.130.46 - - [13/Sep/2017:12:38:27 +0200] "GET /gui/javascript/form_form.js?1505299106 HTTP/1.1" 200 16206 "http://ed.activities.at/entry.php?id=10271&&ser=299046" "Mozilla/5.0 (Windows NT 6.1; rv:55.0) Gecko/20100101 Firefox/55.0"
213.86.241.133 - - [13/Sep/2017:12:38:37 +0200] "GET /entry.php?id=10271&&ser=299057 HTTP/1.1" 200 987 "http://easydrivers.activities.at/entry.php?id=10271&&ser=298996" "Mozilla/5.0 (Windows NT 10.0; WOW64; Trident/7.0; rv:11.0) like Gecko"
213.86.241.133 - - [13/Sep/2017:12:38:38 +0200] "GET /gui/javascript/form_form.js?1505299118 HTTP/1.1" 200 16206 "http://easydrivers.activities.at/entry.php?id=10271&&ser=299057" "Mozilla/5.0 (Windows NT 10.0; WOW64; Trident/7.0; rv:11.0) like Gecko"
80.122.130.46 - - [13/Sep/2017:12:39:27 +0200] "GET /entry.php?id=10271&&ser=299106 HTTP/1.1" 200 987 "http://ed.activities.at/entry.php?id=10271&&ser=299046" "Mozilla/5.0 (Windows NT 6.1; rv:55.0) Gecko/20100101 Firefox/55.0"
80.122.130.46 - - [13/Sep/2017:12:39:27 +0200] "GET /gui/javascript/form_form.js?1505299167 HTTP/1.1" 200 16206 "http://ed.activities.at/entry.php?id=10271&&ser=299106" "Mozilla/5.0 (Windows NT 6.1; rv:55.0) Gecko/20100101 Firefox/55.0"
213.86.241.133 - - [13/Sep/2017:12:39:38 +0200] "GET /entry.php?id=10271&&ser=299118 HTTP/1.1" 200 987 "http://easydrivers.activities.at/entry.php?id=10271&&ser=299057" "Mozilla/5.0 (Windows NT 10.0; WOW64; Trident/7.0; rv:11.0) like Gecko"
213.86.241.133 - - [13/Sep/2017:12:39:38 +0200] "GET /gui/javascript/form_form.js?1505299178 HTTP/1.1" 200 16206 "http://easydrivers.activities.at/entry.php?id=10271&&ser=299118" "Mozilla/5.0 (Windows NT 10.0; WOW64; Trident/7.0; rv:11.0) like Gecko"
80.122.130.46 - - [13/Sep/2017:12:40:27 +0200] "GET /entry.php?id=10271&&ser=299167 HTTP/1.1" 200 987 "http://ed.activities.at/entry.php?id=10271&&ser=299106" "Mozilla/5.0 (Windows NT 6.1; rv:55.0) Gecko/20100101 Firefox/55.0"
80.122.130.46 - - [13/Sep/2017:12:40:28 +0200] "GET /gui/javascript/form_form.js?1505299227 HTTP/1.1" 200 16206 "http://ed.activities.at/entry.php?id=10271&&ser=299167" "Mozilla/5.0 (Windows NT 6.1; rv:55.0) Gecko/20100101 Firefox/55.0"
213.86.241.133 - - [13/Sep/2017:12:40:39 +0200] "GET /entry.php?id=10271&&ser=299178 HTTP/1.1" 200 987 "http://easydrivers.activities.at/entry.php?id=10271&&ser=299118" "Mozilla/5.0 (Windows NT 10.0; WOW64; Trident/7.0; rv:11.0) like Gecko"
213.86.241.133 - - [13/Sep/2017:12:40:39 +0200] "GET /gui/javascript/form_form.js?1505299239 HTTP/1.1" 200 16206 "http://easydrivers.activities.at/entry.php?id=10271&&ser=299178" "Mozilla/5.0 (Windows NT 10.0; WOW64; Trident/7.0; rv:11.0) like Gecko"
80.122.130.46 - - [13/Sep/2017:12:41:28 +0200] "GET /entry.php?id=10271&&ser=299227 HTTP/1.1" 200 987 "http://ed.activities.at/entry.php?id=10271&&ser=299167" "Mozilla/5.0 (Windows NT 6.1; rv:55.0) Gecko/20100101 Firefox/55.0"
80.122.130.46 - - [13/Sep/2017:12:41:28 +0200] "GET /gui/javascript/form_form.js?1505299288 HTTP/1.1" 200 16206 "http://ed.activities.at/entry.php?id=10271&&ser=299227" "Mozilla/5.0 (Windows NT 6.1; rv:55.0) Gecko/20100101 Firefox/55.0"
