80.122.130.46 - - [13/Sep/2017:15:01:01 +0200] "GET /gui/javascript/form_form.js?1505307661 HTTP/1.1" 200 16206 "http://ed.activities.at/entry.php?id=10271&&ser=307600" "Mozilla/5.0 (Windows NT 6.1; rv:55.0) Gecko/20100101 Firefox/55.0"
80.122.130.46 - - [13/Sep/2017:15:02:01 +0200] "GET /entry.php?id=10271&&ser=307661 HTTP/1.1" 200 986 "http://ed.activities.at/entry.php?id=10271&&ser=307600" "Mozilla/5.0 (Windows NT 6.1; rv:55.0) Gecko/20100101 Firefox/55.0"
80.122.130.46 - - [13/Sep/2017:15:02:01 +0200] "GET /gui/javascript/form_form.js?1505307721 HTTP/1.1" 200 16206 "http://ed.activities.at/entry.php?id=10271&&ser=307661" "Mozilla/5.0 (Windows NT 6.1; rv:55.0) Gecko/20100101 Firefox/55.0"
80.122.130.46 - - [13/Sep/2017:15:03:12 +0200] "GET /entry.php?id=10271&&ser=307721 HTTP/1.1" 200 987 "http://ed.activities.at/entry.php?id=10271&&ser=307661" "Mozilla/5.0 (Windows NT 6.1; rv:55.0) Gecko/20100101 Firefox/55.0"
80.122.130.46 - - [13/Sep/2017:15:03:13 +0200] "GET /gui/javascript/form_form.js?1505307793 HTTP/1.1" 200 16206 "http://ed.activities.at/entry.php?id=10271&&ser=307721" "Mozilla/5.0 (Windows NT 6.1; rv:55.0) Gecko/20100101 Firefox/55.0"
80.122.130.46 - - [13/Sep/2017:15:04:13 +0200] "GET /entry.php?id=10271&&ser=307793 HTTP/1.1" 200 988 "http://ed.activities.at/entry.php?id=10271&&ser=307721" "Mozilla/5.0 (Windows NT 6.1; rv:55.0) Gecko/20100101 Firefox/55.0"
80.122.130.46 - - [13/Sep/2017:15:04:13 +0200] "GET /gui/javascript/form_form.js?1505307853 HTTP/1.1" 200 16206 "http://ed.activities.at/entry.php?id=10271&&ser=307793" "Mozilla/5.0 (Windows NT 6.1; rv:55.0) Gecko/20100101 Firefox/55.0"
80.122.130.46 - - [13/Sep/2017:15:05:13 +0200] "GET /entry.php?id=10271&&ser=307853 HTTP/1.1" 200 987 "http://ed.activities.at/entry.php?id=10271&&ser=307793" "Mozilla/5.0 (Windows NT 6.1; rv:55.0) Gecko/20100101 Firefox/55.0"
80.122.130.46 - - [13/Sep/2017:15:05:14 +0200] "GET /gui/javascript/form_form.js?1505307914 HTTP/1.1" 200 16206 "http://ed.activities.at/entry.php?id=10271&&ser=307853" "Mozilla/5.0 (Windows NT 6.1; rv:55.0) Gecko/20100101 Firefox/55.0"
80.122.130.46 - - [13/Sep/2017:15:06:14 +0200] "GET /entry.php?id=10271&&ser=307914 HTTP/1.1" 200 987 "http://ed.activities.at/entry.php?id=10271&&ser=307853" "Mozilla/5.0 (Windows NT 6.1; rv:55.0) Gecko/20100101 Firefox/55.0"
80.122.130.46 - - [13/Sep/2017:15:06:14 +0200] "GET /gui/javascript/form_form.js?1505307974 HTTP/1.1" 200 16206 "http://ed.activities.at/entry.php?id=10271&&ser=307914" "Mozilla/5.0 (Windows NT 6.1; rv:55.0) Gecko/20100101 Firefox/55.0"
80.122.130.46 - - [13/Sep/2017:15:07:14 +0200] "GET /entry.php?id=10271&&ser=307974 HTTP/1.1" 200 988 "http://ed.activities.at/entry.php?id=10271&&ser=307914" "Mozilla/5.0 (Windows NT 6.1; rv:55.0) Gecko/20100101 Firefox/55.0"
80.122.130.46 - - [13/Sep/2017:15:07:15 +0200] "GET /gui/javascript/form_form.js?1505308035 HTTP/1.1" 200 16206 "http://ed.activities.at/entry.php?id=10271&&ser=307974" "Mozilla/5.0 (Windows NT 6.1; rv:55.0) Gecko/20100101 Firefox/55.0"
80.122.130.46 - - [13/Sep/2017:15:08:15 +0200] "GET /entry.php?id=10271&&ser=308035 HTTP/1.1" 200 988 "http://ed.activities.at/entry.php?id=10271&&ser=307974" "Mozilla/5.0 (Windows NT 6.1; rv:55.0) Gecko/20100101 Firefox/55.0"
80.122.130.46 - - [13/Sep/2017:15:08:15 +0200] "GET /gui/javascript/form_form.js?1505308095 HTTP/1.1" 200 16206 "http://ed.activities.at/entry.php?id=10271&&ser=308035" "Mozilla/5.0 (Windows NT 6.1; rv:55.0) Gecko/20100101 Firefox/55.0"
80.122.130.46 - - [13/Sep/2017:15:09:15 +0200] "GET /entry.php?id=10271&&ser=308095 HTTP/1.1" 200 988 "http://ed.activities.at/entry.php?id=10271&&ser=308035" "Mozilla/5.0 (Windows NT 6.1; rv:55.0) Gecko/20100101 Firefox/55.0"
80.122.130.46 - - [13/Sep/2017:15:09:16 +0200] "GET /gui/javascript/form_form.js?1505308156 HTTP/1.1" 200 16206 "http://ed.activities.at/entry.php?id=10271&&ser=308095" "Mozilla/5.0 (Windows NT 6.1; rv:55.0) Gecko/20100101 Firefox/55.0"
80.122.130.46 - - [13/Sep/2017:15:10:16 +0200] "GET /entry.php?id=10271&&ser=308156 HTTP/1.1" 200 987 "http://ed.activities.at/entry.php?id=10271&&ser=308095" "Mozilla/5.0 (Windows NT 6.1; rv:55.0) Gecko/20100101 Firefox/55.0"
80.122.130.46 - - [13/Sep/2017:15:10:16 +0200] "GET /gui/javascript/form_form.js?1505308216 HTTP/1.1" 200 16206 "http://ed.activities.at/entry.php?id=10271&&ser=308156" "Mozilla/5.0 (Windows NT 6.1; rv:55.0) Gecko/20100101 Firefox/55.0"
80.122.130.46 - - [13/Sep/2017:15:11:16 +0200] "GET /entry.php?id=10271&&ser=308216 HTTP/1.1" 200 987 "http://ed.activities.at/entry.php?id=10271&&ser=308156" "Mozilla/5.0 (Windows NT 6.1; rv:55.0) Gecko/20100101 Firefox/55.0"
80.122.130.46 - - [13/Sep/2017:15:11:17 +0200] "GET /gui/javascript/form_form.js?1505308277 HTTP/1.1" 200 16206 "http://ed.activities.at/entry.php?id=10271&&ser=308216" "Mozilla/5.0 (Windows NT 6.1; rv:55.0) Gecko/20100101 Firefox/55.0"
80.122.130.46 - - [13/Sep/2017:15:12:17 +0200] "GET /entry.php?id=10271&&ser=308277 HTTP/1.1" 200 988 "http://ed.activities.at/entry.php?id=10271&&ser=308216" "Mozilla/5.0 (Windows NT 6.1; rv:55.0) Gecko/20100101 Firefox/55.0"
80.122.130.46 - - [13/Sep/2017:15:12:17 +0200] "GET /gui/javascript/form_form.js?1505308337 HTTP/1.1" 200 16206 "http://ed.activities.at/entry.php?id=10271&&ser=308277" "Mozilla/5.0 (Windows NT 6.1; rv:55.0) Gecko/20100101 Firefox/55.0"
80.122.130.46 - - [13/Sep/2017:15:13:17 +0200] "GET /entry.php?id=10271&&ser=308337 HTTP/1.1" 200 987 "http://ed.activities.at/entry.php?id=10271&&ser=308277" "Mozilla/5.0 (Windows NT 6.1; rv:55.0) Gecko/20100101 Firefox/55.0"
80.122.130.46 - - [13/Sep/2017:15:13:18 +0200] "GET /gui/javascript/form_form.js?1505308398 HTTP/1.1" 200 16206 "http://ed.activities.at/entry.php?id=10271&&ser=308337" "Mozilla/5.0 (Windows NT 6.1; rv:55.0) Gecko/20100101 Firefox/55.0"
80.122.130.46 - - [13/Sep/2017:15:14:18 +0200] "GET /entry.php?id=10271&&ser=308398 HTTP/1.1" 200 988 "http://ed.activities.at/entry.php?id=10271&&ser=308337" "Mozilla/5.0 (Windows NT 6.1; rv:55.0) Gecko/20100101 Firefox/55.0"
80.122.130.46 - - [13/Sep/2017:15:14:18 +0200] "GET /gui/javascript/form_form.js?1505308458 HTTP/1.1" 200 16206 "http://ed.activities.at/entry.php?id=10271&&ser=308398" "Mozilla/5.0 (Windows NT 6.1; rv:55.0) Gecko/20100101 Firefox/55.0"
93.83.181.50 - - [13/Sep/2017:15:15:12 +0200] "GET / HTTP/1.1" 200 382 "-" "Mozilla/5.0 (Windows NT 10.0; Win64; x64) AppleWebKit/537.36 (KHTML, like Gecko) Chrome/61.0.3163.79 Safari/537.36"
93.83.181.50 - - [13/Sep/2017:15:15:12 +0200] "GET /layout.php HTTP/1.1" 200 909 "http://ed.activities.at/" "Mozilla/5.0 (Windows NT 10.0; Win64; x64) AppleWebKit/537.36 (KHTML, like Gecko) Chrome/61.0.3163.79 Safari/537.36"
93.83.181.50 - - [13/Sep/2017:15:15:12 +0200] "GET /entry.php?id=10270 HTTP/1.1" 200 909 "http://ed.activities.at/layout.php" "Mozilla/5.0 (Windows NT 10.0; Win64; x64) AppleWebKit/537.36 (KHTML, like Gecko) Chrome/61.0.3163.79 Safari/537.36"
93.83.181.50 - - [13/Sep/2017:15:15:12 +0200] "GET /entry.php?id=10272 HTTP/1.1" 200 1191 "http://ed.activities.at/layout.php" "Mozilla/5.0 (Windows NT 10.0; Win64; x64) AppleWebKit/537.36 (KHTML, like Gecko) Chrome/61.0.3163.79 Safari/537.36"
93.83.181.50 - - [13/Sep/2017:15:15:12 +0200] "GET /gui/javascript/form_form.js?1505308512 HTTP/1.1" 200 16206 "http://ed.activities.at/entry.php?id=10270" "Mozilla/5.0 (Windows NT 10.0; Win64; x64) AppleWebKit/537.36 (KHTML, like Gecko) Chrome/61.0.3163.79 Safari/537.36"
93.83.181.50 - - [13/Sep/2017:15:15:12 +0200] "GET /entry.php?id=10273 HTTP/1.1" 200 1931 "http://ed.activities.at/layout.php" "Mozilla/5.0 (Windows NT 10.0; Win64; x64) AppleWebKit/537.36 (KHTML, like Gecko) Chrome/61.0.3163.79 Safari/537.36"
93.83.181.50 - - [13/Sep/2017:15:15:12 +0200] "GET /entry.php?id=11412 HTTP/1.1" 200 1759 "http://ed.activities.at/layout.php" "Mozilla/5.0 (Windows NT 10.0; Win64; x64) AppleWebKit/537.36 (KHTML, like Gecko) Chrome/61.0.3163.79 Safari/537.36"
93.83.181.50 - - [13/Sep/2017:15:15:13 +0200] "GET /entry.php?id=10271&UIN=23fb8e5f5764896b9a668c959acbaac1 HTTP/1.1" 200 935 "http://ed.activities.at/entry.php?id=10272" "Mozilla/5.0 (Windows NT 10.0; Win64; x64) AppleWebKit/537.36 (KHTML, like Gecko) Chrome/61.0.3163.79 Safari/537.36"
93.83.181.50 - - [13/Sep/2017:15:15:13 +0200] "GET /gui/javascript/form_form.js?1505308513 HTTP/1.1" 200 16206 "http://ed.activities.at/entry.php?id=10271&UIN=23fb8e5f5764896b9a668c959acbaac1" "Mozilla/5.0 (Windows NT 10.0; Win64; x64) AppleWebKit/537.36 (KHTML, like Gecko) Chrome/61.0.3163.79 Safari/537.36"
93.83.181.50 - - [13/Sep/2017:15:15:13 +0200] "GET /entry.php?id=10287 HTTP/1.1" 200 2393 "http://ed.activities.at/entry.php?id=11412" "Mozilla/5.0 (Windows NT 10.0; Win64; x64) AppleWebKit/537.36 (KHTML, like Gecko) Chrome/61.0.3163.79 Safari/537.36"
93.83.181.50 - - [13/Sep/2017:15:15:13 +0200] "GET /entry.php?id=10270& HTTP/1.1" 200 909 "http://ed.activities.at/entry.php?id=10287" "Mozilla/5.0 (Windows NT 10.0; Win64; x64) AppleWebKit/537.36 (KHTML, like Gecko) Chrome/61.0.3163.79 Safari/537.36"
93.83.181.50 - - [13/Sep/2017:15:15:13 +0200] "GET /entry.php?id=10273& HTTP/1.1" 200 1902 "http://ed.activities.at/entry.php?id=10287" "Mozilla/5.0 (Windows NT 10.0; Win64; x64) AppleWebKit/537.36 (KHTML, like Gecko) Chrome/61.0.3163.79 Safari/537.36"
93.83.181.50 - - [13/Sep/2017:15:15:15 +0200] "POST /entry.php?id=10287& HTTP/1.1" 200 2279 "http://ed.activities.at/entry.php?id=10287" "Mozilla/5.0 (Windows NT 10.0; Win64; x64) AppleWebKit/537.36 (KHTML, like Gecko) Chrome/61.0.3163.79 Safari/537.36"
93.83.181.50 - - [13/Sep/2017:15:15:15 +0200] "GET /gui/javascript/form_form.js?1505308515 HTTP/1.1" 200 16206 "http://ed.activities.at/entry.php?id=10287&" "Mozilla/5.0 (Windows NT 10.0; Win64; x64) AppleWebKit/537.36 (KHTML, like Gecko) Chrome/61.0.3163.79 Safari/537.36"
93.83.181.50 - - [13/Sep/2017:15:15:15 +0200] "GET /entry.php?id=10273& HTTP/1.1" 200 2030 "http://ed.activities.at/entry.php?id=10287&" "Mozilla/5.0 (Windows NT 10.0; Win64; x64) AppleWebKit/537.36 (KHTML, like Gecko) Chrome/61.0.3163.79 Safari/537.36"
93.83.181.50 - - [13/Sep/2017:15:15:16 +0200] "GET /gui/javascript/form_form.js?1505308516 HTTP/1.1" 200 16206 "http://ed.activities.at/entry.php?id=10273&" "Mozilla/5.0 (Windows NT 10.0; Win64; x64) AppleWebKit/537.36 (KHTML, like Gecko) Chrome/61.0.3163.79 Safari/537.36"
93.83.181.50 - - [13/Sep/2017:15:15:16 +0200] "GET /framework/webfx/style/toolbar/images/cbback.gif HTTP/1.1" 404 313 "http://ed.activities.at/framework/webfx/style/toolbar/cb2.css" "Mozilla/5.0 (Windows NT 10.0; Win64; x64) AppleWebKit/537.36 (KHTML, like Gecko) Chrome/61.0.3163.79 Safari/537.36"
93.83.181.50 - - [13/Sep/2017:15:15:16 +0200] "GET /entry.php?id=10270&__app__=10006038 HTTP/1.1" 200 1649 "http://ed.activities.at/entry.php?id=10273&" "Mozilla/5.0 (Windows NT 10.0; Win64; x64) AppleWebKit/537.36 (KHTML, like Gecko) Chrome/61.0.3163.79 Safari/537.36"
93.83.181.50 - - [13/Sep/2017:15:15:15 +0200] "GET /entry.php?id=10271&UIN=23fb8e5f5764896b9a668c959acbaac1 HTTP/1.1" 200 988 "http://ed.activities.at/entry.php?id=10271&UIN=23fb8e5f5764896b9a668c959acbaac1" "Mozilla/5.0 (Windows NT 10.0; Win64; x64) AppleWebKit/537.36 (KHTML, like Gecko) Chrome/61.0.3163.79 Safari/537.36"
93.83.181.50 - - [13/Sep/2017:15:15:16 +0200] "GET /undefined HTTP/1.1" 404 283 "http://ed.activities.at/entry.php?id=10270&__app__=10006038" "Mozilla/5.0 (Windows NT 10.0; Win64; x64) AppleWebKit/537.36 (KHTML, like Gecko) Chrome/61.0.3163.79 Safari/537.36"
80.122.130.46 - - [13/Sep/2017:15:15:18 +0200] "GET /entry.php?id=10271&&ser=308458 HTTP/1.1" 200 988 "http://ed.activities.at/entry.php?id=10271&&ser=308398" "Mozilla/5.0 (Windows NT 6.1; rv:55.0) Gecko/20100101 Firefox/55.0"
80.122.130.46 - - [13/Sep/2017:15:15:19 +0200] "GET /gui/javascript/form_form.js?1505308519 HTTP/1.1" 200 16206 "http://ed.activities.at/entry.php?id=10271&&ser=308458" "Mozilla/5.0 (Windows NT 6.1; rv:55.0) Gecko/20100101 Firefox/55.0"
93.83.181.50 - - [13/Sep/2017:15:15:19 +0200] "POST /entry.php?id=10287& HTTP/1.1" 200 2246 "http://ed.activities.at/entry.php?id=10287&" "Mozilla/5.0 (Windows NT 10.0; Win64; x64) AppleWebKit/537.36 (KHTML, like Gecko) Chrome/61.0.3163.79 Safari/537.36"
93.83.181.50 - - [13/Sep/2017:15:15:19 +0200] "GET /gui/javascript/form_form.js?1505308519 HTTP/1.1" 200 16206 "http://ed.activities.at/entry.php?id=10287&" "Mozilla/5.0 (Windows NT 10.0; Win64; x64) AppleWebKit/537.36 (KHTML, like Gecko) Chrome/61.0.3163.79 Safari/537.36"
93.83.181.50 - - [13/Sep/2017:15:15:19 +0200] "GET /entry.php?id=10271&UIN=23fb8e5f5764896b9a668c959acbaac1 HTTP/1.1" 200 988 "http://ed.activities.at/entry.php?id=10271&UIN=23fb8e5f5764896b9a668c959acbaac1" "Mozilla/5.0 (Windows NT 10.0; Win64; x64) AppleWebKit/537.36 (KHTML, like Gecko) Chrome/61.0.3163.79 Safari/537.36"
93.83.181.50 - - [13/Sep/2017:15:15:21 +0200] "GET /entry.php?id=11681 HTTP/1.1" 200 328 "http://ed.activities.at/entry.php?id=10270&__app__=10006038" "Mozilla/5.0 (Windows NT 10.0; Win64; x64) AppleWebKit/537.36 (KHTML, like Gecko) Chrome/61.0.3163.79 Safari/537.36"
93.83.181.50 - - [13/Sep/2017:15:15:21 +0200] "GET /entry.php?id=10676&&title=Contentverwaltung HTTP/1.1" 200 1390 "http://ed.activities.at/entry.php?id=11681" "Mozilla/5.0 (Windows NT 10.0; Win64; x64) AppleWebKit/537.36 (KHTML, like Gecko) Chrome/61.0.3163.79 Safari/537.36"
93.83.181.50 - - [13/Sep/2017:15:15:21 +0200] "GET /gui/javascript/form_form.js?1505308521 HTTP/1.1" 200 16206 "http://ed.activities.at/entry.php?id=10676&&title=Contentverwaltung" "Mozilla/5.0 (Windows NT 10.0; Win64; x64) AppleWebKit/537.36 (KHTML, like Gecko) Chrome/61.0.3163.79 Safari/537.36"
93.83.181.50 - - [13/Sep/2017:15:15:21 +0200] "GET /entry.php?id=11683& HTTP/1.1" 200 2679 "http://ed.activities.at/entry.php?id=11681" "Mozilla/5.0 (Windows NT 10.0; Win64; x64) AppleWebKit/537.36 (KHTML, like Gecko) Chrome/61.0.3163.79 Safari/537.36"
93.83.181.50 - - [13/Sep/2017:15:15:21 +0200] "GET /entry.php?id=11684& HTTP/1.1" 200 3804 "http://ed.activities.at/entry.php?id=11681" "Mozilla/5.0 (Windows NT 10.0; Win64; x64) AppleWebKit/537.36 (KHTML, like Gecko) Chrome/61.0.3163.79 Safari/537.36"
93.83.181.50 - - [13/Sep/2017:15:15:22 +0200] "GET /gui/javascript/form_form.js?1505308522 HTTP/1.1" 200 16206 "http://ed.activities.at/entry.php?id=11684&" "Mozilla/5.0 (Windows NT 10.0; Win64; x64) AppleWebKit/537.36 (KHTML, like Gecko) Chrome/61.0.3163.79 Safari/537.36"
93.83.181.50 - - [13/Sep/2017:15:15:21 +0200] "GET /entry.php?id=10776&form=11508&name=list& HTTP/1.1" 200 1894 "http://ed.activities.at/entry.php?id=11683&" "Mozilla/5.0 (Windows NT 10.0; Win64; x64) AppleWebKit/537.36 (KHTML, like Gecko) Chrome/61.0.3163.79 Safari/537.36"
93.83.181.50 - - [13/Sep/2017:15:15:21 +0200] "GET /entry.php?id=10778&form=11508&name=list& HTTP/1.1" 200 3333 "http://ed.activities.at/entry.php?id=11683&" "Mozilla/5.0 (Windows NT 10.0; Win64; x64) AppleWebKit/537.36 (KHTML, like Gecko) Chrome/61.0.3163.79 Safari/537.36"
80.122.130.46 - - [13/Sep/2017:15:16:19 +0200] "GET /entry.php?id=10271&&ser=308519 HTTP/1.1" 200 988 "http://ed.activities.at/entry.php?id=10271&&ser=308458" "Mozilla/5.0 (Windows NT 6.1; rv:55.0) Gecko/20100101 Firefox/55.0"
80.122.130.46 - - [13/Sep/2017:15:16:19 +0200] "GET /gui/javascript/form_form.js?1505308579 HTTP/1.1" 200 16206 "http://ed.activities.at/entry.php?id=10271&&ser=308519" "Mozilla/5.0 (Windows NT 6.1; rv:55.0) Gecko/20100101 Firefox/55.0"
93.83.181.50 - - [13/Sep/2017:15:16:19 +0200] "GET /entry.php?id=10271&&ser=308519 HTTP/1.1" 200 987 "http://ed.activities.at/entry.php?id=10271&UIN=23fb8e5f5764896b9a668c959acbaac1" "Mozilla/5.0 (Windows NT 10.0; Win64; x64) AppleWebKit/537.36 (KHTML, like Gecko) Chrome/61.0.3163.79 Safari/537.36"
93.83.181.50 - - [13/Sep/2017:15:16:20 +0200] "GET /gui/javascript/form_form.js?1505308580 HTTP/1.1" 200 16206 "http://ed.activities.at/entry.php?id=10271&&ser=308519" "Mozilla/5.0 (Windows NT 10.0; Win64; x64) AppleWebKit/537.36 (KHTML, like Gecko) Chrome/61.0.3163.79 Safari/537.36"
80.122.130.46 - - [13/Sep/2017:15:17:20 +0200] "GET /entry.php?id=10271&&ser=308579 HTTP/1.1" 200 987 "http://ed.activities.at/entry.php?id=10271&&ser=308519" "Mozilla/5.0 (Windows NT 6.1; rv:55.0) Gecko/20100101 Firefox/55.0"
80.122.130.46 - - [13/Sep/2017:15:17:20 +0200] "GET /gui/javascript/form_form.js?1505308640 HTTP/1.1" 200 16206 "http://ed.activities.at/entry.php?id=10271&&ser=308579" "Mozilla/5.0 (Windows NT 6.1; rv:55.0) Gecko/20100101 Firefox/55.0"
93.83.181.50 - - [13/Sep/2017:15:17:22 +0200] "GET /entry.php?id=10271&&ser=308580 HTTP/1.1" 200 987 "http://ed.activities.at/entry.php?id=10271&&ser=308519" "Mozilla/5.0 (Windows NT 10.0; Win64; x64) AppleWebKit/537.36 (KHTML, like Gecko) Chrome/61.0.3163.79 Safari/537.36"
93.83.181.50 - - [13/Sep/2017:15:17:22 +0200] "GET /gui/javascript/form_form.js?1505308642 HTTP/1.1" 200 16206 "http://ed.activities.at/entry.php?id=10271&&ser=308580" "Mozilla/5.0 (Windows NT 10.0; Win64; x64) AppleWebKit/537.36 (KHTML, like Gecko) Chrome/61.0.3163.79 Safari/537.36"
80.122.130.46 - - [13/Sep/2017:15:18:20 +0200] "GET /entry.php?id=10271&&ser=308640 HTTP/1.1" 200 986 "http://ed.activities.at/entry.php?id=10271&&ser=308579" "Mozilla/5.0 (Windows NT 6.1; rv:55.0) Gecko/20100101 Firefox/55.0"
80.122.130.46 - - [13/Sep/2017:15:18:20 +0200] "GET /gui/javascript/form_form.js?1505308700 HTTP/1.1" 200 16206 "http://ed.activities.at/entry.php?id=10271&&ser=308640" "Mozilla/5.0 (Windows NT 6.1; rv:55.0) Gecko/20100101 Firefox/55.0"
93.83.181.50 - - [13/Sep/2017:15:18:22 +0200] "GET /entry.php?id=10271&&ser=308642 HTTP/1.1" 200 986 "http://ed.activities.at/entry.php?id=10271&&ser=308580" "Mozilla/5.0 (Windows NT 10.0; Win64; x64) AppleWebKit/537.36 (KHTML, like Gecko) Chrome/61.0.3163.79 Safari/537.36"
93.83.181.50 - - [13/Sep/2017:15:18:22 +0200] "GET /gui/javascript/form_form.js?1505308702 HTTP/1.1" 200 16206 "http://ed.activities.at/entry.php?id=10271&&ser=308642" "Mozilla/5.0 (Windows NT 10.0; Win64; x64) AppleWebKit/537.36 (KHTML, like Gecko) Chrome/61.0.3163.79 Safari/537.36"
80.122.130.46 - - [13/Sep/2017:15:19:21 +0200] "GET /entry.php?id=10271&&ser=308700 HTTP/1.1" 200 986 "http://ed.activities.at/entry.php?id=10271&&ser=308640" "Mozilla/5.0 (Windows NT 6.1; rv:55.0) Gecko/20100101 Firefox/55.0"
80.122.130.46 - - [13/Sep/2017:15:19:21 +0200] "GET /gui/javascript/form_form.js?1505308761 HTTP/1.1" 200 16206 "http://ed.activities.at/entry.php?id=10271&&ser=308700" "Mozilla/5.0 (Windows NT 6.1; rv:55.0) Gecko/20100101 Firefox/55.0"
93.83.181.50 - - [13/Sep/2017:15:19:22 +0200] "GET /entry.php?id=10271&&ser=308702 HTTP/1.1" 200 987 "http://ed.activities.at/entry.php?id=10271&&ser=308642" "Mozilla/5.0 (Windows NT 10.0; Win64; x64) AppleWebKit/537.36 (KHTML, like Gecko) Chrome/61.0.3163.79 Safari/537.36"
93.83.181.50 - - [13/Sep/2017:15:19:23 +0200] "GET /gui/javascript/form_form.js?1505308763 HTTP/1.1" 200 16206 "http://ed.activities.at/entry.php?id=10271&&ser=308702" "Mozilla/5.0 (Windows NT 10.0; Win64; x64) AppleWebKit/537.36 (KHTML, like Gecko) Chrome/61.0.3163.79 Safari/537.36"
80.122.130.46 - - [13/Sep/2017:15:20:21 +0200] "GET /entry.php?id=10271&&ser=308761 HTTP/1.1" 200 986 "http://ed.activities.at/entry.php?id=10271&&ser=308700" "Mozilla/5.0 (Windows NT 6.1; rv:55.0) Gecko/20100101 Firefox/55.0"
80.122.130.46 - - [13/Sep/2017:15:20:21 +0200] "GET /gui/javascript/form_form.js?1505308821 HTTP/1.1" 200 16206 "http://ed.activities.at/entry.php?id=10271&&ser=308761" "Mozilla/5.0 (Windows NT 6.1; rv:55.0) Gecko/20100101 Firefox/55.0"
93.83.181.50 - - [13/Sep/2017:15:20:23 +0200] "GET /entry.php?id=10271&&ser=308763 HTTP/1.1" 200 986 "http://ed.activities.at/entry.php?id=10271&&ser=308702" "Mozilla/5.0 (Windows NT 10.0; Win64; x64) AppleWebKit/537.36 (KHTML, like Gecko) Chrome/61.0.3163.79 Safari/537.36"
93.83.181.50 - - [13/Sep/2017:15:20:23 +0200] "GET /gui/javascript/form_form.js?1505308823 HTTP/1.1" 200 16206 "http://ed.activities.at/entry.php?id=10271&&ser=308763" "Mozilla/5.0 (Windows NT 10.0; Win64; x64) AppleWebKit/537.36 (KHTML, like Gecko) Chrome/61.0.3163.79 Safari/537.36"
80.122.130.46 - - [13/Sep/2017:15:21:22 +0200] "GET /entry.php?id=10271&&ser=308821 HTTP/1.1" 200 987 "http://ed.activities.at/entry.php?id=10271&&ser=308761" "Mozilla/5.0 (Windows NT 6.1; rv:55.0) Gecko/20100101 Firefox/55.0"
80.122.130.46 - - [13/Sep/2017:15:21:22 +0200] "GET /gui/javascript/form_form.js?1505308882 HTTP/1.1" 200 16206 "http://ed.activities.at/entry.php?id=10271&&ser=308821" "Mozilla/5.0 (Windows NT 6.1; rv:55.0) Gecko/20100101 Firefox/55.0"
93.83.181.50 - - [13/Sep/2017:15:21:23 +0200] "GET /entry.php?id=10271&&ser=308823 HTTP/1.1" 200 987 "http://ed.activities.at/entry.php?id=10271&&ser=308763" "Mozilla/5.0 (Windows NT 10.0; Win64; x64) AppleWebKit/537.36 (KHTML, like Gecko) Chrome/61.0.3163.79 Safari/537.36"
93.83.181.50 - - [13/Sep/2017:15:21:23 +0200] "GET /gui/javascript/form_form.js?1505308883 HTTP/1.1" 200 16206 "http://ed.activities.at/entry.php?id=10271&&ser=308823" "Mozilla/5.0 (Windows NT 10.0; Win64; x64) AppleWebKit/537.36 (KHTML, like Gecko) Chrome/61.0.3163.79 Safari/537.36"
80.122.130.46 - - [13/Sep/2017:15:22:22 +0200] "GET /entry.php?id=10271&&ser=308882 HTTP/1.1" 200 987 "http://ed.activities.at/entry.php?id=10271&&ser=308821" "Mozilla/5.0 (Windows NT 6.1; rv:55.0) Gecko/20100101 Firefox/55.0"
80.122.130.46 - - [13/Sep/2017:15:22:22 +0200] "GET /gui/javascript/form_form.js?1505308942 HTTP/1.1" 200 16206 "http://ed.activities.at/entry.php?id=10271&&ser=308882" "Mozilla/5.0 (Windows NT 6.1; rv:55.0) Gecko/20100101 Firefox/55.0"
93.83.181.50 - - [13/Sep/2017:15:22:23 +0200] "GET /entry.php?id=10271&&ser=308883 HTTP/1.1" 200 987 "http://ed.activities.at/entry.php?id=10271&&ser=308823" "Mozilla/5.0 (Windows NT 10.0; Win64; x64) AppleWebKit/537.36 (KHTML, like Gecko) Chrome/61.0.3163.79 Safari/537.36"
93.83.181.50 - - [13/Sep/2017:15:22:23 +0200] "GET /gui/javascript/form_form.js?1505308943 HTTP/1.1" 200 16206 "http://ed.activities.at/entry.php?id=10271&&ser=308883" "Mozilla/5.0 (Windows NT 10.0; Win64; x64) AppleWebKit/537.36 (KHTML, like Gecko) Chrome/61.0.3163.79 Safari/537.36"
80.122.130.46 - - [13/Sep/2017:15:23:23 +0200] "GET /entry.php?id=10271&&ser=308942 HTTP/1.1" 200 986 "http://ed.activities.at/entry.php?id=10271&&ser=308882" "Mozilla/5.0 (Windows NT 6.1; rv:55.0) Gecko/20100101 Firefox/55.0"
80.122.130.46 - - [13/Sep/2017:15:23:23 +0200] "GET /gui/javascript/form_form.js?1505309003 HTTP/1.1" 200 16206 "http://ed.activities.at/entry.php?id=10271&&ser=308942" "Mozilla/5.0 (Windows NT 6.1; rv:55.0) Gecko/20100101 Firefox/55.0"
93.83.181.50 - - [13/Sep/2017:15:23:24 +0200] "GET /entry.php?id=10271&&ser=308943 HTTP/1.1" 200 987 "http://ed.activities.at/entry.php?id=10271&&ser=308883" "Mozilla/5.0 (Windows NT 10.0; Win64; x64) AppleWebKit/537.36 (KHTML, like Gecko) Chrome/61.0.3163.79 Safari/537.36"
93.83.181.50 - - [13/Sep/2017:15:23:24 +0200] "GET /gui/javascript/form_form.js?1505309004 HTTP/1.1" 200 16206 "http://ed.activities.at/entry.php?id=10271&&ser=308943" "Mozilla/5.0 (Windows NT 10.0; Win64; x64) AppleWebKit/537.36 (KHTML, like Gecko) Chrome/61.0.3163.79 Safari/537.36"
80.122.130.46 - - [13/Sep/2017:15:24:23 +0200] "GET /entry.php?id=10271&&ser=309003 HTTP/1.1" 200 987 "http://ed.activities.at/entry.php?id=10271&&ser=308942" "Mozilla/5.0 (Windows NT 6.1; rv:55.0) Gecko/20100101 Firefox/55.0"
80.122.130.46 - - [13/Sep/2017:15:24:23 +0200] "GET /gui/javascript/form_form.js?1505309063 HTTP/1.1" 200 16206 "http://ed.activities.at/entry.php?id=10271&&ser=309003" "Mozilla/5.0 (Windows NT 6.1; rv:55.0) Gecko/20100101 Firefox/55.0"
93.83.181.50 - - [13/Sep/2017:15:24:24 +0200] "GET /entry.php?id=10271&&ser=309004 HTTP/1.1" 200 987 "http://ed.activities.at/entry.php?id=10271&&ser=308943" "Mozilla/5.0 (Windows NT 10.0; Win64; x64) AppleWebKit/537.36 (KHTML, like Gecko) Chrome/61.0.3163.79 Safari/537.36"
93.83.181.50 - - [13/Sep/2017:15:24:24 +0200] "GET /gui/javascript/form_form.js?1505309064 HTTP/1.1" 200 16206 "http://ed.activities.at/entry.php?id=10271&&ser=309004" "Mozilla/5.0 (Windows NT 10.0; Win64; x64) AppleWebKit/537.36 (KHTML, like Gecko) Chrome/61.0.3163.79 Safari/537.36"
80.122.130.46 - - [13/Sep/2017:15:25:24 +0200] "GET /entry.php?id=10271&&ser=309063 HTTP/1.1" 200 987 "http://ed.activities.at/entry.php?id=10271&&ser=309003" "Mozilla/5.0 (Windows NT 6.1; rv:55.0) Gecko/20100101 Firefox/55.0"
80.122.130.46 - - [13/Sep/2017:15:25:24 +0200] "GET /gui/javascript/form_form.js?1505309124 HTTP/1.1" 200 16206 "http://ed.activities.at/entry.php?id=10271&&ser=309063" "Mozilla/5.0 (Windows NT 6.1; rv:55.0) Gecko/20100101 Firefox/55.0"
93.83.181.50 - - [13/Sep/2017:15:25:24 +0200] "GET /entry.php?id=10271&&ser=309064 HTTP/1.1" 200 987 "http://ed.activities.at/entry.php?id=10271&&ser=309004" "Mozilla/5.0 (Windows NT 10.0; Win64; x64) AppleWebKit/537.36 (KHTML, like Gecko) Chrome/61.0.3163.79 Safari/537.36"
93.83.181.50 - - [13/Sep/2017:15:25:24 +0200] "GET /gui/javascript/form_form.js?1505309124 HTTP/1.1" 200 16206 "http://ed.activities.at/entry.php?id=10271&&ser=309064" "Mozilla/5.0 (Windows NT 10.0; Win64; x64) AppleWebKit/537.36 (KHTML, like Gecko) Chrome/61.0.3163.79 Safari/537.36"
80.122.130.46 - - [13/Sep/2017:15:26:24 +0200] "GET /entry.php?id=10271&&ser=309124 HTTP/1.1" 200 987 "http://ed.activities.at/entry.php?id=10271&&ser=309063" "Mozilla/5.0 (Windows NT 6.1; rv:55.0) Gecko/20100101 Firefox/55.0"
80.122.130.46 - - [13/Sep/2017:15:26:24 +0200] "GET /gui/javascript/form_form.js?1505309184 HTTP/1.1" 200 16206 "http://ed.activities.at/entry.php?id=10271&&ser=309124" "Mozilla/5.0 (Windows NT 6.1; rv:55.0) Gecko/20100101 Firefox/55.0"
93.83.181.50 - - [13/Sep/2017:15:26:24 +0200] "GET /entry.php?id=10271&&ser=309124 HTTP/1.1" 200 988 "http://ed.activities.at/entry.php?id=10271&&ser=309064" "Mozilla/5.0 (Windows NT 10.0; Win64; x64) AppleWebKit/537.36 (KHTML, like Gecko) Chrome/61.0.3163.79 Safari/537.36"
93.83.181.50 - - [13/Sep/2017:15:26:25 +0200] "GET /gui/javascript/form_form.js?1505309185 HTTP/1.1" 200 16206 "http://ed.activities.at/entry.php?id=10271&&ser=309124" "Mozilla/5.0 (Windows NT 10.0; Win64; x64) AppleWebKit/537.36 (KHTML, like Gecko) Chrome/61.0.3163.79 Safari/537.36"
80.122.130.46 - - [13/Sep/2017:15:27:25 +0200] "GET /entry.php?id=10271&&ser=309184 HTTP/1.1" 200 987 "http://ed.activities.at/entry.php?id=10271&&ser=309124" "Mozilla/5.0 (Windows NT 6.1; rv:55.0) Gecko/20100101 Firefox/55.0"
80.122.130.46 - - [13/Sep/2017:15:27:25 +0200] "GET /gui/javascript/form_form.js?1505309245 HTTP/1.1" 200 16206 "http://ed.activities.at/entry.php?id=10271&&ser=309184" "Mozilla/5.0 (Windows NT 6.1; rv:55.0) Gecko/20100101 Firefox/55.0"
93.83.181.50 - - [13/Sep/2017:15:27:25 +0200] "GET /entry.php?id=10271&&ser=309185 HTTP/1.1" 200 987 "http://ed.activities.at/entry.php?id=10271&&ser=309124" "Mozilla/5.0 (Windows NT 10.0; Win64; x64) AppleWebKit/537.36 (KHTML, like Gecko) Chrome/61.0.3163.79 Safari/537.36"
93.83.181.50 - - [13/Sep/2017:15:27:25 +0200] "GET /gui/javascript/form_form.js?1505309245 HTTP/1.1" 200 16206 "http://ed.activities.at/entry.php?id=10271&&ser=309185" "Mozilla/5.0 (Windows NT 10.0; Win64; x64) AppleWebKit/537.36 (KHTML, like Gecko) Chrome/61.0.3163.79 Safari/537.36"
93.83.181.50 - - [13/Sep/2017:15:28:25 +0200] "GET /entry.php?id=10271&&ser=309245 HTTP/1.1" 200 988 "http://ed.activities.at/entry.php?id=10271&&ser=309185" "Mozilla/5.0 (Windows NT 10.0; Win64; x64) AppleWebKit/537.36 (KHTML, like Gecko) Chrome/61.0.3163.79 Safari/537.36"
93.83.181.50 - - [13/Sep/2017:15:28:25 +0200] "GET /gui/javascript/form_form.js?1505309305 HTTP/1.1" 200 16206 "http://ed.activities.at/entry.php?id=10271&&ser=309245" "Mozilla/5.0 (Windows NT 10.0; Win64; x64) AppleWebKit/537.36 (KHTML, like Gecko) Chrome/61.0.3163.79 Safari/537.36"
80.122.130.46 - - [13/Sep/2017:15:28:25 +0200] "GET /entry.php?id=10271&&ser=309245 HTTP/1.1" 200 988 "http://ed.activities.at/entry.php?id=10271&&ser=309184" "Mozilla/5.0 (Windows NT 6.1; rv:55.0) Gecko/20100101 Firefox/55.0"
80.122.130.46 - - [13/Sep/2017:15:28:25 +0200] "GET /gui/javascript/form_form.js?1505309305 HTTP/1.1" 200 16206 "http://ed.activities.at/entry.php?id=10271&&ser=309245" "Mozilla/5.0 (Windows NT 6.1; rv:55.0) Gecko/20100101 Firefox/55.0"
93.83.181.50 - - [13/Sep/2017:15:29:25 +0200] "GET /entry.php?id=10271&&ser=309305 HTTP/1.1" 200 987 "http://ed.activities.at/entry.php?id=10271&&ser=309245" "Mozilla/5.0 (Windows NT 10.0; Win64; x64) AppleWebKit/537.36 (KHTML, like Gecko) Chrome/61.0.3163.79 Safari/537.36"
93.83.181.50 - - [13/Sep/2017:15:29:26 +0200] "GET /gui/javascript/form_form.js?1505309366 HTTP/1.1" 200 16206 "http://ed.activities.at/entry.php?id=10271&&ser=309305" "Mozilla/5.0 (Windows NT 10.0; Win64; x64) AppleWebKit/537.36 (KHTML, like Gecko) Chrome/61.0.3163.79 Safari/537.36"
80.122.130.46 - - [13/Sep/2017:15:29:26 +0200] "GET /entry.php?id=10271&&ser=309305 HTTP/1.1" 200 987 "http://ed.activities.at/entry.php?id=10271&&ser=309245" "Mozilla/5.0 (Windows NT 6.1; rv:55.0) Gecko/20100101 Firefox/55.0"
80.122.130.46 - - [13/Sep/2017:15:29:26 +0200] "GET /gui/javascript/form_form.js?1505309366 HTTP/1.1" 200 16206 "http://ed.activities.at/entry.php?id=10271&&ser=309305" "Mozilla/5.0 (Windows NT 6.1; rv:55.0) Gecko/20100101 Firefox/55.0"
93.83.181.50 - - [13/Sep/2017:15:30:26 +0200] "GET /entry.php?id=10271&&ser=309366 HTTP/1.1" 200 987 "http://ed.activities.at/entry.php?id=10271&&ser=309305" "Mozilla/5.0 (Windows NT 10.0; Win64; x64) AppleWebKit/537.36 (KHTML, like Gecko) Chrome/61.0.3163.79 Safari/537.36"
93.83.181.50 - - [13/Sep/2017:15:30:26 +0200] "GET /gui/javascript/form_form.js?1505309426 HTTP/1.1" 200 16206 "http://ed.activities.at/entry.php?id=10271&&ser=309366" "Mozilla/5.0 (Windows NT 10.0; Win64; x64) AppleWebKit/537.36 (KHTML, like Gecko) Chrome/61.0.3163.79 Safari/537.36"
80.122.130.46 - - [13/Sep/2017:15:30:26 +0200] "GET /entry.php?id=10271&&ser=309366 HTTP/1.1" 200 987 "http://ed.activities.at/entry.php?id=10271&&ser=309305" "Mozilla/5.0 (Windows NT 6.1; rv:55.0) Gecko/20100101 Firefox/55.0"
80.122.130.46 - - [13/Sep/2017:15:30:26 +0200] "GET /gui/javascript/form_form.js?1505309426 HTTP/1.1" 200 16206 "http://ed.activities.at/entry.php?id=10271&&ser=309366" "Mozilla/5.0 (Windows NT 6.1; rv:55.0) Gecko/20100101 Firefox/55.0"
93.83.181.50 - - [13/Sep/2017:15:31:26 +0200] "GET /entry.php?id=10271&&ser=309426 HTTP/1.1" 200 987 "http://ed.activities.at/entry.php?id=10271&&ser=309366" "Mozilla/5.0 (Windows NT 10.0; Win64; x64) AppleWebKit/537.36 (KHTML, like Gecko) Chrome/61.0.3163.79 Safari/537.36"
93.83.181.50 - - [13/Sep/2017:15:31:26 +0200] "GET /gui/javascript/form_form.js?1505309486 HTTP/1.1" 200 16206 "http://ed.activities.at/entry.php?id=10271&&ser=309426" "Mozilla/5.0 (Windows NT 10.0; Win64; x64) AppleWebKit/537.36 (KHTML, like Gecko) Chrome/61.0.3163.79 Safari/537.36"
80.122.130.46 - - [13/Sep/2017:15:31:27 +0200] "GET /entry.php?id=10271&&ser=309426 HTTP/1.1" 200 987 "http://ed.activities.at/entry.php?id=10271&&ser=309366" "Mozilla/5.0 (Windows NT 6.1; rv:55.0) Gecko/20100101 Firefox/55.0"
80.122.130.46 - - [13/Sep/2017:15:31:27 +0200] "GET /gui/javascript/form_form.js?1505309487 HTTP/1.1" 200 16206 "http://ed.activities.at/entry.php?id=10271&&ser=309426" "Mozilla/5.0 (Windows NT 6.1; rv:55.0) Gecko/20100101 Firefox/55.0"
93.83.181.50 - - [13/Sep/2017:15:32:26 +0200] "GET /entry.php?id=10271&&ser=309486 HTTP/1.1" 200 988 "http://ed.activities.at/entry.php?id=10271&&ser=309426" "Mozilla/5.0 (Windows NT 10.0; Win64; x64) AppleWebKit/537.36 (KHTML, like Gecko) Chrome/61.0.3163.79 Safari/537.36"
93.83.181.50 - - [13/Sep/2017:15:32:26 +0200] "GET /gui/javascript/form_form.js?1505309546 HTTP/1.1" 200 16206 "http://ed.activities.at/entry.php?id=10271&&ser=309486" "Mozilla/5.0 (Windows NT 10.0; Win64; x64) AppleWebKit/537.36 (KHTML, like Gecko) Chrome/61.0.3163.79 Safari/537.36"
80.122.130.46 - - [13/Sep/2017:15:32:27 +0200] "GET /entry.php?id=10271&&ser=309487 HTTP/1.1" 200 988 "http://ed.activities.at/entry.php?id=10271&&ser=309426" "Mozilla/5.0 (Windows NT 6.1; rv:55.0) Gecko/20100101 Firefox/55.0"
80.122.130.46 - - [13/Sep/2017:15:32:28 +0200] "GET /gui/javascript/form_form.js?1505309547 HTTP/1.1" 200 16206 "http://ed.activities.at/entry.php?id=10271&&ser=309487" "Mozilla/5.0 (Windows NT 6.1; rv:55.0) Gecko/20100101 Firefox/55.0"
93.83.181.50 - - [13/Sep/2017:15:33:27 +0200] "GET /entry.php?id=10271&&ser=309546 HTTP/1.1" 200 987 "http://ed.activities.at/entry.php?id=10271&&ser=309486" "Mozilla/5.0 (Windows NT 10.0; Win64; x64) AppleWebKit/537.36 (KHTML, like Gecko) Chrome/61.0.3163.79 Safari/537.36"
93.83.181.50 - - [13/Sep/2017:15:33:27 +0200] "GET /gui/javascript/form_form.js?1505309607 HTTP/1.1" 200 16206 "http://ed.activities.at/entry.php?id=10271&&ser=309546" "Mozilla/5.0 (Windows NT 10.0; Win64; x64) AppleWebKit/537.36 (KHTML, like Gecko) Chrome/61.0.3163.79 Safari/537.36"
80.122.130.46 - - [13/Sep/2017:15:33:28 +0200] "GET /entry.php?id=10271&&ser=309547 HTTP/1.1" 200 987 "http://ed.activities.at/entry.php?id=10271&&ser=309487" "Mozilla/5.0 (Windows NT 6.1; rv:55.0) Gecko/20100101 Firefox/55.0"
80.122.130.46 - - [13/Sep/2017:15:33:28 +0200] "GET /gui/javascript/form_form.js?1505309608 HTTP/1.1" 200 16206 "http://ed.activities.at/entry.php?id=10271&&ser=309547" "Mozilla/5.0 (Windows NT 6.1; rv:55.0) Gecko/20100101 Firefox/55.0"
93.83.181.50 - - [13/Sep/2017:15:34:27 +0200] "GET /entry.php?id=10271&&ser=309607 HTTP/1.1" 200 987 "http://ed.activities.at/entry.php?id=10271&&ser=309546" "Mozilla/5.0 (Windows NT 10.0; Win64; x64) AppleWebKit/537.36 (KHTML, like Gecko) Chrome/61.0.3163.79 Safari/537.36"
93.83.181.50 - - [13/Sep/2017:15:34:27 +0200] "GET /gui/javascript/form_form.js?1505309667 HTTP/1.1" 200 16206 "http://ed.activities.at/entry.php?id=10271&&ser=309607" "Mozilla/5.0 (Windows NT 10.0; Win64; x64) AppleWebKit/537.36 (KHTML, like Gecko) Chrome/61.0.3163.79 Safari/537.36"
80.122.130.46 - - [13/Sep/2017:15:34:28 +0200] "GET /entry.php?id=10271&&ser=309608 HTTP/1.1" 200 987 "http://ed.activities.at/entry.php?id=10271&&ser=309547" "Mozilla/5.0 (Windows NT 6.1; rv:55.0) Gecko/20100101 Firefox/55.0"
80.122.130.46 - - [13/Sep/2017:15:34:29 +0200] "GET /gui/javascript/form_form.js?1505309668 HTTP/1.1" 200 16206 "http://ed.activities.at/entry.php?id=10271&&ser=309608" "Mozilla/5.0 (Windows NT 6.1; rv:55.0) Gecko/20100101 Firefox/55.0"
93.83.181.50 - - [13/Sep/2017:15:35:27 +0200] "GET /entry.php?id=10271&&ser=309667 HTTP/1.1" 200 987 "http://ed.activities.at/entry.php?id=10271&&ser=309607" "Mozilla/5.0 (Windows NT 10.0; Win64; x64) AppleWebKit/537.36 (KHTML, like Gecko) Chrome/61.0.3163.79 Safari/537.36"
93.83.181.50 - - [13/Sep/2017:15:35:27 +0200] "GET /gui/javascript/form_form.js?1505309727 HTTP/1.1" 200 16206 "http://ed.activities.at/entry.php?id=10271&&ser=309667" "Mozilla/5.0 (Windows NT 10.0; Win64; x64) AppleWebKit/537.36 (KHTML, like Gecko) Chrome/61.0.3163.79 Safari/537.36"
80.122.130.46 - - [13/Sep/2017:15:35:29 +0200] "GET /entry.php?id=10271&&ser=309668 HTTP/1.1" 200 987 "http://ed.activities.at/entry.php?id=10271&&ser=309608" "Mozilla/5.0 (Windows NT 6.1; rv:55.0) Gecko/20100101 Firefox/55.0"
80.122.130.46 - - [13/Sep/2017:15:35:29 +0200] "GET /gui/javascript/form_form.js?1505309729 HTTP/1.1" 200 16206 "http://ed.activities.at/entry.php?id=10271&&ser=309668" "Mozilla/5.0 (Windows NT 6.1; rv:55.0) Gecko/20100101 Firefox/55.0"
93.83.181.50 - - [13/Sep/2017:15:36:23 +0200] "GET /entry.php?id=10287&login=1 HTTP/1.1" 200 2177 "http://ed.activities.at/entry.php?id=10273&" "Mozilla/5.0 (Windows NT 10.0; Win64; x64) AppleWebKit/537.36 (KHTML, like Gecko) Chrome/61.0.3163.79 Safari/537.36"
93.83.181.50 - - [13/Sep/2017:15:36:23 +0200] "GET /gui/javascript/form_form.js?1505309783 HTTP/1.1" 200 16206 "http://ed.activities.at/entry.php?id=10287&login=1" "Mozilla/5.0 (Windows NT 10.0; Win64; x64) AppleWebKit/537.36 (KHTML, like Gecko) Chrome/61.0.3163.79 Safari/537.36"
93.83.181.50 - - [13/Sep/2017:15:36:25 +0200] "POST /entry.php?id=10287& HTTP/1.1" 200 2408 "http://ed.activities.at/entry.php?id=10287&login=1" "Mozilla/5.0 (Windows NT 10.0; Win64; x64) AppleWebKit/537.36 (KHTML, like Gecko) Chrome/61.0.3163.79 Safari/537.36"
93.83.181.50 - - [13/Sep/2017:15:36:25 +0200] "GET /gui/javascript/form_form.js?1505309785 HTTP/1.1" 200 16206 "http://ed.activities.at/entry.php?id=10287&" "Mozilla/5.0 (Windows NT 10.0; Win64; x64) AppleWebKit/537.36 (KHTML, like Gecko) Chrome/61.0.3163.79 Safari/537.36"
93.83.181.50 - - [13/Sep/2017:15:36:25 +0200] "GET /entry.php?id=10270& HTTP/1.1" 200 909 "http://ed.activities.at/entry.php?id=10287&" "Mozilla/5.0 (Windows NT 10.0; Win64; x64) AppleWebKit/537.36 (KHTML, like Gecko) Chrome/61.0.3163.79 Safari/537.36"
93.83.181.50 - - [13/Sep/2017:15:36:25 +0200] "GET /entry.php?id=10273&logout=true& HTTP/1.1" 200 1912 "http://ed.activities.at/entry.php?id=10287&" "Mozilla/5.0 (Windows NT 10.0; Win64; x64) AppleWebKit/537.36 (KHTML, like Gecko) Chrome/61.0.3163.79 Safari/537.36"
80.122.130.46 - - [13/Sep/2017:15:36:29 +0200] "GET /entry.php?id=10271&&ser=309729 HTTP/1.1" 200 987 "http://ed.activities.at/entry.php?id=10271&&ser=309668" "Mozilla/5.0 (Windows NT 6.1; rv:55.0) Gecko/20100101 Firefox/55.0"
80.122.130.46 - - [13/Sep/2017:15:36:30 +0200] "GET /gui/javascript/form_form.js?1505309789 HTTP/1.1" 200 16206 "http://ed.activities.at/entry.php?id=10271&&ser=309729" "Mozilla/5.0 (Windows NT 6.1; rv:55.0) Gecko/20100101 Firefox/55.0"
80.122.130.46 - - [13/Sep/2017:15:37:30 +0200] "GET /entry.php?id=10271&&ser=309789 HTTP/1.1" 200 986 "http://ed.activities.at/entry.php?id=10271&&ser=309729" "Mozilla/5.0 (Windows NT 6.1; rv:55.0) Gecko/20100101 Firefox/55.0"
80.122.130.46 - - [13/Sep/2017:15:37:30 +0200] "GET /gui/javascript/form_form.js?1505309850 HTTP/1.1" 200 16206 "http://ed.activities.at/entry.php?id=10271&&ser=309789" "Mozilla/5.0 (Windows NT 6.1; rv:55.0) Gecko/20100101 Firefox/55.0"
80.122.130.46 - - [13/Sep/2017:15:38:30 +0200] "GET /entry.php?id=10271&&ser=309850 HTTP/1.1" 200 986 "http://ed.activities.at/entry.php?id=10271&&ser=309789" "Mozilla/5.0 (Windows NT 6.1; rv:55.0) Gecko/20100101 Firefox/55.0"
80.122.130.46 - - [13/Sep/2017:15:38:31 +0200] "GET /gui/javascript/form_form.js?1505309911 HTTP/1.1" 200 16206 "http://ed.activities.at/entry.php?id=10271&&ser=309850" "Mozilla/5.0 (Windows NT 6.1; rv:55.0) Gecko/20100101 Firefox/55.0"
80.122.130.46 - - [13/Sep/2017:15:39:31 +0200] "GET /entry.php?id=10271&&ser=309911 HTTP/1.1" 200 986 "http://ed.activities.at/entry.php?id=10271&&ser=309850" "Mozilla/5.0 (Windows NT 6.1; rv:55.0) Gecko/20100101 Firefox/55.0"
80.122.130.46 - - [13/Sep/2017:15:39:31 +0200] "GET /gui/javascript/form_form.js?1505309971 HTTP/1.1" 200 16206 "http://ed.activities.at/entry.php?id=10271&&ser=309911" "Mozilla/5.0 (Windows NT 6.1; rv:55.0) Gecko/20100101 Firefox/55.0"
80.122.130.46 - - [13/Sep/2017:15:40:31 +0200] "GET /entry.php?id=10271&&ser=309971 HTTP/1.1" 200 986 "http://ed.activities.at/entry.php?id=10271&&ser=309911" "Mozilla/5.0 (Windows NT 6.1; rv:55.0) Gecko/20100101 Firefox/55.0"
80.122.130.46 - - [13/Sep/2017:15:40:32 +0200] "GET /gui/javascript/form_form.js?1505310032 HTTP/1.1" 200 16206 "http://ed.activities.at/entry.php?id=10271&&ser=309971" "Mozilla/5.0 (Windows NT 6.1; rv:55.0) Gecko/20100101 Firefox/55.0"
80.122.130.46 - - [13/Sep/2017:15:41:32 +0200] "GET /entry.php?id=10271&&ser=310032 HTTP/1.1" 200 986 "http://ed.activities.at/entry.php?id=10271&&ser=309971" "Mozilla/5.0 (Windows NT 6.1; rv:55.0) Gecko/20100101 Firefox/55.0"
80.122.130.46 - - [13/Sep/2017:15:41:32 +0200] "GET /gui/javascript/form_form.js?1505310092 HTTP/1.1" 200 16206 "http://ed.activities.at/entry.php?id=10271&&ser=310032" "Mozilla/5.0 (Windows NT 6.1; rv:55.0) Gecko/20100101 Firefox/55.0"
80.122.130.46 - - [13/Sep/2017:15:42:32 +0200] "GET /entry.php?id=10271&&ser=310092 HTTP/1.1" 200 987 "http://ed.activities.at/entry.php?id=10271&&ser=310032" "Mozilla/5.0 (Windows NT 6.1; rv:55.0) Gecko/20100101 Firefox/55.0"
80.122.130.46 - - [13/Sep/2017:15:42:33 +0200] "GET /gui/javascript/form_form.js?1505310153 HTTP/1.1" 200 16206 "http://ed.activities.at/entry.php?id=10271&&ser=310092" "Mozilla/5.0 (Windows NT 6.1; rv:55.0) Gecko/20100101 Firefox/55.0"
80.122.130.46 - - [13/Sep/2017:15:43:33 +0200] "GET /entry.php?id=10271&&ser=310153 HTTP/1.1" 200 986 "http://ed.activities.at/entry.php?id=10271&&ser=310092" "Mozilla/5.0 (Windows NT 6.1; rv:55.0) Gecko/20100101 Firefox/55.0"
80.122.130.46 - - [13/Sep/2017:15:43:33 +0200] "GET /gui/javascript/form_form.js?1505310213 HTTP/1.1" 200 16206 "http://ed.activities.at/entry.php?id=10271&&ser=310153" "Mozilla/5.0 (Windows NT 6.1; rv:55.0) Gecko/20100101 Firefox/55.0"
80.122.130.46 - - [13/Sep/2017:15:44:34 +0200] "GET /entry.php?id=10271&&ser=310213 HTTP/1.1" 200 985 "http://ed.activities.at/entry.php?id=10271&&ser=310153" "Mozilla/5.0 (Windows NT 6.1; rv:55.0) Gecko/20100101 Firefox/55.0"
80.122.130.46 - - [13/Sep/2017:15:44:34 +0200] "GET /gui/javascript/form_form.js?1505310274 HTTP/1.1" 200 16206 "http://ed.activities.at/entry.php?id=10271&&ser=310213" "Mozilla/5.0 (Windows NT 6.1; rv:55.0) Gecko/20100101 Firefox/55.0"
80.122.130.46 - - [13/Sep/2017:15:45:34 +0200] "GET /entry.php?id=10271&&ser=310274 HTTP/1.1" 200 988 "http://ed.activities.at/entry.php?id=10271&&ser=310213" "Mozilla/5.0 (Windows NT 6.1; rv:55.0) Gecko/20100101 Firefox/55.0"
80.122.130.46 - - [13/Sep/2017:15:45:34 +0200] "GET /gui/javascript/form_form.js?1505310334 HTTP/1.1" 200 16206 "http://ed.activities.at/entry.php?id=10271&&ser=310274" "Mozilla/5.0 (Windows NT 6.1; rv:55.0) Gecko/20100101 Firefox/55.0"
80.122.130.46 - - [13/Sep/2017:15:46:35 +0200] "GET /entry.php?id=10271&&ser=310334 HTTP/1.1" 200 988 "http://ed.activities.at/entry.php?id=10271&&ser=310274" "Mozilla/5.0 (Windows NT 6.1; rv:55.0) Gecko/20100101 Firefox/55.0"
80.122.130.46 - - [13/Sep/2017:15:46:35 +0200] "GET /gui/javascript/form_form.js?1505310395 HTTP/1.1" 200 16206 "http://ed.activities.at/entry.php?id=10271&&ser=310334" "Mozilla/5.0 (Windows NT 6.1; rv:55.0) Gecko/20100101 Firefox/55.0"
80.122.130.46 - - [13/Sep/2017:15:47:35 +0200] "GET /entry.php?id=10271&&ser=310395 HTTP/1.1" 200 988 "http://ed.activities.at/entry.php?id=10271&&ser=310334" "Mozilla/5.0 (Windows NT 6.1; rv:55.0) Gecko/20100101 Firefox/55.0"
80.122.130.46 - - [13/Sep/2017:15:47:35 +0200] "GET /gui/javascript/form_form.js?1505310455 HTTP/1.1" 200 16206 "http://ed.activities.at/entry.php?id=10271&&ser=310395" "Mozilla/5.0 (Windows NT 6.1; rv:55.0) Gecko/20100101 Firefox/55.0"
80.122.130.46 - - [13/Sep/2017:15:48:36 +0200] "GET /entry.php?id=10271&&ser=310455 HTTP/1.1" 200 988 "http://ed.activities.at/entry.php?id=10271&&ser=310395" "Mozilla/5.0 (Windows NT 6.1; rv:55.0) Gecko/20100101 Firefox/55.0"
80.122.130.46 - - [13/Sep/2017:15:48:36 +0200] "GET /gui/javascript/form_form.js?1505310516 HTTP/1.1" 200 16206 "http://ed.activities.at/entry.php?id=10271&&ser=310455" "Mozilla/5.0 (Windows NT 6.1; rv:55.0) Gecko/20100101 Firefox/55.0"
80.122.130.46 - - [13/Sep/2017:15:49:36 +0200] "GET /entry.php?id=10271&&ser=310516 HTTP/1.1" 200 988 "http://ed.activities.at/entry.php?id=10271&&ser=310455" "Mozilla/5.0 (Windows NT 6.1; rv:55.0) Gecko/20100101 Firefox/55.0"
80.122.130.46 - - [13/Sep/2017:15:49:36 +0200] "GET /gui/javascript/form_form.js?1505310576 HTTP/1.1" 200 16206 "http://ed.activities.at/entry.php?id=10271&&ser=310516" "Mozilla/5.0 (Windows NT 6.1; rv:55.0) Gecko/20100101 Firefox/55.0"
80.122.130.46 - - [13/Sep/2017:15:50:37 +0200] "GET /entry.php?id=10271&&ser=310576 HTTP/1.1" 200 987 "http://ed.activities.at/entry.php?id=10271&&ser=310516" "Mozilla/5.0 (Windows NT 6.1; rv:55.0) Gecko/20100101 Firefox/55.0"
80.122.130.46 - - [13/Sep/2017:15:50:37 +0200] "GET /gui/javascript/form_form.js?1505310637 HTTP/1.1" 200 16206 "http://ed.activities.at/entry.php?id=10271&&ser=310576" "Mozilla/5.0 (Windows NT 6.1; rv:55.0) Gecko/20100101 Firefox/55.0"
80.122.130.46 - - [13/Sep/2017:15:51:37 +0200] "GET /entry.php?id=10271&&ser=310637 HTTP/1.1" 200 987 "http://ed.activities.at/entry.php?id=10271&&ser=310576" "Mozilla/5.0 (Windows NT 6.1; rv:55.0) Gecko/20100101 Firefox/55.0"
80.122.130.46 - - [13/Sep/2017:15:51:37 +0200] "GET /gui/javascript/form_form.js?1505310697 HTTP/1.1" 200 16206 "http://ed.activities.at/entry.php?id=10271&&ser=310637" "Mozilla/5.0 (Windows NT 6.1; rv:55.0) Gecko/20100101 Firefox/55.0"
80.122.130.46 - - [13/Sep/2017:15:52:38 +0200] "GET /entry.php?id=10271&&ser=310697 HTTP/1.1" 200 988 "http://ed.activities.at/entry.php?id=10271&&ser=310637" "Mozilla/5.0 (Windows NT 6.1; rv:55.0) Gecko/20100101 Firefox/55.0"
80.122.130.46 - - [13/Sep/2017:15:52:38 +0200] "GET /gui/javascript/form_form.js?1505310758 HTTP/1.1" 200 16206 "http://ed.activities.at/entry.php?id=10271&&ser=310697" "Mozilla/5.0 (Windows NT 6.1; rv:55.0) Gecko/20100101 Firefox/55.0"
80.122.130.46 - - [13/Sep/2017:15:53:38 +0200] "GET /entry.php?id=10271&&ser=310758 HTTP/1.1" 200 986 "http://ed.activities.at/entry.php?id=10271&&ser=310697" "Mozilla/5.0 (Windows NT 6.1; rv:55.0) Gecko/20100101 Firefox/55.0"
80.122.130.46 - - [13/Sep/2017:15:53:39 +0200] "GET /gui/javascript/form_form.js?1505310818 HTTP/1.1" 200 16206 "http://ed.activities.at/entry.php?id=10271&&ser=310758" "Mozilla/5.0 (Windows NT 6.1; rv:55.0) Gecko/20100101 Firefox/55.0"
80.122.130.46 - - [13/Sep/2017:15:54:39 +0200] "GET /entry.php?id=10271&&ser=310818 HTTP/1.1" 200 986 "http://ed.activities.at/entry.php?id=10271&&ser=310758" "Mozilla/5.0 (Windows NT 6.1; rv:55.0) Gecko/20100101 Firefox/55.0"
80.122.130.46 - - [13/Sep/2017:15:54:39 +0200] "GET /gui/javascript/form_form.js?1505310879 HTTP/1.1" 200 16206 "http://ed.activities.at/entry.php?id=10271&&ser=310818" "Mozilla/5.0 (Windows NT 6.1; rv:55.0) Gecko/20100101 Firefox/55.0"
80.122.130.46 - - [13/Sep/2017:15:55:39 +0200] "GET /entry.php?id=10271&&ser=310879 HTTP/1.1" 200 987 "http://ed.activities.at/entry.php?id=10271&&ser=310818" "Mozilla/5.0 (Windows NT 6.1; rv:55.0) Gecko/20100101 Firefox/55.0"
80.122.130.46 - - [13/Sep/2017:15:55:40 +0200] "GET /gui/javascript/form_form.js?1505310940 HTTP/1.1" 200 16206 "http://ed.activities.at/entry.php?id=10271&&ser=310879" "Mozilla/5.0 (Windows NT 6.1; rv:55.0) Gecko/20100101 Firefox/55.0"
80.122.130.46 - - [13/Sep/2017:15:56:40 +0200] "GET /entry.php?id=10271&&ser=310940 HTTP/1.1" 200 986 "http://ed.activities.at/entry.php?id=10271&&ser=310879" "Mozilla/5.0 (Windows NT 6.1; rv:55.0) Gecko/20100101 Firefox/55.0"
80.122.130.46 - - [13/Sep/2017:15:56:40 +0200] "GET /gui/javascript/form_form.js?1505311000 HTTP/1.1" 200 16206 "http://ed.activities.at/entry.php?id=10271&&ser=310940" "Mozilla/5.0 (Windows NT 6.1; rv:55.0) Gecko/20100101 Firefox/55.0"
80.122.130.46 - - [13/Sep/2017:15:57:40 +0200] "GET /entry.php?id=10271&&ser=311000 HTTP/1.1" 200 986 "http://ed.activities.at/entry.php?id=10271&&ser=310940" "Mozilla/5.0 (Windows NT 6.1; rv:55.0) Gecko/20100101 Firefox/55.0"
80.122.130.46 - - [13/Sep/2017:15:57:41 +0200] "GET /gui/javascript/form_form.js?1505311061 HTTP/1.1" 200 16206 "http://ed.activities.at/entry.php?id=10271&&ser=311000" "Mozilla/5.0 (Windows NT 6.1; rv:55.0) Gecko/20100101 Firefox/55.0"
80.122.130.46 - - [13/Sep/2017:15:58:41 +0200] "GET /entry.php?id=10271&&ser=311061 HTTP/1.1" 200 986 "http://ed.activities.at/entry.php?id=10271&&ser=311000" "Mozilla/5.0 (Windows NT 6.1; rv:55.0) Gecko/20100101 Firefox/55.0"
80.122.130.46 - - [13/Sep/2017:15:58:41 +0200] "GET /gui/javascript/form_form.js?1505311121 HTTP/1.1" 200 16206 "http://ed.activities.at/entry.php?id=10271&&ser=311061" "Mozilla/5.0 (Windows NT 6.1; rv:55.0) Gecko/20100101 Firefox/55.0"
80.122.130.46 - - [13/Sep/2017:15:59:41 +0200] "GET /entry.php?id=10271&&ser=311121 HTTP/1.1" 200 987 "http://ed.activities.at/entry.php?id=10271&&ser=311061" "Mozilla/5.0 (Windows NT 6.1; rv:55.0) Gecko/20100101 Firefox/55.0"
80.122.130.46 - - [13/Sep/2017:15:59:42 +0200] "GET /gui/javascript/form_form.js?1505311182 HTTP/1.1" 200 16206 "http://ed.activities.at/entry.php?id=10271&&ser=311121" "Mozilla/5.0 (Windows NT 6.1; rv:55.0) Gecko/20100101 Firefox/55.0"
80.122.130.46 - - [13/Sep/2017:16:00:42 +0200] "GET /entry.php?id=10271&&ser=311182 HTTP/1.1" 200 988 "http://ed.activities.at/entry.php?id=10271&&ser=311121" "Mozilla/5.0 (Windows NT 6.1; rv:55.0) Gecko/20100101 Firefox/55.0"
80.122.130.46 - - [13/Sep/2017:16:00:42 +0200] "GET /gui/javascript/form_form.js?1505311242 HTTP/1.1" 200 16206 "http://ed.activities.at/entry.php?id=10271&&ser=311182" "Mozilla/5.0 (Windows NT 6.1; rv:55.0) Gecko/20100101 Firefox/55.0"
80.122.130.46 - - [13/Sep/2017:16:01:42 +0200] "GET /entry.php?id=10271&&ser=311242 HTTP/1.1" 200 986 "http://ed.activities.at/entry.php?id=10271&&ser=311182" "Mozilla/5.0 (Windows NT 6.1; rv:55.0) Gecko/20100101 Firefox/55.0"
80.122.130.46 - - [13/Sep/2017:16:01:43 +0200] "GET /gui/javascript/form_form.js?1505311303 HTTP/1.1" 200 16206 "http://ed.activities.at/entry.php?id=10271&&ser=311242" "Mozilla/5.0 (Windows NT 6.1; rv:55.0) Gecko/20100101 Firefox/55.0"
80.122.130.46 - - [13/Sep/2017:16:02:43 +0200] "GET /entry.php?id=10271&&ser=311303 HTTP/1.1" 200 987 "http://ed.activities.at/entry.php?id=10271&&ser=311242" "Mozilla/5.0 (Windows NT 6.1; rv:55.0) Gecko/20100101 Firefox/55.0"
80.122.130.46 - - [13/Sep/2017:16:02:43 +0200] "GET /gui/javascript/form_form.js?1505311363 HTTP/1.1" 200 16206 "http://ed.activities.at/entry.php?id=10271&&ser=311303" "Mozilla/5.0 (Windows NT 6.1; rv:55.0) Gecko/20100101 Firefox/55.0"
80.122.130.46 - - [13/Sep/2017:16:03:44 +0200] "GET /entry.php?id=10271&&ser=311363 HTTP/1.1" 200 987 "http://ed.activities.at/entry.php?id=10271&&ser=311303" "Mozilla/5.0 (Windows NT 6.1; rv:55.0) Gecko/20100101 Firefox/55.0"
