83.65.142.74 - - [19/Sep/2017:15:49:06 +0200] "GET /framework/icons/rowselect.gif HTTP/1.1" 200 67 "http://easydrivers.activities.at/entry.php?id=10778&form=11490&name=list&" "Mozilla/5.0 (Windows NT 10.0; Trident/7.0; rv:11.0) like Gecko"
83.65.142.74 - - [19/Sep/2017:15:49:06 +0200] "GET /gui/images/icons/user_link.png HTTP/1.1" 200 905 "http://easydrivers.activities.at/entry.php?id=10776&form=11522&name=list&" "Mozilla/5.0 (Windows NT 10.0; Trident/7.0; rv:11.0) like Gecko"
83.65.142.74 - - [19/Sep/2017:15:49:06 +0200] "GET /gui/images/icons/user_add.png HTTP/1.1" 200 746 "http://easydrivers.activities.at/entry.php?id=10776&form=11522&name=list&" "Mozilla/5.0 (Windows NT 10.0; Trident/7.0; rv:11.0) like Gecko"
83.65.142.74 - - [19/Sep/2017:15:49:06 +0200] "GET /gui/images/icons/group.gif HTTP/1.1" 200 1014 "http://easydrivers.activities.at/entry.php?id=10776&form=11522&name=list&" "Mozilla/5.0 (Windows NT 10.0; Trident/7.0; rv:11.0) like Gecko"
83.65.142.74 - - [19/Sep/2017:15:49:06 +0200] "GET /gui/images/icons/user_edit.png HTTP/1.1" 200 833 "http://easydrivers.activities.at/entry.php?id=10776&form=11522&name=list&" "Mozilla/5.0 (Windows NT 10.0; Trident/7.0; rv:11.0) like Gecko"
83.65.142.74 - - [19/Sep/2017:15:49:16 +0200] "GET /entry.php?id=10271&&ser=828891 HTTP/1.1" 200 988 "http://easydrivers.activities.at/entry.php?id=10271&UIN=430ca674073470f0ce5800d8b81931a9" "Mozilla/5.0 (Windows NT 10.0; Trident/7.0; rv:11.0) like Gecko"
83.65.142.74 - - [19/Sep/2017:15:49:17 +0200] "GET /gui/javascript/form_form.js?1505828957 HTTP/1.1" 200 16206 "http://easydrivers.activities.at/entry.php?id=10271&&ser=828891" "Mozilla/5.0 (Windows NT 10.0; Trident/7.0; rv:11.0) like Gecko"
83.65.142.74 - - [19/Sep/2017:15:49:19 +0200] "GET /entry.php?id=11673 HTTP/1.1" 200 358 "http://easydrivers.activities.at/entry.php?id=11412" "Mozilla/5.0 (Windows NT 10.0; Trident/7.0; rv:11.0) like Gecko"
83.65.142.74 - - [19/Sep/2017:15:49:19 +0200] "GET /entry.php?id=10676&&title=F\xfchrerscheinkurse HTTP/1.1" 200 1395 "http://easydrivers.activities.at/entry.php?id=11673" "Mozilla/5.0 (Windows NT 10.0; Trident/7.0; rv:11.0) like Gecko"
83.65.142.74 - - [19/Sep/2017:15:49:20 +0200] "GET /gui/javascript/form_form.js?1505828960 HTTP/1.1" 200 16206 "http://easydrivers.activities.at/entry.php?id=10676&&title=F%C3%BChrerscheinkurse" "Mozilla/5.0 (Windows NT 10.0; Trident/7.0; rv:11.0) like Gecko"
83.65.142.74 - - [19/Sep/2017:15:49:19 +0200] "GET /entry.php?id=11694& HTTP/1.1" 200 2822 "http://easydrivers.activities.at/entry.php?id=11673" "Mozilla/5.0 (Windows NT 10.0; Trident/7.0; rv:11.0) like Gecko"
83.65.142.74 - - [19/Sep/2017:15:49:19 +0200] "GET /entry.php?id=11671& HTTP/1.1" 200 4538 "http://easydrivers.activities.at/entry.php?id=11673" "Mozilla/5.0 (Windows NT 10.0; Trident/7.0; rv:11.0) like Gecko"
83.65.142.74 - - [19/Sep/2017:15:49:19 +0200] "GET /entry.php?id=11672& HTTP/1.1" 200 2691 "http://easydrivers.activities.at/entry.php?id=11673" "Mozilla/5.0 (Windows NT 10.0; Trident/7.0; rv:11.0) like Gecko"
83.65.142.74 - - [19/Sep/2017:15:49:21 +0200] "GET /gui/javascript/form_ed_training_course.js HTTP/1.1" 200 1951 "http://easydrivers.activities.at/entry.php?id=11694&" "Mozilla/5.0 (Windows NT 10.0; Trident/7.0; rv:11.0) like Gecko"
83.65.142.74 - - [19/Sep/2017:15:49:21 +0200] "GET /activities/framework/KoolControls/KoolTreeView/icons/square_blueS.gif HTTP/1.1" 200 540 "http://easydrivers.activities.at/entry.php?id=11694&" "Mozilla/5.0 (Windows NT 10.0; Trident/7.0; rv:11.0) like Gecko"
83.65.142.74 - - [19/Sep/2017:15:49:21 +0200] "GET /activities/framework/KoolControls/KoolTreeView/icons/square_yellowS.gif HTTP/1.1" 200 541 "http://easydrivers.activities.at/entry.php?id=11694&" "Mozilla/5.0 (Windows NT 10.0; Trident/7.0; rv:11.0) like Gecko"
83.65.142.74 - - [19/Sep/2017:15:49:21 +0200] "GET /activities/framework/KoolControls/KoolTreeView/icons/Folder.gif HTTP/1.1" 200 267 "http://easydrivers.activities.at/entry.php?id=11694&" "Mozilla/5.0 (Windows NT 10.0; Trident/7.0; rv:11.0) like Gecko"
83.65.142.74 - - [19/Sep/2017:15:49:21 +0200] "GET /activities/framework/KoolControls/KoolAjax/koolajax.php?8436e354c842500aba3cbaf0584c0c24 HTTP/1.1" 200 4079 "http://easydrivers.activities.at/entry.php?id=11694&" "Mozilla/5.0 (Windows NT 10.0; Trident/7.0; rv:11.0) like Gecko"
83.65.142.74 - - [19/Sep/2017:15:49:22 +0200] "GET /activities/framework/KoolControls/KoolTreeView/kooltreeview.php?c7cd9180e88ffef8e70f13526bb4f5f7 HTTP/1.1" 200 5055 "http://easydrivers.activities.at/entry.php?id=11694&" "Mozilla/5.0 (Windows NT 10.0; Trident/7.0; rv:11.0) like Gecko"
83.65.142.74 - - [19/Sep/2017:15:49:22 +0200] "GET /entry.php?id=10776&form=11496&name=list& HTTP/1.1" 200 1526 "http://easydrivers.activities.at/entry.php?id=11671&" "Mozilla/5.0 (Windows NT 10.0; Trident/7.0; rv:11.0) like Gecko"
83.65.142.74 - - [19/Sep/2017:15:49:22 +0200] "GET /entry.php?id=10778&form=11496&name=list& HTTP/1.1" 200 2493 "http://easydrivers.activities.at/entry.php?id=11671&" "Mozilla/5.0 (Windows NT 10.0; Trident/7.0; rv:11.0) like Gecko"
83.65.142.74 - - [19/Sep/2017:15:49:23 +0200] "GET /gui/images/icons/website.gif HTTP/1.1" 200 1049 "http://easydrivers.activities.at/entry.php?id=10776&form=11496&name=list&" "Mozilla/5.0 (Windows NT 10.0; Trident/7.0; rv:11.0) like Gecko"
83.65.142.74 - - [19/Sep/2017:15:49:23 +0200] "GET /gui/javascript/form_form.js?1505828961 HTTP/1.1" 200 16206 "http://easydrivers.activities.at/entry.php?id=11672&" "Mozilla/5.0 (Windows NT 10.0; Trident/7.0; rv:11.0) like Gecko"
83.65.142.74 - - [19/Sep/2017:15:49:26 +0200] "GET /entry.php?id=10778&form=11497&name=list& HTTP/1.1" 200 5001 "http://easydrivers.activities.at/entry.php?id=11672&" "Mozilla/5.0 (Windows NT 10.0; Trident/7.0; rv:11.0) like Gecko"
83.65.142.74 - - [19/Sep/2017:15:49:26 +0200] "GET /entry.php?id=10776&form=11497&name=list& HTTP/1.1" 200 1941 "http://easydrivers.activities.at/entry.php?id=11672&" "Mozilla/5.0 (Windows NT 10.0; Trident/7.0; rv:11.0) like Gecko"
83.65.142.74 - - [19/Sep/2017:15:49:27 +0200] "GET /framework/icons/sortUp.gif HTTP/1.1" 200 53 "http://easydrivers.activities.at/entry.php?id=10776&form=11497&name=list&" "Mozilla/5.0 (Windows NT 10.0; Trident/7.0; rv:11.0) like Gecko"
212.108.43.59 - - [19/Sep/2017:15:49:28 +0200] "GET /entry.php?id=10271&&ser=828907 HTTP/1.1" 200 987 "http://ed.activities.at/entry.php?id=10271&&ser=828846" "Mozilla/5.0 (Windows NT 10.0; Win64; x64) AppleWebKit/537.36 (KHTML, like Gecko) Chrome/60.0.3112.113 Safari/537.36"
212.108.43.59 - - [19/Sep/2017:15:49:28 +0200] "GET /gui/javascript/form_form.js?1505828968 HTTP/1.1" 200 16206 "http://ed.activities.at/entry.php?id=10271&&ser=828907" "Mozilla/5.0 (Windows NT 10.0; Win64; x64) AppleWebKit/537.36 (KHTML, like Gecko) Chrome/60.0.3112.113 Safari/537.36"
212.108.43.59 - - [19/Sep/2017:15:49:45 +0200] "POST /entry.php?id=11671 HTTP/1.1" 200 4791 "http://ed.activities.at/entry.php?id=11671" "Mozilla/5.0 (Macintosh; Intel Mac OS X 10_12_6) AppleWebKit/537.36 (KHTML, like Gecko) Chrome/60.0.3112.113 Safari/537.36"
212.108.43.59 - - [19/Sep/2017:15:49:47 +0200] "GET /gui/javascript/form_form.js?1505828987 HTTP/1.1" 200 16206 "http://ed.activities.at/entry.php?id=11671" "Mozilla/5.0 (Macintosh; Intel Mac OS X 10_12_6) AppleWebKit/537.36 (KHTML, like Gecko) Chrome/60.0.3112.113 Safari/537.36"
212.108.43.59 - - [19/Sep/2017:15:49:47 +0200] "GET /entry.php?id=10778&form=11496&name=list& HTTP/1.1" 200 3627 "http://ed.activities.at/entry.php?id=11671" "Mozilla/5.0 (Macintosh; Intel Mac OS X 10_12_6) AppleWebKit/537.36 (KHTML, like Gecko) Chrome/60.0.3112.113 Safari/537.36"
212.108.43.59 - - [19/Sep/2017:15:49:47 +0200] "GET /entry.php?id=10776&form=11496&name=list& HTTP/1.1" 200 1519 "http://ed.activities.at/entry.php?id=11671" "Mozilla/5.0 (Macintosh; Intel Mac OS X 10_12_6) AppleWebKit/537.36 (KHTML, like Gecko) Chrome/60.0.3112.113 Safari/537.36"
212.108.43.59 - - [19/Sep/2017:15:49:48 +0200] "POST /entry.php?id=11671 HTTP/1.1" 200 4665 "http://ed.activities.at/entry.php?id=11671" "Mozilla/5.0 (Macintosh; Intel Mac OS X 10_12_6) AppleWebKit/537.36 (KHTML, like Gecko) Chrome/60.0.3112.113 Safari/537.36"
212.108.43.59 - - [19/Sep/2017:15:49:49 +0200] "GET /gui/javascript/form_form.js?1505828989 HTTP/1.1" 200 16206 "http://ed.activities.at/entry.php?id=11671" "Mozilla/5.0 (Macintosh; Intel Mac OS X 10_12_6) AppleWebKit/537.36 (KHTML, like Gecko) Chrome/60.0.3112.113 Safari/537.36"
212.108.43.59 - - [19/Sep/2017:15:49:50 +0200] "GET /entry.php?id=10776&form=11496&name=list& HTTP/1.1" 200 1519 "http://ed.activities.at/entry.php?id=11671" "Mozilla/5.0 (Macintosh; Intel Mac OS X 10_12_6) AppleWebKit/537.36 (KHTML, like Gecko) Chrome/60.0.3112.113 Safari/537.36"
212.108.43.59 - - [19/Sep/2017:15:49:50 +0200] "GET /entry.php?id=10778&form=11496&name=list& HTTP/1.1" 200 3627 "http://ed.activities.at/entry.php?id=11671" "Mozilla/5.0 (Macintosh; Intel Mac OS X 10_12_6) AppleWebKit/537.36 (KHTML, like Gecko) Chrome/60.0.3112.113 Safari/537.36"
212.108.43.59 - - [19/Sep/2017:15:49:50 +0200] "POST /entry.php?id=11671 HTTP/1.1" 200 4801 "http://ed.activities.at/entry.php?id=11671" "Mozilla/5.0 (Macintosh; Intel Mac OS X 10_12_6) AppleWebKit/537.36 (KHTML, like Gecko) Chrome/60.0.3112.113 Safari/537.36"
212.108.43.59 - - [19/Sep/2017:15:49:51 +0200] "GET /gui/javascript/form_form.js?1505828991 HTTP/1.1" 200 16206 "http://ed.activities.at/entry.php?id=11671" "Mozilla/5.0 (Macintosh; Intel Mac OS X 10_12_6) AppleWebKit/537.36 (KHTML, like Gecko) Chrome/60.0.3112.113 Safari/537.36"
212.108.43.59 - - [19/Sep/2017:15:49:52 +0200] "GET /entry.php?id=10776&form=11496&name=list& HTTP/1.1" 200 1519 "http://ed.activities.at/entry.php?id=11671" "Mozilla/5.0 (Macintosh; Intel Mac OS X 10_12_6) AppleWebKit/537.36 (KHTML, like Gecko) Chrome/60.0.3112.113 Safari/537.36"
212.108.43.59 - - [19/Sep/2017:15:49:52 +0200] "GET /entry.php?id=10778&form=11496&name=list& HTTP/1.1" 200 3627 "http://ed.activities.at/entry.php?id=11671" "Mozilla/5.0 (Macintosh; Intel Mac OS X 10_12_6) AppleWebKit/537.36 (KHTML, like Gecko) Chrome/60.0.3112.113 Safari/537.36"
212.108.43.59 - - [19/Sep/2017:15:49:55 +0200] "GET /entry.php?id=11674 HTTP/1.1" 200 321 "http://ed.activities.at/entry.php?id=10270&__app__=10006038" "Mozilla/5.0 (Macintosh; Intel Mac OS X 10_12_6) AppleWebKit/537.36 (KHTML, like Gecko) Chrome/60.0.3112.113 Safari/537.36"
212.108.43.59 - - [19/Sep/2017:15:49:55 +0200] "GET /entry.php?id=11675& HTTP/1.1" 200 2633 "http://ed.activities.at/entry.php?id=11674" "Mozilla/5.0 (Macintosh; Intel Mac OS X 10_12_6) AppleWebKit/537.36 (KHTML, like Gecko) Chrome/60.0.3112.113 Safari/537.36"
212.108.43.59 - - [19/Sep/2017:15:49:55 +0200] "GET /entry.php?id=10676&&title=Aktionen HTTP/1.1" 200 1388 "http://ed.activities.at/entry.php?id=11674" "Mozilla/5.0 (Macintosh; Intel Mac OS X 10_12_6) AppleWebKit/537.36 (KHTML, like Gecko) Chrome/60.0.3112.113 Safari/537.36"
212.108.43.59 - - [19/Sep/2017:15:49:56 +0200] "GET /gui/javascript/form_form.js?1505828995 HTTP/1.1" 200 16206 "http://ed.activities.at/entry.php?id=11675&" "Mozilla/5.0 (Macintosh; Intel Mac OS X 10_12_6) AppleWebKit/537.36 (KHTML, like Gecko) Chrome/60.0.3112.113 Safari/537.36"
212.108.43.59 - - [19/Sep/2017:15:49:55 +0200] "GET /entry.php?id=11676& HTTP/1.1" 200 4385 "http://ed.activities.at/entry.php?id=11674" "Mozilla/5.0 (Macintosh; Intel Mac OS X 10_12_6) AppleWebKit/537.36 (KHTML, like Gecko) Chrome/60.0.3112.113 Safari/537.36"
212.108.43.59 - - [19/Sep/2017:15:49:56 +0200] "GET /gui/javascript/form_form.js?1505828996 HTTP/1.1" 200 16206 "http://ed.activities.at/entry.php?id=11676&" "Mozilla/5.0 (Macintosh; Intel Mac OS X 10_12_6) AppleWebKit/537.36 (KHTML, like Gecko) Chrome/60.0.3112.113 Safari/537.36"
212.108.43.59 - - [19/Sep/2017:15:49:56 +0200] "GET /entry.php?id=10776&form=11500&name=list& HTTP/1.1" 200 2404 "http://ed.activities.at/entry.php?id=11675&" "Mozilla/5.0 (Macintosh; Intel Mac OS X 10_12_6) AppleWebKit/537.36 (KHTML, like Gecko) Chrome/60.0.3112.113 Safari/537.36"
212.108.43.59 - - [19/Sep/2017:15:49:56 +0200] "GET /entry.php?id=10778&form=11500&name=list& HTTP/1.1" 200 2636 "http://ed.activities.at/entry.php?id=11675&" "Mozilla/5.0 (Macintosh; Intel Mac OS X 10_12_6) AppleWebKit/537.36 (KHTML, like Gecko) Chrome/60.0.3112.113 Safari/537.36"
212.108.43.59 - - [19/Sep/2017:15:49:57 +0200] "GET /entry.php?id=10271&&ser=828937 HTTP/1.1" 200 987 "http://ed.activities.at/entry.php?id=10271&&ser=828876" "Mozilla/5.0 (Macintosh; Intel Mac OS X 10_12_6) AppleWebKit/537.36 (KHTML, like Gecko) Chrome/60.0.3112.113 Safari/537.36"
212.108.43.59 - - [19/Sep/2017:15:49:58 +0200] "GET /gui/javascript/form_form.js?1505828998 HTTP/1.1" 200 16206 "http://ed.activities.at/entry.php?id=10271&&ser=828937" "Mozilla/5.0 (Macintosh; Intel Mac OS X 10_12_6) AppleWebKit/537.36 (KHTML, like Gecko) Chrome/60.0.3112.113 Safari/537.36"
212.108.43.59 - - [19/Sep/2017:15:49:59 +0200] "GET /entry.php?id=11673 HTTP/1.1" 200 358 "http://ed.activities.at/entry.php?id=10270&__app__=10006038" "Mozilla/5.0 (Macintosh; Intel Mac OS X 10_12_6) AppleWebKit/537.36 (KHTML, like Gecko) Chrome/60.0.3112.113 Safari/537.36"
212.108.43.59 - - [19/Sep/2017:15:50:00 +0200] "GET /entry.php?id=10676&&title=F%FChrerscheinkurse HTTP/1.1" 200 1395 "http://ed.activities.at/entry.php?id=11673" "Mozilla/5.0 (Macintosh; Intel Mac OS X 10_12_6) AppleWebKit/537.36 (KHTML, like Gecko) Chrome/60.0.3112.113 Safari/537.36"
212.108.43.59 - - [19/Sep/2017:15:50:00 +0200] "GET /gui/javascript/form_form.js?1505829000 HTTP/1.1" 200 16206 "http://ed.activities.at/entry.php?id=10676&&title=F%FChrerscheinkurse" "Mozilla/5.0 (Macintosh; Intel Mac OS X 10_12_6) AppleWebKit/537.36 (KHTML, like Gecko) Chrome/60.0.3112.113 Safari/537.36"
212.108.43.59 - - [19/Sep/2017:15:50:00 +0200] "GET /entry.php?id=11694& HTTP/1.1" 200 2523 "http://ed.activities.at/entry.php?id=11673" "Mozilla/5.0 (Macintosh; Intel Mac OS X 10_12_6) AppleWebKit/537.36 (KHTML, like Gecko) Chrome/60.0.3112.113 Safari/537.36"
212.108.43.59 - - [19/Sep/2017:15:50:00 +0200] "GET /activities/framework/KoolControls/KoolAjax/koolajax.php?8436e354c842500aba3cbaf0584c0c24 HTTP/1.1" 200 4079 "http://ed.activities.at/entry.php?id=11694&" "Mozilla/5.0 (Macintosh; Intel Mac OS X 10_12_6) AppleWebKit/537.36 (KHTML, like Gecko) Chrome/60.0.3112.113 Safari/537.36"
212.108.43.59 - - [19/Sep/2017:15:50:00 +0200] "GET /activities/framework/KoolControls/KoolTreeView/kooltreeview.php?c7cd9180e88ffef8e70f13526bb4f5f7 HTTP/1.1" 200 5055 "http://ed.activities.at/entry.php?id=11694&" "Mozilla/5.0 (Macintosh; Intel Mac OS X 10_12_6) AppleWebKit/537.36 (KHTML, like Gecko) Chrome/60.0.3112.113 Safari/537.36"
212.108.43.59 - - [19/Sep/2017:15:50:00 +0200] "GET /entry.php?id=11671& HTTP/1.1" 200 4537 "http://ed.activities.at/entry.php?id=11673" "Mozilla/5.0 (Macintosh; Intel Mac OS X 10_12_6) AppleWebKit/537.36 (KHTML, like Gecko) Chrome/60.0.3112.113 Safari/537.36"
212.108.43.59 - - [19/Sep/2017:15:50:01 +0200] "GET /gui/javascript/form_form.js?1505829001 HTTP/1.1" 200 16206 "http://ed.activities.at/entry.php?id=11671&" "Mozilla/5.0 (Macintosh; Intel Mac OS X 10_12_6) AppleWebKit/537.36 (KHTML, like Gecko) Chrome/60.0.3112.113 Safari/537.36"
212.108.43.59 - - [19/Sep/2017:15:50:00 +0200] "GET /entry.php?id=11672& HTTP/1.1" 200 2690 "http://ed.activities.at/entry.php?id=11673" "Mozilla/5.0 (Macintosh; Intel Mac OS X 10_12_6) AppleWebKit/537.36 (KHTML, like Gecko) Chrome/60.0.3112.113 Safari/537.36"
212.108.43.59 - - [19/Sep/2017:15:50:01 +0200] "GET /entry.php?id=10778&form=11496&name=list& HTTP/1.1" 200 2493 "http://ed.activities.at/entry.php?id=11671&" "Mozilla/5.0 (Macintosh; Intel Mac OS X 10_12_6) AppleWebKit/537.36 (KHTML, like Gecko) Chrome/60.0.3112.113 Safari/537.36"
212.108.43.59 - - [19/Sep/2017:15:50:01 +0200] "GET /entry.php?id=10776&form=11496&name=list& HTTP/1.1" 200 1526 "http://ed.activities.at/entry.php?id=11671&" "Mozilla/5.0 (Macintosh; Intel Mac OS X 10_12_6) AppleWebKit/537.36 (KHTML, like Gecko) Chrome/60.0.3112.113 Safari/537.36"
212.108.43.59 - - [19/Sep/2017:15:50:01 +0200] "GET /entry.php?id=10776&form=11497&name=list& HTTP/1.1" 200 1940 "http://ed.activities.at/entry.php?id=11672&" "Mozilla/5.0 (Macintosh; Intel Mac OS X 10_12_6) AppleWebKit/537.36 (KHTML, like Gecko) Chrome/60.0.3112.113 Safari/537.36"
212.108.43.59 - - [19/Sep/2017:15:50:01 +0200] "GET /entry.php?id=10778&form=11497&name=list& HTTP/1.1" 200 2878 "http://ed.activities.at/entry.php?id=11672&" "Mozilla/5.0 (Macintosh; Intel Mac OS X 10_12_6) AppleWebKit/537.36 (KHTML, like Gecko) Chrome/60.0.3112.113 Safari/537.36"
212.108.43.59 - - [19/Sep/2017:15:50:03 +0200] "GET /entry.php?id=11681 HTTP/1.1" 200 328 "http://ed.activities.at/entry.php?id=10270&__app__=10006038" "Mozilla/5.0 (Macintosh; Intel Mac OS X 10_12_6) AppleWebKit/537.36 (KHTML, like Gecko) Chrome/60.0.3112.113 Safari/537.36"
212.108.43.59 - - [19/Sep/2017:15:50:03 +0200] "GET /entry.php?id=11683& HTTP/1.1" 200 2622 "http://ed.activities.at/entry.php?id=11681" "Mozilla/5.0 (Macintosh; Intel Mac OS X 10_12_6) AppleWebKit/537.36 (KHTML, like Gecko) Chrome/60.0.3112.113 Safari/537.36"
212.108.43.59 - - [19/Sep/2017:15:50:03 +0200] "GET /entry.php?id=10676&&title=Contentverwaltung HTTP/1.1" 200 1391 "http://ed.activities.at/entry.php?id=11681" "Mozilla/5.0 (Macintosh; Intel Mac OS X 10_12_6) AppleWebKit/537.36 (KHTML, like Gecko) Chrome/60.0.3112.113 Safari/537.36"
212.108.43.59 - - [19/Sep/2017:15:50:04 +0200] "GET /gui/javascript/form_form.js?1505829003 HTTP/1.1" 200 16206 "http://ed.activities.at/entry.php?id=11683&" "Mozilla/5.0 (Macintosh; Intel Mac OS X 10_12_6) AppleWebKit/537.36 (KHTML, like Gecko) Chrome/60.0.3112.113 Safari/537.36"
212.108.43.59 - - [19/Sep/2017:15:50:03 +0200] "GET /entry.php?id=11684& HTTP/1.1" 200 3804 "http://ed.activities.at/entry.php?id=11681" "Mozilla/5.0 (Macintosh; Intel Mac OS X 10_12_6) AppleWebKit/537.36 (KHTML, like Gecko) Chrome/60.0.3112.113 Safari/537.36"
212.108.43.59 - - [19/Sep/2017:15:50:04 +0200] "GET /gui/javascript/form_form.js?1505829004 HTTP/1.1" 200 16206 "http://ed.activities.at/entry.php?id=11684&" "Mozilla/5.0 (Macintosh; Intel Mac OS X 10_12_6) AppleWebKit/537.36 (KHTML, like Gecko) Chrome/60.0.3112.113 Safari/537.36"
212.108.43.59 - - [19/Sep/2017:15:50:04 +0200] "GET /entry.php?id=10776&form=11508&name=list& HTTP/1.1" 200 1851 "http://ed.activities.at/entry.php?id=11683&" "Mozilla/5.0 (Macintosh; Intel Mac OS X 10_12_6) AppleWebKit/537.36 (KHTML, like Gecko) Chrome/60.0.3112.113 Safari/537.36"
212.108.43.59 - - [19/Sep/2017:15:50:04 +0200] "GET /entry.php?id=10778&form=11508&name=list& HTTP/1.1" 200 2617 "http://ed.activities.at/entry.php?id=11683&" "Mozilla/5.0 (Macintosh; Intel Mac OS X 10_12_6) AppleWebKit/537.36 (KHTML, like Gecko) Chrome/60.0.3112.113 Safari/537.36"
212.108.43.59 - - [19/Sep/2017:15:50:05 +0200] "GET /entry.php?id=11679 HTTP/1.1" 200 312 "http://ed.activities.at/entry.php?id=10270&__app__=10006038" "Mozilla/5.0 (Macintosh; Intel Mac OS X 10_12_6) AppleWebKit/537.36 (KHTML, like Gecko) Chrome/60.0.3112.113 Safari/537.36"
212.108.43.59 - - [19/Sep/2017:15:50:06 +0200] "GET /entry.php?id=10676&title=Portal& HTTP/1.1" 200 1387 "http://ed.activities.at/entry.php?id=11679" "Mozilla/5.0 (Macintosh; Intel Mac OS X 10_12_6) AppleWebKit/537.36 (KHTML, like Gecko) Chrome/60.0.3112.113 Safari/537.36"
212.108.43.59 - - [19/Sep/2017:15:50:06 +0200] "GET /gui/javascript/form_form.js?1505829006 HTTP/1.1" 200 16206 "http://ed.activities.at/entry.php?id=10676&title=Portal&" "Mozilla/5.0 (Macintosh; Intel Mac OS X 10_12_6) AppleWebKit/537.36 (KHTML, like Gecko) Chrome/60.0.3112.113 Safari/537.36"
212.108.43.59 - - [19/Sep/2017:15:50:06 +0200] "GET /entry.php?id=11677& HTTP/1.1" 200 4375 "http://ed.activities.at/entry.php?id=11679" "Mozilla/5.0 (Macintosh; Intel Mac OS X 10_12_6) AppleWebKit/537.36 (KHTML, like Gecko) Chrome/60.0.3112.113 Safari/537.36"
212.108.43.59 - - [19/Sep/2017:15:50:07 +0200] "GET /gui/javascript/form_form.js?1505829007 HTTP/1.1" 200 16206 "http://ed.activities.at/entry.php?id=11677&" "Mozilla/5.0 (Macintosh; Intel Mac OS X 10_12_6) AppleWebKit/537.36 (KHTML, like Gecko) Chrome/60.0.3112.113 Safari/537.36"
212.108.43.59 - - [19/Sep/2017:15:50:06 +0200] "GET /entry.php?id=11678& HTTP/1.1" 200 3215 "http://ed.activities.at/entry.php?id=11679" "Mozilla/5.0 (Macintosh; Intel Mac OS X 10_12_6) AppleWebKit/537.36 (KHTML, like Gecko) Chrome/60.0.3112.113 Safari/537.36"
212.108.43.59 - - [19/Sep/2017:15:50:07 +0200] "GET /activities/framework/KoolControls/KoolAjax/koolajax.php?8436e354c842500aba3cbaf0584c0c24 HTTP/1.1" 200 4079 "http://ed.activities.at/entry.php?id=11678&" "Mozilla/5.0 (Macintosh; Intel Mac OS X 10_12_6) AppleWebKit/537.36 (KHTML, like Gecko) Chrome/60.0.3112.113 Safari/537.36"
212.108.43.59 - - [19/Sep/2017:15:50:07 +0200] "GET /activities/framework/KoolControls/KoolTreeView/kooltreeview.php?c7cd9180e88ffef8e70f13526bb4f5f7 HTTP/1.1" 200 5055 "http://ed.activities.at/entry.php?id=11678&" "Mozilla/5.0 (Macintosh; Intel Mac OS X 10_12_6) AppleWebKit/537.36 (KHTML, like Gecko) Chrome/60.0.3112.113 Safari/537.36"
212.108.43.59 - - [19/Sep/2017:15:50:07 +0200] "GET /entry.php?id=11618&&object=&item=&emu_class= HTTP/1.1" 200 1700 "http://ed.activities.at/entry.php?id=11677&" "Mozilla/5.0 (Macintosh; Intel Mac OS X 10_12_6) AppleWebKit/537.36 (KHTML, like Gecko) Chrome/60.0.3112.113 Safari/537.36"
212.108.43.59 - - [19/Sep/2017:15:50:07 +0200] "POST /entry.php?id=11677 HTTP/1.1" 200 4440 "http://ed.activities.at/entry.php?id=11677&" "Mozilla/5.0 (Macintosh; Intel Mac OS X 10_12_6) AppleWebKit/537.36 (KHTML, like Gecko) Chrome/60.0.3112.113 Safari/537.36"
212.108.43.59 - - [19/Sep/2017:15:50:08 +0200] "GET /gui/javascript/form_form.js?1505829008 HTTP/1.1" 200 16206 "http://ed.activities.at/entry.php?id=11677" "Mozilla/5.0 (Macintosh; Intel Mac OS X 10_12_6) AppleWebKit/537.36 (KHTML, like Gecko) Chrome/60.0.3112.113 Safari/537.36"
212.108.43.59 - - [19/Sep/2017:15:50:08 +0200] "POST /entry.php?id=11677 HTTP/1.1" 200 4440 "http://ed.activities.at/entry.php?id=11677" "Mozilla/5.0 (Macintosh; Intel Mac OS X 10_12_6) AppleWebKit/537.36 (KHTML, like Gecko) Chrome/60.0.3112.113 Safari/537.36"
212.108.43.59 - - [19/Sep/2017:15:50:09 +0200] "GET /gui/javascript/form_form.js?1505829009 HTTP/1.1" 200 16206 "http://ed.activities.at/entry.php?id=11677" "Mozilla/5.0 (Macintosh; Intel Mac OS X 10_12_6) AppleWebKit/537.36 (KHTML, like Gecko) Chrome/60.0.3112.113 Safari/537.36"
83.65.142.74 - - [19/Sep/2017:15:50:17 +0200] "GET /entry.php?id=10271&&ser=828957 HTTP/1.1" 200 986 "http://easydrivers.activities.at/entry.php?id=10271&&ser=828891" "Mozilla/5.0 (Windows NT 10.0; Trident/7.0; rv:11.0) like Gecko"
83.65.142.74 - - [19/Sep/2017:15:50:18 +0200] "GET /gui/javascript/form_form.js?1505829018 HTTP/1.1" 200 16206 "http://easydrivers.activities.at/entry.php?id=10271&&ser=828957" "Mozilla/5.0 (Windows NT 10.0; Trident/7.0; rv:11.0) like Gecko"
212.108.43.59 - - [19/Sep/2017:15:50:26 +0200] "GET /gui/javascript/jquery/css/gui-themes/images/ui-bg_flat_90_eeeeee_40x100.png HTTP/1.1" 200 180 "http://ed.activities.at/gui/javascript/jquery/css/gui-themes/custom.min.css" "Mozilla/5.0 (Macintosh; Intel Mac OS X 10_12_6) AppleWebKit/537.36 (KHTML, like Gecko) Chrome/60.0.3112.113 Safari/537.36"
212.108.43.59 - - [19/Sep/2017:15:50:26 +0200] "GET /entry.php?id=11666&chooserview=addnewmenueitem&hidetitle=true&object=10291547 HTTP/1.1" 200 3260 "http://ed.activities.at/entry.php?id=11412" "Mozilla/5.0 (Macintosh; Intel Mac OS X 10_12_6) AppleWebKit/537.36 (KHTML, like Gecko) Chrome/60.0.3112.113 Safari/537.36"
212.108.43.59 - - [19/Sep/2017:15:50:27 +0200] "GET /gui/javascript/form_form.js?1505829026 HTTP/1.1" 200 16206 "http://ed.activities.at/entry.php?id=11666&chooserview=addnewmenueitem&hidetitle=true&object=10291547" "Mozilla/5.0 (Macintosh; Intel Mac OS X 10_12_6) AppleWebKit/537.36 (KHTML, like Gecko) Chrome/60.0.3112.113 Safari/537.36"
212.108.43.59 - - [19/Sep/2017:15:50:29 +0200] "GET /entry.php?id=10271&&ser=828968 HTTP/1.1" 200 987 "http://ed.activities.at/entry.php?id=10271&&ser=828907" "Mozilla/5.0 (Windows NT 10.0; Win64; x64) AppleWebKit/537.36 (KHTML, like Gecko) Chrome/60.0.3112.113 Safari/537.36"
212.108.43.59 - - [19/Sep/2017:15:50:29 +0200] "GET /gui/javascript/form_form.js?1505829029 HTTP/1.1" 200 16206 "http://ed.activities.at/entry.php?id=10271&&ser=828968" "Mozilla/5.0 (Windows NT 10.0; Win64; x64) AppleWebKit/537.36 (KHTML, like Gecko) Chrome/60.0.3112.113 Safari/537.36"
212.108.43.59 - - [19/Sep/2017:15:50:31 +0200] "POST /entry.php?id=11677 HTTP/1.1" 200 3219 "http://ed.activities.at/entry.php?id=11677" "Mozilla/5.0 (Macintosh; Intel Mac OS X 10_12_6) AppleWebKit/537.36 (KHTML, like Gecko) Chrome/60.0.3112.113 Safari/537.36"
212.108.43.59 - - [19/Sep/2017:15:50:32 +0200] "GET /gui/javascript/form_form.js?1505829032 HTTP/1.1" 200 16206 "http://ed.activities.at/entry.php?id=11677" "Mozilla/5.0 (Macintosh; Intel Mac OS X 10_12_6) AppleWebKit/537.36 (KHTML, like Gecko) Chrome/60.0.3112.113 Safari/537.36"
212.108.43.59 - - [19/Sep/2017:15:50:32 +0200] "GET /entry.php?id=10778&form=11502&name=list& HTTP/1.1" 200 3793 "http://ed.activities.at/entry.php?id=11677" "Mozilla/5.0 (Macintosh; Intel Mac OS X 10_12_6) AppleWebKit/537.36 (KHTML, like Gecko) Chrome/60.0.3112.113 Safari/537.36"
212.108.43.59 - - [19/Sep/2017:15:50:32 +0200] "GET /entry.php?id=10776&form=11502&name=list& HTTP/1.1" 200 1475 "http://ed.activities.at/entry.php?id=11677" "Mozilla/5.0 (Macintosh; Intel Mac OS X 10_12_6) AppleWebKit/537.36 (KHTML, like Gecko) Chrome/60.0.3112.113 Safari/537.36"
212.108.43.59 - - [19/Sep/2017:15:50:32 +0200] "GET /gui/images/icons/disabled_edit.gif HTTP/1.1" 200 408 "http://ed.activities.at/entry.php?id=10778&form=11502&name=list&" "Mozilla/5.0 (Macintosh; Intel Mac OS X 10_12_6) AppleWebKit/537.36 (KHTML, like Gecko) Chrome/60.0.3112.113 Safari/537.36"
212.108.43.59 - - [19/Sep/2017:15:50:32 +0200] "GET /gui/images/icons/lupe.png HTTP/1.1" 200 723 "http://ed.activities.at/entry.php?id=10778&form=11502&name=list&" "Mozilla/5.0 (Macintosh; Intel Mac OS X 10_12_6) AppleWebKit/537.36 (KHTML, like Gecko) Chrome/60.0.3112.113 Safari/537.36"
212.108.43.59 - - [19/Sep/2017:15:50:34 +0200] "POST /entry.php?id=11677 HTTP/1.1" 200 4584 "http://ed.activities.at/entry.php?id=11677" "Mozilla/5.0 (Macintosh; Intel Mac OS X 10_12_6) AppleWebKit/537.36 (KHTML, like Gecko) Chrome/60.0.3112.113 Safari/537.36"
212.108.43.59 - - [19/Sep/2017:15:50:35 +0200] "GET /gui/javascript/form_form.js?1505829034 HTTP/1.1" 200 16206 "http://ed.activities.at/entry.php?id=11677" "Mozilla/5.0 (Macintosh; Intel Mac OS X 10_12_6) AppleWebKit/537.36 (KHTML, like Gecko) Chrome/60.0.3112.113 Safari/537.36"
212.108.43.59 - - [19/Sep/2017:15:50:37 +0200] "POST /entry.php?id=11677 HTTP/1.1" 200 3218 "http://ed.activities.at/entry.php?id=11677" "Mozilla/5.0 (Macintosh; Intel Mac OS X 10_12_6) AppleWebKit/537.36 (KHTML, like Gecko) Chrome/60.0.3112.113 Safari/537.36"
212.108.43.59 - - [19/Sep/2017:15:50:38 +0200] "GET /gui/javascript/form_form.js?1505829038 HTTP/1.1" 200 16206 "http://ed.activities.at/entry.php?id=11677" "Mozilla/5.0 (Macintosh; Intel Mac OS X 10_12_6) AppleWebKit/537.36 (KHTML, like Gecko) Chrome/60.0.3112.113 Safari/537.36"
212.108.43.59 - - [19/Sep/2017:15:50:38 +0200] "GET /entry.php?id=10776&form=11502&name=list& HTTP/1.1" 200 1475 "http://ed.activities.at/entry.php?id=11677" "Mozilla/5.0 (Macintosh; Intel Mac OS X 10_12_6) AppleWebKit/537.36 (KHTML, like Gecko) Chrome/60.0.3112.113 Safari/537.36"
212.108.43.59 - - [19/Sep/2017:15:50:38 +0200] "GET /entry.php?id=10778&form=11502&name=list& HTTP/1.1" 200 3793 "http://ed.activities.at/entry.php?id=11677" "Mozilla/5.0 (Macintosh; Intel Mac OS X 10_12_6) AppleWebKit/537.36 (KHTML, like Gecko) Chrome/60.0.3112.113 Safari/537.36"
212.108.43.59 - - [19/Sep/2017:15:50:44 +0200] "POST /entry.php?id=11677 HTTP/1.1" 200 3218 "http://ed.activities.at/entry.php?id=10778&form=11502&name=list&" "Mozilla/5.0 (Macintosh; Intel Mac OS X 10_12_6) AppleWebKit/537.36 (KHTML, like Gecko) Chrome/60.0.3112.113 Safari/537.36"
212.108.43.59 - - [19/Sep/2017:15:50:45 +0200] "GET /gui/javascript/form_form.js?1505829045 HTTP/1.1" 200 16206 "http://ed.activities.at/entry.php?id=11677" "Mozilla/5.0 (Macintosh; Intel Mac OS X 10_12_6) AppleWebKit/537.36 (KHTML, like Gecko) Chrome/60.0.3112.113 Safari/537.36"
212.108.43.59 - - [19/Sep/2017:15:50:45 +0200] "GET /entry.php?id=10778&form=11502&name=list& HTTP/1.1" 200 3793 "http://ed.activities.at/entry.php?id=11677" "Mozilla/5.0 (Macintosh; Intel Mac OS X 10_12_6) AppleWebKit/537.36 (KHTML, like Gecko) Chrome/60.0.3112.113 Safari/537.36"
212.108.43.59 - - [19/Sep/2017:15:50:45 +0200] "GET /entry.php?id=10776&form=11502&name=list& HTTP/1.1" 200 1475 "http://ed.activities.at/entry.php?id=11677" "Mozilla/5.0 (Macintosh; Intel Mac OS X 10_12_6) AppleWebKit/537.36 (KHTML, like Gecko) Chrome/60.0.3112.113 Safari/537.36"
212.108.43.59 - - [19/Sep/2017:15:50:46 +0200] "POST /entry.php?id=11677 HTTP/1.1" 200 4440 "http://ed.activities.at/entry.php?id=11677" "Mozilla/5.0 (Macintosh; Intel Mac OS X 10_12_6) AppleWebKit/537.36 (KHTML, like Gecko) Chrome/60.0.3112.113 Safari/537.36"
212.108.43.59 - - [19/Sep/2017:15:50:46 +0200] "GET /gui/javascript/form_form.js?1505829046 HTTP/1.1" 200 16206 "http://ed.activities.at/entry.php?id=11677" "Mozilla/5.0 (Macintosh; Intel Mac OS X 10_12_6) AppleWebKit/537.36 (KHTML, like Gecko) Chrome/60.0.3112.113 Safari/537.36"
83.65.142.74 - - [19/Sep/2017:15:50:52 +0200] "POST /entry.php?id=11671 HTTP/1.1" 200 4613 "http://easydrivers.activities.at/entry.php?id=11671&" "Mozilla/5.0 (Windows NT 10.0; Trident/7.0; rv:11.0) like Gecko"
83.65.142.74 - - [19/Sep/2017:15:50:53 +0200] "GET /gui/javascript/form_form.js?1505829053 HTTP/1.1" 200 16206 "http://easydrivers.activities.at/entry.php?id=11671" "Mozilla/5.0 (Windows NT 10.0; Trident/7.0; rv:11.0) like Gecko"
83.65.142.74 - - [19/Sep/2017:15:50:53 +0200] "GET /gui/images/icons/wizard.png HTTP/1.1" 200 724 "http://easydrivers.activities.at/entry.php?id=11671" "Mozilla/5.0 (Windows NT 10.0; Trident/7.0; rv:11.0) like Gecko"
83.65.142.74 - - [19/Sep/2017:15:50:54 +0200] "GET /entry.php?id=10776&form=11496&name=list& HTTP/1.1" 200 1519 "http://easydrivers.activities.at/entry.php?id=11671" "Mozilla/5.0 (Windows NT 10.0; Trident/7.0; rv:11.0) like Gecko"
83.65.142.74 - - [19/Sep/2017:15:50:54 +0200] "GET /entry.php?id=10778&form=11496&name=list& HTTP/1.1" 200 5627 "http://easydrivers.activities.at/entry.php?id=11671" "Mozilla/5.0 (Windows NT 10.0; Trident/7.0; rv:11.0) like Gecko"
212.108.43.59 - - [19/Sep/2017:15:50:54 +0200] "POST /entry.php?id=11677 HTTP/1.1" 200 5092 "http://ed.activities.at/entry.php?id=11677" "Mozilla/5.0 (Macintosh; Intel Mac OS X 10_12_6) AppleWebKit/537.36 (KHTML, like Gecko) Chrome/60.0.3112.113 Safari/537.36"
212.108.43.59 - - [19/Sep/2017:15:50:55 +0200] "GET /gui/javascript/form_form.js?1505829055 HTTP/1.1" 200 16206 "http://ed.activities.at/entry.php?id=11677" "Mozilla/5.0 (Macintosh; Intel Mac OS X 10_12_6) AppleWebKit/537.36 (KHTML, like Gecko) Chrome/60.0.3112.113 Safari/537.36"
212.108.43.59 - - [19/Sep/2017:15:50:55 +0200] "GET /entry.php?id=11618&&object=&item=10291667&emu_class= HTTP/1.1" 200 1708 "http://ed.activities.at/entry.php?id=11677" "Mozilla/5.0 (Macintosh; Intel Mac OS X 10_12_6) AppleWebKit/537.36 (KHTML, like Gecko) Chrome/60.0.3112.113 Safari/537.36"
212.108.43.59 - - [19/Sep/2017:15:50:56 +0200] "GET /gui/javascript/form_form.js?1505829056 HTTP/1.1" 200 16206 "http://ed.activities.at/entry.php?id=11618&&object=&item=10291667&emu_class=" "Mozilla/5.0 (Macintosh; Intel Mac OS X 10_12_6) AppleWebKit/537.36 (KHTML, like Gecko) Chrome/60.0.3112.113 Safari/537.36"
83.65.142.74 - - [19/Sep/2017:15:50:56 +0200] "GET /gui/images/icons/calendar.png HTTP/1.1" 200 675 "http://easydrivers.activities.at/entry.php?id=11671" "Mozilla/5.0 (Windows NT 10.0; Trident/7.0; rv:11.0) like Gecko"
212.108.43.59 - - [19/Sep/2017:15:50:58 +0200] "GET /entry.php?id=10271&&ser=828998 HTTP/1.1" 200 986 "http://ed.activities.at/entry.php?id=10271&&ser=828937" "Mozilla/5.0 (Macintosh; Intel Mac OS X 10_12_6) AppleWebKit/537.36 (KHTML, like Gecko) Chrome/60.0.3112.113 Safari/537.36"
212.108.43.59 - - [19/Sep/2017:15:50:58 +0200] "GET /gui/javascript/form_form.js?1505829058 HTTP/1.1" 200 16206 "http://ed.activities.at/entry.php?id=10271&&ser=828998" "Mozilla/5.0 (Macintosh; Intel Mac OS X 10_12_6) AppleWebKit/537.36 (KHTML, like Gecko) Chrome/60.0.3112.113 Safari/537.36"
212.108.43.59 - - [19/Sep/2017:15:50:59 +0200] "POST /entry.php?id=11677 HTTP/1.1" 200 4439 "http://ed.activities.at/entry.php?id=11677" "Mozilla/5.0 (Macintosh; Intel Mac OS X 10_12_6) AppleWebKit/537.36 (KHTML, like Gecko) Chrome/60.0.3112.113 Safari/537.36"
212.108.43.59 - - [19/Sep/2017:15:51:00 +0200] "GET /gui/javascript/form_form.js?1505829060 HTTP/1.1" 200 16206 "http://ed.activities.at/entry.php?id=11677" "Mozilla/5.0 (Macintosh; Intel Mac OS X 10_12_6) AppleWebKit/537.36 (KHTML, like Gecko) Chrome/60.0.3112.113 Safari/537.36"
83.65.142.74 - - [19/Sep/2017:15:51:10 +0200] "GET /gui/javascript/jquery/css/gui-themes/images/ui-bg_highlight-soft_25_ffef8f_1x100.png HTTP/1.1" 200 119 "http://easydrivers.activities.at/entry.php?id=11671" "Mozilla/5.0 (Windows NT 10.0; Trident/7.0; rv:11.0) like Gecko"
83.65.142.74 - - [19/Sep/2017:15:51:10 +0200] "GET /gui/javascript/jquery/css/gui-themes/images/ui-bg_flat_80_ece9d8_40x100.png HTTP/1.1" 200 183 "http://easydrivers.activities.at/entry.php?id=11671" "Mozilla/5.0 (Windows NT 10.0; Trident/7.0; rv:11.0) like Gecko"
83.65.142.74 - - [19/Sep/2017:15:51:10 +0200] "GET /gui/javascript/jquery/css/gui-themes/images/ui-icons_ffffff_256x240_ev.png HTTP/1.1" 200 6912 "http://easydrivers.activities.at/entry.php?id=11671" "Mozilla/5.0 (Windows NT 10.0; Trident/7.0; rv:11.0) like Gecko"
83.65.142.74 - - [19/Sep/2017:15:51:10 +0200] "GET /gui/javascript/jquery/css/gui-themes/images/ui-bg_flat_100_808080_40x100.png HTTP/1.1" 200 209 "http://easydrivers.activities.at/entry.php?id=11671" "Mozilla/5.0 (Windows NT 10.0; Trident/7.0; rv:11.0) like Gecko"
212.108.43.59 - - [19/Sep/2017:15:51:09 +0200] "GET /entry.php?id=11666&chooserview=addnewmenueitem&hidetitle=true&object=10291547 HTTP/1.1" 200 3260 "http://ed.activities.at/entry.php?id=11412" "Mozilla/5.0 (Macintosh; Intel Mac OS X 10_12_6) AppleWebKit/537.36 (KHTML, like Gecko) Chrome/60.0.3112.113 Safari/537.36"
212.108.43.59 - - [19/Sep/2017:15:51:10 +0200] "GET /gui/javascript/form_form.js?1505829070 HTTP/1.1" 200 16206 "http://ed.activities.at/entry.php?id=11666&chooserview=addnewmenueitem&hidetitle=true&object=10291547" "Mozilla/5.0 (Macintosh; Intel Mac OS X 10_12_6) AppleWebKit/537.36 (KHTML, like Gecko) Chrome/60.0.3112.113 Safari/537.36"
83.65.142.74 - - [19/Sep/2017:15:51:12 +0200] "GET /gui/javascript/jquery/css/gui-themes/images/ui-icons_000000_256x240_ev.png HTTP/1.1" 200 11218 "http://easydrivers.activities.at/entry.php?id=11671" "Mozilla/5.0 (Windows NT 10.0; Trident/7.0; rv:11.0) like Gecko"
83.65.142.74 - - [19/Sep/2017:15:51:17 +0200] "GET /gui/javascript/jquery/css/gui-themes/images/ui-bg_flat_100_ffffff_40x100.png HTTP/1.1" 200 178 "http://easydrivers.activities.at/entry.php?id=11671" "Mozilla/5.0 (Windows NT 10.0; Trident/7.0; rv:11.0) like Gecko"
212.108.43.59 - - [19/Sep/2017:15:51:19 +0200] "GET /entry.php?id=10287&login=1 HTTP/1.1" 200 2203 "http://ed.activities.at/entry.php?id=10273&" "Mozilla/5.0 (Macintosh; Intel Mac OS X 10_12_6) AppleWebKit/537.36 (KHTML, like Gecko) Chrome/60.0.3112.113 Safari/537.36"
212.108.43.59 - - [19/Sep/2017:15:51:19 +0200] "GET /gui/javascript/form_form.js?1505829079 HTTP/1.1" 200 16206 "http://ed.activities.at/entry.php?id=10287&login=1" "Mozilla/5.0 (Macintosh; Intel Mac OS X 10_12_6) AppleWebKit/537.36 (KHTML, like Gecko) Chrome/60.0.3112.113 Safari/537.36"
83.65.142.74 - - [19/Sep/2017:15:51:19 +0200] "GET /entry.php?id=10271&&ser=829018 HTTP/1.1" 200 987 "http://easydrivers.activities.at/entry.php?id=10271&&ser=828957" "Mozilla/5.0 (Windows NT 10.0; Trident/7.0; rv:11.0) like Gecko"
83.65.142.74 - - [19/Sep/2017:15:51:21 +0200] "GET /gui/javascript/form_form.js?1505829079 HTTP/1.1" 200 16206 "http://easydrivers.activities.at/entry.php?id=10271&&ser=829018" "Mozilla/5.0 (Windows NT 10.0; Trident/7.0; rv:11.0) like Gecko"
212.108.43.59 - - [19/Sep/2017:15:51:30 +0200] "GET /entry.php?id=10271&&ser=829029 HTTP/1.1" 200 987 "http://ed.activities.at/entry.php?id=10271&&ser=828968" "Mozilla/5.0 (Windows NT 10.0; Win64; x64) AppleWebKit/537.36 (KHTML, like Gecko) Chrome/60.0.3112.113 Safari/537.36"
212.108.43.59 - - [19/Sep/2017:15:51:30 +0200] "GET /gui/javascript/form_form.js?1505829090 HTTP/1.1" 200 16206 "http://ed.activities.at/entry.php?id=10271&&ser=829029" "Mozilla/5.0 (Windows NT 10.0; Win64; x64) AppleWebKit/537.36 (KHTML, like Gecko) Chrome/60.0.3112.113 Safari/537.36"
83.65.142.74 - - [19/Sep/2017:15:51:33 +0200] "POST /entry.php?id=11671 HTTP/1.1" 200 4721 "http://easydrivers.activities.at/entry.php?id=11671" "Mozilla/5.0 (Windows NT 10.0; Trident/7.0; rv:11.0) like Gecko"
83.65.142.74 - - [19/Sep/2017:15:51:33 +0200] "GET /gui/javascript/form_form.js?1505829093 HTTP/1.1" 200 16206 "http://easydrivers.activities.at/entry.php?id=11671" "Mozilla/5.0 (Windows NT 10.0; Trident/7.0; rv:11.0) like Gecko"
83.65.142.74 - - [19/Sep/2017:15:51:34 +0200] "GET /entry.php?id=10778&form=11496&name=list& HTTP/1.1" 200 5627 "http://easydrivers.activities.at/entry.php?id=11671" "Mozilla/5.0 (Windows NT 10.0; Trident/7.0; rv:11.0) like Gecko"
83.65.142.74 - - [19/Sep/2017:15:51:34 +0200] "GET /entry.php?id=10776&form=11496&name=list& HTTP/1.1" 200 1519 "http://easydrivers.activities.at/entry.php?id=11671" "Mozilla/5.0 (Windows NT 10.0; Trident/7.0; rv:11.0) like Gecko"
212.108.43.59 - - [19/Sep/2017:15:51:59 +0200] "GET /entry.php?id=10271&&ser=829058 HTTP/1.1" 200 987 "http://ed.activities.at/entry.php?id=10271&&ser=828998" "Mozilla/5.0 (Macintosh; Intel Mac OS X 10_12_6) AppleWebKit/537.36 (KHTML, like Gecko) Chrome/60.0.3112.113 Safari/537.36"
212.108.43.59 - - [19/Sep/2017:15:51:59 +0200] "GET /gui/javascript/form_form.js?1505829119 HTTP/1.1" 200 16206 "http://ed.activities.at/entry.php?id=10271&&ser=829058" "Mozilla/5.0 (Macintosh; Intel Mac OS X 10_12_6) AppleWebKit/537.36 (KHTML, like Gecko) Chrome/60.0.3112.113 Safari/537.36"
83.65.142.74 - - [19/Sep/2017:15:52:21 +0200] "GET /entry.php?id=10271&&ser=829079 HTTP/1.1" 200 987 "http://easydrivers.activities.at/entry.php?id=10271&&ser=829018" "Mozilla/5.0 (Windows NT 10.0; Trident/7.0; rv:11.0) like Gecko"
83.65.142.74 - - [19/Sep/2017:15:52:22 +0200] "GET /gui/javascript/form_form.js?1505829142 HTTP/1.1" 200 16206 "http://easydrivers.activities.at/entry.php?id=10271&&ser=829079" "Mozilla/5.0 (Windows NT 10.0; Trident/7.0; rv:11.0) like Gecko"
212.108.43.59 - - [19/Sep/2017:15:52:31 +0200] "GET /entry.php?id=10271&&ser=829090 HTTP/1.1" 200 987 "http://ed.activities.at/entry.php?id=10271&&ser=829029" "Mozilla/5.0 (Windows NT 10.0; Win64; x64) AppleWebKit/537.36 (KHTML, like Gecko) Chrome/60.0.3112.113 Safari/537.36"
212.108.43.59 - - [19/Sep/2017:15:52:31 +0200] "GET /gui/javascript/form_form.js?1505829151 HTTP/1.1" 200 16206 "http://ed.activities.at/entry.php?id=10271&&ser=829090" "Mozilla/5.0 (Windows NT 10.0; Win64; x64) AppleWebKit/537.36 (KHTML, like Gecko) Chrome/60.0.3112.113 Safari/537.36"
83.65.142.74 - - [19/Sep/2017:15:52:47 +0200] "POST /entry.php?id=11671 HTTP/1.1" 200 5010 "http://easydrivers.activities.at/entry.php?id=11671" "Mozilla/5.0 (Windows NT 10.0; Trident/7.0; rv:11.0) like Gecko"
83.65.142.74 - - [19/Sep/2017:15:52:48 +0200] "GET /gui/javascript/form_form.js?1505829168 HTTP/1.1" 200 16206 "http://easydrivers.activities.at/entry.php?id=11671" "Mozilla/5.0 (Windows NT 10.0; Trident/7.0; rv:11.0) like Gecko"
83.65.142.74 - - [19/Sep/2017:15:52:49 +0200] "GET /entry.php?id=10778&form=11496&name=list& HTTP/1.1" 200 5875 "http://easydrivers.activities.at/entry.php?id=11671" "Mozilla/5.0 (Windows NT 10.0; Trident/7.0; rv:11.0) like Gecko"
83.65.142.74 - - [19/Sep/2017:15:52:49 +0200] "GET /entry.php?id=10776&form=11496&name=list& HTTP/1.1" 200 1519 "http://easydrivers.activities.at/entry.php?id=11671" "Mozilla/5.0 (Windows NT 10.0; Trident/7.0; rv:11.0) like Gecko"
83.65.142.74 - - [19/Sep/2017:15:53:19 +0200] "POST /entry.php?id=11671 HTTP/1.1" 200 4979 "http://easydrivers.activities.at/entry.php?id=11671" "Mozilla/5.0 (Windows NT 10.0; Trident/7.0; rv:11.0) like Gecko"
83.65.142.74 - - [19/Sep/2017:15:53:20 +0200] "GET /gui/javascript/form_form.js?1505829200 HTTP/1.1" 200 16206 "http://easydrivers.activities.at/entry.php?id=11671" "Mozilla/5.0 (Windows NT 10.0; Trident/7.0; rv:11.0) like Gecko"
212.108.43.59 - - [19/Sep/2017:15:53:20 +0200] "GET /entry.php?id=10271&&ser=829119 HTTP/1.1" 200 987 "http://ed.activities.at/entry.php?id=10271&&ser=829058" "Mozilla/5.0 (Macintosh; Intel Mac OS X 10_12_6) AppleWebKit/537.36 (KHTML, like Gecko) Chrome/60.0.3112.113 Safari/537.36"
212.108.43.59 - - [19/Sep/2017:15:53:21 +0200] "GET /gui/javascript/form_form.js?1505829200 HTTP/1.1" 200 16206 "http://ed.activities.at/entry.php?id=10271&&ser=829119" "Mozilla/5.0 (Macintosh; Intel Mac OS X 10_12_6) AppleWebKit/537.36 (KHTML, like Gecko) Chrome/60.0.3112.113 Safari/537.36"
83.65.142.74 - - [19/Sep/2017:15:53:21 +0200] "GET /entry.php?id=10778&form=11496&name=list& HTTP/1.1" 200 5880 "http://easydrivers.activities.at/entry.php?id=11671" "Mozilla/5.0 (Windows NT 10.0; Trident/7.0; rv:11.0) like Gecko"
83.65.142.74 - - [19/Sep/2017:15:53:21 +0200] "GET /entry.php?id=10776&form=11496&name=list& HTTP/1.1" 200 1519 "http://easydrivers.activities.at/entry.php?id=11671" "Mozilla/5.0 (Windows NT 10.0; Trident/7.0; rv:11.0) like Gecko"
83.65.142.74 - - [19/Sep/2017:15:53:23 +0200] "GET /entry.php?id=10271&&ser=829142 HTTP/1.1" 200 987 "http://easydrivers.activities.at/entry.php?id=10271&&ser=829079" "Mozilla/5.0 (Windows NT 10.0; Trident/7.0; rv:11.0) like Gecko"
83.65.142.74 - - [19/Sep/2017:15:53:25 +0200] "GET /gui/javascript/form_form.js?1505829203 HTTP/1.1" 200 16206 "http://easydrivers.activities.at/entry.php?id=10271&&ser=829142" "Mozilla/5.0 (Windows NT 10.0; Trident/7.0; rv:11.0) like Gecko"
83.65.142.74 - - [19/Sep/2017:15:53:27 +0200] "POST /entry.php?id=11671 HTTP/1.1" 200 3193 "http://easydrivers.activities.at/entry.php?id=11671" "Mozilla/5.0 (Windows NT 10.0; Trident/7.0; rv:11.0) like Gecko"
83.65.142.74 - - [19/Sep/2017:15:53:27 +0200] "GET /gui/javascript/form_form.js?1505829207 HTTP/1.1" 200 16206 "http://easydrivers.activities.at/entry.php?id=11671" "Mozilla/5.0 (Windows NT 10.0; Trident/7.0; rv:11.0) like Gecko"
83.65.142.74 - - [19/Sep/2017:15:53:27 +0200] "GET /framework/webfx/javascript/tinymce/tinyEdit.js HTTP/1.1" 200 1251 "http://easydrivers.activities.at/entry.php?id=11671" "Mozilla/5.0 (Windows NT 10.0; Trident/7.0; rv:11.0) like Gecko"
83.65.142.74 - - [19/Sep/2017:15:53:27 +0200] "GET /framework/webfx/javascript/tinymce/tinymce.min.js HTTP/1.1" 200 101898 "http://easydrivers.activities.at/entry.php?id=11671" "Mozilla/5.0 (Windows NT 10.0; Trident/7.0; rv:11.0) like Gecko"
83.65.142.74 - - [19/Sep/2017:15:53:31 +0200] "GET /framework/webfx/javascript/tinymce/themes/modern/theme.min.js HTTP/1.1" 200 2636 "http://easydrivers.activities.at/entry.php?id=11671" "Mozilla/5.0 (Windows NT 10.0; Trident/7.0; rv:11.0) like Gecko"
83.65.142.74 - - [19/Sep/2017:15:53:31 +0200] "GET /framework/webfx/javascript/tinymce/langs/de.js HTTP/1.1" 200 3001 "http://easydrivers.activities.at/entry.php?id=11671" "Mozilla/5.0 (Windows NT 10.0; Trident/7.0; rv:11.0) like Gecko"
83.65.142.74 - - [19/Sep/2017:15:53:32 +0200] "GET /framework/webfx/javascript/tinymce/plugins/hr/plugin.min.js HTTP/1.1" 200 191 "http://easydrivers.activities.at/entry.php?id=11671" "Mozilla/5.0 (Windows NT 10.0; Trident/7.0; rv:11.0) like Gecko"
83.65.142.74 - - [19/Sep/2017:15:53:32 +0200] "GET /framework/webfx/javascript/tinymce/plugins/preview/plugin.min.js HTTP/1.1" 200 734 "http://easydrivers.activities.at/entry.php?id=11671" "Mozilla/5.0 (Windows NT 10.0; Trident/7.0; rv:11.0) like Gecko"
83.65.142.74 - - [19/Sep/2017:15:53:32 +0200] "GET /framework/webfx/javascript/tinymce/plugins/advlist/plugin.min.js HTTP/1.1" 200 613 "http://easydrivers.activities.at/entry.php?id=11671" "Mozilla/5.0 (Windows NT 10.0; Trident/7.0; rv:11.0) like Gecko"
83.65.142.74 - - [19/Sep/2017:15:53:32 +0200] "GET /framework/webfx/javascript/tinymce/plugins/lists/plugin.min.js HTTP/1.1" 200 2642 "http://easydrivers.activities.at/entry.php?id=11671" "Mozilla/5.0 (Windows NT 10.0; Trident/7.0; rv:11.0) like Gecko"
83.65.142.74 - - [19/Sep/2017:15:53:32 +0200] "GET /framework/webfx/javascript/tinymce/plugins/searchreplace/plugin.min.js HTTP/1.1" 200 2568 "http://easydrivers.activities.at/entry.php?id=11671" "Mozilla/5.0 (Windows NT 10.0; Trident/7.0; rv:11.0) like Gecko"
83.65.142.74 - - [19/Sep/2017:15:53:32 +0200] "GET /framework/webfx/javascript/tinymce/plugins/anchor/plugin.min.js HTTP/1.1" 200 338 "http://easydrivers.activities.at/entry.php?id=11671" "Mozilla/5.0 (Windows NT 10.0; Trident/7.0; rv:11.0) like Gecko"
83.65.142.74 - - [19/Sep/2017:15:53:32 +0200] "GET /framework/webfx/javascript/tinymce/plugins/wordcount/plugin.min.js HTTP/1.1" 200 524 "http://easydrivers.activities.at/entry.php?id=11671" "Mozilla/5.0 (Windows NT 10.0; Trident/7.0; rv:11.0) like Gecko"
83.65.142.74 - - [19/Sep/2017:15:53:32 +0200] "GET /framework/webfx/javascript/tinymce/plugins/visualblocks/plugin.min.js HTTP/1.1" 200 523 "http://easydrivers.activities.at/entry.php?id=11671" "Mozilla/5.0 (Windows NT 10.0; Trident/7.0; rv:11.0) like Gecko"
83.65.142.74 - - [19/Sep/2017:15:53:32 +0200] "GET /framework/webfx/javascript/tinymce/plugins/pagebreak/plugin.min.js HTTP/1.1" 200 636 "http://easydrivers.activities.at/entry.php?id=11671" "Mozilla/5.0 (Windows NT 10.0; Trident/7.0; rv:11.0) like Gecko"
83.65.142.74 - - [19/Sep/2017:15:53:32 +0200] "GET /framework/webfx/javascript/tinymce/plugins/visualchars/plugin.min.js HTTP/1.1" 200 602 "http://easydrivers.activities.at/entry.php?id=11671" "Mozilla/5.0 (Windows NT 10.0; Trident/7.0; rv:11.0) like Gecko"
212.108.43.59 - - [19/Sep/2017:15:53:32 +0200] "GET /entry.php?id=10271&&ser=829151 HTTP/1.1" 200 987 "http://ed.activities.at/entry.php?id=10271&&ser=829090" "Mozilla/5.0 (Windows NT 10.0; Win64; x64) AppleWebKit/537.36 (KHTML, like Gecko) Chrome/60.0.3112.113 Safari/537.36"
212.108.43.59 - - [19/Sep/2017:15:53:32 +0200] "GET /gui/javascript/form_form.js?1505829212 HTTP/1.1" 200 16206 "http://ed.activities.at/entry.php?id=10271&&ser=829151" "Mozilla/5.0 (Windows NT 10.0; Win64; x64) AppleWebKit/537.36 (KHTML, like Gecko) Chrome/60.0.3112.113 Safari/537.36"
83.65.142.74 - - [19/Sep/2017:15:53:32 +0200] "GET /framework/webfx/javascript/tinymce/plugins/nonbreaking/plugin.min.js HTTP/1.1" 200 371 "http://easydrivers.activities.at/entry.php?id=11671" "Mozilla/5.0 (Windows NT 10.0; Trident/7.0; rv:11.0) like Gecko"
83.65.142.74 - - [19/Sep/2017:15:53:32 +0200] "GET /framework/webfx/javascript/tinymce/plugins/template/plugin.min.js HTTP/1.1" 200 1703 "http://easydrivers.activities.at/entry.php?id=11671" "Mozilla/5.0 (Windows NT 10.0; Trident/7.0; rv:11.0) like Gecko"
83.65.142.74 - - [19/Sep/2017:15:53:32 +0200] "GET /framework/webfx/javascript/tinymce/plugins/colorpicker/plugin.min.js HTTP/1.1" 200 613 "http://easydrivers.activities.at/entry.php?id=11671" "Mozilla/5.0 (Windows NT 10.0; Trident/7.0; rv:11.0) like Gecko"
83.65.142.74 - - [19/Sep/2017:15:53:32 +0200] "GET /framework/webfx/javascript/tinymce/plugins/textcolor/plugin.min.js HTTP/1.1" 200 1636 "http://easydrivers.activities.at/entry.php?id=11671" "Mozilla/5.0 (Windows NT 10.0; Trident/7.0; rv:11.0) like Gecko"
83.65.142.74 - - [19/Sep/2017:15:53:32 +0200] "GET /framework/webfx/javascript/tinymce/plugins/paste/plugin.min.js HTTP/1.1" 200 6164 "http://easydrivers.activities.at/entry.php?id=11671" "Mozilla/5.0 (Windows NT 10.0; Trident/7.0; rv:11.0) like Gecko"
83.65.142.74 - - [19/Sep/2017:15:53:32 +0200] "GET /framework/webfx/javascript/tinymce/skins/lightgray/skin.ie7.min.css HTTP/1.1" 200 6148 "http://easydrivers.activities.at/entry.php?id=11671" "Mozilla/5.0 (Windows NT 10.0; Trident/7.0; rv:11.0) like Gecko"
83.65.142.74 - - [19/Sep/2017:15:53:33 +0200] "GET /framework/webfx/javascript/tinymce/skins/lightgray/content.min.css HTTP/1.1" 404 330 "http://easydrivers.activities.at/entry.php?id=11671" "Mozilla/5.0 (Windows NT 10.0; Trident/7.0; rv:11.0) like Gecko"
83.65.142.74 - - [19/Sep/2017:15:53:33 +0200] "GET /framework/webfx/javascript/tinymce/skins/lightgray/fonts/tinymce.eot HTTP/1.1" 200 10024 "http://easydrivers.activities.at/entry.php?id=11671" "Mozilla/5.0 (Windows NT 10.0; Trident/7.0; rv:11.0) like Gecko"
83.65.142.74 - - [19/Sep/2017:15:53:33 +0200] "GET /framework/webfx/javascript/tinymce/skins/lightgray/fonts/tinymce-small.eot HTTP/1.1" 200 10316 "http://easydrivers.activities.at/entry.php?id=11671" "Mozilla/5.0 (Windows NT 10.0; Trident/7.0; rv:11.0) like Gecko"
83.65.142.74 - - [19/Sep/2017:15:53:49 +0200] "POST /entry.php?id=11671 HTTP/1.1" 200 4774 "http://easydrivers.activities.at/entry.php?id=11671" "Mozilla/5.0 (Windows NT 10.0; Trident/7.0; rv:11.0) like Gecko"
83.65.142.74 - - [19/Sep/2017:15:53:49 +0200] "GET /gui/javascript/form_form.js?1505829229 HTTP/1.1" 200 16206 "http://easydrivers.activities.at/entry.php?id=11671" "Mozilla/5.0 (Windows NT 10.0; Trident/7.0; rv:11.0) like Gecko"
83.65.142.74 - - [19/Sep/2017:15:53:50 +0200] "GET /entry.php?id=10778&form=11496&name=list& HTTP/1.1" 200 5880 "http://easydrivers.activities.at/entry.php?id=11671" "Mozilla/5.0 (Windows NT 10.0; Trident/7.0; rv:11.0) like Gecko"
