213.163.226.237 - - [19/Sep/2017:14:09:32 +0200] "GET /entry.php?id=10778&form=11497&name=list& HTTP/1.1" 200 3595 "http://easydrivers.activities.at/entry.php?id=11672" "Mozilla/5.0 (Windows NT 10.0; Win64; x64; rv:55.0) Gecko/20100101 Firefox/55.0"
213.163.226.237 - - [19/Sep/2017:14:09:32 +0200] "GET /entry.php?id=10776&form=11497&name=list& HTTP/1.1" 200 1941 "http://easydrivers.activities.at/entry.php?id=11672" "Mozilla/5.0 (Windows NT 10.0; Win64; x64; rv:55.0) Gecko/20100101 Firefox/55.0"
213.163.226.237 - - [19/Sep/2017:14:09:35 +0200] "POST /entry.php?id=11671 HTTP/1.1" 200 4749 "http://easydrivers.activities.at/entry.php?id=11671" "Mozilla/5.0 (Windows NT 10.0; Win64; x64; rv:55.0) Gecko/20100101 Firefox/55.0"
213.163.226.237 - - [19/Sep/2017:14:09:35 +0200] "GET /gui/javascript/form_form.js?1505822975 HTTP/1.1" 200 16206 "http://easydrivers.activities.at/entry.php?id=11671" "Mozilla/5.0 (Windows NT 10.0; Win64; x64; rv:55.0) Gecko/20100101 Firefox/55.0"
213.163.226.237 - - [19/Sep/2017:14:09:36 +0200] "GET /entry.php?id=10776&form=11496&name=list& HTTP/1.1" 200 1519 "http://easydrivers.activities.at/entry.php?id=11671" "Mozilla/5.0 (Windows NT 10.0; Win64; x64; rv:55.0) Gecko/20100101 Firefox/55.0"
213.163.226.237 - - [19/Sep/2017:14:09:36 +0200] "GET /entry.php?id=10778&form=11496&name=list& HTTP/1.1" 200 4369 "http://easydrivers.activities.at/entry.php?id=11671" "Mozilla/5.0 (Windows NT 10.0; Win64; x64; rv:55.0) Gecko/20100101 Firefox/55.0"
213.163.226.237 - - [19/Sep/2017:14:09:44 +0200] "POST /entry.php?id=11671 HTTP/1.1" 200 4916 "http://easydrivers.activities.at/entry.php?id=11671" "Mozilla/5.0 (Windows NT 10.0; Win64; x64; rv:55.0) Gecko/20100101 Firefox/55.0"
213.163.226.237 - - [19/Sep/2017:14:09:45 +0200] "GET /gui/javascript/form_form.js?1505822985 HTTP/1.1" 200 16206 "http://easydrivers.activities.at/entry.php?id=11671" "Mozilla/5.0 (Windows NT 10.0; Win64; x64; rv:55.0) Gecko/20100101 Firefox/55.0"
213.163.226.237 - - [19/Sep/2017:14:09:45 +0200] "GET /entry.php?id=10776&form=11496&name=list& HTTP/1.1" 200 1519 "http://easydrivers.activities.at/entry.php?id=11671" "Mozilla/5.0 (Windows NT 10.0; Win64; x64; rv:55.0) Gecko/20100101 Firefox/55.0"
213.163.226.237 - - [19/Sep/2017:14:09:45 +0200] "GET /entry.php?id=10778&form=11496&name=list& HTTP/1.1" 200 4369 "http://easydrivers.activities.at/entry.php?id=11671" "Mozilla/5.0 (Windows NT 10.0; Win64; x64; rv:55.0) Gecko/20100101 Firefox/55.0"
212.108.43.59 - - [19/Sep/2017:14:09:54 +0200] "GET /entry.php?id=10271&&ser=822934 HTTP/1.1" 200 987 "http://ed.activities.at/entry.php?id=10271&&ser=822873" "Mozilla/5.0 (Macintosh; Intel Mac OS X 10_12_6) AppleWebKit/537.36 (KHTML, like Gecko) Chrome/60.0.3112.113 Safari/537.36"
212.108.43.59 - - [19/Sep/2017:14:09:55 +0200] "GET /gui/javascript/form_form.js?1505822995 HTTP/1.1" 200 16206 "http://ed.activities.at/entry.php?id=10271&&ser=822934" "Mozilla/5.0 (Macintosh; Intel Mac OS X 10_12_6) AppleWebKit/537.36 (KHTML, like Gecko) Chrome/60.0.3112.113 Safari/537.36"
213.163.226.237 - - [19/Sep/2017:14:10:16 +0200] "POST /entry.php?id=11671 HTTP/1.1" 200 3200 "http://easydrivers.activities.at/entry.php?id=11671" "Mozilla/5.0 (Windows NT 10.0; Win64; x64; rv:55.0) Gecko/20100101 Firefox/55.0"
213.163.226.237 - - [19/Sep/2017:14:10:16 +0200] "GET /gui/javascript/form_form.js?1505823016 HTTP/1.1" 200 16206 "http://easydrivers.activities.at/entry.php?id=11671" "Mozilla/5.0 (Windows NT 10.0; Win64; x64; rv:55.0) Gecko/20100101 Firefox/55.0"
213.163.226.237 - - [19/Sep/2017:14:10:17 +0200] "GET /framework/webfx/javascript/tinymce/skins/lightgray/content.min.css HTTP/1.1" 404 330 "http://easydrivers.activities.at/entry.php?id=11671" "Mozilla/5.0 (Windows NT 10.0; Win64; x64; rv:55.0) Gecko/20100101 Firefox/55.0"
213.163.226.237 - - [19/Sep/2017:14:10:17 +0200] "POST /entry.php?id=11671 HTTP/1.1" 200 3180 "http://easydrivers.activities.at/entry.php?id=11671" "Mozilla/5.0 (Windows NT 10.0; Win64; x64; rv:55.0) Gecko/20100101 Firefox/55.0"
213.163.226.237 - - [19/Sep/2017:14:10:18 +0200] "GET /gui/javascript/form_form.js?1505823018 HTTP/1.1" 200 16206 "http://easydrivers.activities.at/entry.php?id=11671" "Mozilla/5.0 (Windows NT 10.0; Win64; x64; rv:55.0) Gecko/20100101 Firefox/55.0"
213.163.226.237 - - [19/Sep/2017:14:10:19 +0200] "GET /framework/webfx/javascript/tinymce/skins/lightgray/content.min.css HTTP/1.1" 404 330 "http://easydrivers.activities.at/entry.php?id=11671" "Mozilla/5.0 (Windows NT 10.0; Win64; x64; rv:55.0) Gecko/20100101 Firefox/55.0"
213.163.226.237 - - [19/Sep/2017:14:10:23 +0200] "POST /entry.php?id=11671 HTTP/1.1" 200 4739 "http://easydrivers.activities.at/entry.php?id=11671" "Mozilla/5.0 (Windows NT 10.0; Win64; x64; rv:55.0) Gecko/20100101 Firefox/55.0"
213.163.226.237 - - [19/Sep/2017:14:10:24 +0200] "GET /gui/javascript/form_form.js?1505823024 HTTP/1.1" 200 16206 "http://easydrivers.activities.at/entry.php?id=11671" "Mozilla/5.0 (Windows NT 10.0; Win64; x64; rv:55.0) Gecko/20100101 Firefox/55.0"
213.163.226.237 - - [19/Sep/2017:14:10:25 +0200] "GET /entry.php?id=10778&form=11496&name=list& HTTP/1.1" 200 4391 "http://easydrivers.activities.at/entry.php?id=11671" "Mozilla/5.0 (Windows NT 10.0; Win64; x64; rv:55.0) Gecko/20100101 Firefox/55.0"
213.163.226.237 - - [19/Sep/2017:14:10:25 +0200] "GET /entry.php?id=10776&form=11496&name=list& HTTP/1.1" 200 1519 "http://easydrivers.activities.at/entry.php?id=11671" "Mozilla/5.0 (Windows NT 10.0; Win64; x64; rv:55.0) Gecko/20100101 Firefox/55.0"
213.163.226.237 - - [19/Sep/2017:14:10:26 +0200] "GET /entry.php?id=10271&&ser=822965 HTTP/1.1" 200 986 "http://easydrivers.activities.at/entry.php?id=10271&&ser=822905" "Mozilla/5.0 (Windows NT 10.0; Win64; x64; rv:55.0) Gecko/20100101 Firefox/55.0"
213.163.226.237 - - [19/Sep/2017:14:10:26 +0200] "GET /gui/javascript/form_form.js?1505823026 HTTP/1.1" 200 16206 "http://easydrivers.activities.at/entry.php?id=10271&&ser=822965" "Mozilla/5.0 (Windows NT 10.0; Win64; x64; rv:55.0) Gecko/20100101 Firefox/55.0"
213.163.226.237 - - [19/Sep/2017:14:10:35 +0200] "POST /entry.php?id=11671 HTTP/1.1" 200 4739 "http://easydrivers.activities.at/entry.php?id=11671" "Mozilla/5.0 (Windows NT 10.0; Win64; x64; rv:55.0) Gecko/20100101 Firefox/55.0"
213.163.226.237 - - [19/Sep/2017:14:10:35 +0200] "GET /gui/javascript/form_form.js?1505823035 HTTP/1.1" 200 16206 "http://easydrivers.activities.at/entry.php?id=11671" "Mozilla/5.0 (Windows NT 10.0; Win64; x64; rv:55.0) Gecko/20100101 Firefox/55.0"
213.163.226.237 - - [19/Sep/2017:14:10:35 +0200] "GET /entry.php?id=10776&form=11496&name=list& HTTP/1.1" 200 1519 "http://easydrivers.activities.at/entry.php?id=11671" "Mozilla/5.0 (Windows NT 10.0; Win64; x64; rv:55.0) Gecko/20100101 Firefox/55.0"
213.163.226.237 - - [19/Sep/2017:14:10:35 +0200] "GET /entry.php?id=10778&form=11496&name=list& HTTP/1.1" 200 4391 "http://easydrivers.activities.at/entry.php?id=11671" "Mozilla/5.0 (Windows NT 10.0; Win64; x64; rv:55.0) Gecko/20100101 Firefox/55.0"
213.163.226.237 - - [19/Sep/2017:14:10:37 +0200] "POST /entry.php?id=11671 HTTP/1.1" 200 4761 "http://easydrivers.activities.at/entry.php?id=11671" "Mozilla/5.0 (Windows NT 10.0; Win64; x64; rv:55.0) Gecko/20100101 Firefox/55.0"
213.163.226.237 - - [19/Sep/2017:14:10:37 +0200] "GET /gui/javascript/form_form.js?1505823037 HTTP/1.1" 200 16206 "http://easydrivers.activities.at/entry.php?id=11671" "Mozilla/5.0 (Windows NT 10.0; Win64; x64; rv:55.0) Gecko/20100101 Firefox/55.0"
213.163.226.237 - - [19/Sep/2017:14:10:37 +0200] "GET /entry.php?id=10776&form=11496&name=list& HTTP/1.1" 200 1519 "http://easydrivers.activities.at/entry.php?id=11671" "Mozilla/5.0 (Windows NT 10.0; Win64; x64; rv:55.0) Gecko/20100101 Firefox/55.0"
213.163.226.237 - - [19/Sep/2017:14:10:37 +0200] "GET /entry.php?id=10778&form=11496&name=list& HTTP/1.1" 200 4369 "http://easydrivers.activities.at/entry.php?id=11671" "Mozilla/5.0 (Windows NT 10.0; Win64; x64; rv:55.0) Gecko/20100101 Firefox/55.0"
213.163.226.237 - - [19/Sep/2017:14:10:39 +0200] "POST /entry.php?id=11671 HTTP/1.1" 200 4901 "http://easydrivers.activities.at/entry.php?id=11671" "Mozilla/5.0 (Windows NT 10.0; Win64; x64; rv:55.0) Gecko/20100101 Firefox/55.0"
213.163.226.237 - - [19/Sep/2017:14:10:40 +0200] "GET /gui/javascript/form_form.js?1505823040 HTTP/1.1" 200 16206 "http://easydrivers.activities.at/entry.php?id=11671" "Mozilla/5.0 (Windows NT 10.0; Win64; x64; rv:55.0) Gecko/20100101 Firefox/55.0"
213.163.226.237 - - [19/Sep/2017:14:10:40 +0200] "GET /entry.php?id=10776&form=11496&name=list& HTTP/1.1" 200 1519 "http://easydrivers.activities.at/entry.php?id=11671" "Mozilla/5.0 (Windows NT 10.0; Win64; x64; rv:55.0) Gecko/20100101 Firefox/55.0"
213.163.226.237 - - [19/Sep/2017:14:10:40 +0200] "GET /entry.php?id=10778&form=11496&name=list& HTTP/1.1" 200 4369 "http://easydrivers.activities.at/entry.php?id=11671" "Mozilla/5.0 (Windows NT 10.0; Win64; x64; rv:55.0) Gecko/20100101 Firefox/55.0"
212.108.43.59 - - [19/Sep/2017:14:10:55 +0200] "GET /entry.php?id=10271&&ser=822995 HTTP/1.1" 200 987 "http://ed.activities.at/entry.php?id=10271&&ser=822934" "Mozilla/5.0 (Macintosh; Intel Mac OS X 10_12_6) AppleWebKit/537.36 (KHTML, like Gecko) Chrome/60.0.3112.113 Safari/537.36"
212.108.43.59 - - [19/Sep/2017:14:10:56 +0200] "GET /gui/javascript/form_form.js?1505823056 HTTP/1.1" 200 16206 "http://ed.activities.at/entry.php?id=10271&&ser=822995" "Mozilla/5.0 (Macintosh; Intel Mac OS X 10_12_6) AppleWebKit/537.36 (KHTML, like Gecko) Chrome/60.0.3112.113 Safari/537.36"
213.163.226.237 - - [19/Sep/2017:14:11:26 +0200] "GET /entry.php?id=10271&&ser=823026 HTTP/1.1" 200 986 "http://easydrivers.activities.at/entry.php?id=10271&&ser=822965" "Mozilla/5.0 (Windows NT 10.0; Win64; x64; rv:55.0) Gecko/20100101 Firefox/55.0"
213.163.226.237 - - [19/Sep/2017:14:11:26 +0200] "GET /gui/javascript/form_form.js?1505823086 HTTP/1.1" 200 16206 "http://easydrivers.activities.at/entry.php?id=10271&&ser=823026" "Mozilla/5.0 (Windows NT 10.0; Win64; x64; rv:55.0) Gecko/20100101 Firefox/55.0"
213.163.226.237 - - [19/Sep/2017:14:11:26 +0200] "GET /entry.php?id=10287&login=1 HTTP/1.1" 200 1876 "http://easydrivers.activities.at/entry.php?id=10273&" "Mozilla/5.0 (Windows NT 10.0; Win64; x64; rv:55.0) Gecko/20100101 Firefox/55.0"
213.163.226.237 - - [19/Sep/2017:14:11:29 +0200] "POST /entry.php?id=10287& HTTP/1.1" 200 2430 "http://easydrivers.activities.at/entry.php?id=10287&login=1" "Mozilla/5.0 (Windows NT 10.0; Win64; x64; rv:55.0) Gecko/20100101 Firefox/55.0"
213.163.226.237 - - [19/Sep/2017:14:11:29 +0200] "GET /gui/javascript/form_form.js?1505823089 HTTP/1.1" 200 16206 "http://easydrivers.activities.at/entry.php?id=10287&" "Mozilla/5.0 (Windows NT 10.0; Win64; x64; rv:55.0) Gecko/20100101 Firefox/55.0"
213.163.226.237 - - [19/Sep/2017:14:11:29 +0200] "GET /entry.php?id=10270& HTTP/1.1" 200 908 "http://easydrivers.activities.at/entry.php?id=10287&" "Mozilla/5.0 (Windows NT 10.0; Win64; x64; rv:55.0) Gecko/20100101 Firefox/55.0"
213.163.226.237 - - [19/Sep/2017:14:11:29 +0200] "GET /entry.php?id=10273&logout=true& HTTP/1.1" 200 1912 "http://easydrivers.activities.at/entry.php?id=10287&" "Mozilla/5.0 (Windows NT 10.0; Win64; x64; rv:55.0) Gecko/20100101 Firefox/55.0"
213.163.226.237 - - [19/Sep/2017:14:11:34 +0200] "GET / HTTP/1.1" 200 382 "-" "Mozilla/5.0 (Windows NT 10.0; Win64; x64; rv:55.0) Gecko/20100101 Firefox/55.0"
213.163.226.237 - - [19/Sep/2017:14:11:35 +0200] "GET /layout.php HTTP/1.1" 200 916 "http://easydrivers.activities.at/" "Mozilla/5.0 (Windows NT 10.0; Win64; x64; rv:55.0) Gecko/20100101 Firefox/55.0"
213.163.226.237 - - [19/Sep/2017:14:11:35 +0200] "GET /entry.php?id=10270 HTTP/1.1" 200 909 "http://easydrivers.activities.at/layout.php" "Mozilla/5.0 (Windows NT 10.0; Win64; x64; rv:55.0) Gecko/20100101 Firefox/55.0"
213.163.226.237 - - [19/Sep/2017:14:11:35 +0200] "GET /entry.php?id=10273 HTTP/1.1" 200 1902 "http://easydrivers.activities.at/layout.php" "Mozilla/5.0 (Windows NT 10.0; Win64; x64; rv:55.0) Gecko/20100101 Firefox/55.0"
213.163.226.237 - - [19/Sep/2017:14:11:35 +0200] "GET /entry.php?id=10272 HTTP/1.1" 200 1159 "http://easydrivers.activities.at/layout.php" "Mozilla/5.0 (Windows NT 10.0; Win64; x64; rv:55.0) Gecko/20100101 Firefox/55.0"
213.163.226.237 - - [19/Sep/2017:14:11:35 +0200] "GET /entry.php?id=11412 HTTP/1.1" 200 1759 "http://easydrivers.activities.at/layout.php" "Mozilla/5.0 (Windows NT 10.0; Win64; x64; rv:55.0) Gecko/20100101 Firefox/55.0"
213.163.226.237 - - [19/Sep/2017:14:11:35 +0200] "GET /gui/javascript/form_form.js?1505823095 HTTP/1.1" 200 16206 "http://easydrivers.activities.at/entry.php?id=10273" "Mozilla/5.0 (Windows NT 10.0; Win64; x64; rv:55.0) Gecko/20100101 Firefox/55.0"
213.163.226.237 - - [19/Sep/2017:14:11:36 +0200] "GET /entry.php?id=10271& HTTP/1.1" 200 934 "http://easydrivers.activities.at/entry.php?id=10272" "Mozilla/5.0 (Windows NT 10.0; Win64; x64; rv:55.0) Gecko/20100101 Firefox/55.0"
213.163.226.237 - - [19/Sep/2017:14:11:36 +0200] "GET /gui/javascript/form_form.js?1505823096 HTTP/1.1" 200 16206 "http://easydrivers.activities.at/entry.php?id=10271&" "Mozilla/5.0 (Windows NT 10.0; Win64; x64; rv:55.0) Gecko/20100101 Firefox/55.0"
213.163.226.237 - - [19/Sep/2017:14:11:36 +0200] "GET /entry.php?id=10287 HTTP/1.1" 200 2416 "http://easydrivers.activities.at/entry.php?id=11412" "Mozilla/5.0 (Windows NT 10.0; Win64; x64; rv:55.0) Gecko/20100101 Firefox/55.0"
213.163.226.237 - - [19/Sep/2017:14:11:36 +0200] "GET /entry.php?id=10270& HTTP/1.1" 200 909 "http://easydrivers.activities.at/entry.php?id=10287" "Mozilla/5.0 (Windows NT 10.0; Win64; x64; rv:55.0) Gecko/20100101 Firefox/55.0"
213.163.226.237 - - [19/Sep/2017:14:11:36 +0200] "GET /entry.php?id=10273& HTTP/1.1" 200 1903 "http://easydrivers.activities.at/entry.php?id=10287" "Mozilla/5.0 (Windows NT 10.0; Win64; x64; rv:55.0) Gecko/20100101 Firefox/55.0"
212.108.43.59 - - [19/Sep/2017:14:11:56 +0200] "GET /entry.php?id=10271&&ser=823056 HTTP/1.1" 200 987 "http://ed.activities.at/entry.php?id=10271&&ser=822995" "Mozilla/5.0 (Macintosh; Intel Mac OS X 10_12_6) AppleWebKit/537.36 (KHTML, like Gecko) Chrome/60.0.3112.113 Safari/537.36"
212.108.43.59 - - [19/Sep/2017:14:11:57 +0200] "GET /gui/javascript/form_form.js?1505823117 HTTP/1.1" 200 16206 "http://ed.activities.at/entry.php?id=10271&&ser=823056" "Mozilla/5.0 (Macintosh; Intel Mac OS X 10_12_6) AppleWebKit/537.36 (KHTML, like Gecko) Chrome/60.0.3112.113 Safari/537.36"
212.108.43.59 - - [19/Sep/2017:14:12:57 +0200] "GET /entry.php?id=10271&&ser=823117 HTTP/1.1" 200 986 "http://ed.activities.at/entry.php?id=10271&&ser=823056" "Mozilla/5.0 (Macintosh; Intel Mac OS X 10_12_6) AppleWebKit/537.36 (KHTML, like Gecko) Chrome/60.0.3112.113 Safari/537.36"
212.108.43.59 - - [19/Sep/2017:14:12:57 +0200] "GET /gui/javascript/form_form.js?1505823177 HTTP/1.1" 200 16206 "http://ed.activities.at/entry.php?id=10271&&ser=823117" "Mozilla/5.0 (Macintosh; Intel Mac OS X 10_12_6) AppleWebKit/537.36 (KHTML, like Gecko) Chrome/60.0.3112.113 Safari/537.36"
212.108.43.59 - - [19/Sep/2017:14:13:57 +0200] "GET /entry.php?id=10271&&ser=823177 HTTP/1.1" 200 986 "http://ed.activities.at/entry.php?id=10271&&ser=823117" "Mozilla/5.0 (Macintosh; Intel Mac OS X 10_12_6) AppleWebKit/537.36 (KHTML, like Gecko) Chrome/60.0.3112.113 Safari/537.36"
212.108.43.59 - - [19/Sep/2017:14:13:58 +0200] "GET /gui/javascript/form_form.js?1505823238 HTTP/1.1" 200 16206 "http://ed.activities.at/entry.php?id=10271&&ser=823177" "Mozilla/5.0 (Macintosh; Intel Mac OS X 10_12_6) AppleWebKit/537.36 (KHTML, like Gecko) Chrome/60.0.3112.113 Safari/537.36"
212.108.43.59 - - [19/Sep/2017:14:14:59 +0200] "GET /entry.php?id=10271&&ser=823238 HTTP/1.1" 200 987 "http://ed.activities.at/entry.php?id=10271&&ser=823177" "Mozilla/5.0 (Macintosh; Intel Mac OS X 10_12_6) AppleWebKit/537.36 (KHTML, like Gecko) Chrome/60.0.3112.113 Safari/537.36"
212.108.43.59 - - [19/Sep/2017:14:14:59 +0200] "GET /gui/javascript/form_form.js?1505823299 HTTP/1.1" 200 16206 "http://ed.activities.at/entry.php?id=10271&&ser=823238" "Mozilla/5.0 (Macintosh; Intel Mac OS X 10_12_6) AppleWebKit/537.36 (KHTML, like Gecko) Chrome/60.0.3112.113 Safari/537.36"
212.108.43.59 - - [19/Sep/2017:14:16:00 +0200] "GET /entry.php?id=10271&&ser=823299 HTTP/1.1" 200 986 "http://ed.activities.at/entry.php?id=10271&&ser=823238" "Mozilla/5.0 (Macintosh; Intel Mac OS X 10_12_6) AppleWebKit/537.36 (KHTML, like Gecko) Chrome/60.0.3112.113 Safari/537.36"
212.108.43.59 - - [19/Sep/2017:14:16:00 +0200] "GET /gui/javascript/form_form.js?1505823360 HTTP/1.1" 200 16206 "http://ed.activities.at/entry.php?id=10271&&ser=823299" "Mozilla/5.0 (Macintosh; Intel Mac OS X 10_12_6) AppleWebKit/537.36 (KHTML, like Gecko) Chrome/60.0.3112.113 Safari/537.36"
213.163.226.237 - - [19/Sep/2017:14:16:06 +0200] "POST /entry.php?id=10287& HTTP/1.1" 200 2019 "http://easydrivers.activities.at/entry.php?id=10287" "Mozilla/5.0 (Windows NT 10.0; Win64; x64; rv:55.0) Gecko/20100101 Firefox/55.0"
213.163.226.237 - - [19/Sep/2017:14:16:06 +0200] "GET /gui/javascript/form_form.js?1505823366 HTTP/1.1" 200 16206 "http://easydrivers.activities.at/entry.php?id=10287&" "Mozilla/5.0 (Windows NT 10.0; Win64; x64; rv:55.0) Gecko/20100101 Firefox/55.0"
213.163.226.237 - - [19/Sep/2017:14:16:06 +0200] "GET /entry.php?id=10271& HTTP/1.1" 200 988 "http://easydrivers.activities.at/entry.php?id=10272" "Mozilla/5.0 (Windows NT 10.0; Win64; x64; rv:55.0) Gecko/20100101 Firefox/55.0"
213.163.226.237 - - [19/Sep/2017:14:16:06 +0200] "GET /entry.php?id=10273& HTTP/1.1" 200 2015 "http://easydrivers.activities.at/entry.php?id=10287&" "Mozilla/5.0 (Windows NT 10.0; Win64; x64; rv:55.0) Gecko/20100101 Firefox/55.0"
213.163.226.237 - - [19/Sep/2017:14:16:07 +0200] "GET /gui/javascript/jquery/css/gui-themes/jquery.tooltip.css HTTP/1.1" 304 - "http://easydrivers.activities.at/entry.php?id=10271&" "Mozilla/5.0 (Windows NT 10.0; Win64; x64; rv:55.0) Gecko/20100101 Firefox/55.0"
213.163.226.237 - - [19/Sep/2017:14:16:07 +0200] "GET /gui/styles/tmplDefault.css HTTP/1.1" 304 - "http://easydrivers.activities.at/entry.php?id=10271&" "Mozilla/5.0 (Windows NT 10.0; Win64; x64; rv:55.0) Gecko/20100101 Firefox/55.0"
213.163.226.237 - - [19/Sep/2017:14:16:07 +0200] "GET /gui/javascript/jquery/js/jquery-1.8.2.js HTTP/1.1" 304 - "http://easydrivers.activities.at/entry.php?id=10271&" "Mozilla/5.0 (Windows NT 10.0; Win64; x64; rv:55.0) Gecko/20100101 Firefox/55.0"
213.163.226.237 - - [19/Sep/2017:14:16:07 +0200] "GET /gui/javascript/jquery/js/jquery-ui-1.9.0.custom.min.js HTTP/1.1" 304 - "http://easydrivers.activities.at/entry.php?id=10271&" "Mozilla/5.0 (Windows NT 10.0; Win64; x64; rv:55.0) Gecko/20100101 Firefox/55.0"
213.163.226.237 - - [19/Sep/2017:14:16:07 +0200] "GET /gui/javascript/form_form.js?1505823367 HTTP/1.1" 200 16206 "http://easydrivers.activities.at/entry.php?id=10271&" "Mozilla/5.0 (Windows NT 10.0; Win64; x64; rv:55.0) Gecko/20100101 Firefox/55.0"
213.163.226.237 - - [19/Sep/2017:14:16:07 +0200] "GET /gui/javascript/jquery/jquery-tooltip/jquery.tooltip.min.js HTTP/1.1" 304 - "http://easydrivers.activities.at/entry.php?id=10271&" "Mozilla/5.0 (Windows NT 10.0; Win64; x64; rv:55.0) Gecko/20100101 Firefox/55.0"
213.163.226.237 - - [19/Sep/2017:14:16:07 +0200] "GET /gui/javascript/jquery/css/gui-themes/custom.min.css HTTP/1.1" 304 - "http://easydrivers.activities.at/entry.php?id=10271&" "Mozilla/5.0 (Windows NT 10.0; Win64; x64; rv:55.0) Gecko/20100101 Firefox/55.0"
213.163.226.237 - - [19/Sep/2017:14:16:07 +0200] "GET /gui/javascript/jquery/css/gui-themes/ui.spinner.css HTTP/1.1" 304 - "http://easydrivers.activities.at/entry.php?id=10271&" "Mozilla/5.0 (Windows NT 10.0; Win64; x64; rv:55.0) Gecko/20100101 Firefox/55.0"
213.163.226.237 - - [19/Sep/2017:14:16:07 +0200] "GET /framework/webfx/style/toolbar/images/cbback.gif HTTP/1.1" 404 318 "http://easydrivers.activities.at/framework/webfx/style/toolbar/cb2.css" "Mozilla/5.0 (Windows NT 10.0; Win64; x64; rv:55.0) Gecko/20100101 Firefox/55.0"
213.163.226.237 - - [19/Sep/2017:14:16:07 +0200] "GET /entry.php?id=10270&__app__=10006038 HTTP/1.1" 200 1649 "http://easydrivers.activities.at/entry.php?id=10273&" "Mozilla/5.0 (Windows NT 10.0; Win64; x64; rv:55.0) Gecko/20100101 Firefox/55.0"
213.163.226.237 - - [19/Sep/2017:14:16:08 +0200] "GET /undefined HTTP/1.1" 404 288 "http://easydrivers.activities.at/entry.php?id=10270&__app__=10006038" "Mozilla/5.0 (Windows NT 10.0; Win64; x64; rv:55.0) Gecko/20100101 Firefox/55.0"
213.163.226.237 - - [19/Sep/2017:14:16:12 +0200] "GET /entry.php?id=11673 HTTP/1.1" 200 358 "http://easydrivers.activities.at/entry.php?id=10270&__app__=10006038" "Mozilla/5.0 (Windows NT 10.0; Win64; x64; rv:55.0) Gecko/20100101 Firefox/55.0"
213.163.226.237 - - [19/Sep/2017:14:16:12 +0200] "GET /entry.php?id=10676&&title=F%FChrerscheinkurse HTTP/1.1" 200 1395 "http://easydrivers.activities.at/entry.php?id=11673" "Mozilla/5.0 (Windows NT 10.0; Win64; x64; rv:55.0) Gecko/20100101 Firefox/55.0"
213.163.226.237 - - [19/Sep/2017:14:16:12 +0200] "GET /gui/javascript/form_form.js?1505823372 HTTP/1.1" 200 16206 "http://easydrivers.activities.at/entry.php?id=10676&&title=F%FChrerscheinkurse" "Mozilla/5.0 (Windows NT 10.0; Win64; x64; rv:55.0) Gecko/20100101 Firefox/55.0"
213.163.226.237 - - [19/Sep/2017:14:16:12 +0200] "GET /entry.php?id=11671& HTTP/1.1" 200 4537 "http://easydrivers.activities.at/entry.php?id=11673" "Mozilla/5.0 (Windows NT 10.0; Win64; x64; rv:55.0) Gecko/20100101 Firefox/55.0"
213.163.226.237 - - [19/Sep/2017:14:16:12 +0200] "GET /entry.php?id=11672& HTTP/1.1" 200 2691 "http://easydrivers.activities.at/entry.php?id=11673" "Mozilla/5.0 (Windows NT 10.0; Win64; x64; rv:55.0) Gecko/20100101 Firefox/55.0"
213.163.226.237 - - [19/Sep/2017:14:16:13 +0200] "GET /gui/javascript/form_form.js?1505823373 HTTP/1.1" 200 16206 "http://easydrivers.activities.at/entry.php?id=11672&" "Mozilla/5.0 (Windows NT 10.0; Win64; x64; rv:55.0) Gecko/20100101 Firefox/55.0"
213.163.226.237 - - [19/Sep/2017:14:16:12 +0200] "GET /entry.php?id=11694& HTTP/1.1" 200 3211 "http://easydrivers.activities.at/entry.php?id=11673" "Mozilla/5.0 (Windows NT 10.0; Win64; x64; rv:55.0) Gecko/20100101 Firefox/55.0"
213.163.226.237 - - [19/Sep/2017:14:16:13 +0200] "GET /entry.php?id=10776&form=11496&name=list& HTTP/1.1" 200 1526 "http://easydrivers.activities.at/entry.php?id=11671&" "Mozilla/5.0 (Windows NT 10.0; Win64; x64; rv:55.0) Gecko/20100101 Firefox/55.0"
213.163.226.237 - - [19/Sep/2017:14:16:13 +0200] "GET /entry.php?id=10778&form=11496&name=list& HTTP/1.1" 200 2493 "http://easydrivers.activities.at/entry.php?id=11671&" "Mozilla/5.0 (Windows NT 10.0; Win64; x64; rv:55.0) Gecko/20100101 Firefox/55.0"
213.163.226.237 - - [19/Sep/2017:14:16:14 +0200] "GET /gui/javascript/form_form.js?1505823374 HTTP/1.1" 200 16206 "http://easydrivers.activities.at/entry.php?id=11694&" "Mozilla/5.0 (Windows NT 10.0; Win64; x64; rv:55.0) Gecko/20100101 Firefox/55.0"
213.163.226.237 - - [19/Sep/2017:14:16:14 +0200] "GET /activities/framework/KoolControls/KoolAjax/koolajax.php?8436e354c842500aba3cbaf0584c0c24 HTTP/1.1" 200 4079 "http://easydrivers.activities.at/entry.php?id=11694&" "Mozilla/5.0 (Windows NT 10.0; Win64; x64; rv:55.0) Gecko/20100101 Firefox/55.0"
213.163.226.237 - - [19/Sep/2017:14:16:14 +0200] "GET /entry.php?id=10778&form=11497&name=list& HTTP/1.1" 200 16283 "http://easydrivers.activities.at/entry.php?id=11672&" "Mozilla/5.0 (Windows NT 10.0; Win64; x64; rv:55.0) Gecko/20100101 Firefox/55.0"
213.163.226.237 - - [19/Sep/2017:14:16:14 +0200] "GET /entry.php?id=10776&form=11497&name=list& HTTP/1.1" 200 1942 "http://easydrivers.activities.at/entry.php?id=11672&" "Mozilla/5.0 (Windows NT 10.0; Win64; x64; rv:55.0) Gecko/20100101 Firefox/55.0"
213.163.226.237 - - [19/Sep/2017:14:16:14 +0200] "GET /activities/framework/KoolControls/KoolTreeView/kooltreeview.php?c7cd9180e88ffef8e70f13526bb4f5f7 HTTP/1.1" 200 5055 "http://easydrivers.activities.at/entry.php?id=11694&" "Mozilla/5.0 (Windows NT 10.0; Win64; x64; rv:55.0) Gecko/20100101 Firefox/55.0"
213.163.226.237 - - [19/Sep/2017:14:16:20 +0200] "POST /entry.php?id=11672 HTTP/1.1" 200 2700 "http://easydrivers.activities.at/entry.php?id=11672&" "Mozilla/5.0 (Windows NT 10.0; Win64; x64; rv:55.0) Gecko/20100101 Firefox/55.0"
213.163.226.237 - - [19/Sep/2017:14:16:21 +0200] "GET /gui/javascript/form_form.js?1505823381 HTTP/1.1" 200 16206 "http://easydrivers.activities.at/entry.php?id=11672" "Mozilla/5.0 (Windows NT 10.0; Win64; x64; rv:55.0) Gecko/20100101 Firefox/55.0"
213.163.226.237 - - [19/Sep/2017:14:16:21 +0200] "GET /entry.php?id=10778&form=11497&name=list& HTTP/1.1" 200 3530 "http://easydrivers.activities.at/entry.php?id=11672" "Mozilla/5.0 (Windows NT 10.0; Win64; x64; rv:55.0) Gecko/20100101 Firefox/55.0"
213.163.226.237 - - [19/Sep/2017:14:16:21 +0200] "GET /entry.php?id=10776&form=11497&name=list& HTTP/1.1" 200 1940 "http://easydrivers.activities.at/entry.php?id=11672" "Mozilla/5.0 (Windows NT 10.0; Win64; x64; rv:55.0) Gecko/20100101 Firefox/55.0"
213.163.226.237 - - [19/Sep/2017:14:16:23 +0200] "POST /entry.php?id=11671 HTTP/1.1" 200 4808 "http://easydrivers.activities.at/entry.php?id=11671&" "Mozilla/5.0 (Windows NT 10.0; Win64; x64; rv:55.0) Gecko/20100101 Firefox/55.0"
213.163.226.237 - - [19/Sep/2017:14:16:25 +0200] "GET /gui/javascript/form_form.js?1505823384 HTTP/1.1" 200 16206 "http://easydrivers.activities.at/entry.php?id=11671" "Mozilla/5.0 (Windows NT 10.0; Win64; x64; rv:55.0) Gecko/20100101 Firefox/55.0"
213.163.226.237 - - [19/Sep/2017:14:16:25 +0200] "GET /entry.php?id=10776&form=11496&name=list& HTTP/1.1" 200 1519 "http://easydrivers.activities.at/entry.php?id=11671" "Mozilla/5.0 (Windows NT 10.0; Win64; x64; rv:55.0) Gecko/20100101 Firefox/55.0"
213.163.226.237 - - [19/Sep/2017:14:16:25 +0200] "GET /entry.php?id=10778&form=11496&name=list& HTTP/1.1" 200 5747 "http://easydrivers.activities.at/entry.php?id=11671" "Mozilla/5.0 (Windows NT 10.0; Win64; x64; rv:55.0) Gecko/20100101 Firefox/55.0"
213.163.226.237 - - [19/Sep/2017:14:16:29 +0200] "POST /entry.php?id=11671 HTTP/1.1" 200 4988 "http://easydrivers.activities.at/entry.php?id=11671" "Mozilla/5.0 (Windows NT 10.0; Win64; x64; rv:55.0) Gecko/20100101 Firefox/55.0"
213.163.226.237 - - [19/Sep/2017:14:16:30 +0200] "GET /gui/javascript/form_form.js?1505823390 HTTP/1.1" 200 16206 "http://easydrivers.activities.at/entry.php?id=11671" "Mozilla/5.0 (Windows NT 10.0; Win64; x64; rv:55.0) Gecko/20100101 Firefox/55.0"
213.163.226.237 - - [19/Sep/2017:14:16:30 +0200] "GET /entry.php?id=10778&form=11496&name=list& HTTP/1.1" 200 5747 "http://easydrivers.activities.at/entry.php?id=11671" "Mozilla/5.0 (Windows NT 10.0; Win64; x64; rv:55.0) Gecko/20100101 Firefox/55.0"
213.163.226.237 - - [19/Sep/2017:14:16:30 +0200] "GET /entry.php?id=10776&form=11496&name=list& HTTP/1.1" 200 1519 "http://easydrivers.activities.at/entry.php?id=11671" "Mozilla/5.0 (Windows NT 10.0; Win64; x64; rv:55.0) Gecko/20100101 Firefox/55.0"
213.163.226.237 - - [19/Sep/2017:14:16:31 +0200] "POST /entry.php?id=11671 HTTP/1.1" 200 4972 "http://easydrivers.activities.at/entry.php?id=11671" "Mozilla/5.0 (Windows NT 10.0; Win64; x64; rv:55.0) Gecko/20100101 Firefox/55.0"
213.163.226.237 - - [19/Sep/2017:14:16:32 +0200] "GET /gui/javascript/form_form.js?1505823391 HTTP/1.1" 200 16206 "http://easydrivers.activities.at/entry.php?id=11671" "Mozilla/5.0 (Windows NT 10.0; Win64; x64; rv:55.0) Gecko/20100101 Firefox/55.0"
213.163.226.237 - - [19/Sep/2017:14:16:32 +0200] "GET /entry.php?id=10776&form=11496&name=list& HTTP/1.1" 200 1519 "http://easydrivers.activities.at/entry.php?id=11671" "Mozilla/5.0 (Windows NT 10.0; Win64; x64; rv:55.0) Gecko/20100101 Firefox/55.0"
213.163.226.237 - - [19/Sep/2017:14:16:32 +0200] "GET /entry.php?id=10778&form=11496&name=list& HTTP/1.1" 200 5747 "http://easydrivers.activities.at/entry.php?id=11671" "Mozilla/5.0 (Windows NT 10.0; Win64; x64; rv:55.0) Gecko/20100101 Firefox/55.0"
213.163.226.237 - - [19/Sep/2017:14:16:34 +0200] "POST /entry.php?id=11672 HTTP/1.1" 200 2711 "http://easydrivers.activities.at/entry.php?id=11672" "Mozilla/5.0 (Windows NT 10.0; Win64; x64; rv:55.0) Gecko/20100101 Firefox/55.0"
213.163.226.237 - - [19/Sep/2017:14:16:34 +0200] "GET /gui/javascript/form_form.js?1505823394 HTTP/1.1" 200 16206 "http://easydrivers.activities.at/entry.php?id=11672" "Mozilla/5.0 (Windows NT 10.0; Win64; x64; rv:55.0) Gecko/20100101 Firefox/55.0"
213.163.226.237 - - [19/Sep/2017:14:16:35 +0200] "GET /entry.php?id=10776&form=11497&name=list& HTTP/1.1" 200 1941 "http://easydrivers.activities.at/entry.php?id=11672" "Mozilla/5.0 (Windows NT 10.0; Win64; x64; rv:55.0) Gecko/20100101 Firefox/55.0"
213.163.226.237 - - [19/Sep/2017:14:16:35 +0200] "GET /entry.php?id=10778&form=11497&name=list& HTTP/1.1" 200 3322 "http://easydrivers.activities.at/entry.php?id=11672" "Mozilla/5.0 (Windows NT 10.0; Win64; x64; rv:55.0) Gecko/20100101 Firefox/55.0"
213.163.226.237 - - [19/Sep/2017:14:16:47 +0200] "POST /entry.php?id=11671 HTTP/1.1" 200 4793 "http://easydrivers.activities.at/entry.php?id=11671" "Mozilla/5.0 (Windows NT 10.0; Win64; x64; rv:55.0) Gecko/20100101 Firefox/55.0"
213.163.226.237 - - [19/Sep/2017:14:16:48 +0200] "GET /gui/javascript/form_form.js?1505823408 HTTP/1.1" 200 16206 "http://easydrivers.activities.at/entry.php?id=11671" "Mozilla/5.0 (Windows NT 10.0; Win64; x64; rv:55.0) Gecko/20100101 Firefox/55.0"
213.163.226.237 - - [19/Sep/2017:14:16:48 +0200] "GET /entry.php?id=10776&form=11496&name=list& HTTP/1.1" 200 1519 "http://easydrivers.activities.at/entry.php?id=11671" "Mozilla/5.0 (Windows NT 10.0; Win64; x64; rv:55.0) Gecko/20100101 Firefox/55.0"
213.163.226.237 - - [19/Sep/2017:14:16:48 +0200] "GET /entry.php?id=10778&form=11496&name=list& HTTP/1.1" 200 5737 "http://easydrivers.activities.at/entry.php?id=11671" "Mozilla/5.0 (Windows NT 10.0; Win64; x64; rv:55.0) Gecko/20100101 Firefox/55.0"
213.163.226.237 - - [19/Sep/2017:14:16:54 +0200] "POST /entry.php?id=11671 HTTP/1.1" 200 4968 "http://easydrivers.activities.at/entry.php?id=11671" "Mozilla/5.0 (Windows NT 10.0; Win64; x64; rv:55.0) Gecko/20100101 Firefox/55.0"
213.163.226.237 - - [19/Sep/2017:14:16:54 +0200] "GET /gui/javascript/form_form.js?1505823414 HTTP/1.1" 200 16206 "http://easydrivers.activities.at/entry.php?id=11671" "Mozilla/5.0 (Windows NT 10.0; Win64; x64; rv:55.0) Gecko/20100101 Firefox/55.0"
213.163.226.237 - - [19/Sep/2017:14:16:55 +0200] "GET /entry.php?id=10776&form=11496&name=list& HTTP/1.1" 200 1519 "http://easydrivers.activities.at/entry.php?id=11671" "Mozilla/5.0 (Windows NT 10.0; Win64; x64; rv:55.0) Gecko/20100101 Firefox/55.0"
213.163.226.237 - - [19/Sep/2017:14:16:55 +0200] "GET /entry.php?id=10778&form=11496&name=list& HTTP/1.1" 200 5737 "http://easydrivers.activities.at/entry.php?id=11671" "Mozilla/5.0 (Windows NT 10.0; Win64; x64; rv:55.0) Gecko/20100101 Firefox/55.0"
213.163.226.237 - - [19/Sep/2017:14:16:55 +0200] "POST /entry.php?id=11671 HTTP/1.1" 200 4953 "http://easydrivers.activities.at/entry.php?id=11671" "Mozilla/5.0 (Windows NT 10.0; Win64; x64; rv:55.0) Gecko/20100101 Firefox/55.0"
213.163.226.237 - - [19/Sep/2017:14:16:56 +0200] "GET /gui/javascript/form_form.js?1505823416 HTTP/1.1" 200 16206 "http://easydrivers.activities.at/entry.php?id=11671" "Mozilla/5.0 (Windows NT 10.0; Win64; x64; rv:55.0) Gecko/20100101 Firefox/55.0"
213.163.226.237 - - [19/Sep/2017:14:16:56 +0200] "GET /entry.php?id=10776&form=11496&name=list& HTTP/1.1" 200 1519 "http://easydrivers.activities.at/entry.php?id=11671" "Mozilla/5.0 (Windows NT 10.0; Win64; x64; rv:55.0) Gecko/20100101 Firefox/55.0"
213.163.226.237 - - [19/Sep/2017:14:16:56 +0200] "GET /entry.php?id=10778&form=11496&name=list& HTTP/1.1" 200 5737 "http://easydrivers.activities.at/entry.php?id=11671" "Mozilla/5.0 (Windows NT 10.0; Win64; x64; rv:55.0) Gecko/20100101 Firefox/55.0"
213.163.226.237 - - [19/Sep/2017:14:16:58 +0200] "POST /entry.php?id=11671 HTTP/1.1" 200 4803 "http://easydrivers.activities.at/entry.php?id=11671" "Mozilla/5.0 (Windows NT 10.0; Win64; x64; rv:55.0) Gecko/20100101 Firefox/55.0"
213.163.226.237 - - [19/Sep/2017:14:16:59 +0200] "GET /gui/javascript/form_form.js?1505823419 HTTP/1.1" 200 16206 "http://easydrivers.activities.at/entry.php?id=11671" "Mozilla/5.0 (Windows NT 10.0; Win64; x64; rv:55.0) Gecko/20100101 Firefox/55.0"
213.163.226.237 - - [19/Sep/2017:14:17:00 +0200] "GET /entry.php?id=10776&form=11496&name=list& HTTP/1.1" 200 1519 "http://easydrivers.activities.at/entry.php?id=11671" "Mozilla/5.0 (Windows NT 10.0; Win64; x64; rv:55.0) Gecko/20100101 Firefox/55.0"
213.163.226.237 - - [19/Sep/2017:14:17:00 +0200] "GET /entry.php?id=10778&form=11496&name=list& HTTP/1.1" 200 5733 "http://easydrivers.activities.at/entry.php?id=11671" "Mozilla/5.0 (Windows NT 10.0; Win64; x64; rv:55.0) Gecko/20100101 Firefox/55.0"
212.108.43.59 - - [19/Sep/2017:14:17:00 +0200] "GET /entry.php?id=10271&&ser=823360 HTTP/1.1" 200 986 "http://ed.activities.at/entry.php?id=10271&&ser=823299" "Mozilla/5.0 (Macintosh; Intel Mac OS X 10_12_6) AppleWebKit/537.36 (KHTML, like Gecko) Chrome/60.0.3112.113 Safari/537.36"
212.108.43.59 - - [19/Sep/2017:14:17:01 +0200] "GET /gui/javascript/form_form.js?1505823421 HTTP/1.1" 200 16206 "http://ed.activities.at/entry.php?id=10271&&ser=823360" "Mozilla/5.0 (Macintosh; Intel Mac OS X 10_12_6) AppleWebKit/537.36 (KHTML, like Gecko) Chrome/60.0.3112.113 Safari/537.36"
213.163.226.237 - - [19/Sep/2017:14:17:06 +0200] "POST /entry.php?id=11671 HTTP/1.1" 200 4982 "http://easydrivers.activities.at/entry.php?id=11671" "Mozilla/5.0 (Windows NT 10.0; Win64; x64; rv:55.0) Gecko/20100101 Firefox/55.0"
213.163.226.237 - - [19/Sep/2017:14:17:07 +0200] "GET /gui/javascript/form_form.js?1505823427 HTTP/1.1" 200 16206 "http://easydrivers.activities.at/entry.php?id=11671" "Mozilla/5.0 (Windows NT 10.0; Win64; x64; rv:55.0) Gecko/20100101 Firefox/55.0"
213.163.226.237 - - [19/Sep/2017:14:17:07 +0200] "GET /entry.php?id=10271&&ser=823366 HTTP/1.1" 200 987 "http://easydrivers.activities.at/entry.php?id=10271&" "Mozilla/5.0 (Windows NT 10.0; Win64; x64; rv:55.0) Gecko/20100101 Firefox/55.0"
213.163.226.237 - - [19/Sep/2017:14:17:07 +0200] "GET /entry.php?id=10776&form=11496&name=list& HTTP/1.1" 200 1519 "http://easydrivers.activities.at/entry.php?id=11671" "Mozilla/5.0 (Windows NT 10.0; Win64; x64; rv:55.0) Gecko/20100101 Firefox/55.0"
213.163.226.237 - - [19/Sep/2017:14:17:07 +0200] "GET /entry.php?id=10778&form=11496&name=list& HTTP/1.1" 200 5733 "http://easydrivers.activities.at/entry.php?id=11671" "Mozilla/5.0 (Windows NT 10.0; Win64; x64; rv:55.0) Gecko/20100101 Firefox/55.0"
213.163.226.237 - - [19/Sep/2017:14:17:08 +0200] "POST /entry.php?id=11671 HTTP/1.1" 200 4966 "http://easydrivers.activities.at/entry.php?id=11671" "Mozilla/5.0 (Windows NT 10.0; Win64; x64; rv:55.0) Gecko/20100101 Firefox/55.0"
213.163.226.237 - - [19/Sep/2017:14:17:09 +0200] "GET /gui/javascript/form_form.js?1505823429 HTTP/1.1" 200 16206 "http://easydrivers.activities.at/entry.php?id=11671" "Mozilla/5.0 (Windows NT 10.0; Win64; x64; rv:55.0) Gecko/20100101 Firefox/55.0"
213.163.226.237 - - [19/Sep/2017:14:17:09 +0200] "GET /entry.php?id=10776&form=11496&name=list& HTTP/1.1" 200 1519 "http://easydrivers.activities.at/entry.php?id=11671" "Mozilla/5.0 (Windows NT 10.0; Win64; x64; rv:55.0) Gecko/20100101 Firefox/55.0"
213.163.226.237 - - [19/Sep/2017:14:17:09 +0200] "GET /entry.php?id=10778&form=11496&name=list& HTTP/1.1" 200 5733 "http://easydrivers.activities.at/entry.php?id=11671" "Mozilla/5.0 (Windows NT 10.0; Win64; x64; rv:55.0) Gecko/20100101 Firefox/55.0"
213.163.226.237 - - [19/Sep/2017:14:17:10 +0200] "POST /entry.php?id=11671 HTTP/1.1" 200 4826 "http://easydrivers.activities.at/entry.php?id=11671" "Mozilla/5.0 (Windows NT 10.0; Win64; x64; rv:55.0) Gecko/20100101 Firefox/55.0"
213.163.226.237 - - [19/Sep/2017:14:17:11 +0200] "GET /gui/javascript/form_form.js?1505823431 HTTP/1.1" 200 16206 "http://easydrivers.activities.at/entry.php?id=11671" "Mozilla/5.0 (Windows NT 10.0; Win64; x64; rv:55.0) Gecko/20100101 Firefox/55.0"
213.163.226.237 - - [19/Sep/2017:14:17:11 +0200] "GET /entry.php?id=10776&form=11496&name=list& HTTP/1.1" 200 1519 "http://easydrivers.activities.at/entry.php?id=11671" "Mozilla/5.0 (Windows NT 10.0; Win64; x64; rv:55.0) Gecko/20100101 Firefox/55.0"
213.163.226.237 - - [19/Sep/2017:14:17:11 +0200] "GET /entry.php?id=10778&form=11496&name=list& HTTP/1.1" 200 5774 "http://easydrivers.activities.at/entry.php?id=11671" "Mozilla/5.0 (Windows NT 10.0; Win64; x64; rv:55.0) Gecko/20100101 Firefox/55.0"
213.163.226.237 - - [19/Sep/2017:14:17:14 +0200] "POST /entry.php?id=11671 HTTP/1.1" 200 5021 "http://easydrivers.activities.at/entry.php?id=11671" "Mozilla/5.0 (Windows NT 10.0; Win64; x64; rv:55.0) Gecko/20100101 Firefox/55.0"
213.163.226.237 - - [19/Sep/2017:14:17:15 +0200] "GET /gui/javascript/form_form.js?1505823434 HTTP/1.1" 200 16206 "http://easydrivers.activities.at/entry.php?id=11671" "Mozilla/5.0 (Windows NT 10.0; Win64; x64; rv:55.0) Gecko/20100101 Firefox/55.0"
213.163.226.237 - - [19/Sep/2017:14:17:15 +0200] "GET /entry.php?id=10778&form=11496&name=list& HTTP/1.1" 200 5774 "http://easydrivers.activities.at/entry.php?id=11671" "Mozilla/5.0 (Windows NT 10.0; Win64; x64; rv:55.0) Gecko/20100101 Firefox/55.0"
213.163.226.237 - - [19/Sep/2017:14:17:15 +0200] "GET /entry.php?id=10776&form=11496&name=list& HTTP/1.1" 200 1519 "http://easydrivers.activities.at/entry.php?id=11671" "Mozilla/5.0 (Windows NT 10.0; Win64; x64; rv:55.0) Gecko/20100101 Firefox/55.0"
213.163.226.237 - - [19/Sep/2017:14:17:15 +0200] "POST /entry.php?id=11671 HTTP/1.1" 200 5004 "http://easydrivers.activities.at/entry.php?id=11671" "Mozilla/5.0 (Windows NT 10.0; Win64; x64; rv:55.0) Gecko/20100101 Firefox/55.0"
213.163.226.237 - - [19/Sep/2017:14:17:16 +0200] "GET /gui/javascript/form_form.js?1505823436 HTTP/1.1" 200 16206 "http://easydrivers.activities.at/entry.php?id=11671" "Mozilla/5.0 (Windows NT 10.0; Win64; x64; rv:55.0) Gecko/20100101 Firefox/55.0"
213.163.226.237 - - [19/Sep/2017:14:17:17 +0200] "GET /entry.php?id=10776&form=11496&name=list& HTTP/1.1" 200 1519 "http://easydrivers.activities.at/entry.php?id=11671" "Mozilla/5.0 (Windows NT 10.0; Win64; x64; rv:55.0) Gecko/20100101 Firefox/55.0"
213.163.226.237 - - [19/Sep/2017:14:17:17 +0200] "GET /entry.php?id=10778&form=11496&name=list& HTTP/1.1" 200 5774 "http://easydrivers.activities.at/entry.php?id=11671" "Mozilla/5.0 (Windows NT 10.0; Win64; x64; rv:55.0) Gecko/20100101 Firefox/55.0"
213.163.226.237 - - [19/Sep/2017:14:17:18 +0200] "POST /entry.php?id=11671 HTTP/1.1" 200 4791 "http://easydrivers.activities.at/entry.php?id=11671" "Mozilla/5.0 (Windows NT 10.0; Win64; x64; rv:55.0) Gecko/20100101 Firefox/55.0"
213.163.226.237 - - [19/Sep/2017:14:17:19 +0200] "GET /gui/javascript/form_form.js?1505823439 HTTP/1.1" 200 16206 "http://easydrivers.activities.at/entry.php?id=11671" "Mozilla/5.0 (Windows NT 10.0; Win64; x64; rv:55.0) Gecko/20100101 Firefox/55.0"
213.163.226.237 - - [19/Sep/2017:14:17:19 +0200] "GET /entry.php?id=10776&form=11496&name=list& HTTP/1.1" 200 1519 "http://easydrivers.activities.at/entry.php?id=11671" "Mozilla/5.0 (Windows NT 10.0; Win64; x64; rv:55.0) Gecko/20100101 Firefox/55.0"
213.163.226.237 - - [19/Sep/2017:14:17:20 +0200] "GET /entry.php?id=10778&form=11496&name=list& HTTP/1.1" 200 5754 "http://easydrivers.activities.at/entry.php?id=11671" "Mozilla/5.0 (Windows NT 10.0; Win64; x64; rv:55.0) Gecko/20100101 Firefox/55.0"
213.163.226.237 - - [19/Sep/2017:14:17:22 +0200] "POST /entry.php?id=11671 HTTP/1.1" 200 4975 "http://easydrivers.activities.at/entry.php?id=11671" "Mozilla/5.0 (Windows NT 10.0; Win64; x64; rv:55.0) Gecko/20100101 Firefox/55.0"
213.163.226.237 - - [19/Sep/2017:14:17:23 +0200] "GET /gui/javascript/form_form.js?1505823443 HTTP/1.1" 200 16206 "http://easydrivers.activities.at/entry.php?id=11671" "Mozilla/5.0 (Windows NT 10.0; Win64; x64; rv:55.0) Gecko/20100101 Firefox/55.0"
213.163.226.237 - - [19/Sep/2017:14:17:23 +0200] "GET /entry.php?id=10778&form=11496&name=list& HTTP/1.1" 200 5754 "http://easydrivers.activities.at/entry.php?id=11671" "Mozilla/5.0 (Windows NT 10.0; Win64; x64; rv:55.0) Gecko/20100101 Firefox/55.0"
213.163.226.237 - - [19/Sep/2017:14:17:23 +0200] "GET /entry.php?id=10776&form=11496&name=list& HTTP/1.1" 200 1519 "http://easydrivers.activities.at/entry.php?id=11671" "Mozilla/5.0 (Windows NT 10.0; Win64; x64; rv:55.0) Gecko/20100101 Firefox/55.0"
213.163.226.237 - - [19/Sep/2017:14:17:24 +0200] "POST /entry.php?id=11671 HTTP/1.1" 200 4958 "http://easydrivers.activities.at/entry.php?id=11671" "Mozilla/5.0 (Windows NT 10.0; Win64; x64; rv:55.0) Gecko/20100101 Firefox/55.0"
213.163.226.237 - - [19/Sep/2017:14:17:25 +0200] "GET /gui/javascript/form_form.js?1505823445 HTTP/1.1" 200 16206 "http://easydrivers.activities.at/entry.php?id=11671" "Mozilla/5.0 (Windows NT 10.0; Win64; x64; rv:55.0) Gecko/20100101 Firefox/55.0"
213.163.226.237 - - [19/Sep/2017:14:17:25 +0200] "GET /entry.php?id=10776&form=11496&name=list& HTTP/1.1" 200 1519 "http://easydrivers.activities.at/entry.php?id=11671" "Mozilla/5.0 (Windows NT 10.0; Win64; x64; rv:55.0) Gecko/20100101 Firefox/55.0"
213.163.226.237 - - [19/Sep/2017:14:17:25 +0200] "GET /entry.php?id=10778&form=11496&name=list& HTTP/1.1" 200 5754 "http://easydrivers.activities.at/entry.php?id=11671" "Mozilla/5.0 (Windows NT 10.0; Win64; x64; rv:55.0) Gecko/20100101 Firefox/55.0"
212.108.43.59 - - [19/Sep/2017:14:18:01 +0200] "GET /entry.php?id=10271&&ser=823421 HTTP/1.1" 200 986 "http://ed.activities.at/entry.php?id=10271&&ser=823360" "Mozilla/5.0 (Macintosh; Intel Mac OS X 10_12_6) AppleWebKit/537.36 (KHTML, like Gecko) Chrome/60.0.3112.113 Safari/537.36"
212.108.43.59 - - [19/Sep/2017:14:18:02 +0200] "GET /gui/javascript/form_form.js?1505823482 HTTP/1.1" 200 16206 "http://ed.activities.at/entry.php?id=10271&&ser=823421" "Mozilla/5.0 (Macintosh; Intel Mac OS X 10_12_6) AppleWebKit/537.36 (KHTML, like Gecko) Chrome/60.0.3112.113 Safari/537.36"
213.163.226.237 - - [19/Sep/2017:14:18:08 +0200] "GET /entry.php?id=10271&&ser=823427 HTTP/1.1" 200 986 "http://easydrivers.activities.at/entry.php?id=10271&&ser=823366" "Mozilla/5.0 (Windows NT 10.0; Win64; x64; rv:55.0) Gecko/20100101 Firefox/55.0"
213.163.226.237 - - [19/Sep/2017:14:18:08 +0200] "GET /gui/javascript/form_form.js?1505823488 HTTP/1.1" 200 16206 "http://easydrivers.activities.at/entry.php?id=10271&&ser=823427" "Mozilla/5.0 (Windows NT 10.0; Win64; x64; rv:55.0) Gecko/20100101 Firefox/55.0"
212.108.43.59 - - [19/Sep/2017:14:19:02 +0200] "GET /entry.php?id=10271&&ser=823482 HTTP/1.1" 200 986 "http://ed.activities.at/entry.php?id=10271&&ser=823421" "Mozilla/5.0 (Macintosh; Intel Mac OS X 10_12_6) AppleWebKit/537.36 (KHTML, like Gecko) Chrome/60.0.3112.113 Safari/537.36"
212.108.43.59 - - [19/Sep/2017:14:19:03 +0200] "GET /gui/javascript/form_form.js?1505823543 HTTP/1.1" 200 16206 "http://ed.activities.at/entry.php?id=10271&&ser=823482" "Mozilla/5.0 (Macintosh; Intel Mac OS X 10_12_6) AppleWebKit/537.36 (KHTML, like Gecko) Chrome/60.0.3112.113 Safari/537.36"
213.163.226.237 - - [19/Sep/2017:14:19:08 +0200] "GET /entry.php?id=10271&&ser=823488 HTTP/1.1" 200 986 "http://easydrivers.activities.at/entry.php?id=10271&&ser=823427" "Mozilla/5.0 (Windows NT 10.0; Win64; x64; rv:55.0) Gecko/20100101 Firefox/55.0"
213.163.226.237 - - [19/Sep/2017:14:19:09 +0200] "GET /gui/javascript/form_form.js?1505823548 HTTP/1.1" 200 16206 "http://easydrivers.activities.at/entry.php?id=10271&&ser=823488" "Mozilla/5.0 (Windows NT 10.0; Win64; x64; rv:55.0) Gecko/20100101 Firefox/55.0"
212.108.43.59 - - [19/Sep/2017:14:20:03 +0200] "GET /entry.php?id=10271&&ser=823543 HTTP/1.1" 200 986 "http://ed.activities.at/entry.php?id=10271&&ser=823482" "Mozilla/5.0 (Macintosh; Intel Mac OS X 10_12_6) AppleWebKit/537.36 (KHTML, like Gecko) Chrome/60.0.3112.113 Safari/537.36"
212.108.43.59 - - [19/Sep/2017:14:20:04 +0200] "GET /gui/javascript/form_form.js?1505823604 HTTP/1.1" 200 16206 "http://ed.activities.at/entry.php?id=10271&&ser=823543" "Mozilla/5.0 (Macintosh; Intel Mac OS X 10_12_6) AppleWebKit/537.36 (KHTML, like Gecko) Chrome/60.0.3112.113 Safari/537.36"
213.163.226.237 - - [19/Sep/2017:14:20:09 +0200] "GET /entry.php?id=10271&&ser=823548 HTTP/1.1" 200 986 "http://easydrivers.activities.at/entry.php?id=10271&&ser=823488" "Mozilla/5.0 (Windows NT 10.0; Win64; x64; rv:55.0) Gecko/20100101 Firefox/55.0"
213.163.226.237 - - [19/Sep/2017:14:20:09 +0200] "GET /gui/javascript/form_form.js?1505823609 HTTP/1.1" 200 16206 "http://easydrivers.activities.at/entry.php?id=10271&&ser=823548" "Mozilla/5.0 (Windows NT 10.0; Win64; x64; rv:55.0) Gecko/20100101 Firefox/55.0"
212.108.43.59 - - [19/Sep/2017:14:21:04 +0200] "GET /entry.php?id=10271&&ser=823604 HTTP/1.1" 200 987 "http://ed.activities.at/entry.php?id=10271&&ser=823543" "Mozilla/5.0 (Macintosh; Intel Mac OS X 10_12_6) AppleWebKit/537.36 (KHTML, like Gecko) Chrome/60.0.3112.113 Safari/537.36"
212.108.43.59 - - [19/Sep/2017:14:21:05 +0200] "GET /gui/javascript/form_form.js?1505823665 HTTP/1.1" 200 16206 "http://ed.activities.at/entry.php?id=10271&&ser=823604" "Mozilla/5.0 (Macintosh; Intel Mac OS X 10_12_6) AppleWebKit/537.36 (KHTML, like Gecko) Chrome/60.0.3112.113 Safari/537.36"
213.163.226.237 - - [19/Sep/2017:14:21:09 +0200] "GET /entry.php?id=10271&&ser=823609 HTTP/1.1" 200 986 "http://easydrivers.activities.at/entry.php?id=10271&&ser=823548" "Mozilla/5.0 (Windows NT 10.0; Win64; x64; rv:55.0) Gecko/20100101 Firefox/55.0"
213.163.226.237 - - [19/Sep/2017:14:21:10 +0200] "GET /gui/javascript/form_form.js?1505823670 HTTP/1.1" 200 16206 "http://easydrivers.activities.at/entry.php?id=10271&&ser=823609" "Mozilla/5.0 (Windows NT 10.0; Win64; x64; rv:55.0) Gecko/20100101 Firefox/55.0"
212.108.43.59 - - [19/Sep/2017:14:22:05 +0200] "GET /entry.php?id=10271&&ser=823665 HTTP/1.1" 200 987 "http://ed.activities.at/entry.php?id=10271&&ser=823604" "Mozilla/5.0 (Macintosh; Intel Mac OS X 10_12_6) AppleWebKit/537.36 (KHTML, like Gecko) Chrome/60.0.3112.113 Safari/537.36"
212.108.43.59 - - [19/Sep/2017:14:22:06 +0200] "GET /gui/javascript/form_form.js?1505823726 HTTP/1.1" 200 16206 "http://ed.activities.at/entry.php?id=10271&&ser=823665" "Mozilla/5.0 (Macintosh; Intel Mac OS X 10_12_6) AppleWebKit/537.36 (KHTML, like Gecko) Chrome/60.0.3112.113 Safari/537.36"
213.163.226.237 - - [19/Sep/2017:14:22:10 +0200] "GET /entry.php?id=10271&&ser=823670 HTTP/1.1" 200 986 "http://easydrivers.activities.at/entry.php?id=10271&&ser=823609" "Mozilla/5.0 (Windows NT 10.0; Win64; x64; rv:55.0) Gecko/20100101 Firefox/55.0"
213.163.226.237 - - [19/Sep/2017:14:22:10 +0200] "GET /gui/javascript/form_form.js?1505823730 HTTP/1.1" 200 16206 "http://easydrivers.activities.at/entry.php?id=10271&&ser=823670" "Mozilla/5.0 (Windows NT 10.0; Win64; x64; rv:55.0) Gecko/20100101 Firefox/55.0"
212.108.43.59 - - [19/Sep/2017:14:23:06 +0200] "GET /entry.php?id=10271&&ser=823726 HTTP/1.1" 200 986 "http://ed.activities.at/entry.php?id=10271&&ser=823665" "Mozilla/5.0 (Macintosh; Intel Mac OS X 10_12_6) AppleWebKit/537.36 (KHTML, like Gecko) Chrome/60.0.3112.113 Safari/537.36"
212.108.43.59 - - [19/Sep/2017:14:23:07 +0200] "GET /gui/javascript/form_form.js?1505823787 HTTP/1.1" 200 16206 "http://ed.activities.at/entry.php?id=10271&&ser=823726" "Mozilla/5.0 (Macintosh; Intel Mac OS X 10_12_6) AppleWebKit/537.36 (KHTML, like Gecko) Chrome/60.0.3112.113 Safari/537.36"
213.163.226.237 - - [19/Sep/2017:14:23:11 +0200] "GET /entry.php?id=10271&&ser=823730 HTTP/1.1" 200 986 "http://easydrivers.activities.at/entry.php?id=10271&&ser=823670" "Mozilla/5.0 (Windows NT 10.0; Win64; x64; rv:55.0) Gecko/20100101 Firefox/55.0"
213.163.226.237 - - [19/Sep/2017:14:23:11 +0200] "GET /gui/javascript/form_form.js?1505823791 HTTP/1.1" 200 16206 "http://easydrivers.activities.at/entry.php?id=10271&&ser=823730" "Mozilla/5.0 (Windows NT 10.0; Win64; x64; rv:55.0) Gecko/20100101 Firefox/55.0"
212.108.43.59 - - [19/Sep/2017:14:24:07 +0200] "GET /entry.php?id=10271&&ser=823787 HTTP/1.1" 200 986 "http://ed.activities.at/entry.php?id=10271&&ser=823726" "Mozilla/5.0 (Macintosh; Intel Mac OS X 10_12_6) AppleWebKit/537.36 (KHTML, like Gecko) Chrome/60.0.3112.113 Safari/537.36"
212.108.43.59 - - [19/Sep/2017:14:24:08 +0200] "GET /gui/javascript/form_form.js?1505823848 HTTP/1.1" 200 16206 "http://ed.activities.at/entry.php?id=10271&&ser=823787" "Mozilla/5.0 (Macintosh; Intel Mac OS X 10_12_6) AppleWebKit/537.36 (KHTML, like Gecko) Chrome/60.0.3112.113 Safari/537.36"
213.163.226.237 - - [19/Sep/2017:14:24:11 +0200] "GET /entry.php?id=10271&&ser=823791 HTTP/1.1" 200 987 "http://easydrivers.activities.at/entry.php?id=10271&&ser=823730" "Mozilla/5.0 (Windows NT 10.0; Win64; x64; rv:55.0) Gecko/20100101 Firefox/55.0"
213.163.226.237 - - [19/Sep/2017:14:24:12 +0200] "GET /gui/javascript/form_form.js?1505823851 HTTP/1.1" 200 16206 "http://easydrivers.activities.at/entry.php?id=10271&&ser=823791" "Mozilla/5.0 (Windows NT 10.0; Win64; x64; rv:55.0) Gecko/20100101 Firefox/55.0"
212.108.43.59 - - [19/Sep/2017:14:24:52 +0200] "GET /entry.php?id=11679 HTTP/1.1" 200 312 "http://ed.activities.at/entry.php?id=10270&__app__=10006038" "Mozilla/5.0 (Macintosh; Intel Mac OS X 10_12_6) AppleWebKit/537.36 (KHTML, like Gecko) Chrome/60.0.3112.113 Safari/537.36"
212.108.43.59 - - [19/Sep/2017:14:24:53 +0200] "GET /entry.php?id=11678& HTTP/1.1" 200 13843 "http://ed.activities.at/entry.php?id=11679" "Mozilla/5.0 (Macintosh; Intel Mac OS X 10_12_6) AppleWebKit/537.36 (KHTML, like Gecko) Chrome/60.0.3112.113 Safari/537.36"
212.108.43.59 - - [19/Sep/2017:14:24:53 +0200] "GET /gui/javascript/form_form.js?1505823893 HTTP/1.1" 200 16206 "http://ed.activities.at/entry.php?id=11678&" "Mozilla/5.0 (Macintosh; Intel Mac OS X 10_12_6) AppleWebKit/537.36 (KHTML, like Gecko) Chrome/60.0.3112.113 Safari/537.36"
