131.253.27.78 - - [06/Nov/2017:11:21:41 +0100] "GET /gui/javascript/form_form.js?1509963697 HTTP/1.1" 200 74566 "-" "Mozilla/5.0 (Windows NT 6.1; WOW64) AppleWebKit/534+ (KHTML, like Gecko) BingPreview/1.0b"
131.253.25.203 - - [06/Nov/2017:11:21:42 +0100] "GET /gui/javascript/form_form.js?1509963698 HTTP/1.1" 200 74566 "-" "Mozilla/5.0 (Windows NT 6.1; WOW64) AppleWebKit/534+ (KHTML, like Gecko) BingPreview/1.0b"
131.253.27.78 - - [06/Nov/2017:11:21:44 +0100] "GET /gui/javascript/jquery/js/jquery-1.8.2.js HTTP/1.1" 200 152183 "-" "Mozilla/5.0 (Windows NT 6.1; WOW64) AppleWebKit/534+ (KHTML, like Gecko) BingPreview/1.0b"
131.253.25.184 - - [06/Nov/2017:11:21:44 +0100] "GET /gui/javascript/jquery/js/jquery-ui-1.9.0.custom.min.js HTTP/1.1" 200 200719 "-" "Mozilla/5.0 (Windows NT 6.1; WOW64) AppleWebKit/534+ (KHTML, like Gecko) BingPreview/1.0b"
131.253.27.54 - - [06/Nov/2017:11:21:46 +0100] "GET /gui/javascript/jquery/jquery-tooltip/jquery.tooltip.min.js HTTP/1.1" 200 5301 "-" "Mozilla/5.0 (Windows NT 6.1; WOW64) AppleWebKit/534+ (KHTML, like Gecko) BingPreview/1.0b"
131.253.27.54 - - [06/Nov/2017:11:21:47 +0100] "GET /entry.php?id=10287 HTTP/1.1" 200 8602 "-" "Mozilla/5.0 (Windows NT 6.1; WOW64) AppleWebKit/534+ (KHTML, like Gecko) BingPreview/1.0b"
157.55.39.51 - - [06/Nov/2017:11:21:47 +0100] "GET /robots.txt HTTP/1.1" 404 291 "-" "Mozilla/5.0 (compatible; bingbot/2.0; +http://www.bing.com/bingbot.htm)"
157.55.39.51 - - [06/Nov/2017:11:21:47 +0100] "GET /robots.txt HTTP/1.1" 404 291 "-" "Mozilla/5.0 (compatible; bingbot/2.0; +http://www.bing.com/bingbot.htm)"
157.55.39.51 - - [06/Nov/2017:11:21:47 +0100] "GET /robots.txt HTTP/1.1" 404 291 "-" "Mozilla/5.0 (compatible; bingbot/2.0; +http://www.bing.com/bingbot.htm)"
131.253.25.181 - - [06/Nov/2017:11:21:48 +0100] "GET /framework/webfx/javascript/statusbar/statusBar.js HTTP/1.1" 200 1596 "-" "Mozilla/5.0 (Windows NT 6.1; WOW64) AppleWebKit/534+ (KHTML, like Gecko) BingPreview/1.0b"
131.253.25.189 - - [06/Nov/2017:11:21:48 +0100] "GET /entry.php?id=10271&UIN=b4cfaf53e907a67ed8d634954fbf2133 HTTP/1.1" 200 2411 "-" "Mozilla/5.0 (Windows NT 6.1; WOW64) AppleWebKit/534+ (KHTML, like Gecko) BingPreview/1.0b"
131.253.25.145 - - [06/Nov/2017:11:21:49 +0100] "GET /gui/javascript/form_form.js?1509963707 HTTP/1.1" 200 74566 "-" "Mozilla/5.0 (Windows NT 6.1; WOW64) AppleWebKit/534+ (KHTML, like Gecko) BingPreview/1.0b"
131.253.25.145 - - [06/Nov/2017:11:21:50 +0100] "GET /gui/javascript/form_form.js?1509963708 HTTP/1.1" 200 74566 "-" "Mozilla/5.0 (Windows NT 6.1; WOW64) AppleWebKit/534+ (KHTML, like Gecko) BingPreview/1.0b"
157.55.39.190 - - [06/Nov/2017:11:21:51 +0100] "GET /entry.php?id=10287 HTTP/1.1" 200 2416 "-" "Mozilla/5.0 (compatible; bingbot/2.0; +http://www.bing.com/bingbot.htm)"
157.55.39.190 - - [06/Nov/2017:11:21:52 +0100] "GET /framework/webfx/javascript/toolbar/ieemu.js HTTP/1.1" 200 2366 "-" "Mozilla/5.0 (compatible; bingbot/2.0; +http://www.bing.com/bingbot.htm)"
65.55.213.25 - - [06/Nov/2017:11:21:52 +0100] "GET /entry.php?id=10273&UIN=3134541de33a0f912f9f997c3395d6fd HTTP/1.1" 200 4691 "-" "Mozilla/5.0 (Windows NT 6.1; WOW64) AppleWebKit/534+ (KHTML, like Gecko) BingPreview/1.0b"
157.55.39.190 - - [06/Nov/2017:11:21:52 +0100] "GET /gui/javascript/form_form.js?1509963697 HTTP/1.1" 200 16206 "-" "Mozilla/5.0 (compatible; bingbot/2.0; +http://www.bing.com/bingbot.htm)"
131.253.25.222 - - [06/Nov/2017:11:21:52 +0100] "GET /entry.php?id=10270&UIN=3134541de33a0f912f9f997c3395d6fd HTTP/1.1" 200 2355 "-" "Mozilla/5.0 (Windows NT 6.1; WOW64) AppleWebKit/534+ (KHTML, like Gecko) BingPreview/1.0b"
157.55.39.190 - - [06/Nov/2017:11:21:53 +0100] "GET /gui/javascript/jquery/css/gui-themes/custom.min.css HTTP/1.1" 200 5618 "-" "Mozilla/5.0 (compatible; bingbot/2.0; +http://www.bing.com/bingbot.htm)"
157.55.39.218 - - [06/Nov/2017:11:21:53 +0100] "GET /entry.php?id=10271&UIN=b4cfaf53e907a67ed8d634954fbf2133 HTTP/1.1" 200 934 "-" "Mozilla/5.0 (compatible; bingbot/2.0; +http://www.bing.com/bingbot.htm)"
157.55.39.190 - - [06/Nov/2017:11:21:53 +0100] "GET /gui/javascript/jquery/css/gui-themes/ui.spinner.css HTTP/1.1" 200 350 "-" "Mozilla/5.0 (compatible; bingbot/2.0; +http://www.bing.com/bingbot.htm)"
157.55.39.218 - - [06/Nov/2017:11:21:53 +0100] "GET /framework/webfx/style/toolbar/cb2.css HTTP/1.1" 200 793 "-" "Mozilla/5.0 (compatible; bingbot/2.0; +http://www.bing.com/bingbot.htm)"
157.55.39.190 - - [06/Nov/2017:11:21:54 +0100] "GET /gui/javascript/jquery/jquery-tooltip/jquery.tooltip.min.js HTTP/1.1" 200 1982 "-" "Mozilla/5.0 (compatible; bingbot/2.0; +http://www.bing.com/bingbot.htm)"
131.253.25.189 - - [06/Nov/2017:11:21:53 +0100] "GET /gui/javascript/form_form.js?1509963712 HTTP/1.1" 200 74566 "-" "Mozilla/5.0 (Windows NT 6.1; WOW64) AppleWebKit/534+ (KHTML, like Gecko) BingPreview/1.0b"
157.55.39.218 - - [06/Nov/2017:11:21:54 +0100] "GET /gui/javascript/form_form.js?1509963698 HTTP/1.1" 200 16206 "-" "Mozilla/5.0 (compatible; bingbot/2.0; +http://www.bing.com/bingbot.htm)"
157.55.39.190 - - [06/Nov/2017:11:21:54 +0100] "GET /gui/javascript/jquery/js/jquery-1.8.2.js HTTP/1.1" 200 35391 "-" "Mozilla/5.0 (compatible; bingbot/2.0; +http://www.bing.com/bingbot.htm)"
157.55.39.190 - - [06/Nov/2017:11:21:55 +0100] "GET /gui/javascript/jquery/js/jquery-ui-1.9.0.custom.min.js HTTP/1.1" 200 51286 "-" "Mozilla/5.0 (compatible; bingbot/2.0; +http://www.bing.com/bingbot.htm)"
207.46.13.104 - - [06/Nov/2017:11:21:57 +0100] "GET /framework/webfx/javascript/statusbar/statusBar.js HTTP/1.1" 200 649 "-" "Mozilla/5.0 (compatible; bingbot/2.0; +http://www.bing.com/bingbot.htm)"
207.46.13.104 - - [06/Nov/2017:11:21:57 +0100] "GET /framework/webfx/javascript/toolbar/cb2.js HTTP/1.1" 200 1686 "-" "Mozilla/5.0 (compatible; bingbot/2.0; +http://www.bing.com/bingbot.htm)"
207.46.13.104 - - [06/Nov/2017:11:21:57 +0100] "GET /gui/javascript/form_form.js?1509963696 HTTP/1.1" 200 16206 "-" "Mozilla/5.0 (compatible; bingbot/2.0; +http://www.bing.com/bingbot.htm)"
207.46.13.104 - - [06/Nov/2017:11:21:58 +0100] "GET /gui/javascript/jquery/css/gui-themes/jquery.tooltip.css HTTP/1.1" 200 246 "-" "Mozilla/5.0 (compatible; bingbot/2.0; +http://www.bing.com/bingbot.htm)"
207.46.13.104 - - [06/Nov/2017:11:21:59 +0100] "GET /gui/styles/tmplDefault.css HTTP/1.1" 200 2135 "-" "Mozilla/5.0 (compatible; bingbot/2.0; +http://www.bing.com/bingbot.htm)"
80.109.251.147 - - [06/Nov/2017:11:22:15 +0100] "POST /entry.php?id=11677 HTTP/1.1" 200 5183 "http://ed.activities.at/entry.php?id=11677" "Mozilla/5.0 (Macintosh; Intel Mac OS X 10_12_6) AppleWebKit/537.36 (KHTML, like Gecko) Chrome/61.0.3163.100 Safari/537.36"
80.109.251.147 - - [06/Nov/2017:11:22:17 +0100] "GET /gui/javascript/form_form.js?1509963736 HTTP/1.1" 200 16206 "http://ed.activities.at/entry.php?id=11677" "Mozilla/5.0 (Macintosh; Intel Mac OS X 10_12_6) AppleWebKit/537.36 (KHTML, like Gecko) Chrome/61.0.3163.100 Safari/537.36"
80.109.251.147 - - [06/Nov/2017:11:22:22 +0100] "GET /entry.php?id=10271&&ser=963681 HTTP/1.1" 200 986 "http://ed.activities.at/entry.php?id=10271&&ser=963621" "Mozilla/5.0 (Macintosh; Intel Mac OS X 10_12_6) AppleWebKit/537.36 (KHTML, like Gecko) Chrome/61.0.3163.100 Safari/537.36"
80.109.251.147 - - [06/Nov/2017:11:22:23 +0100] "GET /gui/javascript/form_form.js?1509963743 HTTP/1.1" 200 16206 "http://ed.activities.at/entry.php?id=10271&&ser=963681" "Mozilla/5.0 (Macintosh; Intel Mac OS X 10_12_6) AppleWebKit/537.36 (KHTML, like Gecko) Chrome/61.0.3163.100 Safari/537.36"
213.47.157.214 - - [06/Nov/2017:11:22:23 +0100] "GET /entry.php?id=10271&&ser=963682 HTTP/1.1" 200 986 "http://ed.activities.at/entry.php?id=10271&&ser=963622" "Mozilla/5.0 (Windows NT 6.1; Win64; x64) AppleWebKit/537.36 (KHTML, like Gecko) Chrome/61.0.3163.100 Safari/537.36"
213.47.157.214 - - [06/Nov/2017:11:22:23 +0100] "GET /gui/javascript/form_form.js?1509963743 HTTP/1.1" 200 16206 "http://ed.activities.at/entry.php?id=10271&&ser=963682" "Mozilla/5.0 (Windows NT 6.1; Win64; x64) AppleWebKit/537.36 (KHTML, like Gecko) Chrome/61.0.3163.100 Safari/537.36"
213.47.157.214 - - [06/Nov/2017:11:23:23 +0100] "GET /entry.php?id=10271&&ser=963743 HTTP/1.1" 200 987 "http://ed.activities.at/entry.php?id=10271&&ser=963682" "Mozilla/5.0 (Windows NT 6.1; Win64; x64) AppleWebKit/537.36 (KHTML, like Gecko) Chrome/61.0.3163.100 Safari/537.36"
213.47.157.214 - - [06/Nov/2017:11:23:23 +0100] "GET /gui/javascript/form_form.js?1509963803 HTTP/1.1" 200 16206 "http://ed.activities.at/entry.php?id=10271&&ser=963743" "Mozilla/5.0 (Windows NT 6.1; Win64; x64) AppleWebKit/537.36 (KHTML, like Gecko) Chrome/61.0.3163.100 Safari/537.36"
80.109.251.147 - - [06/Nov/2017:11:23:24 +0100] "GET /entry.php?id=10271&&ser=963743 HTTP/1.1" 200 987 "http://ed.activities.at/entry.php?id=10271&&ser=963681" "Mozilla/5.0 (Macintosh; Intel Mac OS X 10_12_6) AppleWebKit/537.36 (KHTML, like Gecko) Chrome/61.0.3163.100 Safari/537.36"
80.109.251.147 - - [06/Nov/2017:11:23:24 +0100] "GET /gui/javascript/form_form.js?1509963804 HTTP/1.1" 200 16206 "http://ed.activities.at/entry.php?id=10271&&ser=963743" "Mozilla/5.0 (Macintosh; Intel Mac OS X 10_12_6) AppleWebKit/537.36 (KHTML, like Gecko) Chrome/61.0.3163.100 Safari/537.36"
213.47.157.214 - - [06/Nov/2017:11:24:24 +0100] "GET /entry.php?id=10271&&ser=963803 HTTP/1.1" 200 987 "http://ed.activities.at/entry.php?id=10271&&ser=963743" "Mozilla/5.0 (Windows NT 6.1; Win64; x64) AppleWebKit/537.36 (KHTML, like Gecko) Chrome/61.0.3163.100 Safari/537.36"
213.47.157.214 - - [06/Nov/2017:11:24:24 +0100] "GET /gui/javascript/form_form.js?1509963864 HTTP/1.1" 200 16206 "http://ed.activities.at/entry.php?id=10271&&ser=963803" "Mozilla/5.0 (Windows NT 6.1; Win64; x64) AppleWebKit/537.36 (KHTML, like Gecko) Chrome/61.0.3163.100 Safari/537.36"
80.109.251.147 - - [06/Nov/2017:11:24:24 +0100] "GET /entry.php?id=10271&&ser=963804 HTTP/1.1" 200 987 "http://ed.activities.at/entry.php?id=10271&&ser=963743" "Mozilla/5.0 (Macintosh; Intel Mac OS X 10_12_6) AppleWebKit/537.36 (KHTML, like Gecko) Chrome/61.0.3163.100 Safari/537.36"
80.109.251.147 - - [06/Nov/2017:11:24:25 +0100] "GET /gui/javascript/form_form.js?1509963865 HTTP/1.1" 200 16206 "http://ed.activities.at/entry.php?id=10271&&ser=963804" "Mozilla/5.0 (Macintosh; Intel Mac OS X 10_12_6) AppleWebKit/537.36 (KHTML, like Gecko) Chrome/61.0.3163.100 Safari/537.36"
213.47.157.214 - - [06/Nov/2017:11:25:24 +0100] "GET /entry.php?id=10271&&ser=963864 HTTP/1.1" 200 987 "http://ed.activities.at/entry.php?id=10271&&ser=963803" "Mozilla/5.0 (Windows NT 6.1; Win64; x64) AppleWebKit/537.36 (KHTML, like Gecko) Chrome/61.0.3163.100 Safari/537.36"
213.47.157.214 - - [06/Nov/2017:11:25:24 +0100] "GET /gui/javascript/form_form.js?1509963924 HTTP/1.1" 200 16206 "http://ed.activities.at/entry.php?id=10271&&ser=963864" "Mozilla/5.0 (Windows NT 6.1; Win64; x64) AppleWebKit/537.36 (KHTML, like Gecko) Chrome/61.0.3163.100 Safari/537.36"
80.109.251.147 - - [06/Nov/2017:11:25:25 +0100] "GET /entry.php?id=10271&&ser=963865 HTTP/1.1" 200 987 "http://ed.activities.at/entry.php?id=10271&&ser=963804" "Mozilla/5.0 (Macintosh; Intel Mac OS X 10_12_6) AppleWebKit/537.36 (KHTML, like Gecko) Chrome/61.0.3163.100 Safari/537.36"
80.109.251.147 - - [06/Nov/2017:11:25:26 +0100] "GET /gui/javascript/form_form.js?1509963926 HTTP/1.1" 200 16206 "http://ed.activities.at/entry.php?id=10271&&ser=963865" "Mozilla/5.0 (Macintosh; Intel Mac OS X 10_12_6) AppleWebKit/537.36 (KHTML, like Gecko) Chrome/61.0.3163.100 Safari/537.36"
213.47.157.214 - - [06/Nov/2017:11:26:25 +0100] "GET /entry.php?id=10271&&ser=963924 HTTP/1.1" 200 986 "http://ed.activities.at/entry.php?id=10271&&ser=963864" "Mozilla/5.0 (Windows NT 6.1; Win64; x64) AppleWebKit/537.36 (KHTML, like Gecko) Chrome/61.0.3163.100 Safari/537.36"
213.47.157.214 - - [06/Nov/2017:11:26:25 +0100] "GET /gui/javascript/form_form.js?1509963985 HTTP/1.1" 200 16206 "http://ed.activities.at/entry.php?id=10271&&ser=963924" "Mozilla/5.0 (Windows NT 6.1; Win64; x64) AppleWebKit/537.36 (KHTML, like Gecko) Chrome/61.0.3163.100 Safari/537.36"
80.109.251.147 - - [06/Nov/2017:11:26:26 +0100] "GET /entry.php?id=10271&&ser=963926 HTTP/1.1" 200 987 "http://ed.activities.at/entry.php?id=10271&&ser=963865" "Mozilla/5.0 (Macintosh; Intel Mac OS X 10_12_6) AppleWebKit/537.36 (KHTML, like Gecko) Chrome/61.0.3163.100 Safari/537.36"
80.109.251.147 - - [06/Nov/2017:11:26:28 +0100] "GET /gui/javascript/form_form.js?1509963986 HTTP/1.1" 200 16206 "http://ed.activities.at/entry.php?id=10271&&ser=963926" "Mozilla/5.0 (Macintosh; Intel Mac OS X 10_12_6) AppleWebKit/537.36 (KHTML, like Gecko) Chrome/61.0.3163.100 Safari/537.36"
213.47.157.214 - - [06/Nov/2017:11:27:25 +0100] "GET /entry.php?id=10271&&ser=963985 HTTP/1.1" 200 987 "http://ed.activities.at/entry.php?id=10271&&ser=963924" "Mozilla/5.0 (Windows NT 6.1; Win64; x64) AppleWebKit/537.36 (KHTML, like Gecko) Chrome/61.0.3163.100 Safari/537.36"
213.47.157.214 - - [06/Nov/2017:11:27:25 +0100] "GET /gui/javascript/form_form.js?1509964045 HTTP/1.1" 200 16206 "http://ed.activities.at/entry.php?id=10271&&ser=963985" "Mozilla/5.0 (Windows NT 6.1; Win64; x64) AppleWebKit/537.36 (KHTML, like Gecko) Chrome/61.0.3163.100 Safari/537.36"
80.109.251.147 - - [06/Nov/2017:11:27:29 +0100] "GET /entry.php?id=10271&&ser=963986 HTTP/1.1" 200 987 "http://ed.activities.at/entry.php?id=10271&&ser=963926" "Mozilla/5.0 (Macintosh; Intel Mac OS X 10_12_6) AppleWebKit/537.36 (KHTML, like Gecko) Chrome/61.0.3163.100 Safari/537.36"
80.109.251.147 - - [06/Nov/2017:11:27:29 +0100] "GET /gui/javascript/form_form.js?1509964049 HTTP/1.1" 200 16206 "http://ed.activities.at/entry.php?id=10271&&ser=963986" "Mozilla/5.0 (Macintosh; Intel Mac OS X 10_12_6) AppleWebKit/537.36 (KHTML, like Gecko) Chrome/61.0.3163.100 Safari/537.36"
213.47.157.214 - - [06/Nov/2017:11:28:26 +0100] "GET /entry.php?id=10271&&ser=964045 HTTP/1.1" 200 987 "http://ed.activities.at/entry.php?id=10271&&ser=963985" "Mozilla/5.0 (Windows NT 6.1; Win64; x64) AppleWebKit/537.36 (KHTML, like Gecko) Chrome/61.0.3163.100 Safari/537.36"
213.47.157.214 - - [06/Nov/2017:11:28:26 +0100] "GET /gui/javascript/form_form.js?1509964106 HTTP/1.1" 200 16206 "http://ed.activities.at/entry.php?id=10271&&ser=964045" "Mozilla/5.0 (Windows NT 6.1; Win64; x64) AppleWebKit/537.36 (KHTML, like Gecko) Chrome/61.0.3163.100 Safari/537.36"
80.109.251.147 - - [06/Nov/2017:11:28:29 +0100] "GET /entry.php?id=10271&&ser=964049 HTTP/1.1" 200 987 "http://ed.activities.at/entry.php?id=10271&&ser=963986" "Mozilla/5.0 (Macintosh; Intel Mac OS X 10_12_6) AppleWebKit/537.36 (KHTML, like Gecko) Chrome/61.0.3163.100 Safari/537.36"
80.109.251.147 - - [06/Nov/2017:11:28:29 +0100] "GET /gui/javascript/form_form.js?1509964109 HTTP/1.1" 200 16206 "http://ed.activities.at/entry.php?id=10271&&ser=964049" "Mozilla/5.0 (Macintosh; Intel Mac OS X 10_12_6) AppleWebKit/537.36 (KHTML, like Gecko) Chrome/61.0.3163.100 Safari/537.36"
213.47.157.214 - - [06/Nov/2017:11:29:26 +0100] "GET /entry.php?id=10271&&ser=964106 HTTP/1.1" 200 987 "http://ed.activities.at/entry.php?id=10271&&ser=964045" "Mozilla/5.0 (Windows NT 6.1; Win64; x64) AppleWebKit/537.36 (KHTML, like Gecko) Chrome/61.0.3163.100 Safari/537.36"
213.47.157.214 - - [06/Nov/2017:11:29:26 +0100] "GET /gui/javascript/form_form.js?1509964166 HTTP/1.1" 200 16206 "http://ed.activities.at/entry.php?id=10271&&ser=964106" "Mozilla/5.0 (Windows NT 6.1; Win64; x64) AppleWebKit/537.36 (KHTML, like Gecko) Chrome/61.0.3163.100 Safari/537.36"
80.109.251.147 - - [06/Nov/2017:11:29:29 +0100] "GET /entry.php?id=10271&&ser=964109 HTTP/1.1" 200 987 "http://ed.activities.at/entry.php?id=10271&&ser=964049" "Mozilla/5.0 (Macintosh; Intel Mac OS X 10_12_6) AppleWebKit/537.36 (KHTML, like Gecko) Chrome/61.0.3163.100 Safari/537.36"
80.109.251.147 - - [06/Nov/2017:11:29:30 +0100] "GET /gui/javascript/form_form.js?1509964170 HTTP/1.1" 200 16206 "http://ed.activities.at/entry.php?id=10271&&ser=964109" "Mozilla/5.0 (Macintosh; Intel Mac OS X 10_12_6) AppleWebKit/537.36 (KHTML, like Gecko) Chrome/61.0.3163.100 Safari/537.36"
213.47.157.214 - - [06/Nov/2017:11:30:26 +0100] "GET /entry.php?id=10271&&ser=964166 HTTP/1.1" 200 987 "http://ed.activities.at/entry.php?id=10271&&ser=964106" "Mozilla/5.0 (Windows NT 6.1; Win64; x64) AppleWebKit/537.36 (KHTML, like Gecko) Chrome/61.0.3163.100 Safari/537.36"
213.47.157.214 - - [06/Nov/2017:11:30:27 +0100] "GET /gui/javascript/form_form.js?1509964227 HTTP/1.1" 200 16206 "http://ed.activities.at/entry.php?id=10271&&ser=964166" "Mozilla/5.0 (Windows NT 6.1; Win64; x64) AppleWebKit/537.36 (KHTML, like Gecko) Chrome/61.0.3163.100 Safari/537.36"
80.109.251.147 - - [06/Nov/2017:11:30:30 +0100] "GET /entry.php?id=10271&&ser=964170 HTTP/1.1" 200 987 "http://ed.activities.at/entry.php?id=10271&&ser=964109" "Mozilla/5.0 (Macintosh; Intel Mac OS X 10_12_6) AppleWebKit/537.36 (KHTML, like Gecko) Chrome/61.0.3163.100 Safari/537.36"
80.109.251.147 - - [06/Nov/2017:11:30:31 +0100] "GET /gui/javascript/form_form.js?1509964230 HTTP/1.1" 200 16206 "http://ed.activities.at/entry.php?id=10271&&ser=964170" "Mozilla/5.0 (Macintosh; Intel Mac OS X 10_12_6) AppleWebKit/537.36 (KHTML, like Gecko) Chrome/61.0.3163.100 Safari/537.36"
213.47.157.214 - - [06/Nov/2017:11:31:27 +0100] "GET /entry.php?id=10271&&ser=964227 HTTP/1.1" 200 987 "http://ed.activities.at/entry.php?id=10271&&ser=964166" "Mozilla/5.0 (Windows NT 6.1; Win64; x64) AppleWebKit/537.36 (KHTML, like Gecko) Chrome/61.0.3163.100 Safari/537.36"
213.47.157.214 - - [06/Nov/2017:11:31:27 +0100] "GET /gui/javascript/form_form.js?1509964287 HTTP/1.1" 200 16206 "http://ed.activities.at/entry.php?id=10271&&ser=964227" "Mozilla/5.0 (Windows NT 6.1; Win64; x64) AppleWebKit/537.36 (KHTML, like Gecko) Chrome/61.0.3163.100 Safari/537.36"
80.109.251.147 - - [06/Nov/2017:11:31:31 +0100] "GET /entry.php?id=10271&&ser=964230 HTTP/1.1" 200 987 "http://ed.activities.at/entry.php?id=10271&&ser=964170" "Mozilla/5.0 (Macintosh; Intel Mac OS X 10_12_6) AppleWebKit/537.36 (KHTML, like Gecko) Chrome/61.0.3163.100 Safari/537.36"
80.109.251.147 - - [06/Nov/2017:11:31:31 +0100] "GET /gui/javascript/form_form.js?1509964291 HTTP/1.1" 200 16206 "http://ed.activities.at/entry.php?id=10271&&ser=964230" "Mozilla/5.0 (Macintosh; Intel Mac OS X 10_12_6) AppleWebKit/537.36 (KHTML, like Gecko) Chrome/61.0.3163.100 Safari/537.36"
213.47.157.214 - - [06/Nov/2017:11:32:27 +0100] "GET /entry.php?id=10271&&ser=964287 HTTP/1.1" 200 987 "http://ed.activities.at/entry.php?id=10271&&ser=964227" "Mozilla/5.0 (Windows NT 6.1; Win64; x64) AppleWebKit/537.36 (KHTML, like Gecko) Chrome/61.0.3163.100 Safari/537.36"
213.47.157.214 - - [06/Nov/2017:11:32:27 +0100] "GET /gui/javascript/form_form.js?1509964347 HTTP/1.1" 200 16206 "http://ed.activities.at/entry.php?id=10271&&ser=964287" "Mozilla/5.0 (Windows NT 6.1; Win64; x64) AppleWebKit/537.36 (KHTML, like Gecko) Chrome/61.0.3163.100 Safari/537.36"
80.109.251.147 - - [06/Nov/2017:11:32:31 +0100] "GET /entry.php?id=10271&&ser=964291 HTTP/1.1" 200 987 "http://ed.activities.at/entry.php?id=10271&&ser=964230" "Mozilla/5.0 (Macintosh; Intel Mac OS X 10_12_6) AppleWebKit/537.36 (KHTML, like Gecko) Chrome/61.0.3163.100 Safari/537.36"
80.109.251.147 - - [06/Nov/2017:11:32:31 +0100] "GET /gui/javascript/form_form.js?1509964351 HTTP/1.1" 200 16206 "http://ed.activities.at/entry.php?id=10271&&ser=964291" "Mozilla/5.0 (Macintosh; Intel Mac OS X 10_12_6) AppleWebKit/537.36 (KHTML, like Gecko) Chrome/61.0.3163.100 Safari/537.36"
213.47.157.214 - - [06/Nov/2017:11:32:49 +0100] "POST /entry.php?id=11668 HTTP/1.1" 200 2502 "http://ed.activities.at/entry.php?id=11668" "Mozilla/5.0 (Windows NT 6.1; Win64; x64) AppleWebKit/537.36 (KHTML, like Gecko) Chrome/61.0.3163.100 Safari/537.36"
213.47.157.214 - - [06/Nov/2017:11:32:50 +0100] "GET /gui/javascript/form_form.js?1509964370 HTTP/1.1" 200 16206 "http://ed.activities.at/entry.php?id=11668" "Mozilla/5.0 (Windows NT 6.1; Win64; x64) AppleWebKit/537.36 (KHTML, like Gecko) Chrome/61.0.3163.100 Safari/537.36"
213.47.157.214 - - [06/Nov/2017:11:32:50 +0100] "GET /entry.php?id=11695&&object=10225367 HTTP/1.1" 200 2870 "http://ed.activities.at/entry.php?id=11668" "Mozilla/5.0 (Windows NT 6.1; Win64; x64) AppleWebKit/537.36 (KHTML, like Gecko) Chrome/61.0.3163.100 Safari/537.36"
213.47.157.214 - - [06/Nov/2017:11:32:51 +0100] "GET /activities/framework/KoolControls/KoolAjax/koolajax.php?8436e354c842500aba3cbaf0584c0c24 HTTP/1.1" 200 4079 "http://ed.activities.at/entry.php?id=11695&&object=10225367" "Mozilla/5.0 (Windows NT 6.1; Win64; x64) AppleWebKit/537.36 (KHTML, like Gecko) Chrome/61.0.3163.100 Safari/537.36"
213.47.157.214 - - [06/Nov/2017:11:32:51 +0100] "GET /gui/javascript/form_form.js?1509964371 HTTP/1.1" 200 16206 "http://ed.activities.at/entry.php?id=11695&&object=10225367" "Mozilla/5.0 (Windows NT 6.1; Win64; x64) AppleWebKit/537.36 (KHTML, like Gecko) Chrome/61.0.3163.100 Safari/537.36"
213.47.157.214 - - [06/Nov/2017:11:32:50 +0100] "GET /entry.php?id=11696&&object=10225367 HTTP/1.1" 200 1855 "http://ed.activities.at/entry.php?id=11668" "Mozilla/5.0 (Windows NT 6.1; Win64; x64) AppleWebKit/537.36 (KHTML, like Gecko) Chrome/61.0.3163.100 Safari/537.36"
213.47.157.214 - - [06/Nov/2017:11:32:51 +0100] "GET /activities/framework/KoolControls/KoolTreeView/kooltreeview.php?c7cd9180e88ffef8e70f13526bb4f5f7 HTTP/1.1" 200 5055 "http://ed.activities.at/entry.php?id=11695&&object=10225367" "Mozilla/5.0 (Windows NT 6.1; Win64; x64) AppleWebKit/537.36 (KHTML, like Gecko) Chrome/61.0.3163.100 Safari/537.36"
213.47.157.214 - - [06/Nov/2017:11:33:28 +0100] "GET /entry.php?id=10271&&ser=964347 HTTP/1.1" 200 987 "http://ed.activities.at/entry.php?id=10271&&ser=964287" "Mozilla/5.0 (Windows NT 6.1; Win64; x64) AppleWebKit/537.36 (KHTML, like Gecko) Chrome/61.0.3163.100 Safari/537.36"
213.47.157.214 - - [06/Nov/2017:11:33:28 +0100] "GET /gui/javascript/form_form.js?1509964408 HTTP/1.1" 200 16206 "http://ed.activities.at/entry.php?id=10271&&ser=964347" "Mozilla/5.0 (Windows NT 6.1; Win64; x64) AppleWebKit/537.36 (KHTML, like Gecko) Chrome/61.0.3163.100 Safari/537.36"
80.109.251.147 - - [06/Nov/2017:11:33:32 +0100] "GET /entry.php?id=10271&&ser=964351 HTTP/1.1" 200 987 "http://ed.activities.at/entry.php?id=10271&&ser=964291" "Mozilla/5.0 (Macintosh; Intel Mac OS X 10_12_6) AppleWebKit/537.36 (KHTML, like Gecko) Chrome/61.0.3163.100 Safari/537.36"
80.109.251.147 - - [06/Nov/2017:11:33:32 +0100] "GET /gui/javascript/form_form.js?1509964412 HTTP/1.1" 200 16206 "http://ed.activities.at/entry.php?id=10271&&ser=964351" "Mozilla/5.0 (Macintosh; Intel Mac OS X 10_12_6) AppleWebKit/537.36 (KHTML, like Gecko) Chrome/61.0.3163.100 Safari/537.36"
213.47.157.214 - - [06/Nov/2017:11:34:28 +0100] "GET /entry.php?id=10271&&ser=964408 HTTP/1.1" 200 987 "http://ed.activities.at/entry.php?id=10271&&ser=964347" "Mozilla/5.0 (Windows NT 6.1; Win64; x64) AppleWebKit/537.36 (KHTML, like Gecko) Chrome/61.0.3163.100 Safari/537.36"
213.47.157.214 - - [06/Nov/2017:11:34:28 +0100] "GET /gui/javascript/form_form.js?1509964468 HTTP/1.1" 200 16206 "http://ed.activities.at/entry.php?id=10271&&ser=964408" "Mozilla/5.0 (Windows NT 6.1; Win64; x64) AppleWebKit/537.36 (KHTML, like Gecko) Chrome/61.0.3163.100 Safari/537.36"
80.109.251.147 - - [06/Nov/2017:11:34:32 +0100] "GET /entry.php?id=10271&&ser=964412 HTTP/1.1" 200 986 "http://ed.activities.at/entry.php?id=10271&&ser=964351" "Mozilla/5.0 (Macintosh; Intel Mac OS X 10_12_6) AppleWebKit/537.36 (KHTML, like Gecko) Chrome/61.0.3163.100 Safari/537.36"
80.109.251.147 - - [06/Nov/2017:11:34:32 +0100] "GET /gui/javascript/form_form.js?1509964472 HTTP/1.1" 200 16206 "http://ed.activities.at/entry.php?id=10271&&ser=964412" "Mozilla/5.0 (Macintosh; Intel Mac OS X 10_12_6) AppleWebKit/537.36 (KHTML, like Gecko) Chrome/61.0.3163.100 Safari/537.36"
213.47.157.214 - - [06/Nov/2017:11:35:29 +0100] "GET /entry.php?id=10271&&ser=964468 HTTP/1.1" 200 987 "http://ed.activities.at/entry.php?id=10271&&ser=964408" "Mozilla/5.0 (Windows NT 6.1; Win64; x64) AppleWebKit/537.36 (KHTML, like Gecko) Chrome/61.0.3163.100 Safari/537.36"
213.47.157.214 - - [06/Nov/2017:11:35:29 +0100] "GET /gui/javascript/form_form.js?1509964529 HTTP/1.1" 200 16206 "http://ed.activities.at/entry.php?id=10271&&ser=964468" "Mozilla/5.0 (Windows NT 6.1; Win64; x64) AppleWebKit/537.36 (KHTML, like Gecko) Chrome/61.0.3163.100 Safari/537.36"
80.109.251.147 - - [06/Nov/2017:11:35:33 +0100] "GET /entry.php?id=10271&&ser=964472 HTTP/1.1" 200 987 "http://ed.activities.at/entry.php?id=10271&&ser=964412" "Mozilla/5.0 (Macintosh; Intel Mac OS X 10_12_6) AppleWebKit/537.36 (KHTML, like Gecko) Chrome/61.0.3163.100 Safari/537.36"
80.109.251.147 - - [06/Nov/2017:11:35:33 +0100] "GET /gui/javascript/form_form.js?1509964533 HTTP/1.1" 200 16206 "http://ed.activities.at/entry.php?id=10271&&ser=964472" "Mozilla/5.0 (Macintosh; Intel Mac OS X 10_12_6) AppleWebKit/537.36 (KHTML, like Gecko) Chrome/61.0.3163.100 Safari/537.36"
213.47.157.214 - - [06/Nov/2017:11:36:29 +0100] "GET /entry.php?id=10271&&ser=964529 HTTP/1.1" 200 987 "http://ed.activities.at/entry.php?id=10271&&ser=964468" "Mozilla/5.0 (Windows NT 6.1; Win64; x64) AppleWebKit/537.36 (KHTML, like Gecko) Chrome/61.0.3163.100 Safari/537.36"
213.47.157.214 - - [06/Nov/2017:11:36:29 +0100] "GET /gui/javascript/form_form.js?1509964589 HTTP/1.1" 200 16206 "http://ed.activities.at/entry.php?id=10271&&ser=964529" "Mozilla/5.0 (Windows NT 6.1; Win64; x64) AppleWebKit/537.36 (KHTML, like Gecko) Chrome/61.0.3163.100 Safari/537.36"
80.109.251.147 - - [06/Nov/2017:11:36:33 +0100] "GET /entry.php?id=10271&&ser=964533 HTTP/1.1" 200 987 "http://ed.activities.at/entry.php?id=10271&&ser=964472" "Mozilla/5.0 (Macintosh; Intel Mac OS X 10_12_6) AppleWebKit/537.36 (KHTML, like Gecko) Chrome/61.0.3163.100 Safari/537.36"
80.109.251.147 - - [06/Nov/2017:11:36:33 +0100] "GET /gui/javascript/form_form.js?1509964593 HTTP/1.1" 200 16206 "http://ed.activities.at/entry.php?id=10271&&ser=964533" "Mozilla/5.0 (Macintosh; Intel Mac OS X 10_12_6) AppleWebKit/537.36 (KHTML, like Gecko) Chrome/61.0.3163.100 Safari/537.36"
213.47.157.214 - - [06/Nov/2017:11:37:29 +0100] "GET /entry.php?id=10271&&ser=964589 HTTP/1.1" 200 987 "http://ed.activities.at/entry.php?id=10271&&ser=964529" "Mozilla/5.0 (Windows NT 6.1; Win64; x64) AppleWebKit/537.36 (KHTML, like Gecko) Chrome/61.0.3163.100 Safari/537.36"
213.47.157.214 - - [06/Nov/2017:11:37:30 +0100] "GET /gui/javascript/form_form.js?1509964650 HTTP/1.1" 200 16206 "http://ed.activities.at/entry.php?id=10271&&ser=964589" "Mozilla/5.0 (Windows NT 6.1; Win64; x64) AppleWebKit/537.36 (KHTML, like Gecko) Chrome/61.0.3163.100 Safari/537.36"
80.109.251.147 - - [06/Nov/2017:11:37:33 +0100] "GET /entry.php?id=10271&&ser=964593 HTTP/1.1" 200 987 "http://ed.activities.at/entry.php?id=10271&&ser=964533" "Mozilla/5.0 (Macintosh; Intel Mac OS X 10_12_6) AppleWebKit/537.36 (KHTML, like Gecko) Chrome/61.0.3163.100 Safari/537.36"
80.109.251.147 - - [06/Nov/2017:11:37:34 +0100] "GET /gui/javascript/form_form.js?1509964654 HTTP/1.1" 200 16206 "http://ed.activities.at/entry.php?id=10271&&ser=964593" "Mozilla/5.0 (Macintosh; Intel Mac OS X 10_12_6) AppleWebKit/537.36 (KHTML, like Gecko) Chrome/61.0.3163.100 Safari/537.36"
213.47.157.214 - - [06/Nov/2017:11:38:30 +0100] "GET /entry.php?id=10271&&ser=964650 HTTP/1.1" 200 987 "http://ed.activities.at/entry.php?id=10271&&ser=964589" "Mozilla/5.0 (Windows NT 6.1; Win64; x64) AppleWebKit/537.36 (KHTML, like Gecko) Chrome/61.0.3163.100 Safari/537.36"
213.47.157.214 - - [06/Nov/2017:11:38:30 +0100] "GET /gui/javascript/form_form.js?1509964710 HTTP/1.1" 200 16206 "http://ed.activities.at/entry.php?id=10271&&ser=964650" "Mozilla/5.0 (Windows NT 6.1; Win64; x64) AppleWebKit/537.36 (KHTML, like Gecko) Chrome/61.0.3163.100 Safari/537.36"
80.109.251.147 - - [06/Nov/2017:11:38:34 +0100] "GET /entry.php?id=10271&&ser=964654 HTTP/1.1" 200 987 "http://ed.activities.at/entry.php?id=10271&&ser=964593" "Mozilla/5.0 (Macintosh; Intel Mac OS X 10_12_6) AppleWebKit/537.36 (KHTML, like Gecko) Chrome/61.0.3163.100 Safari/537.36"
80.109.251.147 - - [06/Nov/2017:11:38:34 +0100] "GET /gui/javascript/form_form.js?1509964714 HTTP/1.1" 200 16206 "http://ed.activities.at/entry.php?id=10271&&ser=964654" "Mozilla/5.0 (Macintosh; Intel Mac OS X 10_12_6) AppleWebKit/537.36 (KHTML, like Gecko) Chrome/61.0.3163.100 Safari/537.36"
213.47.157.214 - - [06/Nov/2017:11:39:30 +0100] "GET /entry.php?id=10271&&ser=964710 HTTP/1.1" 200 987 "http://ed.activities.at/entry.php?id=10271&&ser=964650" "Mozilla/5.0 (Windows NT 6.1; Win64; x64) AppleWebKit/537.36 (KHTML, like Gecko) Chrome/61.0.3163.100 Safari/537.36"
213.47.157.214 - - [06/Nov/2017:11:39:31 +0100] "GET /gui/javascript/form_form.js?1509964770 HTTP/1.1" 200 16206 "http://ed.activities.at/entry.php?id=10271&&ser=964710" "Mozilla/5.0 (Windows NT 6.1; Win64; x64) AppleWebKit/537.36 (KHTML, like Gecko) Chrome/61.0.3163.100 Safari/537.36"
80.109.251.147 - - [06/Nov/2017:11:39:43 +0100] "GET /entry.php?id=10271&&ser=964714 HTTP/1.1" 200 987 "http://ed.activities.at/entry.php?id=10271&&ser=964654" "Mozilla/5.0 (Macintosh; Intel Mac OS X 10_12_6) AppleWebKit/537.36 (KHTML, like Gecko) Chrome/61.0.3163.100 Safari/537.36"
80.109.251.147 - - [06/Nov/2017:11:39:44 +0100] "GET /gui/javascript/form_form.js?1509964784 HTTP/1.1" 200 16206 "http://ed.activities.at/entry.php?id=10271&&ser=964714" "Mozilla/5.0 (Macintosh; Intel Mac OS X 10_12_6) AppleWebKit/537.36 (KHTML, like Gecko) Chrome/61.0.3163.100 Safari/537.36"
213.47.157.214 - - [06/Nov/2017:11:40:31 +0100] "GET /entry.php?id=10271&&ser=964770 HTTP/1.1" 200 986 "http://ed.activities.at/entry.php?id=10271&&ser=964710" "Mozilla/5.0 (Windows NT 6.1; Win64; x64) AppleWebKit/537.36 (KHTML, like Gecko) Chrome/61.0.3163.100 Safari/537.36"
213.47.157.214 - - [06/Nov/2017:11:40:31 +0100] "GET /gui/javascript/form_form.js?1509964831 HTTP/1.1" 200 16206 "http://ed.activities.at/entry.php?id=10271&&ser=964770" "Mozilla/5.0 (Windows NT 6.1; Win64; x64) AppleWebKit/537.36 (KHTML, like Gecko) Chrome/61.0.3163.100 Safari/537.36"
80.109.251.147 - - [06/Nov/2017:11:40:44 +0100] "GET /entry.php?id=10271&&ser=964784 HTTP/1.1" 200 987 "http://ed.activities.at/entry.php?id=10271&&ser=964714" "Mozilla/5.0 (Macintosh; Intel Mac OS X 10_12_6) AppleWebKit/537.36 (KHTML, like Gecko) Chrome/61.0.3163.100 Safari/537.36"
80.109.251.147 - - [06/Nov/2017:11:40:44 +0100] "GET /gui/javascript/form_form.js?1509964844 HTTP/1.1" 200 16206 "http://ed.activities.at/entry.php?id=10271&&ser=964784" "Mozilla/5.0 (Macintosh; Intel Mac OS X 10_12_6) AppleWebKit/537.36 (KHTML, like Gecko) Chrome/61.0.3163.100 Safari/537.36"
213.47.157.214 - - [06/Nov/2017:11:41:31 +0100] "GET /entry.php?id=10271&&ser=964831 HTTP/1.1" 200 986 "http://ed.activities.at/entry.php?id=10271&&ser=964770" "Mozilla/5.0 (Windows NT 6.1; Win64; x64) AppleWebKit/537.36 (KHTML, like Gecko) Chrome/61.0.3163.100 Safari/537.36"
213.47.157.214 - - [06/Nov/2017:11:41:31 +0100] "GET /gui/javascript/form_form.js?1509964891 HTTP/1.1" 200 16206 "http://ed.activities.at/entry.php?id=10271&&ser=964831" "Mozilla/5.0 (Windows NT 6.1; Win64; x64) AppleWebKit/537.36 (KHTML, like Gecko) Chrome/61.0.3163.100 Safari/537.36"
80.109.251.147 - - [06/Nov/2017:11:41:44 +0100] "GET /entry.php?id=10271&&ser=964844 HTTP/1.1" 200 987 "http://ed.activities.at/entry.php?id=10271&&ser=964784" "Mozilla/5.0 (Macintosh; Intel Mac OS X 10_12_6) AppleWebKit/537.36 (KHTML, like Gecko) Chrome/61.0.3163.100 Safari/537.36"
80.109.251.147 - - [06/Nov/2017:11:41:44 +0100] "GET /gui/javascript/form_form.js?1509964904 HTTP/1.1" 200 16206 "http://ed.activities.at/entry.php?id=10271&&ser=964844" "Mozilla/5.0 (Macintosh; Intel Mac OS X 10_12_6) AppleWebKit/537.36 (KHTML, like Gecko) Chrome/61.0.3163.100 Safari/537.36"
213.47.157.214 - - [06/Nov/2017:11:42:32 +0100] "GET /entry.php?id=10271&&ser=964891 HTTP/1.1" 200 987 "http://ed.activities.at/entry.php?id=10271&&ser=964831" "Mozilla/5.0 (Windows NT 6.1; Win64; x64) AppleWebKit/537.36 (KHTML, like Gecko) Chrome/61.0.3163.100 Safari/537.36"
213.47.157.214 - - [06/Nov/2017:11:42:32 +0100] "GET /gui/javascript/form_form.js?1509964952 HTTP/1.1" 200 16206 "http://ed.activities.at/entry.php?id=10271&&ser=964891" "Mozilla/5.0 (Windows NT 6.1; Win64; x64) AppleWebKit/537.36 (KHTML, like Gecko) Chrome/61.0.3163.100 Safari/537.36"
80.109.251.147 - - [06/Nov/2017:11:42:45 +0100] "GET /entry.php?id=10271&&ser=964904 HTTP/1.1" 200 987 "http://ed.activities.at/entry.php?id=10271&&ser=964844" "Mozilla/5.0 (Macintosh; Intel Mac OS X 10_12_6) AppleWebKit/537.36 (KHTML, like Gecko) Chrome/61.0.3163.100 Safari/537.36"
80.109.251.147 - - [06/Nov/2017:11:42:45 +0100] "GET /gui/javascript/form_form.js?1509964965 HTTP/1.1" 200 16206 "http://ed.activities.at/entry.php?id=10271&&ser=964904" "Mozilla/5.0 (Macintosh; Intel Mac OS X 10_12_6) AppleWebKit/537.36 (KHTML, like Gecko) Chrome/61.0.3163.100 Safari/537.36"
213.47.157.214 - - [06/Nov/2017:11:43:32 +0100] "GET /entry.php?id=10271&&ser=964952 HTTP/1.1" 200 987 "http://ed.activities.at/entry.php?id=10271&&ser=964891" "Mozilla/5.0 (Windows NT 6.1; Win64; x64) AppleWebKit/537.36 (KHTML, like Gecko) Chrome/61.0.3163.100 Safari/537.36"
213.47.157.214 - - [06/Nov/2017:11:43:32 +0100] "GET /gui/javascript/form_form.js?1509965012 HTTP/1.1" 200 16206 "http://ed.activities.at/entry.php?id=10271&&ser=964952" "Mozilla/5.0 (Windows NT 6.1; Win64; x64) AppleWebKit/537.36 (KHTML, like Gecko) Chrome/61.0.3163.100 Safari/537.36"
80.109.251.147 - - [06/Nov/2017:11:43:46 +0100] "GET /entry.php?id=10271&&ser=964965 HTTP/1.1" 200 987 "http://ed.activities.at/entry.php?id=10271&&ser=964904" "Mozilla/5.0 (Macintosh; Intel Mac OS X 10_12_6) AppleWebKit/537.36 (KHTML, like Gecko) Chrome/61.0.3163.100 Safari/537.36"
80.109.251.147 - - [06/Nov/2017:11:43:46 +0100] "GET /gui/javascript/form_form.js?1509965026 HTTP/1.1" 200 16206 "http://ed.activities.at/entry.php?id=10271&&ser=964965" "Mozilla/5.0 (Macintosh; Intel Mac OS X 10_12_6) AppleWebKit/537.36 (KHTML, like Gecko) Chrome/61.0.3163.100 Safari/537.36"
213.47.157.214 - - [06/Nov/2017:11:44:32 +0100] "GET /entry.php?id=10271&&ser=965012 HTTP/1.1" 200 987 "http://ed.activities.at/entry.php?id=10271&&ser=964952" "Mozilla/5.0 (Windows NT 6.1; Win64; x64) AppleWebKit/537.36 (KHTML, like Gecko) Chrome/61.0.3163.100 Safari/537.36"
213.47.157.214 - - [06/Nov/2017:11:44:33 +0100] "GET /gui/javascript/form_form.js?1509965073 HTTP/1.1" 200 16206 "http://ed.activities.at/entry.php?id=10271&&ser=965012" "Mozilla/5.0 (Windows NT 6.1; Win64; x64) AppleWebKit/537.36 (KHTML, like Gecko) Chrome/61.0.3163.100 Safari/537.36"
80.109.251.147 - - [06/Nov/2017:11:44:46 +0100] "GET /entry.php?id=10271&&ser=965026 HTTP/1.1" 200 987 "http://ed.activities.at/entry.php?id=10271&&ser=964965" "Mozilla/5.0 (Macintosh; Intel Mac OS X 10_12_6) AppleWebKit/537.36 (KHTML, like Gecko) Chrome/61.0.3163.100 Safari/537.36"
80.109.251.147 - - [06/Nov/2017:11:44:47 +0100] "GET /gui/javascript/form_form.js?1509965087 HTTP/1.1" 200 16206 "http://ed.activities.at/entry.php?id=10271&&ser=965026" "Mozilla/5.0 (Macintosh; Intel Mac OS X 10_12_6) AppleWebKit/537.36 (KHTML, like Gecko) Chrome/61.0.3163.100 Safari/537.36"
213.47.157.214 - - [06/Nov/2017:11:45:33 +0100] "GET /entry.php?id=10271&&ser=965073 HTTP/1.1" 200 987 "http://ed.activities.at/entry.php?id=10271&&ser=965012" "Mozilla/5.0 (Windows NT 6.1; Win64; x64) AppleWebKit/537.36 (KHTML, like Gecko) Chrome/61.0.3163.100 Safari/537.36"
213.47.157.214 - - [06/Nov/2017:11:45:33 +0100] "GET /gui/javascript/form_form.js?1509965133 HTTP/1.1" 200 16206 "http://ed.activities.at/entry.php?id=10271&&ser=965073" "Mozilla/5.0 (Windows NT 6.1; Win64; x64) AppleWebKit/537.36 (KHTML, like Gecko) Chrome/61.0.3163.100 Safari/537.36"
80.109.251.147 - - [06/Nov/2017:11:45:47 +0100] "GET /entry.php?id=10271&&ser=965087 HTTP/1.1" 200 987 "http://ed.activities.at/entry.php?id=10271&&ser=965026" "Mozilla/5.0 (Macintosh; Intel Mac OS X 10_12_6) AppleWebKit/537.36 (KHTML, like Gecko) Chrome/61.0.3163.100 Safari/537.36"
80.109.251.147 - - [06/Nov/2017:11:45:47 +0100] "GET /gui/javascript/form_form.js?1509965147 HTTP/1.1" 200 16206 "http://ed.activities.at/entry.php?id=10271&&ser=965087" "Mozilla/5.0 (Macintosh; Intel Mac OS X 10_12_6) AppleWebKit/537.36 (KHTML, like Gecko) Chrome/61.0.3163.100 Safari/537.36"
213.47.157.214 - - [06/Nov/2017:11:46:33 +0100] "GET /entry.php?id=10271&&ser=965133 HTTP/1.1" 200 987 "http://ed.activities.at/entry.php?id=10271&&ser=965073" "Mozilla/5.0 (Windows NT 6.1; Win64; x64) AppleWebKit/537.36 (KHTML, like Gecko) Chrome/61.0.3163.100 Safari/537.36"
213.47.157.214 - - [06/Nov/2017:11:46:33 +0100] "GET /gui/javascript/form_form.js?1509965193 HTTP/1.1" 200 16206 "http://ed.activities.at/entry.php?id=10271&&ser=965133" "Mozilla/5.0 (Windows NT 6.1; Win64; x64) AppleWebKit/537.36 (KHTML, like Gecko) Chrome/61.0.3163.100 Safari/537.36"
80.109.251.147 - - [06/Nov/2017:11:46:48 +0100] "GET /entry.php?id=10271&&ser=965147 HTTP/1.1" 200 987 "http://ed.activities.at/entry.php?id=10271&&ser=965087" "Mozilla/5.0 (Macintosh; Intel Mac OS X 10_12_6) AppleWebKit/537.36 (KHTML, like Gecko) Chrome/61.0.3163.100 Safari/537.36"
80.109.251.147 - - [06/Nov/2017:11:46:48 +0100] "GET /gui/javascript/form_form.js?1509965208 HTTP/1.1" 200 16206 "http://ed.activities.at/entry.php?id=10271&&ser=965147" "Mozilla/5.0 (Macintosh; Intel Mac OS X 10_12_6) AppleWebKit/537.36 (KHTML, like Gecko) Chrome/61.0.3163.100 Safari/537.36"
213.47.157.214 - - [06/Nov/2017:11:47:34 +0100] "GET /entry.php?id=10271&&ser=965193 HTTP/1.1" 200 988 "http://ed.activities.at/entry.php?id=10271&&ser=965133" "Mozilla/5.0 (Windows NT 6.1; Win64; x64) AppleWebKit/537.36 (KHTML, like Gecko) Chrome/61.0.3163.100 Safari/537.36"
213.47.157.214 - - [06/Nov/2017:11:47:34 +0100] "GET /gui/javascript/form_form.js?1509965254 HTTP/1.1" 200 16206 "http://ed.activities.at/entry.php?id=10271&&ser=965193" "Mozilla/5.0 (Windows NT 6.1; Win64; x64) AppleWebKit/537.36 (KHTML, like Gecko) Chrome/61.0.3163.100 Safari/537.36"
80.109.251.147 - - [06/Nov/2017:11:47:48 +0100] "GET /entry.php?id=10271&&ser=965208 HTTP/1.1" 200 987 "http://ed.activities.at/entry.php?id=10271&&ser=965147" "Mozilla/5.0 (Macintosh; Intel Mac OS X 10_12_6) AppleWebKit/537.36 (KHTML, like Gecko) Chrome/61.0.3163.100 Safari/537.36"
80.109.251.147 - - [06/Nov/2017:11:47:50 +0100] "GET /gui/javascript/form_form.js?1509965269 HTTP/1.1" 200 16206 "http://ed.activities.at/entry.php?id=10271&&ser=965208" "Mozilla/5.0 (Macintosh; Intel Mac OS X 10_12_6) AppleWebKit/537.36 (KHTML, like Gecko) Chrome/61.0.3163.100 Safari/537.36"
213.47.157.214 - - [06/Nov/2017:11:48:34 +0100] "GET /entry.php?id=10271&&ser=965254 HTTP/1.1" 200 987 "http://ed.activities.at/entry.php?id=10271&&ser=965193" "Mozilla/5.0 (Windows NT 6.1; Win64; x64) AppleWebKit/537.36 (KHTML, like Gecko) Chrome/61.0.3163.100 Safari/537.36"
213.47.157.214 - - [06/Nov/2017:11:48:34 +0100] "GET /gui/javascript/form_form.js?1509965314 HTTP/1.1" 200 16206 "http://ed.activities.at/entry.php?id=10271&&ser=965254" "Mozilla/5.0 (Windows NT 6.1; Win64; x64) AppleWebKit/537.36 (KHTML, like Gecko) Chrome/61.0.3163.100 Safari/537.36"
80.109.251.147 - - [06/Nov/2017:11:48:51 +0100] "GET /entry.php?id=10271&&ser=965269 HTTP/1.1" 200 987 "http://ed.activities.at/entry.php?id=10271&&ser=965208" "Mozilla/5.0 (Macintosh; Intel Mac OS X 10_12_6) AppleWebKit/537.36 (KHTML, like Gecko) Chrome/61.0.3163.100 Safari/537.36"
80.109.251.147 - - [06/Nov/2017:11:48:51 +0100] "GET /gui/javascript/form_form.js?1509965331 HTTP/1.1" 200 16206 "http://ed.activities.at/entry.php?id=10271&&ser=965269" "Mozilla/5.0 (Macintosh; Intel Mac OS X 10_12_6) AppleWebKit/537.36 (KHTML, like Gecko) Chrome/61.0.3163.100 Safari/537.36"
213.47.157.214 - - [06/Nov/2017:11:49:34 +0100] "GET /entry.php?id=10271&&ser=965314 HTTP/1.1" 200 987 "http://ed.activities.at/entry.php?id=10271&&ser=965254" "Mozilla/5.0 (Windows NT 6.1; Win64; x64) AppleWebKit/537.36 (KHTML, like Gecko) Chrome/61.0.3163.100 Safari/537.36"
213.47.157.214 - - [06/Nov/2017:11:49:35 +0100] "GET /gui/javascript/form_form.js?1509965375 HTTP/1.1" 200 16206 "http://ed.activities.at/entry.php?id=10271&&ser=965314" "Mozilla/5.0 (Windows NT 6.1; Win64; x64) AppleWebKit/537.36 (KHTML, like Gecko) Chrome/61.0.3163.100 Safari/537.36"
80.109.251.147 - - [06/Nov/2017:11:49:51 +0100] "GET /entry.php?id=10271&&ser=965331 HTTP/1.1" 200 987 "http://ed.activities.at/entry.php?id=10271&&ser=965269" "Mozilla/5.0 (Macintosh; Intel Mac OS X 10_12_6) AppleWebKit/537.36 (KHTML, like Gecko) Chrome/61.0.3163.100 Safari/537.36"
80.109.251.147 - - [06/Nov/2017:11:49:52 +0100] "GET /gui/javascript/form_form.js?1509965392 HTTP/1.1" 200 16206 "http://ed.activities.at/entry.php?id=10271&&ser=965331" "Mozilla/5.0 (Macintosh; Intel Mac OS X 10_12_6) AppleWebKit/537.36 (KHTML, like Gecko) Chrome/61.0.3163.100 Safari/537.36"
213.47.157.214 - - [06/Nov/2017:11:50:35 +0100] "GET /entry.php?id=10271&&ser=965375 HTTP/1.1" 200 988 "http://ed.activities.at/entry.php?id=10271&&ser=965314" "Mozilla/5.0 (Windows NT 6.1; Win64; x64) AppleWebKit/537.36 (KHTML, like Gecko) Chrome/61.0.3163.100 Safari/537.36"
213.47.157.214 - - [06/Nov/2017:11:50:35 +0100] "GET /gui/javascript/form_form.js?1509965435 HTTP/1.1" 200 16206 "http://ed.activities.at/entry.php?id=10271&&ser=965375" "Mozilla/5.0 (Windows NT 6.1; Win64; x64) AppleWebKit/537.36 (KHTML, like Gecko) Chrome/61.0.3163.100 Safari/537.36"
80.109.251.147 - - [06/Nov/2017:11:50:52 +0100] "GET /entry.php?id=10271&&ser=965392 HTTP/1.1" 200 988 "http://ed.activities.at/entry.php?id=10271&&ser=965331" "Mozilla/5.0 (Macintosh; Intel Mac OS X 10_12_6) AppleWebKit/537.36 (KHTML, like Gecko) Chrome/61.0.3163.100 Safari/537.36"
80.109.251.147 - - [06/Nov/2017:11:50:53 +0100] "GET /gui/javascript/form_form.js?1509965452 HTTP/1.1" 200 16206 "http://ed.activities.at/entry.php?id=10271&&ser=965392" "Mozilla/5.0 (Macintosh; Intel Mac OS X 10_12_6) AppleWebKit/537.36 (KHTML, like Gecko) Chrome/61.0.3163.100 Safari/537.36"
213.47.157.214 - - [06/Nov/2017:11:51:35 +0100] "GET /entry.php?id=10271&&ser=965435 HTTP/1.1" 200 988 "http://ed.activities.at/entry.php?id=10271&&ser=965375" "Mozilla/5.0 (Windows NT 6.1; Win64; x64) AppleWebKit/537.36 (KHTML, like Gecko) Chrome/61.0.3163.100 Safari/537.36"
213.47.157.214 - - [06/Nov/2017:11:51:35 +0100] "GET /gui/javascript/form_form.js?1509965495 HTTP/1.1" 200 16206 "http://ed.activities.at/entry.php?id=10271&&ser=965435" "Mozilla/5.0 (Windows NT 6.1; Win64; x64) AppleWebKit/537.36 (KHTML, like Gecko) Chrome/61.0.3163.100 Safari/537.36"
80.109.251.147 - - [06/Nov/2017:11:51:53 +0100] "GET /entry.php?id=10271&&ser=965452 HTTP/1.1" 200 988 "http://ed.activities.at/entry.php?id=10271&&ser=965392" "Mozilla/5.0 (Macintosh; Intel Mac OS X 10_12_6) AppleWebKit/537.36 (KHTML, like Gecko) Chrome/61.0.3163.100 Safari/537.36"
80.109.251.147 - - [06/Nov/2017:11:51:53 +0100] "GET /gui/javascript/form_form.js?1509965513 HTTP/1.1" 200 16206 "http://ed.activities.at/entry.php?id=10271&&ser=965452" "Mozilla/5.0 (Macintosh; Intel Mac OS X 10_12_6) AppleWebKit/537.36 (KHTML, like Gecko) Chrome/61.0.3163.100 Safari/537.36"
213.47.157.214 - - [06/Nov/2017:11:52:36 +0100] "GET /entry.php?id=10271&&ser=965495 HTTP/1.1" 200 988 "http://ed.activities.at/entry.php?id=10271&&ser=965435" "Mozilla/5.0 (Windows NT 6.1; Win64; x64) AppleWebKit/537.36 (KHTML, like Gecko) Chrome/61.0.3163.100 Safari/537.36"
213.47.157.214 - - [06/Nov/2017:11:52:36 +0100] "GET /gui/javascript/form_form.js?1509965556 HTTP/1.1" 200 16206 "http://ed.activities.at/entry.php?id=10271&&ser=965495" "Mozilla/5.0 (Windows NT 6.1; Win64; x64) AppleWebKit/537.36 (KHTML, like Gecko) Chrome/61.0.3163.100 Safari/537.36"
80.109.251.147 - - [06/Nov/2017:11:53:08 +0100] "GET /entry.php?id=10271&&ser=965513 HTTP/1.1" 200 988 "http://ed.activities.at/entry.php?id=10271&&ser=965452" "Mozilla/5.0 (Macintosh; Intel Mac OS X 10_12_6) AppleWebKit/537.36 (KHTML, like Gecko) Chrome/61.0.3163.100 Safari/537.36"
80.109.251.147 - - [06/Nov/2017:11:53:08 +0100] "GET /gui/javascript/form_form.js?1509965588 HTTP/1.1" 200 16206 "http://ed.activities.at/entry.php?id=10271&&ser=965513" "Mozilla/5.0 (Macintosh; Intel Mac OS X 10_12_6) AppleWebKit/537.36 (KHTML, like Gecko) Chrome/61.0.3163.100 Safari/537.36"
213.47.157.214 - - [06/Nov/2017:11:53:36 +0100] "GET /entry.php?id=10271&&ser=965556 HTTP/1.1" 200 987 "http://ed.activities.at/entry.php?id=10271&&ser=965495" "Mozilla/5.0 (Windows NT 6.1; Win64; x64) AppleWebKit/537.36 (KHTML, like Gecko) Chrome/61.0.3163.100 Safari/537.36"
213.47.157.214 - - [06/Nov/2017:11:53:36 +0100] "GET /gui/javascript/form_form.js?1509965616 HTTP/1.1" 200 16206 "http://ed.activities.at/entry.php?id=10271&&ser=965556" "Mozilla/5.0 (Windows NT 6.1; Win64; x64) AppleWebKit/537.36 (KHTML, like Gecko) Chrome/61.0.3163.100 Safari/537.36"
80.109.251.147 - - [06/Nov/2017:11:54:08 +0100] "GET /entry.php?id=10271&&ser=965588 HTTP/1.1" 200 987 "http://ed.activities.at/entry.php?id=10271&&ser=965513" "Mozilla/5.0 (Macintosh; Intel Mac OS X 10_12_6) AppleWebKit/537.36 (KHTML, like Gecko) Chrome/61.0.3163.100 Safari/537.36"
80.109.251.147 - - [06/Nov/2017:11:54:09 +0100] "GET /gui/javascript/form_form.js?1509965648 HTTP/1.1" 200 16206 "http://ed.activities.at/entry.php?id=10271&&ser=965588" "Mozilla/5.0 (Macintosh; Intel Mac OS X 10_12_6) AppleWebKit/537.36 (KHTML, like Gecko) Chrome/61.0.3163.100 Safari/537.36"
213.47.157.214 - - [06/Nov/2017:11:54:37 +0100] "GET /entry.php?id=10271&&ser=965616 HTTP/1.1" 200 987 "http://ed.activities.at/entry.php?id=10271&&ser=965556" "Mozilla/5.0 (Windows NT 6.1; Win64; x64) AppleWebKit/537.36 (KHTML, like Gecko) Chrome/61.0.3163.100 Safari/537.36"
213.47.157.214 - - [06/Nov/2017:11:54:37 +0100] "GET /gui/javascript/form_form.js?1509965677 HTTP/1.1" 200 16206 "http://ed.activities.at/entry.php?id=10271&&ser=965616" "Mozilla/5.0 (Windows NT 6.1; Win64; x64) AppleWebKit/537.36 (KHTML, like Gecko) Chrome/61.0.3163.100 Safari/537.36"
80.109.251.147 - - [06/Nov/2017:11:55:09 +0100] "GET /entry.php?id=10271&&ser=965648 HTTP/1.1" 200 986 "http://ed.activities.at/entry.php?id=10271&&ser=965588" "Mozilla/5.0 (Macintosh; Intel Mac OS X 10_12_6) AppleWebKit/537.36 (KHTML, like Gecko) Chrome/61.0.3163.100 Safari/537.36"
80.109.251.147 - - [06/Nov/2017:11:55:09 +0100] "GET /gui/javascript/form_form.js?1509965709 HTTP/1.1" 200 16206 "http://ed.activities.at/entry.php?id=10271&&ser=965648" "Mozilla/5.0 (Macintosh; Intel Mac OS X 10_12_6) AppleWebKit/537.36 (KHTML, like Gecko) Chrome/61.0.3163.100 Safari/537.36"
213.47.157.214 - - [06/Nov/2017:11:55:37 +0100] "GET /entry.php?id=10271&&ser=965677 HTTP/1.1" 200 987 "http://ed.activities.at/entry.php?id=10271&&ser=965616" "Mozilla/5.0 (Windows NT 6.1; Win64; x64) AppleWebKit/537.36 (KHTML, like Gecko) Chrome/61.0.3163.100 Safari/537.36"
213.47.157.214 - - [06/Nov/2017:11:55:37 +0100] "GET /gui/javascript/form_form.js?1509965737 HTTP/1.1" 200 16206 "http://ed.activities.at/entry.php?id=10271&&ser=965677" "Mozilla/5.0 (Windows NT 6.1; Win64; x64) AppleWebKit/537.36 (KHTML, like Gecko) Chrome/61.0.3163.100 Safari/537.36"
80.109.251.147 - - [06/Nov/2017:11:56:09 +0100] "GET /entry.php?id=10271&&ser=965709 HTTP/1.1" 200 987 "http://ed.activities.at/entry.php?id=10271&&ser=965648" "Mozilla/5.0 (Macintosh; Intel Mac OS X 10_12_6) AppleWebKit/537.36 (KHTML, like Gecko) Chrome/61.0.3163.100 Safari/537.36"
80.109.251.147 - - [06/Nov/2017:11:56:09 +0100] "GET /gui/javascript/form_form.js?1509965769 HTTP/1.1" 200 16206 "http://ed.activities.at/entry.php?id=10271&&ser=965709" "Mozilla/5.0 (Macintosh; Intel Mac OS X 10_12_6) AppleWebKit/537.36 (KHTML, like Gecko) Chrome/61.0.3163.100 Safari/537.36"
213.47.157.214 - - [06/Nov/2017:11:56:37 +0100] "GET /entry.php?id=10271&&ser=965737 HTTP/1.1" 200 986 "http://ed.activities.at/entry.php?id=10271&&ser=965677" "Mozilla/5.0 (Windows NT 6.1; Win64; x64) AppleWebKit/537.36 (KHTML, like Gecko) Chrome/61.0.3163.100 Safari/537.36"
213.47.157.214 - - [06/Nov/2017:11:56:38 +0100] "GET /gui/javascript/form_form.js?1509965798 HTTP/1.1" 200 16206 "http://ed.activities.at/entry.php?id=10271&&ser=965737" "Mozilla/5.0 (Windows NT 6.1; Win64; x64) AppleWebKit/537.36 (KHTML, like Gecko) Chrome/61.0.3163.100 Safari/537.36"
80.109.251.147 - - [06/Nov/2017:11:57:09 +0100] "GET /entry.php?id=10271&&ser=965769 HTTP/1.1" 200 987 "http://ed.activities.at/entry.php?id=10271&&ser=965709" "Mozilla/5.0 (Macintosh; Intel Mac OS X 10_12_6) AppleWebKit/537.36 (KHTML, like Gecko) Chrome/61.0.3163.100 Safari/537.36"
80.109.251.147 - - [06/Nov/2017:11:57:10 +0100] "GET /gui/javascript/form_form.js?1509965830 HTTP/1.1" 200 16206 "http://ed.activities.at/entry.php?id=10271&&ser=965769" "Mozilla/5.0 (Macintosh; Intel Mac OS X 10_12_6) AppleWebKit/537.36 (KHTML, like Gecko) Chrome/61.0.3163.100 Safari/537.36"
213.47.157.214 - - [06/Nov/2017:11:57:38 +0100] "GET /entry.php?id=10271&&ser=965798 HTTP/1.1" 200 988 "http://ed.activities.at/entry.php?id=10271&&ser=965737" "Mozilla/5.0 (Windows NT 6.1; Win64; x64) AppleWebKit/537.36 (KHTML, like Gecko) Chrome/61.0.3163.100 Safari/537.36"
213.47.157.214 - - [06/Nov/2017:11:57:38 +0100] "GET /gui/javascript/form_form.js?1509965858 HTTP/1.1" 200 16206 "http://ed.activities.at/entry.php?id=10271&&ser=965798" "Mozilla/5.0 (Windows NT 6.1; Win64; x64) AppleWebKit/537.36 (KHTML, like Gecko) Chrome/61.0.3163.100 Safari/537.36"
80.109.251.147 - - [06/Nov/2017:11:58:10 +0100] "GET /entry.php?id=10271&&ser=965830 HTTP/1.1" 200 987 "http://ed.activities.at/entry.php?id=10271&&ser=965769" "Mozilla/5.0 (Macintosh; Intel Mac OS X 10_12_6) AppleWebKit/537.36 (KHTML, like Gecko) Chrome/61.0.3163.100 Safari/537.36"
