193.80.185.107 - - [06/Nov/2017:16:28:05 +0100] "GET /entry.php?id=10271&&ser=982025 HTTP/1.1" 200 987 "http://ed.activities.at/entry.php?id=10271&&ser=981964" "Mozilla/5.0 (Windows NT 6.2; WOW64; rv:51.0) Gecko/20100101 Firefox/51.0"
193.80.185.107 - - [06/Nov/2017:16:28:06 +0100] "GET /gui/javascript/jquery/css/gui-themes/ui.spinner.css HTTP/1.1" 200 350 "http://ed.activities.at/entry.php?id=10271&&ser=982025" "Mozilla/5.0 (Windows NT 6.2; WOW64; rv:51.0) Gecko/20100101 Firefox/51.0"
193.80.185.107 - - [06/Nov/2017:16:28:06 +0100] "GET /gui/javascript/jquery/css/gui-themes/jquery.tooltip.css HTTP/1.1" 200 246 "http://ed.activities.at/entry.php?id=10271&&ser=982025" "Mozilla/5.0 (Windows NT 6.2; WOW64; rv:51.0) Gecko/20100101 Firefox/51.0"
193.80.185.107 - - [06/Nov/2017:16:28:06 +0100] "GET /gui/javascript/jquery/css/gui-themes/custom.min.css HTTP/1.1" 200 5618 "http://ed.activities.at/entry.php?id=10271&&ser=982025" "Mozilla/5.0 (Windows NT 6.2; WOW64; rv:51.0) Gecko/20100101 Firefox/51.0"
193.80.185.107 - - [06/Nov/2017:16:28:06 +0100] "GET /gui/styles/tmplDefault.css HTTP/1.1" 200 2135 "http://ed.activities.at/entry.php?id=10271&&ser=982025" "Mozilla/5.0 (Windows NT 6.2; WOW64; rv:51.0) Gecko/20100101 Firefox/51.0"
193.80.185.107 - - [06/Nov/2017:16:28:06 +0100] "GET /gui/javascript/form_form.js?1509982086 HTTP/1.1" 200 16206 "http://ed.activities.at/entry.php?id=10271&&ser=982025" "Mozilla/5.0 (Windows NT 6.2; WOW64; rv:51.0) Gecko/20100101 Firefox/51.0"
193.80.185.107 - - [06/Nov/2017:16:28:06 +0100] "GET /gui/javascript/jquery/js/jquery-1.8.2.js HTTP/1.1" 200 35391 "http://ed.activities.at/entry.php?id=10271&&ser=982025" "Mozilla/5.0 (Windows NT 6.2; WOW64; rv:51.0) Gecko/20100101 Firefox/51.0"
193.80.185.107 - - [06/Nov/2017:16:28:06 +0100] "GET /gui/javascript/jquery/jquery-tooltip/jquery.tooltip.min.js HTTP/1.1" 200 1982 "http://ed.activities.at/entry.php?id=10271&&ser=982025" "Mozilla/5.0 (Windows NT 6.2; WOW64; rv:51.0) Gecko/20100101 Firefox/51.0"
193.80.185.107 - - [06/Nov/2017:16:28:06 +0100] "GET /gui/javascript/jquery/js/jquery-ui-1.9.0.custom.min.js HTTP/1.1" 200 51286 "http://ed.activities.at/entry.php?id=10271&&ser=982025" "Mozilla/5.0 (Windows NT 6.2; WOW64; rv:51.0) Gecko/20100101 Firefox/51.0"
80.122.96.114 - - [06/Nov/2017:16:28:30 +0100] "GET /entry.php?id=10271&&ser=982050 HTTP/1.1" 200 987 "http://ed.activities.at/entry.php?id=10271&&ser=981989" "Mozilla/5.0 (Windows NT 10.0; Win64; x64) AppleWebKit/537.36 (KHTML, like Gecko) Chrome/61.0.3163.100 Safari/537.36"
80.122.96.114 - - [06/Nov/2017:16:28:30 +0100] "GET /gui/javascript/form_form.js?1509982110 HTTP/1.1" 200 16206 "http://ed.activities.at/entry.php?id=10271&&ser=982050" "Mozilla/5.0 (Windows NT 10.0; Win64; x64) AppleWebKit/537.36 (KHTML, like Gecko) Chrome/61.0.3163.100 Safari/537.36"
193.80.185.107 - - [06/Nov/2017:16:29:06 +0100] "GET /entry.php?id=10271&&ser=982086 HTTP/1.1" 200 987 "http://ed.activities.at/entry.php?id=10271&&ser=982025" "Mozilla/5.0 (Windows NT 6.2; WOW64; rv:51.0) Gecko/20100101 Firefox/51.0"
193.80.185.107 - - [06/Nov/2017:16:29:07 +0100] "GET /gui/javascript/jquery/css/gui-themes/ui.spinner.css HTTP/1.1" 200 350 "http://ed.activities.at/entry.php?id=10271&&ser=982086" "Mozilla/5.0 (Windows NT 6.2; WOW64; rv:51.0) Gecko/20100101 Firefox/51.0"
193.80.185.107 - - [06/Nov/2017:16:29:07 +0100] "GET /gui/javascript/jquery/css/gui-themes/jquery.tooltip.css HTTP/1.1" 200 246 "http://ed.activities.at/entry.php?id=10271&&ser=982086" "Mozilla/5.0 (Windows NT 6.2; WOW64; rv:51.0) Gecko/20100101 Firefox/51.0"
193.80.185.107 - - [06/Nov/2017:16:29:07 +0100] "GET /gui/styles/tmplDefault.css HTTP/1.1" 200 2135 "http://ed.activities.at/entry.php?id=10271&&ser=982086" "Mozilla/5.0 (Windows NT 6.2; WOW64; rv:51.0) Gecko/20100101 Firefox/51.0"
193.80.185.107 - - [06/Nov/2017:16:29:07 +0100] "GET /gui/javascript/jquery/css/gui-themes/custom.min.css HTTP/1.1" 200 5618 "http://ed.activities.at/entry.php?id=10271&&ser=982086" "Mozilla/5.0 (Windows NT 6.2; WOW64; rv:51.0) Gecko/20100101 Firefox/51.0"
193.80.185.107 - - [06/Nov/2017:16:29:07 +0100] "GET /gui/javascript/form_form.js?1509982146 HTTP/1.1" 200 16206 "http://ed.activities.at/entry.php?id=10271&&ser=982086" "Mozilla/5.0 (Windows NT 6.2; WOW64; rv:51.0) Gecko/20100101 Firefox/51.0"
193.80.185.107 - - [06/Nov/2017:16:29:07 +0100] "GET /gui/javascript/jquery/js/jquery-1.8.2.js HTTP/1.1" 200 35391 "http://ed.activities.at/entry.php?id=10271&&ser=982086" "Mozilla/5.0 (Windows NT 6.2; WOW64; rv:51.0) Gecko/20100101 Firefox/51.0"
193.80.185.107 - - [06/Nov/2017:16:29:07 +0100] "GET /gui/javascript/jquery/jquery-tooltip/jquery.tooltip.min.js HTTP/1.1" 200 1982 "http://ed.activities.at/entry.php?id=10271&&ser=982086" "Mozilla/5.0 (Windows NT 6.2; WOW64; rv:51.0) Gecko/20100101 Firefox/51.0"
193.80.185.107 - - [06/Nov/2017:16:29:07 +0100] "GET /gui/javascript/jquery/js/jquery-ui-1.9.0.custom.min.js HTTP/1.1" 200 51286 "http://ed.activities.at/entry.php?id=10271&&ser=982086" "Mozilla/5.0 (Windows NT 6.2; WOW64; rv:51.0) Gecko/20100101 Firefox/51.0"
80.122.96.114 - - [06/Nov/2017:16:29:30 +0100] "GET /entry.php?id=10271&&ser=982110 HTTP/1.1" 200 987 "http://ed.activities.at/entry.php?id=10271&&ser=982050" "Mozilla/5.0 (Windows NT 10.0; Win64; x64) AppleWebKit/537.36 (KHTML, like Gecko) Chrome/61.0.3163.100 Safari/537.36"
80.122.96.114 - - [06/Nov/2017:16:29:30 +0100] "GET /gui/javascript/form_form.js?1509982170 HTTP/1.1" 200 16206 "http://ed.activities.at/entry.php?id=10271&&ser=982110" "Mozilla/5.0 (Windows NT 10.0; Win64; x64) AppleWebKit/537.36 (KHTML, like Gecko) Chrome/61.0.3163.100 Safari/537.36"
193.80.185.107 - - [06/Nov/2017:16:30:07 +0100] "GET /entry.php?id=10271&&ser=982146 HTTP/1.1" 200 987 "http://ed.activities.at/entry.php?id=10271&&ser=982086" "Mozilla/5.0 (Windows NT 6.2; WOW64; rv:51.0) Gecko/20100101 Firefox/51.0"
193.80.185.107 - - [06/Nov/2017:16:30:08 +0100] "GET /gui/javascript/jquery/css/gui-themes/ui.spinner.css HTTP/1.1" 200 350 "http://ed.activities.at/entry.php?id=10271&&ser=982146" "Mozilla/5.0 (Windows NT 6.2; WOW64; rv:51.0) Gecko/20100101 Firefox/51.0"
193.80.185.107 - - [06/Nov/2017:16:30:08 +0100] "GET /gui/javascript/jquery/css/gui-themes/jquery.tooltip.css HTTP/1.1" 200 246 "http://ed.activities.at/entry.php?id=10271&&ser=982146" "Mozilla/5.0 (Windows NT 6.2; WOW64; rv:51.0) Gecko/20100101 Firefox/51.0"
193.80.185.107 - - [06/Nov/2017:16:30:08 +0100] "GET /gui/javascript/jquery/css/gui-themes/custom.min.css HTTP/1.1" 200 5618 "http://ed.activities.at/entry.php?id=10271&&ser=982146" "Mozilla/5.0 (Windows NT 6.2; WOW64; rv:51.0) Gecko/20100101 Firefox/51.0"
193.80.185.107 - - [06/Nov/2017:16:30:08 +0100] "GET /gui/styles/tmplDefault.css HTTP/1.1" 200 2135 "http://ed.activities.at/entry.php?id=10271&&ser=982146" "Mozilla/5.0 (Windows NT 6.2; WOW64; rv:51.0) Gecko/20100101 Firefox/51.0"
193.80.185.107 - - [06/Nov/2017:16:30:08 +0100] "GET /gui/javascript/form_form.js?1509982207 HTTP/1.1" 200 16206 "http://ed.activities.at/entry.php?id=10271&&ser=982146" "Mozilla/5.0 (Windows NT 6.2; WOW64; rv:51.0) Gecko/20100101 Firefox/51.0"
193.80.185.107 - - [06/Nov/2017:16:30:08 +0100] "GET /gui/javascript/jquery/js/jquery-1.8.2.js HTTP/1.1" 200 35391 "http://ed.activities.at/entry.php?id=10271&&ser=982146" "Mozilla/5.0 (Windows NT 6.2; WOW64; rv:51.0) Gecko/20100101 Firefox/51.0"
193.80.185.107 - - [06/Nov/2017:16:30:08 +0100] "GET /gui/javascript/jquery/jquery-tooltip/jquery.tooltip.min.js HTTP/1.1" 200 1982 "http://ed.activities.at/entry.php?id=10271&&ser=982146" "Mozilla/5.0 (Windows NT 6.2; WOW64; rv:51.0) Gecko/20100101 Firefox/51.0"
193.80.185.107 - - [06/Nov/2017:16:30:08 +0100] "GET /gui/javascript/jquery/js/jquery-ui-1.9.0.custom.min.js HTTP/1.1" 200 51286 "http://ed.activities.at/entry.php?id=10271&&ser=982146" "Mozilla/5.0 (Windows NT 6.2; WOW64; rv:51.0) Gecko/20100101 Firefox/51.0"
80.122.96.114 - - [06/Nov/2017:16:30:30 +0100] "GET /entry.php?id=10271&&ser=982170 HTTP/1.1" 200 986 "http://ed.activities.at/entry.php?id=10271&&ser=982110" "Mozilla/5.0 (Windows NT 10.0; Win64; x64) AppleWebKit/537.36 (KHTML, like Gecko) Chrome/61.0.3163.100 Safari/537.36"
80.122.96.114 - - [06/Nov/2017:16:30:31 +0100] "GET /gui/javascript/form_form.js?1509982231 HTTP/1.1" 200 16206 "http://ed.activities.at/entry.php?id=10271&&ser=982170" "Mozilla/5.0 (Windows NT 10.0; Win64; x64) AppleWebKit/537.36 (KHTML, like Gecko) Chrome/61.0.3163.100 Safari/537.36"
193.80.185.107 - - [06/Nov/2017:16:31:08 +0100] "GET /entry.php?id=10271&&ser=982207 HTTP/1.1" 200 987 "http://ed.activities.at/entry.php?id=10271&&ser=982146" "Mozilla/5.0 (Windows NT 6.2; WOW64; rv:51.0) Gecko/20100101 Firefox/51.0"
193.80.185.107 - - [06/Nov/2017:16:31:08 +0100] "GET /gui/javascript/jquery/css/gui-themes/ui.spinner.css HTTP/1.1" 200 350 "http://ed.activities.at/entry.php?id=10271&&ser=982207" "Mozilla/5.0 (Windows NT 6.2; WOW64; rv:51.0) Gecko/20100101 Firefox/51.0"
193.80.185.107 - - [06/Nov/2017:16:31:08 +0100] "GET /gui/javascript/jquery/css/gui-themes/jquery.tooltip.css HTTP/1.1" 200 246 "http://ed.activities.at/entry.php?id=10271&&ser=982207" "Mozilla/5.0 (Windows NT 6.2; WOW64; rv:51.0) Gecko/20100101 Firefox/51.0"
193.80.185.107 - - [06/Nov/2017:16:31:08 +0100] "GET /gui/styles/tmplDefault.css HTTP/1.1" 200 2135 "http://ed.activities.at/entry.php?id=10271&&ser=982207" "Mozilla/5.0 (Windows NT 6.2; WOW64; rv:51.0) Gecko/20100101 Firefox/51.0"
193.80.185.107 - - [06/Nov/2017:16:31:08 +0100] "GET /gui/javascript/jquery/css/gui-themes/custom.min.css HTTP/1.1" 200 5618 "http://ed.activities.at/entry.php?id=10271&&ser=982207" "Mozilla/5.0 (Windows NT 6.2; WOW64; rv:51.0) Gecko/20100101 Firefox/51.0"
193.80.185.107 - - [06/Nov/2017:16:31:08 +0100] "GET /gui/javascript/form_form.js?1509982268 HTTP/1.1" 200 16206 "http://ed.activities.at/entry.php?id=10271&&ser=982207" "Mozilla/5.0 (Windows NT 6.2; WOW64; rv:51.0) Gecko/20100101 Firefox/51.0"
193.80.185.107 - - [06/Nov/2017:16:31:08 +0100] "GET /gui/javascript/jquery/js/jquery-1.8.2.js HTTP/1.1" 200 35391 "http://ed.activities.at/entry.php?id=10271&&ser=982207" "Mozilla/5.0 (Windows NT 6.2; WOW64; rv:51.0) Gecko/20100101 Firefox/51.0"
193.80.185.107 - - [06/Nov/2017:16:31:08 +0100] "GET /gui/javascript/jquery/jquery-tooltip/jquery.tooltip.min.js HTTP/1.1" 200 1982 "http://ed.activities.at/entry.php?id=10271&&ser=982207" "Mozilla/5.0 (Windows NT 6.2; WOW64; rv:51.0) Gecko/20100101 Firefox/51.0"
193.80.185.107 - - [06/Nov/2017:16:31:08 +0100] "GET /gui/javascript/jquery/js/jquery-ui-1.9.0.custom.min.js HTTP/1.1" 200 51286 "http://ed.activities.at/entry.php?id=10271&&ser=982207" "Mozilla/5.0 (Windows NT 6.2; WOW64; rv:51.0) Gecko/20100101 Firefox/51.0"
80.122.96.114 - - [06/Nov/2017:16:31:31 +0100] "GET /entry.php?id=10271&&ser=982231 HTTP/1.1" 200 986 "http://ed.activities.at/entry.php?id=10271&&ser=982170" "Mozilla/5.0 (Windows NT 10.0; Win64; x64) AppleWebKit/537.36 (KHTML, like Gecko) Chrome/61.0.3163.100 Safari/537.36"
80.122.96.114 - - [06/Nov/2017:16:31:31 +0100] "GET /gui/javascript/form_form.js?1509982291 HTTP/1.1" 200 16206 "http://ed.activities.at/entry.php?id=10271&&ser=982231" "Mozilla/5.0 (Windows NT 10.0; Win64; x64) AppleWebKit/537.36 (KHTML, like Gecko) Chrome/61.0.3163.100 Safari/537.36"
193.80.185.107 - - [06/Nov/2017:16:32:09 +0100] "GET /entry.php?id=10271&&ser=982268 HTTP/1.1" 200 987 "http://ed.activities.at/entry.php?id=10271&&ser=982207" "Mozilla/5.0 (Windows NT 6.2; WOW64; rv:51.0) Gecko/20100101 Firefox/51.0"
193.80.185.107 - - [06/Nov/2017:16:32:09 +0100] "GET /gui/javascript/jquery/css/gui-themes/ui.spinner.css HTTP/1.1" 200 350 "http://ed.activities.at/entry.php?id=10271&&ser=982268" "Mozilla/5.0 (Windows NT 6.2; WOW64; rv:51.0) Gecko/20100101 Firefox/51.0"
193.80.185.107 - - [06/Nov/2017:16:32:09 +0100] "GET /gui/javascript/jquery/css/gui-themes/jquery.tooltip.css HTTP/1.1" 200 246 "http://ed.activities.at/entry.php?id=10271&&ser=982268" "Mozilla/5.0 (Windows NT 6.2; WOW64; rv:51.0) Gecko/20100101 Firefox/51.0"
193.80.185.107 - - [06/Nov/2017:16:32:09 +0100] "GET /gui/styles/tmplDefault.css HTTP/1.1" 200 2135 "http://ed.activities.at/entry.php?id=10271&&ser=982268" "Mozilla/5.0 (Windows NT 6.2; WOW64; rv:51.0) Gecko/20100101 Firefox/51.0"
193.80.185.107 - - [06/Nov/2017:16:32:09 +0100] "GET /gui/javascript/jquery/css/gui-themes/custom.min.css HTTP/1.1" 200 5618 "http://ed.activities.at/entry.php?id=10271&&ser=982268" "Mozilla/5.0 (Windows NT 6.2; WOW64; rv:51.0) Gecko/20100101 Firefox/51.0"
193.80.185.107 - - [06/Nov/2017:16:32:09 +0100] "GET /gui/javascript/form_form.js?1509982329 HTTP/1.1" 200 16206 "http://ed.activities.at/entry.php?id=10271&&ser=982268" "Mozilla/5.0 (Windows NT 6.2; WOW64; rv:51.0) Gecko/20100101 Firefox/51.0"
193.80.185.107 - - [06/Nov/2017:16:32:09 +0100] "GET /gui/javascript/jquery/js/jquery-1.8.2.js HTTP/1.1" 200 35391 "http://ed.activities.at/entry.php?id=10271&&ser=982268" "Mozilla/5.0 (Windows NT 6.2; WOW64; rv:51.0) Gecko/20100101 Firefox/51.0"
193.80.185.107 - - [06/Nov/2017:16:32:09 +0100] "GET /gui/javascript/jquery/jquery-tooltip/jquery.tooltip.min.js HTTP/1.1" 200 1982 "http://ed.activities.at/entry.php?id=10271&&ser=982268" "Mozilla/5.0 (Windows NT 6.2; WOW64; rv:51.0) Gecko/20100101 Firefox/51.0"
193.80.185.107 - - [06/Nov/2017:16:32:09 +0100] "GET /gui/javascript/jquery/js/jquery-ui-1.9.0.custom.min.js HTTP/1.1" 200 51286 "http://ed.activities.at/entry.php?id=10271&&ser=982268" "Mozilla/5.0 (Windows NT 6.2; WOW64; rv:51.0) Gecko/20100101 Firefox/51.0"
80.122.96.114 - - [06/Nov/2017:16:32:31 +0100] "GET /entry.php?id=10271&&ser=982291 HTTP/1.1" 200 985 "http://ed.activities.at/entry.php?id=10271&&ser=982231" "Mozilla/5.0 (Windows NT 10.0; Win64; x64) AppleWebKit/537.36 (KHTML, like Gecko) Chrome/61.0.3163.100 Safari/537.36"
80.122.96.114 - - [06/Nov/2017:16:32:31 +0100] "GET /gui/javascript/form_form.js?1509982351 HTTP/1.1" 200 16206 "http://ed.activities.at/entry.php?id=10271&&ser=982291" "Mozilla/5.0 (Windows NT 10.0; Win64; x64) AppleWebKit/537.36 (KHTML, like Gecko) Chrome/61.0.3163.100 Safari/537.36"
193.80.185.107 - - [06/Nov/2017:16:33:16 +0100] "GET /entry.php?id=10271&&ser=982329 HTTP/1.1" 200 987 "http://ed.activities.at/entry.php?id=10271&&ser=982268" "Mozilla/5.0 (Windows NT 6.2; WOW64; rv:51.0) Gecko/20100101 Firefox/51.0"
193.80.185.107 - - [06/Nov/2017:16:33:17 +0100] "GET /gui/javascript/jquery/css/gui-themes/jquery.tooltip.css HTTP/1.1" 200 246 "http://ed.activities.at/entry.php?id=10271&&ser=982329" "Mozilla/5.0 (Windows NT 6.2; WOW64; rv:51.0) Gecko/20100101 Firefox/51.0"
193.80.185.107 - - [06/Nov/2017:16:33:17 +0100] "GET /gui/javascript/jquery/css/gui-themes/ui.spinner.css HTTP/1.1" 200 350 "http://ed.activities.at/entry.php?id=10271&&ser=982329" "Mozilla/5.0 (Windows NT 6.2; WOW64; rv:51.0) Gecko/20100101 Firefox/51.0"
193.80.185.107 - - [06/Nov/2017:16:33:17 +0100] "GET /gui/javascript/jquery/css/gui-themes/custom.min.css HTTP/1.1" 200 5618 "http://ed.activities.at/entry.php?id=10271&&ser=982329" "Mozilla/5.0 (Windows NT 6.2; WOW64; rv:51.0) Gecko/20100101 Firefox/51.0"
193.80.185.107 - - [06/Nov/2017:16:33:17 +0100] "GET /gui/styles/tmplDefault.css HTTP/1.1" 200 2135 "http://ed.activities.at/entry.php?id=10271&&ser=982329" "Mozilla/5.0 (Windows NT 6.2; WOW64; rv:51.0) Gecko/20100101 Firefox/51.0"
193.80.185.107 - - [06/Nov/2017:16:33:17 +0100] "GET /gui/javascript/form_form.js?1509982397 HTTP/1.1" 200 16206 "http://ed.activities.at/entry.php?id=10271&&ser=982329" "Mozilla/5.0 (Windows NT 6.2; WOW64; rv:51.0) Gecko/20100101 Firefox/51.0"
193.80.185.107 - - [06/Nov/2017:16:33:17 +0100] "GET /gui/javascript/jquery/js/jquery-1.8.2.js HTTP/1.1" 200 35391 "http://ed.activities.at/entry.php?id=10271&&ser=982329" "Mozilla/5.0 (Windows NT 6.2; WOW64; rv:51.0) Gecko/20100101 Firefox/51.0"
193.80.185.107 - - [06/Nov/2017:16:33:17 +0100] "GET /gui/javascript/jquery/jquery-tooltip/jquery.tooltip.min.js HTTP/1.1" 200 1982 "http://ed.activities.at/entry.php?id=10271&&ser=982329" "Mozilla/5.0 (Windows NT 6.2; WOW64; rv:51.0) Gecko/20100101 Firefox/51.0"
193.80.185.107 - - [06/Nov/2017:16:33:17 +0100] "GET /gui/javascript/jquery/js/jquery-ui-1.9.0.custom.min.js HTTP/1.1" 200 51286 "http://ed.activities.at/entry.php?id=10271&&ser=982329" "Mozilla/5.0 (Windows NT 6.2; WOW64; rv:51.0) Gecko/20100101 Firefox/51.0"
80.122.96.114 - - [06/Nov/2017:16:33:32 +0100] "GET /entry.php?id=10271&&ser=982351 HTTP/1.1" 200 987 "http://ed.activities.at/entry.php?id=10271&&ser=982291" "Mozilla/5.0 (Windows NT 10.0; Win64; x64) AppleWebKit/537.36 (KHTML, like Gecko) Chrome/61.0.3163.100 Safari/537.36"
80.122.96.114 - - [06/Nov/2017:16:33:32 +0100] "GET /gui/javascript/form_form.js?1509982412 HTTP/1.1" 200 16206 "http://ed.activities.at/entry.php?id=10271&&ser=982351" "Mozilla/5.0 (Windows NT 10.0; Win64; x64) AppleWebKit/537.36 (KHTML, like Gecko) Chrome/61.0.3163.100 Safari/537.36"
193.80.185.107 - - [06/Nov/2017:16:34:17 +0100] "GET /entry.php?id=10271&&ser=982397 HTTP/1.1" 200 987 "http://ed.activities.at/entry.php?id=10271&&ser=982329" "Mozilla/5.0 (Windows NT 6.2; WOW64; rv:51.0) Gecko/20100101 Firefox/51.0"
193.80.185.107 - - [06/Nov/2017:16:34:18 +0100] "GET /gui/javascript/jquery/css/gui-themes/ui.spinner.css HTTP/1.1" 200 350 "http://ed.activities.at/entry.php?id=10271&&ser=982397" "Mozilla/5.0 (Windows NT 6.2; WOW64; rv:51.0) Gecko/20100101 Firefox/51.0"
193.80.185.107 - - [06/Nov/2017:16:34:18 +0100] "GET /gui/javascript/jquery/css/gui-themes/jquery.tooltip.css HTTP/1.1" 200 246 "http://ed.activities.at/entry.php?id=10271&&ser=982397" "Mozilla/5.0 (Windows NT 6.2; WOW64; rv:51.0) Gecko/20100101 Firefox/51.0"
193.80.185.107 - - [06/Nov/2017:16:34:18 +0100] "GET /gui/styles/tmplDefault.css HTTP/1.1" 200 2135 "http://ed.activities.at/entry.php?id=10271&&ser=982397" "Mozilla/5.0 (Windows NT 6.2; WOW64; rv:51.0) Gecko/20100101 Firefox/51.0"
193.80.185.107 - - [06/Nov/2017:16:34:18 +0100] "GET /gui/javascript/jquery/css/gui-themes/custom.min.css HTTP/1.1" 200 5618 "http://ed.activities.at/entry.php?id=10271&&ser=982397" "Mozilla/5.0 (Windows NT 6.2; WOW64; rv:51.0) Gecko/20100101 Firefox/51.0"
193.80.185.107 - - [06/Nov/2017:16:34:18 +0100] "GET /gui/javascript/form_form.js?1509982457 HTTP/1.1" 200 16206 "http://ed.activities.at/entry.php?id=10271&&ser=982397" "Mozilla/5.0 (Windows NT 6.2; WOW64; rv:51.0) Gecko/20100101 Firefox/51.0"
193.80.185.107 - - [06/Nov/2017:16:34:18 +0100] "GET /gui/javascript/jquery/js/jquery-1.8.2.js HTTP/1.1" 200 35391 "http://ed.activities.at/entry.php?id=10271&&ser=982397" "Mozilla/5.0 (Windows NT 6.2; WOW64; rv:51.0) Gecko/20100101 Firefox/51.0"
193.80.185.107 - - [06/Nov/2017:16:34:18 +0100] "GET /gui/javascript/jquery/jquery-tooltip/jquery.tooltip.min.js HTTP/1.1" 200 1982 "http://ed.activities.at/entry.php?id=10271&&ser=982397" "Mozilla/5.0 (Windows NT 6.2; WOW64; rv:51.0) Gecko/20100101 Firefox/51.0"
193.80.185.107 - - [06/Nov/2017:16:34:18 +0100] "GET /gui/javascript/jquery/js/jquery-ui-1.9.0.custom.min.js HTTP/1.1" 200 51286 "http://ed.activities.at/entry.php?id=10271&&ser=982397" "Mozilla/5.0 (Windows NT 6.2; WOW64; rv:51.0) Gecko/20100101 Firefox/51.0"
80.122.96.114 - - [06/Nov/2017:16:34:32 +0100] "GET /entry.php?id=10271&&ser=982412 HTTP/1.1" 200 987 "http://ed.activities.at/entry.php?id=10271&&ser=982351" "Mozilla/5.0 (Windows NT 10.0; Win64; x64) AppleWebKit/537.36 (KHTML, like Gecko) Chrome/61.0.3163.100 Safari/537.36"
80.122.96.114 - - [06/Nov/2017:16:34:32 +0100] "GET /gui/javascript/form_form.js?1509982472 HTTP/1.1" 200 16206 "http://ed.activities.at/entry.php?id=10271&&ser=982412" "Mozilla/5.0 (Windows NT 10.0; Win64; x64) AppleWebKit/537.36 (KHTML, like Gecko) Chrome/61.0.3163.100 Safari/537.36"
193.80.185.107 - - [06/Nov/2017:16:35:18 +0100] "GET /entry.php?id=10271&&ser=982457 HTTP/1.1" 200 987 "http://ed.activities.at/entry.php?id=10271&&ser=982397" "Mozilla/5.0 (Windows NT 6.2; WOW64; rv:51.0) Gecko/20100101 Firefox/51.0"
193.80.185.107 - - [06/Nov/2017:16:35:19 +0100] "GET /gui/javascript/jquery/css/gui-themes/ui.spinner.css HTTP/1.1" 200 350 "http://ed.activities.at/entry.php?id=10271&&ser=982457" "Mozilla/5.0 (Windows NT 6.2; WOW64; rv:51.0) Gecko/20100101 Firefox/51.0"
193.80.185.107 - - [06/Nov/2017:16:35:19 +0100] "GET /gui/javascript/jquery/css/gui-themes/jquery.tooltip.css HTTP/1.1" 200 246 "http://ed.activities.at/entry.php?id=10271&&ser=982457" "Mozilla/5.0 (Windows NT 6.2; WOW64; rv:51.0) Gecko/20100101 Firefox/51.0"
193.80.185.107 - - [06/Nov/2017:16:35:19 +0100] "GET /gui/styles/tmplDefault.css HTTP/1.1" 200 2135 "http://ed.activities.at/entry.php?id=10271&&ser=982457" "Mozilla/5.0 (Windows NT 6.2; WOW64; rv:51.0) Gecko/20100101 Firefox/51.0"
193.80.185.107 - - [06/Nov/2017:16:35:19 +0100] "GET /gui/javascript/jquery/css/gui-themes/custom.min.css HTTP/1.1" 200 5618 "http://ed.activities.at/entry.php?id=10271&&ser=982457" "Mozilla/5.0 (Windows NT 6.2; WOW64; rv:51.0) Gecko/20100101 Firefox/51.0"
193.80.185.107 - - [06/Nov/2017:16:35:19 +0100] "GET /gui/javascript/form_form.js?1509982518 HTTP/1.1" 200 16206 "http://ed.activities.at/entry.php?id=10271&&ser=982457" "Mozilla/5.0 (Windows NT 6.2; WOW64; rv:51.0) Gecko/20100101 Firefox/51.0"
193.80.185.107 - - [06/Nov/2017:16:35:19 +0100] "GET /gui/javascript/jquery/js/jquery-1.8.2.js HTTP/1.1" 200 35391 "http://ed.activities.at/entry.php?id=10271&&ser=982457" "Mozilla/5.0 (Windows NT 6.2; WOW64; rv:51.0) Gecko/20100101 Firefox/51.0"
193.80.185.107 - - [06/Nov/2017:16:35:19 +0100] "GET /gui/javascript/jquery/jquery-tooltip/jquery.tooltip.min.js HTTP/1.1" 200 1982 "http://ed.activities.at/entry.php?id=10271&&ser=982457" "Mozilla/5.0 (Windows NT 6.2; WOW64; rv:51.0) Gecko/20100101 Firefox/51.0"
193.80.185.107 - - [06/Nov/2017:16:35:19 +0100] "GET /gui/javascript/jquery/js/jquery-ui-1.9.0.custom.min.js HTTP/1.1" 200 51286 "http://ed.activities.at/entry.php?id=10271&&ser=982457" "Mozilla/5.0 (Windows NT 6.2; WOW64; rv:51.0) Gecko/20100101 Firefox/51.0"
193.80.185.107 - - [06/Nov/2017:16:35:29 +0100] "GET /entry.php?id=10441&UIN=a7f6c7aeeaf3e64ae8afd35d613f6b59 HTTP/1.1" 200 1173 "http://ed.activities.at/layout.php" "Mozilla/5.0 (Windows NT 6.2; WOW64; rv:51.0) Gecko/20100101 Firefox/51.0"
193.80.185.107 - - [06/Nov/2017:16:35:29 +0100] "GET /gui/javascript/jquery/css/gui-themes/ui.spinner.css HTTP/1.1" 200 350 "http://ed.activities.at/entry.php?id=10441&UIN=a7f6c7aeeaf3e64ae8afd35d613f6b59" "Mozilla/5.0 (Windows NT 6.2; WOW64; rv:51.0) Gecko/20100101 Firefox/51.0"
193.80.185.107 - - [06/Nov/2017:16:35:29 +0100] "GET /gui/javascript/jquery/css/gui-themes/jquery.tooltip.css HTTP/1.1" 200 246 "http://ed.activities.at/entry.php?id=10441&UIN=a7f6c7aeeaf3e64ae8afd35d613f6b59" "Mozilla/5.0 (Windows NT 6.2; WOW64; rv:51.0) Gecko/20100101 Firefox/51.0"
193.80.185.107 - - [06/Nov/2017:16:35:29 +0100] "GET /gui/styles/tmplDefault.css HTTP/1.1" 200 2135 "http://ed.activities.at/entry.php?id=10441&UIN=a7f6c7aeeaf3e64ae8afd35d613f6b59" "Mozilla/5.0 (Windows NT 6.2; WOW64; rv:51.0) Gecko/20100101 Firefox/51.0"
193.80.185.107 - - [06/Nov/2017:16:35:29 +0100] "GET /gui/javascript/jquery/css/gui-themes/custom.min.css HTTP/1.1" 200 5618 "http://ed.activities.at/entry.php?id=10441&UIN=a7f6c7aeeaf3e64ae8afd35d613f6b59" "Mozilla/5.0 (Windows NT 6.2; WOW64; rv:51.0) Gecko/20100101 Firefox/51.0"
193.80.185.107 - - [06/Nov/2017:16:35:29 +0100] "GET /gui/javascript/form_form.js?1509982529 HTTP/1.1" 200 16206 "http://ed.activities.at/entry.php?id=10441&UIN=a7f6c7aeeaf3e64ae8afd35d613f6b59" "Mozilla/5.0 (Windows NT 6.2; WOW64; rv:51.0) Gecko/20100101 Firefox/51.0"
193.80.185.107 - - [06/Nov/2017:16:35:29 +0100] "GET /gui/javascript/jquery/js/jquery-1.8.2.js HTTP/1.1" 200 35391 "http://ed.activities.at/entry.php?id=10441&UIN=a7f6c7aeeaf3e64ae8afd35d613f6b59" "Mozilla/5.0 (Windows NT 6.2; WOW64; rv:51.0) Gecko/20100101 Firefox/51.0"
193.80.185.107 - - [06/Nov/2017:16:35:29 +0100] "GET /gui/javascript/jquery/jquery-tooltip/jquery.tooltip.min.js HTTP/1.1" 200 1982 "http://ed.activities.at/entry.php?id=10441&UIN=a7f6c7aeeaf3e64ae8afd35d613f6b59" "Mozilla/5.0 (Windows NT 6.2; WOW64; rv:51.0) Gecko/20100101 Firefox/51.0"
193.80.185.107 - - [06/Nov/2017:16:35:29 +0100] "GET /gui/javascript/jquery/js/jquery-ui-1.9.0.custom.min.js HTTP/1.1" 200 51286 "http://ed.activities.at/entry.php?id=10441&UIN=a7f6c7aeeaf3e64ae8afd35d613f6b59" "Mozilla/5.0 (Windows NT 6.2; WOW64; rv:51.0) Gecko/20100101 Firefox/51.0"
80.122.96.114 - - [06/Nov/2017:16:35:32 +0100] "GET /entry.php?id=10271&&ser=982472 HTTP/1.1" 200 989 "http://ed.activities.at/entry.php?id=10271&&ser=982412" "Mozilla/5.0 (Windows NT 10.0; Win64; x64) AppleWebKit/537.36 (KHTML, like Gecko) Chrome/61.0.3163.100 Safari/537.36"
80.122.96.114 - - [06/Nov/2017:16:35:33 +0100] "GET /gui/javascript/form_form.js?1509982533 HTTP/1.1" 200 16206 "http://ed.activities.at/entry.php?id=10271&&ser=982472" "Mozilla/5.0 (Windows NT 10.0; Win64; x64) AppleWebKit/537.36 (KHTML, like Gecko) Chrome/61.0.3163.100 Safari/537.36"
80.122.96.114 - - [06/Nov/2017:16:36:33 +0100] "GET /entry.php?id=10271&&ser=982532 HTTP/1.1" 200 987 "http://ed.activities.at/entry.php?id=10271&&ser=982472" "Mozilla/5.0 (Windows NT 10.0; Win64; x64) AppleWebKit/537.36 (KHTML, like Gecko) Chrome/61.0.3163.100 Safari/537.36"
80.122.96.114 - - [06/Nov/2017:16:36:33 +0100] "GET /gui/javascript/form_form.js?1509982593 HTTP/1.1" 200 16206 "http://ed.activities.at/entry.php?id=10271&&ser=982532" "Mozilla/5.0 (Windows NT 10.0; Win64; x64) AppleWebKit/537.36 (KHTML, like Gecko) Chrome/61.0.3163.100 Safari/537.36"
80.122.96.114 - - [06/Nov/2017:16:37:33 +0100] "GET /entry.php?id=10271&&ser=982593 HTTP/1.1" 200 987 "http://ed.activities.at/entry.php?id=10271&&ser=982532" "Mozilla/5.0 (Windows NT 10.0; Win64; x64) AppleWebKit/537.36 (KHTML, like Gecko) Chrome/61.0.3163.100 Safari/537.36"
80.122.96.114 - - [06/Nov/2017:16:37:33 +0100] "GET /gui/javascript/form_form.js?1509982653 HTTP/1.1" 200 16206 "http://ed.activities.at/entry.php?id=10271&&ser=982593" "Mozilla/5.0 (Windows NT 10.0; Win64; x64) AppleWebKit/537.36 (KHTML, like Gecko) Chrome/61.0.3163.100 Safari/537.36"
80.122.96.114 - - [06/Nov/2017:16:38:33 +0100] "GET /entry.php?id=10271&&ser=982653 HTTP/1.1" 200 987 "http://ed.activities.at/entry.php?id=10271&&ser=982593" "Mozilla/5.0 (Windows NT 10.0; Win64; x64) AppleWebKit/537.36 (KHTML, like Gecko) Chrome/61.0.3163.100 Safari/537.36"
80.122.96.114 - - [06/Nov/2017:16:38:34 +0100] "GET /gui/javascript/form_form.js?1509982714 HTTP/1.1" 200 16206 "http://ed.activities.at/entry.php?id=10271&&ser=982653" "Mozilla/5.0 (Windows NT 10.0; Win64; x64) AppleWebKit/537.36 (KHTML, like Gecko) Chrome/61.0.3163.100 Safari/537.36"
80.122.96.114 - - [06/Nov/2017:16:39:34 +0100] "GET /entry.php?id=10271&&ser=982714 HTTP/1.1" 200 987 "http://ed.activities.at/entry.php?id=10271&&ser=982653" "Mozilla/5.0 (Windows NT 10.0; Win64; x64) AppleWebKit/537.36 (KHTML, like Gecko) Chrome/61.0.3163.100 Safari/537.36"
80.122.96.114 - - [06/Nov/2017:16:39:34 +0100] "GET /gui/javascript/form_form.js?1509982774 HTTP/1.1" 200 16206 "http://ed.activities.at/entry.php?id=10271&&ser=982714" "Mozilla/5.0 (Windows NT 10.0; Win64; x64) AppleWebKit/537.36 (KHTML, like Gecko) Chrome/61.0.3163.100 Safari/537.36"
80.122.96.114 - - [06/Nov/2017:16:40:34 +0100] "GET /entry.php?id=10271&&ser=982774 HTTP/1.1" 200 987 "http://ed.activities.at/entry.php?id=10271&&ser=982714" "Mozilla/5.0 (Windows NT 10.0; Win64; x64) AppleWebKit/537.36 (KHTML, like Gecko) Chrome/61.0.3163.100 Safari/537.36"
80.122.96.114 - - [06/Nov/2017:16:40:34 +0100] "GET /gui/javascript/form_form.js?1509982834 HTTP/1.1" 200 16206 "http://ed.activities.at/entry.php?id=10271&&ser=982774" "Mozilla/5.0 (Windows NT 10.0; Win64; x64) AppleWebKit/537.36 (KHTML, like Gecko) Chrome/61.0.3163.100 Safari/537.36"
80.122.96.114 - - [06/Nov/2017:16:41:34 +0100] "GET /entry.php?id=10271&&ser=982834 HTTP/1.1" 200 987 "http://ed.activities.at/entry.php?id=10271&&ser=982774" "Mozilla/5.0 (Windows NT 10.0; Win64; x64) AppleWebKit/537.36 (KHTML, like Gecko) Chrome/61.0.3163.100 Safari/537.36"
80.122.96.114 - - [06/Nov/2017:16:41:35 +0100] "GET /gui/javascript/form_form.js?1509982895 HTTP/1.1" 200 16206 "http://ed.activities.at/entry.php?id=10271&&ser=982834" "Mozilla/5.0 (Windows NT 10.0; Win64; x64) AppleWebKit/537.36 (KHTML, like Gecko) Chrome/61.0.3163.100 Safari/537.36"
80.122.96.114 - - [06/Nov/2017:16:41:48 +0100] "GET /entry.php?id=10287&login=1 HTTP/1.1" 200 2177 "http://ed.activities.at/entry.php?id=10273&" "Mozilla/5.0 (Windows NT 10.0; Win64; x64) AppleWebKit/537.36 (KHTML, like Gecko) Chrome/61.0.3163.100 Safari/537.36"
80.122.96.114 - - [06/Nov/2017:16:41:48 +0100] "GET /gui/javascript/form_form.js?1509982908 HTTP/1.1" 200 16206 "http://ed.activities.at/entry.php?id=10287&login=1" "Mozilla/5.0 (Windows NT 10.0; Win64; x64) AppleWebKit/537.36 (KHTML, like Gecko) Chrome/61.0.3163.100 Safari/537.36"
80.122.96.114 - - [06/Nov/2017:16:41:49 +0100] "POST /entry.php?id=10287& HTTP/1.1" 200 2409 "http://ed.activities.at/entry.php?id=10287&login=1" "Mozilla/5.0 (Windows NT 10.0; Win64; x64) AppleWebKit/537.36 (KHTML, like Gecko) Chrome/61.0.3163.100 Safari/537.36"
80.122.96.114 - - [06/Nov/2017:16:41:50 +0100] "GET /gui/javascript/form_form.js?1509982910 HTTP/1.1" 200 16206 "http://ed.activities.at/entry.php?id=10287&" "Mozilla/5.0 (Windows NT 10.0; Win64; x64) AppleWebKit/537.36 (KHTML, like Gecko) Chrome/61.0.3163.100 Safari/537.36"
80.122.96.114 - - [06/Nov/2017:16:41:50 +0100] "GET /entry.php?id=10270& HTTP/1.1" 200 908 "http://ed.activities.at/entry.php?id=10287&" "Mozilla/5.0 (Windows NT 10.0; Win64; x64) AppleWebKit/537.36 (KHTML, like Gecko) Chrome/61.0.3163.100 Safari/537.36"
80.122.96.114 - - [06/Nov/2017:16:41:50 +0100] "GET /entry.php?id=10273&logout=true& HTTP/1.1" 200 1912 "http://ed.activities.at/entry.php?id=10287&" "Mozilla/5.0 (Windows NT 10.0; Win64; x64) AppleWebKit/537.36 (KHTML, like Gecko) Chrome/61.0.3163.100 Safari/537.36"
157.55.39.190 - - [07/Nov/2017:00:07:54 +0100] "GET /layout.php HTTP/1.1" 200 914 "-" "Mozilla/5.0 (iPhone; CPU iPhone OS 7_0 like Mac OS X) AppleWebKit/537.51.1 (KHTML, like Gecko) Version/7.0 Mobile/11A465 Safari/9537.53 (compatible; bingbot/2.0; +http://www.bing.com/bingbot.htm)"
157.55.39.218 - - [07/Nov/2017:00:08:02 +0100] "GET /robots.txt HTTP/1.1" 404 291 "-" "Mozilla/5.0 (compatible; bingbot/2.0; +http://www.bing.com/bingbot.htm)"
157.55.39.218 - - [07/Nov/2017:00:08:11 +0100] "GET /entry.php?id=10273 HTTP/1.1" 200 1931 "-" "Mozilla/5.0 (iPhone; CPU iPhone OS 7_0 like Mac OS X) AppleWebKit/537.51.1 (KHTML, like Gecko) Version/7.0 Mobile/11A465 Safari/9537.53 (compatible; bingbot/2.0; +http://www.bing.com/bingbot.htm)"
157.55.39.218 - - [07/Nov/2017:00:08:11 +0100] "GET /entry.php?id=11412 HTTP/1.1" 200 1759 "-" "Mozilla/5.0 (iPhone; CPU iPhone OS 7_0 like Mac OS X) AppleWebKit/537.51.1 (KHTML, like Gecko) Version/7.0 Mobile/11A465 Safari/9537.53 (compatible; bingbot/2.0; +http://www.bing.com/bingbot.htm)"
157.55.39.218 - - [07/Nov/2017:00:08:12 +0100] "GET /gui/javascript/form_form.js HTTP/1.1" 200 16206 "-" "Mozilla/5.0 (iPhone; CPU iPhone OS 7_0 like Mac OS X) AppleWebKit/537.51.1 (KHTML, like Gecko) Version/7.0 Mobile/11A465 Safari/9537.53 (compatible; bingbot/2.0; +http://www.bing.com/bingbot.htm)"
207.46.13.53 - - [07/Nov/2017:00:08:15 +0100] "GET /entry.php?id=10272 HTTP/1.1" 200 1189 "-" "Mozilla/5.0 (iPhone; CPU iPhone OS 7_0 like Mac OS X) AppleWebKit/537.51.1 (KHTML, like Gecko) Version/7.0 Mobile/11A465 Safari/9537.53 (compatible; bingbot/2.0; +http://www.bing.com/bingbot.htm)"
157.55.39.190 - - [07/Nov/2017:00:08:17 +0100] "GET /entry.php?id=10270 HTTP/1.1" 200 908 "-" "Mozilla/5.0 (iPhone; CPU iPhone OS 7_0 like Mac OS X) AppleWebKit/537.51.1 (KHTML, like Gecko) Version/7.0 Mobile/11A465 Safari/9537.53 (compatible; bingbot/2.0; +http://www.bing.com/bingbot.htm)"