213.47.157.214 - - [06/Nov/2017:09:59:46 +0100] "GET /framework/webfx/javascript/tinymce/plugins/visualchars/plugin.min.js HTTP/1.1" 200 602 "http://ed.activities.at/entry.php?id=11584" "Mozilla/5.0 (Windows NT 6.1; Win64; x64) AppleWebKit/537.36 (KHTML, like Gecko) Chrome/61.0.3163.100 Safari/537.36"
213.47.157.214 - - [06/Nov/2017:09:59:46 +0100] "GET /framework/webfx/javascript/tinymce/plugins/code/plugin.min.js HTTP/1.1" 200 435 "http://ed.activities.at/entry.php?id=11584" "Mozilla/5.0 (Windows NT 6.1; Win64; x64) AppleWebKit/537.36 (KHTML, like Gecko) Chrome/61.0.3163.100 Safari/537.36"
213.47.157.214 - - [06/Nov/2017:09:59:46 +0100] "GET /framework/webfx/javascript/tinymce/plugins/nonbreaking/plugin.min.js HTTP/1.1" 200 371 "http://ed.activities.at/entry.php?id=11584" "Mozilla/5.0 (Windows NT 6.1; Win64; x64) AppleWebKit/537.36 (KHTML, like Gecko) Chrome/61.0.3163.100 Safari/537.36"
213.47.157.214 - - [06/Nov/2017:09:59:46 +0100] "GET /framework/webfx/javascript/tinymce/plugins/table/plugin.min.js HTTP/1.1" 200 9136 "http://ed.activities.at/entry.php?id=11584" "Mozilla/5.0 (Windows NT 6.1; Win64; x64) AppleWebKit/537.36 (KHTML, like Gecko) Chrome/61.0.3163.100 Safari/537.36"
213.47.157.214 - - [06/Nov/2017:09:59:46 +0100] "GET /framework/webfx/javascript/tinymce/plugins/contextmenu/plugin.min.js HTTP/1.1" 200 542 "http://ed.activities.at/entry.php?id=11584" "Mozilla/5.0 (Windows NT 6.1; Win64; x64) AppleWebKit/537.36 (KHTML, like Gecko) Chrome/61.0.3163.100 Safari/537.36"
213.47.157.214 - - [06/Nov/2017:09:59:46 +0100] "GET /framework/webfx/javascript/tinymce/plugins/template/plugin.min.js HTTP/1.1" 200 1703 "http://ed.activities.at/entry.php?id=11584" "Mozilla/5.0 (Windows NT 6.1; Win64; x64) AppleWebKit/537.36 (KHTML, like Gecko) Chrome/61.0.3163.100 Safari/537.36"
213.47.157.214 - - [06/Nov/2017:09:59:46 +0100] "GET /framework/webfx/javascript/tinymce/plugins/textcolor/plugin.min.js HTTP/1.1" 200 1636 "http://ed.activities.at/entry.php?id=11584" "Mozilla/5.0 (Windows NT 6.1; Win64; x64) AppleWebKit/537.36 (KHTML, like Gecko) Chrome/61.0.3163.100 Safari/537.36"
213.47.157.214 - - [06/Nov/2017:09:59:46 +0100] "GET /framework/webfx/javascript/tinymce/plugins/colorpicker/plugin.min.js HTTP/1.1" 200 613 "http://ed.activities.at/entry.php?id=11584" "Mozilla/5.0 (Windows NT 6.1; Win64; x64) AppleWebKit/537.36 (KHTML, like Gecko) Chrome/61.0.3163.100 Safari/537.36"
213.47.157.214 - - [06/Nov/2017:09:59:46 +0100] "GET /framework/webfx/javascript/tinymce/plugins/paste/plugin.min.js HTTP/1.1" 200 6164 "http://ed.activities.at/entry.php?id=11584" "Mozilla/5.0 (Windows NT 6.1; Win64; x64) AppleWebKit/537.36 (KHTML, like Gecko) Chrome/61.0.3163.100 Safari/537.36"
213.47.157.214 - - [06/Nov/2017:09:59:46 +0100] "GET /framework/webfx/javascript/tinymce/skins/lightgray/skin.min.css HTTP/1.1" 200 6110 "http://ed.activities.at/entry.php?id=11584" "Mozilla/5.0 (Windows NT 6.1; Win64; x64) AppleWebKit/537.36 (KHTML, like Gecko) Chrome/61.0.3163.100 Safari/537.36"
213.47.157.214 - - [06/Nov/2017:09:59:46 +0100] "GET /framework/webfx/javascript/tinymce/skins/lightgray/content.min.css HTTP/1.1" 404 325 "http://ed.activities.at/entry.php?id=11584" "Mozilla/5.0 (Windows NT 6.1; Win64; x64) AppleWebKit/537.36 (KHTML, like Gecko) Chrome/61.0.3163.100 Safari/537.36"
213.47.157.214 - - [06/Nov/2017:09:59:46 +0100] "GET /framework/webfx/javascript/tinymce/skins/lightgray/fonts/tinymce-small.woff HTTP/1.1" 200 7848 "http://ed.activities.at/framework/webfx/javascript/tinymce/skins/lightgray/skin.min.css" "Mozilla/5.0 (Windows NT 6.1; Win64; x64) AppleWebKit/537.36 (KHTML, like Gecko) Chrome/61.0.3163.100 Safari/537.36"
213.47.157.214 - - [06/Nov/2017:09:59:47 +0100] "POST /entry.php?id=11584 HTTP/1.1" 200 4235 "http://ed.activities.at/entry.php?id=11584" "Mozilla/5.0 (Windows NT 6.1; Win64; x64) AppleWebKit/537.36 (KHTML, like Gecko) Chrome/61.0.3163.100 Safari/537.36"
213.47.157.214 - - [06/Nov/2017:09:59:48 +0100] "GET /entry.php?id=10271&&ser=958728 HTTP/1.1" 200 987 "http://ed.activities.at/entry.php?id=10271&&ser=958667" "Mozilla/5.0 (Windows NT 6.1; Win64; x64) AppleWebKit/537.36 (KHTML, like Gecko) Chrome/61.0.3163.100 Safari/537.36"
213.47.157.214 - - [06/Nov/2017:09:59:48 +0100] "GET /gui/javascript/form_form.js?1509958788 HTTP/1.1" 200 16206 "http://ed.activities.at/entry.php?id=11584" "Mozilla/5.0 (Windows NT 6.1; Win64; x64) AppleWebKit/537.36 (KHTML, like Gecko) Chrome/61.0.3163.100 Safari/537.36"
213.47.157.214 - - [06/Nov/2017:09:59:48 +0100] "GET /entry.php?id=10776&form=11408&name=list& HTTP/1.1" 200 1506 "http://ed.activities.at/entry.php?id=11584" "Mozilla/5.0 (Windows NT 6.1; Win64; x64) AppleWebKit/537.36 (KHTML, like Gecko) Chrome/61.0.3163.100 Safari/537.36"
213.47.157.214 - - [06/Nov/2017:09:59:48 +0100] "GET /entry.php?id=10778&form=11408&name=list& HTTP/1.1" 200 2649 "http://ed.activities.at/entry.php?id=11584" "Mozilla/5.0 (Windows NT 6.1; Win64; x64) AppleWebKit/537.36 (KHTML, like Gecko) Chrome/61.0.3163.100 Safari/537.36"
213.47.157.214 - - [06/Nov/2017:09:59:49 +0100] "GET /entry.php?id=11670 HTTP/1.1" 200 320 "http://ed.activities.at/entry.php?id=10270&__app__=10006038" "Mozilla/5.0 (Windows NT 6.1; Win64; x64) AppleWebKit/537.36 (KHTML, like Gecko) Chrome/61.0.3163.100 Safari/537.36"
213.47.157.214 - - [06/Nov/2017:09:59:50 +0100] "GET /entry.php?id=10676&&title=Produkte HTTP/1.1" 200 1388 "http://ed.activities.at/entry.php?id=11670" "Mozilla/5.0 (Windows NT 6.1; Win64; x64) AppleWebKit/537.36 (KHTML, like Gecko) Chrome/61.0.3163.100 Safari/537.36"
213.47.157.214 - - [06/Nov/2017:09:59:50 +0100] "GET /gui/javascript/form_form.js?1509958790 HTTP/1.1" 200 16206 "http://ed.activities.at/entry.php?id=10676&&title=Produkte" "Mozilla/5.0 (Windows NT 6.1; Win64; x64) AppleWebKit/537.36 (KHTML, like Gecko) Chrome/61.0.3163.100 Safari/537.36"
213.47.157.214 - - [06/Nov/2017:09:59:50 +0100] "GET /entry.php?id=11669& HTTP/1.1" 200 2282 "http://ed.activities.at/entry.php?id=11670" "Mozilla/5.0 (Windows NT 6.1; Win64; x64) AppleWebKit/537.36 (KHTML, like Gecko) Chrome/61.0.3163.100 Safari/537.36"
213.47.157.214 - - [06/Nov/2017:09:59:50 +0100] "GET /entry.php?id=11668& HTTP/1.1" 200 3239 "http://ed.activities.at/entry.php?id=11670" "Mozilla/5.0 (Windows NT 6.1; Win64; x64) AppleWebKit/537.36 (KHTML, like Gecko) Chrome/61.0.3163.100 Safari/537.36"
213.47.157.214 - - [06/Nov/2017:09:59:51 +0100] "GET /gui/javascript/form_form.js?1509958791 HTTP/1.1" 200 16206 "http://ed.activities.at/entry.php?id=11668&" "Mozilla/5.0 (Windows NT 6.1; Win64; x64) AppleWebKit/537.36 (KHTML, like Gecko) Chrome/61.0.3163.100 Safari/537.36"
213.47.157.214 - - [06/Nov/2017:09:59:50 +0100] "GET /entry.php?id=10776&form=11494&name=list& HTTP/1.1" 200 1992 "http://ed.activities.at/entry.php?id=11669&" "Mozilla/5.0 (Windows NT 6.1; Win64; x64) AppleWebKit/537.36 (KHTML, like Gecko) Chrome/61.0.3163.100 Safari/537.36"
213.47.157.214 - - [06/Nov/2017:09:59:50 +0100] "GET /entry.php?id=10778&form=11494&name=list& HTTP/1.1" 200 4813 "http://ed.activities.at/entry.php?id=11669&" "Mozilla/5.0 (Windows NT 6.1; Win64; x64) AppleWebKit/537.36 (KHTML, like Gecko) Chrome/61.0.3163.100 Safari/537.36"
213.47.157.214 - - [06/Nov/2017:09:59:53 +0100] "GET /entry.php?id=10702 HTTP/1.1" 200 275 "http://ed.activities.at/entry.php?id=10270&__app__=10006038" "Mozilla/5.0 (Windows NT 6.1; Win64; x64) AppleWebKit/537.36 (KHTML, like Gecko) Chrome/61.0.3163.100 Safari/537.36"
213.47.157.214 - - [06/Nov/2017:09:59:54 +0100] "GET /entry.php?id=10704& HTTP/1.1" 200 2331 "http://ed.activities.at/entry.php?id=10702" "Mozilla/5.0 (Windows NT 6.1; Win64; x64) AppleWebKit/537.36 (KHTML, like Gecko) Chrome/61.0.3163.100 Safari/537.36"
213.47.157.214 - - [06/Nov/2017:09:59:54 +0100] "GET /gui/javascript/form_binary.js HTTP/1.1" 200 3410 "http://ed.activities.at/entry.php?id=10704&" "Mozilla/5.0 (Windows NT 6.1; Win64; x64) AppleWebKit/537.36 (KHTML, like Gecko) Chrome/61.0.3163.100 Safari/537.36"
213.47.157.214 - - [06/Nov/2017:09:59:54 +0100] "GET /gui/javascript/form_form.js?1509958794 HTTP/1.1" 200 16206 "http://ed.activities.at/entry.php?id=10704&" "Mozilla/5.0 (Windows NT 6.1; Win64; x64) AppleWebKit/537.36 (KHTML, like Gecko) Chrome/61.0.3163.100 Safari/537.36"
213.47.157.214 - - [06/Nov/2017:09:59:54 +0100] "GET /entry.php?id=10676&&title=Ressourcenverwaltung HTTP/1.1" 200 1396 "http://ed.activities.at/entry.php?id=10702" "Mozilla/5.0 (Windows NT 6.1; Win64; x64) AppleWebKit/537.36 (KHTML, like Gecko) Chrome/61.0.3163.100 Safari/537.36"
213.47.157.214 - - [06/Nov/2017:09:59:54 +0100] "GET /entry.php?id=10703& HTTP/1.1" 200 3351 "http://ed.activities.at/entry.php?id=10702" "Mozilla/5.0 (Windows NT 6.1; Win64; x64) AppleWebKit/537.36 (KHTML, like Gecko) Chrome/61.0.3163.100 Safari/537.36"
213.47.157.214 - - [06/Nov/2017:09:59:54 +0100] "GET /activities/framework/KoolControls/KoolAjax/koolajax.php?8436e354c842500aba3cbaf0584c0c24 HTTP/1.1" 200 4079 "http://ed.activities.at/entry.php?id=10703&" "Mozilla/5.0 (Windows NT 6.1; Win64; x64) AppleWebKit/537.36 (KHTML, like Gecko) Chrome/61.0.3163.100 Safari/537.36"
213.47.157.214 - - [06/Nov/2017:09:59:54 +0100] "GET /activities/framework/KoolControls/KoolTreeView/icons/Folder.gif HTTP/1.1" 200 267 "http://ed.activities.at/entry.php?id=10703&" "Mozilla/5.0 (Windows NT 6.1; Win64; x64) AppleWebKit/537.36 (KHTML, like Gecko) Chrome/61.0.3163.100 Safari/537.36"
213.47.157.214 - - [06/Nov/2017:09:59:54 +0100] "GET /activities/framework/KoolControls/KoolTreeView/icons/square_greyS.gif HTTP/1.1" 200 342 "http://ed.activities.at/entry.php?id=10703&" "Mozilla/5.0 (Windows NT 6.1; Win64; x64) AppleWebKit/537.36 (KHTML, like Gecko) Chrome/61.0.3163.100 Safari/537.36"
213.47.157.214 - - [06/Nov/2017:09:59:54 +0100] "GET /activities/framework/KoolControls/KoolTreeView/icons/square_blueS.gif HTTP/1.1" 200 540 "http://ed.activities.at/entry.php?id=10703&" "Mozilla/5.0 (Windows NT 6.1; Win64; x64) AppleWebKit/537.36 (KHTML, like Gecko) Chrome/61.0.3163.100 Safari/537.36"
213.47.157.214 - - [06/Nov/2017:09:59:54 +0100] "GET /activities/framework/KoolControls/KoolTreeView/icons/bullet_star.png HTTP/1.1" 200 331 "http://ed.activities.at/entry.php?id=10703&" "Mozilla/5.0 (Windows NT 6.1; Win64; x64) AppleWebKit/537.36 (KHTML, like Gecko) Chrome/61.0.3163.100 Safari/537.36"
213.47.157.214 - - [06/Nov/2017:09:59:54 +0100] "GET /activities/framework/KoolControls/KoolTreeView/kooltreeview.php?c7cd9180e88ffef8e70f13526bb4f5f7 HTTP/1.1" 200 5055 "http://ed.activities.at/entry.php?id=10703&" "Mozilla/5.0 (Windows NT 6.1; Win64; x64) AppleWebKit/537.36 (KHTML, like Gecko) Chrome/61.0.3163.100 Safari/537.36"
213.47.157.214 - - [06/Nov/2017:09:59:54 +0100] "GET /entry.php?id=10778&form=10549&name=list& HTTP/1.1" 200 2691 "http://ed.activities.at/entry.php?id=10704&" "Mozilla/5.0 (Windows NT 6.1; Win64; x64) AppleWebKit/537.36 (KHTML, like Gecko) Chrome/61.0.3163.100 Safari/537.36"
213.47.157.214 - - [06/Nov/2017:09:59:54 +0100] "GET /entry.php?id=10705& HTTP/1.1" 200 3957 "http://ed.activities.at/entry.php?id=10702" "Mozilla/5.0 (Windows NT 6.1; Win64; x64) AppleWebKit/537.36 (KHTML, like Gecko) Chrome/61.0.3163.100 Safari/537.36"
213.47.157.214 - - [06/Nov/2017:09:59:54 +0100] "GET /entry.php?id=10776&form=10549&name=list& HTTP/1.1" 200 1636 "http://ed.activities.at/entry.php?id=10704&" "Mozilla/5.0 (Windows NT 6.1; Win64; x64) AppleWebKit/537.36 (KHTML, like Gecko) Chrome/61.0.3163.100 Safari/537.36"
213.47.157.214 - - [06/Nov/2017:09:59:54 +0100] "GET /entry.php?id=10683 HTTP/1.1" 200 1434 "http://ed.activities.at/entry.php?id=10704&" "Mozilla/5.0 (Windows NT 6.1; Win64; x64) AppleWebKit/537.36 (KHTML, like Gecko) Chrome/61.0.3163.100 Safari/537.36"
213.47.157.214 - - [06/Nov/2017:09:59:55 +0100] "GET /entry.php?id=10778&form=10550&name=dlist& HTTP/1.1" 200 2349 "http://ed.activities.at/entry.php?id=10705&" "Mozilla/5.0 (Windows NT 6.1; Win64; x64) AppleWebKit/537.36 (KHTML, like Gecko) Chrome/61.0.3163.100 Safari/537.36"
213.47.157.214 - - [06/Nov/2017:09:59:55 +0100] "GET /gui/images/icons/disabled_view_grid.gif HTTP/1.1" 200 399 "http://ed.activities.at/entry.php?id=10776&form=10549&name=list&" "Mozilla/5.0 (Windows NT 6.1; Win64; x64) AppleWebKit/537.36 (KHTML, like Gecko) Chrome/61.0.3163.100 Safari/537.36"
213.47.157.214 - - [06/Nov/2017:09:59:55 +0100] "GET /gui/javascript/form_remove_relation.js HTTP/1.1" 200 424 "http://ed.activities.at/entry.php?id=10683" "Mozilla/5.0 (Windows NT 6.1; Win64; x64) AppleWebKit/537.36 (KHTML, like Gecko) Chrome/61.0.3163.100 Safari/537.36"
213.47.157.214 - - [06/Nov/2017:09:59:55 +0100] "GET /gui/javascript/form_form.js?1509958795 HTTP/1.1" 200 16206 "http://ed.activities.at/entry.php?id=10683" "Mozilla/5.0 (Windows NT 6.1; Win64; x64) AppleWebKit/537.36 (KHTML, like Gecko) Chrome/61.0.3163.100 Safari/537.36"
213.47.157.214 - - [06/Nov/2017:09:59:55 +0100] "GET /entry.php?id=10776&form=10550&name=list& HTTP/1.1" 200 1426 "http://ed.activities.at/entry.php?id=10705&" "Mozilla/5.0 (Windows NT 6.1; Win64; x64) AppleWebKit/537.36 (KHTML, like Gecko) Chrome/61.0.3163.100 Safari/537.36"
213.47.157.214 - - [06/Nov/2017:09:59:55 +0100] "GET /entry.php?id=10778&form=10550&name=list& HTTP/1.1" 200 3031 "http://ed.activities.at/entry.php?id=10705&" "Mozilla/5.0 (Windows NT 6.1; Win64; x64) AppleWebKit/537.36 (KHTML, like Gecko) Chrome/61.0.3163.100 Safari/537.36"
213.47.157.214 - - [06/Nov/2017:09:59:59 +0100] "GET /entry.php?id=11670 HTTP/1.1" 200 320 "http://ed.activities.at/entry.php?id=10270&__app__=10006038" "Mozilla/5.0 (Windows NT 6.1; Win64; x64) AppleWebKit/537.36 (KHTML, like Gecko) Chrome/61.0.3163.100 Safari/537.36"
213.47.157.214 - - [06/Nov/2017:09:59:59 +0100] "GET /entry.php?id=10676&&title=Produkte HTTP/1.1" 200 1389 "http://ed.activities.at/entry.php?id=11670" "Mozilla/5.0 (Windows NT 6.1; Win64; x64) AppleWebKit/537.36 (KHTML, like Gecko) Chrome/61.0.3163.100 Safari/537.36"
213.47.157.214 - - [06/Nov/2017:10:00:00 +0100] "GET /gui/javascript/form_form.js?1509958799 HTTP/1.1" 200 16206 "http://ed.activities.at/entry.php?id=10676&&title=Produkte" "Mozilla/5.0 (Windows NT 6.1; Win64; x64) AppleWebKit/537.36 (KHTML, like Gecko) Chrome/61.0.3163.100 Safari/537.36"
213.47.157.214 - - [06/Nov/2017:09:59:59 +0100] "GET /entry.php?id=11669& HTTP/1.1" 200 2281 "http://ed.activities.at/entry.php?id=11670" "Mozilla/5.0 (Windows NT 6.1; Win64; x64) AppleWebKit/537.36 (KHTML, like Gecko) Chrome/61.0.3163.100 Safari/537.36"
213.47.157.214 - - [06/Nov/2017:10:00:00 +0100] "GET /gui/javascript/form_form.js?1509958800 HTTP/1.1" 200 16206 "http://ed.activities.at/entry.php?id=11669&" "Mozilla/5.0 (Windows NT 6.1; Win64; x64) AppleWebKit/537.36 (KHTML, like Gecko) Chrome/61.0.3163.100 Safari/537.36"
213.47.157.214 - - [06/Nov/2017:09:59:59 +0100] "GET /entry.php?id=11668& HTTP/1.1" 200 3240 "http://ed.activities.at/entry.php?id=11670" "Mozilla/5.0 (Windows NT 6.1; Win64; x64) AppleWebKit/537.36 (KHTML, like Gecko) Chrome/61.0.3163.100 Safari/537.36"
213.47.157.214 - - [06/Nov/2017:10:00:00 +0100] "GET /entry.php?id=10776&form=11494&name=list& HTTP/1.1" 200 1992 "http://ed.activities.at/entry.php?id=11669&" "Mozilla/5.0 (Windows NT 6.1; Win64; x64) AppleWebKit/537.36 (KHTML, like Gecko) Chrome/61.0.3163.100 Safari/537.36"
213.47.157.214 - - [06/Nov/2017:10:00:00 +0100] "GET /entry.php?id=10778&form=11494&name=list& HTTP/1.1" 200 4813 "http://ed.activities.at/entry.php?id=11669&" "Mozilla/5.0 (Windows NT 6.1; Win64; x64) AppleWebKit/537.36 (KHTML, like Gecko) Chrome/61.0.3163.100 Safari/537.36"
80.109.251.147 - - [06/Nov/2017:10:00:48 +0100] "POST /entry.php?id=10287& HTTP/1.1" 200 3072 "http://ed.activities.at/entry.php?id=10287" "Mozilla/5.0 (Macintosh; Intel Mac OS X 10_12_6) AppleWebKit/537.36 (KHTML, like Gecko) Chrome/61.0.3163.100 Safari/537.36"
213.47.157.214 - - [06/Nov/2017:10:00:48 +0100] "GET /entry.php?id=10271&&ser=958788 HTTP/1.1" 200 987 "http://ed.activities.at/entry.php?id=10271&&ser=958728" "Mozilla/5.0 (Windows NT 6.1; Win64; x64) AppleWebKit/537.36 (KHTML, like Gecko) Chrome/61.0.3163.100 Safari/537.36"
213.47.157.214 - - [06/Nov/2017:10:00:49 +0100] "GET /gui/javascript/form_form.js?1509958848 HTTP/1.1" 200 16206 "http://ed.activities.at/entry.php?id=10271&&ser=958788" "Mozilla/5.0 (Windows NT 6.1; Win64; x64) AppleWebKit/537.36 (KHTML, like Gecko) Chrome/61.0.3163.100 Safari/537.36"
80.109.251.147 - - [06/Nov/2017:10:00:50 +0100] "GET /gui/javascript/form_form.js?1509958848 HTTP/1.1" 200 16206 "http://ed.activities.at/entry.php?id=10287&" "Mozilla/5.0 (Macintosh; Intel Mac OS X 10_12_6) AppleWebKit/537.36 (KHTML, like Gecko) Chrome/61.0.3163.100 Safari/537.36"
80.109.251.147 - - [06/Nov/2017:10:00:50 +0100] "GET /entry.php?id=10271& HTTP/1.1" 200 987 "http://ed.activities.at/entry.php?id=10271&" "Mozilla/5.0 (Macintosh; Intel Mac OS X 10_12_6) AppleWebKit/537.36 (KHTML, like Gecko) Chrome/61.0.3163.100 Safari/537.36"
80.109.251.147 - - [06/Nov/2017:10:00:50 +0100] "GET /gui/javascript/form_form.js?1509958850 HTTP/1.1" 200 16206 "http://ed.activities.at/entry.php?id=10271&" "Mozilla/5.0 (Macintosh; Intel Mac OS X 10_12_6) AppleWebKit/537.36 (KHTML, like Gecko) Chrome/61.0.3163.100 Safari/537.36"
80.109.251.147 - - [06/Nov/2017:10:00:50 +0100] "GET /entry.php?id=10273& HTTP/1.1" 200 2028 "http://ed.activities.at/entry.php?id=10287&" "Mozilla/5.0 (Macintosh; Intel Mac OS X 10_12_6) AppleWebKit/537.36 (KHTML, like Gecko) Chrome/61.0.3163.100 Safari/537.36"
80.109.251.147 - - [06/Nov/2017:10:00:52 +0100] "GET /framework/webfx/style/toolbar/images/cbback.gif HTTP/1.1" 404 313 "http://ed.activities.at/framework/webfx/style/toolbar/cb2.css" "Mozilla/5.0 (Macintosh; Intel Mac OS X 10_12_6) AppleWebKit/537.36 (KHTML, like Gecko) Chrome/61.0.3163.100 Safari/537.36"
80.109.251.147 - - [06/Nov/2017:10:00:52 +0100] "GET /entry.php?id=10270&__app__=10006038 HTTP/1.1" 200 1697 "http://ed.activities.at/entry.php?id=10273&" "Mozilla/5.0 (Macintosh; Intel Mac OS X 10_12_6) AppleWebKit/537.36 (KHTML, like Gecko) Chrome/61.0.3163.100 Safari/537.36"
80.109.251.147 - - [06/Nov/2017:10:00:52 +0100] "GET /gui/javascript/form_form.js?1509958852 HTTP/1.1" 200 16206 "http://ed.activities.at/entry.php?id=10270&__app__=10006038" "Mozilla/5.0 (Macintosh; Intel Mac OS X 10_12_6) AppleWebKit/537.36 (KHTML, like Gecko) Chrome/61.0.3163.100 Safari/537.36"
80.109.251.147 - - [06/Nov/2017:10:00:52 +0100] "GET /gui/images/icons/i_artikelgruppen.gif HTTP/1.1" 200 1538 "http://ed.activities.at/entry.php?id=10270&__app__=10006038" "Mozilla/5.0 (Macintosh; Intel Mac OS X 10_12_6) AppleWebKit/537.36 (KHTML, like Gecko) Chrome/61.0.3163.100 Safari/537.36"
80.109.251.147 - - [06/Nov/2017:10:00:52 +0100] "GET /gui/images/icons/menumanagement.gif HTTP/1.1" 200 204 "http://ed.activities.at/entry.php?id=10270&__app__=10006038" "Mozilla/5.0 (Macintosh; Intel Mac OS X 10_12_6) AppleWebKit/537.36 (KHTML, like Gecko) Chrome/61.0.3163.100 Safari/537.36"
80.109.251.147 - - [06/Nov/2017:10:00:52 +0100] "GET /undefined HTTP/1.1" 404 283 "http://ed.activities.at/entry.php?id=10270&__app__=10006038" "Mozilla/5.0 (Macintosh; Intel Mac OS X 10_12_6) AppleWebKit/537.36 (KHTML, like Gecko) Chrome/61.0.3163.100 Safari/537.36"
80.109.251.147 - - [06/Nov/2017:10:00:52 +0100] "GET /gui/images/icons/artikelbearbeitung_verfassung.gif HTTP/1.1" 200 1719 "http://ed.activities.at/entry.php?id=10270&__app__=10006038" "Mozilla/5.0 (Macintosh; Intel Mac OS X 10_12_6) AppleWebKit/537.36 (KHTML, like Gecko) Chrome/61.0.3163.100 Safari/537.36"
80.109.251.147 - - [06/Nov/2017:10:00:52 +0100] "GET /gui/images/icons/i_haendler_sollverteiler.gif HTTP/1.1" 200 1330 "http://ed.activities.at/entry.php?id=10270&__app__=10006038" "Mozilla/5.0 (Macintosh; Intel Mac OS X 10_12_6) AppleWebKit/537.36 (KHTML, like Gecko) Chrome/61.0.3163.100 Safari/537.36"
80.109.251.147 - - [06/Nov/2017:10:00:52 +0100] "GET /gui/images/icons/i_aktionsreminder.gif HTTP/1.1" 200 2181 "http://ed.activities.at/entry.php?id=10270&__app__=10006038" "Mozilla/5.0 (Macintosh; Intel Mac OS X 10_12_6) AppleWebKit/537.36 (KHTML, like Gecko) Chrome/61.0.3163.100 Safari/537.36"
80.109.251.147 - - [06/Nov/2017:10:00:52 +0100] "GET /gui/images/icons/i_aktionen.gif HTTP/1.1" 200 1920 "http://ed.activities.at/entry.php?id=10270&__app__=10006038" "Mozilla/5.0 (Macintosh; Intel Mac OS X 10_12_6) AppleWebKit/537.36 (KHTML, like Gecko) Chrome/61.0.3163.100 Safari/537.36"
80.109.251.147 - - [06/Nov/2017:10:00:52 +0100] "GET /gui/images/icons/pers_einstellungen.gif HTTP/1.1" 200 1461 "http://ed.activities.at/entry.php?id=10270&__app__=10006038" "Mozilla/5.0 (Macintosh; Intel Mac OS X 10_12_6) AppleWebKit/537.36 (KHTML, like Gecko) Chrome/61.0.3163.100 Safari/537.36"
80.109.251.147 - - [06/Nov/2017:10:00:52 +0100] "GET /framework/icons/navigation/arrowdown.gif HTTP/1.1" 200 424 "http://ed.activities.at/entry.php?id=10270&__app__=10006038" "Mozilla/5.0 (Macintosh; Intel Mac OS X 10_12_6) AppleWebKit/537.36 (KHTML, like Gecko) Chrome/61.0.3163.100 Safari/537.36"
80.109.251.147 - - [06/Nov/2017:10:00:52 +0100] "GET /gui/images/icons/i_resourcenverwaltung.gif HTTP/1.1" 200 2102 "http://ed.activities.at/entry.php?id=10270&__app__=10006038" "Mozilla/5.0 (Macintosh; Intel Mac OS X 10_12_6) AppleWebKit/537.36 (KHTML, like Gecko) Chrome/61.0.3163.100 Safari/537.36"
80.109.251.147 - - [06/Nov/2017:10:00:52 +0100] "GET /framework/icons/navigation/arrowup.gif HTTP/1.1" 200 407 "http://ed.activities.at/entry.php?id=10270&__app__=10006038" "Mozilla/5.0 (Macintosh; Intel Mac OS X 10_12_6) AppleWebKit/537.36 (KHTML, like Gecko) Chrome/61.0.3163.100 Safari/537.36"
80.109.251.147 - - [06/Nov/2017:10:00:52 +0100] "GET /gui/images/icons/i_firmen.gif HTTP/1.1" 200 1463 "http://ed.activities.at/entry.php?id=10270&__app__=10006038" "Mozilla/5.0 (Macintosh; Intel Mac OS X 10_12_6) AppleWebKit/537.36 (KHTML, like Gecko) Chrome/61.0.3163.100 Safari/537.36"
80.109.251.147 - - [06/Nov/2017:10:00:52 +0100] "GET /gui/images/icons/i_artikel.gif HTTP/1.1" 200 1765 "http://ed.activities.at/entry.php?id=10270&__app__=10006038" "Mozilla/5.0 (Macintosh; Intel Mac OS X 10_12_6) AppleWebKit/537.36 (KHTML, like Gecko) Chrome/61.0.3163.100 Safari/537.36"
80.109.251.147 - - [06/Nov/2017:10:00:55 +0100] "GET /entry.php?id=11670 HTTP/1.1" 200 320 "http://ed.activities.at/entry.php?id=10270&__app__=10006038" "Mozilla/5.0 (Macintosh; Intel Mac OS X 10_12_6) AppleWebKit/537.36 (KHTML, like Gecko) Chrome/61.0.3163.100 Safari/537.36"
80.109.251.147 - - [06/Nov/2017:10:00:55 +0100] "GET /entry.php?id=10676&&title=Produkte HTTP/1.1" 200 1387 "http://ed.activities.at/entry.php?id=11670" "Mozilla/5.0 (Macintosh; Intel Mac OS X 10_12_6) AppleWebKit/537.36 (KHTML, like Gecko) Chrome/61.0.3163.100 Safari/537.36"
80.109.251.147 - - [06/Nov/2017:10:00:55 +0100] "GET /gui/javascript/form_form.js?1509958855 HTTP/1.1" 200 16206 "http://ed.activities.at/entry.php?id=10676&&title=Produkte" "Mozilla/5.0 (Macintosh; Intel Mac OS X 10_12_6) AppleWebKit/537.36 (KHTML, like Gecko) Chrome/61.0.3163.100 Safari/537.36"
80.109.251.147 - - [06/Nov/2017:10:00:55 +0100] "GET /entry.php?id=11668& HTTP/1.1" 200 3239 "http://ed.activities.at/entry.php?id=11670" "Mozilla/5.0 (Macintosh; Intel Mac OS X 10_12_6) AppleWebKit/537.36 (KHTML, like Gecko) Chrome/61.0.3163.100 Safari/537.36"
80.109.251.147 - - [06/Nov/2017:10:00:56 +0100] "GET /gui/javascript/form_form.js?1509958856 HTTP/1.1" 200 16206 "http://ed.activities.at/entry.php?id=11668&" "Mozilla/5.0 (Macintosh; Intel Mac OS X 10_12_6) AppleWebKit/537.36 (KHTML, like Gecko) Chrome/61.0.3163.100 Safari/537.36"
80.109.251.147 - - [06/Nov/2017:10:00:55 +0100] "GET /entry.php?id=11669& HTTP/1.1" 200 2280 "http://ed.activities.at/entry.php?id=11670" "Mozilla/5.0 (Macintosh; Intel Mac OS X 10_12_6) AppleWebKit/537.36 (KHTML, like Gecko) Chrome/61.0.3163.100 Safari/537.36"
80.109.251.147 - - [06/Nov/2017:10:01:00 +0100] "GET /entry.php?id=10776&form=11494&name=list& HTTP/1.1" 200 1993 "http://ed.activities.at/entry.php?id=11669&" "Mozilla/5.0 (Macintosh; Intel Mac OS X 10_12_6) AppleWebKit/537.36 (KHTML, like Gecko) Chrome/61.0.3163.100 Safari/537.36"
80.109.251.147 - - [06/Nov/2017:10:01:00 +0100] "GET /entry.php?id=10778&form=11494&name=list& HTTP/1.1" 200 4812 "http://ed.activities.at/entry.php?id=11669&" "Mozilla/5.0 (Macintosh; Intel Mac OS X 10_12_6) AppleWebKit/537.36 (KHTML, like Gecko) Chrome/61.0.3163.100 Safari/537.36"
80.109.251.147 - - [06/Nov/2017:10:01:03 +0100] "POST /entry.php?id=11668 HTTP/1.1" 200 3450 "http://ed.activities.at/entry.php?id=11668&" "Mozilla/5.0 (Macintosh; Intel Mac OS X 10_12_6) AppleWebKit/537.36 (KHTML, like Gecko) Chrome/61.0.3163.100 Safari/537.36"
80.109.251.147 - - [06/Nov/2017:10:01:04 +0100] "GET /gui/javascript/form_form.js?1509958864 HTTP/1.1" 200 16206 "http://ed.activities.at/entry.php?id=11668" "Mozilla/5.0 (Macintosh; Intel Mac OS X 10_12_6) AppleWebKit/537.36 (KHTML, like Gecko) Chrome/61.0.3163.100 Safari/537.36"
80.109.251.147 - - [06/Nov/2017:10:01:04 +0100] "GET /framework/icons/note_msg_icon.gif HTTP/1.1" 200 1022 "http://ed.activities.at/gui/styles/tmplDefault.css" "Mozilla/5.0 (Macintosh; Intel Mac OS X 10_12_6) AppleWebKit/537.36 (KHTML, like Gecko) Chrome/61.0.3163.100 Safari/537.36"
213.47.157.214 - - [06/Nov/2017:10:01:35 +0100] "GET /framework/icons/rowselect.gif HTTP/1.1" 200 67 "http://ed.activities.at/entry.php?id=10778&form=11494&name=list&" "Mozilla/5.0 (Windows NT 6.1; Win64; x64) AppleWebKit/537.36 (KHTML, like Gecko) Chrome/61.0.3163.100 Safari/537.36"
213.47.157.214 - - [06/Nov/2017:10:01:35 +0100] "POST /entry.php?id=11668 HTTP/1.1" 200 3488 "http://ed.activities.at/entry.php?id=11668&" "Mozilla/5.0 (Windows NT 6.1; Win64; x64) AppleWebKit/537.36 (KHTML, like Gecko) Chrome/61.0.3163.100 Safari/537.36"
213.47.157.214 - - [06/Nov/2017:10:01:35 +0100] "POST /entry.php?id=11668 HTTP/1.1" 200 3487 "http://ed.activities.at/entry.php?id=11668&" "Mozilla/5.0 (Windows NT 6.1; Win64; x64) AppleWebKit/537.36 (KHTML, like Gecko) Chrome/61.0.3163.100 Safari/537.36"
213.47.157.214 - - [06/Nov/2017:10:01:36 +0100] "GET /gui/javascript/jquery/css/gui-themes/custom.min.css HTTP/1.1" 200 5618 "http://ed.activities.at/entry.php?id=11668" "Mozilla/5.0 (Windows NT 6.1; Win64; x64) AppleWebKit/537.36 (KHTML, like Gecko) Chrome/61.0.3163.100 Safari/537.36"
213.47.157.214 - - [06/Nov/2017:10:01:36 +0100] "GET /gui/javascript/jquery/css/gui-themes/jquery.tooltip.css HTTP/1.1" 200 246 "http://ed.activities.at/entry.php?id=11668" "Mozilla/5.0 (Windows NT 6.1; Win64; x64) AppleWebKit/537.36 (KHTML, like Gecko) Chrome/61.0.3163.100 Safari/537.36"
213.47.157.214 - - [06/Nov/2017:10:01:36 +0100] "GET /gui/javascript/jquery/css/gui-themes/ui.spinner.css HTTP/1.1" 200 350 "http://ed.activities.at/entry.php?id=11668" "Mozilla/5.0 (Windows NT 6.1; Win64; x64) AppleWebKit/537.36 (KHTML, like Gecko) Chrome/61.0.3163.100 Safari/537.36"
213.47.157.214 - - [06/Nov/2017:10:01:36 +0100] "GET /gui/styles/tmplDefault.css HTTP/1.1" 200 2135 "http://ed.activities.at/entry.php?id=11668" "Mozilla/5.0 (Windows NT 6.1; Win64; x64) AppleWebKit/537.36 (KHTML, like Gecko) Chrome/61.0.3163.100 Safari/537.36"
213.47.157.214 - - [06/Nov/2017:10:01:36 +0100] "GET /gui/javascript/form_form.js?1509958896 HTTP/1.1" 200 16206 "http://ed.activities.at/entry.php?id=11668" "Mozilla/5.0 (Windows NT 6.1; Win64; x64) AppleWebKit/537.36 (KHTML, like Gecko) Chrome/61.0.3163.100 Safari/537.36"
213.47.157.214 - - [06/Nov/2017:10:01:36 +0100] "GET /gui/javascript/jquery/js/jquery-1.8.2.js HTTP/1.1" 200 35391 "http://ed.activities.at/entry.php?id=11668" "Mozilla/5.0 (Windows NT 6.1; Win64; x64) AppleWebKit/537.36 (KHTML, like Gecko) Chrome/61.0.3163.100 Safari/537.36"
213.47.157.214 - - [06/Nov/2017:10:01:36 +0100] "GET /gui/javascript/jquery/jquery-tooltip/jquery.tooltip.min.js HTTP/1.1" 200 1982 "http://ed.activities.at/entry.php?id=11668" "Mozilla/5.0 (Windows NT 6.1; Win64; x64) AppleWebKit/537.36 (KHTML, like Gecko) Chrome/61.0.3163.100 Safari/537.36"
213.47.157.214 - - [06/Nov/2017:10:01:36 +0100] "GET /gui/images/icons/ajax_loading.gif HTTP/1.1" 200 1542 "http://ed.activities.at/entry.php?id=11668" "Mozilla/5.0 (Windows NT 6.1; Win64; x64) AppleWebKit/537.36 (KHTML, like Gecko) Chrome/61.0.3163.100 Safari/537.36"
213.47.157.214 - - [06/Nov/2017:10:01:36 +0100] "GET /gui/javascript/form_ed_articles.js HTTP/1.1" 200 2191 "http://ed.activities.at/entry.php?id=11668" "Mozilla/5.0 (Windows NT 6.1; Win64; x64) AppleWebKit/537.36 (KHTML, like Gecko) Chrome/61.0.3163.100 Safari/537.36"
213.47.157.214 - - [06/Nov/2017:10:01:36 +0100] "GET /activities/framework/fwx_trans.gif HTTP/1.1" 200 43 "http://ed.activities.at/entry.php?id=11668" "Mozilla/5.0 (Windows NT 6.1; Win64; x64) AppleWebKit/537.36 (KHTML, like Gecko) Chrome/61.0.3163.100 Safari/537.36"
213.47.157.214 - - [06/Nov/2017:10:01:36 +0100] "GET /gui/javascript/jquery/js/jquery-ui-1.9.0.custom.min.js HTTP/1.1" 200 51286 "http://ed.activities.at/entry.php?id=11668" "Mozilla/5.0 (Windows NT 6.1; Win64; x64) AppleWebKit/537.36 (KHTML, like Gecko) Chrome/61.0.3163.100 Safari/537.36"
213.47.157.214 - - [06/Nov/2017:10:01:37 +0100] "GET /framework/icons/note_msg_icon.gif HTTP/1.1" 200 1022 "http://ed.activities.at/gui/styles/tmplDefault.css" "Mozilla/5.0 (Windows NT 6.1; Win64; x64) AppleWebKit/537.36 (KHTML, like Gecko) Chrome/61.0.3163.100 Safari/537.36"
213.47.157.214 - - [06/Nov/2017:10:01:37 +0100] "GET /gui/images/emptybar.gif HTTP/1.1" 200 89 "http://ed.activities.at/entry.php?id=10272" "Mozilla/5.0 (Windows NT 6.1; Win64; x64) AppleWebKit/537.36 (KHTML, like Gecko) Chrome/61.0.3163.100 Safari/537.36"
213.47.157.214 - - [06/Nov/2017:10:01:49 +0100] "GET /entry.php?id=10271&&ser=958848 HTTP/1.1" 200 987 "http://ed.activities.at/entry.php?id=10271&&ser=958788" "Mozilla/5.0 (Windows NT 6.1; Win64; x64) AppleWebKit/537.36 (KHTML, like Gecko) Chrome/61.0.3163.100 Safari/537.36"
213.47.157.214 - - [06/Nov/2017:10:01:49 +0100] "GET /gui/javascript/form_form.js?1509958909 HTTP/1.1" 200 16206 "http://ed.activities.at/entry.php?id=10271&&ser=958848" "Mozilla/5.0 (Windows NT 6.1; Win64; x64) AppleWebKit/537.36 (KHTML, like Gecko) Chrome/61.0.3163.100 Safari/537.36"
80.109.251.147 - - [06/Nov/2017:10:01:50 +0100] "GET /entry.php?id=10271&&ser=958850 HTTP/1.1" 200 986 "http://ed.activities.at/entry.php?id=10271&" "Mozilla/5.0 (Macintosh; Intel Mac OS X 10_12_6) AppleWebKit/537.36 (KHTML, like Gecko) Chrome/61.0.3163.100 Safari/537.36"
80.109.251.147 - - [06/Nov/2017:10:01:51 +0100] "GET /gui/javascript/form_form.js?1509958911 HTTP/1.1" 200 16206 "http://ed.activities.at/entry.php?id=10271&&ser=958850" "Mozilla/5.0 (Macintosh; Intel Mac OS X 10_12_6) AppleWebKit/537.36 (KHTML, like Gecko) Chrome/61.0.3163.100 Safari/537.36"
213.47.157.214 - - [06/Nov/2017:10:01:54 +0100] "POST /entry.php?id=11668 HTTP/1.1" 200 2276 "http://ed.activities.at/entry.php?id=11668" "Mozilla/5.0 (Windows NT 6.1; Win64; x64) AppleWebKit/537.36 (KHTML, like Gecko) Chrome/61.0.3163.100 Safari/537.36"
213.47.157.214 - - [06/Nov/2017:10:01:55 +0100] "GET /gui/javascript/form_form.js?1509958915 HTTP/1.1" 200 16206 "http://ed.activities.at/entry.php?id=11668" "Mozilla/5.0 (Windows NT 6.1; Win64; x64) AppleWebKit/537.36 (KHTML, like Gecko) Chrome/61.0.3163.100 Safari/537.36"
213.47.157.214 - - [06/Nov/2017:10:01:55 +0100] "GET /entry.php?id=10760&&hiddetitle=1&object=10225387&disablechange= HTTP/1.1" 200 2234 "http://ed.activities.at/entry.php?id=11668" "Mozilla/5.0 (Windows NT 6.1; Win64; x64) AppleWebKit/537.36 (KHTML, like Gecko) Chrome/61.0.3163.100 Safari/537.36"
213.47.157.214 - - [06/Nov/2017:10:01:55 +0100] "GET /gui/javascript/form_article.js HTTP/1.1" 200 8415 "http://ed.activities.at/entry.php?id=10760&&hiddetitle=1&object=10225387&disablechange=" "Mozilla/5.0 (Windows NT 6.1; Win64; x64) AppleWebKit/537.36 (KHTML, like Gecko) Chrome/61.0.3163.100 Safari/537.36"
213.47.157.214 - - [06/Nov/2017:10:01:55 +0100] "GET /entry.php?id=10778&form=10605&name=list& HTTP/1.1" 200 3727 "http://ed.activities.at/entry.php?id=10760&&hiddetitle=1&object=10225387&disablechange=" "Mozilla/5.0 (Windows NT 6.1; Win64; x64) AppleWebKit/537.36 (KHTML, like Gecko) Chrome/61.0.3163.100 Safari/537.36"
213.47.157.214 - - [06/Nov/2017:10:01:56 +0100] "GET /framework/icons/rowdown.gif HTTP/1.1" 200 60 "http://ed.activities.at/entry.php?id=10778&form=10605&name=list&" "Mozilla/5.0 (Windows NT 6.1; Win64; x64) AppleWebKit/537.36 (KHTML, like Gecko) Chrome/61.0.3163.100 Safari/537.36"
213.47.157.214 - - [06/Nov/2017:10:01:56 +0100] "GET /framework/icons/rowup.gif HTTP/1.1" 200 60 "http://ed.activities.at/entry.php?id=10778&form=10605&name=list&" "Mozilla/5.0 (Windows NT 6.1; Win64; x64) AppleWebKit/537.36 (KHTML, like Gecko) Chrome/61.0.3163.100 Safari/537.36"
213.47.157.214 - - [06/Nov/2017:10:01:56 +0100] "GET /cache/emu/images/easy-drivers-portal10227570/bus1jpg_16_6.jpg HTTP/1.1" 200 757 "http://ed.activities.at/entry.php?id=10778&form=10605&name=list&" "Mozilla/5.0 (Windows NT 6.1; Win64; x64) AppleWebKit/537.36 (KHTML, like Gecko) Chrome/61.0.3163.100 Safari/537.36"
213.47.157.214 - - [06/Nov/2017:10:01:56 +0100] "GET /cache/emu/images/easy-drivers-portal10227569/bus4jpg_16_6.jpg HTTP/1.1" 200 756 "http://ed.activities.at/entry.php?id=10778&form=10605&name=list&" "Mozilla/5.0 (Windows NT 6.1; Win64; x64) AppleWebKit/537.36 (KHTML, like Gecko) Chrome/61.0.3163.100 Safari/537.36"
213.47.157.214 - - [06/Nov/2017:10:01:56 +0100] "GET /cache/emu/images/easy-drivers-portal10227571/bus3jpg_16_6.jpg HTTP/1.1" 200 747 "http://ed.activities.at/entry.php?id=10778&form=10605&name=list&" "Mozilla/5.0 (Windows NT 6.1; Win64; x64) AppleWebKit/537.36 (KHTML, like Gecko) Chrome/61.0.3163.100 Safari/537.36"
213.47.157.214 - - [06/Nov/2017:10:01:56 +0100] "GET /cache/emu/images/easy-drivers-portal10227572/bus2jpg_16_6.jpg HTTP/1.1" 200 751 "http://ed.activities.at/entry.php?id=10778&form=10605&name=list&" "Mozilla/5.0 (Windows NT 6.1; Win64; x64) AppleWebKit/537.36 (KHTML, like Gecko) Chrome/61.0.3163.100 Safari/537.36"
213.47.157.214 - - [06/Nov/2017:10:01:55 +0100] "GET /entry.php?id=10683 HTTP/1.1" 200 1434 "http://ed.activities.at/entry.php?id=10760&&hiddetitle=1&object=10225387&disablechange=" "Mozilla/5.0 (Windows NT 6.1; Win64; x64) AppleWebKit/537.36 (KHTML, like Gecko) Chrome/61.0.3163.100 Safari/537.36"
213.47.157.214 - - [06/Nov/2017:10:01:56 +0100] "GET /cache/emu/images/easy-drivers-portal10227573/bus5jpg_16_6.jpg HTTP/1.1" 200 751 "http://ed.activities.at/entry.php?id=10778&form=10605&name=list&" "Mozilla/5.0 (Windows NT 6.1; Win64; x64) AppleWebKit/537.36 (KHTML, like Gecko) Chrome/61.0.3163.100 Safari/537.36"
213.47.157.214 - - [06/Nov/2017:10:01:56 +0100] "GET /cache/emu/images/easy-drivers-portal10227574/bus6jpg_16_6.jpg HTTP/1.1" 200 748 "http://ed.activities.at/entry.php?id=10778&form=10605&name=list&" "Mozilla/5.0 (Windows NT 6.1; Win64; x64) AppleWebKit/537.36 (KHTML, like Gecko) Chrome/61.0.3163.100 Safari/537.36"
213.47.157.214 - - [06/Nov/2017:10:01:56 +0100] "GET /gui/javascript/form_form.js?1509958916 HTTP/1.1" 200 16206 "http://ed.activities.at/entry.php?id=10683" "Mozilla/5.0 (Windows NT 6.1; Win64; x64) AppleWebKit/537.36 (KHTML, like Gecko) Chrome/61.0.3163.100 Safari/537.36"
213.47.157.214 - - [06/Nov/2017:10:01:55 +0100] "GET /entry.php?id=10776&form=10605&name=list& HTTP/1.1" 200 1598 "http://ed.activities.at/entry.php?id=10760&&hiddetitle=1&object=10225387&disablechange=" "Mozilla/5.0 (Windows NT 6.1; Win64; x64) AppleWebKit/537.36 (KHTML, like Gecko) Chrome/61.0.3163.100 Safari/537.36"
213.47.157.214 - - [06/Nov/2017:10:01:56 +0100] "GET /gui/images/icons/view_grid.gif HTTP/1.1" 200 382 "http://ed.activities.at/entry.php?id=10776&form=10605&name=list&" "Mozilla/5.0 (Windows NT 6.1; Win64; x64) AppleWebKit/537.36 (KHTML, like Gecko) Chrome/61.0.3163.100 Safari/537.36"
213.47.157.214 - - [06/Nov/2017:10:01:57 +0100] "POST /entry.php?id=11668 HTTP/1.1" 200 3488 "http://ed.activities.at/entry.php?id=11668" "Mozilla/5.0 (Windows NT 6.1; Win64; x64) AppleWebKit/537.36 (KHTML, like Gecko) Chrome/61.0.3163.100 Safari/537.36"
213.47.157.214 - - [06/Nov/2017:10:01:58 +0100] "GET /gui/javascript/form_form.js?1509958918 HTTP/1.1" 200 16206 "http://ed.activities.at/entry.php?id=11668" "Mozilla/5.0 (Windows NT 6.1; Win64; x64) AppleWebKit/537.36 (KHTML, like Gecko) Chrome/61.0.3163.100 Safari/537.36"
213.47.157.214 - - [06/Nov/2017:10:02:49 +0100] "GET /entry.php?id=10271&&ser=958909 HTTP/1.1" 200 987 "http://ed.activities.at/entry.php?id=10271&&ser=958848" "Mozilla/5.0 (Windows NT 6.1; Win64; x64) AppleWebKit/537.36 (KHTML, like Gecko) Chrome/61.0.3163.100 Safari/537.36"
213.47.157.214 - - [06/Nov/2017:10:02:49 +0100] "GET /gui/javascript/jquery/css/gui-themes/custom.min.css HTTP/1.1" 200 5618 "http://ed.activities.at/entry.php?id=10271&&ser=958909" "Mozilla/5.0 (Windows NT 6.1; Win64; x64) AppleWebKit/537.36 (KHTML, like Gecko) Chrome/61.0.3163.100 Safari/537.36"
213.47.157.214 - - [06/Nov/2017:10:02:49 +0100] "GET /gui/javascript/jquery/css/gui-themes/jquery.tooltip.css HTTP/1.1" 200 246 "http://ed.activities.at/entry.php?id=10271&&ser=958909" "Mozilla/5.0 (Windows NT 6.1; Win64; x64) AppleWebKit/537.36 (KHTML, like Gecko) Chrome/61.0.3163.100 Safari/537.36"
213.47.157.214 - - [06/Nov/2017:10:02:49 +0100] "GET /gui/javascript/jquery/css/gui-themes/ui.spinner.css HTTP/1.1" 200 350 "http://ed.activities.at/entry.php?id=10271&&ser=958909" "Mozilla/5.0 (Windows NT 6.1; Win64; x64) AppleWebKit/537.36 (KHTML, like Gecko) Chrome/61.0.3163.100 Safari/537.36"
213.47.157.214 - - [06/Nov/2017:10:02:49 +0100] "GET /gui/styles/tmplDefault.css HTTP/1.1" 200 2135 "http://ed.activities.at/entry.php?id=10271&&ser=958909" "Mozilla/5.0 (Windows NT 6.1; Win64; x64) AppleWebKit/537.36 (KHTML, like Gecko) Chrome/61.0.3163.100 Safari/537.36"
213.47.157.214 - - [06/Nov/2017:10:02:49 +0100] "GET /gui/javascript/form_form.js?1509958969 HTTP/1.1" 200 16206 "http://ed.activities.at/entry.php?id=10271&&ser=958909" "Mozilla/5.0 (Windows NT 6.1; Win64; x64) AppleWebKit/537.36 (KHTML, like Gecko) Chrome/61.0.3163.100 Safari/537.36"
213.47.157.214 - - [06/Nov/2017:10:02:49 +0100] "GET /gui/javascript/jquery/js/jquery-1.8.2.js HTTP/1.1" 200 35391 "http://ed.activities.at/entry.php?id=10271&&ser=958909" "Mozilla/5.0 (Windows NT 6.1; Win64; x64) AppleWebKit/537.36 (KHTML, like Gecko) Chrome/61.0.3163.100 Safari/537.36"
213.47.157.214 - - [06/Nov/2017:10:02:50 +0100] "GET /gui/javascript/jquery/jquery-tooltip/jquery.tooltip.min.js HTTP/1.1" 200 1982 "http://ed.activities.at/entry.php?id=10271&&ser=958909" "Mozilla/5.0 (Windows NT 6.1; Win64; x64) AppleWebKit/537.36 (KHTML, like Gecko) Chrome/61.0.3163.100 Safari/537.36"
213.47.157.214 - - [06/Nov/2017:10:02:50 +0100] "GET /gui/javascript/jquery/js/jquery-ui-1.9.0.custom.min.js HTTP/1.1" 200 51286 "http://ed.activities.at/entry.php?id=10271&&ser=958909" "Mozilla/5.0 (Windows NT 6.1; Win64; x64) AppleWebKit/537.36 (KHTML, like Gecko) Chrome/61.0.3163.100 Safari/537.36"
213.47.157.214 - - [06/Nov/2017:10:02:50 +0100] "GET /gui/images/emptybar.gif HTTP/1.1" 200 89 "http://ed.activities.at/entry.php?id=10272" "Mozilla/5.0 (Windows NT 6.1; Win64; x64) AppleWebKit/537.36 (KHTML, like Gecko) Chrome/61.0.3163.100 Safari/537.36"
80.109.251.147 - - [06/Nov/2017:10:02:54 +0100] "GET /entry.php?id=10271&&ser=958911 HTTP/1.1" 200 987 "http://ed.activities.at/entry.php?id=10271&&ser=958850" "Mozilla/5.0 (Macintosh; Intel Mac OS X 10_12_6) AppleWebKit/537.36 (KHTML, like Gecko) Chrome/61.0.3163.100 Safari/537.36"
80.109.251.147 - - [06/Nov/2017:10:02:54 +0100] "GET /gui/javascript/form_form.js?1509958974 HTTP/1.1" 200 16206 "http://ed.activities.at/entry.php?id=10271&&ser=958911" "Mozilla/5.0 (Macintosh; Intel Mac OS X 10_12_6) AppleWebKit/537.36 (KHTML, like Gecko) Chrome/61.0.3163.100 Safari/537.36"
213.47.157.214 - - [06/Nov/2017:10:03:50 +0100] "GET /entry.php?id=10271&&ser=958969 HTTP/1.1" 200 987 "http://ed.activities.at/entry.php?id=10271&&ser=958909" "Mozilla/5.0 (Windows NT 6.1; Win64; x64) AppleWebKit/537.36 (KHTML, like Gecko) Chrome/61.0.3163.100 Safari/537.36"
213.47.157.214 - - [06/Nov/2017:10:03:50 +0100] "GET /gui/javascript/jquery/css/gui-themes/ui.spinner.css HTTP/1.1" 200 350 "http://ed.activities.at/entry.php?id=10271&&ser=958969" "Mozilla/5.0 (Windows NT 6.1; Win64; x64) AppleWebKit/537.36 (KHTML, like Gecko) Chrome/61.0.3163.100 Safari/537.36"
213.47.157.214 - - [06/Nov/2017:10:03:50 +0100] "GET /gui/javascript/jquery/css/gui-themes/jquery.tooltip.css HTTP/1.1" 200 246 "http://ed.activities.at/entry.php?id=10271&&ser=958969" "Mozilla/5.0 (Windows NT 6.1; Win64; x64) AppleWebKit/537.36 (KHTML, like Gecko) Chrome/61.0.3163.100 Safari/537.36"
213.47.157.214 - - [06/Nov/2017:10:03:50 +0100] "GET /gui/styles/tmplDefault.css HTTP/1.1" 200 2135 "http://ed.activities.at/entry.php?id=10271&&ser=958969" "Mozilla/5.0 (Windows NT 6.1; Win64; x64) AppleWebKit/537.36 (KHTML, like Gecko) Chrome/61.0.3163.100 Safari/537.36"
213.47.157.214 - - [06/Nov/2017:10:03:50 +0100] "GET /gui/javascript/jquery/css/gui-themes/custom.min.css HTTP/1.1" 200 5618 "http://ed.activities.at/entry.php?id=10271&&ser=958969" "Mozilla/5.0 (Windows NT 6.1; Win64; x64) AppleWebKit/537.36 (KHTML, like Gecko) Chrome/61.0.3163.100 Safari/537.36"
213.47.157.214 - - [06/Nov/2017:10:03:50 +0100] "GET /gui/javascript/form_form.js?1509959030 HTTP/1.1" 200 16206 "http://ed.activities.at/entry.php?id=10271&&ser=958969" "Mozilla/5.0 (Windows NT 6.1; Win64; x64) AppleWebKit/537.36 (KHTML, like Gecko) Chrome/61.0.3163.100 Safari/537.36"
80.109.251.147 - - [06/Nov/2017:10:03:54 +0100] "GET /entry.php?id=10271&&ser=958974 HTTP/1.1" 200 988 "http://ed.activities.at/entry.php?id=10271&&ser=958911" "Mozilla/5.0 (Macintosh; Intel Mac OS X 10_12_6) AppleWebKit/537.36 (KHTML, like Gecko) Chrome/61.0.3163.100 Safari/537.36"
80.109.251.147 - - [06/Nov/2017:10:03:55 +0100] "GET /gui/javascript/form_form.js?1509959035 HTTP/1.1" 200 16206 "http://ed.activities.at/entry.php?id=10271&&ser=958974" "Mozilla/5.0 (Macintosh; Intel Mac OS X 10_12_6) AppleWebKit/537.36 (KHTML, like Gecko) Chrome/61.0.3163.100 Safari/537.36"
213.47.157.214 - - [06/Nov/2017:10:04:50 +0100] "GET /entry.php?id=10271&&ser=959030 HTTP/1.1" 200 987 "http://ed.activities.at/entry.php?id=10271&&ser=958969" "Mozilla/5.0 (Windows NT 6.1; Win64; x64) AppleWebKit/537.36 (KHTML, like Gecko) Chrome/61.0.3163.100 Safari/537.36"
213.47.157.214 - - [06/Nov/2017:10:04:50 +0100] "GET /gui/javascript/jquery/css/gui-themes/custom.min.css HTTP/1.1" 200 5618 "http://ed.activities.at/entry.php?id=10271&&ser=959030" "Mozilla/5.0 (Windows NT 6.1; Win64; x64) AppleWebKit/537.36 (KHTML, like Gecko) Chrome/61.0.3163.100 Safari/537.36"
213.47.157.214 - - [06/Nov/2017:10:04:50 +0100] "GET /gui/styles/tmplDefault.css HTTP/1.1" 200 2135 "http://ed.activities.at/entry.php?id=10271&&ser=959030" "Mozilla/5.0 (Windows NT 6.1; Win64; x64) AppleWebKit/537.36 (KHTML, like Gecko) Chrome/61.0.3163.100 Safari/537.36"
213.47.157.214 - - [06/Nov/2017:10:04:50 +0100] "GET /gui/javascript/jquery/css/gui-themes/ui.spinner.css HTTP/1.1" 200 350 "http://ed.activities.at/entry.php?id=10271&&ser=959030" "Mozilla/5.0 (Windows NT 6.1; Win64; x64) AppleWebKit/537.36 (KHTML, like Gecko) Chrome/61.0.3163.100 Safari/537.36"
213.47.157.214 - - [06/Nov/2017:10:04:50 +0100] "GET /gui/javascript/jquery/css/gui-themes/jquery.tooltip.css HTTP/1.1" 200 246 "http://ed.activities.at/entry.php?id=10271&&ser=959030" "Mozilla/5.0 (Windows NT 6.1; Win64; x64) AppleWebKit/537.36 (KHTML, like Gecko) Chrome/61.0.3163.100 Safari/537.36"
213.47.157.214 - - [06/Nov/2017:10:04:50 +0100] "GET /gui/javascript/form_form.js?1509959090 HTTP/1.1" 200 16206 "http://ed.activities.at/entry.php?id=10271&&ser=959030" "Mozilla/5.0 (Windows NT 6.1; Win64; x64) AppleWebKit/537.36 (KHTML, like Gecko) Chrome/61.0.3163.100 Safari/537.36"
80.109.251.147 - - [06/Nov/2017:10:04:56 +0100] "GET /entry.php?id=10271&&ser=959035 HTTP/1.1" 200 987 "http://ed.activities.at/entry.php?id=10271&&ser=958974" "Mozilla/5.0 (Macintosh; Intel Mac OS X 10_12_6) AppleWebKit/537.36 (KHTML, like Gecko) Chrome/61.0.3163.100 Safari/537.36"
80.109.251.147 - - [06/Nov/2017:10:04:56 +0100] "GET /gui/javascript/form_form.js?1509959096 HTTP/1.1" 200 16206 "http://ed.activities.at/entry.php?id=10271&&ser=959035" "Mozilla/5.0 (Macintosh; Intel Mac OS X 10_12_6) AppleWebKit/537.36 (KHTML, like Gecko) Chrome/61.0.3163.100 Safari/537.36"
213.47.157.214 - - [06/Nov/2017:10:05:51 +0100] "GET /entry.php?id=10271&&ser=959090 HTTP/1.1" 200 987 "http://ed.activities.at/entry.php?id=10271&&ser=959030" "Mozilla/5.0 (Windows NT 6.1; Win64; x64) AppleWebKit/537.36 (KHTML, like Gecko) Chrome/61.0.3163.100 Safari/537.36"
213.47.157.214 - - [06/Nov/2017:10:05:51 +0100] "GET /gui/javascript/jquery/css/gui-themes/custom.min.css HTTP/1.1" 200 5618 "http://ed.activities.at/entry.php?id=10271&&ser=959090" "Mozilla/5.0 (Windows NT 6.1; Win64; x64) AppleWebKit/537.36 (KHTML, like Gecko) Chrome/61.0.3163.100 Safari/537.36"
213.47.157.214 - - [06/Nov/2017:10:05:51 +0100] "GET /gui/javascript/jquery/css/gui-themes/ui.spinner.css HTTP/1.1" 200 350 "http://ed.activities.at/entry.php?id=10271&&ser=959090" "Mozilla/5.0 (Windows NT 6.1; Win64; x64) AppleWebKit/537.36 (KHTML, like Gecko) Chrome/61.0.3163.100 Safari/537.36"
213.47.157.214 - - [06/Nov/2017:10:05:51 +0100] "GET /gui/javascript/jquery/css/gui-themes/jquery.tooltip.css HTTP/1.1" 200 246 "http://ed.activities.at/entry.php?id=10271&&ser=959090" "Mozilla/5.0 (Windows NT 6.1; Win64; x64) AppleWebKit/537.36 (KHTML, like Gecko) Chrome/61.0.3163.100 Safari/537.36"
213.47.157.214 - - [06/Nov/2017:10:05:51 +0100] "GET /gui/styles/tmplDefault.css HTTP/1.1" 200 2135 "http://ed.activities.at/entry.php?id=10271&&ser=959090" "Mozilla/5.0 (Windows NT 6.1; Win64; x64) AppleWebKit/537.36 (KHTML, like Gecko) Chrome/61.0.3163.100 Safari/537.36"
213.47.157.214 - - [06/Nov/2017:10:05:51 +0100] "GET /gui/javascript/form_form.js?1509959151 HTTP/1.1" 200 16206 "http://ed.activities.at/entry.php?id=10271&&ser=959090" "Mozilla/5.0 (Windows NT 6.1; Win64; x64) AppleWebKit/537.36 (KHTML, like Gecko) Chrome/61.0.3163.100 Safari/537.36"
80.109.251.147 - - [06/Nov/2017:10:05:56 +0100] "GET /entry.php?id=10271&&ser=959096 HTTP/1.1" 200 988 "http://ed.activities.at/entry.php?id=10271&&ser=959035" "Mozilla/5.0 (Macintosh; Intel Mac OS X 10_12_6) AppleWebKit/537.36 (KHTML, like Gecko) Chrome/61.0.3163.100 Safari/537.36"
80.109.251.147 - - [06/Nov/2017:10:05:56 +0100] "GET /gui/javascript/form_form.js?1509959156 HTTP/1.1" 200 16206 "http://ed.activities.at/entry.php?id=10271&&ser=959096" "Mozilla/5.0 (Macintosh; Intel Mac OS X 10_12_6) AppleWebKit/537.36 (KHTML, like Gecko) Chrome/61.0.3163.100 Safari/537.36"
213.47.157.214 - - [06/Nov/2017:10:06:51 +0100] "GET /entry.php?id=10271&&ser=959151 HTTP/1.1" 200 986 "http://ed.activities.at/entry.php?id=10271&&ser=959090" "Mozilla/5.0 (Windows NT 6.1; Win64; x64) AppleWebKit/537.36 (KHTML, like Gecko) Chrome/61.0.3163.100 Safari/537.36"
213.47.157.214 - - [06/Nov/2017:10:06:51 +0100] "GET /gui/javascript/form_form.js?1509959211 HTTP/1.1" 200 16206 "http://ed.activities.at/entry.php?id=10271&&ser=959151" "Mozilla/5.0 (Windows NT 6.1; Win64; x64) AppleWebKit/537.36 (KHTML, like Gecko) Chrome/61.0.3163.100 Safari/537.36"
80.109.251.147 - - [06/Nov/2017:10:06:57 +0100] "GET /entry.php?id=10271&&ser=959156 HTTP/1.1" 200 987 "http://ed.activities.at/entry.php?id=10271&&ser=959096" "Mozilla/5.0 (Macintosh; Intel Mac OS X 10_12_6) AppleWebKit/537.36 (KHTML, like Gecko) Chrome/61.0.3163.100 Safari/537.36"
80.109.251.147 - - [06/Nov/2017:10:06:57 +0100] "GET /gui/javascript/form_form.js?1509959217 HTTP/1.1" 200 16206 "http://ed.activities.at/entry.php?id=10271&&ser=959156" "Mozilla/5.0 (Macintosh; Intel Mac OS X 10_12_6) AppleWebKit/537.36 (KHTML, like Gecko) Chrome/61.0.3163.100 Safari/537.36"
213.47.157.214 - - [06/Nov/2017:10:07:52 +0100] "GET /entry.php?id=10271&&ser=959211 HTTP/1.1" 200 987 "http://ed.activities.at/entry.php?id=10271&&ser=959151" "Mozilla/5.0 (Windows NT 6.1; Win64; x64) AppleWebKit/537.36 (KHTML, like Gecko) Chrome/61.0.3163.100 Safari/537.36"
213.47.157.214 - - [06/Nov/2017:10:07:52 +0100] "GET /gui/javascript/form_form.js?1509959272 HTTP/1.1" 200 16206 "http://ed.activities.at/entry.php?id=10271&&ser=959211" "Mozilla/5.0 (Windows NT 6.1; Win64; x64) AppleWebKit/537.36 (KHTML, like Gecko) Chrome/61.0.3163.100 Safari/537.36"
80.109.251.147 - - [06/Nov/2017:10:07:57 +0100] "GET /entry.php?id=10271&&ser=959217 HTTP/1.1" 200 987 "http://ed.activities.at/entry.php?id=10271&&ser=959156" "Mozilla/5.0 (Macintosh; Intel Mac OS X 10_12_6) AppleWebKit/537.36 (KHTML, like Gecko) Chrome/61.0.3163.100 Safari/537.36"
80.109.251.147 - - [06/Nov/2017:10:07:58 +0100] "GET /gui/javascript/form_form.js?1509959278 HTTP/1.1" 200 16206 "http://ed.activities.at/entry.php?id=10271&&ser=959217" "Mozilla/5.0 (Macintosh; Intel Mac OS X 10_12_6) AppleWebKit/537.36 (KHTML, like Gecko) Chrome/61.0.3163.100 Safari/537.36"
213.47.157.214 - - [06/Nov/2017:10:08:52 +0100] "GET /entry.php?id=10271&&ser=959272 HTTP/1.1" 200 987 "http://ed.activities.at/entry.php?id=10271&&ser=959211" "Mozilla/5.0 (Windows NT 6.1; Win64; x64) AppleWebKit/537.36 (KHTML, like Gecko) Chrome/61.0.3163.100 Safari/537.36"
213.47.157.214 - - [06/Nov/2017:10:08:52 +0100] "GET /gui/javascript/form_form.js?1509959332 HTTP/1.1" 200 16206 "http://ed.activities.at/entry.php?id=10271&&ser=959272" "Mozilla/5.0 (Windows NT 6.1; Win64; x64) AppleWebKit/537.36 (KHTML, like Gecko) Chrome/61.0.3163.100 Safari/537.36"
