217.149.172.168 - - [07/Nov/2017:15:47:35 +0100] "GET /entry.php?id=10271&&ser=65995 HTTP/1.1" 200 986 "http://ed.activities.at/entry.php?id=10271&&ser=65935" "Mozilla/5.0 (Windows NT 6.1; Win64; x64; rv:56.0) Gecko/20100101 Firefox/56.0"
217.149.172.168 - - [07/Nov/2017:15:47:36 +0100] "GET /gui/javascript/form_form.js?1510066056 HTTP/1.1" 200 16206 "http://ed.activities.at/entry.php?id=10271&&ser=65995" "Mozilla/5.0 (Windows NT 6.1; Win64; x64; rv:56.0) Gecko/20100101 Firefox/56.0"
217.149.172.168 - - [07/Nov/2017:15:48:36 +0100] "GET /entry.php?id=10271&&ser=66056 HTTP/1.1" 200 986 "http://ed.activities.at/entry.php?id=10271&&ser=65995" "Mozilla/5.0 (Windows NT 6.1; Win64; x64; rv:56.0) Gecko/20100101 Firefox/56.0"
217.149.172.168 - - [07/Nov/2017:15:48:36 +0100] "GET /gui/javascript/form_form.js?1510066116 HTTP/1.1" 200 16206 "http://ed.activities.at/entry.php?id=10271&&ser=66056" "Mozilla/5.0 (Windows NT 6.1; Win64; x64; rv:56.0) Gecko/20100101 Firefox/56.0"
217.149.172.168 - - [07/Nov/2017:15:49:37 +0100] "GET /entry.php?id=10271&&ser=66116 HTTP/1.1" 200 986 "http://ed.activities.at/entry.php?id=10271&&ser=66056" "Mozilla/5.0 (Windows NT 6.1; Win64; x64; rv:56.0) Gecko/20100101 Firefox/56.0"
217.149.172.168 - - [07/Nov/2017:15:49:37 +0100] "GET /gui/javascript/form_form.js?1510066177 HTTP/1.1" 200 16206 "http://ed.activities.at/entry.php?id=10271&&ser=66116" "Mozilla/5.0 (Windows NT 6.1; Win64; x64; rv:56.0) Gecko/20100101 Firefox/56.0"
217.149.172.168 - - [07/Nov/2017:15:50:37 +0100] "GET /entry.php?id=10271&&ser=66177 HTTP/1.1" 200 986 "http://ed.activities.at/entry.php?id=10271&&ser=66116" "Mozilla/5.0 (Windows NT 6.1; Win64; x64; rv:56.0) Gecko/20100101 Firefox/56.0"
217.149.172.168 - - [07/Nov/2017:15:50:37 +0100] "GET /gui/javascript/form_form.js?1510066237 HTTP/1.1" 200 16206 "http://ed.activities.at/entry.php?id=10271&&ser=66177" "Mozilla/5.0 (Windows NT 6.1; Win64; x64; rv:56.0) Gecko/20100101 Firefox/56.0"
217.149.172.168 - - [07/Nov/2017:15:51:38 +0100] "GET /entry.php?id=10271&&ser=66237 HTTP/1.1" 200 986 "http://ed.activities.at/entry.php?id=10271&&ser=66177" "Mozilla/5.0 (Windows NT 6.1; Win64; x64; rv:56.0) Gecko/20100101 Firefox/56.0"
217.149.172.168 - - [07/Nov/2017:15:51:38 +0100] "GET /gui/javascript/form_form.js?1510066298 HTTP/1.1" 200 16206 "http://ed.activities.at/entry.php?id=10271&&ser=66237" "Mozilla/5.0 (Windows NT 6.1; Win64; x64; rv:56.0) Gecko/20100101 Firefox/56.0"
217.149.172.168 - - [07/Nov/2017:15:52:38 +0100] "GET /entry.php?id=10271&&ser=66298 HTTP/1.1" 200 986 "http://ed.activities.at/entry.php?id=10271&&ser=66237" "Mozilla/5.0 (Windows NT 6.1; Win64; x64; rv:56.0) Gecko/20100101 Firefox/56.0"
217.149.172.168 - - [07/Nov/2017:15:52:38 +0100] "GET /gui/javascript/form_form.js?1510066358 HTTP/1.1" 200 16206 "http://ed.activities.at/entry.php?id=10271&&ser=66298" "Mozilla/5.0 (Windows NT 6.1; Win64; x64; rv:56.0) Gecko/20100101 Firefox/56.0"
217.149.172.168 - - [07/Nov/2017:15:53:38 +0100] "GET /entry.php?id=10271&&ser=66358 HTTP/1.1" 200 986 "http://ed.activities.at/entry.php?id=10271&&ser=66298" "Mozilla/5.0 (Windows NT 6.1; Win64; x64; rv:56.0) Gecko/20100101 Firefox/56.0"
217.149.172.168 - - [07/Nov/2017:15:53:39 +0100] "GET /gui/javascript/form_form.js?1510066419 HTTP/1.1" 200 16206 "http://ed.activities.at/entry.php?id=10271&&ser=66358" "Mozilla/5.0 (Windows NT 6.1; Win64; x64; rv:56.0) Gecko/20100101 Firefox/56.0"
217.149.172.168 - - [07/Nov/2017:15:54:39 +0100] "GET /entry.php?id=10271&&ser=66419 HTTP/1.1" 200 986 "http://ed.activities.at/entry.php?id=10271&&ser=66358" "Mozilla/5.0 (Windows NT 6.1; Win64; x64; rv:56.0) Gecko/20100101 Firefox/56.0"
217.149.172.168 - - [07/Nov/2017:15:54:39 +0100] "GET /gui/javascript/form_form.js?1510066479 HTTP/1.1" 200 16206 "http://ed.activities.at/entry.php?id=10271&&ser=66419" "Mozilla/5.0 (Windows NT 6.1; Win64; x64; rv:56.0) Gecko/20100101 Firefox/56.0"
217.149.172.168 - - [07/Nov/2017:15:55:39 +0100] "GET /entry.php?id=10271&&ser=66479 HTTP/1.1" 200 986 "http://ed.activities.at/entry.php?id=10271&&ser=66419" "Mozilla/5.0 (Windows NT 6.1; Win64; x64; rv:56.0) Gecko/20100101 Firefox/56.0"
217.149.172.168 - - [07/Nov/2017:15:55:40 +0100] "GET /gui/javascript/form_form.js?1510066540 HTTP/1.1" 200 16206 "http://ed.activities.at/entry.php?id=10271&&ser=66479" "Mozilla/5.0 (Windows NT 6.1; Win64; x64; rv:56.0) Gecko/20100101 Firefox/56.0"
217.149.172.168 - - [07/Nov/2017:15:56:40 +0100] "GET /entry.php?id=10271&&ser=66540 HTTP/1.1" 200 986 "http://ed.activities.at/entry.php?id=10271&&ser=66479" "Mozilla/5.0 (Windows NT 6.1; Win64; x64; rv:56.0) Gecko/20100101 Firefox/56.0"
217.149.172.168 - - [07/Nov/2017:15:56:40 +0100] "GET /gui/javascript/form_form.js?1510066600 HTTP/1.1" 200 16206 "http://ed.activities.at/entry.php?id=10271&&ser=66540" "Mozilla/5.0 (Windows NT 6.1; Win64; x64; rv:56.0) Gecko/20100101 Firefox/56.0"
217.149.172.168 - - [07/Nov/2017:15:57:40 +0100] "GET /entry.php?id=10271&&ser=66600 HTTP/1.1" 200 984 "http://ed.activities.at/entry.php?id=10271&&ser=66540" "Mozilla/5.0 (Windows NT 6.1; Win64; x64; rv:56.0) Gecko/20100101 Firefox/56.0"
217.149.172.168 - - [07/Nov/2017:15:57:41 +0100] "GET /gui/javascript/form_form.js?1510066661 HTTP/1.1" 200 16206 "http://ed.activities.at/entry.php?id=10271&&ser=66600" "Mozilla/5.0 (Windows NT 6.1; Win64; x64; rv:56.0) Gecko/20100101 Firefox/56.0"
217.149.172.168 - - [07/Nov/2017:15:58:41 +0100] "GET /entry.php?id=10271&&ser=66661 HTTP/1.1" 200 986 "http://ed.activities.at/entry.php?id=10271&&ser=66600" "Mozilla/5.0 (Windows NT 6.1; Win64; x64; rv:56.0) Gecko/20100101 Firefox/56.0"
217.149.172.168 - - [07/Nov/2017:15:58:41 +0100] "GET /gui/javascript/form_form.js?1510066721 HTTP/1.1" 200 16206 "http://ed.activities.at/entry.php?id=10271&&ser=66661" "Mozilla/5.0 (Windows NT 6.1; Win64; x64; rv:56.0) Gecko/20100101 Firefox/56.0"
217.149.172.168 - - [07/Nov/2017:15:59:42 +0100] "GET /entry.php?id=10271&&ser=66721 HTTP/1.1" 200 986 "http://ed.activities.at/entry.php?id=10271&&ser=66661" "Mozilla/5.0 (Windows NT 6.1; Win64; x64; rv:56.0) Gecko/20100101 Firefox/56.0"
217.149.172.168 - - [07/Nov/2017:15:59:42 +0100] "GET /gui/javascript/form_form.js?1510066782 HTTP/1.1" 200 16206 "http://ed.activities.at/entry.php?id=10271&&ser=66721" "Mozilla/5.0 (Windows NT 6.1; Win64; x64; rv:56.0) Gecko/20100101 Firefox/56.0"
217.149.172.168 - - [07/Nov/2017:16:00:42 +0100] "GET /entry.php?id=10271&&ser=66782 HTTP/1.1" 200 986 "http://ed.activities.at/entry.php?id=10271&&ser=66721" "Mozilla/5.0 (Windows NT 6.1; Win64; x64; rv:56.0) Gecko/20100101 Firefox/56.0"
217.149.172.168 - - [07/Nov/2017:16:00:42 +0100] "GET /gui/javascript/form_form.js?1510066842 HTTP/1.1" 200 16206 "http://ed.activities.at/entry.php?id=10271&&ser=66782" "Mozilla/5.0 (Windows NT 6.1; Win64; x64; rv:56.0) Gecko/20100101 Firefox/56.0"
217.149.172.168 - - [07/Nov/2017:16:01:43 +0100] "GET /entry.php?id=10271&&ser=66842 HTTP/1.1" 200 986 "http://ed.activities.at/entry.php?id=10271&&ser=66782" "Mozilla/5.0 (Windows NT 6.1; Win64; x64; rv:56.0) Gecko/20100101 Firefox/56.0"
217.149.172.168 - - [07/Nov/2017:16:01:43 +0100] "GET /gui/javascript/form_form.js?1510066903 HTTP/1.1" 200 16206 "http://ed.activities.at/entry.php?id=10271&&ser=66842" "Mozilla/5.0 (Windows NT 6.1; Win64; x64; rv:56.0) Gecko/20100101 Firefox/56.0"
217.149.172.168 - - [07/Nov/2017:16:02:43 +0100] "GET /entry.php?id=10271&&ser=66903 HTTP/1.1" 200 986 "http://ed.activities.at/entry.php?id=10271&&ser=66842" "Mozilla/5.0 (Windows NT 6.1; Win64; x64; rv:56.0) Gecko/20100101 Firefox/56.0"
217.149.172.168 - - [07/Nov/2017:16:02:44 +0100] "GET /gui/javascript/form_form.js?1510066964 HTTP/1.1" 200 16206 "http://ed.activities.at/entry.php?id=10271&&ser=66903" "Mozilla/5.0 (Windows NT 6.1; Win64; x64; rv:56.0) Gecko/20100101 Firefox/56.0"
217.149.172.168 - - [07/Nov/2017:16:03:44 +0100] "GET /entry.php?id=10271&&ser=66964 HTTP/1.1" 200 986 "http://ed.activities.at/entry.php?id=10271&&ser=66903" "Mozilla/5.0 (Windows NT 6.1; Win64; x64; rv:56.0) Gecko/20100101 Firefox/56.0"
217.149.172.168 - - [07/Nov/2017:16:03:44 +0100] "GET /gui/javascript/form_form.js?1510067024 HTTP/1.1" 200 16206 "http://ed.activities.at/entry.php?id=10271&&ser=66964" "Mozilla/5.0 (Windows NT 6.1; Win64; x64; rv:56.0) Gecko/20100101 Firefox/56.0"
217.149.172.168 - - [07/Nov/2017:16:04:45 +0100] "GET /entry.php?id=10271&&ser=67024 HTTP/1.1" 200 986 "http://ed.activities.at/entry.php?id=10271&&ser=66964" "Mozilla/5.0 (Windows NT 6.1; Win64; x64; rv:56.0) Gecko/20100101 Firefox/56.0"
217.149.172.168 - - [07/Nov/2017:16:04:45 +0100] "GET /gui/javascript/form_form.js?1510067085 HTTP/1.1" 200 16206 "http://ed.activities.at/entry.php?id=10271&&ser=67024" "Mozilla/5.0 (Windows NT 6.1; Win64; x64; rv:56.0) Gecko/20100101 Firefox/56.0"
90.146.3.54 - - [07/Nov/2017:16:05:45 +0100] "GET /layout.php HTTP/1.1" 200 910 "-" "Mozilla/5.0 (Windows NT 10.0; Win64; x64) AppleWebKit/537.36 (KHTML, like Gecko) Chrome/61.0.3163.100 Safari/537.36"
90.146.3.54 - - [07/Nov/2017:16:05:45 +0100] "GET /entry.php?id=10270 HTTP/1.1" 200 908 "http://ed.activities.at/layout.php" "Mozilla/5.0 (Windows NT 10.0; Win64; x64) AppleWebKit/537.36 (KHTML, like Gecko) Chrome/61.0.3163.100 Safari/537.36"
90.146.3.54 - - [07/Nov/2017:16:05:45 +0100] "GET /entry.php?id=10272 HTTP/1.1" 200 1189 "http://ed.activities.at/layout.php" "Mozilla/5.0 (Windows NT 10.0; Win64; x64) AppleWebKit/537.36 (KHTML, like Gecko) Chrome/61.0.3163.100 Safari/537.36"
90.146.3.54 - - [07/Nov/2017:16:05:45 +0100] "GET /entry.php?id=10273 HTTP/1.1" 200 1929 "http://ed.activities.at/layout.php" "Mozilla/5.0 (Windows NT 10.0; Win64; x64) AppleWebKit/537.36 (KHTML, like Gecko) Chrome/61.0.3163.100 Safari/537.36"
90.146.3.54 - - [07/Nov/2017:16:05:45 +0100] "GET /gui/javascript/form_form.js?1510067145 HTTP/1.1" 200 16206 "http://ed.activities.at/entry.php?id=10270" "Mozilla/5.0 (Windows NT 10.0; Win64; x64) AppleWebKit/537.36 (KHTML, like Gecko) Chrome/61.0.3163.100 Safari/537.36"
90.146.3.54 - - [07/Nov/2017:16:05:45 +0100] "GET /entry.php?id=11412 HTTP/1.1" 200 1759 "http://ed.activities.at/layout.php" "Mozilla/5.0 (Windows NT 10.0; Win64; x64) AppleWebKit/537.36 (KHTML, like Gecko) Chrome/61.0.3163.100 Safari/537.36"
90.146.3.54 - - [07/Nov/2017:16:05:45 +0100] "GET /entry.php?id=10287 HTTP/1.1" 200 2414 "http://ed.activities.at/entry.php?id=11412" "Mozilla/5.0 (Windows NT 10.0; Win64; x64) AppleWebKit/537.36 (KHTML, like Gecko) Chrome/61.0.3163.100 Safari/537.36"
90.146.3.54 - - [07/Nov/2017:16:05:45 +0100] "GET /entry.php?id=10271&UIN=427f059bb3138949d56092d2e439a7a9 HTTP/1.1" 200 934 "http://ed.activities.at/entry.php?id=10272" "Mozilla/5.0 (Windows NT 10.0; Win64; x64) AppleWebKit/537.36 (KHTML, like Gecko) Chrome/61.0.3163.100 Safari/537.36"
217.149.172.168 - - [07/Nov/2017:16:05:45 +0100] "GET /entry.php?id=10271&&ser=67085 HTTP/1.1" 200 987 "http://ed.activities.at/entry.php?id=10271&&ser=67024" "Mozilla/5.0 (Windows NT 6.1; Win64; x64; rv:56.0) Gecko/20100101 Firefox/56.0"
217.149.172.168 - - [07/Nov/2017:16:05:46 +0100] "GET /gui/javascript/form_form.js?1510067146 HTTP/1.1" 200 16206 "http://ed.activities.at/entry.php?id=10271&&ser=67085" "Mozilla/5.0 (Windows NT 6.1; Win64; x64; rv:56.0) Gecko/20100101 Firefox/56.0"
90.146.3.54 - - [07/Nov/2017:16:05:46 +0100] "GET /gui/javascript/form_form.js?1510067146 HTTP/1.1" 200 16206 "http://ed.activities.at/entry.php?id=10271&UIN=427f059bb3138949d56092d2e439a7a9" "Mozilla/5.0 (Windows NT 10.0; Win64; x64) AppleWebKit/537.36 (KHTML, like Gecko) Chrome/61.0.3163.100 Safari/537.36"
90.146.3.54 - - [07/Nov/2017:16:05:46 +0100] "GET /entry.php?id=10270& HTTP/1.1" 200 908 "http://ed.activities.at/entry.php?id=10287" "Mozilla/5.0 (Windows NT 10.0; Win64; x64) AppleWebKit/537.36 (KHTML, like Gecko) Chrome/61.0.3163.100 Safari/537.36"
90.146.3.54 - - [07/Nov/2017:16:05:46 +0100] "GET /entry.php?id=10273& HTTP/1.1" 200 1901 "http://ed.activities.at/entry.php?id=10287" "Mozilla/5.0 (Windows NT 10.0; Win64; x64) AppleWebKit/537.36 (KHTML, like Gecko) Chrome/61.0.3163.100 Safari/537.36"
90.146.3.54 - - [07/Nov/2017:16:05:47 +0100] "POST /entry.php?id=10287& HTTP/1.1" 200 1991 "http://ed.activities.at/entry.php?id=10287" "Mozilla/5.0 (Windows NT 10.0; Win64; x64) AppleWebKit/537.36 (KHTML, like Gecko) Chrome/61.0.3163.100 Safari/537.36"
90.146.3.54 - - [07/Nov/2017:16:05:47 +0100] "GET /gui/javascript/form_form.js?1510067147 HTTP/1.1" 200 16206 "http://ed.activities.at/entry.php?id=10287&" "Mozilla/5.0 (Windows NT 10.0; Win64; x64) AppleWebKit/537.36 (KHTML, like Gecko) Chrome/61.0.3163.100 Safari/537.36"
90.146.3.54 - - [07/Nov/2017:16:05:48 +0100] "GET /entry.php?id=10271&UIN=427f059bb3138949d56092d2e439a7a9 HTTP/1.1" 200 986 "http://ed.activities.at/entry.php?id=10271&UIN=427f059bb3138949d56092d2e439a7a9" "Mozilla/5.0 (Windows NT 10.0; Win64; x64) AppleWebKit/537.36 (KHTML, like Gecko) Chrome/61.0.3163.100 Safari/537.36"
90.146.3.54 - - [07/Nov/2017:16:05:48 +0100] "GET /entry.php?id=10273& HTTP/1.1" 200 2012 "http://ed.activities.at/entry.php?id=10287&" "Mozilla/5.0 (Windows NT 10.0; Win64; x64) AppleWebKit/537.36 (KHTML, like Gecko) Chrome/61.0.3163.100 Safari/537.36"
90.146.3.54 - - [07/Nov/2017:16:05:48 +0100] "GET /gui/javascript/form_form.js?1510067148 HTTP/1.1" 200 16206 "http://ed.activities.at/entry.php?id=10271&UIN=427f059bb3138949d56092d2e439a7a9" "Mozilla/5.0 (Windows NT 10.0; Win64; x64) AppleWebKit/537.36 (KHTML, like Gecko) Chrome/61.0.3163.100 Safari/537.36"
90.146.3.54 - - [07/Nov/2017:16:05:48 +0100] "GET /framework/webfx/style/toolbar/images/cbback.gif HTTP/1.1" 404 313 "http://ed.activities.at/framework/webfx/style/toolbar/cb2.css" "Mozilla/5.0 (Windows NT 10.0; Win64; x64) AppleWebKit/537.36 (KHTML, like Gecko) Chrome/61.0.3163.100 Safari/537.36"
90.146.3.54 - - [07/Nov/2017:16:05:48 +0100] "GET /entry.php?id=10270&__app__=10006038 HTTP/1.1" 200 1649 "http://ed.activities.at/entry.php?id=10273&" "Mozilla/5.0 (Windows NT 10.0; Win64; x64) AppleWebKit/537.36 (KHTML, like Gecko) Chrome/61.0.3163.100 Safari/537.36"
90.146.3.54 - - [07/Nov/2017:16:05:49 +0100] "GET /gui/javascript/form_form.js?1510067149 HTTP/1.1" 200 16206 "http://ed.activities.at/entry.php?id=10270&__app__=10006038" "Mozilla/5.0 (Windows NT 10.0; Win64; x64) AppleWebKit/537.36 (KHTML, like Gecko) Chrome/61.0.3163.100 Safari/537.36"
90.146.3.54 - - [07/Nov/2017:16:05:49 +0100] "GET /undefined HTTP/1.1" 404 283 "http://ed.activities.at/entry.php?id=10270&__app__=10006038" "Mozilla/5.0 (Windows NT 10.0; Win64; x64) AppleWebKit/537.36 (KHTML, like Gecko) Chrome/61.0.3163.100 Safari/537.36"
90.146.3.54 - - [07/Nov/2017:16:05:51 +0100] "GET /entry.php?id=11673 HTTP/1.1" 200 358 "http://ed.activities.at/entry.php?id=10270&__app__=10006038" "Mozilla/5.0 (Windows NT 10.0; Win64; x64) AppleWebKit/537.36 (KHTML, like Gecko) Chrome/61.0.3163.100 Safari/537.36"
90.146.3.54 - - [07/Nov/2017:16:05:51 +0100] "GET /entry.php?id=10676&&title=F%FChrerscheinkurse HTTP/1.1" 200 1393 "http://ed.activities.at/entry.php?id=11673" "Mozilla/5.0 (Windows NT 10.0; Win64; x64) AppleWebKit/537.36 (KHTML, like Gecko) Chrome/61.0.3163.100 Safari/537.36"
90.146.3.54 - - [07/Nov/2017:16:05:52 +0100] "GET /gui/javascript/form_form.js?1510067151 HTTP/1.1" 200 16206 "http://ed.activities.at/entry.php?id=10676&&title=F%FChrerscheinkurse" "Mozilla/5.0 (Windows NT 10.0; Win64; x64) AppleWebKit/537.36 (KHTML, like Gecko) Chrome/61.0.3163.100 Safari/537.36"
90.146.3.54 - - [07/Nov/2017:16:05:51 +0100] "GET /entry.php?id=11694& HTTP/1.1" 200 2941 "http://ed.activities.at/entry.php?id=11673" "Mozilla/5.0 (Windows NT 10.0; Win64; x64) AppleWebKit/537.36 (KHTML, like Gecko) Chrome/61.0.3163.100 Safari/537.36"
90.146.3.54 - - [07/Nov/2017:16:05:52 +0100] "GET /activities/framework/KoolControls/KoolAjax/koolajax.php?8436e354c842500aba3cbaf0584c0c24 HTTP/1.1" 200 4079 "http://ed.activities.at/entry.php?id=11694&" "Mozilla/5.0 (Windows NT 10.0; Win64; x64) AppleWebKit/537.36 (KHTML, like Gecko) Chrome/61.0.3163.100 Safari/537.36"
90.146.3.54 - - [07/Nov/2017:16:05:52 +0100] "GET /gui/javascript/form_form.js?1510067152 HTTP/1.1" 200 16206 "http://ed.activities.at/entry.php?id=11694&" "Mozilla/5.0 (Windows NT 10.0; Win64; x64) AppleWebKit/537.36 (KHTML, like Gecko) Chrome/61.0.3163.100 Safari/537.36"
90.146.3.54 - - [07/Nov/2017:16:05:52 +0100] "GET /activities/framework/KoolControls/KoolTreeView/kooltreeview.php?c7cd9180e88ffef8e70f13526bb4f5f7 HTTP/1.1" 200 5055 "http://ed.activities.at/entry.php?id=11694&" "Mozilla/5.0 (Windows NT 10.0; Win64; x64) AppleWebKit/537.36 (KHTML, like Gecko) Chrome/61.0.3163.100 Safari/537.36"
90.146.3.54 - - [07/Nov/2017:16:05:51 +0100] "GET /entry.php?id=11672& HTTP/1.1" 200 2689 "http://ed.activities.at/entry.php?id=11673" "Mozilla/5.0 (Windows NT 10.0; Win64; x64) AppleWebKit/537.36 (KHTML, like Gecko) Chrome/61.0.3163.100 Safari/537.36"
90.146.3.54 - - [07/Nov/2017:16:05:51 +0100] "GET /entry.php?id=11671& HTTP/1.1" 200 4533 "http://ed.activities.at/entry.php?id=11673" "Mozilla/5.0 (Windows NT 10.0; Win64; x64) AppleWebKit/537.36 (KHTML, like Gecko) Chrome/61.0.3163.100 Safari/537.36"
90.146.3.54 - - [07/Nov/2017:16:05:53 +0100] "GET /gui/javascript/form_form.js?1510067153 HTTP/1.1" 200 16206 "http://ed.activities.at/entry.php?id=11671&" "Mozilla/5.0 (Windows NT 10.0; Win64; x64) AppleWebKit/537.36 (KHTML, like Gecko) Chrome/61.0.3163.100 Safari/537.36"
90.146.3.54 - - [07/Nov/2017:16:05:52 +0100] "GET /entry.php?id=10776&form=11497&name=list& HTTP/1.1" 200 1941 "http://ed.activities.at/entry.php?id=11672&" "Mozilla/5.0 (Windows NT 10.0; Win64; x64) AppleWebKit/537.36 (KHTML, like Gecko) Chrome/61.0.3163.100 Safari/537.36"
90.146.3.54 - - [07/Nov/2017:16:05:52 +0100] "GET /entry.php?id=10778&form=11497&name=list& HTTP/1.1" 200 6072 "http://ed.activities.at/entry.php?id=11672&" "Mozilla/5.0 (Windows NT 10.0; Win64; x64) AppleWebKit/537.36 (KHTML, like Gecko) Chrome/61.0.3163.100 Safari/537.36"
90.146.3.54 - - [07/Nov/2017:16:05:53 +0100] "GET /entry.php?id=10776&form=11496&name=list& HTTP/1.1" 200 1526 "http://ed.activities.at/entry.php?id=11671&" "Mozilla/5.0 (Windows NT 10.0; Win64; x64) AppleWebKit/537.36 (KHTML, like Gecko) Chrome/61.0.3163.100 Safari/537.36"
90.146.3.54 - - [07/Nov/2017:16:05:53 +0100] "GET /entry.php?id=10778&form=11496&name=list& HTTP/1.1" 200 2493 "http://ed.activities.at/entry.php?id=11671&" "Mozilla/5.0 (Windows NT 10.0; Win64; x64) AppleWebKit/537.36 (KHTML, like Gecko) Chrome/61.0.3163.100 Safari/537.36"
90.146.3.54 - - [07/Nov/2017:16:05:57 +0100] "POST /entry.php?id=11671 HTTP/1.1" 200 5007 "http://ed.activities.at/entry.php?id=11671&" "Mozilla/5.0 (Windows NT 10.0; Win64; x64) AppleWebKit/537.36 (KHTML, like Gecko) Chrome/61.0.3163.100 Safari/537.36"
90.146.3.54 - - [07/Nov/2017:16:05:58 +0100] "GET /gui/javascript/form_form.js?1510067158 HTTP/1.1" 200 16206 "http://ed.activities.at/entry.php?id=11671" "Mozilla/5.0 (Windows NT 10.0; Win64; x64) AppleWebKit/537.36 (KHTML, like Gecko) Chrome/61.0.3163.100 Safari/537.36"
90.146.3.54 - - [07/Nov/2017:16:05:58 +0100] "GET /entry.php?id=10776&form=11496&name=list& HTTP/1.1" 200 1519 "http://ed.activities.at/entry.php?id=11671" "Mozilla/5.0 (Windows NT 10.0; Win64; x64) AppleWebKit/537.36 (KHTML, like Gecko) Chrome/61.0.3163.100 Safari/537.36"
90.146.3.54 - - [07/Nov/2017:16:05:58 +0100] "GET /entry.php?id=10778&form=11496&name=list& HTTP/1.1" 200 5730 "http://ed.activities.at/entry.php?id=11671" "Mozilla/5.0 (Windows NT 10.0; Win64; x64) AppleWebKit/537.36 (KHTML, like Gecko) Chrome/61.0.3163.100 Safari/537.36"
90.146.3.54 - - [07/Nov/2017:16:06:05 +0100] "POST /entry.php?id=11671 HTTP/1.1" 200 5186 "http://ed.activities.at/entry.php?id=11671" "Mozilla/5.0 (Windows NT 10.0; Win64; x64) AppleWebKit/537.36 (KHTML, like Gecko) Chrome/61.0.3163.100 Safari/537.36"
90.146.3.54 - - [07/Nov/2017:16:06:06 +0100] "GET /gui/javascript/form_form.js?1510067166 HTTP/1.1" 200 16206 "http://ed.activities.at/entry.php?id=11671" "Mozilla/5.0 (Windows NT 10.0; Win64; x64) AppleWebKit/537.36 (KHTML, like Gecko) Chrome/61.0.3163.100 Safari/537.36"
90.146.3.54 - - [07/Nov/2017:16:06:07 +0100] "GET /entry.php?id=10776&form=11496&name=list& HTTP/1.1" 200 1519 "http://ed.activities.at/entry.php?id=11671" "Mozilla/5.0 (Windows NT 10.0; Win64; x64) AppleWebKit/537.36 (KHTML, like Gecko) Chrome/61.0.3163.100 Safari/537.36"
90.146.3.54 - - [07/Nov/2017:16:06:07 +0100] "GET /entry.php?id=10778&form=11496&name=list& HTTP/1.1" 200 5730 "http://ed.activities.at/entry.php?id=11671" "Mozilla/5.0 (Windows NT 10.0; Win64; x64) AppleWebKit/537.36 (KHTML, like Gecko) Chrome/61.0.3163.100 Safari/537.36"
90.146.3.54 - - [07/Nov/2017:16:06:08 +0100] "POST /entry.php?id=11671 HTTP/1.1" 200 5167 "http://ed.activities.at/entry.php?id=11671" "Mozilla/5.0 (Windows NT 10.0; Win64; x64) AppleWebKit/537.36 (KHTML, like Gecko) Chrome/61.0.3163.100 Safari/537.36"
90.146.3.54 - - [07/Nov/2017:16:06:09 +0100] "GET /gui/javascript/form_form.js?1510067169 HTTP/1.1" 200 16206 "http://ed.activities.at/entry.php?id=11671" "Mozilla/5.0 (Windows NT 10.0; Win64; x64) AppleWebKit/537.36 (KHTML, like Gecko) Chrome/61.0.3163.100 Safari/537.36"
90.146.3.54 - - [07/Nov/2017:16:06:09 +0100] "GET /entry.php?id=10776&form=11496&name=list& HTTP/1.1" 200 1519 "http://ed.activities.at/entry.php?id=11671" "Mozilla/5.0 (Windows NT 10.0; Win64; x64) AppleWebKit/537.36 (KHTML, like Gecko) Chrome/61.0.3163.100 Safari/537.36"
90.146.3.54 - - [07/Nov/2017:16:06:09 +0100] "GET /entry.php?id=10778&form=11496&name=list& HTTP/1.1" 200 5730 "http://ed.activities.at/entry.php?id=11671" "Mozilla/5.0 (Windows NT 10.0; Win64; x64) AppleWebKit/537.36 (KHTML, like Gecko) Chrome/61.0.3163.100 Safari/537.36"
217.149.172.168 - - [07/Nov/2017:16:06:46 +0100] "GET /entry.php?id=10271&&ser=67146 HTTP/1.1" 200 986 "http://ed.activities.at/entry.php?id=10271&&ser=67085" "Mozilla/5.0 (Windows NT 6.1; Win64; x64; rv:56.0) Gecko/20100101 Firefox/56.0"
217.149.172.168 - - [07/Nov/2017:16:06:47 +0100] "GET /gui/javascript/form_form.js?1510067206 HTTP/1.1" 200 16206 "http://ed.activities.at/entry.php?id=10271&&ser=67146" "Mozilla/5.0 (Windows NT 6.1; Win64; x64; rv:56.0) Gecko/20100101 Firefox/56.0"
90.146.3.54 - - [07/Nov/2017:16:06:49 +0100] "GET /entry.php?id=10271&&ser=67148 HTTP/1.1" 200 986 "http://ed.activities.at/entry.php?id=10271&UIN=427f059bb3138949d56092d2e439a7a9" "Mozilla/5.0 (Windows NT 10.0; Win64; x64) AppleWebKit/537.36 (KHTML, like Gecko) Chrome/61.0.3163.100 Safari/537.36"
90.146.3.54 - - [07/Nov/2017:16:06:50 +0100] "GET /gui/javascript/form_form.js?1510067210 HTTP/1.1" 200 16206 "http://ed.activities.at/entry.php?id=10271&&ser=67148" "Mozilla/5.0 (Windows NT 10.0; Win64; x64) AppleWebKit/537.36 (KHTML, like Gecko) Chrome/61.0.3163.100 Safari/537.36"
217.149.172.168 - - [07/Nov/2017:16:07:47 +0100] "GET /entry.php?id=10271&&ser=67206 HTTP/1.1" 200 986 "http://ed.activities.at/entry.php?id=10271&&ser=67146" "Mozilla/5.0 (Windows NT 6.1; Win64; x64; rv:56.0) Gecko/20100101 Firefox/56.0"
217.149.172.168 - - [07/Nov/2017:16:07:47 +0100] "GET /gui/javascript/form_form.js?1510067267 HTTP/1.1" 200 16206 "http://ed.activities.at/entry.php?id=10271&&ser=67206" "Mozilla/5.0 (Windows NT 6.1; Win64; x64; rv:56.0) Gecko/20100101 Firefox/56.0"
90.146.3.54 - - [07/Nov/2017:16:07:50 +0100] "GET /entry.php?id=10271&&ser=67210 HTTP/1.1" 200 986 "http://ed.activities.at/entry.php?id=10271&&ser=67148" "Mozilla/5.0 (Windows NT 10.0; Win64; x64) AppleWebKit/537.36 (KHTML, like Gecko) Chrome/61.0.3163.100 Safari/537.36"
90.146.3.54 - - [07/Nov/2017:16:07:51 +0100] "GET /gui/javascript/form_form.js?1510067271 HTTP/1.1" 200 16206 "http://ed.activities.at/entry.php?id=10271&&ser=67210" "Mozilla/5.0 (Windows NT 10.0; Win64; x64) AppleWebKit/537.36 (KHTML, like Gecko) Chrome/61.0.3163.100 Safari/537.36"
217.149.172.168 - - [07/Nov/2017:16:08:48 +0100] "GET /entry.php?id=10271&&ser=67267 HTTP/1.1" 200 987 "http://ed.activities.at/entry.php?id=10271&&ser=67206" "Mozilla/5.0 (Windows NT 6.1; Win64; x64; rv:56.0) Gecko/20100101 Firefox/56.0"
217.149.172.168 - - [07/Nov/2017:16:08:48 +0100] "GET /gui/javascript/form_form.js?1510067328 HTTP/1.1" 200 16206 "http://ed.activities.at/entry.php?id=10271&&ser=67267" "Mozilla/5.0 (Windows NT 6.1; Win64; x64; rv:56.0) Gecko/20100101 Firefox/56.0"
90.146.3.54 - - [07/Nov/2017:16:08:51 +0100] "GET /entry.php?id=10271&&ser=67271 HTTP/1.1" 200 986 "http://ed.activities.at/entry.php?id=10271&&ser=67210" "Mozilla/5.0 (Windows NT 10.0; Win64; x64) AppleWebKit/537.36 (KHTML, like Gecko) Chrome/61.0.3163.100 Safari/537.36"
90.146.3.54 - - [07/Nov/2017:16:08:52 +0100] "GET /gui/javascript/form_form.js?1510067332 HTTP/1.1" 200 16206 "http://ed.activities.at/entry.php?id=10271&&ser=67271" "Mozilla/5.0 (Windows NT 10.0; Win64; x64) AppleWebKit/537.36 (KHTML, like Gecko) Chrome/61.0.3163.100 Safari/537.36"
217.149.172.168 - - [07/Nov/2017:16:09:49 +0100] "GET /entry.php?id=10271&&ser=67328 HTTP/1.1" 200 986 "http://ed.activities.at/entry.php?id=10271&&ser=67267" "Mozilla/5.0 (Windows NT 6.1; Win64; x64; rv:56.0) Gecko/20100101 Firefox/56.0"
217.149.172.168 - - [07/Nov/2017:16:09:49 +0100] "GET /gui/javascript/form_form.js?1510067389 HTTP/1.1" 200 16206 "http://ed.activities.at/entry.php?id=10271&&ser=67328" "Mozilla/5.0 (Windows NT 6.1; Win64; x64; rv:56.0) Gecko/20100101 Firefox/56.0"
90.146.3.54 - - [07/Nov/2017:16:09:52 +0100] "GET /entry.php?id=10271&&ser=67332 HTTP/1.1" 200 986 "http://ed.activities.at/entry.php?id=10271&&ser=67271" "Mozilla/5.0 (Windows NT 10.0; Win64; x64) AppleWebKit/537.36 (KHTML, like Gecko) Chrome/61.0.3163.100 Safari/537.36"
90.146.3.54 - - [07/Nov/2017:16:09:53 +0100] "GET /gui/javascript/form_form.js?1510067393 HTTP/1.1" 200 16206 "http://ed.activities.at/entry.php?id=10271&&ser=67332" "Mozilla/5.0 (Windows NT 10.0; Win64; x64) AppleWebKit/537.36 (KHTML, like Gecko) Chrome/61.0.3163.100 Safari/537.36"
217.149.172.168 - - [07/Nov/2017:16:10:49 +0100] "GET /entry.php?id=10271&&ser=67389 HTTP/1.1" 200 986 "http://ed.activities.at/entry.php?id=10271&&ser=67328" "Mozilla/5.0 (Windows NT 6.1; Win64; x64; rv:56.0) Gecko/20100101 Firefox/56.0"
217.149.172.168 - - [07/Nov/2017:16:10:49 +0100] "GET /gui/javascript/form_form.js?1510067449 HTTP/1.1" 200 16206 "http://ed.activities.at/entry.php?id=10271&&ser=67389" "Mozilla/5.0 (Windows NT 6.1; Win64; x64; rv:56.0) Gecko/20100101 Firefox/56.0"
90.146.3.54 - - [07/Nov/2017:16:10:53 +0100] "GET /entry.php?id=10271&&ser=67393 HTTP/1.1" 200 986 "http://ed.activities.at/entry.php?id=10271&&ser=67332" "Mozilla/5.0 (Windows NT 10.0; Win64; x64) AppleWebKit/537.36 (KHTML, like Gecko) Chrome/61.0.3163.100 Safari/537.36"
90.146.3.54 - - [07/Nov/2017:16:10:54 +0100] "GET /gui/javascript/form_form.js?1510067454 HTTP/1.1" 200 16206 "http://ed.activities.at/entry.php?id=10271&&ser=67393" "Mozilla/5.0 (Windows NT 10.0; Win64; x64) AppleWebKit/537.36 (KHTML, like Gecko) Chrome/61.0.3163.100 Safari/537.36"
217.149.172.168 - - [07/Nov/2017:16:11:50 +0100] "GET /entry.php?id=10271&&ser=67449 HTTP/1.1" 200 985 "http://ed.activities.at/entry.php?id=10271&&ser=67389" "Mozilla/5.0 (Windows NT 6.1; Win64; x64; rv:56.0) Gecko/20100101 Firefox/56.0"
217.149.172.168 - - [07/Nov/2017:16:11:50 +0100] "GET /gui/javascript/form_form.js?1510067510 HTTP/1.1" 200 16206 "http://ed.activities.at/entry.php?id=10271&&ser=67449" "Mozilla/5.0 (Windows NT 6.1; Win64; x64; rv:56.0) Gecko/20100101 Firefox/56.0"
90.146.3.54 - - [07/Nov/2017:16:11:54 +0100] "GET /entry.php?id=10271&&ser=67454 HTTP/1.1" 200 987 "http://ed.activities.at/entry.php?id=10271&&ser=67393" "Mozilla/5.0 (Windows NT 10.0; Win64; x64) AppleWebKit/537.36 (KHTML, like Gecko) Chrome/61.0.3163.100 Safari/537.36"
90.146.3.54 - - [07/Nov/2017:16:11:55 +0100] "GET /gui/javascript/form_form.js?1510067515 HTTP/1.1" 200 16206 "http://ed.activities.at/entry.php?id=10271&&ser=67454" "Mozilla/5.0 (Windows NT 10.0; Win64; x64) AppleWebKit/537.36 (KHTML, like Gecko) Chrome/61.0.3163.100 Safari/537.36"
217.149.172.168 - - [07/Nov/2017:16:12:51 +0100] "GET /entry.php?id=10271&&ser=67510 HTTP/1.1" 200 986 "http://ed.activities.at/entry.php?id=10271&&ser=67449" "Mozilla/5.0 (Windows NT 6.1; Win64; x64; rv:56.0) Gecko/20100101 Firefox/56.0"
217.149.172.168 - - [07/Nov/2017:16:12:51 +0100] "GET /gui/javascript/form_form.js?1510067571 HTTP/1.1" 200 16206 "http://ed.activities.at/entry.php?id=10271&&ser=67510" "Mozilla/5.0 (Windows NT 6.1; Win64; x64; rv:56.0) Gecko/20100101 Firefox/56.0"
90.146.3.54 - - [07/Nov/2017:16:12:55 +0100] "GET /entry.php?id=10271&&ser=67515 HTTP/1.1" 200 986 "http://ed.activities.at/entry.php?id=10271&&ser=67454" "Mozilla/5.0 (Windows NT 10.0; Win64; x64) AppleWebKit/537.36 (KHTML, like Gecko) Chrome/61.0.3163.100 Safari/537.36"
90.146.3.54 - - [07/Nov/2017:16:12:56 +0100] "GET /gui/javascript/form_form.js?1510067576 HTTP/1.1" 200 16206 "http://ed.activities.at/entry.php?id=10271&&ser=67515" "Mozilla/5.0 (Windows NT 10.0; Win64; x64) AppleWebKit/537.36 (KHTML, like Gecko) Chrome/61.0.3163.100 Safari/537.36"
217.149.172.168 - - [07/Nov/2017:16:13:51 +0100] "GET /entry.php?id=10271&&ser=67571 HTTP/1.1" 200 986 "http://ed.activities.at/entry.php?id=10271&&ser=67510" "Mozilla/5.0 (Windows NT 6.1; Win64; x64; rv:56.0) Gecko/20100101 Firefox/56.0"
217.149.172.168 - - [07/Nov/2017:16:13:52 +0100] "GET /gui/javascript/form_form.js?1510067632 HTTP/1.1" 200 16206 "http://ed.activities.at/entry.php?id=10271&&ser=67571" "Mozilla/5.0 (Windows NT 6.1; Win64; x64; rv:56.0) Gecko/20100101 Firefox/56.0"
90.146.3.54 - - [07/Nov/2017:16:13:56 +0100] "GET /entry.php?id=10271&&ser=67576 HTTP/1.1" 200 986 "http://ed.activities.at/entry.php?id=10271&&ser=67515" "Mozilla/5.0 (Windows NT 10.0; Win64; x64) AppleWebKit/537.36 (KHTML, like Gecko) Chrome/61.0.3163.100 Safari/537.36"
90.146.3.54 - - [07/Nov/2017:16:13:57 +0100] "GET /gui/javascript/form_form.js?1510067637 HTTP/1.1" 200 16206 "http://ed.activities.at/entry.php?id=10271&&ser=67576" "Mozilla/5.0 (Windows NT 10.0; Win64; x64) AppleWebKit/537.36 (KHTML, like Gecko) Chrome/61.0.3163.100 Safari/537.36"
217.149.172.168 - - [07/Nov/2017:16:14:52 +0100] "GET /entry.php?id=10271&&ser=67632 HTTP/1.1" 200 986 "http://ed.activities.at/entry.php?id=10271&&ser=67571" "Mozilla/5.0 (Windows NT 6.1; Win64; x64; rv:56.0) Gecko/20100101 Firefox/56.0"
217.149.172.168 - - [07/Nov/2017:16:14:52 +0100] "GET /gui/javascript/form_form.js?1510067692 HTTP/1.1" 200 16206 "http://ed.activities.at/entry.php?id=10271&&ser=67632" "Mozilla/5.0 (Windows NT 6.1; Win64; x64; rv:56.0) Gecko/20100101 Firefox/56.0"
90.146.3.54 - - [07/Nov/2017:16:14:57 +0100] "GET /entry.php?id=10271&&ser=67637 HTTP/1.1" 200 986 "http://ed.activities.at/entry.php?id=10271&&ser=67576" "Mozilla/5.0 (Windows NT 10.0; Win64; x64) AppleWebKit/537.36 (KHTML, like Gecko) Chrome/61.0.3163.100 Safari/537.36"
90.146.3.54 - - [07/Nov/2017:16:14:58 +0100] "GET /gui/javascript/form_form.js?1510067698 HTTP/1.1" 200 16206 "http://ed.activities.at/entry.php?id=10271&&ser=67637" "Mozilla/5.0 (Windows NT 10.0; Win64; x64) AppleWebKit/537.36 (KHTML, like Gecko) Chrome/61.0.3163.100 Safari/537.36"
217.149.172.168 - - [07/Nov/2017:16:15:53 +0100] "GET /entry.php?id=10271&&ser=67692 HTTP/1.1" 200 986 "http://ed.activities.at/entry.php?id=10271&&ser=67632" "Mozilla/5.0 (Windows NT 6.1; Win64; x64; rv:56.0) Gecko/20100101 Firefox/56.0"
217.149.172.168 - - [07/Nov/2017:16:15:53 +0100] "GET /gui/javascript/form_form.js?1510067753 HTTP/1.1" 200 16206 "http://ed.activities.at/entry.php?id=10271&&ser=67692" "Mozilla/5.0 (Windows NT 6.1; Win64; x64; rv:56.0) Gecko/20100101 Firefox/56.0"
90.146.3.54 - - [07/Nov/2017:16:15:58 +0100] "GET /entry.php?id=10271&&ser=67698 HTTP/1.1" 200 986 "http://ed.activities.at/entry.php?id=10271&&ser=67637" "Mozilla/5.0 (Windows NT 10.0; Win64; x64) AppleWebKit/537.36 (KHTML, like Gecko) Chrome/61.0.3163.100 Safari/537.36"
90.146.3.54 - - [07/Nov/2017:16:15:59 +0100] "GET /gui/javascript/form_form.js?1510067759 HTTP/1.1" 200 16206 "http://ed.activities.at/entry.php?id=10271&&ser=67698" "Mozilla/5.0 (Windows NT 10.0; Win64; x64) AppleWebKit/537.36 (KHTML, like Gecko) Chrome/61.0.3163.100 Safari/537.36"
217.149.172.168 - - [07/Nov/2017:16:16:54 +0100] "GET /entry.php?id=10271&&ser=67753 HTTP/1.1" 200 986 "http://ed.activities.at/entry.php?id=10271&&ser=67692" "Mozilla/5.0 (Windows NT 6.1; Win64; x64; rv:56.0) Gecko/20100101 Firefox/56.0"
217.149.172.168 - - [07/Nov/2017:16:16:54 +0100] "GET /gui/javascript/form_form.js?1510067814 HTTP/1.1" 200 16206 "http://ed.activities.at/entry.php?id=10271&&ser=67753" "Mozilla/5.0 (Windows NT 6.1; Win64; x64; rv:56.0) Gecko/20100101 Firefox/56.0"
90.146.3.54 - - [07/Nov/2017:16:16:59 +0100] "GET /entry.php?id=10271&&ser=67759 HTTP/1.1" 200 986 "http://ed.activities.at/entry.php?id=10271&&ser=67698" "Mozilla/5.0 (Windows NT 10.0; Win64; x64) AppleWebKit/537.36 (KHTML, like Gecko) Chrome/61.0.3163.100 Safari/537.36"
90.146.3.54 - - [07/Nov/2017:16:17:00 +0100] "GET /gui/javascript/form_form.js?1510067820 HTTP/1.1" 200 16206 "http://ed.activities.at/entry.php?id=10271&&ser=67759" "Mozilla/5.0 (Windows NT 10.0; Win64; x64) AppleWebKit/537.36 (KHTML, like Gecko) Chrome/61.0.3163.100 Safari/537.36"
217.149.172.168 - - [07/Nov/2017:16:17:16 +0100] "GET /entry.php?id=11673 HTTP/1.1" 200 358 "http://ed.activities.at/entry.php?id=10270&__app__=10006038" "Mozilla/5.0 (Windows NT 6.1; Win64; x64; rv:56.0) Gecko/20100101 Firefox/56.0"
217.149.172.168 - - [07/Nov/2017:16:17:16 +0100] "GET /entry.php?id=10676&&title=F%FChrerscheinkurse HTTP/1.1" 200 1395 "http://ed.activities.at/entry.php?id=11673" "Mozilla/5.0 (Windows NT 6.1; Win64; x64; rv:56.0) Gecko/20100101 Firefox/56.0"
217.149.172.168 - - [07/Nov/2017:16:17:16 +0100] "GET /gui/javascript/form_form.js?1510067836 HTTP/1.1" 200 16206 "http://ed.activities.at/entry.php?id=10676&&title=F%FChrerscheinkurse" "Mozilla/5.0 (Windows NT 6.1; Win64; x64; rv:56.0) Gecko/20100101 Firefox/56.0"
217.149.172.168 - - [07/Nov/2017:16:17:16 +0100] "GET /entry.php?id=11694& HTTP/1.1" 200 3068 "http://ed.activities.at/entry.php?id=11673" "Mozilla/5.0 (Windows NT 6.1; Win64; x64; rv:56.0) Gecko/20100101 Firefox/56.0"
217.149.172.168 - - [07/Nov/2017:16:17:17 +0100] "GET /activities/framework/KoolControls/KoolAjax/koolajax.php?8436e354c842500aba3cbaf0584c0c24 HTTP/1.1" 200 4079 "http://ed.activities.at/entry.php?id=11694&" "Mozilla/5.0 (Windows NT 6.1; Win64; x64; rv:56.0) Gecko/20100101 Firefox/56.0"
217.149.172.168 - - [07/Nov/2017:16:17:17 +0100] "GET /gui/javascript/form_form.js?1510067837 HTTP/1.1" 200 16206 "http://ed.activities.at/entry.php?id=11694&" "Mozilla/5.0 (Windows NT 6.1; Win64; x64; rv:56.0) Gecko/20100101 Firefox/56.0"
217.149.172.168 - - [07/Nov/2017:16:17:17 +0100] "GET /activities/framework/KoolControls/KoolTreeView/kooltreeview.php?c7cd9180e88ffef8e70f13526bb4f5f7 HTTP/1.1" 200 5055 "http://ed.activities.at/entry.php?id=11694&" "Mozilla/5.0 (Windows NT 6.1; Win64; x64; rv:56.0) Gecko/20100101 Firefox/56.0"
217.149.172.168 - - [07/Nov/2017:16:17:16 +0100] "GET /entry.php?id=11672& HTTP/1.1" 200 2692 "http://ed.activities.at/entry.php?id=11673" "Mozilla/5.0 (Windows NT 6.1; Win64; x64; rv:56.0) Gecko/20100101 Firefox/56.0"
217.149.172.168 - - [07/Nov/2017:16:17:16 +0100] "GET /entry.php?id=11671& HTTP/1.1" 200 4535 "http://ed.activities.at/entry.php?id=11673" "Mozilla/5.0 (Windows NT 6.1; Win64; x64; rv:56.0) Gecko/20100101 Firefox/56.0"
217.149.172.168 - - [07/Nov/2017:16:17:18 +0100] "GET /gui/javascript/form_form.js?1510067838 HTTP/1.1" 200 16206 "http://ed.activities.at/entry.php?id=11671&" "Mozilla/5.0 (Windows NT 6.1; Win64; x64; rv:56.0) Gecko/20100101 Firefox/56.0"
217.149.172.168 - - [07/Nov/2017:16:17:17 +0100] "GET /entry.php?id=10776&form=11497&name=list& HTTP/1.1" 200 1942 "http://ed.activities.at/entry.php?id=11672&" "Mozilla/5.0 (Windows NT 6.1; Win64; x64; rv:56.0) Gecko/20100101 Firefox/56.0"
217.149.172.168 - - [07/Nov/2017:16:17:17 +0100] "GET /entry.php?id=10778&form=11497&name=list& HTTP/1.1" 200 9930 "http://ed.activities.at/entry.php?id=11672&" "Mozilla/5.0 (Windows NT 6.1; Win64; x64; rv:56.0) Gecko/20100101 Firefox/56.0"
217.149.172.168 - - [07/Nov/2017:16:17:18 +0100] "GET /entry.php?id=10776&form=11496&name=list& HTTP/1.1" 200 1526 "http://ed.activities.at/entry.php?id=11671&" "Mozilla/5.0 (Windows NT 6.1; Win64; x64; rv:56.0) Gecko/20100101 Firefox/56.0"
217.149.172.168 - - [07/Nov/2017:16:17:18 +0100] "GET /entry.php?id=10778&form=11496&name=list& HTTP/1.1" 200 2493 "http://ed.activities.at/entry.php?id=11671&" "Mozilla/5.0 (Windows NT 6.1; Win64; x64; rv:56.0) Gecko/20100101 Firefox/56.0"
217.149.172.168 - - [07/Nov/2017:16:17:30 +0100] "POST /entry.php?id=11672 HTTP/1.1" 200 2689 "http://ed.activities.at/entry.php?id=11672&" "Mozilla/5.0 (Windows NT 6.1; Win64; x64; rv:56.0) Gecko/20100101 Firefox/56.0"
217.149.172.168 - - [07/Nov/2017:16:17:31 +0100] "GET /gui/javascript/form_form.js?1510067851 HTTP/1.1" 200 16206 "http://ed.activities.at/entry.php?id=11672" "Mozilla/5.0 (Windows NT 6.1; Win64; x64; rv:56.0) Gecko/20100101 Firefox/56.0"
217.149.172.168 - - [07/Nov/2017:16:17:31 +0100] "GET /entry.php?id=10776&form=11497&name=list& HTTP/1.1" 200 1943 "http://ed.activities.at/entry.php?id=11672" "Mozilla/5.0 (Windows NT 6.1; Win64; x64; rv:56.0) Gecko/20100101 Firefox/56.0"
217.149.172.168 - - [07/Nov/2017:16:17:31 +0100] "GET /framework/icons/sortDown.gif HTTP/1.1" 200 54 "http://ed.activities.at/entry.php?id=10776&form=11497&name=list&" "Mozilla/5.0 (Windows NT 6.1; Win64; x64; rv:56.0) Gecko/20100101 Firefox/56.0"
217.149.172.168 - - [07/Nov/2017:16:17:31 +0100] "GET /entry.php?id=10778&form=11497&name=list& HTTP/1.1" 200 9973 "http://ed.activities.at/entry.php?id=11672" "Mozilla/5.0 (Windows NT 6.1; Win64; x64; rv:56.0) Gecko/20100101 Firefox/56.0"
217.149.172.168 - - [07/Nov/2017:16:17:35 +0100] "POST /entry.php?id=11671 HTTP/1.1" 200 4815 "http://ed.activities.at/entry.php?id=11671&" "Mozilla/5.0 (Windows NT 6.1; Win64; x64; rv:56.0) Gecko/20100101 Firefox/56.0"
217.149.172.168 - - [07/Nov/2017:16:17:35 +0100] "GET /gui/javascript/form_form.js?1510067855 HTTP/1.1" 200 16206 "http://ed.activities.at/entry.php?id=11671" "Mozilla/5.0 (Windows NT 6.1; Win64; x64; rv:56.0) Gecko/20100101 Firefox/56.0"
217.149.172.168 - - [07/Nov/2017:16:17:36 +0100] "GET /entry.php?id=10776&form=11496&name=list& HTTP/1.1" 200 1519 "http://ed.activities.at/entry.php?id=11671" "Mozilla/5.0 (Windows NT 6.1; Win64; x64; rv:56.0) Gecko/20100101 Firefox/56.0"
217.149.172.168 - - [07/Nov/2017:16:17:36 +0100] "GET /entry.php?id=10778&form=11496&name=list& HTTP/1.1" 200 5407 "http://ed.activities.at/entry.php?id=11671" "Mozilla/5.0 (Windows NT 6.1; Win64; x64; rv:56.0) Gecko/20100101 Firefox/56.0"
217.149.172.168 - - [07/Nov/2017:16:17:37 +0100] "POST /entry.php?id=11671 HTTP/1.1" 200 3242 "http://ed.activities.at/entry.php?id=11671" "Mozilla/5.0 (Windows NT 6.1; Win64; x64; rv:56.0) Gecko/20100101 Firefox/56.0"
217.149.172.168 - - [07/Nov/2017:16:17:37 +0100] "GET /gui/javascript/form_form.js?1510067857 HTTP/1.1" 200 16206 "http://ed.activities.at/entry.php?id=11671" "Mozilla/5.0 (Windows NT 6.1; Win64; x64; rv:56.0) Gecko/20100101 Firefox/56.0"
217.149.172.168 - - [07/Nov/2017:16:17:37 +0100] "GET /framework/webfx/javascript/tinymce/skins/lightgray/content.min.css HTTP/1.1" 404 325 "http://ed.activities.at/entry.php?id=11671" "Mozilla/5.0 (Windows NT 6.1; Win64; x64; rv:56.0) Gecko/20100101 Firefox/56.0"
217.149.172.168 - - [07/Nov/2017:16:17:54 +0100] "GET /entry.php?id=10271&&ser=67814 HTTP/1.1" 200 986 "http://ed.activities.at/entry.php?id=10271&&ser=67753" "Mozilla/5.0 (Windows NT 6.1; Win64; x64; rv:56.0) Gecko/20100101 Firefox/56.0"
217.149.172.168 - - [07/Nov/2017:16:17:55 +0100] "GET /gui/javascript/form_form.js?1510067875 HTTP/1.1" 200 16206 "http://ed.activities.at/entry.php?id=10271&&ser=67814" "Mozilla/5.0 (Windows NT 6.1; Win64; x64; rv:56.0) Gecko/20100101 Firefox/56.0"
90.146.3.54 - - [07/Nov/2017:16:18:00 +0100] "GET /entry.php?id=10271&&ser=67820 HTTP/1.1" 200 985 "http://ed.activities.at/entry.php?id=10271&&ser=67759" "Mozilla/5.0 (Windows NT 10.0; Win64; x64) AppleWebKit/537.36 (KHTML, like Gecko) Chrome/61.0.3163.100 Safari/537.36"
90.146.3.54 - - [07/Nov/2017:16:18:01 +0100] "GET /gui/javascript/form_form.js?1510067881 HTTP/1.1" 200 16206 "http://ed.activities.at/entry.php?id=10271&&ser=67820" "Mozilla/5.0 (Windows NT 10.0; Win64; x64) AppleWebKit/537.36 (KHTML, like Gecko) Chrome/61.0.3163.100 Safari/537.36"
217.149.172.168 - - [07/Nov/2017:16:18:11 +0100] "POST /entry.php?id=11671 HTTP/1.1" 200 3213 "http://ed.activities.at/entry.php?id=11671" "Mozilla/5.0 (Windows NT 6.1; Win64; x64; rv:56.0) Gecko/20100101 Firefox/56.0"
217.149.172.168 - - [07/Nov/2017:16:18:12 +0100] "GET /gui/javascript/form_form.js?1510067892 HTTP/1.1" 200 16206 "http://ed.activities.at/entry.php?id=11671" "Mozilla/5.0 (Windows NT 6.1; Win64; x64; rv:56.0) Gecko/20100101 Firefox/56.0"
217.149.172.168 - - [07/Nov/2017:16:18:12 +0100] "GET /framework/webfx/javascript/tinymce/skins/lightgray/content.min.css HTTP/1.1" 404 325 "http://ed.activities.at/entry.php?id=11671" "Mozilla/5.0 (Windows NT 6.1; Win64; x64; rv:56.0) Gecko/20100101 Firefox/56.0"
217.149.172.168 - - [07/Nov/2017:16:18:14 +0100] "POST /entry.php?id=11671 HTTP/1.1" 200 3233 "http://ed.activities.at/entry.php?id=11671" "Mozilla/5.0 (Windows NT 6.1; Win64; x64; rv:56.0) Gecko/20100101 Firefox/56.0"
217.149.172.168 - - [07/Nov/2017:16:18:15 +0100] "GET /gui/javascript/form_form.js?1510067895 HTTP/1.1" 200 16206 "http://ed.activities.at/entry.php?id=11671" "Mozilla/5.0 (Windows NT 6.1; Win64; x64; rv:56.0) Gecko/20100101 Firefox/56.0"
217.149.172.168 - - [07/Nov/2017:16:18:15 +0100] "GET /framework/webfx/javascript/tinymce/skins/lightgray/content.min.css HTTP/1.1" 404 325 "http://ed.activities.at/entry.php?id=11671" "Mozilla/5.0 (Windows NT 6.1; Win64; x64; rv:56.0) Gecko/20100101 Firefox/56.0"
217.149.172.168 - - [07/Nov/2017:16:18:20 +0100] "POST /entry.php?id=11671 HTTP/1.1" 200 3212 "http://ed.activities.at/entry.php?id=11671" "Mozilla/5.0 (Windows NT 6.1; Win64; x64; rv:56.0) Gecko/20100101 Firefox/56.0"
217.149.172.168 - - [07/Nov/2017:16:18:21 +0100] "GET /gui/javascript/form_form.js?1510067901 HTTP/1.1" 200 16206 "http://ed.activities.at/entry.php?id=11671" "Mozilla/5.0 (Windows NT 6.1; Win64; x64; rv:56.0) Gecko/20100101 Firefox/56.0"
217.149.172.168 - - [07/Nov/2017:16:18:21 +0100] "GET /framework/webfx/javascript/tinymce/skins/lightgray/content.min.css HTTP/1.1" 404 325 "http://ed.activities.at/entry.php?id=11671" "Mozilla/5.0 (Windows NT 6.1; Win64; x64; rv:56.0) Gecko/20100101 Firefox/56.0"
217.149.172.168 - - [07/Nov/2017:16:18:23 +0100] "POST /entry.php?id=11671 HTTP/1.1" 200 3213 "http://ed.activities.at/entry.php?id=11671" "Mozilla/5.0 (Windows NT 6.1; Win64; x64; rv:56.0) Gecko/20100101 Firefox/56.0"
217.149.172.168 - - [07/Nov/2017:16:18:24 +0100] "GET /gui/javascript/form_form.js?1510067904 HTTP/1.1" 200 16206 "http://ed.activities.at/entry.php?id=11671" "Mozilla/5.0 (Windows NT 6.1; Win64; x64; rv:56.0) Gecko/20100101 Firefox/56.0"
217.149.172.168 - - [07/Nov/2017:16:18:24 +0100] "GET /framework/webfx/javascript/tinymce/skins/lightgray/content.min.css HTTP/1.1" 404 325 "http://ed.activities.at/entry.php?id=11671" "Mozilla/5.0 (Windows NT 6.1; Win64; x64; rv:56.0) Gecko/20100101 Firefox/56.0"
217.149.172.168 - - [07/Nov/2017:16:18:55 +0100] "GET /entry.php?id=10271&&ser=67875 HTTP/1.1" 200 986 "http://ed.activities.at/entry.php?id=10271&&ser=67814" "Mozilla/5.0 (Windows NT 6.1; Win64; x64; rv:56.0) Gecko/20100101 Firefox/56.0"
217.149.172.168 - - [07/Nov/2017:16:18:55 +0100] "GET /gui/javascript/form_form.js?1510067935 HTTP/1.1" 200 16206 "http://ed.activities.at/entry.php?id=10271&&ser=67875" "Mozilla/5.0 (Windows NT 6.1; Win64; x64; rv:56.0) Gecko/20100101 Firefox/56.0"
90.146.3.54 - - [07/Nov/2017:16:19:01 +0100] "GET /entry.php?id=10271&&ser=67881 HTTP/1.1" 200 986 "http://ed.activities.at/entry.php?id=10271&&ser=67820" "Mozilla/5.0 (Windows NT 10.0; Win64; x64) AppleWebKit/537.36 (KHTML, like Gecko) Chrome/61.0.3163.100 Safari/537.36"
90.146.3.54 - - [07/Nov/2017:16:19:02 +0100] "GET /gui/javascript/form_form.js?1510067942 HTTP/1.1" 200 16206 "http://ed.activities.at/entry.php?id=10271&&ser=67881" "Mozilla/5.0 (Windows NT 10.0; Win64; x64) AppleWebKit/537.36 (KHTML, like Gecko) Chrome/61.0.3163.100 Safari/537.36"
217.149.172.168 - - [07/Nov/2017:16:19:55 +0100] "GET /entry.php?id=10271&&ser=67935 HTTP/1.1" 200 986 "http://ed.activities.at/entry.php?id=10271&&ser=67875" "Mozilla/5.0 (Windows NT 6.1; Win64; x64; rv:56.0) Gecko/20100101 Firefox/56.0"
217.149.172.168 - - [07/Nov/2017:16:19:56 +0100] "GET /gui/javascript/form_form.js?1510067996 HTTP/1.1" 200 16206 "http://ed.activities.at/entry.php?id=10271&&ser=67935" "Mozilla/5.0 (Windows NT 6.1; Win64; x64; rv:56.0) Gecko/20100101 Firefox/56.0"
90.146.3.54 - - [07/Nov/2017:16:20:02 +0100] "GET /entry.php?id=10271&&ser=67942 HTTP/1.1" 200 986 "http://ed.activities.at/entry.php?id=10271&&ser=67881" "Mozilla/5.0 (Windows NT 10.0; Win64; x64) AppleWebKit/537.36 (KHTML, like Gecko) Chrome/61.0.3163.100 Safari/537.36"
90.146.3.54 - - [07/Nov/2017:16:20:03 +0100] "GET /gui/javascript/form_form.js?1510068003 HTTP/1.1" 200 16206 "http://ed.activities.at/entry.php?id=10271&&ser=67942" "Mozilla/5.0 (Windows NT 10.0; Win64; x64) AppleWebKit/537.36 (KHTML, like Gecko) Chrome/61.0.3163.100 Safari/537.36"
217.149.172.168 - - [07/Nov/2017:16:20:56 +0100] "GET /entry.php?id=10271&&ser=67996 HTTP/1.1" 200 986 "http://ed.activities.at/entry.php?id=10271&&ser=67935" "Mozilla/5.0 (Windows NT 6.1; Win64; x64; rv:56.0) Gecko/20100101 Firefox/56.0"
217.149.172.168 - - [07/Nov/2017:16:20:56 +0100] "GET /gui/javascript/form_form.js?1510068056 HTTP/1.1" 200 16206 "http://ed.activities.at/entry.php?id=10271&&ser=67996" "Mozilla/5.0 (Windows NT 6.1; Win64; x64; rv:56.0) Gecko/20100101 Firefox/56.0"
90.146.3.54 - - [07/Nov/2017:16:21:03 +0100] "GET /entry.php?id=10271&&ser=68003 HTTP/1.1" 200 986 "http://ed.activities.at/entry.php?id=10271&&ser=67942" "Mozilla/5.0 (Windows NT 10.0; Win64; x64) AppleWebKit/537.36 (KHTML, like Gecko) Chrome/61.0.3163.100 Safari/537.36"
90.146.3.54 - - [07/Nov/2017:16:21:04 +0100] "GET /gui/javascript/form_form.js?1510068064 HTTP/1.1" 200 16206 "http://ed.activities.at/entry.php?id=10271&&ser=68003" "Mozilla/5.0 (Windows NT 10.0; Win64; x64) AppleWebKit/537.36 (KHTML, like Gecko) Chrome/61.0.3163.100 Safari/537.36"
217.149.172.168 - - [07/Nov/2017:16:21:11 +0100] "GET /entry.php?id=10287&login=1 HTTP/1.1" 200 2223 "http://ed.activities.at/entry.php?id=10273&" "Mozilla/5.0 (Windows NT 6.1; Win64; x64; rv:56.0) Gecko/20100101 Firefox/56.0"
217.149.172.168 - - [07/Nov/2017:16:21:12 +0100] "GET /gui/javascript/form_form.js?1510068072 HTTP/1.1" 200 16206 "http://ed.activities.at/entry.php?id=10287&login=1" "Mozilla/5.0 (Windows NT 6.1; Win64; x64; rv:56.0) Gecko/20100101 Firefox/56.0"
217.149.172.168 - - [07/Nov/2017:16:21:15 +0100] "POST /entry.php?id=10287& HTTP/1.1" 200 2305 "http://ed.activities.at/entry.php?id=10287&login=1" "Mozilla/5.0 (Windows NT 6.1; Win64; x64; rv:56.0) Gecko/20100101 Firefox/56.0"
217.149.172.168 - - [07/Nov/2017:16:21:15 +0100] "GET /gui/javascript/form_form.js?1510068075 HTTP/1.1" 200 16206 "http://ed.activities.at/entry.php?id=10287&" "Mozilla/5.0 (Windows NT 6.1; Win64; x64; rv:56.0) Gecko/20100101 Firefox/56.0"
217.149.172.168 - - [07/Nov/2017:16:21:16 +0100] "GET /entry.php?id=10271&&ser=67996 HTTP/1.1" 200 986 "http://ed.activities.at/entry.php?id=10271&&ser=67935" "Mozilla/5.0 (Windows NT 6.1; Win64; x64; rv:56.0) Gecko/20100101 Firefox/56.0"
217.149.172.168 - - [07/Nov/2017:16:21:16 +0100] "GET /gui/javascript/jquery/css/gui-themes/custom.min.css HTTP/1.1" 304 - "http://ed.activities.at/entry.php?id=10271&&ser=67996" "Mozilla/5.0 (Windows NT 6.1; Win64; x64; rv:56.0) Gecko/20100101 Firefox/56.0"
217.149.172.168 - - [07/Nov/2017:16:21:16 +0100] "GET /gui/styles/tmplDefault.css HTTP/1.1" 304 - "http://ed.activities.at/entry.php?id=10271&&ser=67996" "Mozilla/5.0 (Windows NT 6.1; Win64; x64; rv:56.0) Gecko/20100101 Firefox/56.0"
217.149.172.168 - - [07/Nov/2017:16:21:16 +0100] "GET /gui/javascript/jquery/js/jquery-1.8.2.js HTTP/1.1" 304 - "http://ed.activities.at/entry.php?id=10271&&ser=67996" "Mozilla/5.0 (Windows NT 6.1; Win64; x64; rv:56.0) Gecko/20100101 Firefox/56.0"
217.149.172.168 - - [07/Nov/2017:16:21:16 +0100] "GET /gui/javascript/form_form.js?1510068076 HTTP/1.1" 200 16206 "http://ed.activities.at/entry.php?id=10271&&ser=67996" "Mozilla/5.0 (Windows NT 6.1; Win64; x64; rv:56.0) Gecko/20100101 Firefox/56.0"
217.149.172.168 - - [07/Nov/2017:16:21:16 +0100] "GET /gui/javascript/jquery/js/jquery-ui-1.9.0.custom.min.js HTTP/1.1" 304 - "http://ed.activities.at/entry.php?id=10271&&ser=67996" "Mozilla/5.0 (Windows NT 6.1; Win64; x64; rv:56.0) Gecko/20100101 Firefox/56.0"
217.149.172.168 - - [07/Nov/2017:16:21:16 +0100] "GET /gui/javascript/jquery/jquery-tooltip/jquery.tooltip.min.js HTTP/1.1" 304 - "http://ed.activities.at/entry.php?id=10271&&ser=67996" "Mozilla/5.0 (Windows NT 6.1; Win64; x64; rv:56.0) Gecko/20100101 Firefox/56.0"
217.149.172.168 - - [07/Nov/2017:16:21:16 +0100] "GET /gui/javascript/jquery/css/gui-themes/ui.spinner.css HTTP/1.1" 304 - "http://ed.activities.at/entry.php?id=10271&&ser=67996" "Mozilla/5.0 (Windows NT 6.1; Win64; x64; rv:56.0) Gecko/20100101 Firefox/56.0"
217.149.172.168 - - [07/Nov/2017:16:21:16 +0100] "GET /gui/javascript/jquery/css/gui-themes/jquery.tooltip.css HTTP/1.1" 304 - "http://ed.activities.at/entry.php?id=10271&&ser=67996" "Mozilla/5.0 (Windows NT 6.1; Win64; x64; rv:56.0) Gecko/20100101 Firefox/56.0"
