88.117.208.86 - - [07/Nov/2017:10:23:57 +0100] "GET /gui/javascript/form_form.js?1510046637 HTTP/1.1" 200 16206 "http://easydrivers.activities.at/entry.php?id=11671" "Mozilla/5.0 (Windows NT 6.1; Win64; x64) AppleWebKit/537.36 (KHTML, like Gecko) Chrome/61.0.3163.100 Safari/537.36"
88.117.208.86 - - [07/Nov/2017:10:23:57 +0100] "GET /entry.php?id=10778&form=11496&name=list& HTTP/1.1" 200 5583 "http://easydrivers.activities.at/entry.php?id=11671" "Mozilla/5.0 (Windows NT 6.1; Win64; x64) AppleWebKit/537.36 (KHTML, like Gecko) Chrome/61.0.3163.100 Safari/537.36"
88.117.208.86 - - [07/Nov/2017:10:23:57 +0100] "GET /entry.php?id=10776&form=11496&name=list& HTTP/1.1" 200 1519 "http://easydrivers.activities.at/entry.php?id=11671" "Mozilla/5.0 (Windows NT 6.1; Win64; x64) AppleWebKit/537.36 (KHTML, like Gecko) Chrome/61.0.3163.100 Safari/537.36"
213.47.157.214 - - [07/Nov/2017:10:24:16 +0100] "GET /entry.php?id=10271&&ser=46596 HTTP/1.1" 200 986 "http://ed.activities.at/entry.php?id=10271&&ser=46535" "Mozilla/5.0 (Windows NT 6.1; Win64; x64) AppleWebKit/537.36 (KHTML, like Gecko) Chrome/61.0.3163.100 Safari/537.36"
213.47.157.214 - - [07/Nov/2017:10:24:16 +0100] "GET /gui/javascript/form_form.js?1510046656 HTTP/1.1" 200 16206 "http://ed.activities.at/entry.php?id=10271&&ser=46596" "Mozilla/5.0 (Windows NT 6.1; Win64; x64) AppleWebKit/537.36 (KHTML, like Gecko) Chrome/61.0.3163.100 Safari/537.36"
88.117.208.86 - - [07/Nov/2017:10:24:38 +0100] "GET /entry.php?id=10271&&ser=46618 HTTP/1.1" 200 986 "http://easydrivers.activities.at/entry.php?id=10271&&ser=46558" "Mozilla/5.0 (Windows NT 6.1; Win64; x64) AppleWebKit/537.36 (KHTML, like Gecko) Chrome/61.0.3163.100 Safari/537.36"
88.117.208.86 - - [07/Nov/2017:10:24:39 +0100] "GET /gui/javascript/form_form.js?1510046679 HTTP/1.1" 200 16206 "http://easydrivers.activities.at/entry.php?id=10271&&ser=46618" "Mozilla/5.0 (Windows NT 6.1; Win64; x64) AppleWebKit/537.36 (KHTML, like Gecko) Chrome/61.0.3163.100 Safari/537.36"
88.117.208.86 - - [07/Nov/2017:10:24:54 +0100] "POST /entry.php?id=11671 HTTP/1.1" 200 5007 "http://easydrivers.activities.at/entry.php?id=11671" "Mozilla/5.0 (Windows NT 6.1; Win64; x64) AppleWebKit/537.36 (KHTML, like Gecko) Chrome/61.0.3163.100 Safari/537.36"
88.117.208.86 - - [07/Nov/2017:10:24:55 +0100] "GET /gui/javascript/form_form.js?1510046695 HTTP/1.1" 200 16206 "http://easydrivers.activities.at/entry.php?id=11671" "Mozilla/5.0 (Windows NT 6.1; Win64; x64) AppleWebKit/537.36 (KHTML, like Gecko) Chrome/61.0.3163.100 Safari/537.36"
88.117.208.86 - - [07/Nov/2017:10:24:55 +0100] "GET /entry.php?id=10776&form=11496&name=list& HTTP/1.1" 200 1519 "http://easydrivers.activities.at/entry.php?id=11671" "Mozilla/5.0 (Windows NT 6.1; Win64; x64) AppleWebKit/537.36 (KHTML, like Gecko) Chrome/61.0.3163.100 Safari/537.36"
88.117.208.86 - - [07/Nov/2017:10:24:55 +0100] "GET /entry.php?id=10778&form=11496&name=list& HTTP/1.1" 200 5835 "http://easydrivers.activities.at/entry.php?id=11671" "Mozilla/5.0 (Windows NT 6.1; Win64; x64) AppleWebKit/537.36 (KHTML, like Gecko) Chrome/61.0.3163.100 Safari/537.36"
88.117.208.86 - - [07/Nov/2017:10:24:59 +0100] "POST /entry.php?id=11671 HTTP/1.1" 200 3195 "http://easydrivers.activities.at/entry.php?id=11671" "Mozilla/5.0 (Windows NT 6.1; Win64; x64) AppleWebKit/537.36 (KHTML, like Gecko) Chrome/61.0.3163.100 Safari/537.36"
88.117.208.86 - - [07/Nov/2017:10:25:00 +0100] "GET /gui/javascript/form_form.js?1510046700 HTTP/1.1" 200 16206 "http://easydrivers.activities.at/entry.php?id=11671" "Mozilla/5.0 (Windows NT 6.1; Win64; x64) AppleWebKit/537.36 (KHTML, like Gecko) Chrome/61.0.3163.100 Safari/537.36"
88.117.208.86 - - [07/Nov/2017:10:25:00 +0100] "GET /framework/webfx/javascript/tinymce/skins/lightgray/content.min.css HTTP/1.1" 404 330 "http://easydrivers.activities.at/entry.php?id=11671" "Mozilla/5.0 (Windows NT 6.1; Win64; x64) AppleWebKit/537.36 (KHTML, like Gecko) Chrome/61.0.3163.100 Safari/537.36"
213.47.157.214 - - [07/Nov/2017:10:25:17 +0100] "GET /entry.php?id=10271&&ser=46656 HTTP/1.1" 200 986 "http://ed.activities.at/entry.php?id=10271&&ser=46596" "Mozilla/5.0 (Windows NT 6.1; Win64; x64) AppleWebKit/537.36 (KHTML, like Gecko) Chrome/61.0.3163.100 Safari/537.36"
213.47.157.214 - - [07/Nov/2017:10:25:17 +0100] "GET /gui/javascript/jquery/css/gui-themes/ui.spinner.css HTTP/1.1" 200 350 "http://ed.activities.at/entry.php?id=10271&&ser=46656" "Mozilla/5.0 (Windows NT 6.1; Win64; x64) AppleWebKit/537.36 (KHTML, like Gecko) Chrome/61.0.3163.100 Safari/537.36"
213.47.157.214 - - [07/Nov/2017:10:25:17 +0100] "GET /gui/javascript/jquery/css/gui-themes/jquery.tooltip.css HTTP/1.1" 200 246 "http://ed.activities.at/entry.php?id=10271&&ser=46656" "Mozilla/5.0 (Windows NT 6.1; Win64; x64) AppleWebKit/537.36 (KHTML, like Gecko) Chrome/61.0.3163.100 Safari/537.36"
213.47.157.214 - - [07/Nov/2017:10:25:17 +0100] "GET /gui/javascript/form_form.js?1510046717 HTTP/1.1" 200 16206 "http://ed.activities.at/entry.php?id=10271&&ser=46656" "Mozilla/5.0 (Windows NT 6.1; Win64; x64) AppleWebKit/537.36 (KHTML, like Gecko) Chrome/61.0.3163.100 Safari/537.36"
88.117.208.86 - - [07/Nov/2017:10:25:17 +0100] "POST /entry.php?id=11671 HTTP/1.1" 200 3446 "http://easydrivers.activities.at/entry.php?id=11671" "Mozilla/5.0 (Windows NT 6.1; Win64; x64) AppleWebKit/537.36 (KHTML, like Gecko) Chrome/61.0.3163.100 Safari/537.36"
88.117.208.86 - - [07/Nov/2017:10:25:17 +0100] "GET /gui/javascript/form_form.js?1510046717 HTTP/1.1" 200 16206 "http://easydrivers.activities.at/entry.php?id=11671" "Mozilla/5.0 (Windows NT 6.1; Win64; x64) AppleWebKit/537.36 (KHTML, like Gecko) Chrome/61.0.3163.100 Safari/537.36"
88.117.208.86 - - [07/Nov/2017:10:25:18 +0100] "GET /framework/webfx/javascript/tinymce/skins/lightgray/content.min.css HTTP/1.1" 404 330 "http://easydrivers.activities.at/entry.php?id=11671" "Mozilla/5.0 (Windows NT 6.1; Win64; x64) AppleWebKit/537.36 (KHTML, like Gecko) Chrome/61.0.3163.100 Safari/537.36"
88.117.208.86 - - [07/Nov/2017:10:25:19 +0100] "POST /entry.php?id=11671 HTTP/1.1" 200 4807 "http://easydrivers.activities.at/entry.php?id=11671" "Mozilla/5.0 (Windows NT 6.1; Win64; x64) AppleWebKit/537.36 (KHTML, like Gecko) Chrome/61.0.3163.100 Safari/537.36"
88.117.208.86 - - [07/Nov/2017:10:25:20 +0100] "GET /gui/javascript/form_form.js?1510046720 HTTP/1.1" 200 16206 "http://easydrivers.activities.at/entry.php?id=11671" "Mozilla/5.0 (Windows NT 6.1; Win64; x64) AppleWebKit/537.36 (KHTML, like Gecko) Chrome/61.0.3163.100 Safari/537.36"
88.117.208.86 - - [07/Nov/2017:10:25:21 +0100] "GET /entry.php?id=10776&form=11496&name=list& HTTP/1.1" 200 1519 "http://easydrivers.activities.at/entry.php?id=11671" "Mozilla/5.0 (Windows NT 6.1; Win64; x64) AppleWebKit/537.36 (KHTML, like Gecko) Chrome/61.0.3163.100 Safari/537.36"
88.117.208.86 - - [07/Nov/2017:10:25:21 +0100] "GET /entry.php?id=10778&form=11496&name=list& HTTP/1.1" 200 5835 "http://easydrivers.activities.at/entry.php?id=11671" "Mozilla/5.0 (Windows NT 6.1; Win64; x64) AppleWebKit/537.36 (KHTML, like Gecko) Chrome/61.0.3163.100 Safari/537.36"
88.117.208.86 - - [07/Nov/2017:10:25:22 +0100] "POST /entry.php?id=11671 HTTP/1.1" 200 4995 "http://easydrivers.activities.at/entry.php?id=11671" "Mozilla/5.0 (Windows NT 6.1; Win64; x64) AppleWebKit/537.36 (KHTML, like Gecko) Chrome/61.0.3163.100 Safari/537.36"
88.117.208.86 - - [07/Nov/2017:10:25:23 +0100] "GET /gui/javascript/form_form.js?1510046723 HTTP/1.1" 200 16206 "http://easydrivers.activities.at/entry.php?id=11671" "Mozilla/5.0 (Windows NT 6.1; Win64; x64) AppleWebKit/537.36 (KHTML, like Gecko) Chrome/61.0.3163.100 Safari/537.36"
88.117.208.86 - - [07/Nov/2017:10:25:23 +0100] "GET /entry.php?id=10776&form=11496&name=list& HTTP/1.1" 200 1519 "http://easydrivers.activities.at/entry.php?id=11671" "Mozilla/5.0 (Windows NT 6.1; Win64; x64) AppleWebKit/537.36 (KHTML, like Gecko) Chrome/61.0.3163.100 Safari/537.36"
88.117.208.86 - - [07/Nov/2017:10:25:23 +0100] "GET /entry.php?id=10778&form=11496&name=list& HTTP/1.1" 200 5835 "http://easydrivers.activities.at/entry.php?id=11671" "Mozilla/5.0 (Windows NT 6.1; Win64; x64) AppleWebKit/537.36 (KHTML, like Gecko) Chrome/61.0.3163.100 Safari/537.36"
88.117.208.86 - - [07/Nov/2017:10:25:27 +0100] "POST /entry.php?id=11671 HTTP/1.1" 200 4613 "http://easydrivers.activities.at/entry.php?id=11671" "Mozilla/5.0 (Windows NT 6.1; Win64; x64) AppleWebKit/537.36 (KHTML, like Gecko) Chrome/61.0.3163.100 Safari/537.36"
88.117.208.86 - - [07/Nov/2017:10:25:28 +0100] "GET /gui/javascript/form_form.js?1510046728 HTTP/1.1" 200 16206 "http://easydrivers.activities.at/entry.php?id=11671" "Mozilla/5.0 (Windows NT 6.1; Win64; x64) AppleWebKit/537.36 (KHTML, like Gecko) Chrome/61.0.3163.100 Safari/537.36"
88.117.208.86 - - [07/Nov/2017:10:25:29 +0100] "GET /entry.php?id=10776&form=11496&name=list& HTTP/1.1" 200 1519 "http://easydrivers.activities.at/entry.php?id=11671" "Mozilla/5.0 (Windows NT 6.1; Win64; x64) AppleWebKit/537.36 (KHTML, like Gecko) Chrome/61.0.3163.100 Safari/537.36"
88.117.208.86 - - [07/Nov/2017:10:25:29 +0100] "GET /entry.php?id=10778&form=11496&name=list& HTTP/1.1" 200 5583 "http://easydrivers.activities.at/entry.php?id=11671" "Mozilla/5.0 (Windows NT 6.1; Win64; x64) AppleWebKit/537.36 (KHTML, like Gecko) Chrome/61.0.3163.100 Safari/537.36"
88.117.208.86 - - [07/Nov/2017:10:25:39 +0100] "GET /entry.php?id=10271&&ser=46679 HTTP/1.1" 200 986 "http://easydrivers.activities.at/entry.php?id=10271&&ser=46618" "Mozilla/5.0 (Windows NT 6.1; Win64; x64) AppleWebKit/537.36 (KHTML, like Gecko) Chrome/61.0.3163.100 Safari/537.36"
88.117.208.86 - - [07/Nov/2017:10:25:39 +0100] "GET /gui/javascript/form_form.js?1510046739 HTTP/1.1" 200 16206 "http://easydrivers.activities.at/entry.php?id=10271&&ser=46679" "Mozilla/5.0 (Windows NT 6.1; Win64; x64) AppleWebKit/537.36 (KHTML, like Gecko) Chrome/61.0.3163.100 Safari/537.36"
213.47.157.214 - - [07/Nov/2017:10:26:17 +0100] "GET /entry.php?id=10271&&ser=46717 HTTP/1.1" 200 987 "http://ed.activities.at/entry.php?id=10271&&ser=46656" "Mozilla/5.0 (Windows NT 6.1; Win64; x64) AppleWebKit/537.36 (KHTML, like Gecko) Chrome/61.0.3163.100 Safari/537.36"
213.47.157.214 - - [07/Nov/2017:10:26:18 +0100] "GET /gui/javascript/form_form.js?1510046777 HTTP/1.1" 200 16206 "http://ed.activities.at/entry.php?id=10271&&ser=46717" "Mozilla/5.0 (Windows NT 6.1; Win64; x64) AppleWebKit/537.36 (KHTML, like Gecko) Chrome/61.0.3163.100 Safari/537.36"
88.117.208.86 - - [07/Nov/2017:10:26:34 +0100] "POST /entry.php?id=11671 HTTP/1.1" 200 5018 "http://easydrivers.activities.at/entry.php?id=11671" "Mozilla/5.0 (Windows NT 6.1; Win64; x64) AppleWebKit/537.36 (KHTML, like Gecko) Chrome/61.0.3163.100 Safari/537.36"
88.117.208.86 - - [07/Nov/2017:10:26:35 +0100] "GET /gui/javascript/form_form.js?1510046795 HTTP/1.1" 200 16206 "http://easydrivers.activities.at/entry.php?id=11671" "Mozilla/5.0 (Windows NT 6.1; Win64; x64) AppleWebKit/537.36 (KHTML, like Gecko) Chrome/61.0.3163.100 Safari/537.36"
88.117.208.86 - - [07/Nov/2017:10:26:35 +0100] "GET /entry.php?id=10776&form=11496&name=list& HTTP/1.1" 200 1519 "http://easydrivers.activities.at/entry.php?id=11671" "Mozilla/5.0 (Windows NT 6.1; Win64; x64) AppleWebKit/537.36 (KHTML, like Gecko) Chrome/61.0.3163.100 Safari/537.36"
88.117.208.86 - - [07/Nov/2017:10:26:35 +0100] "GET /entry.php?id=10778&form=11496&name=list& HTTP/1.1" 200 5835 "http://easydrivers.activities.at/entry.php?id=11671" "Mozilla/5.0 (Windows NT 6.1; Win64; x64) AppleWebKit/537.36 (KHTML, like Gecko) Chrome/61.0.3163.100 Safari/537.36"
88.117.208.86 - - [07/Nov/2017:10:26:39 +0100] "POST /entry.php?id=11671 HTTP/1.1" 200 3198 "http://easydrivers.activities.at/entry.php?id=11671" "Mozilla/5.0 (Windows NT 6.1; Win64; x64) AppleWebKit/537.36 (KHTML, like Gecko) Chrome/61.0.3163.100 Safari/537.36"
88.117.208.86 - - [07/Nov/2017:10:26:40 +0100] "GET /gui/javascript/form_form.js?1510046800 HTTP/1.1" 200 16206 "http://easydrivers.activities.at/entry.php?id=11671" "Mozilla/5.0 (Windows NT 6.1; Win64; x64) AppleWebKit/537.36 (KHTML, like Gecko) Chrome/61.0.3163.100 Safari/537.36"
88.117.208.86 - - [07/Nov/2017:10:26:39 +0100] "GET /entry.php?id=10271&&ser=46739 HTTP/1.1" 200 986 "http://easydrivers.activities.at/entry.php?id=10271&&ser=46679" "Mozilla/5.0 (Windows NT 6.1; Win64; x64) AppleWebKit/537.36 (KHTML, like Gecko) Chrome/61.0.3163.100 Safari/537.36"
88.117.208.86 - - [07/Nov/2017:10:26:41 +0100] "GET /framework/webfx/javascript/tinymce/skins/lightgray/content.min.css HTTP/1.1" 404 330 "http://easydrivers.activities.at/entry.php?id=11671" "Mozilla/5.0 (Windows NT 6.1; Win64; x64) AppleWebKit/537.36 (KHTML, like Gecko) Chrome/61.0.3163.100 Safari/537.36"
88.117.208.86 - - [07/Nov/2017:10:26:57 +0100] "POST /entry.php?id=11671 HTTP/1.1" 200 3458 "http://easydrivers.activities.at/entry.php?id=11671" "Mozilla/5.0 (Windows NT 6.1; Win64; x64) AppleWebKit/537.36 (KHTML, like Gecko) Chrome/61.0.3163.100 Safari/537.36"
88.117.208.86 - - [07/Nov/2017:10:26:58 +0100] "GET /gui/javascript/form_form.js?1510046818 HTTP/1.1" 200 16206 "http://easydrivers.activities.at/entry.php?id=11671" "Mozilla/5.0 (Windows NT 6.1; Win64; x64) AppleWebKit/537.36 (KHTML, like Gecko) Chrome/61.0.3163.100 Safari/537.36"
88.117.208.86 - - [07/Nov/2017:10:26:59 +0100] "GET /framework/webfx/javascript/tinymce/skins/lightgray/content.min.css HTTP/1.1" 404 330 "http://easydrivers.activities.at/entry.php?id=11671" "Mozilla/5.0 (Windows NT 6.1; Win64; x64) AppleWebKit/537.36 (KHTML, like Gecko) Chrome/61.0.3163.100 Safari/537.36"
88.117.208.86 - - [07/Nov/2017:10:27:01 +0100] "POST /entry.php?id=11671 HTTP/1.1" 200 4818 "http://easydrivers.activities.at/entry.php?id=11671" "Mozilla/5.0 (Windows NT 6.1; Win64; x64) AppleWebKit/537.36 (KHTML, like Gecko) Chrome/61.0.3163.100 Safari/537.36"
88.117.208.86 - - [07/Nov/2017:10:27:02 +0100] "GET /gui/javascript/form_form.js?1510046822 HTTP/1.1" 200 16206 "http://easydrivers.activities.at/entry.php?id=11671" "Mozilla/5.0 (Windows NT 6.1; Win64; x64) AppleWebKit/537.36 (KHTML, like Gecko) Chrome/61.0.3163.100 Safari/537.36"
88.117.208.86 - - [07/Nov/2017:10:27:03 +0100] "GET /entry.php?id=10778&form=11496&name=list& HTTP/1.1" 200 5835 "http://easydrivers.activities.at/entry.php?id=11671" "Mozilla/5.0 (Windows NT 6.1; Win64; x64) AppleWebKit/537.36 (KHTML, like Gecko) Chrome/61.0.3163.100 Safari/537.36"
88.117.208.86 - - [07/Nov/2017:10:27:03 +0100] "GET /entry.php?id=10776&form=11496&name=list& HTTP/1.1" 200 1519 "http://easydrivers.activities.at/entry.php?id=11671" "Mozilla/5.0 (Windows NT 6.1; Win64; x64) AppleWebKit/537.36 (KHTML, like Gecko) Chrome/61.0.3163.100 Safari/537.36"
88.117.208.86 - - [07/Nov/2017:10:27:04 +0100] "POST /entry.php?id=11671 HTTP/1.1" 200 5005 "http://easydrivers.activities.at/entry.php?id=11671" "Mozilla/5.0 (Windows NT 6.1; Win64; x64) AppleWebKit/537.36 (KHTML, like Gecko) Chrome/61.0.3163.100 Safari/537.36"
88.117.208.86 - - [07/Nov/2017:10:27:05 +0100] "GET /gui/javascript/form_form.js?1510046825 HTTP/1.1" 200 16206 "http://easydrivers.activities.at/entry.php?id=11671" "Mozilla/5.0 (Windows NT 6.1; Win64; x64) AppleWebKit/537.36 (KHTML, like Gecko) Chrome/61.0.3163.100 Safari/537.36"
88.117.208.86 - - [07/Nov/2017:10:27:05 +0100] "GET /entry.php?id=10776&form=11496&name=list& HTTP/1.1" 200 1519 "http://easydrivers.activities.at/entry.php?id=11671" "Mozilla/5.0 (Windows NT 6.1; Win64; x64) AppleWebKit/537.36 (KHTML, like Gecko) Chrome/61.0.3163.100 Safari/537.36"
88.117.208.86 - - [07/Nov/2017:10:27:05 +0100] "GET /entry.php?id=10778&form=11496&name=list& HTTP/1.1" 200 5835 "http://easydrivers.activities.at/entry.php?id=11671" "Mozilla/5.0 (Windows NT 6.1; Win64; x64) AppleWebKit/537.36 (KHTML, like Gecko) Chrome/61.0.3163.100 Safari/537.36"
88.117.208.86 - - [07/Nov/2017:10:27:08 +0100] "POST /entry.php?id=11671 HTTP/1.1" 200 4614 "http://easydrivers.activities.at/entry.php?id=11671" "Mozilla/5.0 (Windows NT 6.1; Win64; x64) AppleWebKit/537.36 (KHTML, like Gecko) Chrome/61.0.3163.100 Safari/537.36"
88.117.208.86 - - [07/Nov/2017:10:27:09 +0100] "GET /gui/javascript/form_form.js?1510046829 HTTP/1.1" 200 16206 "http://easydrivers.activities.at/entry.php?id=11671" "Mozilla/5.0 (Windows NT 6.1; Win64; x64) AppleWebKit/537.36 (KHTML, like Gecko) Chrome/61.0.3163.100 Safari/537.36"
88.117.208.86 - - [07/Nov/2017:10:27:09 +0100] "GET /entry.php?id=10776&form=11496&name=list& HTTP/1.1" 200 1519 "http://easydrivers.activities.at/entry.php?id=11671" "Mozilla/5.0 (Windows NT 6.1; Win64; x64) AppleWebKit/537.36 (KHTML, like Gecko) Chrome/61.0.3163.100 Safari/537.36"
88.117.208.86 - - [07/Nov/2017:10:27:09 +0100] "GET /entry.php?id=10778&form=11496&name=list& HTTP/1.1" 200 5583 "http://easydrivers.activities.at/entry.php?id=11671" "Mozilla/5.0 (Windows NT 6.1; Win64; x64) AppleWebKit/537.36 (KHTML, like Gecko) Chrome/61.0.3163.100 Safari/537.36"
213.47.157.214 - - [07/Nov/2017:10:27:18 +0100] "GET /entry.php?id=10271&&ser=46777 HTTP/1.1" 200 986 "http://ed.activities.at/entry.php?id=10271&&ser=46717" "Mozilla/5.0 (Windows NT 6.1; Win64; x64) AppleWebKit/537.36 (KHTML, like Gecko) Chrome/61.0.3163.100 Safari/537.36"
213.47.157.214 - - [07/Nov/2017:10:27:18 +0100] "GET /gui/javascript/form_form.js?1510046838 HTTP/1.1" 200 16206 "http://ed.activities.at/entry.php?id=10271&&ser=46777" "Mozilla/5.0 (Windows NT 6.1; Win64; x64) AppleWebKit/537.36 (KHTML, like Gecko) Chrome/61.0.3163.100 Safari/537.36"
88.117.208.86 - - [07/Nov/2017:10:27:41 +0100] "GET /entry.php?id=10271&&ser=46800 HTTP/1.1" 200 986 "http://easydrivers.activities.at/entry.php?id=10271&&ser=46739" "Mozilla/5.0 (Windows NT 6.1; Win64; x64) AppleWebKit/537.36 (KHTML, like Gecko) Chrome/61.0.3163.100 Safari/537.36"
88.117.208.86 - - [07/Nov/2017:10:27:41 +0100] "GET /gui/javascript/form_form.js?1510046861 HTTP/1.1" 200 16206 "http://easydrivers.activities.at/entry.php?id=10271&&ser=46800" "Mozilla/5.0 (Windows NT 6.1; Win64; x64) AppleWebKit/537.36 (KHTML, like Gecko) Chrome/61.0.3163.100 Safari/537.36"
213.47.157.214 - - [07/Nov/2017:10:28:02 +0100] "GET /entry.php?id=10287&login=1 HTTP/1.1" 200 2988 "http://ed.activities.at/entry.php?id=10273&" "Mozilla/5.0 (Windows NT 6.1; Win64; x64) AppleWebKit/537.36 (KHTML, like Gecko) Chrome/61.0.3163.100 Safari/537.36"
213.47.157.214 - - [07/Nov/2017:10:28:03 +0100] "GET /gui/javascript/form_form.js?1510046882 HTTP/1.1" 200 16206 "http://ed.activities.at/entry.php?id=10287&login=1" "Mozilla/5.0 (Windows NT 6.1; Win64; x64) AppleWebKit/537.36 (KHTML, like Gecko) Chrome/61.0.3163.100 Safari/537.36"
213.47.157.214 - - [07/Nov/2017:10:28:04 +0100] "GET /gui/images/progressbar.gif HTTP/1.1" 200 2157 "http://ed.activities.at/entry.php?id=10272" "Mozilla/5.0 (Windows NT 6.1; Win64; x64) AppleWebKit/537.36 (KHTML, like Gecko) Chrome/61.0.3163.100 Safari/537.36"
213.47.157.214 - - [07/Nov/2017:10:28:04 +0100] "POST /entry.php?id=10287& HTTP/1.1" 200 2424 "http://ed.activities.at/entry.php?id=10287&login=1" "Mozilla/5.0 (Windows NT 6.1; Win64; x64) AppleWebKit/537.36 (KHTML, like Gecko) Chrome/61.0.3163.100 Safari/537.36"
213.47.157.214 - - [07/Nov/2017:10:28:04 +0100] "GET /gui/javascript/form_form.js?1510046884 HTTP/1.1" 200 16206 "http://ed.activities.at/entry.php?id=10287&" "Mozilla/5.0 (Windows NT 6.1; Win64; x64) AppleWebKit/537.36 (KHTML, like Gecko) Chrome/61.0.3163.100 Safari/537.36"
213.47.157.214 - - [07/Nov/2017:10:28:04 +0100] "GET /entry.php?id=10270& HTTP/1.1" 200 907 "http://ed.activities.at/entry.php?id=10287&" "Mozilla/5.0 (Windows NT 6.1; Win64; x64) AppleWebKit/537.36 (KHTML, like Gecko) Chrome/61.0.3163.100 Safari/537.36"
213.47.157.214 - - [07/Nov/2017:10:28:04 +0100] "GET /entry.php?id=10273&logout=true& HTTP/1.1" 200 1910 "http://ed.activities.at/entry.php?id=10287&" "Mozilla/5.0 (Windows NT 6.1; Win64; x64) AppleWebKit/537.36 (KHTML, like Gecko) Chrome/61.0.3163.100 Safari/537.36"
213.47.157.214 - - [07/Nov/2017:10:28:05 +0100] "GET /gui/javascript/form_form.js?1510046885 HTTP/1.1" 200 16206 "http://ed.activities.at/entry.php?id=10270&" "Mozilla/5.0 (Windows NT 6.1; Win64; x64) AppleWebKit/537.36 (KHTML, like Gecko) Chrome/61.0.3163.100 Safari/537.36"
213.47.157.214 - - [07/Nov/2017:10:28:24 +0100] "GET / HTTP/1.1" 200 382 "-" "Mozilla/5.0 (Windows NT 6.1; Win64; x64) AppleWebKit/537.36 (KHTML, like Gecko) Chrome/61.0.3163.100 Safari/537.36"
213.47.157.214 - - [07/Nov/2017:10:28:25 +0100] "GET /layout.php HTTP/1.1" 200 908 "http://ed.activities.at/" "Mozilla/5.0 (Windows NT 6.1; Win64; x64) AppleWebKit/537.36 (KHTML, like Gecko) Chrome/61.0.3163.100 Safari/537.36"
213.47.157.214 - - [07/Nov/2017:10:28:25 +0100] "GET /entry.php?id=10272 HTTP/1.1" 200 1190 "http://ed.activities.at/layout.php" "Mozilla/5.0 (Windows NT 6.1; Win64; x64) AppleWebKit/537.36 (KHTML, like Gecko) Chrome/61.0.3163.100 Safari/537.36"
213.47.157.214 - - [07/Nov/2017:10:28:25 +0100] "GET /entry.php?id=10270 HTTP/1.1" 200 908 "http://ed.activities.at/layout.php" "Mozilla/5.0 (Windows NT 6.1; Win64; x64) AppleWebKit/537.36 (KHTML, like Gecko) Chrome/61.0.3163.100 Safari/537.36"
213.47.157.214 - - [07/Nov/2017:10:28:25 +0100] "GET /entry.php?id=10273 HTTP/1.1" 200 1932 "http://ed.activities.at/layout.php" "Mozilla/5.0 (Windows NT 6.1; Win64; x64) AppleWebKit/537.36 (KHTML, like Gecko) Chrome/61.0.3163.100 Safari/537.36"
213.47.157.214 - - [07/Nov/2017:10:28:25 +0100] "GET /gui/javascript/form_form.js?1510046905 HTTP/1.1" 200 16206 "http://ed.activities.at/entry.php?id=10272" "Mozilla/5.0 (Windows NT 6.1; Win64; x64) AppleWebKit/537.36 (KHTML, like Gecko) Chrome/61.0.3163.100 Safari/537.36"
213.47.157.214 - - [07/Nov/2017:10:28:25 +0100] "GET /entry.php?id=11412 HTTP/1.1" 200 1759 "http://ed.activities.at/layout.php" "Mozilla/5.0 (Windows NT 6.1; Win64; x64) AppleWebKit/537.36 (KHTML, like Gecko) Chrome/61.0.3163.100 Safari/537.36"
213.47.157.214 - - [07/Nov/2017:10:28:25 +0100] "GET /gui/images/emptybar.gif HTTP/1.1" 200 89 "http://ed.activities.at/entry.php?id=10272" "Mozilla/5.0 (Windows NT 6.1; Win64; x64) AppleWebKit/537.36 (KHTML, like Gecko) Chrome/61.0.3163.100 Safari/537.36"
213.47.157.214 - - [07/Nov/2017:10:28:25 +0100] "GET /gui/images/icons/cancel.gif HTTP/1.1" 200 125 "http://ed.activities.at/entry.php?id=11412" "Mozilla/5.0 (Windows NT 6.1; Win64; x64) AppleWebKit/537.36 (KHTML, like Gecko) Chrome/61.0.3163.100 Safari/537.36"
213.47.157.214 - - [07/Nov/2017:10:28:25 +0100] "GET /entry.php?id=10271&UIN=55fb4edccb4784b8013c6ebc44e6854d HTTP/1.1" 200 934 "http://ed.activities.at/entry.php?id=10272" "Mozilla/5.0 (Windows NT 6.1; Win64; x64) AppleWebKit/537.36 (KHTML, like Gecko) Chrome/61.0.3163.100 Safari/537.36"
213.47.157.214 - - [07/Nov/2017:10:28:25 +0100] "GET /entry.php?id=10287 HTTP/1.1" 200 2410 "http://ed.activities.at/entry.php?id=11412" "Mozilla/5.0 (Windows NT 6.1; Win64; x64) AppleWebKit/537.36 (KHTML, like Gecko) Chrome/61.0.3163.100 Safari/537.36"
213.47.157.214 - - [07/Nov/2017:10:28:26 +0100] "GET /gui/javascript/form_form.js?1510046906 HTTP/1.1" 200 16206 "http://ed.activities.at/entry.php?id=10287" "Mozilla/5.0 (Windows NT 6.1; Win64; x64) AppleWebKit/537.36 (KHTML, like Gecko) Chrome/61.0.3163.100 Safari/537.36"
213.47.157.214 - - [07/Nov/2017:10:28:26 +0100] "GET /entry.php?id=10270& HTTP/1.1" 200 908 "http://ed.activities.at/entry.php?id=10287" "Mozilla/5.0 (Windows NT 6.1; Win64; x64) AppleWebKit/537.36 (KHTML, like Gecko) Chrome/61.0.3163.100 Safari/537.36"
213.47.157.214 - - [07/Nov/2017:10:28:26 +0100] "GET /entry.php?id=10273& HTTP/1.1" 200 1901 "http://ed.activities.at/entry.php?id=10287" "Mozilla/5.0 (Windows NT 6.1; Win64; x64) AppleWebKit/537.36 (KHTML, like Gecko) Chrome/61.0.3163.100 Safari/537.36"
213.47.157.214 - - [07/Nov/2017:10:28:27 +0100] "POST /entry.php?id=10287& HTTP/1.1" 200 3071 "http://ed.activities.at/entry.php?id=10287" "Mozilla/5.0 (Windows NT 6.1; Win64; x64) AppleWebKit/537.36 (KHTML, like Gecko) Chrome/61.0.3163.100 Safari/537.36"
213.47.157.214 - - [07/Nov/2017:10:28:28 +0100] "GET /gui/javascript/form_form.js?1510046908 HTTP/1.1" 200 16206 "http://ed.activities.at/entry.php?id=10287&" "Mozilla/5.0 (Windows NT 6.1; Win64; x64) AppleWebKit/537.36 (KHTML, like Gecko) Chrome/61.0.3163.100 Safari/537.36"
213.47.157.214 - - [07/Nov/2017:10:28:28 +0100] "GET /entry.php?id=10271&UIN=55fb4edccb4784b8013c6ebc44e6854d HTTP/1.1" 200 986 "http://ed.activities.at/entry.php?id=10271&UIN=55fb4edccb4784b8013c6ebc44e6854d" "Mozilla/5.0 (Windows NT 6.1; Win64; x64) AppleWebKit/537.36 (KHTML, like Gecko) Chrome/61.0.3163.100 Safari/537.36"
213.47.157.214 - - [07/Nov/2017:10:28:28 +0100] "GET /entry.php?id=10273& HTTP/1.1" 200 2031 "http://ed.activities.at/entry.php?id=10287&" "Mozilla/5.0 (Windows NT 6.1; Win64; x64) AppleWebKit/537.36 (KHTML, like Gecko) Chrome/61.0.3163.100 Safari/537.36"
213.47.157.214 - - [07/Nov/2017:10:28:29 +0100] "GET /framework/webfx/style/toolbar/images/cbback.gif HTTP/1.1" 404 313 "http://ed.activities.at/framework/webfx/style/toolbar/cb2.css" "Mozilla/5.0 (Windows NT 6.1; Win64; x64) AppleWebKit/537.36 (KHTML, like Gecko) Chrome/61.0.3163.100 Safari/537.36"
213.47.157.214 - - [07/Nov/2017:10:28:29 +0100] "GET /entry.php?id=10270&__app__=10006038 HTTP/1.1" 200 1696 "http://ed.activities.at/entry.php?id=10273&" "Mozilla/5.0 (Windows NT 6.1; Win64; x64) AppleWebKit/537.36 (KHTML, like Gecko) Chrome/61.0.3163.100 Safari/537.36"
213.47.157.214 - - [07/Nov/2017:10:28:29 +0100] "GET /gui/javascript/form_form.js?1510046909 HTTP/1.1" 200 16206 "http://ed.activities.at/entry.php?id=10270&__app__=10006038" "Mozilla/5.0 (Windows NT 6.1; Win64; x64) AppleWebKit/537.36 (KHTML, like Gecko) Chrome/61.0.3163.100 Safari/537.36"
213.47.157.214 - - [07/Nov/2017:10:28:29 +0100] "GET /gui/images/icons/pers_einstellungen.gif HTTP/1.1" 200 1461 "http://ed.activities.at/entry.php?id=10270&__app__=10006038" "Mozilla/5.0 (Windows NT 6.1; Win64; x64) AppleWebKit/537.36 (KHTML, like Gecko) Chrome/61.0.3163.100 Safari/537.36"
213.47.157.214 - - [07/Nov/2017:10:28:29 +0100] "GET /framework/icons/navigation/arrowdown.gif HTTP/1.1" 200 424 "http://ed.activities.at/entry.php?id=10270&__app__=10006038" "Mozilla/5.0 (Windows NT 6.1; Win64; x64) AppleWebKit/537.36 (KHTML, like Gecko) Chrome/61.0.3163.100 Safari/537.36"
213.47.157.214 - - [07/Nov/2017:10:28:29 +0100] "GET /framework/icons/navigation/arrowup.gif HTTP/1.1" 200 407 "http://ed.activities.at/entry.php?id=10270&__app__=10006038" "Mozilla/5.0 (Windows NT 6.1; Win64; x64) AppleWebKit/537.36 (KHTML, like Gecko) Chrome/61.0.3163.100 Safari/537.36"
213.47.157.214 - - [07/Nov/2017:10:28:29 +0100] "GET /gui/images/icons/i_resourcenverwaltung.gif HTTP/1.1" 200 2102 "http://ed.activities.at/entry.php?id=10270&__app__=10006038" "Mozilla/5.0 (Windows NT 6.1; Win64; x64) AppleWebKit/537.36 (KHTML, like Gecko) Chrome/61.0.3163.100 Safari/537.36"
213.47.157.214 - - [07/Nov/2017:10:28:29 +0100] "GET /gui/images/icons/i_artikelgruppen.gif HTTP/1.1" 200 1538 "http://ed.activities.at/entry.php?id=10270&__app__=10006038" "Mozilla/5.0 (Windows NT 6.1; Win64; x64) AppleWebKit/537.36 (KHTML, like Gecko) Chrome/61.0.3163.100 Safari/537.36"
213.47.157.214 - - [07/Nov/2017:10:28:29 +0100] "GET /undefined HTTP/1.1" 404 283 "http://ed.activities.at/entry.php?id=10270&__app__=10006038" "Mozilla/5.0 (Windows NT 6.1; Win64; x64) AppleWebKit/537.36 (KHTML, like Gecko) Chrome/61.0.3163.100 Safari/537.36"
213.47.157.214 - - [07/Nov/2017:10:28:29 +0100] "GET /gui/images/icons/menumanagement.gif HTTP/1.1" 200 204 "http://ed.activities.at/entry.php?id=10270&__app__=10006038" "Mozilla/5.0 (Windows NT 6.1; Win64; x64) AppleWebKit/537.36 (KHTML, like Gecko) Chrome/61.0.3163.100 Safari/537.36"
213.47.157.214 - - [07/Nov/2017:10:28:29 +0100] "GET /gui/images/icons/i_haendler_sollverteiler.gif HTTP/1.1" 200 1330 "http://ed.activities.at/entry.php?id=10270&__app__=10006038" "Mozilla/5.0 (Windows NT 6.1; Win64; x64) AppleWebKit/537.36 (KHTML, like Gecko) Chrome/61.0.3163.100 Safari/537.36"
213.47.157.214 - - [07/Nov/2017:10:28:29 +0100] "GET /gui/images/icons/i_aktionsreminder.gif HTTP/1.1" 200 2181 "http://ed.activities.at/entry.php?id=10270&__app__=10006038" "Mozilla/5.0 (Windows NT 6.1; Win64; x64) AppleWebKit/537.36 (KHTML, like Gecko) Chrome/61.0.3163.100 Safari/537.36"
213.47.157.214 - - [07/Nov/2017:10:28:29 +0100] "GET /gui/images/icons/artikelbearbeitung_verfassung.gif HTTP/1.1" 200 1719 "http://ed.activities.at/entry.php?id=10270&__app__=10006038" "Mozilla/5.0 (Windows NT 6.1; Win64; x64) AppleWebKit/537.36 (KHTML, like Gecko) Chrome/61.0.3163.100 Safari/537.36"
213.47.157.214 - - [07/Nov/2017:10:28:29 +0100] "GET /gui/images/icons/i_aktionen.gif HTTP/1.1" 200 1920 "http://ed.activities.at/entry.php?id=10270&__app__=10006038" "Mozilla/5.0 (Windows NT 6.1; Win64; x64) AppleWebKit/537.36 (KHTML, like Gecko) Chrome/61.0.3163.100 Safari/537.36"
213.47.157.214 - - [07/Nov/2017:10:28:29 +0100] "GET /gui/images/icons/i_firmen.gif HTTP/1.1" 200 1463 "http://ed.activities.at/entry.php?id=10270&__app__=10006038" "Mozilla/5.0 (Windows NT 6.1; Win64; x64) AppleWebKit/537.36 (KHTML, like Gecko) Chrome/61.0.3163.100 Safari/537.36"
213.47.157.214 - - [07/Nov/2017:10:28:29 +0100] "GET /gui/images/icons/i_artikel.gif HTTP/1.1" 200 1765 "http://ed.activities.at/entry.php?id=10270&__app__=10006038" "Mozilla/5.0 (Windows NT 6.1; Win64; x64) AppleWebKit/537.36 (KHTML, like Gecko) Chrome/61.0.3163.100 Safari/537.36"
213.47.157.214 - - [07/Nov/2017:10:28:34 +0100] "GET /entry.php?id=11693 HTTP/1.1" 200 2504 "http://ed.activities.at/entry.php?id=10270&__app__=10006038" "Mozilla/5.0 (Windows NT 6.1; Win64; x64) AppleWebKit/537.36 (KHTML, like Gecko) Chrome/61.0.3163.100 Safari/537.36"
213.47.157.214 - - [07/Nov/2017:10:28:34 +0100] "GET /gui/images/icons/ajax_loading.gif HTTP/1.1" 200 1542 "http://ed.activities.at/entry.php?id=11693" "Mozilla/5.0 (Windows NT 6.1; Win64; x64) AppleWebKit/537.36 (KHTML, like Gecko) Chrome/61.0.3163.100 Safari/537.36"
213.47.157.214 - - [07/Nov/2017:10:28:34 +0100] "GET /gui/javascript/form_form.js?1510046914 HTTP/1.1" 200 16206 "http://ed.activities.at/entry.php?id=11693" "Mozilla/5.0 (Windows NT 6.1; Win64; x64) AppleWebKit/537.36 (KHTML, like Gecko) Chrome/61.0.3163.100 Safari/537.36"
213.47.157.214 - - [07/Nov/2017:10:28:35 +0100] "GET /entry.php?id=10778&form=11518&name=list& HTTP/1.1" 200 5877 "http://ed.activities.at/entry.php?id=11693" "Mozilla/5.0 (Windows NT 6.1; Win64; x64) AppleWebKit/537.36 (KHTML, like Gecko) Chrome/61.0.3163.100 Safari/537.36"
213.47.157.214 - - [07/Nov/2017:10:28:35 +0100] "GET /framework/icons/fwx_trans.gif HTTP/1.1" 200 43 "http://ed.activities.at/entry.php?id=10778&form=11518&name=list&" "Mozilla/5.0 (Windows NT 6.1; Win64; x64) AppleWebKit/537.36 (KHTML, like Gecko) Chrome/61.0.3163.100 Safari/537.36"
213.47.157.214 - - [07/Nov/2017:10:28:35 +0100] "GET /gui/images/icons/user_edit.png HTTP/1.1" 200 833 "http://ed.activities.at/entry.php?id=10778&form=11518&name=list&" "Mozilla/5.0 (Windows NT 6.1; Win64; x64) AppleWebKit/537.36 (KHTML, like Gecko) Chrome/61.0.3163.100 Safari/537.36"
213.47.157.214 - - [07/Nov/2017:10:28:35 +0100] "GET /entry.php?id=10776&form=11518&name=list& HTTP/1.1" 200 1584 "http://ed.activities.at/entry.php?id=11693" "Mozilla/5.0 (Windows NT 6.1; Win64; x64) AppleWebKit/537.36 (KHTML, like Gecko) Chrome/61.0.3163.100 Safari/537.36"
213.47.157.214 - - [07/Nov/2017:10:28:35 +0100] "GET /entry.php?id=11148&object=10203650&view=thumbnail&width=100&height=100&wrap=false&mime=image/jpeg&image=jpg.gif HTTP/1.1" 200 1608 "http://ed.activities.at/entry.php?id=10778&form=11518&name=list&" "Mozilla/5.0 (Windows NT 6.1; Win64; x64) AppleWebKit/537.36 (KHTML, like Gecko) Chrome/61.0.3163.100 Safari/537.36"
213.47.157.214 - - [07/Nov/2017:10:28:35 +0100] "GET /gui/javascript/form_form.js?1510046915 HTTP/1.1" 200 16206 "http://ed.activities.at/entry.php?id=11148&object=10203650&view=thumbnail&width=100&height=100&wrap=false&mime=image/jpeg&image=jpg.gif" "Mozilla/5.0 (Windows NT 6.1; Win64; x64) AppleWebKit/537.36 (KHTML, like Gecko) Chrome/61.0.3163.100 Safari/537.36"
88.117.208.86 - - [07/Nov/2017:10:28:41 +0100] "GET /entry.php?id=10271&&ser=46861 HTTP/1.1" 200 985 "http://easydrivers.activities.at/entry.php?id=10271&&ser=46800" "Mozilla/5.0 (Windows NT 6.1; Win64; x64) AppleWebKit/537.36 (KHTML, like Gecko) Chrome/61.0.3163.100 Safari/537.36"
88.117.208.86 - - [07/Nov/2017:10:28:41 +0100] "GET /gui/javascript/form_form.js?1510046921 HTTP/1.1" 200 16206 "http://easydrivers.activities.at/entry.php?id=10271&&ser=46861" "Mozilla/5.0 (Windows NT 6.1; Win64; x64) AppleWebKit/537.36 (KHTML, like Gecko) Chrome/61.0.3163.100 Safari/537.36"
213.47.157.214 - - [07/Nov/2017:10:29:28 +0100] "GET /entry.php?id=10271&&ser=46908 HTTP/1.1" 200 986 "http://ed.activities.at/entry.php?id=10271&UIN=55fb4edccb4784b8013c6ebc44e6854d" "Mozilla/5.0 (Windows NT 6.1; Win64; x64) AppleWebKit/537.36 (KHTML, like Gecko) Chrome/61.0.3163.100 Safari/537.36"
213.47.157.214 - - [07/Nov/2017:10:29:29 +0100] "GET /gui/javascript/form_form.js?1510046969 HTTP/1.1" 200 16206 "http://ed.activities.at/entry.php?id=10271&&ser=46908" "Mozilla/5.0 (Windows NT 6.1; Win64; x64) AppleWebKit/537.36 (KHTML, like Gecko) Chrome/61.0.3163.100 Safari/537.36"
88.117.208.86 - - [07/Nov/2017:10:29:41 +0100] "GET /entry.php?id=10271&&ser=46921 HTTP/1.1" 200 985 "http://easydrivers.activities.at/entry.php?id=10271&&ser=46861" "Mozilla/5.0 (Windows NT 6.1; Win64; x64) AppleWebKit/537.36 (KHTML, like Gecko) Chrome/61.0.3163.100 Safari/537.36"
88.117.208.86 - - [07/Nov/2017:10:29:42 +0100] "GET /gui/javascript/form_form.js?1510046981 HTTP/1.1" 200 16206 "http://easydrivers.activities.at/entry.php?id=10271&&ser=46921" "Mozilla/5.0 (Windows NT 6.1; Win64; x64) AppleWebKit/537.36 (KHTML, like Gecko) Chrome/61.0.3163.100 Safari/537.36"
88.117.208.86 - - [07/Nov/2017:10:30:22 +0100] "POST /entry.php?id=11671 HTTP/1.1" 200 4960 "http://easydrivers.activities.at/entry.php?id=11671" "Mozilla/5.0 (Windows NT 6.1; Win64; x64) AppleWebKit/537.36 (KHTML, like Gecko) Chrome/61.0.3163.100 Safari/537.36"
88.117.208.86 - - [07/Nov/2017:10:30:24 +0100] "GET /gui/javascript/form_form.js?1510047023 HTTP/1.1" 200 16206 "http://easydrivers.activities.at/entry.php?id=11671" "Mozilla/5.0 (Windows NT 6.1; Win64; x64) AppleWebKit/537.36 (KHTML, like Gecko) Chrome/61.0.3163.100 Safari/537.36"
88.117.208.86 - - [07/Nov/2017:10:30:24 +0100] "GET /entry.php?id=10778&form=11496&name=list& HTTP/1.1" 200 5735 "http://easydrivers.activities.at/entry.php?id=11671" "Mozilla/5.0 (Windows NT 6.1; Win64; x64) AppleWebKit/537.36 (KHTML, like Gecko) Chrome/61.0.3163.100 Safari/537.36"
88.117.208.86 - - [07/Nov/2017:10:30:24 +0100] "GET /entry.php?id=10776&form=11496&name=list& HTTP/1.1" 200 1519 "http://easydrivers.activities.at/entry.php?id=11671" "Mozilla/5.0 (Windows NT 6.1; Win64; x64) AppleWebKit/537.36 (KHTML, like Gecko) Chrome/61.0.3163.100 Safari/537.36"
88.117.208.86 - - [07/Nov/2017:10:30:25 +0100] "POST /entry.php?id=11671 HTTP/1.1" 200 3188 "http://easydrivers.activities.at/entry.php?id=11671" "Mozilla/5.0 (Windows NT 6.1; Win64; x64) AppleWebKit/537.36 (KHTML, like Gecko) Chrome/61.0.3163.100 Safari/537.36"
88.117.208.86 - - [07/Nov/2017:10:30:26 +0100] "GET /gui/javascript/form_form.js?1510047026 HTTP/1.1" 200 16206 "http://easydrivers.activities.at/entry.php?id=11671" "Mozilla/5.0 (Windows NT 6.1; Win64; x64) AppleWebKit/537.36 (KHTML, like Gecko) Chrome/61.0.3163.100 Safari/537.36"
88.117.208.86 - - [07/Nov/2017:10:30:27 +0100] "GET /framework/webfx/javascript/tinymce/skins/lightgray/content.min.css HTTP/1.1" 404 330 "http://easydrivers.activities.at/entry.php?id=11671" "Mozilla/5.0 (Windows NT 6.1; Win64; x64) AppleWebKit/537.36 (KHTML, like Gecko) Chrome/61.0.3163.100 Safari/537.36"
213.47.157.214 - - [07/Nov/2017:10:30:29 +0100] "GET /entry.php?id=10271&&ser=46969 HTTP/1.1" 200 986 "http://ed.activities.at/entry.php?id=10271&&ser=46908" "Mozilla/5.0 (Windows NT 6.1; Win64; x64) AppleWebKit/537.36 (KHTML, like Gecko) Chrome/61.0.3163.100 Safari/537.36"
213.47.157.214 - - [07/Nov/2017:10:30:29 +0100] "GET /gui/javascript/form_form.js?1510047029 HTTP/1.1" 200 16206 "http://ed.activities.at/entry.php?id=10271&&ser=46969" "Mozilla/5.0 (Windows NT 6.1; Win64; x64) AppleWebKit/537.36 (KHTML, like Gecko) Chrome/61.0.3163.100 Safari/537.36"
88.117.208.86 - - [07/Nov/2017:10:30:42 +0100] "GET /entry.php?id=10271&&ser=46981 HTTP/1.1" 200 986 "http://easydrivers.activities.at/entry.php?id=10271&&ser=46921" "Mozilla/5.0 (Windows NT 6.1; Win64; x64) AppleWebKit/537.36 (KHTML, like Gecko) Chrome/61.0.3163.100 Safari/537.36"
88.117.208.86 - - [07/Nov/2017:10:30:42 +0100] "GET /gui/javascript/form_form.js?1510047042 HTTP/1.1" 200 16206 "http://easydrivers.activities.at/entry.php?id=10271&&ser=46981" "Mozilla/5.0 (Windows NT 6.1; Win64; x64) AppleWebKit/537.36 (KHTML, like Gecko) Chrome/61.0.3163.100 Safari/537.36"
213.47.157.214 - - [07/Nov/2017:10:31:29 +0100] "GET /entry.php?id=10271&&ser=47029 HTTP/1.1" 200 986 "http://ed.activities.at/entry.php?id=10271&&ser=46969" "Mozilla/5.0 (Windows NT 6.1; Win64; x64) AppleWebKit/537.36 (KHTML, like Gecko) Chrome/61.0.3163.100 Safari/537.36"
213.47.157.214 - - [07/Nov/2017:10:31:30 +0100] "GET /gui/javascript/form_form.js?1510047090 HTTP/1.1" 200 16206 "http://ed.activities.at/entry.php?id=10271&&ser=47029" "Mozilla/5.0 (Windows NT 6.1; Win64; x64) AppleWebKit/537.36 (KHTML, like Gecko) Chrome/61.0.3163.100 Safari/537.36"
88.117.208.86 - - [07/Nov/2017:10:31:42 +0100] "GET /entry.php?id=10271&&ser=47042 HTTP/1.1" 200 986 "http://easydrivers.activities.at/entry.php?id=10271&&ser=46981" "Mozilla/5.0 (Windows NT 6.1; Win64; x64) AppleWebKit/537.36 (KHTML, like Gecko) Chrome/61.0.3163.100 Safari/537.36"
88.117.208.86 - - [07/Nov/2017:10:31:42 +0100] "GET /gui/javascript/form_form.js?1510047102 HTTP/1.1" 200 16206 "http://easydrivers.activities.at/entry.php?id=10271&&ser=47042" "Mozilla/5.0 (Windows NT 6.1; Win64; x64) AppleWebKit/537.36 (KHTML, like Gecko) Chrome/61.0.3163.100 Safari/537.36"
213.47.157.214 - - [07/Nov/2017:10:32:30 +0100] "GET /entry.php?id=10271&&ser=47090 HTTP/1.1" 200 986 "http://ed.activities.at/entry.php?id=10271&&ser=47029" "Mozilla/5.0 (Windows NT 6.1; Win64; x64) AppleWebKit/537.36 (KHTML, like Gecko) Chrome/61.0.3163.100 Safari/537.36"
213.47.157.214 - - [07/Nov/2017:10:32:30 +0100] "GET /gui/javascript/form_form.js?1510047150 HTTP/1.1" 200 16206 "http://ed.activities.at/entry.php?id=10271&&ser=47090" "Mozilla/5.0 (Windows NT 6.1; Win64; x64) AppleWebKit/537.36 (KHTML, like Gecko) Chrome/61.0.3163.100 Safari/537.36"
88.117.208.86 - - [07/Nov/2017:10:32:42 +0100] "GET /entry.php?id=10271&&ser=47102 HTTP/1.1" 200 986 "http://easydrivers.activities.at/entry.php?id=10271&&ser=47042" "Mozilla/5.0 (Windows NT 6.1; Win64; x64) AppleWebKit/537.36 (KHTML, like Gecko) Chrome/61.0.3163.100 Safari/537.36"
88.117.208.86 - - [07/Nov/2017:10:32:43 +0100] "GET /gui/javascript/form_form.js?1510047163 HTTP/1.1" 200 16206 "http://easydrivers.activities.at/entry.php?id=10271&&ser=47102" "Mozilla/5.0 (Windows NT 6.1; Win64; x64) AppleWebKit/537.36 (KHTML, like Gecko) Chrome/61.0.3163.100 Safari/537.36"
213.47.157.214 - - [07/Nov/2017:10:33:30 +0100] "GET /entry.php?id=10271&&ser=47150 HTTP/1.1" 200 986 "http://ed.activities.at/entry.php?id=10271&&ser=47090" "Mozilla/5.0 (Windows NT 6.1; Win64; x64) AppleWebKit/537.36 (KHTML, like Gecko) Chrome/61.0.3163.100 Safari/537.36"
213.47.157.214 - - [07/Nov/2017:10:33:30 +0100] "GET /gui/javascript/form_form.js?1510047210 HTTP/1.1" 200 16206 "http://ed.activities.at/entry.php?id=10271&&ser=47150" "Mozilla/5.0 (Windows NT 6.1; Win64; x64) AppleWebKit/537.36 (KHTML, like Gecko) Chrome/61.0.3163.100 Safari/537.36"
88.117.208.86 - - [07/Nov/2017:10:33:43 +0100] "GET /entry.php?id=10271&&ser=47163 HTTP/1.1" 200 986 "http://easydrivers.activities.at/entry.php?id=10271&&ser=47102" "Mozilla/5.0 (Windows NT 6.1; Win64; x64) AppleWebKit/537.36 (KHTML, like Gecko) Chrome/61.0.3163.100 Safari/537.36"
88.117.208.86 - - [07/Nov/2017:10:33:43 +0100] "GET /gui/javascript/form_form.js?1510047223 HTTP/1.1" 200 16206 "http://easydrivers.activities.at/entry.php?id=10271&&ser=47163" "Mozilla/5.0 (Windows NT 6.1; Win64; x64) AppleWebKit/537.36 (KHTML, like Gecko) Chrome/61.0.3163.100 Safari/537.36"
213.47.157.214 - - [07/Nov/2017:10:34:31 +0100] "GET /entry.php?id=10271&&ser=47210 HTTP/1.1" 200 986 "http://ed.activities.at/entry.php?id=10271&&ser=47150" "Mozilla/5.0 (Windows NT 6.1; Win64; x64) AppleWebKit/537.36 (KHTML, like Gecko) Chrome/61.0.3163.100 Safari/537.36"
213.47.157.214 - - [07/Nov/2017:10:34:31 +0100] "GET /gui/javascript/form_form.js?1510047271 HTTP/1.1" 200 16206 "http://ed.activities.at/entry.php?id=10271&&ser=47210" "Mozilla/5.0 (Windows NT 6.1; Win64; x64) AppleWebKit/537.36 (KHTML, like Gecko) Chrome/61.0.3163.100 Safari/537.36"
88.117.208.86 - - [07/Nov/2017:10:34:43 +0100] "GET /entry.php?id=10271&&ser=47223 HTTP/1.1" 200 986 "http://easydrivers.activities.at/entry.php?id=10271&&ser=47163" "Mozilla/5.0 (Windows NT 6.1; Win64; x64) AppleWebKit/537.36 (KHTML, like Gecko) Chrome/61.0.3163.100 Safari/537.36"
88.117.208.86 - - [07/Nov/2017:10:34:43 +0100] "GET /gui/javascript/form_form.js?1510047283 HTTP/1.1" 200 16206 "http://easydrivers.activities.at/entry.php?id=10271&&ser=47223" "Mozilla/5.0 (Windows NT 6.1; Win64; x64) AppleWebKit/537.36 (KHTML, like Gecko) Chrome/61.0.3163.100 Safari/537.36"
213.47.157.214 - - [07/Nov/2017:10:35:31 +0100] "GET /entry.php?id=10271&&ser=47271 HTTP/1.1" 200 985 "http://ed.activities.at/entry.php?id=10271&&ser=47210" "Mozilla/5.0 (Windows NT 6.1; Win64; x64) AppleWebKit/537.36 (KHTML, like Gecko) Chrome/61.0.3163.100 Safari/537.36"
213.47.157.214 - - [07/Nov/2017:10:35:31 +0100] "GET /gui/javascript/form_form.js?1510047331 HTTP/1.1" 200 16206 "http://ed.activities.at/entry.php?id=10271&&ser=47271" "Mozilla/5.0 (Windows NT 6.1; Win64; x64) AppleWebKit/537.36 (KHTML, like Gecko) Chrome/61.0.3163.100 Safari/537.36"
88.117.208.86 - - [07/Nov/2017:10:35:44 +0100] "GET /entry.php?id=10271&&ser=47283 HTTP/1.1" 200 986 "http://easydrivers.activities.at/entry.php?id=10271&&ser=47223" "Mozilla/5.0 (Windows NT 6.1; Win64; x64) AppleWebKit/537.36 (KHTML, like Gecko) Chrome/61.0.3163.100 Safari/537.36"
88.117.208.86 - - [07/Nov/2017:10:35:44 +0100] "GET /gui/javascript/form_form.js?1510047344 HTTP/1.1" 200 16206 "http://easydrivers.activities.at/entry.php?id=10271&&ser=47283" "Mozilla/5.0 (Windows NT 6.1; Win64; x64) AppleWebKit/537.36 (KHTML, like Gecko) Chrome/61.0.3163.100 Safari/537.36"
213.47.157.214 - - [07/Nov/2017:10:36:32 +0100] "GET /entry.php?id=10271&&ser=47331 HTTP/1.1" 200 986 "http://ed.activities.at/entry.php?id=10271&&ser=47271" "Mozilla/5.0 (Windows NT 6.1; Win64; x64) AppleWebKit/537.36 (KHTML, like Gecko) Chrome/61.0.3163.100 Safari/537.36"
213.47.157.214 - - [07/Nov/2017:10:36:32 +0100] "GET /gui/javascript/form_form.js?1510047392 HTTP/1.1" 200 16206 "http://ed.activities.at/entry.php?id=10271&&ser=47331" "Mozilla/5.0 (Windows NT 6.1; Win64; x64) AppleWebKit/537.36 (KHTML, like Gecko) Chrome/61.0.3163.100 Safari/537.36"
88.117.208.86 - - [07/Nov/2017:10:36:44 +0100] "GET /entry.php?id=10271&&ser=47344 HTTP/1.1" 200 986 "http://easydrivers.activities.at/entry.php?id=10271&&ser=47283" "Mozilla/5.0 (Windows NT 6.1; Win64; x64) AppleWebKit/537.36 (KHTML, like Gecko) Chrome/61.0.3163.100 Safari/537.36"
88.117.208.86 - - [07/Nov/2017:10:36:44 +0100] "GET /gui/javascript/form_form.js?1510047404 HTTP/1.1" 200 16206 "http://easydrivers.activities.at/entry.php?id=10271&&ser=47344" "Mozilla/5.0 (Windows NT 6.1; Win64; x64) AppleWebKit/537.36 (KHTML, like Gecko) Chrome/61.0.3163.100 Safari/537.36"
213.47.157.214 - - [07/Nov/2017:10:37:32 +0100] "GET /entry.php?id=10271&&ser=47392 HTTP/1.1" 200 986 "http://ed.activities.at/entry.php?id=10271&&ser=47331" "Mozilla/5.0 (Windows NT 6.1; Win64; x64) AppleWebKit/537.36 (KHTML, like Gecko) Chrome/61.0.3163.100 Safari/537.36"
213.47.157.214 - - [07/Nov/2017:10:37:32 +0100] "GET /gui/javascript/form_form.js?1510047452 HTTP/1.1" 200 16206 "http://ed.activities.at/entry.php?id=10271&&ser=47392" "Mozilla/5.0 (Windows NT 6.1; Win64; x64) AppleWebKit/537.36 (KHTML, like Gecko) Chrome/61.0.3163.100 Safari/537.36"
88.117.208.86 - - [07/Nov/2017:10:37:44 +0100] "GET /entry.php?id=10271&&ser=47404 HTTP/1.1" 200 988 "http://easydrivers.activities.at/entry.php?id=10271&&ser=47344" "Mozilla/5.0 (Windows NT 6.1; Win64; x64) AppleWebKit/537.36 (KHTML, like Gecko) Chrome/61.0.3163.100 Safari/537.36"
88.117.208.86 - - [07/Nov/2017:10:37:45 +0100] "GET /gui/javascript/form_form.js?1510047465 HTTP/1.1" 200 16206 "http://easydrivers.activities.at/entry.php?id=10271&&ser=47404" "Mozilla/5.0 (Windows NT 6.1; Win64; x64) AppleWebKit/537.36 (KHTML, like Gecko) Chrome/61.0.3163.100 Safari/537.36"
213.47.157.214 - - [07/Nov/2017:10:38:33 +0100] "GET /entry.php?id=10271&&ser=47452 HTTP/1.1" 200 986 "http://ed.activities.at/entry.php?id=10271&&ser=47392" "Mozilla/5.0 (Windows NT 6.1; Win64; x64) AppleWebKit/537.36 (KHTML, like Gecko) Chrome/61.0.3163.100 Safari/537.36"
213.47.157.214 - - [07/Nov/2017:10:38:33 +0100] "GET /gui/javascript/form_form.js?1510047513 HTTP/1.1" 200 16206 "http://ed.activities.at/entry.php?id=10271&&ser=47452" "Mozilla/5.0 (Windows NT 6.1; Win64; x64) AppleWebKit/537.36 (KHTML, like Gecko) Chrome/61.0.3163.100 Safari/537.36"
88.117.208.86 - - [07/Nov/2017:10:38:45 +0100] "GET /entry.php?id=10271&&ser=47464 HTTP/1.1" 200 987 "http://easydrivers.activities.at/entry.php?id=10271&&ser=47404" "Mozilla/5.0 (Windows NT 6.1; Win64; x64) AppleWebKit/537.36 (KHTML, like Gecko) Chrome/61.0.3163.100 Safari/537.36"
88.117.208.86 - - [07/Nov/2017:10:38:45 +0100] "GET /gui/javascript/form_form.js?1510047525 HTTP/1.1" 200 16206 "http://easydrivers.activities.at/entry.php?id=10271&&ser=47464" "Mozilla/5.0 (Windows NT 6.1; Win64; x64) AppleWebKit/537.36 (KHTML, like Gecko) Chrome/61.0.3163.100 Safari/537.36"
213.47.157.214 - - [07/Nov/2017:10:39:33 +0100] "GET /entry.php?id=10271&&ser=47513 HTTP/1.1" 200 986 "http://ed.activities.at/entry.php?id=10271&&ser=47452" "Mozilla/5.0 (Windows NT 6.1; Win64; x64) AppleWebKit/537.36 (KHTML, like Gecko) Chrome/61.0.3163.100 Safari/537.36"
213.47.157.214 - - [07/Nov/2017:10:39:33 +0100] "GET /gui/javascript/form_form.js?1510047573 HTTP/1.1" 200 16206 "http://ed.activities.at/entry.php?id=10271&&ser=47513" "Mozilla/5.0 (Windows NT 6.1; Win64; x64) AppleWebKit/537.36 (KHTML, like Gecko) Chrome/61.0.3163.100 Safari/537.36"
88.117.208.86 - - [07/Nov/2017:10:39:45 +0100] "GET /entry.php?id=10271&&ser=47525 HTTP/1.1" 200 987 "http://easydrivers.activities.at/entry.php?id=10271&&ser=47464" "Mozilla/5.0 (Windows NT 6.1; Win64; x64) AppleWebKit/537.36 (KHTML, like Gecko) Chrome/61.0.3163.100 Safari/537.36"
88.117.208.86 - - [07/Nov/2017:10:39:45 +0100] "GET /gui/javascript/form_form.js?1510047585 HTTP/1.1" 200 16206 "http://easydrivers.activities.at/entry.php?id=10271&&ser=47525" "Mozilla/5.0 (Windows NT 6.1; Win64; x64) AppleWebKit/537.36 (KHTML, like Gecko) Chrome/61.0.3163.100 Safari/537.36"
213.47.157.214 - - [07/Nov/2017:10:40:34 +0100] "GET /entry.php?id=10271&&ser=47573 HTTP/1.1" 200 986 "http://ed.activities.at/entry.php?id=10271&&ser=47513" "Mozilla/5.0 (Windows NT 6.1; Win64; x64) AppleWebKit/537.36 (KHTML, like Gecko) Chrome/61.0.3163.100 Safari/537.36"
213.47.157.214 - - [07/Nov/2017:10:40:34 +0100] "GET /gui/javascript/form_form.js?1510047634 HTTP/1.1" 200 16206 "http://ed.activities.at/entry.php?id=10271&&ser=47573" "Mozilla/5.0 (Windows NT 6.1; Win64; x64) AppleWebKit/537.36 (KHTML, like Gecko) Chrome/61.0.3163.100 Safari/537.36"
88.117.208.86 - - [07/Nov/2017:10:40:46 +0100] "GET /entry.php?id=10271&&ser=47585 HTTP/1.1" 200 986 "http://easydrivers.activities.at/entry.php?id=10271&&ser=47525" "Mozilla/5.0 (Windows NT 6.1; Win64; x64) AppleWebKit/537.36 (KHTML, like Gecko) Chrome/61.0.3163.100 Safari/537.36"
88.117.208.86 - - [07/Nov/2017:10:40:46 +0100] "GET /gui/javascript/form_form.js?1510047646 HTTP/1.1" 200 16206 "http://easydrivers.activities.at/entry.php?id=10271&&ser=47585" "Mozilla/5.0 (Windows NT 6.1; Win64; x64) AppleWebKit/537.36 (KHTML, like Gecko) Chrome/61.0.3163.100 Safari/537.36"
213.47.157.214 - - [07/Nov/2017:10:41:34 +0100] "GET /entry.php?id=10271&&ser=47634 HTTP/1.1" 200 986 "http://ed.activities.at/entry.php?id=10271&&ser=47573" "Mozilla/5.0 (Windows NT 6.1; Win64; x64) AppleWebKit/537.36 (KHTML, like Gecko) Chrome/61.0.3163.100 Safari/537.36"
213.47.157.214 - - [07/Nov/2017:10:41:34 +0100] "GET /gui/javascript/form_form.js?1510047694 HTTP/1.1" 200 16206 "http://ed.activities.at/entry.php?id=10271&&ser=47634" "Mozilla/5.0 (Windows NT 6.1; Win64; x64) AppleWebKit/537.36 (KHTML, like Gecko) Chrome/61.0.3163.100 Safari/537.36"
88.117.208.86 - - [07/Nov/2017:10:41:46 +0100] "GET /entry.php?id=10271&&ser=47646 HTTP/1.1" 200 986 "http://easydrivers.activities.at/entry.php?id=10271&&ser=47585" "Mozilla/5.0 (Windows NT 6.1; Win64; x64) AppleWebKit/537.36 (KHTML, like Gecko) Chrome/61.0.3163.100 Safari/537.36"
88.117.208.86 - - [07/Nov/2017:10:41:46 +0100] "GET /gui/javascript/form_form.js?1510047706 HTTP/1.1" 200 16206 "http://easydrivers.activities.at/entry.php?id=10271&&ser=47646" "Mozilla/5.0 (Windows NT 6.1; Win64; x64) AppleWebKit/537.36 (KHTML, like Gecko) Chrome/61.0.3163.100 Safari/537.36"
213.47.157.214 - - [07/Nov/2017:10:42:35 +0100] "GET /entry.php?id=10271&&ser=47694 HTTP/1.1" 200 987 "http://ed.activities.at/entry.php?id=10271&&ser=47634" "Mozilla/5.0 (Windows NT 6.1; Win64; x64) AppleWebKit/537.36 (KHTML, like Gecko) Chrome/61.0.3163.100 Safari/537.36"
