213.225.14.146 - - [14/Nov/2017:12:06:03 +0100] "POST /entry.php?id=10287& HTTP/1.1" 200 2279 "http://easydrivers.activities.at/entry.php?id=10287&login=1" "Mozilla/5.0 (Windows NT 10.0; WOW64; Trident/7.0; Touch; rv:11.0) like Gecko"
213.225.14.146 - - [14/Nov/2017:12:06:03 +0100] "GET /gui/javascript/form_form.js?1510657563 HTTP/1.1" 200 16206 "http://easydrivers.activities.at/entry.php?id=10287&" "Mozilla/5.0 (Windows NT 10.0; WOW64; Trident/7.0; Touch; rv:11.0) like Gecko"
213.225.14.146 - - [14/Nov/2017:12:06:04 +0100] "GET /entry.php?id=10271&&ser=657446 HTTP/1.1" 200 986 "http://easydrivers.activities.at/entry.php?id=10271&&ser=657385" "Mozilla/5.0 (Windows NT 10.0; WOW64; Trident/7.0; Touch; rv:11.0) like Gecko"
213.225.14.146 - - [14/Nov/2017:12:06:04 +0100] "GET /gui/javascript/jquery/css/gui-themes/custom.min.css HTTP/1.1" 304 - "http://easydrivers.activities.at/entry.php?id=10271&&ser=657446" "Mozilla/5.0 (Windows NT 10.0; WOW64; Trident/7.0; Touch; rv:11.0) like Gecko"
213.225.14.146 - - [14/Nov/2017:12:06:04 +0100] "GET /gui/javascript/jquery/css/gui-themes/ui.spinner.css HTTP/1.1" 304 - "http://easydrivers.activities.at/entry.php?id=10271&&ser=657446" "Mozilla/5.0 (Windows NT 10.0; WOW64; Trident/7.0; Touch; rv:11.0) like Gecko"
213.225.14.146 - - [14/Nov/2017:12:06:04 +0100] "GET /gui/javascript/jquery/css/gui-themes/jquery.tooltip.css HTTP/1.1" 304 - "http://easydrivers.activities.at/entry.php?id=10271&&ser=657446" "Mozilla/5.0 (Windows NT 10.0; WOW64; Trident/7.0; Touch; rv:11.0) like Gecko"
213.225.14.146 - - [14/Nov/2017:12:06:04 +0100] "GET /gui/styles/tmplDefault.css HTTP/1.1" 304 - "http://easydrivers.activities.at/entry.php?id=10271&&ser=657446" "Mozilla/5.0 (Windows NT 10.0; WOW64; Trident/7.0; Touch; rv:11.0) like Gecko"
213.225.14.146 - - [14/Nov/2017:12:06:04 +0100] "GET /gui/javascript/form_form.js?1510657564 HTTP/1.1" 200 16206 "http://easydrivers.activities.at/entry.php?id=10271&&ser=657446" "Mozilla/5.0 (Windows NT 10.0; WOW64; Trident/7.0; Touch; rv:11.0) like Gecko"
213.225.14.146 - - [14/Nov/2017:12:06:04 +0100] "GET /gui/javascript/jquery/js/jquery-1.8.2.js HTTP/1.1" 304 - "http://easydrivers.activities.at/entry.php?id=10271&&ser=657446" "Mozilla/5.0 (Windows NT 10.0; WOW64; Trident/7.0; Touch; rv:11.0) like Gecko"
213.225.14.146 - - [14/Nov/2017:12:06:04 +0100] "GET /gui/javascript/jquery/js/jquery-ui-1.9.0.custom.min.js HTTP/1.1" 304 - "http://easydrivers.activities.at/entry.php?id=10271&&ser=657446" "Mozilla/5.0 (Windows NT 10.0; WOW64; Trident/7.0; Touch; rv:11.0) like Gecko"
213.225.14.146 - - [14/Nov/2017:12:06:04 +0100] "GET /gui/javascript/jquery/jquery-tooltip/jquery.tooltip.min.js HTTP/1.1" 304 - "http://easydrivers.activities.at/entry.php?id=10271&&ser=657446" "Mozilla/5.0 (Windows NT 10.0; WOW64; Trident/7.0; Touch; rv:11.0) like Gecko"
213.225.14.146 - - [14/Nov/2017:12:06:06 +0100] "GET /entry.php?id=11681 HTTP/1.1" 200 328 "http://easydrivers.activities.at/entry.php?id=11412" "Mozilla/5.0 (Windows NT 10.0; WOW64; Trident/7.0; Touch; rv:11.0) like Gecko"
213.225.14.146 - - [14/Nov/2017:12:06:06 +0100] "GET /entry.php?id=10676&&title=Contentverwaltung HTTP/1.1" 200 1392 "http://easydrivers.activities.at/entry.php?id=11681" "Mozilla/5.0 (Windows NT 10.0; WOW64; Trident/7.0; Touch; rv:11.0) like Gecko"
213.225.14.146 - - [14/Nov/2017:12:06:06 +0100] "GET /gui/javascript/form_form.js?1510657566 HTTP/1.1" 200 16206 "http://easydrivers.activities.at/entry.php?id=10676&&title=Contentverwaltung" "Mozilla/5.0 (Windows NT 10.0; WOW64; Trident/7.0; Touch; rv:11.0) like Gecko"
213.225.14.146 - - [14/Nov/2017:12:06:06 +0100] "GET /entry.php?id=11683& HTTP/1.1" 200 2680 "http://easydrivers.activities.at/entry.php?id=11681" "Mozilla/5.0 (Windows NT 10.0; WOW64; Trident/7.0; Touch; rv:11.0) like Gecko"
213.225.14.146 - - [14/Nov/2017:12:06:06 +0100] "GET /entry.php?id=11684& HTTP/1.1" 200 3803 "http://easydrivers.activities.at/entry.php?id=11681" "Mozilla/5.0 (Windows NT 10.0; WOW64; Trident/7.0; Touch; rv:11.0) like Gecko"
213.225.14.146 - - [14/Nov/2017:12:06:07 +0100] "GET /gui/javascript/form_form.js?1510657567 HTTP/1.1" 200 16206 "http://easydrivers.activities.at/entry.php?id=11684&" "Mozilla/5.0 (Windows NT 10.0; WOW64; Trident/7.0; Touch; rv:11.0) like Gecko"
213.225.14.146 - - [14/Nov/2017:12:06:07 +0100] "GET /entry.php?id=10776&form=11508&name=list& HTTP/1.1" 200 1894 "http://easydrivers.activities.at/entry.php?id=11683&" "Mozilla/5.0 (Windows NT 10.0; WOW64; Trident/7.0; Touch; rv:11.0) like Gecko"
213.225.14.146 - - [14/Nov/2017:12:06:07 +0100] "GET /entry.php?id=10778&form=11508&name=list& HTTP/1.1" 200 3720 "http://easydrivers.activities.at/entry.php?id=11683&" "Mozilla/5.0 (Windows NT 10.0; WOW64; Trident/7.0; Touch; rv:11.0) like Gecko"
213.225.14.146 - - [14/Nov/2017:12:06:10 +0100] "POST /entry.php?id=11684 HTTP/1.1" 200 3967 "http://easydrivers.activities.at/entry.php?id=11684&" "Mozilla/5.0 (Windows NT 10.0; WOW64; Trident/7.0; Touch; rv:11.0) like Gecko"
213.225.14.146 - - [14/Nov/2017:12:06:11 +0100] "GET /gui/javascript/form_form.js?1510657571 HTTP/1.1" 200 16206 "http://easydrivers.activities.at/entry.php?id=11684" "Mozilla/5.0 (Windows NT 10.0; WOW64; Trident/7.0; Touch; rv:11.0) like Gecko"
213.225.14.146 - - [14/Nov/2017:12:06:12 +0100] "POST /entry.php?id=11684 HTTP/1.1" 200 3387 "http://easydrivers.activities.at/entry.php?id=11684" "Mozilla/5.0 (Windows NT 10.0; WOW64; Trident/7.0; Touch; rv:11.0) like Gecko"
213.225.14.146 - - [14/Nov/2017:12:06:13 +0100] "GET /gui/javascript/form_form.js?1510657573 HTTP/1.1" 200 16206 "http://easydrivers.activities.at/entry.php?id=11684" "Mozilla/5.0 (Windows NT 10.0; WOW64; Trident/7.0; Touch; rv:11.0) like Gecko"
213.225.14.146 - - [14/Nov/2017:12:06:14 +0100] "GET /framework/webfx/javascript/tinymce/skins/lightgray/content.min.css HTTP/1.1" 404 330 "http://easydrivers.activities.at/entry.php?id=11684" "Mozilla/5.0 (Windows NT 10.0; WOW64; Trident/7.0; Touch; rv:11.0) like Gecko"
90.146.6.198 - - [14/Nov/2017:12:06:48 +0100] "POST /entry.php?id=11676 HTTP/1.1" 200 3556 "http://easydrivers.activities.at/entry.php?id=11676" "Mozilla/5.0 (Windows NT 10.0; WOW64; Trident/7.0; Touch; MALCJS; rv:11.0) like Gecko"
90.146.6.198 - - [14/Nov/2017:12:06:49 +0100] "GET /gui/javascript/form_form.js?1510657609 HTTP/1.1" 200 16206 "http://easydrivers.activities.at/entry.php?id=11676" "Mozilla/5.0 (Windows NT 10.0; WOW64; Trident/7.0; Touch; MALCJS; rv:11.0) like Gecko"
90.146.6.198 - - [14/Nov/2017:12:06:49 +0100] "GET /framework/webfx/javascript/tinymce/skins/lightgray/content.min.css HTTP/1.1" 404 330 "http://easydrivers.activities.at/entry.php?id=11676" "Mozilla/5.0 (Windows NT 10.0; WOW64; Trident/7.0; Touch; MALCJS; rv:11.0) like Gecko"
90.146.6.198 - - [14/Nov/2017:12:06:50 +0100] "GET /entry.php?id=10271&&ser=657550 HTTP/1.1" 200 985 "http://easydrivers.activities.at/entry.php?id=10271&&ser=657490" "Mozilla/5.0 (Windows NT 10.0; WOW64; Trident/7.0; Touch; MALCJS; rv:11.0) like Gecko"
90.146.6.198 - - [14/Nov/2017:12:06:51 +0100] "GET /gui/javascript/form_form.js?1510657611 HTTP/1.1" 200 16206 "http://easydrivers.activities.at/entry.php?id=10271&&ser=657550" "Mozilla/5.0 (Windows NT 10.0; WOW64; Trident/7.0; Touch; MALCJS; rv:11.0) like Gecko"
90.146.6.198 - - [14/Nov/2017:12:06:52 +0100] "POST /entry.php?id=11676 HTTP/1.1" 200 4632 "http://easydrivers.activities.at/entry.php?id=11676" "Mozilla/5.0 (Windows NT 10.0; WOW64; Trident/7.0; Touch; MALCJS; rv:11.0) like Gecko"
90.146.6.198 - - [14/Nov/2017:12:06:53 +0100] "GET /gui/javascript/form_form.js?1510657613 HTTP/1.1" 200 16206 "http://easydrivers.activities.at/entry.php?id=11676" "Mozilla/5.0 (Windows NT 10.0; WOW64; Trident/7.0; Touch; MALCJS; rv:11.0) like Gecko"
213.225.14.146 - - [14/Nov/2017:12:07:05 +0100] "GET /entry.php?id=10271&&ser=657564 HTTP/1.1" 200 986 "http://easydrivers.activities.at/entry.php?id=10271&&ser=657446" "Mozilla/5.0 (Windows NT 10.0; WOW64; Trident/7.0; Touch; rv:11.0) like Gecko"
213.225.14.146 - - [14/Nov/2017:12:07:05 +0100] "GET /gui/javascript/form_form.js?1510657625 HTTP/1.1" 200 16206 "http://easydrivers.activities.at/entry.php?id=10271&&ser=657564" "Mozilla/5.0 (Windows NT 10.0; WOW64; Trident/7.0; Touch; rv:11.0) like Gecko"
90.146.6.198 - - [14/Nov/2017:12:07:07 +0100] "POST /entry.php?id=11676 HTTP/1.1" 200 3204 "http://easydrivers.activities.at/entry.php?id=11676" "Mozilla/5.0 (Windows NT 10.0; WOW64; Trident/7.0; Touch; MALCJS; rv:11.0) like Gecko"
90.146.6.198 - - [14/Nov/2017:12:07:07 +0100] "GET /gui/javascript/form_form.js?1510657627 HTTP/1.1" 200 16206 "http://easydrivers.activities.at/entry.php?id=11676" "Mozilla/5.0 (Windows NT 10.0; WOW64; Trident/7.0; Touch; MALCJS; rv:11.0) like Gecko"
90.146.6.198 - - [14/Nov/2017:12:07:08 +0100] "GET /framework/webfx/javascript/tinymce/skins/lightgray/content.min.css HTTP/1.1" 404 330 "http://easydrivers.activities.at/entry.php?id=11676" "Mozilla/5.0 (Windows NT 10.0; WOW64; Trident/7.0; Touch; MALCJS; rv:11.0) like Gecko"
90.146.6.198 - - [14/Nov/2017:12:07:51 +0100] "GET /entry.php?id=10271&&ser=657611 HTTP/1.1" 200 985 "http://easydrivers.activities.at/entry.php?id=10271&&ser=657550" "Mozilla/5.0 (Windows NT 10.0; WOW64; Trident/7.0; Touch; MALCJS; rv:11.0) like Gecko"
90.146.6.198 - - [14/Nov/2017:12:07:51 +0100] "GET /gui/javascript/form_form.js?1510657671 HTTP/1.1" 200 16206 "http://easydrivers.activities.at/entry.php?id=10271&&ser=657611" "Mozilla/5.0 (Windows NT 10.0; WOW64; Trident/7.0; Touch; MALCJS; rv:11.0) like Gecko"
213.225.14.146 - - [14/Nov/2017:12:08:05 +0100] "GET /entry.php?id=10271&&ser=657625 HTTP/1.1" 200 986 "http://easydrivers.activities.at/entry.php?id=10271&&ser=657564" "Mozilla/5.0 (Windows NT 10.0; WOW64; Trident/7.0; Touch; rv:11.0) like Gecko"
213.225.14.146 - - [14/Nov/2017:12:08:06 +0100] "GET /gui/javascript/form_form.js?1510657685 HTTP/1.1" 200 16206 "http://easydrivers.activities.at/entry.php?id=10271&&ser=657625" "Mozilla/5.0 (Windows NT 10.0; WOW64; Trident/7.0; Touch; rv:11.0) like Gecko"
90.146.6.198 - - [14/Nov/2017:12:08:09 +0100] "POST /entry.php?id=11676 HTTP/1.1" 200 3577 "http://easydrivers.activities.at/entry.php?id=11676" "Mozilla/5.0 (Windows NT 10.0; WOW64; Trident/7.0; Touch; MALCJS; rv:11.0) like Gecko"
90.146.6.198 - - [14/Nov/2017:12:08:13 +0100] "GET /gui/javascript/form_form.js?1510657689 HTTP/1.1" 200 16206 "http://easydrivers.activities.at/entry.php?id=11676" "Mozilla/5.0 (Windows NT 10.0; WOW64; Trident/7.0; Touch; MALCJS; rv:11.0) like Gecko"
90.146.6.198 - - [14/Nov/2017:12:08:13 +0100] "GET /framework/webfx/javascript/tinymce/skins/lightgray/content.min.css HTTP/1.1" 404 330 "http://easydrivers.activities.at/entry.php?id=11676" "Mozilla/5.0 (Windows NT 10.0; WOW64; Trident/7.0; Touch; MALCJS; rv:11.0) like Gecko"
90.146.6.198 - - [14/Nov/2017:12:08:29 +0100] "POST /entry.php?id=11676 HTTP/1.1" 200 4632 "http://easydrivers.activities.at/entry.php?id=11676" "Mozilla/5.0 (Windows NT 10.0; WOW64; Trident/7.0; Touch; MALCJS; rv:11.0) like Gecko"
90.146.6.198 - - [14/Nov/2017:12:08:30 +0100] "GET /gui/javascript/form_form.js?1510657710 HTTP/1.1" 200 16206 "http://easydrivers.activities.at/entry.php?id=11676" "Mozilla/5.0 (Windows NT 10.0; WOW64; Trident/7.0; Touch; MALCJS; rv:11.0) like Gecko"
90.146.6.198 - - [14/Nov/2017:12:08:30 +0100] "GET /cache/emu/images/easy-drivers-perg10293286/fb-aktionjpg_270_141_0.jpg HTTP/1.1" 304 - "http://easydrivers.activities.at/entry.php?id=11676" "Mozilla/5.0 (Windows NT 10.0; WOW64; Trident/7.0; Touch; MALCJS; rv:11.0) like Gecko"
90.146.6.198 - - [14/Nov/2017:12:08:41 +0100] "POST /entry.php?id=11676 HTTP/1.1" 200 4924 "http://easydrivers.activities.at/entry.php?id=11676" "Mozilla/5.0 (Windows NT 10.0; WOW64; Trident/7.0; Touch; MALCJS; rv:11.0) like Gecko"
90.146.6.198 - - [14/Nov/2017:12:08:41 +0100] "GET /gui/javascript/form_form.js?1510657721 HTTP/1.1" 200 16206 "http://easydrivers.activities.at/entry.php?id=11676" "Mozilla/5.0 (Windows NT 10.0; WOW64; Trident/7.0; Touch; MALCJS; rv:11.0) like Gecko"
90.146.6.198 - - [14/Nov/2017:12:08:41 +0100] "GET /gui/images/icons/note_msg_icon.gif HTTP/1.1" 200 1022 "http://easydrivers.activities.at/entry.php?id=10778&form=11500&name=list&" "Mozilla/5.0 (Windows NT 10.0; WOW64; Trident/7.0; Touch; MALCJS; rv:11.0) like Gecko"
90.146.6.198 - - [14/Nov/2017:12:08:43 +0100] "POST /entry.php?id=11676 HTTP/1.1" 200 4909 "http://easydrivers.activities.at/entry.php?id=11676" "Mozilla/5.0 (Windows NT 10.0; WOW64; Trident/7.0; Touch; MALCJS; rv:11.0) like Gecko"
90.146.6.198 - - [14/Nov/2017:12:08:43 +0100] "GET /gui/javascript/form_form.js?1510657723 HTTP/1.1" 200 16206 "http://easydrivers.activities.at/entry.php?id=11676" "Mozilla/5.0 (Windows NT 10.0; WOW64; Trident/7.0; Touch; MALCJS; rv:11.0) like Gecko"
90.146.6.198 - - [14/Nov/2017:12:08:46 +0100] "GET /entry.php?id=11679 HTTP/1.1" 200 312 "http://easydrivers.activities.at/entry.php?id=11412" "Mozilla/5.0 (Windows NT 10.0; WOW64; Trident/7.0; Touch; MALCJS; rv:11.0) like Gecko"
90.146.6.198 - - [14/Nov/2017:12:08:46 +0100] "GET /entry.php?id=11678& HTTP/1.1" 200 3172 "http://easydrivers.activities.at/entry.php?id=11679" "Mozilla/5.0 (Windows NT 10.0; WOW64; Trident/7.0; Touch; MALCJS; rv:11.0) like Gecko"
90.146.6.198 - - [14/Nov/2017:12:08:47 +0100] "GET /activities/framework/KoolControls/KoolAjax/koolajax.php?8436e354c842500aba3cbaf0584c0c24 HTTP/1.1" 200 4079 "http://easydrivers.activities.at/entry.php?id=11678&" "Mozilla/5.0 (Windows NT 10.0; WOW64; Trident/7.0; Touch; MALCJS; rv:11.0) like Gecko"
90.146.6.198 - - [14/Nov/2017:12:08:47 +0100] "GET /gui/javascript/form_form.js?1510657726 HTTP/1.1" 200 16206 "http://easydrivers.activities.at/entry.php?id=11678&" "Mozilla/5.0 (Windows NT 10.0; WOW64; Trident/7.0; Touch; MALCJS; rv:11.0) like Gecko"
90.146.6.198 - - [14/Nov/2017:12:08:46 +0100] "GET /entry.php?id=10676&title=Portal& HTTP/1.1" 200 1387 "http://easydrivers.activities.at/entry.php?id=11679" "Mozilla/5.0 (Windows NT 10.0; WOW64; Trident/7.0; Touch; MALCJS; rv:11.0) like Gecko"
90.146.6.198 - - [14/Nov/2017:12:08:47 +0100] "GET /activities/framework/KoolControls/KoolTreeView/kooltreeview.php?c7cd9180e88ffef8e70f13526bb4f5f7 HTTP/1.1" 200 5055 "http://easydrivers.activities.at/entry.php?id=11678&" "Mozilla/5.0 (Windows NT 10.0; WOW64; Trident/7.0; Touch; MALCJS; rv:11.0) like Gecko"
90.146.6.198 - - [14/Nov/2017:12:08:47 +0100] "GET /gui/javascript/form_form.js?1510657727 HTTP/1.1" 200 16206 "http://easydrivers.activities.at/entry.php?id=10676&title=Portal&" "Mozilla/5.0 (Windows NT 10.0; WOW64; Trident/7.0; Touch; MALCJS; rv:11.0) like Gecko"
90.146.6.198 - - [14/Nov/2017:12:08:46 +0100] "GET /entry.php?id=11677& HTTP/1.1" 200 4374 "http://easydrivers.activities.at/entry.php?id=11679" "Mozilla/5.0 (Windows NT 10.0; WOW64; Trident/7.0; Touch; MALCJS; rv:11.0) like Gecko"
90.146.6.198 - - [14/Nov/2017:12:08:47 +0100] "GET /entry.php?id=11618&&object=&item=&emu_class= HTTP/1.1" 200 1699 "http://easydrivers.activities.at/entry.php?id=11677&" "Mozilla/5.0 (Windows NT 10.0; WOW64; Trident/7.0; Touch; MALCJS; rv:11.0) like Gecko"
90.146.6.198 - - [14/Nov/2017:12:08:48 +0100] "POST /entry.php?id=11677 HTTP/1.1" 200 4410 "http://easydrivers.activities.at/entry.php?id=11677&" "Mozilla/5.0 (Windows NT 10.0; WOW64; Trident/7.0; Touch; MALCJS; rv:11.0) like Gecko"
90.146.6.198 - - [14/Nov/2017:12:08:49 +0100] "GET /gui/javascript/form_form.js?1510657729 HTTP/1.1" 200 16206 "http://easydrivers.activities.at/entry.php?id=11677" "Mozilla/5.0 (Windows NT 10.0; WOW64; Trident/7.0; Touch; MALCJS; rv:11.0) like Gecko"
90.146.6.198 - - [14/Nov/2017:12:08:51 +0100] "POST /entry.php?id=11677 HTTP/1.1" 200 3219 "http://easydrivers.activities.at/entry.php?id=11677" "Mozilla/5.0 (Windows NT 10.0; WOW64; Trident/7.0; Touch; MALCJS; rv:11.0) like Gecko"
90.146.6.198 - - [14/Nov/2017:12:08:51 +0100] "GET /gui/javascript/form_form.js?1510657731 HTTP/1.1" 200 16206 "http://easydrivers.activities.at/entry.php?id=11677" "Mozilla/5.0 (Windows NT 10.0; WOW64; Trident/7.0; Touch; MALCJS; rv:11.0) like Gecko"
90.146.6.198 - - [14/Nov/2017:12:08:51 +0100] "GET /entry.php?id=10776&form=11502&name=list& HTTP/1.1" 200 1475 "http://easydrivers.activities.at/entry.php?id=11677" "Mozilla/5.0 (Windows NT 10.0; WOW64; Trident/7.0; Touch; MALCJS; rv:11.0) like Gecko"
90.146.6.198 - - [14/Nov/2017:12:08:51 +0100] "GET /entry.php?id=10778&form=11502&name=list& HTTP/1.1" 200 3842 "http://easydrivers.activities.at/entry.php?id=11677" "Mozilla/5.0 (Windows NT 10.0; WOW64; Trident/7.0; Touch; MALCJS; rv:11.0) like Gecko"
90.146.6.198 - - [14/Nov/2017:12:08:52 +0100] "GET /entry.php?id=10271&&ser=657671 HTTP/1.1" 200 986 "http://easydrivers.activities.at/entry.php?id=10271&&ser=657611" "Mozilla/5.0 (Windows NT 10.0; WOW64; Trident/7.0; Touch; MALCJS; rv:11.0) like Gecko"
90.146.6.198 - - [14/Nov/2017:12:08:52 +0100] "GET /gui/javascript/form_form.js?1510657732 HTTP/1.1" 200 16206 "http://easydrivers.activities.at/entry.php?id=10271&&ser=657671" "Mozilla/5.0 (Windows NT 10.0; WOW64; Trident/7.0; Touch; MALCJS; rv:11.0) like Gecko"
90.146.6.198 - - [14/Nov/2017:12:08:59 +0100] "POST /entry.php?id=11677 HTTP/1.1" 200 3310 "http://easydrivers.activities.at/entry.php?id=10778&form=11502&name=list&" "Mozilla/5.0 (Windows NT 10.0; WOW64; Trident/7.0; Touch; MALCJS; rv:11.0) like Gecko"
90.146.6.198 - - [14/Nov/2017:12:08:59 +0100] "GET /gui/javascript/form_form.js?1510657739 HTTP/1.1" 200 16206 "http://easydrivers.activities.at/entry.php?id=11677" "Mozilla/5.0 (Windows NT 10.0; WOW64; Trident/7.0; Touch; MALCJS; rv:11.0) like Gecko"
90.146.6.198 - - [14/Nov/2017:12:08:59 +0100] "GET /entry.php?id=10776&form=11502&name=list& HTTP/1.1" 200 1475 "http://easydrivers.activities.at/entry.php?id=11677" "Mozilla/5.0 (Windows NT 10.0; WOW64; Trident/7.0; Touch; MALCJS; rv:11.0) like Gecko"
90.146.6.198 - - [14/Nov/2017:12:08:59 +0100] "GET /entry.php?id=10778&form=11502&name=list& HTTP/1.1" 200 3837 "http://easydrivers.activities.at/entry.php?id=11677" "Mozilla/5.0 (Windows NT 10.0; WOW64; Trident/7.0; Touch; MALCJS; rv:11.0) like Gecko"
90.146.6.198 - - [14/Nov/2017:12:09:03 +0100] "POST /entry.php?id=11677 HTTP/1.1" 200 4415 "http://easydrivers.activities.at/entry.php?id=11677" "Mozilla/5.0 (Windows NT 10.0; WOW64; Trident/7.0; Touch; MALCJS; rv:11.0) like Gecko"
90.146.6.198 - - [14/Nov/2017:12:09:03 +0100] "GET /gui/javascript/form_form.js?1510657743 HTTP/1.1" 200 16206 "http://easydrivers.activities.at/entry.php?id=11677" "Mozilla/5.0 (Windows NT 10.0; WOW64; Trident/7.0; Touch; MALCJS; rv:11.0) like Gecko"
90.146.6.198 - - [14/Nov/2017:12:09:06 +0100] "POST /entry.php?id=11678 HTTP/1.1" 200 3224 "http://easydrivers.activities.at/entry.php?id=11678&" "Mozilla/5.0 (Windows NT 10.0; WOW64; Trident/7.0; Touch; MALCJS; rv:11.0) like Gecko"
90.146.6.198 - - [14/Nov/2017:12:09:06 +0100] "GET /gui/javascript/form_form.js?1510657746 HTTP/1.1" 200 16206 "http://easydrivers.activities.at/entry.php?id=11678" "Mozilla/5.0 (Windows NT 10.0; WOW64; Trident/7.0; Touch; MALCJS; rv:11.0) like Gecko"
90.146.6.198 - - [14/Nov/2017:12:09:06 +0100] "GET /activities/framework/KoolControls/KoolAjax/koolajax.php?8436e354c842500aba3cbaf0584c0c24 HTTP/1.1" 200 4079 "http://easydrivers.activities.at/entry.php?id=11678" "Mozilla/5.0 (Windows NT 10.0; WOW64; Trident/7.0; Touch; MALCJS; rv:11.0) like Gecko"
213.225.14.146 - - [14/Nov/2017:12:09:06 +0100] "GET /entry.php?id=10271&&ser=657685 HTTP/1.1" 200 986 "http://easydrivers.activities.at/entry.php?id=10271&&ser=657625" "Mozilla/5.0 (Windows NT 10.0; WOW64; Trident/7.0; Touch; rv:11.0) like Gecko"
90.146.6.198 - - [14/Nov/2017:12:09:06 +0100] "GET /activities/framework/KoolControls/KoolTreeView/kooltreeview.php?c7cd9180e88ffef8e70f13526bb4f5f7 HTTP/1.1" 200 5055 "http://easydrivers.activities.at/entry.php?id=11678" "Mozilla/5.0 (Windows NT 10.0; WOW64; Trident/7.0; Touch; MALCJS; rv:11.0) like Gecko"
213.225.14.146 - - [14/Nov/2017:12:09:06 +0100] "GET /gui/javascript/form_form.js?1510657746 HTTP/1.1" 200 16206 "http://easydrivers.activities.at/entry.php?id=10271&&ser=657685" "Mozilla/5.0 (Windows NT 10.0; WOW64; Trident/7.0; Touch; rv:11.0) like Gecko"
90.146.6.198 - - [14/Nov/2017:12:09:07 +0100] "POST /entry.php?id=11677 HTTP/1.1" 200 4410 "http://easydrivers.activities.at/entry.php?id=11677" "Mozilla/5.0 (Windows NT 10.0; WOW64; Trident/7.0; Touch; MALCJS; rv:11.0) like Gecko"
90.146.6.198 - - [14/Nov/2017:12:09:08 +0100] "GET /gui/javascript/form_form.js?1510657748 HTTP/1.1" 200 16206 "http://easydrivers.activities.at/entry.php?id=11677" "Mozilla/5.0 (Windows NT 10.0; WOW64; Trident/7.0; Touch; MALCJS; rv:11.0) like Gecko"
90.146.6.198 - - [14/Nov/2017:12:09:52 +0100] "GET /entry.php?id=10271&&ser=657732 HTTP/1.1" 200 986 "http://easydrivers.activities.at/entry.php?id=10271&&ser=657671" "Mozilla/5.0 (Windows NT 10.0; WOW64; Trident/7.0; Touch; MALCJS; rv:11.0) like Gecko"
90.146.6.198 - - [14/Nov/2017:12:09:52 +0100] "GET /gui/javascript/form_form.js?1510657792 HTTP/1.1" 200 16206 "http://easydrivers.activities.at/entry.php?id=10271&&ser=657732" "Mozilla/5.0 (Windows NT 10.0; WOW64; Trident/7.0; Touch; MALCJS; rv:11.0) like Gecko"
213.225.14.146 - - [14/Nov/2017:12:10:07 +0100] "GET /entry.php?id=10271&&ser=657746 HTTP/1.1" 200 986 "http://easydrivers.activities.at/entry.php?id=10271&&ser=657685" "Mozilla/5.0 (Windows NT 10.0; WOW64; Trident/7.0; Touch; rv:11.0) like Gecko"
213.225.14.146 - - [14/Nov/2017:12:10:07 +0100] "GET /gui/javascript/form_form.js?1510657807 HTTP/1.1" 200 16206 "http://easydrivers.activities.at/entry.php?id=10271&&ser=657746" "Mozilla/5.0 (Windows NT 10.0; WOW64; Trident/7.0; Touch; rv:11.0) like Gecko"
90.146.6.198 - - [14/Nov/2017:12:10:28 +0100] "GET /entry.php?id=11674 HTTP/1.1" 200 321 "http://easydrivers.activities.at/entry.php?id=11412" "Mozilla/5.0 (Windows NT 10.0; WOW64; Trident/7.0; Touch; MALCJS; rv:11.0) like Gecko"
90.146.6.198 - - [14/Nov/2017:12:10:28 +0100] "GET /entry.php?id=10676&&title=Aktionen HTTP/1.1" 200 1388 "http://easydrivers.activities.at/entry.php?id=11674" "Mozilla/5.0 (Windows NT 10.0; WOW64; Trident/7.0; Touch; MALCJS; rv:11.0) like Gecko"
90.146.6.198 - - [14/Nov/2017:12:10:29 +0100] "GET /gui/javascript/form_form.js?1510657828 HTTP/1.1" 200 16206 "http://easydrivers.activities.at/entry.php?id=10676&&title=Aktionen" "Mozilla/5.0 (Windows NT 10.0; WOW64; Trident/7.0; Touch; MALCJS; rv:11.0) like Gecko"
90.146.6.198 - - [14/Nov/2017:12:10:28 +0100] "GET /entry.php?id=11676& HTTP/1.1" 200 4381 "http://easydrivers.activities.at/entry.php?id=11674" "Mozilla/5.0 (Windows NT 10.0; WOW64; Trident/7.0; Touch; MALCJS; rv:11.0) like Gecko"
90.146.6.198 - - [14/Nov/2017:12:10:29 +0100] "GET /gui/javascript/form_form.js?1510657829 HTTP/1.1" 200 16206 "http://easydrivers.activities.at/entry.php?id=11676&" "Mozilla/5.0 (Windows NT 10.0; WOW64; Trident/7.0; Touch; MALCJS; rv:11.0) like Gecko"
90.146.6.198 - - [14/Nov/2017:12:10:28 +0100] "GET /entry.php?id=11675& HTTP/1.1" 200 2692 "http://easydrivers.activities.at/entry.php?id=11674" "Mozilla/5.0 (Windows NT 10.0; WOW64; Trident/7.0; Touch; MALCJS; rv:11.0) like Gecko"
90.146.6.198 - - [14/Nov/2017:12:10:29 +0100] "GET /entry.php?id=10778&form=11500&name=list& HTTP/1.1" 200 3146 "http://easydrivers.activities.at/entry.php?id=11675&" "Mozilla/5.0 (Windows NT 10.0; WOW64; Trident/7.0; Touch; MALCJS; rv:11.0) like Gecko"
90.146.6.198 - - [14/Nov/2017:12:10:29 +0100] "GET /entry.php?id=10776&form=11500&name=list& HTTP/1.1" 200 2450 "http://easydrivers.activities.at/entry.php?id=11675&" "Mozilla/5.0 (Windows NT 10.0; WOW64; Trident/7.0; Touch; MALCJS; rv:11.0) like Gecko"
90.146.6.198 - - [14/Nov/2017:12:10:32 +0100] "POST /entry.php?id=11676 HTTP/1.1" 200 4620 "http://easydrivers.activities.at/entry.php?id=11676&" "Mozilla/5.0 (Windows NT 10.0; WOW64; Trident/7.0; Touch; MALCJS; rv:11.0) like Gecko"
90.146.6.198 - - [14/Nov/2017:12:10:32 +0100] "GET /gui/javascript/form_form.js?1510657832 HTTP/1.1" 200 16206 "http://easydrivers.activities.at/entry.php?id=11676" "Mozilla/5.0 (Windows NT 10.0; WOW64; Trident/7.0; Touch; MALCJS; rv:11.0) like Gecko"
90.146.6.198 - - [14/Nov/2017:12:10:45 +0100] "POST /entry.php?id=11676 HTTP/1.1" 200 4932 "http://easydrivers.activities.at/entry.php?id=11676" "Mozilla/5.0 (Windows NT 10.0; WOW64; Trident/7.0; Touch; MALCJS; rv:11.0) like Gecko"
90.146.6.198 - - [14/Nov/2017:12:10:46 +0100] "GET /gui/javascript/form_form.js?1510657845 HTTP/1.1" 200 16206 "http://easydrivers.activities.at/entry.php?id=11676" "Mozilla/5.0 (Windows NT 10.0; WOW64; Trident/7.0; Touch; MALCJS; rv:11.0) like Gecko"
90.146.6.198 - - [14/Nov/2017:12:10:50 +0100] "POST /entry.php?id=11676 HTTP/1.1" 200 4911 "http://easydrivers.activities.at/entry.php?id=11676" "Mozilla/5.0 (Windows NT 10.0; WOW64; Trident/7.0; Touch; MALCJS; rv:11.0) like Gecko"
90.146.6.198 - - [14/Nov/2017:12:10:51 +0100] "GET /gui/javascript/form_form.js?1510657851 HTTP/1.1" 200 16206 "http://easydrivers.activities.at/entry.php?id=11676" "Mozilla/5.0 (Windows NT 10.0; WOW64; Trident/7.0; Touch; MALCJS; rv:11.0) like Gecko"
90.146.6.198 - - [14/Nov/2017:12:10:52 +0100] "GET /entry.php?id=10271&&ser=657792 HTTP/1.1" 200 986 "http://easydrivers.activities.at/entry.php?id=10271&&ser=657732" "Mozilla/5.0 (Windows NT 10.0; WOW64; Trident/7.0; Touch; MALCJS; rv:11.0) like Gecko"
90.146.6.198 - - [14/Nov/2017:12:10:53 +0100] "GET /gui/javascript/form_form.js?1510657853 HTTP/1.1" 200 16206 "http://easydrivers.activities.at/entry.php?id=10271&&ser=657792" "Mozilla/5.0 (Windows NT 10.0; WOW64; Trident/7.0; Touch; MALCJS; rv:11.0) like Gecko"
213.225.14.146 - - [14/Nov/2017:12:11:08 +0100] "GET /entry.php?id=10271&&ser=657807 HTTP/1.1" 200 986 "http://easydrivers.activities.at/entry.php?id=10271&&ser=657746" "Mozilla/5.0 (Windows NT 10.0; WOW64; Trident/7.0; Touch; rv:11.0) like Gecko"
213.225.14.146 - - [14/Nov/2017:12:11:08 +0100] "GET /gui/javascript/form_form.js?1510657868 HTTP/1.1" 200 16206 "http://easydrivers.activities.at/entry.php?id=10271&&ser=657807" "Mozilla/5.0 (Windows NT 10.0; WOW64; Trident/7.0; Touch; rv:11.0) like Gecko"
90.146.6.198 - - [14/Nov/2017:12:11:26 +0100] "POST /entry.php?id=11676 HTTP/1.1" 200 4929 "http://easydrivers.activities.at/entry.php?id=11676" "Mozilla/5.0 (Windows NT 10.0; WOW64; Trident/7.0; Touch; MALCJS; rv:11.0) like Gecko"
90.146.6.198 - - [14/Nov/2017:12:11:27 +0100] "GET /gui/javascript/form_form.js?1510657887 HTTP/1.1" 200 16206 "http://easydrivers.activities.at/entry.php?id=11676" "Mozilla/5.0 (Windows NT 10.0; WOW64; Trident/7.0; Touch; MALCJS; rv:11.0) like Gecko"
90.146.6.198 - - [14/Nov/2017:12:11:31 +0100] "POST /entry.php?id=11676 HTTP/1.1" 200 4593 "http://easydrivers.activities.at/entry.php?id=11676" "Mozilla/5.0 (Windows NT 10.0; WOW64; Trident/7.0; Touch; MALCJS; rv:11.0) like Gecko"
90.146.6.198 - - [14/Nov/2017:12:11:31 +0100] "GET /gui/javascript/form_form.js?1510657891 HTTP/1.1" 200 16206 "http://easydrivers.activities.at/entry.php?id=11676" "Mozilla/5.0 (Windows NT 10.0; WOW64; Trident/7.0; Touch; MALCJS; rv:11.0) like Gecko"
90.146.6.198 - - [14/Nov/2017:12:11:32 +0100] "POST /entry.php?id=11676 HTTP/1.1" 200 3279 "http://easydrivers.activities.at/entry.php?id=11676" "Mozilla/5.0 (Windows NT 10.0; WOW64; Trident/7.0; Touch; MALCJS; rv:11.0) like Gecko"
90.146.6.198 - - [14/Nov/2017:12:11:33 +0100] "GET /gui/javascript/form_form.js?1510657893 HTTP/1.1" 200 16206 "http://easydrivers.activities.at/entry.php?id=11676" "Mozilla/5.0 (Windows NT 10.0; WOW64; Trident/7.0; Touch; MALCJS; rv:11.0) like Gecko"
90.146.6.198 - - [14/Nov/2017:12:11:33 +0100] "GET /framework/webfx/javascript/tinymce/skins/lightgray/content.min.css HTTP/1.1" 404 330 "http://easydrivers.activities.at/entry.php?id=11676" "Mozilla/5.0 (Windows NT 10.0; WOW64; Trident/7.0; Touch; MALCJS; rv:11.0) like Gecko"
90.146.6.198 - - [14/Nov/2017:12:11:43 +0100] "POST /entry.php?id=11676 HTTP/1.1" 200 3229 "http://easydrivers.activities.at/entry.php?id=11676" "Mozilla/5.0 (Windows NT 10.0; WOW64; Trident/7.0; Touch; MALCJS; rv:11.0) like Gecko"
90.146.6.198 - - [14/Nov/2017:12:11:44 +0100] "GET /gui/javascript/form_form.js?1510657904 HTTP/1.1" 200 16206 "http://easydrivers.activities.at/entry.php?id=11676" "Mozilla/5.0 (Windows NT 10.0; WOW64; Trident/7.0; Touch; MALCJS; rv:11.0) like Gecko"
90.146.6.198 - - [14/Nov/2017:12:11:44 +0100] "GET /framework/webfx/javascript/tinymce/skins/lightgray/content.min.css HTTP/1.1" 404 330 "http://easydrivers.activities.at/entry.php?id=11676" "Mozilla/5.0 (Windows NT 10.0; WOW64; Trident/7.0; Touch; MALCJS; rv:11.0) like Gecko"
90.146.6.198 - - [14/Nov/2017:12:11:49 +0100] "GET /framework/webfx/javascript/tinymce/skins/lightgray/content.min.css HTTP/1.1" 404 330 "http://easydrivers.activities.at/entry.php?id=11676" "Mozilla/5.0 (Windows NT 10.0; WOW64; Trident/7.0; Touch; MALCJS; rv:11.0) like Gecko"
90.146.6.198 - - [14/Nov/2017:12:11:53 +0100] "GET /entry.php?id=10271&&ser=657853 HTTP/1.1" 200 986 "http://easydrivers.activities.at/entry.php?id=10271&&ser=657792" "Mozilla/5.0 (Windows NT 10.0; WOW64; Trident/7.0; Touch; MALCJS; rv:11.0) like Gecko"
90.146.6.198 - - [14/Nov/2017:12:11:53 +0100] "GET /gui/javascript/form_form.js?1510657913 HTTP/1.1" 200 16206 "http://easydrivers.activities.at/entry.php?id=10271&&ser=657853" "Mozilla/5.0 (Windows NT 10.0; WOW64; Trident/7.0; Touch; MALCJS; rv:11.0) like Gecko"
213.225.14.146 - - [14/Nov/2017:12:12:08 +0100] "GET /entry.php?id=10271&&ser=657868 HTTP/1.1" 200 986 "http://easydrivers.activities.at/entry.php?id=10271&&ser=657807" "Mozilla/5.0 (Windows NT 10.0; WOW64; Trident/7.0; Touch; rv:11.0) like Gecko"
213.225.14.146 - - [14/Nov/2017:12:12:09 +0100] "GET /gui/javascript/form_form.js?1510657928 HTTP/1.1" 200 16206 "http://easydrivers.activities.at/entry.php?id=10271&&ser=657868" "Mozilla/5.0 (Windows NT 10.0; WOW64; Trident/7.0; Touch; rv:11.0) like Gecko"
90.146.6.198 - - [14/Nov/2017:12:12:29 +0100] "POST /entry.php?id=11676 HTTP/1.1" 200 3640 "http://easydrivers.activities.at/entry.php?id=11676" "Mozilla/5.0 (Windows NT 10.0; WOW64; Trident/7.0; Touch; MALCJS; rv:11.0) like Gecko"
90.146.6.198 - - [14/Nov/2017:12:12:30 +0100] "GET /gui/javascript/form_form.js?1510657950 HTTP/1.1" 200 16206 "http://easydrivers.activities.at/entry.php?id=11676" "Mozilla/5.0 (Windows NT 10.0; WOW64; Trident/7.0; Touch; MALCJS; rv:11.0) like Gecko"
90.146.6.198 - - [14/Nov/2017:12:12:30 +0100] "GET /framework/webfx/javascript/tinymce/skins/lightgray/content.min.css HTTP/1.1" 404 330 "http://easydrivers.activities.at/entry.php?id=11676" "Mozilla/5.0 (Windows NT 10.0; WOW64; Trident/7.0; Touch; MALCJS; rv:11.0) like Gecko"
90.146.6.198 - - [14/Nov/2017:12:12:32 +0100] "GET /framework/webfx/javascript/tinymce/skins/lightgray/content.min.css HTTP/1.1" 404 330 "http://easydrivers.activities.at/entry.php?id=11676" "Mozilla/5.0 (Windows NT 10.0; WOW64; Trident/7.0; Touch; MALCJS; rv:11.0) like Gecko"
90.146.6.198 - - [14/Nov/2017:12:12:36 +0100] "POST /entry.php?id=11676 HTTP/1.1" 200 4632 "http://easydrivers.activities.at/entry.php?id=11676" "Mozilla/5.0 (Windows NT 10.0; WOW64; Trident/7.0; Touch; MALCJS; rv:11.0) like Gecko"
90.146.6.198 - - [14/Nov/2017:12:12:37 +0100] "GET /gui/javascript/form_form.js?1510657957 HTTP/1.1" 200 16206 "http://easydrivers.activities.at/entry.php?id=11676" "Mozilla/5.0 (Windows NT 10.0; WOW64; Trident/7.0; Touch; MALCJS; rv:11.0) like Gecko"
90.146.6.198 - - [14/Nov/2017:12:12:37 +0100] "GET /cache/emu/images/easy-drivers-perg10293286/fb-aktionjpg_270_141_0.jpg HTTP/1.1" 304 - "http://easydrivers.activities.at/entry.php?id=11676" "Mozilla/5.0 (Windows NT 10.0; WOW64; Trident/7.0; Touch; MALCJS; rv:11.0) like Gecko"
90.146.6.198 - - [14/Nov/2017:12:12:53 +0100] "GET /entry.php?id=10271&&ser=657913 HTTP/1.1" 200 986 "http://easydrivers.activities.at/entry.php?id=10271&&ser=657853" "Mozilla/5.0 (Windows NT 10.0; WOW64; Trident/7.0; Touch; MALCJS; rv:11.0) like Gecko"
90.146.6.198 - - [14/Nov/2017:12:12:53 +0100] "GET /gui/javascript/form_form.js?1510657973 HTTP/1.1" 200 16206 "http://easydrivers.activities.at/entry.php?id=10271&&ser=657913" "Mozilla/5.0 (Windows NT 10.0; WOW64; Trident/7.0; Touch; MALCJS; rv:11.0) like Gecko"
213.225.14.146 - - [14/Nov/2017:12:13:09 +0100] "GET /entry.php?id=10271&&ser=657928 HTTP/1.1" 200 986 "http://easydrivers.activities.at/entry.php?id=10271&&ser=657868" "Mozilla/5.0 (Windows NT 10.0; WOW64; Trident/7.0; Touch; rv:11.0) like Gecko"
213.225.14.146 - - [14/Nov/2017:12:13:09 +0100] "GET /gui/javascript/form_form.js?1510657989 HTTP/1.1" 200 16206 "http://easydrivers.activities.at/entry.php?id=10271&&ser=657928" "Mozilla/5.0 (Windows NT 10.0; WOW64; Trident/7.0; Touch; rv:11.0) like Gecko"
90.146.6.198 - - [14/Nov/2017:12:13:43 +0100] "POST /entry.php?id=11676 HTTP/1.1" 200 3283 "http://easydrivers.activities.at/entry.php?id=11676" "Mozilla/5.0 (Windows NT 10.0; WOW64; Trident/7.0; Touch; MALCJS; rv:11.0) like Gecko"
90.146.6.198 - - [14/Nov/2017:12:13:43 +0100] "GET /gui/javascript/form_form.js?1510658023 HTTP/1.1" 200 16206 "http://easydrivers.activities.at/entry.php?id=11676" "Mozilla/5.0 (Windows NT 10.0; WOW64; Trident/7.0; Touch; MALCJS; rv:11.0) like Gecko"
90.146.6.198 - - [14/Nov/2017:12:13:44 +0100] "GET /framework/webfx/javascript/tinymce/skins/lightgray/content.min.css HTTP/1.1" 404 330 "http://easydrivers.activities.at/entry.php?id=11676" "Mozilla/5.0 (Windows NT 10.0; WOW64; Trident/7.0; Touch; MALCJS; rv:11.0) like Gecko"
90.146.6.198 - - [14/Nov/2017:12:13:54 +0100] "GET /entry.php?id=10271&&ser=657973 HTTP/1.1" 200 986 "http://easydrivers.activities.at/entry.php?id=10271&&ser=657913" "Mozilla/5.0 (Windows NT 10.0; WOW64; Trident/7.0; Touch; MALCJS; rv:11.0) like Gecko"
90.146.6.198 - - [14/Nov/2017:12:13:57 +0100] "GET /gui/javascript/form_form.js?1510658034 HTTP/1.1" 200 16206 "http://easydrivers.activities.at/entry.php?id=10271&&ser=657973" "Mozilla/5.0 (Windows NT 10.0; WOW64; Trident/7.0; Touch; MALCJS; rv:11.0) like Gecko"
90.146.6.198 - - [14/Nov/2017:12:14:01 +0100] "POST /entry.php?id=11676 HTTP/1.1" 200 3659 "http://easydrivers.activities.at/entry.php?id=11676" "Mozilla/5.0 (Windows NT 10.0; WOW64; Trident/7.0; Touch; MALCJS; rv:11.0) like Gecko"
90.146.6.198 - - [14/Nov/2017:12:14:02 +0100] "GET /gui/javascript/form_form.js?1510658041 HTTP/1.1" 200 16206 "http://easydrivers.activities.at/entry.php?id=11676" "Mozilla/5.0 (Windows NT 10.0; WOW64; Trident/7.0; Touch; MALCJS; rv:11.0) like Gecko"
90.146.6.198 - - [14/Nov/2017:12:14:02 +0100] "GET /framework/webfx/javascript/tinymce/skins/lightgray/content.min.css HTTP/1.1" 404 330 "http://easydrivers.activities.at/entry.php?id=11676" "Mozilla/5.0 (Windows NT 10.0; WOW64; Trident/7.0; Touch; MALCJS; rv:11.0) like Gecko"
90.146.6.198 - - [14/Nov/2017:12:14:08 +0100] "POST /entry.php?id=11676 HTTP/1.1" 200 4632 "http://easydrivers.activities.at/entry.php?id=11676" "Mozilla/5.0 (Windows NT 10.0; WOW64; Trident/7.0; Touch; MALCJS; rv:11.0) like Gecko"
90.146.6.198 - - [14/Nov/2017:12:14:09 +0100] "GET /gui/javascript/form_form.js?1510658049 HTTP/1.1" 200 16206 "http://easydrivers.activities.at/entry.php?id=11676" "Mozilla/5.0 (Windows NT 10.0; WOW64; Trident/7.0; Touch; MALCJS; rv:11.0) like Gecko"
213.225.14.146 - - [14/Nov/2017:12:14:10 +0100] "GET /entry.php?id=10271&&ser=657989 HTTP/1.1" 200 987 "http://easydrivers.activities.at/entry.php?id=10271&&ser=657928" "Mozilla/5.0 (Windows NT 10.0; WOW64; Trident/7.0; Touch; rv:11.0) like Gecko"
213.225.14.146 - - [14/Nov/2017:12:14:10 +0100] "GET /gui/javascript/form_form.js?1510658050 HTTP/1.1" 200 16206 "http://easydrivers.activities.at/entry.php?id=10271&&ser=657989" "Mozilla/5.0 (Windows NT 10.0; WOW64; Trident/7.0; Touch; rv:11.0) like Gecko"
90.146.6.198 - - [14/Nov/2017:12:14:12 +0100] "POST /entry.php?id=11676 HTTP/1.1" 200 4907 "http://easydrivers.activities.at/entry.php?id=11676" "Mozilla/5.0 (Windows NT 10.0; WOW64; Trident/7.0; Touch; MALCJS; rv:11.0) like Gecko"
90.146.6.198 - - [14/Nov/2017:12:14:12 +0100] "GET /gui/javascript/form_form.js?1510658052 HTTP/1.1" 200 16206 "http://easydrivers.activities.at/entry.php?id=11676" "Mozilla/5.0 (Windows NT 10.0; WOW64; Trident/7.0; Touch; MALCJS; rv:11.0) like Gecko"
90.146.6.198 - - [14/Nov/2017:12:14:57 +0100] "GET /entry.php?id=10271&&ser=658034 HTTP/1.1" 200 986 "http://easydrivers.activities.at/entry.php?id=10271&&ser=657973" "Mozilla/5.0 (Windows NT 10.0; WOW64; Trident/7.0; Touch; MALCJS; rv:11.0) like Gecko"
90.146.6.198 - - [14/Nov/2017:12:14:57 +0100] "GET /gui/javascript/form_form.js?1510658097 HTTP/1.1" 200 16206 "http://easydrivers.activities.at/entry.php?id=10271&&ser=658034" "Mozilla/5.0 (Windows NT 10.0; WOW64; Trident/7.0; Touch; MALCJS; rv:11.0) like Gecko"
213.225.14.146 - - [14/Nov/2017:12:15:10 +0100] "GET /entry.php?id=10271&&ser=658050 HTTP/1.1" 200 986 "http://easydrivers.activities.at/entry.php?id=10271&&ser=657989" "Mozilla/5.0 (Windows NT 10.0; WOW64; Trident/7.0; Touch; rv:11.0) like Gecko"
213.225.14.146 - - [14/Nov/2017:12:15:11 +0100] "GET /gui/javascript/form_form.js?1510658111 HTTP/1.1" 200 16206 "http://easydrivers.activities.at/entry.php?id=10271&&ser=658050" "Mozilla/5.0 (Windows NT 10.0; WOW64; Trident/7.0; Touch; rv:11.0) like Gecko"
213.225.14.146 - - [14/Nov/2017:12:15:48 +0100] "POST /entry.php?id=11684 HTTP/1.1" 200 3753 "http://easydrivers.activities.at/entry.php?id=11684" "Mozilla/5.0 (Windows NT 10.0; WOW64; Trident/7.0; Touch; rv:11.0) like Gecko"
213.225.14.146 - - [14/Nov/2017:12:15:49 +0100] "GET /gui/javascript/form_form.js?1510658148 HTTP/1.1" 200 16206 "http://easydrivers.activities.at/entry.php?id=11684" "Mozilla/5.0 (Windows NT 10.0; WOW64; Trident/7.0; Touch; rv:11.0) like Gecko"
213.225.14.146 - - [14/Nov/2017:12:15:49 +0100] "GET /framework/webfx/javascript/tinymce/skins/lightgray/content.min.css HTTP/1.1" 404 330 "http://easydrivers.activities.at/entry.php?id=11684" "Mozilla/5.0 (Windows NT 10.0; WOW64; Trident/7.0; Touch; rv:11.0) like Gecko"
213.225.14.146 - - [14/Nov/2017:12:15:56 +0100] "POST /entry.php?id=11684 HTTP/1.1" 200 3985 "http://easydrivers.activities.at/entry.php?id=11684" "Mozilla/5.0 (Windows NT 10.0; WOW64; Trident/7.0; Touch; rv:11.0) like Gecko"
213.225.14.146 - - [14/Nov/2017:12:15:56 +0100] "GET /gui/javascript/form_form.js?1510658156 HTTP/1.1" 200 16206 "http://easydrivers.activities.at/entry.php?id=11684" "Mozilla/5.0 (Windows NT 10.0; WOW64; Trident/7.0; Touch; rv:11.0) like Gecko"
90.146.6.198 - - [14/Nov/2017:12:15:57 +0100] "GET /entry.php?id=10271&&ser=658097 HTTP/1.1" 200 987 "http://easydrivers.activities.at/entry.php?id=10271&&ser=658034" "Mozilla/5.0 (Windows NT 10.0; WOW64; Trident/7.0; Touch; MALCJS; rv:11.0) like Gecko"
213.225.14.146 - - [14/Nov/2017:12:15:59 +0100] "POST /entry.php?id=11684 HTTP/1.1" 200 4235 "http://easydrivers.activities.at/entry.php?id=11684" "Mozilla/5.0 (Windows NT 10.0; WOW64; Trident/7.0; Touch; rv:11.0) like Gecko"
213.225.14.146 - - [14/Nov/2017:12:15:59 +0100] "GET /gui/javascript/form_form.js?1510658159 HTTP/1.1" 200 16206 "http://easydrivers.activities.at/entry.php?id=11684" "Mozilla/5.0 (Windows NT 10.0; WOW64; Trident/7.0; Touch; rv:11.0) like Gecko"
90.146.6.198 - - [14/Nov/2017:12:16:01 +0100] "GET /gui/javascript/form_form.js?1510658158 HTTP/1.1" 200 16206 "http://easydrivers.activities.at/entry.php?id=10271&&ser=658097" "Mozilla/5.0 (Windows NT 10.0; WOW64; Trident/7.0; Touch; MALCJS; rv:11.0) like Gecko"
213.225.14.146 - - [14/Nov/2017:12:16:03 +0100] "GET /entry.php?id=10287&login=1 HTTP/1.1" 200 2207 "http://easydrivers.activities.at/entry.php?id=11412" "Mozilla/5.0 (Windows NT 10.0; WOW64; Trident/7.0; Touch; rv:11.0) like Gecko"
213.225.14.146 - - [14/Nov/2017:12:16:03 +0100] "GET /gui/javascript/form_form.js?1510658163 HTTP/1.1" 200 16206 "http://easydrivers.activities.at/entry.php?id=10287&login=1" "Mozilla/5.0 (Windows NT 10.0; WOW64; Trident/7.0; Touch; rv:11.0) like Gecko"
213.225.14.146 - - [14/Nov/2017:12:16:06 +0100] "POST /entry.php?id=10287& HTTP/1.1" 200 2415 "http://easydrivers.activities.at/entry.php?id=10287&login=1" "Mozilla/5.0 (Windows NT 10.0; WOW64; Trident/7.0; Touch; rv:11.0) like Gecko"
213.225.14.146 - - [14/Nov/2017:12:16:06 +0100] "GET /gui/javascript/form_form.js?1510658166 HTTP/1.1" 200 16206 "http://easydrivers.activities.at/entry.php?id=10287&" "Mozilla/5.0 (Windows NT 10.0; WOW64; Trident/7.0; Touch; rv:11.0) like Gecko"
213.225.14.146 - - [14/Nov/2017:12:16:06 +0100] "GET /entry.php?id=10270& HTTP/1.1" 200 908 "http://easydrivers.activities.at/layout.php" "Mozilla/5.0 (Windows NT 10.0; WOW64; Trident/7.0; Touch; rv:11.0) like Gecko"
213.225.14.146 - - [14/Nov/2017:12:16:06 +0100] "GET /entry.php?id=10273&logout=true& HTTP/1.1" 200 1912 "http://easydrivers.activities.at/layout.php" "Mozilla/5.0 (Windows NT 10.0; WOW64; Trident/7.0; Touch; rv:11.0) like Gecko"
90.146.6.198 - - [14/Nov/2017:12:17:02 +0100] "GET /entry.php?id=10271&&ser=658158 HTTP/1.1" 200 986 "http://easydrivers.activities.at/entry.php?id=10271&&ser=658097" "Mozilla/5.0 (Windows NT 10.0; WOW64; Trident/7.0; Touch; MALCJS; rv:11.0) like Gecko"
90.146.6.198 - - [14/Nov/2017:12:17:02 +0100] "GET /gui/javascript/form_form.js?1510658222 HTTP/1.1" 200 16206 "http://easydrivers.activities.at/entry.php?id=10271&&ser=658158" "Mozilla/5.0 (Windows NT 10.0; WOW64; Trident/7.0; Touch; MALCJS; rv:11.0) like Gecko"
90.146.6.198 - - [14/Nov/2017:12:18:02 +0100] "GET /entry.php?id=10271&&ser=658222 HTTP/1.1" 200 986 "http://easydrivers.activities.at/entry.php?id=10271&&ser=658158" "Mozilla/5.0 (Windows NT 10.0; WOW64; Trident/7.0; Touch; MALCJS; rv:11.0) like Gecko"
90.146.6.198 - - [14/Nov/2017:12:18:02 +0100] "GET /gui/javascript/form_form.js?1510658282 HTTP/1.1" 200 16206 "http://easydrivers.activities.at/entry.php?id=10271&&ser=658222" "Mozilla/5.0 (Windows NT 10.0; WOW64; Trident/7.0; Touch; MALCJS; rv:11.0) like Gecko"
90.146.6.198 - - [14/Nov/2017:12:19:03 +0100] "GET /entry.php?id=10271&&ser=658282 HTTP/1.1" 200 987 "http://easydrivers.activities.at/entry.php?id=10271&&ser=658222" "Mozilla/5.0 (Windows NT 10.0; WOW64; Trident/7.0; Touch; MALCJS; rv:11.0) like Gecko"
90.146.6.198 - - [14/Nov/2017:12:19:19 +0100] "GET /gui/javascript/form_form.js?1510658343 HTTP/1.1" 200 16206 "http://easydrivers.activities.at/entry.php?id=10271&&ser=658282" "Mozilla/5.0 (Windows NT 10.0; WOW64; Trident/7.0; Touch; MALCJS; rv:11.0) like Gecko"
90.146.6.198 - - [14/Nov/2017:12:19:20 +0100] "GET /gui/images/emptybar.gif HTTP/1.1" 200 89 "http://easydrivers.activities.at/entry.php?id=10272" "Mozilla/5.0 (Windows NT 10.0; WOW64; Trident/7.0; Touch; MALCJS; rv:11.0) like Gecko"
90.146.6.198 - - [14/Nov/2017:12:20:20 +0100] "GET /entry.php?id=10271&&ser=658343 HTTP/1.1" 200 986 "http://easydrivers.activities.at/entry.php?id=10271&&ser=658282" "Mozilla/5.0 (Windows NT 10.0; WOW64; Trident/7.0; Touch; MALCJS; rv:11.0) like Gecko"
90.146.6.198 - - [14/Nov/2017:12:20:20 +0100] "GET /gui/javascript/form_form.js?1510658420 HTTP/1.1" 200 16206 "http://easydrivers.activities.at/entry.php?id=10271&&ser=658343" "Mozilla/5.0 (Windows NT 10.0; WOW64; Trident/7.0; Touch; MALCJS; rv:11.0) like Gecko"
90.146.6.198 - - [14/Nov/2017:12:21:00 +0100] "GET /gui/images/progressbar.gif HTTP/1.1" 200 2157 "http://easydrivers.activities.at/entry.php?id=10272" "Mozilla/5.0 (Windows NT 10.0; WOW64; Trident/7.0; Touch; MALCJS; rv:11.0) like Gecko"
90.146.6.198 - - [14/Nov/2017:12:21:00 +0100] "POST /entry.php?id=11676 HTTP/1.1" 200 4929 "http://easydrivers.activities.at/entry.php?id=11676" "Mozilla/5.0 (Windows NT 10.0; WOW64; Trident/7.0; Touch; MALCJS; rv:11.0) like Gecko"
90.146.6.198 - - [14/Nov/2017:12:21:00 +0100] "GET /activities/framework/fwx_trans.gif HTTP/1.1" 200 43 "http://easydrivers.activities.at/entry.php?id=11676" "Mozilla/5.0 (Windows NT 10.0; WOW64; Trident/7.0; Touch; MALCJS; rv:11.0) like Gecko"
90.146.6.198 - - [14/Nov/2017:12:21:00 +0100] "GET /gui/javascript/form_form.js?1510658460 HTTP/1.1" 200 16206 "http://easydrivers.activities.at/entry.php?id=11676" "Mozilla/5.0 (Windows NT 10.0; WOW64; Trident/7.0; Touch; MALCJS; rv:11.0) like Gecko"
90.146.6.198 - - [14/Nov/2017:12:21:00 +0100] "GET /gui/images/icons/note_msg_icon.gif HTTP/1.1" 200 1022 "http://easydrivers.activities.at/entry.php?id=10778&form=11500&name=list&" "Mozilla/5.0 (Windows NT 10.0; WOW64; Trident/7.0; Touch; MALCJS; rv:11.0) like Gecko"
90.146.6.198 - - [14/Nov/2017:12:21:00 +0100] "GET /cache/emu/images/easy-drivers-perg10293286/fb-aktionjpg_270_141_0.jpg HTTP/1.1" 304 - "http://easydrivers.activities.at/entry.php?id=11676" "Mozilla/5.0 (Windows NT 10.0; WOW64; Trident/7.0; Touch; MALCJS; rv:11.0) like Gecko"
90.146.6.198 - - [14/Nov/2017:12:21:02 +0100] "POST /entry.php?id=11676 HTTP/1.1" 200 4910 "http://easydrivers.activities.at/entry.php?id=11676" "Mozilla/5.0 (Windows NT 10.0; WOW64; Trident/7.0; Touch; MALCJS; rv:11.0) like Gecko"
90.146.6.198 - - [14/Nov/2017:12:21:03 +0100] "GET /gui/javascript/form_form.js?1510658463 HTTP/1.1" 200 16206 "http://easydrivers.activities.at/entry.php?id=11676" "Mozilla/5.0 (Windows NT 10.0; WOW64; Trident/7.0; Touch; MALCJS; rv:11.0) like Gecko"
90.146.6.198 - - [14/Nov/2017:12:21:20 +0100] "GET /entry.php?id=10271&&ser=658420 HTTP/1.1" 200 986 "http://easydrivers.activities.at/entry.php?id=10271&&ser=658343" "Mozilla/5.0 (Windows NT 10.0; WOW64; Trident/7.0; Touch; MALCJS; rv:11.0) like Gecko"
90.146.6.198 - - [14/Nov/2017:12:21:20 +0100] "GET /gui/javascript/form_form.js?1510658480 HTTP/1.1" 200 16206 "http://easydrivers.activities.at/entry.php?id=10271&&ser=658420" "Mozilla/5.0 (Windows NT 10.0; WOW64; Trident/7.0; Touch; MALCJS; rv:11.0) like Gecko"
90.146.6.198 - - [14/Nov/2017:12:21:59 +0100] "POST /entry.php?id=11676 HTTP/1.1" 200 3305 "http://easydrivers.activities.at/entry.php?id=11676" "Mozilla/5.0 (Windows NT 10.0; WOW64; Trident/7.0; Touch; MALCJS; rv:11.0) like Gecko"
90.146.6.198 - - [14/Nov/2017:12:22:00 +0100] "GET /gui/javascript/form_form.js?1510658520 HTTP/1.1" 200 16206 "http://easydrivers.activities.at/entry.php?id=11676" "Mozilla/5.0 (Windows NT 10.0; WOW64; Trident/7.0; Touch; MALCJS; rv:11.0) like Gecko"
90.146.6.198 - - [14/Nov/2017:12:22:00 +0100] "GET /framework/webfx/javascript/tinymce/skins/lightgray/content.min.css HTTP/1.1" 404 330 "http://easydrivers.activities.at/entry.php?id=11676" "Mozilla/5.0 (Windows NT 10.0; WOW64; Trident/7.0; Touch; MALCJS; rv:11.0) like Gecko"
90.146.6.198 - - [14/Nov/2017:12:22:19 +0100] "GET /framework/webfx/javascript/tinymce/skins/lightgray/content.min.css HTTP/1.1" 404 330 "-" "Mozilla/4.0 (compatible; MSIE 7.0; Windows NT 10.0; WOW64; Trident/7.0; .NET4.0C; .NET4.0E; .NET CLR 2.0.50727; .NET CLR 3.0.30729; .NET CLR 3.5.30729; Tablet PC 2.0; MALCJS; ms-office; MSOffice 15)"
90.146.6.198 - - [14/Nov/2017:12:22:20 +0100] "GET /entry.php?id=10271&&ser=658480 HTTP/1.1" 200 987 "http://easydrivers.activities.at/entry.php?id=10271&&ser=658420" "Mozilla/5.0 (Windows NT 10.0; WOW64; Trident/7.0; Touch; MALCJS; rv:11.0) like Gecko"
90.146.6.198 - - [14/Nov/2017:12:22:21 +0100] "GET /gui/javascript/form_form.js?1510658541 HTTP/1.1" 200 16206 "http://easydrivers.activities.at/entry.php?id=10271&&ser=658480" "Mozilla/5.0 (Windows NT 10.0; WOW64; Trident/7.0; Touch; MALCJS; rv:11.0) like Gecko"
90.146.6.198 - - [14/Nov/2017:12:22:35 +0100] "GET /entry.php?id=11679 HTTP/1.1" 200 312 "http://easydrivers.activities.at/entry.php?id=11412" "Mozilla/5.0 (Windows NT 10.0; WOW64; Trident/7.0; Touch; MALCJS; rv:11.0) like Gecko"
90.146.6.198 - - [14/Nov/2017:12:22:35 +0100] "GET /entry.php?id=10676&title=Portal& HTTP/1.1" 200 1387 "http://easydrivers.activities.at/entry.php?id=11679" "Mozilla/5.0 (Windows NT 10.0; WOW64; Trident/7.0; Touch; MALCJS; rv:11.0) like Gecko"
90.146.6.198 - - [14/Nov/2017:12:22:35 +0100] "GET /gui/javascript/form_form.js?1510658555 HTTP/1.1" 200 16206 "http://easydrivers.activities.at/entry.php?id=10676&title=Portal&" "Mozilla/5.0 (Windows NT 10.0; WOW64; Trident/7.0; Touch; MALCJS; rv:11.0) like Gecko"
90.146.6.198 - - [14/Nov/2017:12:22:35 +0100] "GET /entry.php?id=11677& HTTP/1.1" 200 4374 "http://easydrivers.activities.at/entry.php?id=11679" "Mozilla/5.0 (Windows NT 10.0; WOW64; Trident/7.0; Touch; MALCJS; rv:11.0) like Gecko"
90.146.6.198 - - [14/Nov/2017:12:22:35 +0100] "GET /entry.php?id=11678& HTTP/1.1" 200 3172 "http://easydrivers.activities.at/entry.php?id=11679" "Mozilla/5.0 (Windows NT 10.0; WOW64; Trident/7.0; Touch; MALCJS; rv:11.0) like Gecko"
90.146.6.198 - - [14/Nov/2017:12:22:36 +0100] "GET /activities/framework/KoolControls/KoolTreeView/icons/website.gif HTTP/1.1" 200 1049 "http://easydrivers.activities.at/entry.php?id=11678&" "Mozilla/5.0 (Windows NT 10.0; WOW64; Trident/7.0; Touch; MALCJS; rv:11.0) like Gecko"
90.146.6.198 - - [14/Nov/2017:12:22:36 +0100] "GET /gui/images/icons/website_modified.gif HTTP/1.1" 200 1060 "http://easydrivers.activities.at/entry.php?id=11678&" "Mozilla/5.0 (Windows NT 10.0; WOW64; Trident/7.0; Touch; MALCJS; rv:11.0) like Gecko"
90.146.6.198 - - [14/Nov/2017:12:22:36 +0100] "GET /activities/framework/KoolControls/KoolTreeView/icons/square_greenS.gif HTTP/1.1" 200 541 "http://easydrivers.activities.at/entry.php?id=11678&" "Mozilla/5.0 (Windows NT 10.0; WOW64; Trident/7.0; Touch; MALCJS; rv:11.0) like Gecko"
90.146.6.198 - - [14/Nov/2017:12:22:36 +0100] "GET /activities/framework/KoolControls/KoolAjax/koolajax.php?8436e354c842500aba3cbaf0584c0c24 HTTP/1.1" 200 4079 "http://easydrivers.activities.at/entry.php?id=11678&" "Mozilla/5.0 (Windows NT 10.0; WOW64; Trident/7.0; Touch; MALCJS; rv:11.0) like Gecko"
90.146.6.198 - - [14/Nov/2017:12:22:36 +0100] "GET /gui/javascript/form_form.js?1510658556 HTTP/1.1" 200 16206 "http://easydrivers.activities.at/entry.php?id=11678&" "Mozilla/5.0 (Windows NT 10.0; WOW64; Trident/7.0; Touch; MALCJS; rv:11.0) like Gecko"
