213.47.172.74 - - [14/Nov/2017:11:31:22 +0100] "GET /gui/images/icons/wizard.png HTTP/1.1" 200 724 "http://easydrivers.activities.at/entry.php?id=11677" "Mozilla/5.0 (Windows NT 6.1; Win64; x64) AppleWebKit/537.36 (KHTML, like Gecko) Chrome/61.0.3163.100 Safari/537.36"
90.146.6.198 - - [14/Nov/2017:11:31:22 +0100] "POST /entry.php?id=11676 HTTP/1.1" 200 3112 "http://easydrivers.activities.at/entry.php?id=11676" "Mozilla/5.0 (Windows NT 10.0; WOW64; Trident/7.0; Touch; MALCJS; rv:11.0) like Gecko"
90.146.6.198 - - [14/Nov/2017:11:31:22 +0100] "GET /gui/javascript/form_form.js?1510655482 HTTP/1.1" 200 16206 "http://easydrivers.activities.at/entry.php?id=11676" "Mozilla/5.0 (Windows NT 10.0; WOW64; Trident/7.0; Touch; MALCJS; rv:11.0) like Gecko"
90.146.6.198 - - [14/Nov/2017:11:31:22 +0100] "GET /entry.php?id=10776&form=11499&name=image_list& HTTP/1.1" 200 1538 "http://easydrivers.activities.at/entry.php?id=11676" "Mozilla/5.0 (Windows NT 10.0; WOW64; Trident/7.0; Touch; MALCJS; rv:11.0) like Gecko"
90.146.6.198 - - [14/Nov/2017:11:31:22 +0100] "GET /entry.php?id=10778&form=11499&name=image_list& HTTP/1.1" 200 2502 "http://easydrivers.activities.at/entry.php?id=11676" "Mozilla/5.0 (Windows NT 10.0; WOW64; Trident/7.0; Touch; MALCJS; rv:11.0) like Gecko"
213.47.172.74 - - [14/Nov/2017:11:31:22 +0100] "POST /entry.php?id=11677 HTTP/1.1" 200 4422 "http://easydrivers.activities.at/entry.php?id=11677" "Mozilla/5.0 (Windows NT 6.1; Win64; x64) AppleWebKit/537.36 (KHTML, like Gecko) Chrome/61.0.3163.100 Safari/537.36"
213.47.172.74 - - [14/Nov/2017:11:31:23 +0100] "GET /gui/javascript/form_form.js?1510655483 HTTP/1.1" 200 16206 "http://easydrivers.activities.at/entry.php?id=11677" "Mozilla/5.0 (Windows NT 6.1; Win64; x64) AppleWebKit/537.36 (KHTML, like Gecko) Chrome/61.0.3163.100 Safari/537.36"
213.225.14.146 - - [14/Nov/2017:11:31:24 +0100] "POST /entry.php?id=11671 HTTP/1.1" 200 5121 "http://easydrivers.activities.at/entry.php?id=11671" "Mozilla/5.0 (Windows NT 10.0; WOW64; Trident/7.0; Touch; rv:11.0) like Gecko"
213.47.172.74 - - [14/Nov/2017:11:31:24 +0100] "POST /entry.php?id=11677 HTTP/1.1" 200 3219 "http://easydrivers.activities.at/entry.php?id=11677" "Mozilla/5.0 (Windows NT 6.1; Win64; x64) AppleWebKit/537.36 (KHTML, like Gecko) Chrome/61.0.3163.100 Safari/537.36"
213.225.14.146 - - [14/Nov/2017:11:31:25 +0100] "GET /gui/javascript/form_form.js?1510655484 HTTP/1.1" 200 16206 "http://easydrivers.activities.at/entry.php?id=11671" "Mozilla/5.0 (Windows NT 10.0; WOW64; Trident/7.0; Touch; rv:11.0) like Gecko"
213.47.172.74 - - [14/Nov/2017:11:31:25 +0100] "GET /framework/webfx/javascript/scrolltable/scrolltableIframe.js HTTP/1.1" 200 9641 "http://easydrivers.activities.at/entry.php?id=11677" "Mozilla/5.0 (Windows NT 6.1; Win64; x64) AppleWebKit/537.36 (KHTML, like Gecko) Chrome/61.0.3163.100 Safari/537.36"
213.47.172.74 - - [14/Nov/2017:11:31:25 +0100] "GET /gui/javascript/form_form.js?1510655484 HTTP/1.1" 200 16206 "http://easydrivers.activities.at/entry.php?id=11677" "Mozilla/5.0 (Windows NT 6.1; Win64; x64) AppleWebKit/537.36 (KHTML, like Gecko) Chrome/61.0.3163.100 Safari/537.36"
213.225.14.146 - - [14/Nov/2017:11:31:25 +0100] "GET /entry.php?id=10778&form=11496&name=list& HTTP/1.1" 200 5876 "http://easydrivers.activities.at/entry.php?id=11671" "Mozilla/5.0 (Windows NT 10.0; WOW64; Trident/7.0; Touch; rv:11.0) like Gecko"
213.47.172.74 - - [14/Nov/2017:11:31:25 +0100] "GET /entry.php?id=10776&form=11502&name=list& HTTP/1.1" 200 1475 "http://easydrivers.activities.at/entry.php?id=11677" "Mozilla/5.0 (Windows NT 6.1; Win64; x64) AppleWebKit/537.36 (KHTML, like Gecko) Chrome/61.0.3163.100 Safari/537.36"
213.47.172.74 - - [14/Nov/2017:11:31:25 +0100] "GET /entry.php?id=10778&form=11502&name=list& HTTP/1.1" 200 3858 "http://easydrivers.activities.at/entry.php?id=11677" "Mozilla/5.0 (Windows NT 6.1; Win64; x64) AppleWebKit/537.36 (KHTML, like Gecko) Chrome/61.0.3163.100 Safari/537.36"
213.225.14.146 - - [14/Nov/2017:11:31:25 +0100] "GET /entry.php?id=10776&form=11496&name=list& HTTP/1.1" 200 1519 "http://easydrivers.activities.at/entry.php?id=11671" "Mozilla/5.0 (Windows NT 10.0; WOW64; Trident/7.0; Touch; rv:11.0) like Gecko"
213.47.172.74 - - [14/Nov/2017:11:31:25 +0100] "GET /framework/icons/fwx_trans.gif HTTP/1.1" 200 43 "http://easydrivers.activities.at/entry.php?id=10776&form=11502&name=list&" "Mozilla/5.0 (Windows NT 6.1; Win64; x64) AppleWebKit/537.36 (KHTML, like Gecko) Chrome/61.0.3163.100 Safari/537.36"
213.47.172.74 - - [14/Nov/2017:11:31:25 +0100] "GET /gui/images/icons/lupe.png HTTP/1.1" 200 723 "http://easydrivers.activities.at/entry.php?id=10776&form=11502&name=list&" "Mozilla/5.0 (Windows NT 6.1; Win64; x64) AppleWebKit/537.36 (KHTML, like Gecko) Chrome/61.0.3163.100 Safari/537.36"
213.47.172.74 - - [14/Nov/2017:11:31:25 +0100] "GET /gui/images/icons/disabled_edit.gif HTTP/1.1" 200 408 "http://easydrivers.activities.at/entry.php?id=10778&form=11502&name=list&" "Mozilla/5.0 (Windows NT 6.1; Win64; x64) AppleWebKit/537.36 (KHTML, like Gecko) Chrome/61.0.3163.100 Safari/537.36"
90.146.6.198 - - [14/Nov/2017:11:31:26 +0100] "POST /entry.php?id=11676 HTTP/1.1" 200 3281 "http://easydrivers.activities.at/entry.php?id=11676" "Mozilla/5.0 (Windows NT 10.0; WOW64; Trident/7.0; Touch; MALCJS; rv:11.0) like Gecko"
90.146.6.198 - - [14/Nov/2017:11:31:27 +0100] "GET /gui/javascript/form_form.js?1510655487 HTTP/1.1" 200 16206 "http://easydrivers.activities.at/entry.php?id=11676" "Mozilla/5.0 (Windows NT 10.0; WOW64; Trident/7.0; Touch; MALCJS; rv:11.0) like Gecko"
90.146.6.198 - - [14/Nov/2017:11:31:27 +0100] "GET /framework/webfx/javascript/tinymce/skins/lightgray/content.min.css HTTP/1.1" 404 330 "http://easydrivers.activities.at/entry.php?id=11676" "Mozilla/5.0 (Windows NT 10.0; WOW64; Trident/7.0; Touch; MALCJS; rv:11.0) like Gecko"
90.146.6.198 - - [14/Nov/2017:11:31:29 +0100] "POST /entry.php?id=11676 HTTP/1.1" 200 4594 "http://easydrivers.activities.at/entry.php?id=11676" "Mozilla/5.0 (Windows NT 10.0; WOW64; Trident/7.0; Touch; MALCJS; rv:11.0) like Gecko"
213.225.14.146 - - [14/Nov/2017:11:31:29 +0100] "POST /entry.php?id=11671 HTTP/1.1" 200 4621 "http://easydrivers.activities.at/entry.php?id=11671" "Mozilla/5.0 (Windows NT 10.0; WOW64; Trident/7.0; Touch; rv:11.0) like Gecko"
90.146.6.198 - - [14/Nov/2017:11:31:29 +0100] "GET /gui/javascript/form_form.js?1510655489 HTTP/1.1" 200 16206 "http://easydrivers.activities.at/entry.php?id=11676" "Mozilla/5.0 (Windows NT 10.0; WOW64; Trident/7.0; Touch; MALCJS; rv:11.0) like Gecko"
213.225.14.146 - - [14/Nov/2017:11:31:30 +0100] "GET /gui/javascript/form_form.js?1510655489 HTTP/1.1" 200 16206 "http://easydrivers.activities.at/entry.php?id=11671" "Mozilla/5.0 (Windows NT 10.0; WOW64; Trident/7.0; Touch; rv:11.0) like Gecko"
213.47.172.74 - - [14/Nov/2017:11:31:30 +0100] "GET /gui/javascript/jquery/css/gui-themes/images/ui-bg_flat_100_808080_40x100.png HTTP/1.1" 200 209 "http://easydrivers.activities.at/gui/javascript/jquery/css/gui-themes/custom.min.css" "Mozilla/5.0 (Windows NT 6.1; Win64; x64) AppleWebKit/537.36 (KHTML, like Gecko) Chrome/61.0.3163.100 Safari/537.36"
213.47.172.74 - - [14/Nov/2017:11:31:30 +0100] "GET /gui/javascript/jquery/css/gui-themes/images/ui-icons_72a7cf_256x240_ev.png HTTP/1.1" 200 6036 "http://easydrivers.activities.at/gui/javascript/jquery/css/gui-themes/custom.min.css" "Mozilla/5.0 (Windows NT 6.1; Win64; x64) AppleWebKit/537.36 (KHTML, like Gecko) Chrome/61.0.3163.100 Safari/537.36"
213.47.172.74 - - [14/Nov/2017:11:31:30 +0100] "GET /gui/javascript/jquery/css/gui-themes/images/ui-icons_ffffff_256x240_ev.png HTTP/1.1" 200 6912 "http://easydrivers.activities.at/gui/javascript/jquery/css/gui-themes/custom.min.css" "Mozilla/5.0 (Windows NT 6.1; Win64; x64) AppleWebKit/537.36 (KHTML, like Gecko) Chrome/61.0.3163.100 Safari/537.36"
213.47.172.74 - - [14/Nov/2017:11:31:30 +0100] "GET /gui/javascript/jquery/css/gui-themes/images/ui-bg_flat_90_eeeeee_40x100.png HTTP/1.1" 200 180 "http://easydrivers.activities.at/gui/javascript/jquery/css/gui-themes/custom.min.css" "Mozilla/5.0 (Windows NT 6.1; Win64; x64) AppleWebKit/537.36 (KHTML, like Gecko) Chrome/61.0.3163.100 Safari/537.36"
213.225.14.146 - - [14/Nov/2017:11:31:30 +0100] "GET /entry.php?id=10778&form=11496&name=list& HTTP/1.1" 200 5596 "http://easydrivers.activities.at/entry.php?id=11671" "Mozilla/5.0 (Windows NT 10.0; WOW64; Trident/7.0; Touch; rv:11.0) like Gecko"
213.225.14.146 - - [14/Nov/2017:11:31:30 +0100] "GET /entry.php?id=10776&form=11496&name=list& HTTP/1.1" 200 1519 "http://easydrivers.activities.at/entry.php?id=11671" "Mozilla/5.0 (Windows NT 10.0; WOW64; Trident/7.0; Touch; rv:11.0) like Gecko"
213.47.172.74 - - [14/Nov/2017:11:31:30 +0100] "GET /entry.php?id=11685&object=10230540&site=10201431&item=10221987 HTTP/1.1" 200 3615 "http://easydrivers.activities.at/entry.php?id=11412" "Mozilla/5.0 (Windows NT 6.1; Win64; x64) AppleWebKit/537.36 (KHTML, like Gecko) Chrome/61.0.3163.100 Safari/537.36"
213.47.172.74 - - [14/Nov/2017:11:31:30 +0100] "GET /gui/images/icons/lupe.gif HTTP/1.1" 200 324 "http://easydrivers.activities.at/entry.php?id=11685&object=10230540&site=10201431&item=10221987" "Mozilla/5.0 (Windows NT 6.1; Win64; x64) AppleWebKit/537.36 (KHTML, like Gecko) Chrome/61.0.3163.100 Safari/537.36"
213.47.172.74 - - [14/Nov/2017:11:31:30 +0100] "GET /cache/emu/images/easy-drivers-harm-innsbruck10244083/schnellkursjpg_160_90_0.jpg HTTP/1.1" 200 4214 "http://easydrivers.activities.at/entry.php?id=11685&object=10230540&site=10201431&item=10221987" "Mozilla/5.0 (Windows NT 6.1; Win64; x64) AppleWebKit/537.36 (KHTML, like Gecko) Chrome/61.0.3163.100 Safari/537.36"
213.47.172.74 - - [14/Nov/2017:11:31:30 +0100] "GET /gui/images/icons/delete.gif HTTP/1.1" 200 86 "http://easydrivers.activities.at/entry.php?id=11685&object=10230540&site=10201431&item=10221987" "Mozilla/5.0 (Windows NT 6.1; Win64; x64) AppleWebKit/537.36 (KHTML, like Gecko) Chrome/61.0.3163.100 Safari/537.36"
213.47.172.74 - - [14/Nov/2017:11:31:30 +0100] "GET /gui/javascript/form_form.js?1510655490 HTTP/1.1" 200 16206 "http://easydrivers.activities.at/entry.php?id=11685&object=10230540&site=10201431&item=10221987" "Mozilla/5.0 (Windows NT 6.1; Win64; x64) AppleWebKit/537.36 (KHTML, like Gecko) Chrome/61.0.3163.100 Safari/537.36"
90.146.6.198 - - [14/Nov/2017:11:31:37 +0100] "GET /entry.php?id=10271&&ser=655437 HTTP/1.1" 200 987 "http://easydrivers.activities.at/entry.php?id=10271&&ser=655376" "Mozilla/5.0 (Windows NT 10.0; WOW64; Trident/7.0; Touch; MALCJS; rv:11.0) like Gecko"
90.146.6.198 - - [14/Nov/2017:11:31:37 +0100] "GET /gui/javascript/form_form.js?1510655497 HTTP/1.1" 200 16206 "http://easydrivers.activities.at/entry.php?id=10271&&ser=655437" "Mozilla/5.0 (Windows NT 10.0; WOW64; Trident/7.0; Touch; MALCJS; rv:11.0) like Gecko"
90.146.6.198 - - [14/Nov/2017:11:31:38 +0100] "POST /entry.php?id=11676 HTTP/1.1" 200 4375 "http://easydrivers.activities.at/entry.php?id=11676" "Mozilla/5.0 (Windows NT 10.0; WOW64; Trident/7.0; Touch; MALCJS; rv:11.0) like Gecko"
90.146.6.198 - - [14/Nov/2017:11:31:38 +0100] "GET /gui/javascript/form_form.js?1510655498 HTTP/1.1" 200 16206 "http://easydrivers.activities.at/entry.php?id=11676" "Mozilla/5.0 (Windows NT 10.0; WOW64; Trident/7.0; Touch; MALCJS; rv:11.0) like Gecko"
213.225.14.146 - - [14/Nov/2017:11:31:39 +0100] "GET /entry.php?id=10271&&ser=655438 HTTP/1.1" 200 987 "http://easydrivers.activities.at/entry.php?id=10271&&ser=655377" "Mozilla/5.0 (Windows NT 10.0; WOW64; Trident/7.0; Touch; rv:11.0) like Gecko"
213.225.14.146 - - [14/Nov/2017:11:31:39 +0100] "GET /gui/javascript/form_form.js?1510655499 HTTP/1.1" 200 16206 "http://easydrivers.activities.at/entry.php?id=10271&&ser=655438" "Mozilla/5.0 (Windows NT 10.0; WOW64; Trident/7.0; Touch; rv:11.0) like Gecko"
90.146.6.198 - - [14/Nov/2017:11:31:52 +0100] "GET /gui/javascript/jquery/css/gui-themes/images/ui-bg_flat_90_eeeeee_40x100.png HTTP/1.1" 200 180 "http://easydrivers.activities.at/entry.php?id=11676" "Mozilla/5.0 (Windows NT 10.0; WOW64; Trident/7.0; Touch; MALCJS; rv:11.0) like Gecko"
90.146.6.198 - - [14/Nov/2017:11:31:52 +0100] "GET /gui/javascript/jquery/css/gui-themes/images/ui-icons_ffffff_256x240_ev.png HTTP/1.1" 200 6912 "http://easydrivers.activities.at/entry.php?id=11676" "Mozilla/5.0 (Windows NT 10.0; WOW64; Trident/7.0; Touch; MALCJS; rv:11.0) like Gecko"
90.146.6.198 - - [14/Nov/2017:11:31:52 +0100] "GET /gui/javascript/jquery/css/gui-themes/images/ui-bg_flat_100_808080_40x100.png HTTP/1.1" 200 209 "http://easydrivers.activities.at/entry.php?id=11676" "Mozilla/5.0 (Windows NT 10.0; WOW64; Trident/7.0; Touch; MALCJS; rv:11.0) like Gecko"
90.146.6.198 - - [14/Nov/2017:11:31:52 +0100] "GET /gui/javascript/jquery/css/gui-themes/images/ui-bg_flat_80_ece9d8_40x100.png HTTP/1.1" 200 183 "http://easydrivers.activities.at/entry.php?id=11676" "Mozilla/5.0 (Windows NT 10.0; WOW64; Trident/7.0; Touch; MALCJS; rv:11.0) like Gecko"
90.146.6.198 - - [14/Nov/2017:11:31:53 +0100] "GET /gui/javascript/jquery/css/gui-themes/images/ui-bg_flat_100_ffffff_40x100.png HTTP/1.1" 200 178 "http://easydrivers.activities.at/entry.php?id=11676" "Mozilla/5.0 (Windows NT 10.0; WOW64; Trident/7.0; Touch; MALCJS; rv:11.0) like Gecko"
90.146.6.198 - - [14/Nov/2017:11:31:54 +0100] "POST /entry.php?id=11676 HTTP/1.1" 200 4594 "http://easydrivers.activities.at/entry.php?id=11676" "Mozilla/5.0 (Windows NT 10.0; WOW64; Trident/7.0; Touch; MALCJS; rv:11.0) like Gecko"
90.146.6.198 - - [14/Nov/2017:11:31:54 +0100] "POST /entry.php?id=11676 HTTP/1.1" 200 4594 "http://easydrivers.activities.at/entry.php?id=11676" "Mozilla/5.0 (Windows NT 10.0; WOW64; Trident/7.0; Touch; MALCJS; rv:11.0) like Gecko"
90.146.6.198 - - [14/Nov/2017:11:31:54 +0100] "GET /gui/javascript/form_form.js?1510655514 HTTP/1.1" 200 16206 "http://easydrivers.activities.at/entry.php?id=11676" "Mozilla/5.0 (Windows NT 10.0; WOW64; Trident/7.0; Touch; MALCJS; rv:11.0) like Gecko"
213.47.172.74 - - [14/Nov/2017:11:31:57 +0100] "POST /entry.php?id=11685 HTTP/1.1" 200 3709 "http://easydrivers.activities.at/entry.php?id=11685&object=10230540&site=10201431&item=10221987" "Mozilla/5.0 (Windows NT 6.1; Win64; x64) AppleWebKit/537.36 (KHTML, like Gecko) Chrome/61.0.3163.100 Safari/537.36"
213.47.172.74 - - [14/Nov/2017:11:31:58 +0100] "GET /gui/javascript/form_form.js?1510655517 HTTP/1.1" 200 16206 "http://easydrivers.activities.at/entry.php?id=11685" "Mozilla/5.0 (Windows NT 6.1; Win64; x64) AppleWebKit/537.36 (KHTML, like Gecko) Chrome/61.0.3163.100 Safari/537.36"
213.47.172.74 - - [14/Nov/2017:11:31:58 +0100] "GET /activities/framework/KoolControls/KoolTreeView/icons/square_yellowS.gif HTTP/1.1" 200 541 "http://easydrivers.activities.at/entry.php?id=11678&" "Mozilla/5.0 (Windows NT 6.1; Win64; x64) AppleWebKit/537.36 (KHTML, like Gecko) Chrome/61.0.3163.100 Safari/537.36"
213.47.172.74 - - [14/Nov/2017:11:32:05 +0100] "GET /gui/javascript/jquery/css/gui-themes/images/ui-icons_000000_256x240_ev.png HTTP/1.1" 200 11218 "http://easydrivers.activities.at/gui/javascript/jquery/css/gui-themes/custom.min.css" "Mozilla/5.0 (Windows NT 6.1; Win64; x64) AppleWebKit/537.36 (KHTML, like Gecko) Chrome/61.0.3163.100 Safari/537.36"
213.47.172.74 - - [14/Nov/2017:11:32:10 +0100] "GET /entry.php?id=10271&&ser=655469 HTTP/1.1" 200 987 "http://easydrivers.activities.at/entry.php?id=10271&UIN=f1e536d6c55cb11d12baf550a2806dc0" "Mozilla/5.0 (Windows NT 6.1; Win64; x64) AppleWebKit/537.36 (KHTML, like Gecko) Chrome/61.0.3163.100 Safari/537.36"
213.47.172.74 - - [14/Nov/2017:11:32:10 +0100] "GET /gui/javascript/form_form.js?1510655530 HTTP/1.1" 200 16206 "http://easydrivers.activities.at/entry.php?id=10271&&ser=655469" "Mozilla/5.0 (Windows NT 6.1; Win64; x64) AppleWebKit/537.36 (KHTML, like Gecko) Chrome/61.0.3163.100 Safari/537.36"
213.47.172.74 - - [14/Nov/2017:11:32:10 +0100] "POST /entry.php?id=11677 HTTP/1.1" 200 4430 "http://easydrivers.activities.at/entry.php?id=11677" "Mozilla/5.0 (Windows NT 6.1; Win64; x64) AppleWebKit/537.36 (KHTML, like Gecko) Chrome/61.0.3163.100 Safari/537.36"
213.47.172.74 - - [14/Nov/2017:11:32:13 +0100] "POST /entry.php?id=11677 HTTP/1.1" 200 3220 "http://easydrivers.activities.at/entry.php?id=11677" "Mozilla/5.0 (Windows NT 6.1; Win64; x64) AppleWebKit/537.36 (KHTML, like Gecko) Chrome/61.0.3163.100 Safari/537.36"
213.47.172.74 - - [14/Nov/2017:11:32:14 +0100] "GET /gui/javascript/form_form.js?1510655534 HTTP/1.1" 200 16206 "http://easydrivers.activities.at/entry.php?id=11677" "Mozilla/5.0 (Windows NT 6.1; Win64; x64) AppleWebKit/537.36 (KHTML, like Gecko) Chrome/61.0.3163.100 Safari/537.36"
213.47.172.74 - - [14/Nov/2017:11:32:14 +0100] "GET /entry.php?id=10776&form=11502&name=list& HTTP/1.1" 200 1475 "http://easydrivers.activities.at/entry.php?id=11677" "Mozilla/5.0 (Windows NT 6.1; Win64; x64) AppleWebKit/537.36 (KHTML, like Gecko) Chrome/61.0.3163.100 Safari/537.36"
213.47.172.74 - - [14/Nov/2017:11:32:14 +0100] "GET /entry.php?id=10778&form=11502&name=list& HTTP/1.1" 200 3858 "http://easydrivers.activities.at/entry.php?id=11677" "Mozilla/5.0 (Windows NT 6.1; Win64; x64) AppleWebKit/537.36 (KHTML, like Gecko) Chrome/61.0.3163.100 Safari/537.36"
213.47.172.74 - - [14/Nov/2017:11:32:16 +0100] "POST /entry.php?id=11677 HTTP/1.1" 200 4427 "http://easydrivers.activities.at/entry.php?id=11677" "Mozilla/5.0 (Windows NT 6.1; Win64; x64) AppleWebKit/537.36 (KHTML, like Gecko) Chrome/61.0.3163.100 Safari/537.36"
213.47.172.74 - - [14/Nov/2017:11:32:17 +0100] "GET /gui/javascript/form_form.js?1510655537 HTTP/1.1" 200 16206 "http://easydrivers.activities.at/entry.php?id=11677" "Mozilla/5.0 (Windows NT 6.1; Win64; x64) AppleWebKit/537.36 (KHTML, like Gecko) Chrome/61.0.3163.100 Safari/537.36"
213.47.172.74 - - [14/Nov/2017:11:32:21 +0100] "POST /entry.php?id=11678 HTTP/1.1" 200 3267 "http://easydrivers.activities.at/entry.php?id=11678&" "Mozilla/5.0 (Windows NT 6.1; Win64; x64) AppleWebKit/537.36 (KHTML, like Gecko) Chrome/61.0.3163.100 Safari/537.36"
213.47.172.74 - - [14/Nov/2017:11:32:22 +0100] "GET /activities/framework/KoolControls/KoolAjax/koolajax.php?8436e354c842500aba3cbaf0584c0c24 HTTP/1.1" 200 4079 "http://easydrivers.activities.at/entry.php?id=11678" "Mozilla/5.0 (Windows NT 6.1; Win64; x64) AppleWebKit/537.36 (KHTML, like Gecko) Chrome/61.0.3163.100 Safari/537.36"
213.47.172.74 - - [14/Nov/2017:11:32:22 +0100] "GET /gui/javascript/form_form.js?1510655541 HTTP/1.1" 200 16206 "http://easydrivers.activities.at/entry.php?id=11678" "Mozilla/5.0 (Windows NT 6.1; Win64; x64) AppleWebKit/537.36 (KHTML, like Gecko) Chrome/61.0.3163.100 Safari/537.36"
213.47.172.74 - - [14/Nov/2017:11:32:22 +0100] "GET /activities/framework/KoolControls/KoolTreeView/kooltreeview.php?c7cd9180e88ffef8e70f13526bb4f5f7 HTTP/1.1" 200 5055 "http://easydrivers.activities.at/entry.php?id=11678" "Mozilla/5.0 (Windows NT 6.1; Win64; x64) AppleWebKit/537.36 (KHTML, like Gecko) Chrome/61.0.3163.100 Safari/537.36"
213.47.172.74 - - [14/Nov/2017:11:32:23 +0100] "POST /entry.php?id=11677 HTTP/1.1" 200 4422 "http://easydrivers.activities.at/entry.php?id=11677" "Mozilla/5.0 (Windows NT 6.1; Win64; x64) AppleWebKit/537.36 (KHTML, like Gecko) Chrome/61.0.3163.100 Safari/537.36"
213.47.172.74 - - [14/Nov/2017:11:32:23 +0100] "GET /gui/javascript/form_form.js?1510655543 HTTP/1.1" 200 16206 "http://easydrivers.activities.at/entry.php?id=11677" "Mozilla/5.0 (Windows NT 6.1; Win64; x64) AppleWebKit/537.36 (KHTML, like Gecko) Chrome/61.0.3163.100 Safari/537.36"
213.47.172.74 - - [14/Nov/2017:11:32:27 +0100] "POST /entry.php?id=11677 HTTP/1.1" 200 5090 "http://easydrivers.activities.at/entry.php?id=11677" "Mozilla/5.0 (Windows NT 6.1; Win64; x64) AppleWebKit/537.36 (KHTML, like Gecko) Chrome/61.0.3163.100 Safari/537.36"
213.47.172.74 - - [14/Nov/2017:11:32:28 +0100] "GET /gui/javascript/form_form.js?1510655548 HTTP/1.1" 200 16206 "http://easydrivers.activities.at/entry.php?id=11677" "Mozilla/5.0 (Windows NT 6.1; Win64; x64) AppleWebKit/537.36 (KHTML, like Gecko) Chrome/61.0.3163.100 Safari/537.36"
213.47.172.74 - - [14/Nov/2017:11:32:28 +0100] "GET /gui/images/icons/calendar.png HTTP/1.1" 200 675 "http://easydrivers.activities.at/entry.php?id=11677" "Mozilla/5.0 (Windows NT 6.1; Win64; x64) AppleWebKit/537.36 (KHTML, like Gecko) Chrome/61.0.3163.100 Safari/537.36"
213.47.172.74 - - [14/Nov/2017:11:32:30 +0100] "POST /entry.php?id=11677 HTTP/1.1" 200 4422 "http://easydrivers.activities.at/entry.php?id=11677" "Mozilla/5.0 (Windows NT 6.1; Win64; x64) AppleWebKit/537.36 (KHTML, like Gecko) Chrome/61.0.3163.100 Safari/537.36"
213.47.172.74 - - [14/Nov/2017:11:32:30 +0100] "GET /gui/javascript/form_form.js?1510655550 HTTP/1.1" 200 16206 "http://easydrivers.activities.at/entry.php?id=11677" "Mozilla/5.0 (Windows NT 6.1; Win64; x64) AppleWebKit/537.36 (KHTML, like Gecko) Chrome/61.0.3163.100 Safari/537.36"
213.47.172.74 - - [14/Nov/2017:11:32:33 +0100] "GET /entry.php?id=10287&login=1 HTTP/1.1" 200 1871 "http://easydrivers.activities.at/entry.php?id=10273&" "Mozilla/5.0 (Windows NT 6.1; Win64; x64) AppleWebKit/537.36 (KHTML, like Gecko) Chrome/61.0.3163.100 Safari/537.36"
213.47.172.74 - - [14/Nov/2017:11:32:33 +0100] "GET /gui/javascript/form_form.js?1510655553 HTTP/1.1" 200 16206 "http://easydrivers.activities.at/entry.php?id=10287&login=1" "Mozilla/5.0 (Windows NT 6.1; Win64; x64) AppleWebKit/537.36 (KHTML, like Gecko) Chrome/61.0.3163.100 Safari/537.36"
213.47.172.74 - - [14/Nov/2017:11:32:36 +0100] "POST /entry.php?id=10287& HTTP/1.1" 200 2425 "http://easydrivers.activities.at/entry.php?id=10287&login=1" "Mozilla/5.0 (Windows NT 6.1; Win64; x64) AppleWebKit/537.36 (KHTML, like Gecko) Chrome/61.0.3163.100 Safari/537.36"
213.47.172.74 - - [14/Nov/2017:11:32:36 +0100] "GET /gui/javascript/form_form.js?1510655556 HTTP/1.1" 200 16206 "http://easydrivers.activities.at/entry.php?id=10287&" "Mozilla/5.0 (Windows NT 6.1; Win64; x64) AppleWebKit/537.36 (KHTML, like Gecko) Chrome/61.0.3163.100 Safari/537.36"
213.47.172.74 - - [14/Nov/2017:11:32:36 +0100] "GET /entry.php?id=10270& HTTP/1.1" 200 907 "http://easydrivers.activities.at/entry.php?id=10287&" "Mozilla/5.0 (Windows NT 6.1; Win64; x64) AppleWebKit/537.36 (KHTML, like Gecko) Chrome/61.0.3163.100 Safari/537.36"
213.47.172.74 - - [14/Nov/2017:11:32:36 +0100] "GET /entry.php?id=10273&logout=true& HTTP/1.1" 200 1909 "http://easydrivers.activities.at/entry.php?id=10287&" "Mozilla/5.0 (Windows NT 6.1; Win64; x64) AppleWebKit/537.36 (KHTML, like Gecko) Chrome/61.0.3163.100 Safari/537.36"
90.146.6.198 - - [14/Nov/2017:11:32:37 +0100] "GET /entry.php?id=10271&&ser=655497 HTTP/1.1" 200 985 "http://easydrivers.activities.at/entry.php?id=10271&&ser=655437" "Mozilla/5.0 (Windows NT 10.0; WOW64; Trident/7.0; Touch; MALCJS; rv:11.0) like Gecko"
90.146.6.198 - - [14/Nov/2017:11:32:38 +0100] "GET /gui/javascript/form_form.js?1510655557 HTTP/1.1" 200 16206 "http://easydrivers.activities.at/entry.php?id=10271&&ser=655497" "Mozilla/5.0 (Windows NT 10.0; WOW64; Trident/7.0; Touch; MALCJS; rv:11.0) like Gecko"
213.225.14.146 - - [14/Nov/2017:11:32:39 +0100] "GET /entry.php?id=10271&&ser=655499 HTTP/1.1" 200 985 "http://easydrivers.activities.at/entry.php?id=10271&&ser=655438" "Mozilla/5.0 (Windows NT 10.0; WOW64; Trident/7.0; Touch; rv:11.0) like Gecko"
213.225.14.146 - - [14/Nov/2017:11:32:40 +0100] "GET /gui/javascript/form_form.js?1510655559 HTTP/1.1" 200 16206 "http://easydrivers.activities.at/entry.php?id=10271&&ser=655499" "Mozilla/5.0 (Windows NT 10.0; WOW64; Trident/7.0; Touch; rv:11.0) like Gecko"
90.146.6.198 - - [14/Nov/2017:11:32:45 +0100] "POST /entry.php?id=11676 HTTP/1.1" 200 3281 "http://easydrivers.activities.at/entry.php?id=11676" "Mozilla/5.0 (Windows NT 10.0; WOW64; Trident/7.0; Touch; MALCJS; rv:11.0) like Gecko"
90.146.6.198 - - [14/Nov/2017:11:32:45 +0100] "GET /gui/javascript/form_form.js?1510655565 HTTP/1.1" 200 16206 "http://easydrivers.activities.at/entry.php?id=11676" "Mozilla/5.0 (Windows NT 10.0; WOW64; Trident/7.0; Touch; MALCJS; rv:11.0) like Gecko"
90.146.6.198 - - [14/Nov/2017:11:32:46 +0100] "GET /framework/webfx/javascript/tinymce/skins/lightgray/content.min.css HTTP/1.1" 404 330 "http://easydrivers.activities.at/entry.php?id=11676" "Mozilla/5.0 (Windows NT 10.0; WOW64; Trident/7.0; Touch; MALCJS; rv:11.0) like Gecko"
90.146.6.198 - - [14/Nov/2017:11:32:47 +0100] "POST /entry.php?id=11676 HTTP/1.1" 200 3112 "http://easydrivers.activities.at/entry.php?id=11676" "Mozilla/5.0 (Windows NT 10.0; WOW64; Trident/7.0; Touch; MALCJS; rv:11.0) like Gecko"
90.146.6.198 - - [14/Nov/2017:11:32:48 +0100] "GET /gui/javascript/form_form.js?1510655568 HTTP/1.1" 200 16206 "http://easydrivers.activities.at/entry.php?id=11676" "Mozilla/5.0 (Windows NT 10.0; WOW64; Trident/7.0; Touch; MALCJS; rv:11.0) like Gecko"
90.146.6.198 - - [14/Nov/2017:11:32:48 +0100] "GET /entry.php?id=10776&form=11499&name=image_list& HTTP/1.1" 200 1538 "http://easydrivers.activities.at/entry.php?id=11676" "Mozilla/5.0 (Windows NT 10.0; WOW64; Trident/7.0; Touch; MALCJS; rv:11.0) like Gecko"
90.146.6.198 - - [14/Nov/2017:11:32:48 +0100] "GET /entry.php?id=10778&form=11499&name=image_list& HTTP/1.1" 200 2502 "http://easydrivers.activities.at/entry.php?id=11676" "Mozilla/5.0 (Windows NT 10.0; WOW64; Trident/7.0; Touch; MALCJS; rv:11.0) like Gecko"
90.146.6.198 - - [14/Nov/2017:11:32:49 +0100] "POST /entry.php?id=11676 HTTP/1.1" 200 3092 "http://easydrivers.activities.at/entry.php?id=11676" "Mozilla/5.0 (Windows NT 10.0; WOW64; Trident/7.0; Touch; MALCJS; rv:11.0) like Gecko"
90.146.6.198 - - [14/Nov/2017:11:32:50 +0100] "GET /gui/javascript/form_form.js?1510655570 HTTP/1.1" 200 16206 "http://easydrivers.activities.at/entry.php?id=11676" "Mozilla/5.0 (Windows NT 10.0; WOW64; Trident/7.0; Touch; MALCJS; rv:11.0) like Gecko"
90.146.6.198 - - [14/Nov/2017:11:32:50 +0100] "GET /entry.php?id=10776&form=11499&name=binarie_list& HTTP/1.1" 200 1529 "http://easydrivers.activities.at/entry.php?id=11676" "Mozilla/5.0 (Windows NT 10.0; WOW64; Trident/7.0; Touch; MALCJS; rv:11.0) like Gecko"
90.146.6.198 - - [14/Nov/2017:11:32:50 +0100] "GET /entry.php?id=10778&form=11499&name=binarie_list& HTTP/1.1" 200 2495 "http://easydrivers.activities.at/entry.php?id=11676" "Mozilla/5.0 (Windows NT 10.0; WOW64; Trident/7.0; Touch; MALCJS; rv:11.0) like Gecko"
213.225.14.146 - - [14/Nov/2017:11:32:50 +0100] "POST /entry.php?id=11671 HTTP/1.1" 200 5019 "http://easydrivers.activities.at/entry.php?id=11671" "Mozilla/5.0 (Windows NT 10.0; WOW64; Trident/7.0; Touch; rv:11.0) like Gecko"
213.225.14.146 - - [14/Nov/2017:11:32:50 +0100] "GET /gui/javascript/form_form.js?1510655570 HTTP/1.1" 200 16206 "http://easydrivers.activities.at/entry.php?id=11671" "Mozilla/5.0 (Windows NT 10.0; WOW64; Trident/7.0; Touch; rv:11.0) like Gecko"
213.225.14.146 - - [14/Nov/2017:11:32:51 +0100] "GET /entry.php?id=10778&form=11496&name=list& HTTP/1.1" 200 5876 "http://easydrivers.activities.at/entry.php?id=11671" "Mozilla/5.0 (Windows NT 10.0; WOW64; Trident/7.0; Touch; rv:11.0) like Gecko"
213.225.14.146 - - [14/Nov/2017:11:32:51 +0100] "GET /entry.php?id=10776&form=11496&name=list& HTTP/1.1" 200 1519 "http://easydrivers.activities.at/entry.php?id=11671" "Mozilla/5.0 (Windows NT 10.0; WOW64; Trident/7.0; Touch; rv:11.0) like Gecko"
90.146.6.198 - - [14/Nov/2017:11:32:51 +0100] "POST /entry.php?id=11676 HTTP/1.1" 200 4597 "http://easydrivers.activities.at/entry.php?id=11676" "Mozilla/5.0 (Windows NT 10.0; WOW64; Trident/7.0; Touch; MALCJS; rv:11.0) like Gecko"
90.146.6.198 - - [14/Nov/2017:11:32:52 +0100] "GET /gui/javascript/form_form.js?1510655572 HTTP/1.1" 200 16206 "http://easydrivers.activities.at/entry.php?id=11676" "Mozilla/5.0 (Windows NT 10.0; WOW64; Trident/7.0; Touch; MALCJS; rv:11.0) like Gecko"
213.225.14.146 - - [14/Nov/2017:11:32:58 +0100] "POST /entry.php?id=11671 HTTP/1.1" 200 3196 "http://easydrivers.activities.at/entry.php?id=11671" "Mozilla/5.0 (Windows NT 10.0; WOW64; Trident/7.0; Touch; rv:11.0) like Gecko"
90.146.6.198 - - [14/Nov/2017:11:32:58 +0100] "POST /entry.php?id=11676 HTTP/1.1" 200 4375 "http://easydrivers.activities.at/entry.php?id=11676" "Mozilla/5.0 (Windows NT 10.0; WOW64; Trident/7.0; Touch; MALCJS; rv:11.0) like Gecko"
90.146.6.198 - - [14/Nov/2017:11:32:59 +0100] "GET /gui/javascript/form_form.js?1510655579 HTTP/1.1" 200 16206 "http://easydrivers.activities.at/entry.php?id=11676" "Mozilla/5.0 (Windows NT 10.0; WOW64; Trident/7.0; Touch; MALCJS; rv:11.0) like Gecko"
213.225.14.146 - - [14/Nov/2017:11:32:59 +0100] "GET /gui/javascript/form_form.js?1510655579 HTTP/1.1" 200 16206 "http://easydrivers.activities.at/entry.php?id=11671" "Mozilla/5.0 (Windows NT 10.0; WOW64; Trident/7.0; Touch; rv:11.0) like Gecko"
213.225.14.146 - - [14/Nov/2017:11:33:00 +0100] "GET /framework/webfx/javascript/tinymce/skins/lightgray/content.min.css HTTP/1.1" 404 330 "http://easydrivers.activities.at/entry.php?id=11671" "Mozilla/5.0 (Windows NT 10.0; WOW64; Trident/7.0; Touch; rv:11.0) like Gecko"
213.225.14.146 - - [14/Nov/2017:11:33:05 +0100] "POST /entry.php?id=11671 HTTP/1.1" 200 3582 "http://easydrivers.activities.at/entry.php?id=11671" "Mozilla/5.0 (Windows NT 10.0; WOW64; Trident/7.0; Touch; rv:11.0) like Gecko"
213.225.14.146 - - [14/Nov/2017:11:33:06 +0100] "GET /gui/javascript/form_form.js?1510655586 HTTP/1.1" 200 16206 "http://easydrivers.activities.at/entry.php?id=11671" "Mozilla/5.0 (Windows NT 10.0; WOW64; Trident/7.0; Touch; rv:11.0) like Gecko"
213.225.14.146 - - [14/Nov/2017:11:33:07 +0100] "GET /framework/webfx/javascript/tinymce/skins/lightgray/content.min.css HTTP/1.1" 404 330 "http://easydrivers.activities.at/entry.php?id=11671" "Mozilla/5.0 (Windows NT 10.0; WOW64; Trident/7.0; Touch; rv:11.0) like Gecko"
213.225.14.146 - - [14/Nov/2017:11:33:08 +0100] "POST /entry.php?id=11671 HTTP/1.1" 200 4933 "http://easydrivers.activities.at/entry.php?id=11671" "Mozilla/5.0 (Windows NT 10.0; WOW64; Trident/7.0; Touch; rv:11.0) like Gecko"
213.225.14.146 - - [14/Nov/2017:11:33:09 +0100] "GET /gui/javascript/form_form.js?1510655588 HTTP/1.1" 200 16206 "http://easydrivers.activities.at/entry.php?id=11671" "Mozilla/5.0 (Windows NT 10.0; WOW64; Trident/7.0; Touch; rv:11.0) like Gecko"
213.225.14.146 - - [14/Nov/2017:11:33:09 +0100] "GET /entry.php?id=10778&form=11496&name=list& HTTP/1.1" 200 5876 "http://easydrivers.activities.at/entry.php?id=11671" "Mozilla/5.0 (Windows NT 10.0; WOW64; Trident/7.0; Touch; rv:11.0) like Gecko"
213.225.14.146 - - [14/Nov/2017:11:33:09 +0100] "GET /entry.php?id=10776&form=11496&name=list& HTTP/1.1" 200 1519 "http://easydrivers.activities.at/entry.php?id=11671" "Mozilla/5.0 (Windows NT 10.0; WOW64; Trident/7.0; Touch; rv:11.0) like Gecko"
213.225.14.146 - - [14/Nov/2017:11:33:11 +0100] "POST /entry.php?id=11671 HTTP/1.1" 200 5126 "http://easydrivers.activities.at/entry.php?id=11671" "Mozilla/5.0 (Windows NT 10.0; WOW64; Trident/7.0; Touch; rv:11.0) like Gecko"
213.225.14.146 - - [14/Nov/2017:11:33:12 +0100] "GET /gui/javascript/form_form.js?1510655592 HTTP/1.1" 200 16206 "http://easydrivers.activities.at/entry.php?id=11671" "Mozilla/5.0 (Windows NT 10.0; WOW64; Trident/7.0; Touch; rv:11.0) like Gecko"
213.225.14.146 - - [14/Nov/2017:11:33:13 +0100] "GET /entry.php?id=10776&form=11496&name=list& HTTP/1.1" 200 1519 "http://easydrivers.activities.at/entry.php?id=11671" "Mozilla/5.0 (Windows NT 10.0; WOW64; Trident/7.0; Touch; rv:11.0) like Gecko"
213.225.14.146 - - [14/Nov/2017:11:33:13 +0100] "GET /entry.php?id=10778&form=11496&name=list& HTTP/1.1" 200 5876 "http://easydrivers.activities.at/entry.php?id=11671" "Mozilla/5.0 (Windows NT 10.0; WOW64; Trident/7.0; Touch; rv:11.0) like Gecko"
90.146.6.198 - - [14/Nov/2017:11:33:38 +0100] "GET /entry.php?id=10271&&ser=655557 HTTP/1.1" 200 987 "http://easydrivers.activities.at/entry.php?id=10271&&ser=655497" "Mozilla/5.0 (Windows NT 10.0; WOW64; Trident/7.0; Touch; MALCJS; rv:11.0) like Gecko"
90.146.6.198 - - [14/Nov/2017:11:33:38 +0100] "GET /gui/javascript/form_form.js?1510655618 HTTP/1.1" 200 16206 "http://easydrivers.activities.at/entry.php?id=10271&&ser=655557" "Mozilla/5.0 (Windows NT 10.0; WOW64; Trident/7.0; Touch; MALCJS; rv:11.0) like Gecko"
213.225.14.146 - - [14/Nov/2017:11:33:40 +0100] "GET /entry.php?id=10271&&ser=655559 HTTP/1.1" 200 987 "http://easydrivers.activities.at/entry.php?id=10271&&ser=655499" "Mozilla/5.0 (Windows NT 10.0; WOW64; Trident/7.0; Touch; rv:11.0) like Gecko"
213.225.14.146 - - [14/Nov/2017:11:33:40 +0100] "GET /gui/javascript/form_form.js?1510655620 HTTP/1.1" 200 16206 "http://easydrivers.activities.at/entry.php?id=10271&&ser=655559" "Mozilla/5.0 (Windows NT 10.0; WOW64; Trident/7.0; Touch; rv:11.0) like Gecko"
213.225.14.146 - - [14/Nov/2017:11:33:51 +0100] "POST /entry.php?id=11671 HTTP/1.1" 200 4620 "http://easydrivers.activities.at/entry.php?id=11671" "Mozilla/5.0 (Windows NT 10.0; WOW64; Trident/7.0; Touch; rv:11.0) like Gecko"
213.225.14.146 - - [14/Nov/2017:11:33:52 +0100] "GET /gui/javascript/form_form.js?1510655631 HTTP/1.1" 200 16206 "http://easydrivers.activities.at/entry.php?id=11671" "Mozilla/5.0 (Windows NT 10.0; WOW64; Trident/7.0; Touch; rv:11.0) like Gecko"
213.225.14.146 - - [14/Nov/2017:11:33:52 +0100] "GET /entry.php?id=10776&form=11496&name=list& HTTP/1.1" 200 1519 "http://easydrivers.activities.at/entry.php?id=11671" "Mozilla/5.0 (Windows NT 10.0; WOW64; Trident/7.0; Touch; rv:11.0) like Gecko"
213.225.14.146 - - [14/Nov/2017:11:33:52 +0100] "GET /entry.php?id=10778&form=11496&name=list& HTTP/1.1" 200 5596 "http://easydrivers.activities.at/entry.php?id=11671" "Mozilla/5.0 (Windows NT 10.0; WOW64; Trident/7.0; Touch; rv:11.0) like Gecko"
90.146.6.198 - - [14/Nov/2017:11:34:38 +0100] "GET /entry.php?id=10271&&ser=655618 HTTP/1.1" 200 987 "http://easydrivers.activities.at/entry.php?id=10271&&ser=655557" "Mozilla/5.0 (Windows NT 10.0; WOW64; Trident/7.0; Touch; MALCJS; rv:11.0) like Gecko"
90.146.6.198 - - [14/Nov/2017:11:34:38 +0100] "GET /gui/javascript/form_form.js?1510655678 HTTP/1.1" 200 16206 "http://easydrivers.activities.at/entry.php?id=10271&&ser=655618" "Mozilla/5.0 (Windows NT 10.0; WOW64; Trident/7.0; Touch; MALCJS; rv:11.0) like Gecko"
213.225.14.146 - - [14/Nov/2017:11:34:40 +0100] "GET /entry.php?id=10271&&ser=655620 HTTP/1.1" 200 987 "http://easydrivers.activities.at/entry.php?id=10271&&ser=655559" "Mozilla/5.0 (Windows NT 10.0; WOW64; Trident/7.0; Touch; rv:11.0) like Gecko"
213.225.14.146 - - [14/Nov/2017:11:34:41 +0100] "GET /gui/javascript/form_form.js?1510655681 HTTP/1.1" 200 16206 "http://easydrivers.activities.at/entry.php?id=10271&&ser=655620" "Mozilla/5.0 (Windows NT 10.0; WOW64; Trident/7.0; Touch; rv:11.0) like Gecko"
213.225.14.146 - - [14/Nov/2017:11:34:54 +0100] "POST /entry.php?id=11671 HTTP/1.1" 200 5017 "http://easydrivers.activities.at/entry.php?id=11671" "Mozilla/5.0 (Windows NT 10.0; WOW64; Trident/7.0; Touch; rv:11.0) like Gecko"
213.225.14.146 - - [14/Nov/2017:11:34:54 +0100] "GET /gui/javascript/form_form.js?1510655694 HTTP/1.1" 200 16206 "http://easydrivers.activities.at/entry.php?id=11671" "Mozilla/5.0 (Windows NT 10.0; WOW64; Trident/7.0; Touch; rv:11.0) like Gecko"
213.225.14.146 - - [14/Nov/2017:11:34:55 +0100] "GET /entry.php?id=10778&form=11496&name=list& HTTP/1.1" 200 5876 "http://easydrivers.activities.at/entry.php?id=11671" "Mozilla/5.0 (Windows NT 10.0; WOW64; Trident/7.0; Touch; rv:11.0) like Gecko"
213.225.14.146 - - [14/Nov/2017:11:34:55 +0100] "GET /entry.php?id=10776&form=11496&name=list& HTTP/1.1" 200 1519 "http://easydrivers.activities.at/entry.php?id=11671" "Mozilla/5.0 (Windows NT 10.0; WOW64; Trident/7.0; Touch; rv:11.0) like Gecko"
213.225.14.146 - - [14/Nov/2017:11:34:57 +0100] "POST /entry.php?id=11671 HTTP/1.1" 200 3196 "http://easydrivers.activities.at/entry.php?id=11671" "Mozilla/5.0 (Windows NT 10.0; WOW64; Trident/7.0; Touch; rv:11.0) like Gecko"
213.225.14.146 - - [14/Nov/2017:11:34:58 +0100] "GET /gui/javascript/form_form.js?1510655697 HTTP/1.1" 200 16206 "http://easydrivers.activities.at/entry.php?id=11671" "Mozilla/5.0 (Windows NT 10.0; WOW64; Trident/7.0; Touch; rv:11.0) like Gecko"
213.225.14.146 - - [14/Nov/2017:11:34:58 +0100] "GET /framework/webfx/javascript/tinymce/skins/lightgray/content.min.css HTTP/1.1" 404 330 "http://easydrivers.activities.at/entry.php?id=11671" "Mozilla/5.0 (Windows NT 10.0; WOW64; Trident/7.0; Touch; rv:11.0) like Gecko"
213.225.14.146 - - [14/Nov/2017:11:35:03 +0100] "POST /entry.php?id=11671 HTTP/1.1" 200 3580 "http://easydrivers.activities.at/entry.php?id=11671" "Mozilla/5.0 (Windows NT 10.0; WOW64; Trident/7.0; Touch; rv:11.0) like Gecko"
213.225.14.146 - - [14/Nov/2017:11:35:03 +0100] "GET /gui/javascript/form_form.js?1510655703 HTTP/1.1" 200 16206 "http://easydrivers.activities.at/entry.php?id=11671" "Mozilla/5.0 (Windows NT 10.0; WOW64; Trident/7.0; Touch; rv:11.0) like Gecko"
213.225.14.146 - - [14/Nov/2017:11:35:04 +0100] "GET /framework/webfx/javascript/tinymce/skins/lightgray/content.min.css HTTP/1.1" 404 330 "http://easydrivers.activities.at/entry.php?id=11671" "Mozilla/5.0 (Windows NT 10.0; WOW64; Trident/7.0; Touch; rv:11.0) like Gecko"
213.225.14.146 - - [14/Nov/2017:11:35:07 +0100] "POST /entry.php?id=11671 HTTP/1.1" 200 4927 "http://easydrivers.activities.at/entry.php?id=11671" "Mozilla/5.0 (Windows NT 10.0; WOW64; Trident/7.0; Touch; rv:11.0) like Gecko"
213.225.14.146 - - [14/Nov/2017:11:35:08 +0100] "GET /gui/javascript/form_form.js?1510655708 HTTP/1.1" 200 16206 "http://easydrivers.activities.at/entry.php?id=11671" "Mozilla/5.0 (Windows NT 10.0; WOW64; Trident/7.0; Touch; rv:11.0) like Gecko"
213.225.14.146 - - [14/Nov/2017:11:35:09 +0100] "GET /entry.php?id=10776&form=11496&name=list& HTTP/1.1" 200 1519 "http://easydrivers.activities.at/entry.php?id=11671" "Mozilla/5.0 (Windows NT 10.0; WOW64; Trident/7.0; Touch; rv:11.0) like Gecko"
213.225.14.146 - - [14/Nov/2017:11:35:09 +0100] "GET /entry.php?id=10778&form=11496&name=list& HTTP/1.1" 200 5876 "http://easydrivers.activities.at/entry.php?id=11671" "Mozilla/5.0 (Windows NT 10.0; WOW64; Trident/7.0; Touch; rv:11.0) like Gecko"
213.225.14.146 - - [14/Nov/2017:11:35:11 +0100] "POST /entry.php?id=11671 HTTP/1.1" 200 5121 "http://easydrivers.activities.at/entry.php?id=11671" "Mozilla/5.0 (Windows NT 10.0; WOW64; Trident/7.0; Touch; rv:11.0) like Gecko"
213.225.14.146 - - [14/Nov/2017:11:35:12 +0100] "GET /gui/javascript/form_form.js?1510655712 HTTP/1.1" 200 16206 "http://easydrivers.activities.at/entry.php?id=11671" "Mozilla/5.0 (Windows NT 10.0; WOW64; Trident/7.0; Touch; rv:11.0) like Gecko"
213.225.14.146 - - [14/Nov/2017:11:35:12 +0100] "GET /entry.php?id=10778&form=11496&name=list& HTTP/1.1" 200 5876 "http://easydrivers.activities.at/entry.php?id=11671" "Mozilla/5.0 (Windows NT 10.0; WOW64; Trident/7.0; Touch; rv:11.0) like Gecko"
213.225.14.146 - - [14/Nov/2017:11:35:12 +0100] "GET /entry.php?id=10776&form=11496&name=list& HTTP/1.1" 200 1519 "http://easydrivers.activities.at/entry.php?id=11671" "Mozilla/5.0 (Windows NT 10.0; WOW64; Trident/7.0; Touch; rv:11.0) like Gecko"
213.225.14.146 - - [14/Nov/2017:11:35:17 +0100] "POST /entry.php?id=11671 HTTP/1.1" 200 4621 "http://easydrivers.activities.at/entry.php?id=11671" "Mozilla/5.0 (Windows NT 10.0; WOW64; Trident/7.0; Touch; rv:11.0) like Gecko"
213.225.14.146 - - [14/Nov/2017:11:35:18 +0100] "GET /gui/javascript/form_form.js?1510655718 HTTP/1.1" 200 16206 "http://easydrivers.activities.at/entry.php?id=11671" "Mozilla/5.0 (Windows NT 10.0; WOW64; Trident/7.0; Touch; rv:11.0) like Gecko"
213.225.14.146 - - [14/Nov/2017:11:35:18 +0100] "GET /entry.php?id=10778&form=11496&name=list& HTTP/1.1" 200 5596 "http://easydrivers.activities.at/entry.php?id=11671" "Mozilla/5.0 (Windows NT 10.0; WOW64; Trident/7.0; Touch; rv:11.0) like Gecko"
213.225.14.146 - - [14/Nov/2017:11:35:18 +0100] "GET /entry.php?id=10776&form=11496&name=list& HTTP/1.1" 200 1519 "http://easydrivers.activities.at/entry.php?id=11671" "Mozilla/5.0 (Windows NT 10.0; WOW64; Trident/7.0; Touch; rv:11.0) like Gecko"
90.146.6.198 - - [14/Nov/2017:11:35:38 +0100] "GET /entry.php?id=10271&&ser=655678 HTTP/1.1" 200 987 "http://easydrivers.activities.at/entry.php?id=10271&&ser=655618" "Mozilla/5.0 (Windows NT 10.0; WOW64; Trident/7.0; Touch; MALCJS; rv:11.0) like Gecko"
90.146.6.198 - - [14/Nov/2017:11:35:39 +0100] "GET /gui/javascript/form_form.js?1510655739 HTTP/1.1" 200 16206 "http://easydrivers.activities.at/entry.php?id=10271&&ser=655678" "Mozilla/5.0 (Windows NT 10.0; WOW64; Trident/7.0; Touch; MALCJS; rv:11.0) like Gecko"
213.225.14.146 - - [14/Nov/2017:11:35:42 +0100] "GET /entry.php?id=10271&&ser=655681 HTTP/1.1" 200 987 "http://easydrivers.activities.at/entry.php?id=10271&&ser=655620" "Mozilla/5.0 (Windows NT 10.0; WOW64; Trident/7.0; Touch; rv:11.0) like Gecko"
213.225.14.146 - - [14/Nov/2017:11:35:42 +0100] "GET /gui/javascript/form_form.js?1510655742 HTTP/1.1" 200 16206 "http://easydrivers.activities.at/entry.php?id=10271&&ser=655681" "Mozilla/5.0 (Windows NT 10.0; WOW64; Trident/7.0; Touch; rv:11.0) like Gecko"
90.146.6.198 - - [14/Nov/2017:11:36:21 +0100] "POST /entry.php?id=11676 HTTP/1.1" 200 4890 "http://easydrivers.activities.at/entry.php?id=11676" "Mozilla/5.0 (Windows NT 10.0; WOW64; Trident/7.0; Touch; MALCJS; rv:11.0) like Gecko"
90.146.6.198 - - [14/Nov/2017:11:36:22 +0100] "GET /gui/javascript/form_form.js?1510655781 HTTP/1.1" 200 16206 "http://easydrivers.activities.at/entry.php?id=11676" "Mozilla/5.0 (Windows NT 10.0; WOW64; Trident/7.0; Touch; MALCJS; rv:11.0) like Gecko"
90.146.6.198 - - [14/Nov/2017:11:36:26 +0100] "GET /entry.php?id=10711&chooserview=image_single&view=actionimage HTTP/1.1" 200 1720 "-" "Mozilla/5.0 (Windows NT 10.0; WOW64; Trident/7.0; Touch; MALCJS; rv:11.0) like Gecko"
90.146.6.198 - - [14/Nov/2017:11:36:26 +0100] "GET /gui/javascript/form_form.js?1510655786 HTTP/1.1" 200 16206 "http://easydrivers.activities.at/entry.php?id=10711&chooserview=image_single&view=actionimage" "Mozilla/5.0 (Windows NT 10.0; WOW64; Trident/7.0; Touch; MALCJS; rv:11.0) like Gecko"
90.146.6.198 - - [14/Nov/2017:11:36:26 +0100] "GET /gui/javascript/jquery/js/ui.splitter.js HTTP/1.1" 200 3473 "http://easydrivers.activities.at/entry.php?id=10711&chooserview=image_single&view=actionimage" "Mozilla/5.0 (Windows NT 10.0; WOW64; Trident/7.0; Touch; MALCJS; rv:11.0) like Gecko"
90.146.6.198 - - [14/Nov/2017:11:36:26 +0100] "GET /gui/javascript/form_binary.js HTTP/1.1" 200 3410 "http://easydrivers.activities.at/entry.php?id=10711&chooserview=image_single&view=actionimage" "Mozilla/5.0 (Windows NT 10.0; WOW64; Trident/7.0; Touch; MALCJS; rv:11.0) like Gecko"
90.146.6.198 - - [14/Nov/2017:11:36:26 +0100] "GET /entry.php?id=10703&&but=&object=&class=&tag=&value=&chooserview=image_single&function=&setlist=&t_width=&t_height=&view=actionimage HTTP/1.1" 200 2539 "http://easydrivers.activities.at/entry.php?id=10711&chooserview=image_single&view=actionimage" "Mozilla/5.0 (Windows NT 10.0; WOW64; Trident/7.0; Touch; MALCJS; rv:11.0) like Gecko"
90.146.6.198 - - [14/Nov/2017:11:36:26 +0100] "GET /entry.php?id=10676&title=Ressourcenverwaltung HTTP/1.1" 200 1395 "http://easydrivers.activities.at/entry.php?id=10711&chooserview=image_single&view=actionimage" "Mozilla/5.0 (Windows NT 10.0; WOW64; Trident/7.0; Touch; MALCJS; rv:11.0) like Gecko"
90.146.6.198 - - [14/Nov/2017:11:36:27 +0100] "GET /gui/javascript/form_form.js?1510655787 HTTP/1.1" 200 16206 "http://easydrivers.activities.at/entry.php?id=10676&title=Ressourcenverwaltung" "Mozilla/5.0 (Windows NT 10.0; WOW64; Trident/7.0; Touch; MALCJS; rv:11.0) like Gecko"
90.146.6.198 - - [14/Nov/2017:11:36:27 +0100] "GET /entry.php?id=10778&form=10547&name=list& HTTP/1.1" 200 3001 "http://easydrivers.activities.at/entry.php?id=10703&&but=&object=&class=&tag=&value=&chooserview=image_single&function=&setlist=&t_width=&t_height=&view=actionimage" "Mozilla/5.0 (Windows NT 10.0; WOW64; Trident/7.0; Touch; MALCJS; rv:11.0) like Gecko"
90.146.6.198 - - [14/Nov/2017:11:36:26 +0100] "GET /entry.php?id=10704&&but=&object=&class=&tag=&value=&chooserview=image_single&function=&setlist=&t_width=&t_height=&view=actionimage HTTP/1.1" 200 2869 "http://easydrivers.activities.at/entry.php?id=10711&chooserview=image_single&view=actionimage" "Mozilla/5.0 (Windows NT 10.0; WOW64; Trident/7.0; Touch; MALCJS; rv:11.0) like Gecko"
90.146.6.198 - - [14/Nov/2017:11:36:27 +0100] "GET /entry.php?id=10776&form=10547&name=list& HTTP/1.1" 200 1290 "http://easydrivers.activities.at/entry.php?id=10703&&but=&object=&class=&tag=&value=&chooserview=image_single&function=&setlist=&t_width=&t_height=&view=actionimage" "Mozilla/5.0 (Windows NT 10.0; WOW64; Trident/7.0; Touch; MALCJS; rv:11.0) like Gecko"
90.146.6.198 - - [14/Nov/2017:11:36:27 +0100] "GET /entry.php?id=10778&form=10549&name=list& HTTP/1.1" 200 2599 "http://easydrivers.activities.at/entry.php?id=10704&&but=&object=&class=&tag=&value=&chooserview=image_single&function=&setlist=&t_width=&t_height=&view=actionimage" "Mozilla/5.0 (Windows NT 10.0; WOW64; Trident/7.0; Touch; MALCJS; rv:11.0) like Gecko"
90.146.6.198 - - [14/Nov/2017:11:36:27 +0100] "GET /entry.php?id=10776&form=10549&name=list& HTTP/1.1" 200 1546 "http://easydrivers.activities.at/entry.php?id=10704&&but=&object=&class=&tag=&value=&chooserview=image_single&function=&setlist=&t_width=&t_height=&view=actionimage" "Mozilla/5.0 (Windows NT 10.0; WOW64; Trident/7.0; Touch; MALCJS; rv:11.0) like Gecko"
90.146.6.198 - - [14/Nov/2017:11:36:27 +0100] "GET /gui/images/icons/disabled_view_grid.gif HTTP/1.1" 200 399 "http://easydrivers.activities.at/entry.php?id=10776&form=10549&name=list&" "Mozilla/5.0 (Windows NT 10.0; WOW64; Trident/7.0; Touch; MALCJS; rv:11.0) like Gecko"
90.146.6.198 - - [14/Nov/2017:11:36:36 +0100] "GET /entry.php?id=11687&uploadmode=list&object=false&mode=single&mime=10015786&listview=list HTTP/1.1" 200 2355 "http://easydrivers.activities.at/entry.php?id=10711&chooserview=image_single&view=actionimage" "Mozilla/5.0 (Windows NT 10.0; WOW64; Trident/7.0; Touch; MALCJS; rv:11.0) like Gecko"
90.146.6.198 - - [14/Nov/2017:11:36:36 +0100] "GET /entry.php?id=11687&uploadmode=list&object=false&mode=single&mime=10015786&listview=list HTTP/1.1" 200 2354 "http://easydrivers.activities.at/entry.php?id=10711&chooserview=image_single&view=actionimage" "Mozilla/5.0 (Windows NT 10.0; WOW64; Trident/7.0; Touch; MALCJS; rv:11.0) like Gecko"
90.146.6.198 - - [14/Nov/2017:11:36:37 +0100] "GET /gui/javascript/jquery/fileupload/js/jquery.ui.plupload/css/jquery.ui.plupload.css HTTP/1.1" 200 1380 "http://easydrivers.activities.at/entry.php?id=11687&uploadmode=list&object=false&mode=single&mime=10015786&listview=list" "Mozilla/5.0 (Windows NT 10.0; WOW64; Trident/7.0; Touch; MALCJS; rv:11.0) like Gecko"
90.146.6.198 - - [14/Nov/2017:11:36:37 +0100] "GET /gui/javascript/form_file_upload.js HTTP/1.1" 200 3545 "http://easydrivers.activities.at/entry.php?id=11687&uploadmode=list&object=false&mode=single&mime=10015786&listview=list" "Mozilla/5.0 (Windows NT 10.0; WOW64; Trident/7.0; Touch; MALCJS; rv:11.0) like Gecko"
90.146.6.198 - - [14/Nov/2017:11:36:37 +0100] "GET /gui/javascript/jquery/fileupload/js/i18n/de.js HTTP/1.1" 200 651 "http://easydrivers.activities.at/entry.php?id=11687&uploadmode=list&object=false&mode=single&mime=10015786&listview=list" "Mozilla/5.0 (Windows NT 10.0; WOW64; Trident/7.0; Touch; MALCJS; rv:11.0) like Gecko"
90.146.6.198 - - [14/Nov/2017:11:36:37 +0100] "GET /gui/javascript/jquery/fileupload/js/jquery.ui.plupload/jquery.ui.plupload.js HTTP/1.1" 200 6007 "http://easydrivers.activities.at/entry.php?id=11687&uploadmode=list&object=false&mode=single&mime=10015786&listview=list" "Mozilla/5.0 (Windows NT 10.0; WOW64; Trident/7.0; Touch; MALCJS; rv:11.0) like Gecko"
90.146.6.198 - - [14/Nov/2017:11:36:37 +0100] "GET /gui/javascript/form_form.js?1510655796 HTTP/1.1" 200 16206 "http://easydrivers.activities.at/entry.php?id=11687&uploadmode=list&object=false&mode=single&mime=10015786&listview=list" "Mozilla/5.0 (Windows NT 10.0; WOW64; Trident/7.0; Touch; MALCJS; rv:11.0) like Gecko"
90.146.6.198 - - [14/Nov/2017:11:36:37 +0100] "GET /gui/javascript/jquery/fileupload/js/plupload.full.js HTTP/1.1" 200 23055 "http://easydrivers.activities.at/entry.php?id=11687&uploadmode=list&object=false&mode=single&mime=10015786&listview=list" "Mozilla/5.0 (Windows NT 10.0; WOW64; Trident/7.0; Touch; MALCJS; rv:11.0) like Gecko"
90.146.6.198 - - [14/Nov/2017:11:36:37 +0100] "GET /gui/javascript/jquery/fileupload/js/jquery.ui.plupload/img/buttons.png HTTP/1.1" 200 1439 "http://easydrivers.activities.at/entry.php?id=10711&chooserview=image_single&view=actionimage" "Mozilla/5.0 (Windows NT 10.0; WOW64; Trident/7.0; Touch; MALCJS; rv:11.0) like Gecko"
90.146.6.198 - - [14/Nov/2017:11:36:37 +0100] "GET /gui/javascript/jquery/css/gui-themes/images/ui-icons_000000_256x240_ev.png HTTP/1.1" 200 11218 "http://easydrivers.activities.at/entry.php?id=11687&uploadmode=list&object=false&mode=single&mime=10015786&listview=list" "Mozilla/5.0 (Windows NT 10.0; WOW64; Trident/7.0; Touch; MALCJS; rv:11.0) like Gecko"
90.146.6.198 - - [14/Nov/2017:11:36:39 +0100] "GET /entry.php?id=10271&&ser=655739 HTTP/1.1" 200 987 "http://easydrivers.activities.at/entry.php?id=10271&&ser=655678" "Mozilla/5.0 (Windows NT 10.0; WOW64; Trident/7.0; Touch; MALCJS; rv:11.0) like Gecko"
90.146.6.198 - - [14/Nov/2017:11:36:39 +0100] "GET /gui/javascript/form_form.js?1510655799 HTTP/1.1" 200 16206 "http://easydrivers.activities.at/entry.php?id=10271&&ser=655739" "Mozilla/5.0 (Windows NT 10.0; WOW64; Trident/7.0; Touch; MALCJS; rv:11.0) like Gecko"
213.225.14.146 - - [14/Nov/2017:11:36:42 +0100] "GET /entry.php?id=10271&&ser=655742 HTTP/1.1" 200 987 "http://easydrivers.activities.at/entry.php?id=10271&&ser=655681" "Mozilla/5.0 (Windows NT 10.0; WOW64; Trident/7.0; Touch; rv:11.0) like Gecko"
