213.225.14.146 - - [14/Nov/2017:11:52:27 +0100] "GET /framework/webfx/javascript/tinymce/skins/lightgray/content.min.css HTTP/1.1" 404 330 "http://easydrivers.activities.at/entry.php?id=11671" "Mozilla/5.0 (Windows NT 10.0; WOW64; Trident/7.0; Touch; rv:11.0) like Gecko"
213.225.14.146 - - [14/Nov/2017:11:52:29 +0100] "POST /entry.php?id=11671 HTTP/1.1" 200 4925 "http://easydrivers.activities.at/entry.php?id=11671" "Mozilla/5.0 (Windows NT 10.0; WOW64; Trident/7.0; Touch; rv:11.0) like Gecko"
213.225.14.146 - - [14/Nov/2017:11:52:29 +0100] "GET /gui/javascript/form_form.js?1510656749 HTTP/1.1" 200 16206 "http://easydrivers.activities.at/entry.php?id=11671" "Mozilla/5.0 (Windows NT 10.0; WOW64; Trident/7.0; Touch; rv:11.0) like Gecko"
213.225.14.146 - - [14/Nov/2017:11:52:29 +0100] "GET /entry.php?id=10778&form=11496&name=list& HTTP/1.1" 200 5876 "http://easydrivers.activities.at/entry.php?id=11671" "Mozilla/5.0 (Windows NT 10.0; WOW64; Trident/7.0; Touch; rv:11.0) like Gecko"
213.225.14.146 - - [14/Nov/2017:11:52:29 +0100] "GET /entry.php?id=10776&form=11496&name=list& HTTP/1.1" 200 1519 "http://easydrivers.activities.at/entry.php?id=11671" "Mozilla/5.0 (Windows NT 10.0; WOW64; Trident/7.0; Touch; rv:11.0) like Gecko"
213.225.14.146 - - [14/Nov/2017:11:52:32 +0100] "POST /entry.php?id=11671 HTTP/1.1" 200 5120 "http://easydrivers.activities.at/entry.php?id=11671" "Mozilla/5.0 (Windows NT 10.0; WOW64; Trident/7.0; Touch; rv:11.0) like Gecko"
213.225.14.146 - - [14/Nov/2017:11:52:33 +0100] "GET /gui/javascript/form_form.js?1510656753 HTTP/1.1" 200 16206 "http://easydrivers.activities.at/entry.php?id=11671" "Mozilla/5.0 (Windows NT 10.0; WOW64; Trident/7.0; Touch; rv:11.0) like Gecko"
213.225.14.146 - - [14/Nov/2017:11:52:33 +0100] "GET /entry.php?id=10778&form=11496&name=list& HTTP/1.1" 200 5876 "http://easydrivers.activities.at/entry.php?id=11671" "Mozilla/5.0 (Windows NT 10.0; WOW64; Trident/7.0; Touch; rv:11.0) like Gecko"
213.225.14.146 - - [14/Nov/2017:11:52:33 +0100] "GET /entry.php?id=10776&form=11496&name=list& HTTP/1.1" 200 1519 "http://easydrivers.activities.at/entry.php?id=11671" "Mozilla/5.0 (Windows NT 10.0; WOW64; Trident/7.0; Touch; rv:11.0) like Gecko"
213.225.14.146 - - [14/Nov/2017:11:52:36 +0100] "POST /entry.php?id=11671 HTTP/1.1" 200 4621 "http://easydrivers.activities.at/entry.php?id=11671" "Mozilla/5.0 (Windows NT 10.0; WOW64; Trident/7.0; Touch; rv:11.0) like Gecko"
213.225.14.146 - - [14/Nov/2017:11:52:37 +0100] "GET /gui/javascript/form_form.js?1510656756 HTTP/1.1" 200 16206 "http://easydrivers.activities.at/entry.php?id=11671" "Mozilla/5.0 (Windows NT 10.0; WOW64; Trident/7.0; Touch; rv:11.0) like Gecko"
213.225.14.146 - - [14/Nov/2017:11:52:37 +0100] "GET /entry.php?id=10776&form=11496&name=list& HTTP/1.1" 200 1519 "http://easydrivers.activities.at/entry.php?id=11671" "Mozilla/5.0 (Windows NT 10.0; WOW64; Trident/7.0; Touch; rv:11.0) like Gecko"
213.225.14.146 - - [14/Nov/2017:11:52:37 +0100] "GET /entry.php?id=10778&form=11496&name=list& HTTP/1.1" 200 5596 "http://easydrivers.activities.at/entry.php?id=11671" "Mozilla/5.0 (Windows NT 10.0; WOW64; Trident/7.0; Touch; rv:11.0) like Gecko"
90.146.6.198 - - [14/Nov/2017:11:52:45 +0100] "GET /entry.php?id=10271&&ser=656705 HTTP/1.1" 200 987 "http://easydrivers.activities.at/entry.php?id=10271&&ser=656645" "Mozilla/5.0 (Windows NT 10.0; WOW64; Trident/7.0; Touch; MALCJS; rv:11.0) like Gecko"
90.146.6.198 - - [14/Nov/2017:11:52:45 +0100] "GET /gui/javascript/form_form.js?1510656765 HTTP/1.1" 200 16206 "http://easydrivers.activities.at/entry.php?id=10271&&ser=656705" "Mozilla/5.0 (Windows NT 10.0; WOW64; Trident/7.0; Touch; MALCJS; rv:11.0) like Gecko"
213.225.14.146 - - [14/Nov/2017:11:52:56 +0100] "GET /entry.php?id=10271&&ser=656715 HTTP/1.1" 200 987 "http://easydrivers.activities.at/entry.php?id=10271&&ser=656655" "Mozilla/5.0 (Windows NT 10.0; WOW64; Trident/7.0; Touch; rv:11.0) like Gecko"
213.225.14.146 - - [14/Nov/2017:11:52:57 +0100] "GET /gui/javascript/form_form.js?1510656776 HTTP/1.1" 200 16206 "http://easydrivers.activities.at/entry.php?id=10271&&ser=656715" "Mozilla/5.0 (Windows NT 10.0; WOW64; Trident/7.0; Touch; rv:11.0) like Gecko"
90.146.6.198 - - [14/Nov/2017:11:53:46 +0100] "GET /entry.php?id=10271&&ser=656765 HTTP/1.1" 200 987 "http://easydrivers.activities.at/entry.php?id=10271&&ser=656705" "Mozilla/5.0 (Windows NT 10.0; WOW64; Trident/7.0; Touch; MALCJS; rv:11.0) like Gecko"
90.146.6.198 - - [14/Nov/2017:11:53:46 +0100] "GET /gui/javascript/form_form.js?1510656826 HTTP/1.1" 200 16206 "http://easydrivers.activities.at/entry.php?id=10271&&ser=656765" "Mozilla/5.0 (Windows NT 10.0; WOW64; Trident/7.0; Touch; MALCJS; rv:11.0) like Gecko"
213.225.14.146 - - [14/Nov/2017:11:53:45 +0100] "POST /entry.php?id=11671 HTTP/1.1" 200 5032 "http://easydrivers.activities.at/entry.php?id=11671" "Mozilla/5.0 (Windows NT 10.0; WOW64; Trident/7.0; Touch; rv:11.0) like Gecko"
213.225.14.146 - - [14/Nov/2017:11:53:46 +0100] "GET /gui/javascript/form_form.js?1510656826 HTTP/1.1" 200 16206 "http://easydrivers.activities.at/entry.php?id=11671" "Mozilla/5.0 (Windows NT 10.0; WOW64; Trident/7.0; Touch; rv:11.0) like Gecko"
213.225.14.146 - - [14/Nov/2017:11:53:46 +0100] "GET /entry.php?id=10778&form=11496&name=list& HTTP/1.1" 200 5876 "http://easydrivers.activities.at/entry.php?id=11671" "Mozilla/5.0 (Windows NT 10.0; WOW64; Trident/7.0; Touch; rv:11.0) like Gecko"
213.225.14.146 - - [14/Nov/2017:11:53:46 +0100] "GET /entry.php?id=10776&form=11496&name=list& HTTP/1.1" 200 1519 "http://easydrivers.activities.at/entry.php?id=11671" "Mozilla/5.0 (Windows NT 10.0; WOW64; Trident/7.0; Touch; rv:11.0) like Gecko"
213.225.14.146 - - [14/Nov/2017:11:53:48 +0100] "POST /entry.php?id=11671 HTTP/1.1" 200 3197 "http://easydrivers.activities.at/entry.php?id=11671" "Mozilla/5.0 (Windows NT 10.0; WOW64; Trident/7.0; Touch; rv:11.0) like Gecko"
213.225.14.146 - - [14/Nov/2017:11:53:49 +0100] "GET /gui/javascript/form_form.js?1510656829 HTTP/1.1" 200 16206 "http://easydrivers.activities.at/entry.php?id=11671" "Mozilla/5.0 (Windows NT 10.0; WOW64; Trident/7.0; Touch; rv:11.0) like Gecko"
213.225.14.146 - - [14/Nov/2017:11:53:50 +0100] "GET /framework/webfx/javascript/tinymce/skins/lightgray/content.min.css HTTP/1.1" 404 330 "http://easydrivers.activities.at/entry.php?id=11671" "Mozilla/5.0 (Windows NT 10.0; WOW64; Trident/7.0; Touch; rv:11.0) like Gecko"
90.146.6.198 - - [14/Nov/2017:11:53:51 +0100] "POST /entry.php?id=11685 HTTP/1.1" 200 3716 "http://easydrivers.activities.at/entry.php?id=11685&object=10230523&site=10201431&item=10221997" "Mozilla/5.0 (Windows NT 10.0; WOW64; Trident/7.0; Touch; MALCJS; rv:11.0) like Gecko"
90.146.6.198 - - [14/Nov/2017:11:53:52 +0100] "GET /gui/javascript/form_form.js?1510656832 HTTP/1.1" 200 16206 "http://easydrivers.activities.at/entry.php?id=11685" "Mozilla/5.0 (Windows NT 10.0; WOW64; Trident/7.0; Touch; MALCJS; rv:11.0) like Gecko"
213.225.14.146 - - [14/Nov/2017:11:53:53 +0100] "POST /entry.php?id=11671 HTTP/1.1" 200 3594 "http://easydrivers.activities.at/entry.php?id=11671" "Mozilla/5.0 (Windows NT 10.0; WOW64; Trident/7.0; Touch; rv:11.0) like Gecko"
213.225.14.146 - - [14/Nov/2017:11:53:54 +0100] "GET /gui/javascript/form_form.js?1510656834 HTTP/1.1" 200 16206 "http://easydrivers.activities.at/entry.php?id=11671" "Mozilla/5.0 (Windows NT 10.0; WOW64; Trident/7.0; Touch; rv:11.0) like Gecko"
213.225.14.146 - - [14/Nov/2017:11:53:55 +0100] "GET /framework/webfx/javascript/tinymce/skins/lightgray/content.min.css HTTP/1.1" 404 330 "http://easydrivers.activities.at/entry.php?id=11671" "Mozilla/5.0 (Windows NT 10.0; WOW64; Trident/7.0; Touch; rv:11.0) like Gecko"
213.225.14.146 - - [14/Nov/2017:11:53:56 +0100] "POST /entry.php?id=11671 HTTP/1.1" 200 4945 "http://easydrivers.activities.at/entry.php?id=11671" "Mozilla/5.0 (Windows NT 10.0; WOW64; Trident/7.0; Touch; rv:11.0) like Gecko"
213.225.14.146 - - [14/Nov/2017:11:53:57 +0100] "GET /gui/javascript/form_form.js?1510656836 HTTP/1.1" 200 16206 "http://easydrivers.activities.at/entry.php?id=11671" "Mozilla/5.0 (Windows NT 10.0; WOW64; Trident/7.0; Touch; rv:11.0) like Gecko"
213.225.14.146 - - [14/Nov/2017:11:53:57 +0100] "GET /entry.php?id=10776&form=11496&name=list& HTTP/1.1" 200 1519 "http://easydrivers.activities.at/entry.php?id=11671" "Mozilla/5.0 (Windows NT 10.0; WOW64; Trident/7.0; Touch; rv:11.0) like Gecko"
213.225.14.146 - - [14/Nov/2017:11:53:57 +0100] "GET /entry.php?id=10778&form=11496&name=list& HTTP/1.1" 200 5876 "http://easydrivers.activities.at/entry.php?id=11671" "Mozilla/5.0 (Windows NT 10.0; WOW64; Trident/7.0; Touch; rv:11.0) like Gecko"
213.225.14.146 - - [14/Nov/2017:11:53:58 +0100] "GET /entry.php?id=10271&&ser=656776 HTTP/1.1" 200 986 "http://easydrivers.activities.at/entry.php?id=10271&&ser=656715" "Mozilla/5.0 (Windows NT 10.0; WOW64; Trident/7.0; Touch; rv:11.0) like Gecko"
213.225.14.146 - - [14/Nov/2017:11:53:59 +0100] "GET /gui/javascript/form_form.js?1510656838 HTTP/1.1" 200 16206 "http://easydrivers.activities.at/entry.php?id=10271&&ser=656776" "Mozilla/5.0 (Windows NT 10.0; WOW64; Trident/7.0; Touch; rv:11.0) like Gecko"
213.225.14.146 - - [14/Nov/2017:11:54:00 +0100] "POST /entry.php?id=11671 HTTP/1.1" 200 5138 "http://easydrivers.activities.at/entry.php?id=11671" "Mozilla/5.0 (Windows NT 10.0; WOW64; Trident/7.0; Touch; rv:11.0) like Gecko"
213.225.14.146 - - [14/Nov/2017:11:54:01 +0100] "GET /gui/javascript/form_form.js?1510656840 HTTP/1.1" 200 16206 "http://easydrivers.activities.at/entry.php?id=11671" "Mozilla/5.0 (Windows NT 10.0; WOW64; Trident/7.0; Touch; rv:11.0) like Gecko"
213.225.14.146 - - [14/Nov/2017:11:54:01 +0100] "GET /entry.php?id=10776&form=11496&name=list& HTTP/1.1" 200 1519 "http://easydrivers.activities.at/entry.php?id=11671" "Mozilla/5.0 (Windows NT 10.0; WOW64; Trident/7.0; Touch; rv:11.0) like Gecko"
213.225.14.146 - - [14/Nov/2017:11:54:01 +0100] "GET /entry.php?id=10778&form=11496&name=list& HTTP/1.1" 200 5876 "http://easydrivers.activities.at/entry.php?id=11671" "Mozilla/5.0 (Windows NT 10.0; WOW64; Trident/7.0; Touch; rv:11.0) like Gecko"
213.225.14.146 - - [14/Nov/2017:11:54:05 +0100] "GET /entry.php?id=11681 HTTP/1.1" 200 328 "http://easydrivers.activities.at/entry.php?id=11412" "Mozilla/5.0 (Windows NT 10.0; WOW64; Trident/7.0; Touch; rv:11.0) like Gecko"
213.225.14.146 - - [14/Nov/2017:11:54:05 +0100] "GET /entry.php?id=10676&&title=Contentverwaltung HTTP/1.1" 200 1392 "http://easydrivers.activities.at/entry.php?id=11681" "Mozilla/5.0 (Windows NT 10.0; WOW64; Trident/7.0; Touch; rv:11.0) like Gecko"
213.225.14.146 - - [14/Nov/2017:11:54:05 +0100] "GET /gui/javascript/form_form.js?1510656845 HTTP/1.1" 200 16206 "http://easydrivers.activities.at/entry.php?id=10676&&title=Contentverwaltung" "Mozilla/5.0 (Windows NT 10.0; WOW64; Trident/7.0; Touch; rv:11.0) like Gecko"
213.225.14.146 - - [14/Nov/2017:11:54:05 +0100] "GET /entry.php?id=11684& HTTP/1.1" 200 3805 "http://easydrivers.activities.at/entry.php?id=11681" "Mozilla/5.0 (Windows NT 10.0; WOW64; Trident/7.0; Touch; rv:11.0) like Gecko"
213.225.14.146 - - [14/Nov/2017:11:54:06 +0100] "GET /gui/images/icons/disabled_information.gif HTTP/1.1" 200 624 "http://easydrivers.activities.at/entry.php?id=11684&" "Mozilla/5.0 (Windows NT 10.0; WOW64; Trident/7.0; Touch; rv:11.0) like Gecko"
213.225.14.146 - - [14/Nov/2017:11:54:05 +0100] "GET /entry.php?id=11683& HTTP/1.1" 200 2681 "http://easydrivers.activities.at/entry.php?id=11681" "Mozilla/5.0 (Windows NT 10.0; WOW64; Trident/7.0; Touch; rv:11.0) like Gecko"
213.225.14.146 - - [14/Nov/2017:11:54:06 +0100] "GET /gui/javascript/form_form.js?1510656846 HTTP/1.1" 200 16206 "http://easydrivers.activities.at/entry.php?id=11683&" "Mozilla/5.0 (Windows NT 10.0; WOW64; Trident/7.0; Touch; rv:11.0) like Gecko"
213.225.14.146 - - [14/Nov/2017:11:54:06 +0100] "GET /entry.php?id=10776&form=11508&name=list& HTTP/1.1" 200 1894 "http://easydrivers.activities.at/entry.php?id=11683&" "Mozilla/5.0 (Windows NT 10.0; WOW64; Trident/7.0; Touch; rv:11.0) like Gecko"
213.225.14.146 - - [14/Nov/2017:11:54:06 +0100] "GET /entry.php?id=10778&form=11508&name=list& HTTP/1.1" 200 3740 "http://easydrivers.activities.at/entry.php?id=11683&" "Mozilla/5.0 (Windows NT 10.0; WOW64; Trident/7.0; Touch; rv:11.0) like Gecko"
213.225.14.146 - - [14/Nov/2017:11:54:11 +0100] "POST /entry.php?id=11684 HTTP/1.1" 200 3950 "http://easydrivers.activities.at/entry.php?id=11684&" "Mozilla/5.0 (Windows NT 10.0; WOW64; Trident/7.0; Touch; rv:11.0) like Gecko"
213.225.14.146 - - [14/Nov/2017:11:54:12 +0100] "GET /gui/javascript/form_form.js?1510656852 HTTP/1.1" 200 16206 "http://easydrivers.activities.at/entry.php?id=11684" "Mozilla/5.0 (Windows NT 10.0; WOW64; Trident/7.0; Touch; rv:11.0) like Gecko"
90.146.6.198 - - [14/Nov/2017:11:54:19 +0100] "GET /entry.php?id=11685&object=10230523&site=10201431&item=10221997 HTTP/1.1" 200 3636 "http://easydrivers.activities.at/entry.php?id=11412" "Mozilla/5.0 (Windows NT 10.0; WOW64; Trident/7.0; Touch; MALCJS; rv:11.0) like Gecko"
90.146.6.198 - - [14/Nov/2017:11:54:19 +0100] "GET /gui/javascript/form_form.js?1510656859 HTTP/1.1" 200 16206 "http://easydrivers.activities.at/entry.php?id=11685&object=10230523&site=10201431&item=10221997" "Mozilla/5.0 (Windows NT 10.0; WOW64; Trident/7.0; Touch; MALCJS; rv:11.0) like Gecko"
213.225.14.146 - - [14/Nov/2017:11:54:20 +0100] "POST /entry.php?id=11684 HTTP/1.1" 200 3379 "http://easydrivers.activities.at/entry.php?id=11684" "Mozilla/5.0 (Windows NT 10.0; WOW64; Trident/7.0; Touch; rv:11.0) like Gecko"
213.225.14.146 - - [14/Nov/2017:11:54:20 +0100] "GET /gui/javascript/form_form.js?1510656860 HTTP/1.1" 200 16206 "http://easydrivers.activities.at/entry.php?id=11684" "Mozilla/5.0 (Windows NT 10.0; WOW64; Trident/7.0; Touch; rv:11.0) like Gecko"
213.225.14.146 - - [14/Nov/2017:11:54:20 +0100] "GET /framework/webfx/javascript/tinymce/plugins/image/plugin.min.js HTTP/1.1" 200 2240 "http://easydrivers.activities.at/entry.php?id=11684" "Mozilla/5.0 (Windows NT 10.0; WOW64; Trident/7.0; Touch; rv:11.0) like Gecko"
213.225.14.146 - - [14/Nov/2017:11:54:20 +0100] "GET /framework/webfx/javascript/tinymce/plugins/contextmenu/plugin.min.js HTTP/1.1" 200 542 "http://easydrivers.activities.at/entry.php?id=11684" "Mozilla/5.0 (Windows NT 10.0; WOW64; Trident/7.0; Touch; rv:11.0) like Gecko"
213.225.14.146 - - [14/Nov/2017:11:54:20 +0100] "GET /framework/webfx/javascript/tinymce/plugins/link/plugin.min.js HTTP/1.1" 200 1939 "http://easydrivers.activities.at/entry.php?id=11684" "Mozilla/5.0 (Windows NT 10.0; WOW64; Trident/7.0; Touch; rv:11.0) like Gecko"
213.225.14.146 - - [14/Nov/2017:11:54:21 +0100] "GET /framework/webfx/javascript/tinymce/skins/lightgray/content.min.css HTTP/1.1" 404 330 "http://easydrivers.activities.at/entry.php?id=11684" "Mozilla/5.0 (Windows NT 10.0; WOW64; Trident/7.0; Touch; rv:11.0) like Gecko"
90.146.6.198 - - [14/Nov/2017:11:54:33 +0100] "POST /entry.php?id=11685 HTTP/1.1" 200 3734 "http://easydrivers.activities.at/entry.php?id=11685&object=10230523&site=10201431&item=10221997" "Mozilla/5.0 (Windows NT 10.0; WOW64; Trident/7.0; Touch; MALCJS; rv:11.0) like Gecko"
90.146.6.198 - - [14/Nov/2017:11:54:33 +0100] "GET /gui/javascript/form_form.js?1510656873 HTTP/1.1" 200 16206 "http://easydrivers.activities.at/entry.php?id=11685" "Mozilla/5.0 (Windows NT 10.0; WOW64; Trident/7.0; Touch; MALCJS; rv:11.0) like Gecko"
90.146.6.198 - - [14/Nov/2017:11:54:46 +0100] "GET /entry.php?id=10271&&ser=656826 HTTP/1.1" 200 986 "http://easydrivers.activities.at/entry.php?id=10271&&ser=656765" "Mozilla/5.0 (Windows NT 10.0; WOW64; Trident/7.0; Touch; MALCJS; rv:11.0) like Gecko"
90.146.6.198 - - [14/Nov/2017:11:54:46 +0100] "GET /gui/javascript/form_form.js?1510656886 HTTP/1.1" 200 16206 "http://easydrivers.activities.at/entry.php?id=10271&&ser=656826" "Mozilla/5.0 (Windows NT 10.0; WOW64; Trident/7.0; Touch; MALCJS; rv:11.0) like Gecko"
90.146.6.198 - - [14/Nov/2017:11:54:49 +0100] "POST /entry.php?id=11677 HTTP/1.1" 200 3309 "http://easydrivers.activities.at/entry.php?id=10778&form=11502&name=list&" "Mozilla/5.0 (Windows NT 10.0; WOW64; Trident/7.0; Touch; MALCJS; rv:11.0) like Gecko"
90.146.6.198 - - [14/Nov/2017:11:54:50 +0100] "GET /gui/javascript/form_form.js?1510656890 HTTP/1.1" 200 16206 "http://easydrivers.activities.at/entry.php?id=11677" "Mozilla/5.0 (Windows NT 10.0; WOW64; Trident/7.0; Touch; MALCJS; rv:11.0) like Gecko"
90.146.6.198 - - [14/Nov/2017:11:54:50 +0100] "GET /entry.php?id=10778&form=11502&name=list& HTTP/1.1" 200 3837 "http://easydrivers.activities.at/entry.php?id=11677" "Mozilla/5.0 (Windows NT 10.0; WOW64; Trident/7.0; Touch; MALCJS; rv:11.0) like Gecko"
90.146.6.198 - - [14/Nov/2017:11:54:50 +0100] "GET /entry.php?id=10776&form=11502&name=list& HTTP/1.1" 200 1475 "http://easydrivers.activities.at/entry.php?id=11677" "Mozilla/5.0 (Windows NT 10.0; WOW64; Trident/7.0; Touch; MALCJS; rv:11.0) like Gecko"
213.225.14.146 - - [14/Nov/2017:11:55:00 +0100] "GET /entry.php?id=10271&&ser=656838 HTTP/1.1" 200 986 "http://easydrivers.activities.at/entry.php?id=10271&&ser=656776" "Mozilla/5.0 (Windows NT 10.0; WOW64; Trident/7.0; Touch; rv:11.0) like Gecko"
213.225.14.146 - - [14/Nov/2017:11:55:00 +0100] "GET /gui/javascript/form_form.js?1510656900 HTTP/1.1" 200 16206 "http://easydrivers.activities.at/entry.php?id=10271&&ser=656838" "Mozilla/5.0 (Windows NT 10.0; WOW64; Trident/7.0; Touch; rv:11.0) like Gecko"
90.146.6.198 - - [14/Nov/2017:11:55:02 +0100] "POST /entry.php?id=11677 HTTP/1.1" 200 4415 "http://easydrivers.activities.at/entry.php?id=11677" "Mozilla/5.0 (Windows NT 10.0; WOW64; Trident/7.0; Touch; MALCJS; rv:11.0) like Gecko"
90.146.6.198 - - [14/Nov/2017:11:55:03 +0100] "GET /gui/javascript/form_form.js?1510656903 HTTP/1.1" 200 16206 "http://easydrivers.activities.at/entry.php?id=11677" "Mozilla/5.0 (Windows NT 10.0; WOW64; Trident/7.0; Touch; MALCJS; rv:11.0) like Gecko"
90.146.6.198 - - [14/Nov/2017:11:55:05 +0100] "POST /entry.php?id=11678 HTTP/1.1" 200 3224 "http://easydrivers.activities.at/entry.php?id=11678" "Mozilla/5.0 (Windows NT 10.0; WOW64; Trident/7.0; Touch; MALCJS; rv:11.0) like Gecko"
90.146.6.198 - - [14/Nov/2017:11:55:05 +0100] "GET /gui/javascript/form_form.js?1510656905 HTTP/1.1" 200 16206 "http://easydrivers.activities.at/entry.php?id=11678" "Mozilla/5.0 (Windows NT 10.0; WOW64; Trident/7.0; Touch; MALCJS; rv:11.0) like Gecko"
90.146.6.198 - - [14/Nov/2017:11:55:05 +0100] "GET /activities/framework/KoolControls/KoolAjax/koolajax.php?8436e354c842500aba3cbaf0584c0c24 HTTP/1.1" 200 4079 "http://easydrivers.activities.at/entry.php?id=11678" "Mozilla/5.0 (Windows NT 10.0; WOW64; Trident/7.0; Touch; MALCJS; rv:11.0) like Gecko"
90.146.6.198 - - [14/Nov/2017:11:55:05 +0100] "GET /activities/framework/KoolControls/KoolTreeView/kooltreeview.php?c7cd9180e88ffef8e70f13526bb4f5f7 HTTP/1.1" 200 5055 "http://easydrivers.activities.at/entry.php?id=11678" "Mozilla/5.0 (Windows NT 10.0; WOW64; Trident/7.0; Touch; MALCJS; rv:11.0) like Gecko"
90.146.6.198 - - [14/Nov/2017:11:55:06 +0100] "POST /entry.php?id=11677 HTTP/1.1" 200 4409 "http://easydrivers.activities.at/entry.php?id=11677" "Mozilla/5.0 (Windows NT 10.0; WOW64; Trident/7.0; Touch; MALCJS; rv:11.0) like Gecko"
90.146.6.198 - - [14/Nov/2017:11:55:07 +0100] "GET /gui/javascript/form_form.js?1510656907 HTTP/1.1" 200 16206 "http://easydrivers.activities.at/entry.php?id=11677" "Mozilla/5.0 (Windows NT 10.0; WOW64; Trident/7.0; Touch; MALCJS; rv:11.0) like Gecko"
90.146.6.198 - - [14/Nov/2017:11:55:46 +0100] "GET /entry.php?id=10271&&ser=656886 HTTP/1.1" 200 987 "http://easydrivers.activities.at/entry.php?id=10271&&ser=656826" "Mozilla/5.0 (Windows NT 10.0; WOW64; Trident/7.0; Touch; MALCJS; rv:11.0) like Gecko"
90.146.6.198 - - [14/Nov/2017:11:55:47 +0100] "GET /gui/javascript/form_form.js?1510656946 HTTP/1.1" 200 16206 "http://easydrivers.activities.at/entry.php?id=10271&&ser=656886" "Mozilla/5.0 (Windows NT 10.0; WOW64; Trident/7.0; Touch; MALCJS; rv:11.0) like Gecko"
213.225.14.146 - - [14/Nov/2017:11:56:00 +0100] "GET /entry.php?id=10271&&ser=656900 HTTP/1.1" 200 986 "http://easydrivers.activities.at/entry.php?id=10271&&ser=656838" "Mozilla/5.0 (Windows NT 10.0; WOW64; Trident/7.0; Touch; rv:11.0) like Gecko"
213.225.14.146 - - [14/Nov/2017:11:56:01 +0100] "GET /gui/javascript/form_form.js?1510656961 HTTP/1.1" 200 16206 "http://easydrivers.activities.at/entry.php?id=10271&&ser=656900" "Mozilla/5.0 (Windows NT 10.0; WOW64; Trident/7.0; Touch; rv:11.0) like Gecko"
90.146.6.198 - - [14/Nov/2017:11:56:23 +0100] "POST /entry.php?id=11677 HTTP/1.1" 200 3219 "http://easydrivers.activities.at/entry.php?id=11677" "Mozilla/5.0 (Windows NT 10.0; WOW64; Trident/7.0; Touch; MALCJS; rv:11.0) like Gecko"
90.146.6.198 - - [14/Nov/2017:11:56:24 +0100] "GET /gui/javascript/form_form.js?1510656984 HTTP/1.1" 200 16206 "http://easydrivers.activities.at/entry.php?id=11677" "Mozilla/5.0 (Windows NT 10.0; WOW64; Trident/7.0; Touch; MALCJS; rv:11.0) like Gecko"
90.146.6.198 - - [14/Nov/2017:11:56:24 +0100] "GET /entry.php?id=10776&form=11502&name=list& HTTP/1.1" 200 1475 "http://easydrivers.activities.at/entry.php?id=11677" "Mozilla/5.0 (Windows NT 10.0; WOW64; Trident/7.0; Touch; MALCJS; rv:11.0) like Gecko"
90.146.6.198 - - [14/Nov/2017:11:56:24 +0100] "GET /entry.php?id=10778&form=11502&name=list& HTTP/1.1" 200 3837 "http://easydrivers.activities.at/entry.php?id=11677" "Mozilla/5.0 (Windows NT 10.0; WOW64; Trident/7.0; Touch; MALCJS; rv:11.0) like Gecko"
90.146.6.198 - - [14/Nov/2017:11:56:28 +0100] "POST /entry.php?id=11677 HTTP/1.1" 200 3309 "http://easydrivers.activities.at/entry.php?id=10778&form=11502&name=list&" "Mozilla/5.0 (Windows NT 10.0; WOW64; Trident/7.0; Touch; MALCJS; rv:11.0) like Gecko"
90.146.6.198 - - [14/Nov/2017:11:56:29 +0100] "GET /gui/javascript/form_form.js?1510656989 HTTP/1.1" 200 16206 "http://easydrivers.activities.at/entry.php?id=11677" "Mozilla/5.0 (Windows NT 10.0; WOW64; Trident/7.0; Touch; MALCJS; rv:11.0) like Gecko"
90.146.6.198 - - [14/Nov/2017:11:56:29 +0100] "GET /entry.php?id=10776&form=11502&name=list& HTTP/1.1" 200 1475 "http://easydrivers.activities.at/entry.php?id=11677" "Mozilla/5.0 (Windows NT 10.0; WOW64; Trident/7.0; Touch; MALCJS; rv:11.0) like Gecko"
90.146.6.198 - - [14/Nov/2017:11:56:29 +0100] "GET /entry.php?id=10778&form=11502&name=list& HTTP/1.1" 200 3842 "http://easydrivers.activities.at/entry.php?id=11677" "Mozilla/5.0 (Windows NT 10.0; WOW64; Trident/7.0; Touch; MALCJS; rv:11.0) like Gecko"
90.146.6.198 - - [14/Nov/2017:11:56:32 +0100] "POST /entry.php?id=11677 HTTP/1.1" 200 4413 "http://easydrivers.activities.at/entry.php?id=11677" "Mozilla/5.0 (Windows NT 10.0; WOW64; Trident/7.0; Touch; MALCJS; rv:11.0) like Gecko"
90.146.6.198 - - [14/Nov/2017:11:56:33 +0100] "GET /gui/javascript/form_form.js?1510656993 HTTP/1.1" 200 16206 "http://easydrivers.activities.at/entry.php?id=11677" "Mozilla/5.0 (Windows NT 10.0; WOW64; Trident/7.0; Touch; MALCJS; rv:11.0) like Gecko"
90.146.6.198 - - [14/Nov/2017:11:56:36 +0100] "POST /entry.php?id=11678 HTTP/1.1" 200 3224 "http://easydrivers.activities.at/entry.php?id=11678" "Mozilla/5.0 (Windows NT 10.0; WOW64; Trident/7.0; Touch; MALCJS; rv:11.0) like Gecko"
90.146.6.198 - - [14/Nov/2017:11:56:37 +0100] "GET /gui/javascript/form_form.js?1510656996 HTTP/1.1" 200 16206 "http://easydrivers.activities.at/entry.php?id=11678" "Mozilla/5.0 (Windows NT 10.0; WOW64; Trident/7.0; Touch; MALCJS; rv:11.0) like Gecko"
90.146.6.198 - - [14/Nov/2017:11:56:37 +0100] "GET /activities/framework/KoolControls/KoolAjax/koolajax.php?8436e354c842500aba3cbaf0584c0c24 HTTP/1.1" 200 4079 "http://easydrivers.activities.at/entry.php?id=11678" "Mozilla/5.0 (Windows NT 10.0; WOW64; Trident/7.0; Touch; MALCJS; rv:11.0) like Gecko"
90.146.6.198 - - [14/Nov/2017:11:56:37 +0100] "GET /activities/framework/KoolControls/KoolTreeView/kooltreeview.php?c7cd9180e88ffef8e70f13526bb4f5f7 HTTP/1.1" 200 5055 "http://easydrivers.activities.at/entry.php?id=11678" "Mozilla/5.0 (Windows NT 10.0; WOW64; Trident/7.0; Touch; MALCJS; rv:11.0) like Gecko"
90.146.6.198 - - [14/Nov/2017:11:56:38 +0100] "POST /entry.php?id=11677 HTTP/1.1" 200 4410 "http://easydrivers.activities.at/entry.php?id=11677" "Mozilla/5.0 (Windows NT 10.0; WOW64; Trident/7.0; Touch; MALCJS; rv:11.0) like Gecko"
90.146.6.198 - - [14/Nov/2017:11:56:38 +0100] "GET /gui/javascript/form_form.js?1510656998 HTTP/1.1" 200 16206 "http://easydrivers.activities.at/entry.php?id=11677" "Mozilla/5.0 (Windows NT 10.0; WOW64; Trident/7.0; Touch; MALCJS; rv:11.0) like Gecko"
90.146.6.198 - - [14/Nov/2017:11:56:47 +0100] "GET /entry.php?id=10271&&ser=656946 HTTP/1.1" 200 986 "http://easydrivers.activities.at/entry.php?id=10271&&ser=656886" "Mozilla/5.0 (Windows NT 10.0; WOW64; Trident/7.0; Touch; MALCJS; rv:11.0) like Gecko"
90.146.6.198 - - [14/Nov/2017:11:56:47 +0100] "GET /gui/javascript/form_form.js?1510657007 HTTP/1.1" 200 16206 "http://easydrivers.activities.at/entry.php?id=10271&&ser=656946" "Mozilla/5.0 (Windows NT 10.0; WOW64; Trident/7.0; Touch; MALCJS; rv:11.0) like Gecko"
213.225.14.146 - - [14/Nov/2017:11:57:01 +0100] "GET /entry.php?id=10271&&ser=656961 HTTP/1.1" 200 985 "http://easydrivers.activities.at/entry.php?id=10271&&ser=656900" "Mozilla/5.0 (Windows NT 10.0; WOW64; Trident/7.0; Touch; rv:11.0) like Gecko"
213.225.14.146 - - [14/Nov/2017:11:57:01 +0100] "GET /gui/javascript/form_form.js?1510657021 HTTP/1.1" 200 16206 "http://easydrivers.activities.at/entry.php?id=10271&&ser=656961" "Mozilla/5.0 (Windows NT 10.0; WOW64; Trident/7.0; Touch; rv:11.0) like Gecko"
90.146.6.198 - - [14/Nov/2017:11:57:47 +0100] "GET /entry.php?id=10271&&ser=657007 HTTP/1.1" 200 986 "http://easydrivers.activities.at/entry.php?id=10271&&ser=656946" "Mozilla/5.0 (Windows NT 10.0; WOW64; Trident/7.0; Touch; MALCJS; rv:11.0) like Gecko"
90.146.6.198 - - [14/Nov/2017:11:57:47 +0100] "GET /gui/javascript/form_form.js?1510657067 HTTP/1.1" 200 16206 "http://easydrivers.activities.at/entry.php?id=10271&&ser=657007" "Mozilla/5.0 (Windows NT 10.0; WOW64; Trident/7.0; Touch; MALCJS; rv:11.0) like Gecko"
213.225.14.146 - - [14/Nov/2017:11:58:02 +0100] "GET /entry.php?id=10271&&ser=657021 HTTP/1.1" 200 986 "http://easydrivers.activities.at/entry.php?id=10271&&ser=656961" "Mozilla/5.0 (Windows NT 10.0; WOW64; Trident/7.0; Touch; rv:11.0) like Gecko"
213.225.14.146 - - [14/Nov/2017:11:58:02 +0100] "GET /gui/javascript/form_form.js?1510657082 HTTP/1.1" 200 16206 "http://easydrivers.activities.at/entry.php?id=10271&&ser=657021" "Mozilla/5.0 (Windows NT 10.0; WOW64; Trident/7.0; Touch; rv:11.0) like Gecko"
90.146.6.198 - - [14/Nov/2017:11:58:47 +0100] "GET /entry.php?id=10271&&ser=657067 HTTP/1.1" 200 986 "http://easydrivers.activities.at/entry.php?id=10271&&ser=657007" "Mozilla/5.0 (Windows NT 10.0; WOW64; Trident/7.0; Touch; MALCJS; rv:11.0) like Gecko"
90.146.6.198 - - [14/Nov/2017:11:58:48 +0100] "GET /gui/javascript/form_form.js?1510657128 HTTP/1.1" 200 16206 "http://easydrivers.activities.at/entry.php?id=10271&&ser=657067" "Mozilla/5.0 (Windows NT 10.0; WOW64; Trident/7.0; Touch; MALCJS; rv:11.0) like Gecko"
213.225.14.146 - - [14/Nov/2017:11:59:02 +0100] "GET /entry.php?id=10271&&ser=657082 HTTP/1.1" 200 987 "http://easydrivers.activities.at/entry.php?id=10271&&ser=657021" "Mozilla/5.0 (Windows NT 10.0; WOW64; Trident/7.0; Touch; rv:11.0) like Gecko"
213.225.14.146 - - [14/Nov/2017:11:59:03 +0100] "GET /gui/javascript/form_form.js?1510657143 HTTP/1.1" 200 16206 "http://easydrivers.activities.at/entry.php?id=10271&&ser=657082" "Mozilla/5.0 (Windows NT 10.0; WOW64; Trident/7.0; Touch; rv:11.0) like Gecko"
90.146.6.198 - - [14/Nov/2017:11:59:48 +0100] "GET /entry.php?id=10271&&ser=657128 HTTP/1.1" 200 985 "http://easydrivers.activities.at/entry.php?id=10271&&ser=657067" "Mozilla/5.0 (Windows NT 10.0; WOW64; Trident/7.0; Touch; MALCJS; rv:11.0) like Gecko"
90.146.6.198 - - [14/Nov/2017:11:59:48 +0100] "GET /gui/javascript/form_form.js?1510657188 HTTP/1.1" 200 16206 "http://easydrivers.activities.at/entry.php?id=10271&&ser=657128" "Mozilla/5.0 (Windows NT 10.0; WOW64; Trident/7.0; Touch; MALCJS; rv:11.0) like Gecko"
213.225.14.146 - - [14/Nov/2017:12:00:03 +0100] "GET /entry.php?id=10271&&ser=657142 HTTP/1.1" 200 986 "http://easydrivers.activities.at/entry.php?id=10271&&ser=657082" "Mozilla/5.0 (Windows NT 10.0; WOW64; Trident/7.0; Touch; rv:11.0) like Gecko"
213.225.14.146 - - [14/Nov/2017:12:00:03 +0100] "GET /gui/javascript/form_form.js?1510657203 HTTP/1.1" 200 16206 "http://easydrivers.activities.at/entry.php?id=10271&&ser=657142" "Mozilla/5.0 (Windows NT 10.0; WOW64; Trident/7.0; Touch; rv:11.0) like Gecko"
90.146.6.198 - - [14/Nov/2017:12:00:48 +0100] "GET /entry.php?id=10271&&ser=657188 HTTP/1.1" 200 986 "http://easydrivers.activities.at/entry.php?id=10271&&ser=657128" "Mozilla/5.0 (Windows NT 10.0; WOW64; Trident/7.0; Touch; MALCJS; rv:11.0) like Gecko"
90.146.6.198 - - [14/Nov/2017:12:00:48 +0100] "GET /gui/javascript/form_form.js?1510657248 HTTP/1.1" 200 16206 "http://easydrivers.activities.at/entry.php?id=10271&&ser=657188" "Mozilla/5.0 (Windows NT 10.0; WOW64; Trident/7.0; Touch; MALCJS; rv:11.0) like Gecko"
213.225.14.146 - - [14/Nov/2017:12:01:04 +0100] "GET /entry.php?id=10271&&ser=657203 HTTP/1.1" 200 986 "http://easydrivers.activities.at/entry.php?id=10271&&ser=657142" "Mozilla/5.0 (Windows NT 10.0; WOW64; Trident/7.0; Touch; rv:11.0) like Gecko"
213.225.14.146 - - [14/Nov/2017:12:01:04 +0100] "GET /gui/javascript/form_form.js?1510657264 HTTP/1.1" 200 16206 "http://easydrivers.activities.at/entry.php?id=10271&&ser=657203" "Mozilla/5.0 (Windows NT 10.0; WOW64; Trident/7.0; Touch; rv:11.0) like Gecko"
90.146.6.198 - - [14/Nov/2017:12:01:49 +0100] "GET /entry.php?id=10271&&ser=657248 HTTP/1.1" 200 986 "http://easydrivers.activities.at/entry.php?id=10271&&ser=657188" "Mozilla/5.0 (Windows NT 10.0; WOW64; Trident/7.0; Touch; MALCJS; rv:11.0) like Gecko"
90.146.6.198 - - [14/Nov/2017:12:01:49 +0100] "GET /gui/javascript/form_form.js?1510657309 HTTP/1.1" 200 16206 "http://easydrivers.activities.at/entry.php?id=10271&&ser=657248" "Mozilla/5.0 (Windows NT 10.0; WOW64; Trident/7.0; Touch; MALCJS; rv:11.0) like Gecko"
213.225.14.146 - - [14/Nov/2017:12:02:04 +0100] "GET /entry.php?id=10271&&ser=657264 HTTP/1.1" 200 986 "http://easydrivers.activities.at/entry.php?id=10271&&ser=657203" "Mozilla/5.0 (Windows NT 10.0; WOW64; Trident/7.0; Touch; rv:11.0) like Gecko"
213.225.14.146 - - [14/Nov/2017:12:02:05 +0100] "GET /gui/javascript/form_form.js?1510657324 HTTP/1.1" 200 16206 "http://easydrivers.activities.at/entry.php?id=10271&&ser=657264" "Mozilla/5.0 (Windows NT 10.0; WOW64; Trident/7.0; Touch; rv:11.0) like Gecko"
90.146.6.198 - - [14/Nov/2017:12:02:49 +0100] "GET /entry.php?id=10271&&ser=657309 HTTP/1.1" 200 985 "http://easydrivers.activities.at/entry.php?id=10271&&ser=657248" "Mozilla/5.0 (Windows NT 10.0; WOW64; Trident/7.0; Touch; MALCJS; rv:11.0) like Gecko"
90.146.6.198 - - [14/Nov/2017:12:02:49 +0100] "GET /gui/javascript/form_form.js?1510657369 HTTP/1.1" 200 16206 "http://easydrivers.activities.at/entry.php?id=10271&&ser=657309" "Mozilla/5.0 (Windows NT 10.0; WOW64; Trident/7.0; Touch; MALCJS; rv:11.0) like Gecko"
90.146.6.198 - - [14/Nov/2017:12:03:04 +0100] "GET /entry.php?id=11674 HTTP/1.1" 200 321 "http://easydrivers.activities.at/entry.php?id=11412" "Mozilla/5.0 (Windows NT 10.0; WOW64; Trident/7.0; Touch; MALCJS; rv:11.0) like Gecko"
90.146.6.198 - - [14/Nov/2017:12:03:04 +0100] "GET /entry.php?id=10676&&title=Aktionen HTTP/1.1" 200 1387 "http://easydrivers.activities.at/entry.php?id=11674" "Mozilla/5.0 (Windows NT 10.0; WOW64; Trident/7.0; Touch; MALCJS; rv:11.0) like Gecko"
90.146.6.198 - - [14/Nov/2017:12:03:05 +0100] "GET /gui/javascript/form_form.js?1510657385 HTTP/1.1" 200 16206 "http://easydrivers.activities.at/entry.php?id=10676&&title=Aktionen" "Mozilla/5.0 (Windows NT 10.0; WOW64; Trident/7.0; Touch; MALCJS; rv:11.0) like Gecko"
90.146.6.198 - - [14/Nov/2017:12:03:04 +0100] "GET /entry.php?id=11676& HTTP/1.1" 200 4380 "http://easydrivers.activities.at/entry.php?id=11674" "Mozilla/5.0 (Windows NT 10.0; WOW64; Trident/7.0; Touch; MALCJS; rv:11.0) like Gecko"
213.225.14.146 - - [14/Nov/2017:12:03:05 +0100] "GET /entry.php?id=10271&&ser=657324 HTTP/1.1" 200 986 "http://easydrivers.activities.at/entry.php?id=10271&&ser=657264" "Mozilla/5.0 (Windows NT 10.0; WOW64; Trident/7.0; Touch; rv:11.0) like Gecko"
213.225.14.146 - - [14/Nov/2017:12:03:05 +0100] "GET /gui/javascript/form_form.js?1510657385 HTTP/1.1" 200 16206 "http://easydrivers.activities.at/entry.php?id=10271&&ser=657324" "Mozilla/5.0 (Windows NT 10.0; WOW64; Trident/7.0; Touch; rv:11.0) like Gecko"
90.146.6.198 - - [14/Nov/2017:12:03:04 +0100] "GET /entry.php?id=11675& HTTP/1.1" 200 2691 "http://easydrivers.activities.at/entry.php?id=11674" "Mozilla/5.0 (Windows NT 10.0; WOW64; Trident/7.0; Touch; MALCJS; rv:11.0) like Gecko"
90.146.6.198 - - [14/Nov/2017:12:03:05 +0100] "GET /entry.php?id=10776&form=11500&name=list& HTTP/1.1" 200 2450 "http://easydrivers.activities.at/entry.php?id=11675&" "Mozilla/5.0 (Windows NT 10.0; WOW64; Trident/7.0; Touch; MALCJS; rv:11.0) like Gecko"
90.146.6.198 - - [14/Nov/2017:12:03:05 +0100] "GET /entry.php?id=10778&form=11500&name=list& HTTP/1.1" 200 3133 "http://easydrivers.activities.at/entry.php?id=11675&" "Mozilla/5.0 (Windows NT 10.0; WOW64; Trident/7.0; Touch; MALCJS; rv:11.0) like Gecko"
90.146.6.198 - - [14/Nov/2017:12:03:11 +0100] "POST /entry.php?id=11676 HTTP/1.1" 200 4595 "http://easydrivers.activities.at/entry.php?id=11676&" "Mozilla/5.0 (Windows NT 10.0; WOW64; Trident/7.0; Touch; MALCJS; rv:11.0) like Gecko"
90.146.6.198 - - [14/Nov/2017:12:03:11 +0100] "GET /gui/javascript/form_form.js?1510657391 HTTP/1.1" 200 16206 "http://easydrivers.activities.at/entry.php?id=11676" "Mozilla/5.0 (Windows NT 10.0; WOW64; Trident/7.0; Touch; MALCJS; rv:11.0) like Gecko"
90.146.6.198 - - [14/Nov/2017:12:03:14 +0100] "POST /entry.php?id=11676 HTTP/1.1" 200 3278 "http://easydrivers.activities.at/entry.php?id=11676" "Mozilla/5.0 (Windows NT 10.0; WOW64; Trident/7.0; Touch; MALCJS; rv:11.0) like Gecko"
90.146.6.198 - - [14/Nov/2017:12:03:15 +0100] "GET /gui/javascript/form_form.js?1510657395 HTTP/1.1" 200 16206 "http://easydrivers.activities.at/entry.php?id=11676" "Mozilla/5.0 (Windows NT 10.0; WOW64; Trident/7.0; Touch; MALCJS; rv:11.0) like Gecko"
90.146.6.198 - - [14/Nov/2017:12:03:15 +0100] "GET /framework/webfx/javascript/tinymce/skins/lightgray/content.min.css HTTP/1.1" 404 330 "http://easydrivers.activities.at/entry.php?id=11676" "Mozilla/5.0 (Windows NT 10.0; WOW64; Trident/7.0; Touch; MALCJS; rv:11.0) like Gecko"
90.146.6.198 - - [14/Nov/2017:12:03:30 +0100] "GET /entry.php?id=11679 HTTP/1.1" 200 312 "http://easydrivers.activities.at/entry.php?id=11412" "Mozilla/5.0 (Windows NT 10.0; WOW64; Trident/7.0; Touch; MALCJS; rv:11.0) like Gecko"
90.146.6.198 - - [14/Nov/2017:12:03:30 +0100] "GET /entry.php?id=10676&title=Portal& HTTP/1.1" 200 1386 "http://easydrivers.activities.at/entry.php?id=11679" "Mozilla/5.0 (Windows NT 10.0; WOW64; Trident/7.0; Touch; MALCJS; rv:11.0) like Gecko"
90.146.6.198 - - [14/Nov/2017:12:03:30 +0100] "GET /gui/javascript/form_form.js?1510657410 HTTP/1.1" 200 16206 "http://easydrivers.activities.at/entry.php?id=10676&title=Portal&" "Mozilla/5.0 (Windows NT 10.0; WOW64; Trident/7.0; Touch; MALCJS; rv:11.0) like Gecko"
90.146.6.198 - - [14/Nov/2017:12:03:30 +0100] "GET /entry.php?id=11678& HTTP/1.1" 200 3170 "http://easydrivers.activities.at/entry.php?id=11679" "Mozilla/5.0 (Windows NT 10.0; WOW64; Trident/7.0; Touch; MALCJS; rv:11.0) like Gecko"
90.146.6.198 - - [14/Nov/2017:12:03:31 +0100] "GET /activities/framework/KoolControls/KoolAjax/koolajax.php?8436e354c842500aba3cbaf0584c0c24 HTTP/1.1" 200 4079 "http://easydrivers.activities.at/entry.php?id=11678&" "Mozilla/5.0 (Windows NT 10.0; WOW64; Trident/7.0; Touch; MALCJS; rv:11.0) like Gecko"
90.146.6.198 - - [14/Nov/2017:12:03:31 +0100] "GET /gui/javascript/form_form.js?1510657411 HTTP/1.1" 200 16206 "http://easydrivers.activities.at/entry.php?id=11678&" "Mozilla/5.0 (Windows NT 10.0; WOW64; Trident/7.0; Touch; MALCJS; rv:11.0) like Gecko"
90.146.6.198 - - [14/Nov/2017:12:03:31 +0100] "GET /activities/framework/KoolControls/KoolTreeView/kooltreeview.php?c7cd9180e88ffef8e70f13526bb4f5f7 HTTP/1.1" 200 5055 "http://easydrivers.activities.at/entry.php?id=11678&" "Mozilla/5.0 (Windows NT 10.0; WOW64; Trident/7.0; Touch; MALCJS; rv:11.0) like Gecko"
90.146.6.198 - - [14/Nov/2017:12:03:30 +0100] "GET /entry.php?id=11677& HTTP/1.1" 200 4373 "http://easydrivers.activities.at/entry.php?id=11679" "Mozilla/5.0 (Windows NT 10.0; WOW64; Trident/7.0; Touch; MALCJS; rv:11.0) like Gecko"
90.146.6.198 - - [14/Nov/2017:12:03:31 +0100] "GET /entry.php?id=11618&&object=&item=&emu_class= HTTP/1.1" 200 1700 "http://easydrivers.activities.at/entry.php?id=11677&" "Mozilla/5.0 (Windows NT 10.0; WOW64; Trident/7.0; Touch; MALCJS; rv:11.0) like Gecko"
90.146.6.198 - - [14/Nov/2017:12:03:35 +0100] "POST /entry.php?id=11677 HTTP/1.1" 200 4409 "http://easydrivers.activities.at/entry.php?id=11677&" "Mozilla/5.0 (Windows NT 10.0; WOW64; Trident/7.0; Touch; MALCJS; rv:11.0) like Gecko"
90.146.6.198 - - [14/Nov/2017:12:03:35 +0100] "GET /gui/javascript/form_form.js?1510657415 HTTP/1.1" 200 16206 "http://easydrivers.activities.at/entry.php?id=11677" "Mozilla/5.0 (Windows NT 10.0; WOW64; Trident/7.0; Touch; MALCJS; rv:11.0) like Gecko"
90.146.6.198 - - [14/Nov/2017:12:03:37 +0100] "POST /entry.php?id=11677 HTTP/1.1" 200 4607 "http://easydrivers.activities.at/entry.php?id=11677" "Mozilla/5.0 (Windows NT 10.0; WOW64; Trident/7.0; Touch; MALCJS; rv:11.0) like Gecko"
90.146.6.198 - - [14/Nov/2017:12:03:38 +0100] "GET /gui/javascript/form_form.js?1510657418 HTTP/1.1" 200 16206 "http://easydrivers.activities.at/entry.php?id=11677" "Mozilla/5.0 (Windows NT 10.0; WOW64; Trident/7.0; Touch; MALCJS; rv:11.0) like Gecko"
90.146.6.198 - - [14/Nov/2017:12:03:39 +0100] "POST /entry.php?id=11677 HTTP/1.1" 200 3218 "http://easydrivers.activities.at/entry.php?id=11677" "Mozilla/5.0 (Windows NT 10.0; WOW64; Trident/7.0; Touch; MALCJS; rv:11.0) like Gecko"
90.146.6.198 - - [14/Nov/2017:12:03:39 +0100] "GET /gui/javascript/form_form.js?1510657419 HTTP/1.1" 200 16206 "http://easydrivers.activities.at/entry.php?id=11677" "Mozilla/5.0 (Windows NT 10.0; WOW64; Trident/7.0; Touch; MALCJS; rv:11.0) like Gecko"
90.146.6.198 - - [14/Nov/2017:12:03:40 +0100] "GET /entry.php?id=10776&form=11502&name=list& HTTP/1.1" 200 1475 "http://easydrivers.activities.at/entry.php?id=11677" "Mozilla/5.0 (Windows NT 10.0; WOW64; Trident/7.0; Touch; MALCJS; rv:11.0) like Gecko"
90.146.6.198 - - [14/Nov/2017:12:03:40 +0100] "GET /entry.php?id=10778&form=11502&name=list& HTTP/1.1" 200 3842 "http://easydrivers.activities.at/entry.php?id=11677" "Mozilla/5.0 (Windows NT 10.0; WOW64; Trident/7.0; Touch; MALCJS; rv:11.0) like Gecko"
90.146.6.198 - - [14/Nov/2017:12:03:44 +0100] "GET /entry.php?id=11685&object=10230523&site=10201431&item=10221997 HTTP/1.1" 200 3652 "http://easydrivers.activities.at/entry.php?id=11412" "Mozilla/5.0 (Windows NT 10.0; WOW64; Trident/7.0; Touch; MALCJS; rv:11.0) like Gecko"
90.146.6.198 - - [14/Nov/2017:12:03:44 +0100] "GET /gui/javascript/form_form.js?1510657424 HTTP/1.1" 200 16206 "http://easydrivers.activities.at/entry.php?id=11685&object=10230523&site=10201431&item=10221997" "Mozilla/5.0 (Windows NT 10.0; WOW64; Trident/7.0; Touch; MALCJS; rv:11.0) like Gecko"
90.146.6.198 - - [14/Nov/2017:12:03:49 +0100] "GET /entry.php?id=10271&&ser=657369 HTTP/1.1" 200 986 "http://easydrivers.activities.at/entry.php?id=10271&&ser=657309" "Mozilla/5.0 (Windows NT 10.0; WOW64; Trident/7.0; Touch; MALCJS; rv:11.0) like Gecko"
90.146.6.198 - - [14/Nov/2017:12:03:49 +0100] "GET /gui/javascript/form_form.js?1510657429 HTTP/1.1" 200 16206 "http://easydrivers.activities.at/entry.php?id=10271&&ser=657369" "Mozilla/5.0 (Windows NT 10.0; WOW64; Trident/7.0; Touch; MALCJS; rv:11.0) like Gecko"
90.146.6.198 - - [14/Nov/2017:12:03:57 +0100] "GET /entry.php?id=11674 HTTP/1.1" 200 321 "http://easydrivers.activities.at/entry.php?id=11412" "Mozilla/5.0 (Windows NT 10.0; WOW64; Trident/7.0; Touch; MALCJS; rv:11.0) like Gecko"
90.146.6.198 - - [14/Nov/2017:12:03:57 +0100] "GET /entry.php?id=10676&&title=Aktionen HTTP/1.1" 200 1388 "http://easydrivers.activities.at/entry.php?id=11674" "Mozilla/5.0 (Windows NT 10.0; WOW64; Trident/7.0; Touch; MALCJS; rv:11.0) like Gecko"
90.146.6.198 - - [14/Nov/2017:12:03:57 +0100] "GET /gui/javascript/form_form.js?1510657437 HTTP/1.1" 200 16206 "http://easydrivers.activities.at/entry.php?id=10676&&title=Aktionen" "Mozilla/5.0 (Windows NT 10.0; WOW64; Trident/7.0; Touch; MALCJS; rv:11.0) like Gecko"
90.146.6.198 - - [14/Nov/2017:12:03:57 +0100] "GET /entry.php?id=11675& HTTP/1.1" 200 2691 "http://easydrivers.activities.at/entry.php?id=11674" "Mozilla/5.0 (Windows NT 10.0; WOW64; Trident/7.0; Touch; MALCJS; rv:11.0) like Gecko"
90.146.6.198 - - [14/Nov/2017:12:03:57 +0100] "GET /entry.php?id=11676& HTTP/1.1" 200 4382 "http://easydrivers.activities.at/entry.php?id=11674" "Mozilla/5.0 (Windows NT 10.0; WOW64; Trident/7.0; Touch; MALCJS; rv:11.0) like Gecko"
90.146.6.198 - - [14/Nov/2017:12:03:57 +0100] "GET /entry.php?id=10778&form=11500&name=list& HTTP/1.1" 200 3133 "http://easydrivers.activities.at/entry.php?id=11675&" "Mozilla/5.0 (Windows NT 10.0; WOW64; Trident/7.0; Touch; MALCJS; rv:11.0) like Gecko"
90.146.6.198 - - [14/Nov/2017:12:03:58 +0100] "GET /gui/javascript/form_form.js?1510657438 HTTP/1.1" 200 16206 "http://easydrivers.activities.at/entry.php?id=11676&" "Mozilla/5.0 (Windows NT 10.0; WOW64; Trident/7.0; Touch; MALCJS; rv:11.0) like Gecko"
90.146.6.198 - - [14/Nov/2017:12:03:57 +0100] "GET /entry.php?id=10776&form=11500&name=list& HTTP/1.1" 200 2450 "http://easydrivers.activities.at/entry.php?id=11675&" "Mozilla/5.0 (Windows NT 10.0; WOW64; Trident/7.0; Touch; MALCJS; rv:11.0) like Gecko"
213.225.14.146 - - [14/Nov/2017:12:04:06 +0100] "GET /entry.php?id=10271&&ser=657385 HTTP/1.1" 200 986 "http://easydrivers.activities.at/entry.php?id=10271&&ser=657324" "Mozilla/5.0 (Windows NT 10.0; WOW64; Trident/7.0; Touch; rv:11.0) like Gecko"
213.225.14.146 - - [14/Nov/2017:12:04:06 +0100] "GET /gui/javascript/form_form.js?1510657446 HTTP/1.1" 200 16206 "http://easydrivers.activities.at/entry.php?id=10271&&ser=657385" "Mozilla/5.0 (Windows NT 10.0; WOW64; Trident/7.0; Touch; rv:11.0) like Gecko"
90.146.6.198 - - [14/Nov/2017:12:04:23 +0100] "POST /entry.php?id=11676 HTTP/1.1" 200 4628 "http://easydrivers.activities.at/entry.php?id=11676&" "Mozilla/5.0 (Windows NT 10.0; WOW64; Trident/7.0; Touch; MALCJS; rv:11.0) like Gecko"
90.146.6.198 - - [14/Nov/2017:12:04:23 +0100] "GET /gui/javascript/form_form.js?1510657463 HTTP/1.1" 200 16206 "http://easydrivers.activities.at/entry.php?id=11676" "Mozilla/5.0 (Windows NT 10.0; WOW64; Trident/7.0; Touch; MALCJS; rv:11.0) like Gecko"
90.146.6.198 - - [14/Nov/2017:12:04:23 +0100] "GET /cache/emu/images/easy-drivers-perg10293286/fb-aktionjpg_270_141_0.jpg HTTP/1.1" 304 - "http://easydrivers.activities.at/entry.php?id=11676" "Mozilla/5.0 (Windows NT 10.0; WOW64; Trident/7.0; Touch; MALCJS; rv:11.0) like Gecko"
90.146.6.198 - - [14/Nov/2017:12:04:24 +0100] "POST /entry.php?id=11676 HTTP/1.1" 200 3051 "http://easydrivers.activities.at/entry.php?id=11676" "Mozilla/5.0 (Windows NT 10.0; WOW64; Trident/7.0; Touch; MALCJS; rv:11.0) like Gecko"
90.146.6.198 - - [14/Nov/2017:12:04:25 +0100] "GET /gui/javascript/form_form.js?1510657465 HTTP/1.1" 200 16206 "http://easydrivers.activities.at/entry.php?id=11676" "Mozilla/5.0 (Windows NT 10.0; WOW64; Trident/7.0; Touch; MALCJS; rv:11.0) like Gecko"
90.146.6.198 - - [14/Nov/2017:12:04:25 +0100] "GET /framework/webfx/javascript/tinymce/skins/lightgray/content.min.css HTTP/1.1" 404 330 "http://easydrivers.activities.at/entry.php?id=11676" "Mozilla/5.0 (Windows NT 10.0; WOW64; Trident/7.0; Touch; MALCJS; rv:11.0) like Gecko"
213.225.14.146 - - [14/Nov/2017:12:04:33 +0100] "POST /entry.php?id=11684 HTTP/1.1" 200 3748 "http://easydrivers.activities.at/entry.php?id=11684" "Mozilla/5.0 (Windows NT 10.0; WOW64; Trident/7.0; Touch; rv:11.0) like Gecko"
213.225.14.146 - - [14/Nov/2017:12:04:34 +0100] "GET /gui/javascript/form_form.js?1510657474 HTTP/1.1" 200 16206 "http://easydrivers.activities.at/entry.php?id=11684" "Mozilla/5.0 (Windows NT 10.0; WOW64; Trident/7.0; Touch; rv:11.0) like Gecko"
213.225.14.146 - - [14/Nov/2017:12:04:35 +0100] "GET /framework/webfx/javascript/tinymce/skins/lightgray/content.min.css HTTP/1.1" 404 330 "http://easydrivers.activities.at/entry.php?id=11684" "Mozilla/5.0 (Windows NT 10.0; WOW64; Trident/7.0; Touch; rv:11.0) like Gecko"
90.146.6.198 - - [14/Nov/2017:12:04:50 +0100] "GET /entry.php?id=10271&&ser=657429 HTTP/1.1" 200 986 "http://easydrivers.activities.at/entry.php?id=10271&&ser=657369" "Mozilla/5.0 (Windows NT 10.0; WOW64; Trident/7.0; Touch; MALCJS; rv:11.0) like Gecko"
90.146.6.198 - - [14/Nov/2017:12:04:50 +0100] "GET /gui/javascript/form_form.js?1510657490 HTTP/1.1" 200 16206 "http://easydrivers.activities.at/entry.php?id=10271&&ser=657429" "Mozilla/5.0 (Windows NT 10.0; WOW64; Trident/7.0; Touch; MALCJS; rv:11.0) like Gecko"
213.225.14.146 - - [14/Nov/2017:12:04:51 +0100] "POST /entry.php?id=11684 HTTP/1.1" 200 3100 "http://easydrivers.activities.at/entry.php?id=11684" "Mozilla/5.0 (Windows NT 10.0; WOW64; Trident/7.0; Touch; rv:11.0) like Gecko"
213.225.14.146 - - [14/Nov/2017:12:04:52 +0100] "GET /gui/javascript/form_form.js?1510657492 HTTP/1.1" 200 16206 "http://easydrivers.activities.at/entry.php?id=11684" "Mozilla/5.0 (Windows NT 10.0; WOW64; Trident/7.0; Touch; rv:11.0) like Gecko"
213.225.14.146 - - [14/Nov/2017:12:04:52 +0100] "GET /entry.php?id=10776&form=11506&name=image_list& HTTP/1.1" 200 1538 "http://easydrivers.activities.at/entry.php?id=11684" "Mozilla/5.0 (Windows NT 10.0; WOW64; Trident/7.0; Touch; rv:11.0) like Gecko"
213.225.14.146 - - [14/Nov/2017:12:04:52 +0100] "GET /entry.php?id=10778&form=11506&name=image_list& HTTP/1.1" 200 2502 "http://easydrivers.activities.at/entry.php?id=11684" "Mozilla/5.0 (Windows NT 10.0; WOW64; Trident/7.0; Touch; rv:11.0) like Gecko"
213.225.14.146 - - [14/Nov/2017:12:04:54 +0100] "POST /entry.php?id=11684 HTTP/1.1" 200 3083 "http://easydrivers.activities.at/entry.php?id=11684" "Mozilla/5.0 (Windows NT 10.0; WOW64; Trident/7.0; Touch; rv:11.0) like Gecko"
213.225.14.146 - - [14/Nov/2017:12:04:54 +0100] "GET /gui/javascript/form_form.js?1510657494 HTTP/1.1" 200 16206 "http://easydrivers.activities.at/entry.php?id=11684" "Mozilla/5.0 (Windows NT 10.0; WOW64; Trident/7.0; Touch; rv:11.0) like Gecko"
213.225.14.146 - - [14/Nov/2017:12:04:54 +0100] "GET /entry.php?id=10778&form=11506&name=binarie_list& HTTP/1.1" 200 2495 "http://easydrivers.activities.at/entry.php?id=11684" "Mozilla/5.0 (Windows NT 10.0; WOW64; Trident/7.0; Touch; rv:11.0) like Gecko"
213.225.14.146 - - [14/Nov/2017:12:04:54 +0100] "GET /entry.php?id=10776&form=11506&name=binarie_list& HTTP/1.1" 200 1529 "http://easydrivers.activities.at/entry.php?id=11684" "Mozilla/5.0 (Windows NT 10.0; WOW64; Trident/7.0; Touch; rv:11.0) like Gecko"
213.225.14.146 - - [14/Nov/2017:12:04:57 +0100] "POST /entry.php?id=11684 HTTP/1.1" 200 3969 "http://easydrivers.activities.at/entry.php?id=11684" "Mozilla/5.0 (Windows NT 10.0; WOW64; Trident/7.0; Touch; rv:11.0) like Gecko"
213.225.14.146 - - [14/Nov/2017:12:04:57 +0100] "GET /gui/javascript/form_form.js?1510657497 HTTP/1.1" 200 16206 "http://easydrivers.activities.at/entry.php?id=11684" "Mozilla/5.0 (Windows NT 10.0; WOW64; Trident/7.0; Touch; rv:11.0) like Gecko"
213.225.14.146 - - [14/Nov/2017:12:05:00 +0100] "POST /entry.php?id=11684 HTTP/1.1" 200 4222 "http://easydrivers.activities.at/entry.php?id=11684" "Mozilla/5.0 (Windows NT 10.0; WOW64; Trident/7.0; Touch; rv:11.0) like Gecko"
213.225.14.146 - - [14/Nov/2017:12:05:00 +0100] "GET /gui/javascript/form_form.js?1510657500 HTTP/1.1" 200 16206 "http://easydrivers.activities.at/entry.php?id=11684" "Mozilla/5.0 (Windows NT 10.0; WOW64; Trident/7.0; Touch; rv:11.0) like Gecko"
213.225.14.146 - - [14/Nov/2017:12:05:06 +0100] "GET /entry.php?id=10271&&ser=657446 HTTP/1.1" 200 986 "http://easydrivers.activities.at/entry.php?id=10271&&ser=657385" "Mozilla/5.0 (Windows NT 10.0; WOW64; Trident/7.0; Touch; rv:11.0) like Gecko"
213.225.14.146 - - [14/Nov/2017:12:05:07 +0100] "GET /gui/javascript/form_form.js?1510657506 HTTP/1.1" 200 16206 "http://easydrivers.activities.at/entry.php?id=10271&&ser=657446" "Mozilla/5.0 (Windows NT 10.0; WOW64; Trident/7.0; Touch; rv:11.0) like Gecko"
90.146.6.198 - - [14/Nov/2017:12:05:50 +0100] "GET /entry.php?id=10271&&ser=657490 HTTP/1.1" 200 986 "http://easydrivers.activities.at/entry.php?id=10271&&ser=657429" "Mozilla/5.0 (Windows NT 10.0; WOW64; Trident/7.0; Touch; MALCJS; rv:11.0) like Gecko"
90.146.6.198 - - [14/Nov/2017:12:05:50 +0100] "GET /gui/javascript/form_form.js?1510657550 HTTP/1.1" 200 16206 "http://easydrivers.activities.at/entry.php?id=10271&&ser=657490" "Mozilla/5.0 (Windows NT 10.0; WOW64; Trident/7.0; Touch; MALCJS; rv:11.0) like Gecko"
213.225.14.146 - - [14/Nov/2017:12:05:57 +0100] "GET /entry.php?id=10287&login=1 HTTP/1.1" 200 2213 "http://easydrivers.activities.at/entry.php?id=11412" "Mozilla/5.0 (Windows NT 10.0; WOW64; Trident/7.0; Touch; rv:11.0) like Gecko"
213.225.14.146 - - [14/Nov/2017:12:05:58 +0100] "GET /gui/javascript/form_form.js?1510657557 HTTP/1.1" 200 16206 "http://easydrivers.activities.at/entry.php?id=10287&login=1" "Mozilla/5.0 (Windows NT 10.0; WOW64; Trident/7.0; Touch; rv:11.0) like Gecko"
