213.225.14.146 - - [14/Nov/2017:11:36:43 +0100] "GET /gui/javascript/form_form.js?1510655803 HTTP/1.1" 200 16206 "http://easydrivers.activities.at/entry.php?id=10271&&ser=655742" "Mozilla/5.0 (Windows NT 10.0; WOW64; Trident/7.0; Touch; rv:11.0) like Gecko"
90.146.6.198 - - [14/Nov/2017:11:36:47 +0100] "GET /gui/javascript/jquery/css/gui-themes/images/ui-bg_highlight-soft_25_ffef8f_1x100.png HTTP/1.1" 200 119 "http://easydrivers.activities.at/entry.php?id=11687&uploadmode=list&object=false&mode=single&mime=10015786&listview=list" "Mozilla/5.0 (Windows NT 10.0; WOW64; Trident/7.0; Touch; MALCJS; rv:11.0) like Gecko"
90.146.6.198 - - [14/Nov/2017:11:36:47 +0100] "GET /gui/javascript/jquery/css/gui-themes/images/ui-icons_2e83ff_256x240_ev.png HTTP/1.1" 200 6035 "http://easydrivers.activities.at/entry.php?id=11687&uploadmode=list&object=false&mode=single&mime=10015786&listview=list" "Mozilla/5.0 (Windows NT 10.0; WOW64; Trident/7.0; Touch; MALCJS; rv:11.0) like Gecko"
90.146.6.198 - - [14/Nov/2017:11:36:47 +0100] "POST /entry.php?id=11687&ajaxaction=binary HTTP/1.1" 200 316 "http://easydrivers.activities.at/entry.php?id=11687&uploadmode=list&object=false&mode=single&mime=10015786&listview=list" "Mozilla/5.0 (Windows NT 10.0; WOW64; Trident/7.0; Touch; MALCJS; rv:11.0) like Gecko"
90.146.6.198 - - [14/Nov/2017:11:36:47 +0100] "GET /cache/emu/images/easy-drivers-perg10293286/fb-aktionjpg_16_8_0.jpg HTTP/1.1" 200 772 "http://easydrivers.activities.at/entry.php?id=10778&form=10549&name=list&" "Mozilla/5.0 (Windows NT 10.0; WOW64; Trident/7.0; Touch; MALCJS; rv:11.0) like Gecko"
90.146.6.198 - - [14/Nov/2017:11:37:03 +0100] "POST /entry.php?id=10704 HTTP/1.1" 200 2967 "http://easydrivers.activities.at/entry.php?id=10704&&but=&object=&class=&tag=&value=&chooserview=image_single&function=&setlist=&t_width=&t_height=&view=actionimage" "Mozilla/5.0 (Windows NT 10.0; WOW64; Trident/7.0; Touch; MALCJS; rv:11.0) like Gecko"
90.146.6.198 - - [14/Nov/2017:11:37:04 +0100] "GET /gui/javascript/form_form.js?1510655824 HTTP/1.1" 200 16206 "http://easydrivers.activities.at/entry.php?id=10704" "Mozilla/5.0 (Windows NT 10.0; WOW64; Trident/7.0; Touch; MALCJS; rv:11.0) like Gecko"
90.146.6.198 - - [14/Nov/2017:11:37:04 +0100] "GET /cache/emu/images/easy-drivers-perg10293286/fb-aktionjpg_270_141_0.jpg HTTP/1.1" 200 11258 "http://easydrivers.activities.at/entry.php?id=11676" "Mozilla/5.0 (Windows NT 10.0; WOW64; Trident/7.0; Touch; MALCJS; rv:11.0) like Gecko"
90.146.6.198 - - [14/Nov/2017:11:37:04 +0100] "GET /entry.php?id=10776&form=10549&name=list& HTTP/1.1" 200 1546 "http://easydrivers.activities.at/entry.php?id=10704" "Mozilla/5.0 (Windows NT 10.0; WOW64; Trident/7.0; Touch; MALCJS; rv:11.0) like Gecko"
90.146.6.198 - - [14/Nov/2017:11:37:04 +0100] "GET /entry.php?id=10778&form=10549&name=list& HTTP/1.1" 200 501 "http://easydrivers.activities.at/entry.php?id=10704" "Mozilla/5.0 (Windows NT 10.0; WOW64; Trident/7.0; Touch; MALCJS; rv:11.0) like Gecko"
213.225.14.146 - - [14/Nov/2017:11:37:10 +0100] "POST /entry.php?id=11671 HTTP/1.1" 200 5023 "http://easydrivers.activities.at/entry.php?id=11671" "Mozilla/5.0 (Windows NT 10.0; WOW64; Trident/7.0; Touch; rv:11.0) like Gecko"
90.146.6.198 - - [14/Nov/2017:11:37:09 +0100] "POST /entry.php?id=11676 HTTP/1.1" 200 4920 "http://easydrivers.activities.at/entry.php?id=11676" "Mozilla/5.0 (Windows NT 10.0; WOW64; Trident/7.0; Touch; MALCJS; rv:11.0) like Gecko"
90.146.6.198 - - [14/Nov/2017:11:37:10 +0100] "GET /gui/javascript/form_form.js?1510655830 HTTP/1.1" 200 16206 "http://easydrivers.activities.at/entry.php?id=11676" "Mozilla/5.0 (Windows NT 10.0; WOW64; Trident/7.0; Touch; MALCJS; rv:11.0) like Gecko"
213.225.14.146 - - [14/Nov/2017:11:37:10 +0100] "GET /gui/javascript/form_form.js?1510655830 HTTP/1.1" 200 16206 "http://easydrivers.activities.at/entry.php?id=11671" "Mozilla/5.0 (Windows NT 10.0; WOW64; Trident/7.0; Touch; rv:11.0) like Gecko"
90.146.6.198 - - [14/Nov/2017:11:37:10 +0100] "GET /cache/emu/images/easy-drivers-perg10293286/fb-aktionjpg_270_141_0.jpg HTTP/1.1" 200 11258 "http://easydrivers.activities.at/entry.php?id=11676" "Mozilla/5.0 (Windows NT 10.0; WOW64; Trident/7.0; Touch; MALCJS; rv:11.0) like Gecko"
213.225.14.146 - - [14/Nov/2017:11:37:11 +0100] "GET /entry.php?id=10776&form=11496&name=list& HTTP/1.1" 200 1519 "http://easydrivers.activities.at/entry.php?id=11671" "Mozilla/5.0 (Windows NT 10.0; WOW64; Trident/7.0; Touch; rv:11.0) like Gecko"
213.225.14.146 - - [14/Nov/2017:11:37:11 +0100] "GET /entry.php?id=10778&form=11496&name=list& HTTP/1.1" 200 5876 "http://easydrivers.activities.at/entry.php?id=11671" "Mozilla/5.0 (Windows NT 10.0; WOW64; Trident/7.0; Touch; rv:11.0) like Gecko"
213.225.14.146 - - [14/Nov/2017:11:37:12 +0100] "POST /entry.php?id=11671 HTTP/1.1" 200 3197 "http://easydrivers.activities.at/entry.php?id=11671" "Mozilla/5.0 (Windows NT 10.0; WOW64; Trident/7.0; Touch; rv:11.0) like Gecko"
213.225.14.146 - - [14/Nov/2017:11:37:13 +0100] "GET /gui/javascript/form_form.js?1510655833 HTTP/1.1" 200 16206 "http://easydrivers.activities.at/entry.php?id=11671" "Mozilla/5.0 (Windows NT 10.0; WOW64; Trident/7.0; Touch; rv:11.0) like Gecko"
213.225.14.146 - - [14/Nov/2017:11:37:14 +0100] "GET /framework/webfx/javascript/tinymce/skins/lightgray/content.min.css HTTP/1.1" 404 330 "http://easydrivers.activities.at/entry.php?id=11671" "Mozilla/5.0 (Windows NT 10.0; WOW64; Trident/7.0; Touch; rv:11.0) like Gecko"
213.225.14.146 - - [14/Nov/2017:11:37:18 +0100] "POST /entry.php?id=11671 HTTP/1.1" 200 3586 "http://easydrivers.activities.at/entry.php?id=11671" "Mozilla/5.0 (Windows NT 10.0; WOW64; Trident/7.0; Touch; rv:11.0) like Gecko"
213.225.14.146 - - [14/Nov/2017:11:37:18 +0100] "GET /gui/javascript/form_form.js?1510655838 HTTP/1.1" 200 16206 "http://easydrivers.activities.at/entry.php?id=11671" "Mozilla/5.0 (Windows NT 10.0; WOW64; Trident/7.0; Touch; rv:11.0) like Gecko"
213.225.14.146 - - [14/Nov/2017:11:37:19 +0100] "GET /framework/webfx/javascript/tinymce/skins/lightgray/content.min.css HTTP/1.1" 404 330 "http://easydrivers.activities.at/entry.php?id=11671" "Mozilla/5.0 (Windows NT 10.0; WOW64; Trident/7.0; Touch; rv:11.0) like Gecko"
213.225.14.146 - - [14/Nov/2017:11:37:20 +0100] "POST /entry.php?id=11671 HTTP/1.1" 200 4935 "http://easydrivers.activities.at/entry.php?id=11671" "Mozilla/5.0 (Windows NT 10.0; WOW64; Trident/7.0; Touch; rv:11.0) like Gecko"
213.225.14.146 - - [14/Nov/2017:11:37:21 +0100] "GET /gui/javascript/form_form.js?1510655841 HTTP/1.1" 200 16206 "http://easydrivers.activities.at/entry.php?id=11671" "Mozilla/5.0 (Windows NT 10.0; WOW64; Trident/7.0; Touch; rv:11.0) like Gecko"
213.225.14.146 - - [14/Nov/2017:11:37:21 +0100] "GET /entry.php?id=10778&form=11496&name=list& HTTP/1.1" 200 5876 "http://easydrivers.activities.at/entry.php?id=11671" "Mozilla/5.0 (Windows NT 10.0; WOW64; Trident/7.0; Touch; rv:11.0) like Gecko"
213.225.14.146 - - [14/Nov/2017:11:37:21 +0100] "GET /entry.php?id=10776&form=11496&name=list& HTTP/1.1" 200 1519 "http://easydrivers.activities.at/entry.php?id=11671" "Mozilla/5.0 (Windows NT 10.0; WOW64; Trident/7.0; Touch; rv:11.0) like Gecko"
213.225.14.146 - - [14/Nov/2017:11:37:24 +0100] "POST /entry.php?id=11671 HTTP/1.1" 200 5130 "http://easydrivers.activities.at/entry.php?id=11671" "Mozilla/5.0 (Windows NT 10.0; WOW64; Trident/7.0; Touch; rv:11.0) like Gecko"
213.225.14.146 - - [14/Nov/2017:11:37:25 +0100] "GET /gui/javascript/form_form.js?1510655845 HTTP/1.1" 200 16206 "http://easydrivers.activities.at/entry.php?id=11671" "Mozilla/5.0 (Windows NT 10.0; WOW64; Trident/7.0; Touch; rv:11.0) like Gecko"
213.225.14.146 - - [14/Nov/2017:11:37:25 +0100] "GET /entry.php?id=10778&form=11496&name=list& HTTP/1.1" 200 5876 "http://easydrivers.activities.at/entry.php?id=11671" "Mozilla/5.0 (Windows NT 10.0; WOW64; Trident/7.0; Touch; rv:11.0) like Gecko"
213.225.14.146 - - [14/Nov/2017:11:37:25 +0100] "GET /entry.php?id=10776&form=11496&name=list& HTTP/1.1" 200 1519 "http://easydrivers.activities.at/entry.php?id=11671" "Mozilla/5.0 (Windows NT 10.0; WOW64; Trident/7.0; Touch; rv:11.0) like Gecko"
213.225.14.146 - - [14/Nov/2017:11:37:30 +0100] "POST /entry.php?id=11671 HTTP/1.1" 200 4622 "http://easydrivers.activities.at/entry.php?id=11671" "Mozilla/5.0 (Windows NT 10.0; WOW64; Trident/7.0; Touch; rv:11.0) like Gecko"
213.225.14.146 - - [14/Nov/2017:11:37:30 +0100] "GET /gui/javascript/form_form.js?1510655850 HTTP/1.1" 200 16206 "http://easydrivers.activities.at/entry.php?id=11671" "Mozilla/5.0 (Windows NT 10.0; WOW64; Trident/7.0; Touch; rv:11.0) like Gecko"
213.225.14.146 - - [14/Nov/2017:11:37:30 +0100] "GET /entry.php?id=10776&form=11496&name=list& HTTP/1.1" 200 1519 "http://easydrivers.activities.at/entry.php?id=11671" "Mozilla/5.0 (Windows NT 10.0; WOW64; Trident/7.0; Touch; rv:11.0) like Gecko"
213.225.14.146 - - [14/Nov/2017:11:37:30 +0100] "GET /entry.php?id=10778&form=11496&name=list& HTTP/1.1" 200 5596 "http://easydrivers.activities.at/entry.php?id=11671" "Mozilla/5.0 (Windows NT 10.0; WOW64; Trident/7.0; Touch; rv:11.0) like Gecko"
90.146.6.198 - - [14/Nov/2017:11:37:39 +0100] "GET /entry.php?id=10271&&ser=655799 HTTP/1.1" 200 987 "http://easydrivers.activities.at/entry.php?id=10271&&ser=655739" "Mozilla/5.0 (Windows NT 10.0; WOW64; Trident/7.0; Touch; MALCJS; rv:11.0) like Gecko"
90.146.6.198 - - [14/Nov/2017:11:37:39 +0100] "GET /gui/javascript/form_form.js?1510655859 HTTP/1.1" 200 16206 "http://easydrivers.activities.at/entry.php?id=10271&&ser=655799" "Mozilla/5.0 (Windows NT 10.0; WOW64; Trident/7.0; Touch; MALCJS; rv:11.0) like Gecko"
213.225.14.146 - - [14/Nov/2017:11:37:43 +0100] "GET /entry.php?id=10271&&ser=655803 HTTP/1.1" 200 987 "http://easydrivers.activities.at/entry.php?id=10271&&ser=655742" "Mozilla/5.0 (Windows NT 10.0; WOW64; Trident/7.0; Touch; rv:11.0) like Gecko"
213.225.14.146 - - [14/Nov/2017:11:37:43 +0100] "GET /gui/javascript/form_form.js?1510655863 HTTP/1.1" 200 16206 "http://easydrivers.activities.at/entry.php?id=10271&&ser=655803" "Mozilla/5.0 (Windows NT 10.0; WOW64; Trident/7.0; Touch; rv:11.0) like Gecko"
90.146.6.198 - - [14/Nov/2017:11:37:58 +0100] "POST /entry.php?id=11676 HTTP/1.1" 200 3051 "http://easydrivers.activities.at/entry.php?id=11676" "Mozilla/5.0 (Windows NT 10.0; WOW64; Trident/7.0; Touch; MALCJS; rv:11.0) like Gecko"
90.146.6.198 - - [14/Nov/2017:11:37:59 +0100] "GET /gui/javascript/form_form.js?1510655879 HTTP/1.1" 200 16206 "http://easydrivers.activities.at/entry.php?id=11676" "Mozilla/5.0 (Windows NT 10.0; WOW64; Trident/7.0; Touch; MALCJS; rv:11.0) like Gecko"
90.146.6.198 - - [14/Nov/2017:11:37:59 +0100] "GET /framework/webfx/javascript/tinymce/skins/lightgray/content.min.css HTTP/1.1" 404 330 "http://easydrivers.activities.at/entry.php?id=11676" "Mozilla/5.0 (Windows NT 10.0; WOW64; Trident/7.0; Touch; MALCJS; rv:11.0) like Gecko"
90.146.6.198 - - [14/Nov/2017:11:38:02 +0100] "POST /entry.php?id=11676 HTTP/1.1" 200 4628 "http://easydrivers.activities.at/entry.php?id=11676" "Mozilla/5.0 (Windows NT 10.0; WOW64; Trident/7.0; Touch; MALCJS; rv:11.0) like Gecko"
90.146.6.198 - - [14/Nov/2017:11:38:02 +0100] "GET /gui/javascript/form_form.js?1510655882 HTTP/1.1" 200 16206 "http://easydrivers.activities.at/entry.php?id=11676" "Mozilla/5.0 (Windows NT 10.0; WOW64; Trident/7.0; Touch; MALCJS; rv:11.0) like Gecko"
90.146.6.198 - - [14/Nov/2017:11:38:02 +0100] "GET /cache/emu/images/easy-drivers-perg10293286/fb-aktionjpg_270_141_0.jpg HTTP/1.1" 304 - "http://easydrivers.activities.at/entry.php?id=11676" "Mozilla/5.0 (Windows NT 10.0; WOW64; Trident/7.0; Touch; MALCJS; rv:11.0) like Gecko"
90.146.6.198 - - [14/Nov/2017:11:38:08 +0100] "GET /entry.php?id=11679 HTTP/1.1" 200 312 "http://easydrivers.activities.at/entry.php?id=11412" "Mozilla/5.0 (Windows NT 10.0; WOW64; Trident/7.0; Touch; MALCJS; rv:11.0) like Gecko"
90.146.6.198 - - [14/Nov/2017:11:38:09 +0100] "GET /entry.php?id=10676&title=Portal& HTTP/1.1" 200 1386 "http://easydrivers.activities.at/entry.php?id=11679" "Mozilla/5.0 (Windows NT 10.0; WOW64; Trident/7.0; Touch; MALCJS; rv:11.0) like Gecko"
90.146.6.198 - - [14/Nov/2017:11:38:09 +0100] "GET /gui/javascript/form_form.js?1510655889 HTTP/1.1" 200 16206 "http://easydrivers.activities.at/entry.php?id=10676&title=Portal&" "Mozilla/5.0 (Windows NT 10.0; WOW64; Trident/7.0; Touch; MALCJS; rv:11.0) like Gecko"
90.146.6.198 - - [14/Nov/2017:11:38:09 +0100] "GET /entry.php?id=11678& HTTP/1.1" 200 3170 "http://easydrivers.activities.at/entry.php?id=11679" "Mozilla/5.0 (Windows NT 10.0; WOW64; Trident/7.0; Touch; MALCJS; rv:11.0) like Gecko"
90.146.6.198 - - [14/Nov/2017:11:38:09 +0100] "GET /activities/framework/KoolControls/KoolAjax/koolajax.php?8436e354c842500aba3cbaf0584c0c24 HTTP/1.1" 200 4079 "http://easydrivers.activities.at/entry.php?id=11678&" "Mozilla/5.0 (Windows NT 10.0; WOW64; Trident/7.0; Touch; MALCJS; rv:11.0) like Gecko"
90.146.6.198 - - [14/Nov/2017:11:38:09 +0100] "GET /gui/images/icons/square_yellowS.gif HTTP/1.1" 200 541 "http://easydrivers.activities.at/entry.php?id=11678&" "Mozilla/5.0 (Windows NT 10.0; WOW64; Trident/7.0; Touch; MALCJS; rv:11.0) like Gecko"
90.146.6.198 - - [14/Nov/2017:11:38:09 +0100] "GET /activities/framework/KoolControls/KoolTreeView/kooltreeview.php?c7cd9180e88ffef8e70f13526bb4f5f7 HTTP/1.1" 200 5055 "http://easydrivers.activities.at/entry.php?id=11678&" "Mozilla/5.0 (Windows NT 10.0; WOW64; Trident/7.0; Touch; MALCJS; rv:11.0) like Gecko"
90.146.6.198 - - [14/Nov/2017:11:38:09 +0100] "GET /entry.php?id=11677& HTTP/1.1" 200 4373 "http://easydrivers.activities.at/entry.php?id=11679" "Mozilla/5.0 (Windows NT 10.0; WOW64; Trident/7.0; Touch; MALCJS; rv:11.0) like Gecko"
90.146.6.198 - - [14/Nov/2017:11:38:09 +0100] "GET /entry.php?id=11618&&object=&item=&emu_class= HTTP/1.1" 200 1698 "http://easydrivers.activities.at/entry.php?id=11677&" "Mozilla/5.0 (Windows NT 10.0; WOW64; Trident/7.0; Touch; MALCJS; rv:11.0) like Gecko"
90.146.6.198 - - [14/Nov/2017:11:38:10 +0100] "GET /gui/javascript/form_form.js?1510655890 HTTP/1.1" 200 16206 "http://easydrivers.activities.at/entry.php?id=11618&&object=&item=&emu_class=" "Mozilla/5.0 (Windows NT 10.0; WOW64; Trident/7.0; Touch; MALCJS; rv:11.0) like Gecko"
90.146.6.198 - - [14/Nov/2017:11:38:18 +0100] "POST /entry.php?id=11677 HTTP/1.1" 200 4408 "http://easydrivers.activities.at/entry.php?id=11677&" "Mozilla/5.0 (Windows NT 10.0; WOW64; Trident/7.0; Touch; MALCJS; rv:11.0) like Gecko"
90.146.6.198 - - [14/Nov/2017:11:38:18 +0100] "GET /gui/javascript/form_form.js?1510655898 HTTP/1.1" 200 16206 "http://easydrivers.activities.at/entry.php?id=11677" "Mozilla/5.0 (Windows NT 10.0; WOW64; Trident/7.0; Touch; MALCJS; rv:11.0) like Gecko"
90.146.6.198 - - [14/Nov/2017:11:38:18 +0100] "GET /gui/images/icons/wizard.png HTTP/1.1" 200 724 "http://easydrivers.activities.at/entry.php?id=11677" "Mozilla/5.0 (Windows NT 10.0; WOW64; Trident/7.0; Touch; MALCJS; rv:11.0) like Gecko"
90.146.6.198 - - [14/Nov/2017:11:38:21 +0100] "POST /entry.php?id=11677 HTTP/1.1" 200 3218 "http://easydrivers.activities.at/entry.php?id=11677" "Mozilla/5.0 (Windows NT 10.0; WOW64; Trident/7.0; Touch; MALCJS; rv:11.0) like Gecko"
90.146.6.198 - - [14/Nov/2017:11:38:22 +0100] "GET /gui/javascript/form_form.js?1510655902 HTTP/1.1" 200 16206 "http://easydrivers.activities.at/entry.php?id=11677" "Mozilla/5.0 (Windows NT 10.0; WOW64; Trident/7.0; Touch; MALCJS; rv:11.0) like Gecko"
90.146.6.198 - - [14/Nov/2017:11:38:22 +0100] "GET /entry.php?id=10776&form=11502&name=list& HTTP/1.1" 200 1475 "http://easydrivers.activities.at/entry.php?id=11677" "Mozilla/5.0 (Windows NT 10.0; WOW64; Trident/7.0; Touch; MALCJS; rv:11.0) like Gecko"
90.146.6.198 - - [14/Nov/2017:11:38:22 +0100] "GET /entry.php?id=10778&form=11502&name=list& HTTP/1.1" 200 3845 "http://easydrivers.activities.at/entry.php?id=11677" "Mozilla/5.0 (Windows NT 10.0; WOW64; Trident/7.0; Touch; MALCJS; rv:11.0) like Gecko"
90.146.6.198 - - [14/Nov/2017:11:38:22 +0100] "GET /gui/images/icons/lupe.png HTTP/1.1" 200 723 "http://easydrivers.activities.at/entry.php?id=10776&form=11502&name=list&" "Mozilla/5.0 (Windows NT 10.0; WOW64; Trident/7.0; Touch; MALCJS; rv:11.0) like Gecko"
90.146.6.198 - - [14/Nov/2017:11:38:22 +0100] "GET /gui/images/icons/disabled_edit.gif HTTP/1.1" 200 408 "http://easydrivers.activities.at/entry.php?id=10778&form=11502&name=list&" "Mozilla/5.0 (Windows NT 10.0; WOW64; Trident/7.0; Touch; MALCJS; rv:11.0) like Gecko"
213.225.14.146 - - [14/Nov/2017:11:38:36 +0100] "POST /entry.php?id=11671 HTTP/1.1" 200 5015 "http://easydrivers.activities.at/entry.php?id=11671" "Mozilla/5.0 (Windows NT 10.0; WOW64; Trident/7.0; Touch; rv:11.0) like Gecko"
90.146.6.198 - - [14/Nov/2017:11:38:36 +0100] "GET /entry.php?id=11686&object=10230523&site=10201431 HTTP/1.1" 200 1767 "http://easydrivers.activities.at/entry.php?id=11412" "Mozilla/5.0 (Windows NT 10.0; WOW64; Trident/7.0; Touch; MALCJS; rv:11.0) like Gecko"
213.225.14.146 - - [14/Nov/2017:11:38:37 +0100] "GET /gui/javascript/form_form.js?1510655916 HTTP/1.1" 200 16206 "http://easydrivers.activities.at/entry.php?id=11671" "Mozilla/5.0 (Windows NT 10.0; WOW64; Trident/7.0; Touch; rv:11.0) like Gecko"
213.225.14.146 - - [14/Nov/2017:11:38:37 +0100] "GET /entry.php?id=10776&form=11496&name=list& HTTP/1.1" 200 1519 "http://easydrivers.activities.at/entry.php?id=11671" "Mozilla/5.0 (Windows NT 10.0; WOW64; Trident/7.0; Touch; rv:11.0) like Gecko"
213.225.14.146 - - [14/Nov/2017:11:38:37 +0100] "GET /entry.php?id=10778&form=11496&name=list& HTTP/1.1" 200 5876 "http://easydrivers.activities.at/entry.php?id=11671" "Mozilla/5.0 (Windows NT 10.0; WOW64; Trident/7.0; Touch; rv:11.0) like Gecko"
90.146.6.198 - - [14/Nov/2017:11:38:37 +0100] "GET /gui/javascript/jquery/css/gui-themes/images/ui-icons_72a7cf_256x240_ev.png HTTP/1.1" 200 6036 "http://easydrivers.activities.at/entry.php?id=11412" "Mozilla/5.0 (Windows NT 10.0; WOW64; Trident/7.0; Touch; MALCJS; rv:11.0) like Gecko"
90.146.6.198 - - [14/Nov/2017:11:38:37 +0100] "GET /cache/emu/images/easy-drivers-perg10288351/aktionjpgjpg_160_90_0.jpg HTTP/1.1" 200 3346 "http://easydrivers.activities.at/entry.php?id=11686&object=10230523&site=10201431" "Mozilla/5.0 (Windows NT 10.0; WOW64; Trident/7.0; Touch; MALCJS; rv:11.0) like Gecko"
90.146.6.198 - - [14/Nov/2017:11:38:37 +0100] "GET /gui/javascript/form_form.js?1510655917 HTTP/1.1" 200 16206 "http://easydrivers.activities.at/entry.php?id=11686&object=10230523&site=10201431" "Mozilla/5.0 (Windows NT 10.0; WOW64; Trident/7.0; Touch; MALCJS; rv:11.0) like Gecko"
90.146.6.198 - - [14/Nov/2017:11:38:40 +0100] "GET /entry.php?id=10271&&ser=655859 HTTP/1.1" 200 987 "http://easydrivers.activities.at/entry.php?id=10271&&ser=655799" "Mozilla/5.0 (Windows NT 10.0; WOW64; Trident/7.0; Touch; MALCJS; rv:11.0) like Gecko"
213.225.14.146 - - [14/Nov/2017:11:38:39 +0100] "POST /entry.php?id=11671 HTTP/1.1" 200 3197 "http://easydrivers.activities.at/entry.php?id=11671" "Mozilla/5.0 (Windows NT 10.0; WOW64; Trident/7.0; Touch; rv:11.0) like Gecko"
90.146.6.198 - - [14/Nov/2017:11:38:40 +0100] "GET /gui/javascript/form_form.js?1510655920 HTTP/1.1" 200 16206 "http://easydrivers.activities.at/entry.php?id=10271&&ser=655859" "Mozilla/5.0 (Windows NT 10.0; WOW64; Trident/7.0; Touch; MALCJS; rv:11.0) like Gecko"
213.225.14.146 - - [14/Nov/2017:11:38:40 +0100] "GET /gui/javascript/form_form.js?1510655920 HTTP/1.1" 200 16206 "http://easydrivers.activities.at/entry.php?id=11671" "Mozilla/5.0 (Windows NT 10.0; WOW64; Trident/7.0; Touch; rv:11.0) like Gecko"
213.225.14.146 - - [14/Nov/2017:11:38:41 +0100] "GET /framework/webfx/javascript/tinymce/skins/lightgray/content.min.css HTTP/1.1" 404 330 "http://easydrivers.activities.at/entry.php?id=11671" "Mozilla/5.0 (Windows NT 10.0; WOW64; Trident/7.0; Touch; rv:11.0) like Gecko"
213.225.14.146 - - [14/Nov/2017:11:38:44 +0100] "GET /entry.php?id=10271&&ser=655863 HTTP/1.1" 200 987 "http://easydrivers.activities.at/entry.php?id=10271&&ser=655803" "Mozilla/5.0 (Windows NT 10.0; WOW64; Trident/7.0; Touch; rv:11.0) like Gecko"
213.225.14.146 - - [14/Nov/2017:11:38:44 +0100] "GET /gui/javascript/form_form.js?1510655924 HTTP/1.1" 200 16206 "http://easydrivers.activities.at/entry.php?id=10271&&ser=655863" "Mozilla/5.0 (Windows NT 10.0; WOW64; Trident/7.0; Touch; rv:11.0) like Gecko"
213.225.14.146 - - [14/Nov/2017:11:38:44 +0100] "POST /entry.php?id=11671 HTTP/1.1" 200 3581 "http://easydrivers.activities.at/entry.php?id=11671" "Mozilla/5.0 (Windows NT 10.0; WOW64; Trident/7.0; Touch; rv:11.0) like Gecko"
213.225.14.146 - - [14/Nov/2017:11:38:45 +0100] "GET /gui/javascript/form_form.js?1510655925 HTTP/1.1" 200 16206 "http://easydrivers.activities.at/entry.php?id=11671" "Mozilla/5.0 (Windows NT 10.0; WOW64; Trident/7.0; Touch; rv:11.0) like Gecko"
213.225.14.146 - - [14/Nov/2017:11:38:46 +0100] "GET /framework/webfx/javascript/tinymce/skins/lightgray/content.min.css HTTP/1.1" 404 330 "http://easydrivers.activities.at/entry.php?id=11671" "Mozilla/5.0 (Windows NT 10.0; WOW64; Trident/7.0; Touch; rv:11.0) like Gecko"
90.146.6.198 - - [14/Nov/2017:11:38:46 +0100] "GET /entry.php?id=11685&object=10230523&site=10201431&item=10221997 HTTP/1.1" 200 3612 "http://easydrivers.activities.at/entry.php?id=11412" "Mozilla/5.0 (Windows NT 10.0; WOW64; Trident/7.0; Touch; MALCJS; rv:11.0) like Gecko"
90.146.6.198 - - [14/Nov/2017:11:38:47 +0100] "GET /gui/javascript/form_form.js?1510655927 HTTP/1.1" 200 16206 "http://easydrivers.activities.at/entry.php?id=11685&object=10230523&site=10201431&item=10221997" "Mozilla/5.0 (Windows NT 10.0; WOW64; Trident/7.0; Touch; MALCJS; rv:11.0) like Gecko"
213.225.14.146 - - [14/Nov/2017:11:38:49 +0100] "POST /entry.php?id=11671 HTTP/1.1" 200 4925 "http://easydrivers.activities.at/entry.php?id=11671" "Mozilla/5.0 (Windows NT 10.0; WOW64; Trident/7.0; Touch; rv:11.0) like Gecko"
213.225.14.146 - - [14/Nov/2017:11:38:50 +0100] "GET /gui/javascript/form_form.js?1510655930 HTTP/1.1" 200 16206 "http://easydrivers.activities.at/entry.php?id=11671" "Mozilla/5.0 (Windows NT 10.0; WOW64; Trident/7.0; Touch; rv:11.0) like Gecko"
213.225.14.146 - - [14/Nov/2017:11:38:50 +0100] "GET /entry.php?id=10778&form=11496&name=list& HTTP/1.1" 200 5876 "http://easydrivers.activities.at/entry.php?id=11671" "Mozilla/5.0 (Windows NT 10.0; WOW64; Trident/7.0; Touch; rv:11.0) like Gecko"
213.225.14.146 - - [14/Nov/2017:11:38:50 +0100] "GET /entry.php?id=10776&form=11496&name=list& HTTP/1.1" 200 1519 "http://easydrivers.activities.at/entry.php?id=11671" "Mozilla/5.0 (Windows NT 10.0; WOW64; Trident/7.0; Touch; rv:11.0) like Gecko"
213.225.14.146 - - [14/Nov/2017:11:38:53 +0100] "POST /entry.php?id=11671 HTTP/1.1" 200 5122 "http://easydrivers.activities.at/entry.php?id=11671" "Mozilla/5.0 (Windows NT 10.0; WOW64; Trident/7.0; Touch; rv:11.0) like Gecko"
213.225.14.146 - - [14/Nov/2017:11:38:54 +0100] "GET /gui/javascript/form_form.js?1510655934 HTTP/1.1" 200 16206 "http://easydrivers.activities.at/entry.php?id=11671" "Mozilla/5.0 (Windows NT 10.0; WOW64; Trident/7.0; Touch; rv:11.0) like Gecko"
213.225.14.146 - - [14/Nov/2017:11:38:54 +0100] "GET /entry.php?id=10778&form=11496&name=list& HTTP/1.1" 200 5876 "http://easydrivers.activities.at/entry.php?id=11671" "Mozilla/5.0 (Windows NT 10.0; WOW64; Trident/7.0; Touch; rv:11.0) like Gecko"
213.225.14.146 - - [14/Nov/2017:11:38:54 +0100] "GET /entry.php?id=10776&form=11496&name=list& HTTP/1.1" 200 1519 "http://easydrivers.activities.at/entry.php?id=11671" "Mozilla/5.0 (Windows NT 10.0; WOW64; Trident/7.0; Touch; rv:11.0) like Gecko"
213.225.14.146 - - [14/Nov/2017:11:38:57 +0100] "POST /entry.php?id=11671 HTTP/1.1" 200 4619 "http://easydrivers.activities.at/entry.php?id=11671" "Mozilla/5.0 (Windows NT 10.0; WOW64; Trident/7.0; Touch; rv:11.0) like Gecko"
213.225.14.146 - - [14/Nov/2017:11:38:58 +0100] "GET /gui/javascript/form_form.js?1510655938 HTTP/1.1" 200 16206 "http://easydrivers.activities.at/entry.php?id=11671" "Mozilla/5.0 (Windows NT 10.0; WOW64; Trident/7.0; Touch; rv:11.0) like Gecko"
213.225.14.146 - - [14/Nov/2017:11:38:58 +0100] "GET /entry.php?id=10778&form=11496&name=list& HTTP/1.1" 200 5596 "http://easydrivers.activities.at/entry.php?id=11671" "Mozilla/5.0 (Windows NT 10.0; WOW64; Trident/7.0; Touch; rv:11.0) like Gecko"
213.225.14.146 - - [14/Nov/2017:11:38:58 +0100] "GET /entry.php?id=10776&form=11496&name=list& HTTP/1.1" 200 1519 "http://easydrivers.activities.at/entry.php?id=11671" "Mozilla/5.0 (Windows NT 10.0; WOW64; Trident/7.0; Touch; rv:11.0) like Gecko"
90.146.6.198 - - [14/Nov/2017:11:39:25 +0100] "GET /entry.php?id=10711&chooserview=image_single&view=boxofferimage HTTP/1.1" 200 1723 "-" "Mozilla/5.0 (Windows NT 10.0; WOW64; Trident/7.0; Touch; MALCJS; rv:11.0) like Gecko"
90.146.6.198 - - [14/Nov/2017:11:39:25 +0100] "GET /gui/javascript/form_form.js?1510655965 HTTP/1.1" 200 16206 "http://easydrivers.activities.at/entry.php?id=10711&chooserview=image_single&view=boxofferimage" "Mozilla/5.0 (Windows NT 10.0; WOW64; Trident/7.0; Touch; MALCJS; rv:11.0) like Gecko"
90.146.6.198 - - [14/Nov/2017:11:39:25 +0100] "GET /entry.php?id=10703&&but=&object=&class=&tag=&value=&chooserview=image_single&function=&setlist=&t_width=&t_height=&view=boxofferimage HTTP/1.1" 200 2539 "http://easydrivers.activities.at/entry.php?id=10711&chooserview=image_single&view=boxofferimage" "Mozilla/5.0 (Windows NT 10.0; WOW64; Trident/7.0; Touch; MALCJS; rv:11.0) like Gecko"
90.146.6.198 - - [14/Nov/2017:11:39:26 +0100] "GET /gui/javascript/form_form.js?1510655966 HTTP/1.1" 200 16206 "http://easydrivers.activities.at/entry.php?id=10703&&but=&object=&class=&tag=&value=&chooserview=image_single&function=&setlist=&t_width=&t_height=&view=boxofferimage" "Mozilla/5.0 (Windows NT 10.0; WOW64; Trident/7.0; Touch; MALCJS; rv:11.0) like Gecko"
90.146.6.198 - - [14/Nov/2017:11:39:25 +0100] "GET /entry.php?id=10676&title=Ressourcenverwaltung HTTP/1.1" 200 1395 "http://easydrivers.activities.at/entry.php?id=10711&chooserview=image_single&view=boxofferimage" "Mozilla/5.0 (Windows NT 10.0; WOW64; Trident/7.0; Touch; MALCJS; rv:11.0) like Gecko"
90.146.6.198 - - [14/Nov/2017:11:39:26 +0100] "GET /entry.php?id=10776&form=10547&name=list& HTTP/1.1" 200 1290 "http://easydrivers.activities.at/entry.php?id=10703&&but=&object=&class=&tag=&value=&chooserview=image_single&function=&setlist=&t_width=&t_height=&view=boxofferimage" "Mozilla/5.0 (Windows NT 10.0; WOW64; Trident/7.0; Touch; MALCJS; rv:11.0) like Gecko"
90.146.6.198 - - [14/Nov/2017:11:39:25 +0100] "GET /entry.php?id=10704&&but=&object=&class=&tag=&value=&chooserview=image_single&function=&setlist=&t_width=&t_height=&view=boxofferimage HTTP/1.1" 200 2872 "http://easydrivers.activities.at/entry.php?id=10711&chooserview=image_single&view=boxofferimage" "Mozilla/5.0 (Windows NT 10.0; WOW64; Trident/7.0; Touch; MALCJS; rv:11.0) like Gecko"
90.146.6.198 - - [14/Nov/2017:11:39:26 +0100] "GET /entry.php?id=10778&form=10547&name=list& HTTP/1.1" 200 3006 "http://easydrivers.activities.at/entry.php?id=10703&&but=&object=&class=&tag=&value=&chooserview=image_single&function=&setlist=&t_width=&t_height=&view=boxofferimage" "Mozilla/5.0 (Windows NT 10.0; WOW64; Trident/7.0; Touch; MALCJS; rv:11.0) like Gecko"
90.146.6.198 - - [14/Nov/2017:11:39:26 +0100] "GET /entry.php?id=10778&form=10549&name=list& HTTP/1.1" 200 2603 "http://easydrivers.activities.at/entry.php?id=10704&&but=&object=&class=&tag=&value=&chooserview=image_single&function=&setlist=&t_width=&t_height=&view=boxofferimage" "Mozilla/5.0 (Windows NT 10.0; WOW64; Trident/7.0; Touch; MALCJS; rv:11.0) like Gecko"
90.146.6.198 - - [14/Nov/2017:11:39:26 +0100] "GET /entry.php?id=10776&form=10549&name=list& HTTP/1.1" 200 1546 "http://easydrivers.activities.at/entry.php?id=10704&&but=&object=&class=&tag=&value=&chooserview=image_single&function=&setlist=&t_width=&t_height=&view=boxofferimage" "Mozilla/5.0 (Windows NT 10.0; WOW64; Trident/7.0; Touch; MALCJS; rv:11.0) like Gecko"
90.146.6.198 - - [14/Nov/2017:11:39:29 +0100] "GET /entry.php?id=11687&uploadmode=list&object=false&mode=list&mime=10015786&listview=list HTTP/1.1" 200 2347 "http://easydrivers.activities.at/entry.php?id=10711&chooserview=image_single&view=boxofferimage" "Mozilla/5.0 (Windows NT 10.0; WOW64; Trident/7.0; Touch; MALCJS; rv:11.0) like Gecko"
90.146.6.198 - - [14/Nov/2017:11:39:29 +0100] "GET /gui/javascript/form_form.js?1510655969 HTTP/1.1" 200 16206 "http://easydrivers.activities.at/entry.php?id=11687&uploadmode=list&object=false&mode=list&mime=10015786&listview=list" "Mozilla/5.0 (Windows NT 10.0; WOW64; Trident/7.0; Touch; MALCJS; rv:11.0) like Gecko"
90.146.6.198 - - [14/Nov/2017:11:39:38 +0100] "POST /entry.php?id=11687&ajaxaction=binary HTTP/1.1" 200 316 "http://easydrivers.activities.at/entry.php?id=11687&uploadmode=list&object=false&mode=list&mime=10015786&listview=list" "Mozilla/5.0 (Windows NT 10.0; WOW64; Trident/7.0; Touch; MALCJS; rv:11.0) like Gecko"
90.146.6.198 - - [14/Nov/2017:11:39:38 +0100] "GET /cache/emu/images/easy-drivers-perg10293295/fb-aktionjpg_16_8_0.jpg HTTP/1.1" 200 772 "http://easydrivers.activities.at/entry.php?id=10778&form=10549&name=list&" "Mozilla/5.0 (Windows NT 10.0; WOW64; Trident/7.0; Touch; MALCJS; rv:11.0) like Gecko"
90.146.6.198 - - [14/Nov/2017:11:39:40 +0100] "GET /entry.php?id=10271&&ser=655920 HTTP/1.1" 200 987 "http://easydrivers.activities.at/entry.php?id=10271&&ser=655859" "Mozilla/5.0 (Windows NT 10.0; WOW64; Trident/7.0; Touch; MALCJS; rv:11.0) like Gecko"
90.146.6.198 - - [14/Nov/2017:11:39:40 +0100] "GET /gui/javascript/form_form.js?1510655980 HTTP/1.1" 200 16206 "http://easydrivers.activities.at/entry.php?id=10271&&ser=655920" "Mozilla/5.0 (Windows NT 10.0; WOW64; Trident/7.0; Touch; MALCJS; rv:11.0) like Gecko"
90.146.6.198 - - [14/Nov/2017:11:39:43 +0100] "POST /entry.php?id=10704 HTTP/1.1" 200 2963 "http://easydrivers.activities.at/entry.php?id=10704&&but=&object=&class=&tag=&value=&chooserview=image_single&function=&setlist=&t_width=&t_height=&view=boxofferimage" "Mozilla/5.0 (Windows NT 10.0; WOW64; Trident/7.0; Touch; MALCJS; rv:11.0) like Gecko"
90.146.6.198 - - [14/Nov/2017:11:39:44 +0100] "GET /gui/javascript/form_form.js?1510655984 HTTP/1.1" 200 16206 "http://easydrivers.activities.at/entry.php?id=10704" "Mozilla/5.0 (Windows NT 10.0; WOW64; Trident/7.0; Touch; MALCJS; rv:11.0) like Gecko"
90.146.6.198 - - [14/Nov/2017:11:39:44 +0100] "GET /cache/emu/images/easy-drivers-perg10293295/fb-aktionjpg_160_84_0.jpg HTTP/1.1" 200 5495 "http://easydrivers.activities.at/entry.php?id=11685&object=10230523&site=10201431&item=10221997" "Mozilla/5.0 (Windows NT 10.0; WOW64; Trident/7.0; Touch; MALCJS; rv:11.0) like Gecko"
90.146.6.198 - - [14/Nov/2017:11:39:44 +0100] "GET /entry.php?id=10776&form=10549&name=list& HTTP/1.1" 200 1546 "http://easydrivers.activities.at/entry.php?id=10704" "Mozilla/5.0 (Windows NT 10.0; WOW64; Trident/7.0; Touch; MALCJS; rv:11.0) like Gecko"
90.146.6.198 - - [14/Nov/2017:11:39:44 +0100] "GET /entry.php?id=10778&form=10549&name=list& HTTP/1.1" 200 501 "http://easydrivers.activities.at/entry.php?id=10704" "Mozilla/5.0 (Windows NT 10.0; WOW64; Trident/7.0; Touch; MALCJS; rv:11.0) like Gecko"
213.225.14.146 - - [14/Nov/2017:11:39:44 +0100] "GET /entry.php?id=10271&&ser=655924 HTTP/1.1" 200 987 "http://easydrivers.activities.at/entry.php?id=10271&&ser=655863" "Mozilla/5.0 (Windows NT 10.0; WOW64; Trident/7.0; Touch; rv:11.0) like Gecko"
213.225.14.146 - - [14/Nov/2017:11:39:45 +0100] "GET /gui/javascript/form_form.js?1510655984 HTTP/1.1" 200 16206 "http://easydrivers.activities.at/entry.php?id=10271&&ser=655924" "Mozilla/5.0 (Windows NT 10.0; WOW64; Trident/7.0; Touch; rv:11.0) like Gecko"
90.146.6.198 - - [14/Nov/2017:11:39:48 +0100] "POST /entry.php?id=11685 HTTP/1.1" 200 3626 "http://easydrivers.activities.at/entry.php?id=11685&object=10230523&site=10201431&item=10221997" "Mozilla/5.0 (Windows NT 10.0; WOW64; Trident/7.0; Touch; MALCJS; rv:11.0) like Gecko"
90.146.6.198 - - [14/Nov/2017:11:39:48 +0100] "GET /gui/javascript/form_form.js?1510655988 HTTP/1.1" 200 16206 "http://easydrivers.activities.at/entry.php?id=11685" "Mozilla/5.0 (Windows NT 10.0; WOW64; Trident/7.0; Touch; MALCJS; rv:11.0) like Gecko"
90.146.6.198 - - [14/Nov/2017:11:39:49 +0100] "GET /cache/emu/images/easy-drivers-perg10293295/fb-aktionjpg_160_84_0.jpg HTTP/1.1" 200 5495 "http://easydrivers.activities.at/entry.php?id=11685" "Mozilla/5.0 (Windows NT 10.0; WOW64; Trident/7.0; Touch; MALCJS; rv:11.0) like Gecko"
90.146.6.198 - - [14/Nov/2017:11:39:49 +0100] "GET /activities/framework/KoolControls/KoolTreeView/icons/square_yellowS.gif HTTP/1.1" 200 541 "http://easydrivers.activities.at/entry.php?id=11678&" "Mozilla/5.0 (Windows NT 10.0; WOW64; Trident/7.0; Touch; MALCJS; rv:11.0) like Gecko"
90.146.6.198 - - [14/Nov/2017:11:40:16 +0100] "POST /entry.php?id=11685 HTTP/1.1" 200 3622 "http://easydrivers.activities.at/entry.php?id=11685" "Mozilla/5.0 (Windows NT 10.0; WOW64; Trident/7.0; Touch; MALCJS; rv:11.0) like Gecko"
90.146.6.198 - - [14/Nov/2017:11:40:16 +0100] "GET /gui/javascript/form_form.js?1510656016 HTTP/1.1" 200 16206 "http://easydrivers.activities.at/entry.php?id=11685" "Mozilla/5.0 (Windows NT 10.0; WOW64; Trident/7.0; Touch; MALCJS; rv:11.0) like Gecko"
90.146.6.198 - - [14/Nov/2017:11:40:40 +0100] "GET /entry.php?id=10271&&ser=655980 HTTP/1.1" 200 986 "http://easydrivers.activities.at/entry.php?id=10271&&ser=655920" "Mozilla/5.0 (Windows NT 10.0; WOW64; Trident/7.0; Touch; MALCJS; rv:11.0) like Gecko"
90.146.6.198 - - [14/Nov/2017:11:40:41 +0100] "GET /gui/javascript/form_form.js?1510656041 HTTP/1.1" 200 16206 "http://easydrivers.activities.at/entry.php?id=10271&&ser=655980" "Mozilla/5.0 (Windows NT 10.0; WOW64; Trident/7.0; Touch; MALCJS; rv:11.0) like Gecko"
213.225.14.146 - - [14/Nov/2017:11:40:45 +0100] "GET /entry.php?id=10271&&ser=655984 HTTP/1.1" 200 987 "http://easydrivers.activities.at/entry.php?id=10271&&ser=655924" "Mozilla/5.0 (Windows NT 10.0; WOW64; Trident/7.0; Touch; rv:11.0) like Gecko"
213.225.14.146 - - [14/Nov/2017:11:40:45 +0100] "GET /gui/javascript/form_form.js?1510656045 HTTP/1.1" 200 16206 "http://easydrivers.activities.at/entry.php?id=10271&&ser=655984" "Mozilla/5.0 (Windows NT 10.0; WOW64; Trident/7.0; Touch; rv:11.0) like Gecko"
90.146.6.198 - - [14/Nov/2017:11:40:46 +0100] "GET /entry.php?id=11686&object=10230525&site=10201431 HTTP/1.1" 200 1684 "http://easydrivers.activities.at/entry.php?id=11412" "Mozilla/5.0 (Windows NT 10.0; WOW64; Trident/7.0; Touch; MALCJS; rv:11.0) like Gecko"
90.146.6.198 - - [14/Nov/2017:11:40:46 +0100] "GET /gui/javascript/form_form.js?1510656046 HTTP/1.1" 200 16206 "http://easydrivers.activities.at/entry.php?id=11686&object=10230525&site=10201431" "Mozilla/5.0 (Windows NT 10.0; WOW64; Trident/7.0; Touch; MALCJS; rv:11.0) like Gecko"
213.225.14.146 - - [14/Nov/2017:11:40:52 +0100] "POST /entry.php?id=11671 HTTP/1.1" 200 5018 "http://easydrivers.activities.at/entry.php?id=11671" "Mozilla/5.0 (Windows NT 10.0; WOW64; Trident/7.0; Touch; rv:11.0) like Gecko"
213.225.14.146 - - [14/Nov/2017:11:40:52 +0100] "GET /gui/javascript/form_form.js?1510656052 HTTP/1.1" 200 16206 "http://easydrivers.activities.at/entry.php?id=11671" "Mozilla/5.0 (Windows NT 10.0; WOW64; Trident/7.0; Touch; rv:11.0) like Gecko"
213.225.14.146 - - [14/Nov/2017:11:40:53 +0100] "GET /entry.php?id=10778&form=11496&name=list& HTTP/1.1" 200 5876 "http://easydrivers.activities.at/entry.php?id=11671" "Mozilla/5.0 (Windows NT 10.0; WOW64; Trident/7.0; Touch; rv:11.0) like Gecko"
213.225.14.146 - - [14/Nov/2017:11:40:53 +0100] "GET /entry.php?id=10776&form=11496&name=list& HTTP/1.1" 200 1519 "http://easydrivers.activities.at/entry.php?id=11671" "Mozilla/5.0 (Windows NT 10.0; WOW64; Trident/7.0; Touch; rv:11.0) like Gecko"
213.225.14.146 - - [14/Nov/2017:11:40:54 +0100] "POST /entry.php?id=11671 HTTP/1.1" 200 3196 "http://easydrivers.activities.at/entry.php?id=11671" "Mozilla/5.0 (Windows NT 10.0; WOW64; Trident/7.0; Touch; rv:11.0) like Gecko"
213.225.14.146 - - [14/Nov/2017:11:40:55 +0100] "GET /gui/javascript/form_form.js?1510656055 HTTP/1.1" 200 16206 "http://easydrivers.activities.at/entry.php?id=11671" "Mozilla/5.0 (Windows NT 10.0; WOW64; Trident/7.0; Touch; rv:11.0) like Gecko"
213.225.14.146 - - [14/Nov/2017:11:40:56 +0100] "GET /framework/webfx/javascript/tinymce/skins/lightgray/content.min.css HTTP/1.1" 404 330 "http://easydrivers.activities.at/entry.php?id=11671" "Mozilla/5.0 (Windows NT 10.0; WOW64; Trident/7.0; Touch; rv:11.0) like Gecko"
90.146.6.198 - - [14/Nov/2017:11:40:58 +0100] "POST /entry.php?id=11677 HTTP/1.1" 200 3308 "http://easydrivers.activities.at/entry.php?id=10778&form=11502&name=list&" "Mozilla/5.0 (Windows NT 10.0; WOW64; Trident/7.0; Touch; MALCJS; rv:11.0) like Gecko"
90.146.6.198 - - [14/Nov/2017:11:40:59 +0100] "GET /gui/javascript/form_form.js?1510656059 HTTP/1.1" 200 16206 "http://easydrivers.activities.at/entry.php?id=11677" "Mozilla/5.0 (Windows NT 10.0; WOW64; Trident/7.0; Touch; MALCJS; rv:11.0) like Gecko"
90.146.6.198 - - [14/Nov/2017:11:40:59 +0100] "GET /entry.php?id=10776&form=11502&name=list& HTTP/1.1" 200 1475 "http://easydrivers.activities.at/entry.php?id=11677" "Mozilla/5.0 (Windows NT 10.0; WOW64; Trident/7.0; Touch; MALCJS; rv:11.0) like Gecko"
90.146.6.198 - - [14/Nov/2017:11:40:59 +0100] "GET /entry.php?id=10778&form=11502&name=list& HTTP/1.1" 200 3838 "http://easydrivers.activities.at/entry.php?id=11677" "Mozilla/5.0 (Windows NT 10.0; WOW64; Trident/7.0; Touch; MALCJS; rv:11.0) like Gecko"
213.225.14.146 - - [14/Nov/2017:11:41:00 +0100] "POST /entry.php?id=11671 HTTP/1.1" 200 3581 "http://easydrivers.activities.at/entry.php?id=11671" "Mozilla/5.0 (Windows NT 10.0; WOW64; Trident/7.0; Touch; rv:11.0) like Gecko"
213.225.14.146 - - [14/Nov/2017:11:41:01 +0100] "GET /gui/javascript/form_form.js?1510656061 HTTP/1.1" 200 16206 "http://easydrivers.activities.at/entry.php?id=11671" "Mozilla/5.0 (Windows NT 10.0; WOW64; Trident/7.0; Touch; rv:11.0) like Gecko"
213.225.14.146 - - [14/Nov/2017:11:41:01 +0100] "GET /framework/webfx/javascript/tinymce/skins/lightgray/content.min.css HTTP/1.1" 404 330 "http://easydrivers.activities.at/entry.php?id=11671" "Mozilla/5.0 (Windows NT 10.0; WOW64; Trident/7.0; Touch; rv:11.0) like Gecko"
213.225.14.146 - - [14/Nov/2017:11:41:02 +0100] "POST /entry.php?id=11671 HTTP/1.1" 200 4933 "http://easydrivers.activities.at/entry.php?id=11671" "Mozilla/5.0 (Windows NT 10.0; WOW64; Trident/7.0; Touch; rv:11.0) like Gecko"
213.225.14.146 - - [14/Nov/2017:11:41:03 +0100] "GET /gui/javascript/form_form.js?1510656063 HTTP/1.1" 200 16206 "http://easydrivers.activities.at/entry.php?id=11671" "Mozilla/5.0 (Windows NT 10.0; WOW64; Trident/7.0; Touch; rv:11.0) like Gecko"
213.225.14.146 - - [14/Nov/2017:11:41:04 +0100] "GET /entry.php?id=10776&form=11496&name=list& HTTP/1.1" 200 1519 "http://easydrivers.activities.at/entry.php?id=11671" "Mozilla/5.0 (Windows NT 10.0; WOW64; Trident/7.0; Touch; rv:11.0) like Gecko"
213.225.14.146 - - [14/Nov/2017:11:41:04 +0100] "GET /entry.php?id=10778&form=11496&name=list& HTTP/1.1" 200 5876 "http://easydrivers.activities.at/entry.php?id=11671" "Mozilla/5.0 (Windows NT 10.0; WOW64; Trident/7.0; Touch; rv:11.0) like Gecko"
90.146.6.198 - - [14/Nov/2017:11:41:05 +0100] "POST /entry.php?id=11677 HTTP/1.1" 200 4414 "http://easydrivers.activities.at/entry.php?id=11677" "Mozilla/5.0 (Windows NT 10.0; WOW64; Trident/7.0; Touch; MALCJS; rv:11.0) like Gecko"
90.146.6.198 - - [14/Nov/2017:11:41:05 +0100] "GET /gui/javascript/form_form.js?1510656065 HTTP/1.1" 200 16206 "http://easydrivers.activities.at/entry.php?id=11677" "Mozilla/5.0 (Windows NT 10.0; WOW64; Trident/7.0; Touch; MALCJS; rv:11.0) like Gecko"
213.225.14.146 - - [14/Nov/2017:11:41:07 +0100] "POST /entry.php?id=11671 HTTP/1.1" 200 5126 "http://easydrivers.activities.at/entry.php?id=11671" "Mozilla/5.0 (Windows NT 10.0; WOW64; Trident/7.0; Touch; rv:11.0) like Gecko"
213.225.14.146 - - [14/Nov/2017:11:41:08 +0100] "GET /gui/javascript/form_form.js?1510656067 HTTP/1.1" 200 16206 "http://easydrivers.activities.at/entry.php?id=11671" "Mozilla/5.0 (Windows NT 10.0; WOW64; Trident/7.0; Touch; rv:11.0) like Gecko"
213.225.14.146 - - [14/Nov/2017:11:41:08 +0100] "GET /entry.php?id=10778&form=11496&name=list& HTTP/1.1" 200 5876 "http://easydrivers.activities.at/entry.php?id=11671" "Mozilla/5.0 (Windows NT 10.0; WOW64; Trident/7.0; Touch; rv:11.0) like Gecko"
213.225.14.146 - - [14/Nov/2017:11:41:08 +0100] "GET /entry.php?id=10776&form=11496&name=list& HTTP/1.1" 200 1519 "http://easydrivers.activities.at/entry.php?id=11671" "Mozilla/5.0 (Windows NT 10.0; WOW64; Trident/7.0; Touch; rv:11.0) like Gecko"
213.225.14.146 - - [14/Nov/2017:11:41:20 +0100] "POST /entry.php?id=11671 HTTP/1.1" 200 4620 "http://easydrivers.activities.at/entry.php?id=11671" "Mozilla/5.0 (Windows NT 10.0; WOW64; Trident/7.0; Touch; rv:11.0) like Gecko"
213.225.14.146 - - [14/Nov/2017:11:41:21 +0100] "GET /gui/javascript/form_form.js?1510656081 HTTP/1.1" 200 16206 "http://easydrivers.activities.at/entry.php?id=11671" "Mozilla/5.0 (Windows NT 10.0; WOW64; Trident/7.0; Touch; rv:11.0) like Gecko"
213.225.14.146 - - [14/Nov/2017:11:41:21 +0100] "GET /entry.php?id=10778&form=11496&name=list& HTTP/1.1" 200 5596 "http://easydrivers.activities.at/entry.php?id=11671" "Mozilla/5.0 (Windows NT 10.0; WOW64; Trident/7.0; Touch; rv:11.0) like Gecko"
213.225.14.146 - - [14/Nov/2017:11:41:21 +0100] "GET /entry.php?id=10776&form=11496&name=list& HTTP/1.1" 200 1519 "http://easydrivers.activities.at/entry.php?id=11671" "Mozilla/5.0 (Windows NT 10.0; WOW64; Trident/7.0; Touch; rv:11.0) like Gecko"
90.146.6.198 - - [14/Nov/2017:11:41:41 +0100] "GET /entry.php?id=10271&&ser=656041 HTTP/1.1" 200 986 "http://easydrivers.activities.at/entry.php?id=10271&&ser=655980" "Mozilla/5.0 (Windows NT 10.0; WOW64; Trident/7.0; Touch; MALCJS; rv:11.0) like Gecko"
90.146.6.198 - - [14/Nov/2017:11:41:41 +0100] "GET /gui/javascript/form_form.js?1510656101 HTTP/1.1" 200 16206 "http://easydrivers.activities.at/entry.php?id=10271&&ser=656041" "Mozilla/5.0 (Windows NT 10.0; WOW64; Trident/7.0; Touch; MALCJS; rv:11.0) like Gecko"
213.225.14.146 - - [14/Nov/2017:11:41:46 +0100] "GET /entry.php?id=10271&&ser=656045 HTTP/1.1" 200 985 "http://easydrivers.activities.at/entry.php?id=10271&&ser=655984" "Mozilla/5.0 (Windows NT 10.0; WOW64; Trident/7.0; Touch; rv:11.0) like Gecko"
213.225.14.146 - - [14/Nov/2017:11:41:46 +0100] "GET /gui/javascript/form_form.js?1510656106 HTTP/1.1" 200 16206 "http://easydrivers.activities.at/entry.php?id=10271&&ser=656045" "Mozilla/5.0 (Windows NT 10.0; WOW64; Trident/7.0; Touch; rv:11.0) like Gecko"
90.146.6.198 - - [14/Nov/2017:11:41:50 +0100] "POST /entry.php?id=11678 HTTP/1.1" 200 3223 "http://easydrivers.activities.at/entry.php?id=11678&" "Mozilla/5.0 (Windows NT 10.0; WOW64; Trident/7.0; Touch; MALCJS; rv:11.0) like Gecko"
90.146.6.198 - - [14/Nov/2017:11:41:50 +0100] "GET /gui/javascript/form_form.js?1510656110 HTTP/1.1" 200 16206 "http://easydrivers.activities.at/entry.php?id=11678" "Mozilla/5.0 (Windows NT 10.0; WOW64; Trident/7.0; Touch; MALCJS; rv:11.0) like Gecko"
90.146.6.198 - - [14/Nov/2017:11:41:50 +0100] "GET /activities/framework/KoolControls/KoolAjax/koolajax.php?8436e354c842500aba3cbaf0584c0c24 HTTP/1.1" 200 4079 "http://easydrivers.activities.at/entry.php?id=11678" "Mozilla/5.0 (Windows NT 10.0; WOW64; Trident/7.0; Touch; MALCJS; rv:11.0) like Gecko"
90.146.6.198 - - [14/Nov/2017:11:41:51 +0100] "GET /activities/framework/KoolControls/KoolTreeView/kooltreeview.php?c7cd9180e88ffef8e70f13526bb4f5f7 HTTP/1.1" 200 5055 "http://easydrivers.activities.at/entry.php?id=11678" "Mozilla/5.0 (Windows NT 10.0; WOW64; Trident/7.0; Touch; MALCJS; rv:11.0) like Gecko"
90.146.6.198 - - [14/Nov/2017:11:41:52 +0100] "POST /entry.php?id=11677 HTTP/1.1" 200 4408 "http://easydrivers.activities.at/entry.php?id=11677" "Mozilla/5.0 (Windows NT 10.0; WOW64; Trident/7.0; Touch; MALCJS; rv:11.0) like Gecko"
90.146.6.198 - - [14/Nov/2017:11:41:52 +0100] "GET /gui/javascript/form_form.js?1510656112 HTTP/1.1" 200 16206 "http://easydrivers.activities.at/entry.php?id=11677" "Mozilla/5.0 (Windows NT 10.0; WOW64; Trident/7.0; Touch; MALCJS; rv:11.0) like Gecko"
90.146.6.198 - - [14/Nov/2017:11:42:02 +0100] "POST /entry.php?id=11677 HTTP/1.1" 200 4606 "http://easydrivers.activities.at/entry.php?id=11677" "Mozilla/5.0 (Windows NT 10.0; WOW64; Trident/7.0; Touch; MALCJS; rv:11.0) like Gecko"
90.146.6.198 - - [14/Nov/2017:11:42:03 +0100] "GET /gui/javascript/form_form.js?1510656123 HTTP/1.1" 200 16206 "http://easydrivers.activities.at/entry.php?id=11677" "Mozilla/5.0 (Windows NT 10.0; WOW64; Trident/7.0; Touch; MALCJS; rv:11.0) like Gecko"
90.146.6.198 - - [14/Nov/2017:11:42:06 +0100] "POST /entry.php?id=11677 HTTP/1.1" 200 3218 "http://easydrivers.activities.at/entry.php?id=11677" "Mozilla/5.0 (Windows NT 10.0; WOW64; Trident/7.0; Touch; MALCJS; rv:11.0) like Gecko"
90.146.6.198 - - [14/Nov/2017:11:42:06 +0100] "GET /gui/javascript/form_form.js?1510656126 HTTP/1.1" 200 16206 "http://easydrivers.activities.at/entry.php?id=11677" "Mozilla/5.0 (Windows NT 10.0; WOW64; Trident/7.0; Touch; MALCJS; rv:11.0) like Gecko"
90.146.6.198 - - [14/Nov/2017:11:42:06 +0100] "GET /entry.php?id=10778&form=11502&name=list& HTTP/1.1" 200 3838 "http://easydrivers.activities.at/entry.php?id=11677" "Mozilla/5.0 (Windows NT 10.0; WOW64; Trident/7.0; Touch; MALCJS; rv:11.0) like Gecko"
90.146.6.198 - - [14/Nov/2017:11:42:06 +0100] "GET /entry.php?id=10776&form=11502&name=list& HTTP/1.1" 200 1475 "http://easydrivers.activities.at/entry.php?id=11677" "Mozilla/5.0 (Windows NT 10.0; WOW64; Trident/7.0; Touch; MALCJS; rv:11.0) like Gecko"
90.146.6.198 - - [14/Nov/2017:11:42:13 +0100] "GET /entry.php?id=11686&object=10230523&site=10201431 HTTP/1.1" 200 1687 "http://easydrivers.activities.at/entry.php?id=11412" "Mozilla/5.0 (Windows NT 10.0; WOW64; Trident/7.0; Touch; MALCJS; rv:11.0) like Gecko"
90.146.6.198 - - [14/Nov/2017:11:42:13 +0100] "GET /gui/javascript/form_form.js?1510656133 HTTP/1.1" 200 16206 "http://easydrivers.activities.at/entry.php?id=11686&object=10230523&site=10201431" "Mozilla/5.0 (Windows NT 10.0; WOW64; Trident/7.0; Touch; MALCJS; rv:11.0) like Gecko"
90.146.6.198 - - [14/Nov/2017:11:42:17 +0100] "GET /entry.php?id=11685&object=10230523&site=10201431&item=10221997 HTTP/1.1" 200 3529 "http://easydrivers.activities.at/entry.php?id=11412" "Mozilla/5.0 (Windows NT 10.0; WOW64; Trident/7.0; Touch; MALCJS; rv:11.0) like Gecko"
90.146.6.198 - - [14/Nov/2017:11:42:17 +0100] "GET /gui/javascript/form_form.js?1510656137 HTTP/1.1" 200 16206 "http://easydrivers.activities.at/entry.php?id=11685&object=10230523&site=10201431&item=10221997" "Mozilla/5.0 (Windows NT 10.0; WOW64; Trident/7.0; Touch; MALCJS; rv:11.0) like Gecko"
90.146.6.198 - - [14/Nov/2017:11:42:24 +0100] "POST /entry.php?id=11685 HTTP/1.1" 200 3626 "http://easydrivers.activities.at/entry.php?id=11685&object=10230523&site=10201431&item=10221997" "Mozilla/5.0 (Windows NT 10.0; WOW64; Trident/7.0; Touch; MALCJS; rv:11.0) like Gecko"
90.146.6.198 - - [14/Nov/2017:11:42:25 +0100] "GET /gui/javascript/form_form.js?1510656145 HTTP/1.1" 200 16206 "http://easydrivers.activities.at/entry.php?id=11685" "Mozilla/5.0 (Windows NT 10.0; WOW64; Trident/7.0; Touch; MALCJS; rv:11.0) like Gecko"
90.146.6.198 - - [14/Nov/2017:11:42:30 +0100] "GET /entry.php?id=11686&object=10230523&site=10201431 HTTP/1.1" 200 1691 "http://easydrivers.activities.at/entry.php?id=11412" "Mozilla/5.0 (Windows NT 10.0; WOW64; Trident/7.0; Touch; MALCJS; rv:11.0) like Gecko"
90.146.6.198 - - [14/Nov/2017:11:42:30 +0100] "GET /gui/javascript/form_form.js?1510656150 HTTP/1.1" 200 16206 "http://easydrivers.activities.at/entry.php?id=11686&object=10230523&site=10201431" "Mozilla/5.0 (Windows NT 10.0; WOW64; Trident/7.0; Touch; MALCJS; rv:11.0) like Gecko"
90.146.6.198 - - [14/Nov/2017:11:42:41 +0100] "GET /entry.php?id=10271&&ser=656101 HTTP/1.1" 200 986 "http://easydrivers.activities.at/entry.php?id=10271&&ser=656041" "Mozilla/5.0 (Windows NT 10.0; WOW64; Trident/7.0; Touch; MALCJS; rv:11.0) like Gecko"
90.146.6.198 - - [14/Nov/2017:11:42:41 +0100] "GET /gui/javascript/form_form.js?1510656161 HTTP/1.1" 200 16206 "http://easydrivers.activities.at/entry.php?id=10271&&ser=656101" "Mozilla/5.0 (Windows NT 10.0; WOW64; Trident/7.0; Touch; MALCJS; rv:11.0) like Gecko"
213.225.14.146 - - [14/Nov/2017:11:42:42 +0100] "POST /entry.php?id=11671 HTTP/1.1" 200 5016 "http://easydrivers.activities.at/entry.php?id=11671" "Mozilla/5.0 (Windows NT 10.0; WOW64; Trident/7.0; Touch; rv:11.0) like Gecko"
213.225.14.146 - - [14/Nov/2017:11:42:43 +0100] "GET /gui/javascript/form_form.js?1510656162 HTTP/1.1" 200 16206 "http://easydrivers.activities.at/entry.php?id=11671" "Mozilla/5.0 (Windows NT 10.0; WOW64; Trident/7.0; Touch; rv:11.0) like Gecko"
213.225.14.146 - - [14/Nov/2017:11:42:43 +0100] "GET /entry.php?id=10778&form=11496&name=list& HTTP/1.1" 200 5876 "http://easydrivers.activities.at/entry.php?id=11671" "Mozilla/5.0 (Windows NT 10.0; WOW64; Trident/7.0; Touch; rv:11.0) like Gecko"
213.225.14.146 - - [14/Nov/2017:11:42:43 +0100] "GET /entry.php?id=10776&form=11496&name=list& HTTP/1.1" 200 1519 "http://easydrivers.activities.at/entry.php?id=11671" "Mozilla/5.0 (Windows NT 10.0; WOW64; Trident/7.0; Touch; rv:11.0) like Gecko"
213.225.14.146 - - [14/Nov/2017:11:42:45 +0100] "POST /entry.php?id=11671 HTTP/1.1" 200 3197 "http://easydrivers.activities.at/entry.php?id=11671" "Mozilla/5.0 (Windows NT 10.0; WOW64; Trident/7.0; Touch; rv:11.0) like Gecko"
213.225.14.146 - - [14/Nov/2017:11:42:46 +0100] "GET /gui/javascript/form_form.js?1510656165 HTTP/1.1" 200 16206 "http://easydrivers.activities.at/entry.php?id=11671" "Mozilla/5.0 (Windows NT 10.0; WOW64; Trident/7.0; Touch; rv:11.0) like Gecko"
