62.116.45.79 - - [18/Nov/2017:12:13:46 +0100] "GET /entry.php?id=10776&form=11497&name=list& HTTP/1.1" 200 1941 "http://easydrivers.activities.at/entry.php?id=11672&" "Mozilla/5.0 (Windows NT 10.0; Win64; x64) AppleWebKit/537.36 (KHTML, like Gecko) Chrome/62.0.3202.94 Safari/537.36"
62.116.45.79 - - [18/Nov/2017:12:13:46 +0100] "GET /entry.php?id=10778&form=11497&name=list& HTTP/1.1" 200 8000 "http://easydrivers.activities.at/entry.php?id=11672&" "Mozilla/5.0 (Windows NT 10.0; Win64; x64) AppleWebKit/537.36 (KHTML, like Gecko) Chrome/62.0.3202.94 Safari/537.36"
62.116.45.79 - - [18/Nov/2017:12:13:47 +0100] "GET /entry.php?id=10778&form=11496&name=list& HTTP/1.1" 200 2493 "http://easydrivers.activities.at/entry.php?id=11671&" "Mozilla/5.0 (Windows NT 10.0; Win64; x64) AppleWebKit/537.36 (KHTML, like Gecko) Chrome/62.0.3202.94 Safari/537.36"
62.116.45.79 - - [18/Nov/2017:12:13:47 +0100] "GET /entry.php?id=10776&form=11496&name=list& HTTP/1.1" 200 1526 "http://easydrivers.activities.at/entry.php?id=11671&" "Mozilla/5.0 (Windows NT 10.0; Win64; x64) AppleWebKit/537.36 (KHTML, like Gecko) Chrome/62.0.3202.94 Safari/537.36"
62.116.45.79 - - [18/Nov/2017:12:13:50 +0100] "GET /entry.php?id=10271&&ser=3570 HTTP/1.1" 200 985 "http://easydrivers.activities.at/entry.php?id=10271&&ser=3509" "Mozilla/5.0 (Windows NT 10.0; Win64; x64) AppleWebKit/537.36 (KHTML, like Gecko) Chrome/62.0.3202.94 Safari/537.36"
62.116.45.79 - - [18/Nov/2017:12:13:50 +0100] "GET /gui/javascript/form_form.js?1511003630 HTTP/1.1" 200 16206 "http://easydrivers.activities.at/entry.php?id=10271&&ser=3570" "Mozilla/5.0 (Windows NT 10.0; Win64; x64) AppleWebKit/537.36 (KHTML, like Gecko) Chrome/62.0.3202.94 Safari/537.36"
62.116.45.79 - - [18/Nov/2017:12:13:53 +0100] "POST /entry.php?id=11672 HTTP/1.1" 200 2703 "http://easydrivers.activities.at/entry.php?id=11672&" "Mozilla/5.0 (Windows NT 10.0; Win64; x64) AppleWebKit/537.36 (KHTML, like Gecko) Chrome/62.0.3202.94 Safari/537.36"
62.116.45.79 - - [18/Nov/2017:12:13:53 +0100] "GET /gui/javascript/form_form.js?1511003633 HTTP/1.1" 200 16206 "http://easydrivers.activities.at/entry.php?id=11672" "Mozilla/5.0 (Windows NT 10.0; Win64; x64) AppleWebKit/537.36 (KHTML, like Gecko) Chrome/62.0.3202.94 Safari/537.36"
62.116.45.79 - - [18/Nov/2017:12:13:53 +0100] "GET /entry.php?id=10776&form=11497&name=list& HTTP/1.1" 200 1940 "http://easydrivers.activities.at/entry.php?id=11672" "Mozilla/5.0 (Windows NT 10.0; Win64; x64) AppleWebKit/537.36 (KHTML, like Gecko) Chrome/62.0.3202.94 Safari/537.36"
62.116.45.79 - - [18/Nov/2017:12:13:53 +0100] "GET /entry.php?id=10778&form=11497&name=list& HTTP/1.1" 200 2919 "http://easydrivers.activities.at/entry.php?id=11672" "Mozilla/5.0 (Windows NT 10.0; Win64; x64) AppleWebKit/537.36 (KHTML, like Gecko) Chrome/62.0.3202.94 Safari/537.36"
62.116.45.79 - - [18/Nov/2017:12:13:56 +0100] "POST /entry.php?id=11672 HTTP/1.1" 200 2704 "http://easydrivers.activities.at/entry.php?id=11672" "Mozilla/5.0 (Windows NT 10.0; Win64; x64) AppleWebKit/537.36 (KHTML, like Gecko) Chrome/62.0.3202.94 Safari/537.36"
62.116.45.79 - - [18/Nov/2017:12:13:57 +0100] "GET /gui/javascript/form_form.js?1511003637 HTTP/1.1" 200 16206 "http://easydrivers.activities.at/entry.php?id=11672" "Mozilla/5.0 (Windows NT 10.0; Win64; x64) AppleWebKit/537.36 (KHTML, like Gecko) Chrome/62.0.3202.94 Safari/537.36"
62.116.45.79 - - [18/Nov/2017:12:13:57 +0100] "GET /entry.php?id=10776&form=11497&name=list& HTTP/1.1" 200 1940 "http://easydrivers.activities.at/entry.php?id=11672" "Mozilla/5.0 (Windows NT 10.0; Win64; x64) AppleWebKit/537.36 (KHTML, like Gecko) Chrome/62.0.3202.94 Safari/537.36"
62.116.45.79 - - [18/Nov/2017:12:13:57 +0100] "GET /entry.php?id=10778&form=11497&name=list& HTTP/1.1" 200 3338 "http://easydrivers.activities.at/entry.php?id=11672" "Mozilla/5.0 (Windows NT 10.0; Win64; x64) AppleWebKit/537.36 (KHTML, like Gecko) Chrome/62.0.3202.94 Safari/537.36"
62.116.45.79 - - [18/Nov/2017:12:14:12 +0100] "GET /entry.php?id=10287&login=1 HTTP/1.1" 200 2221 "http://easydrivers.activities.at/entry.php?id=10273&" "Mozilla/5.0 (Windows NT 10.0; Win64; x64) AppleWebKit/537.36 (KHTML, like Gecko) Chrome/62.0.3202.94 Safari/537.36"
62.116.45.79 - - [18/Nov/2017:12:14:13 +0100] "GET /gui/javascript/form_form.js?1511003652 HTTP/1.1" 200 16206 "http://easydrivers.activities.at/entry.php?id=10287&login=1" "Mozilla/5.0 (Windows NT 10.0; Win64; x64) AppleWebKit/537.36 (KHTML, like Gecko) Chrome/62.0.3202.94 Safari/537.36"
62.116.45.79 - - [18/Nov/2017:12:14:17 +0100] "POST /entry.php?id=10287& HTTP/1.1" 200 2290 "http://easydrivers.activities.at/entry.php?id=10287&login=1" "Mozilla/5.0 (Windows NT 10.0; Win64; x64) AppleWebKit/537.36 (KHTML, like Gecko) Chrome/62.0.3202.94 Safari/537.36"
62.116.45.79 - - [18/Nov/2017:12:14:18 +0100] "GET /gui/javascript/form_form.js?1511003658 HTTP/1.1" 200 16206 "http://easydrivers.activities.at/entry.php?id=10287&" "Mozilla/5.0 (Windows NT 10.0; Win64; x64) AppleWebKit/537.36 (KHTML, like Gecko) Chrome/62.0.3202.94 Safari/537.36"
62.116.45.79 - - [18/Nov/2017:12:14:18 +0100] "GET /entry.php?id=10271&&ser=3570 HTTP/1.1" 200 985 "http://easydrivers.activities.at/entry.php?id=10271&&ser=3570" "Mozilla/5.0 (Windows NT 10.0; Win64; x64) AppleWebKit/537.36 (KHTML, like Gecko) Chrome/62.0.3202.94 Safari/537.36"
62.116.45.79 - - [18/Nov/2017:12:14:20 +0100] "POST /entry.php?id=10287& HTTP/1.1" 200 2290 "http://easydrivers.activities.at/entry.php?id=10287&" "Mozilla/5.0 (Windows NT 10.0; Win64; x64) AppleWebKit/537.36 (KHTML, like Gecko) Chrome/62.0.3202.94 Safari/537.36"
62.116.45.79 - - [18/Nov/2017:12:14:21 +0100] "GET /gui/javascript/form_form.js?1511003660 HTTP/1.1" 200 16206 "http://easydrivers.activities.at/entry.php?id=10287&" "Mozilla/5.0 (Windows NT 10.0; Win64; x64) AppleWebKit/537.36 (KHTML, like Gecko) Chrome/62.0.3202.94 Safari/537.36"
62.116.45.79 - - [18/Nov/2017:12:14:21 +0100] "GET /entry.php?id=10271&&ser=3570 HTTP/1.1" 200 984 "http://easydrivers.activities.at/entry.php?id=10271&&ser=3570" "Mozilla/5.0 (Windows NT 10.0; Win64; x64) AppleWebKit/537.36 (KHTML, like Gecko) Chrome/62.0.3202.94 Safari/537.36"
62.116.45.79 - - [18/Nov/2017:12:14:21 +0100] "GET /gui/javascript/form_form.js?1511003661 HTTP/1.1" 200 16206 "http://easydrivers.activities.at/entry.php?id=10271&&ser=3570" "Mozilla/5.0 (Windows NT 10.0; Win64; x64) AppleWebKit/537.36 (KHTML, like Gecko) Chrome/62.0.3202.94 Safari/537.36"
62.116.45.79 - - [18/Nov/2017:12:14:23 +0100] "GET /entry.php?id=11673 HTTP/1.1" 200 358 "http://easydrivers.activities.at/entry.php?id=10270&&__app__=10006038" "Mozilla/5.0 (Windows NT 10.0; Win64; x64) AppleWebKit/537.36 (KHTML, like Gecko) Chrome/62.0.3202.94 Safari/537.36"
62.116.45.79 - - [18/Nov/2017:12:14:23 +0100] "GET /entry.php?id=10676&&title=F%FChrerscheinkurse HTTP/1.1" 200 1396 "http://easydrivers.activities.at/entry.php?id=11673" "Mozilla/5.0 (Windows NT 10.0; Win64; x64) AppleWebKit/537.36 (KHTML, like Gecko) Chrome/62.0.3202.94 Safari/537.36"
62.116.45.79 - - [18/Nov/2017:12:14:23 +0100] "GET /gui/javascript/form_form.js?1511003663 HTTP/1.1" 200 16206 "http://easydrivers.activities.at/entry.php?id=10676&&title=F%FChrerscheinkurse" "Mozilla/5.0 (Windows NT 10.0; Win64; x64) AppleWebKit/537.36 (KHTML, like Gecko) Chrome/62.0.3202.94 Safari/537.36"
62.116.45.79 - - [18/Nov/2017:12:14:23 +0100] "GET /entry.php?id=11694& HTTP/1.1" 200 2664 "http://easydrivers.activities.at/entry.php?id=11673" "Mozilla/5.0 (Windows NT 10.0; Win64; x64) AppleWebKit/537.36 (KHTML, like Gecko) Chrome/62.0.3202.94 Safari/537.36"
62.116.45.79 - - [18/Nov/2017:12:14:24 +0100] "GET /gui/javascript/form_form.js?1511003664 HTTP/1.1" 200 16206 "http://easydrivers.activities.at/entry.php?id=11694&" "Mozilla/5.0 (Windows NT 10.0; Win64; x64) AppleWebKit/537.36 (KHTML, like Gecko) Chrome/62.0.3202.94 Safari/537.36"
62.116.45.79 - - [18/Nov/2017:12:14:24 +0100] "GET /activities/framework/KoolControls/KoolAjax/koolajax.php?8436e354c842500aba3cbaf0584c0c24 HTTP/1.1" 200 4079 "http://easydrivers.activities.at/entry.php?id=11694&" "Mozilla/5.0 (Windows NT 10.0; Win64; x64) AppleWebKit/537.36 (KHTML, like Gecko) Chrome/62.0.3202.94 Safari/537.36"
62.116.45.79 - - [18/Nov/2017:12:14:23 +0100] "GET /entry.php?id=11672& HTTP/1.1" 200 2691 "http://easydrivers.activities.at/entry.php?id=11673" "Mozilla/5.0 (Windows NT 10.0; Win64; x64) AppleWebKit/537.36 (KHTML, like Gecko) Chrome/62.0.3202.94 Safari/537.36"
62.116.45.79 - - [18/Nov/2017:12:14:24 +0100] "GET /activities/framework/KoolControls/KoolTreeView/kooltreeview.php?c7cd9180e88ffef8e70f13526bb4f5f7 HTTP/1.1" 200 5055 "http://easydrivers.activities.at/entry.php?id=11694&" "Mozilla/5.0 (Windows NT 10.0; Win64; x64) AppleWebKit/537.36 (KHTML, like Gecko) Chrome/62.0.3202.94 Safari/537.36"
62.116.45.79 - - [18/Nov/2017:12:14:23 +0100] "GET /entry.php?id=11671& HTTP/1.1" 200 4538 "http://easydrivers.activities.at/entry.php?id=11673" "Mozilla/5.0 (Windows NT 10.0; Win64; x64) AppleWebKit/537.36 (KHTML, like Gecko) Chrome/62.0.3202.94 Safari/537.36"
62.116.45.79 - - [18/Nov/2017:12:14:25 +0100] "GET /gui/javascript/form_form.js?1511003665 HTTP/1.1" 200 16206 "http://easydrivers.activities.at/entry.php?id=11671&" "Mozilla/5.0 (Windows NT 10.0; Win64; x64) AppleWebKit/537.36 (KHTML, like Gecko) Chrome/62.0.3202.94 Safari/537.36"
62.116.45.79 - - [18/Nov/2017:12:14:24 +0100] "GET /entry.php?id=10776&form=11497&name=list& HTTP/1.1" 200 1941 "http://easydrivers.activities.at/entry.php?id=11672&" "Mozilla/5.0 (Windows NT 10.0; Win64; x64) AppleWebKit/537.36 (KHTML, like Gecko) Chrome/62.0.3202.94 Safari/537.36"
62.116.45.79 - - [18/Nov/2017:12:14:24 +0100] "GET /entry.php?id=10778&form=11497&name=list& HTTP/1.1" 200 3539 "http://easydrivers.activities.at/entry.php?id=11672&" "Mozilla/5.0 (Windows NT 10.0; Win64; x64) AppleWebKit/537.36 (KHTML, like Gecko) Chrome/62.0.3202.94 Safari/537.36"
62.116.45.79 - - [18/Nov/2017:12:14:25 +0100] "GET /entry.php?id=10778&form=11496&name=list& HTTP/1.1" 200 2493 "http://easydrivers.activities.at/entry.php?id=11671&" "Mozilla/5.0 (Windows NT 10.0; Win64; x64) AppleWebKit/537.36 (KHTML, like Gecko) Chrome/62.0.3202.94 Safari/537.36"
62.116.45.79 - - [18/Nov/2017:12:14:25 +0100] "GET /entry.php?id=10776&form=11496&name=list& HTTP/1.1" 200 1526 "http://easydrivers.activities.at/entry.php?id=11671&" "Mozilla/5.0 (Windows NT 10.0; Win64; x64) AppleWebKit/537.36 (KHTML, like Gecko) Chrome/62.0.3202.94 Safari/537.36"
80.109.251.147 - - [18/Nov/2017:12:14:32 +0100] "GET /entry.php?id=10271&&ser=3612 HTTP/1.1" 200 985 "http://ed.activities.at/entry.php?id=10271&&ser=3551" "Mozilla/5.0 (Macintosh; Intel Mac OS X 10_13_1) AppleWebKit/537.36 (KHTML, like Gecko) Chrome/62.0.3202.94 Safari/537.36"
80.109.251.147 - - [18/Nov/2017:12:14:33 +0100] "GET /gui/javascript/form_form.js?1511003672 HTTP/1.1" 200 16206 "http://ed.activities.at/entry.php?id=10271&&ser=3612" "Mozilla/5.0 (Macintosh; Intel Mac OS X 10_13_1) AppleWebKit/537.36 (KHTML, like Gecko) Chrome/62.0.3202.94 Safari/537.36"
62.116.45.79 - - [18/Nov/2017:12:14:32 +0100] "POST /entry.php?id=11671 HTTP/1.1" 200 4601 "http://easydrivers.activities.at/entry.php?id=11671&" "Mozilla/5.0 (Windows NT 10.0; Win64; x64) AppleWebKit/537.36 (KHTML, like Gecko) Chrome/62.0.3202.94 Safari/537.36"
62.116.45.79 - - [18/Nov/2017:12:14:33 +0100] "GET /gui/javascript/form_form.js?1511003673 HTTP/1.1" 200 16206 "http://easydrivers.activities.at/entry.php?id=11671" "Mozilla/5.0 (Windows NT 10.0; Win64; x64) AppleWebKit/537.36 (KHTML, like Gecko) Chrome/62.0.3202.94 Safari/537.36"
62.116.45.79 - - [18/Nov/2017:12:14:33 +0100] "GET /entry.php?id=10776&form=11496&name=list& HTTP/1.1" 200 1519 "http://easydrivers.activities.at/entry.php?id=11671" "Mozilla/5.0 (Windows NT 10.0; Win64; x64) AppleWebKit/537.36 (KHTML, like Gecko) Chrome/62.0.3202.94 Safari/537.36"
62.116.45.79 - - [18/Nov/2017:12:14:33 +0100] "GET /entry.php?id=10778&form=11496&name=list& HTTP/1.1" 200 5400 "http://easydrivers.activities.at/entry.php?id=11671" "Mozilla/5.0 (Windows NT 10.0; Win64; x64) AppleWebKit/537.36 (KHTML, like Gecko) Chrome/62.0.3202.94 Safari/537.36"
62.116.45.79 - - [18/Nov/2017:12:15:21 +0100] "GET /entry.php?id=10271&&ser=3661 HTTP/1.1" 200 985 "http://easydrivers.activities.at/entry.php?id=10271&&ser=3570" "Mozilla/5.0 (Windows NT 10.0; Win64; x64) AppleWebKit/537.36 (KHTML, like Gecko) Chrome/62.0.3202.94 Safari/537.36"
62.116.45.79 - - [18/Nov/2017:12:15:21 +0100] "GET /gui/javascript/form_form.js?1511003721 HTTP/1.1" 200 16206 "http://easydrivers.activities.at/entry.php?id=10271&&ser=3661" "Mozilla/5.0 (Windows NT 10.0; Win64; x64) AppleWebKit/537.36 (KHTML, like Gecko) Chrome/62.0.3202.94 Safari/537.36"
80.109.251.147 - - [18/Nov/2017:12:15:33 +0100] "GET /entry.php?id=10271&&ser=3672 HTTP/1.1" 200 986 "http://ed.activities.at/entry.php?id=10271&&ser=3612" "Mozilla/5.0 (Macintosh; Intel Mac OS X 10_13_1) AppleWebKit/537.36 (KHTML, like Gecko) Chrome/62.0.3202.94 Safari/537.36"
80.109.251.147 - - [18/Nov/2017:12:15:33 +0100] "GET /gui/javascript/form_form.js?1511003733 HTTP/1.1" 200 16206 "http://ed.activities.at/entry.php?id=10271&&ser=3672" "Mozilla/5.0 (Macintosh; Intel Mac OS X 10_13_1) AppleWebKit/537.36 (KHTML, like Gecko) Chrome/62.0.3202.94 Safari/537.36"
62.116.45.79 - - [18/Nov/2017:12:15:48 +0100] "POST /entry.php?id=11671 HTTP/1.1" 200 4938 "http://easydrivers.activities.at/entry.php?id=11671" "Mozilla/5.0 (Windows NT 10.0; Win64; x64) AppleWebKit/537.36 (KHTML, like Gecko) Chrome/62.0.3202.94 Safari/537.36"
62.116.45.79 - - [18/Nov/2017:12:15:49 +0100] "GET /gui/javascript/form_form.js?1511003749 HTTP/1.1" 200 16206 "http://easydrivers.activities.at/entry.php?id=11671" "Mozilla/5.0 (Windows NT 10.0; Win64; x64) AppleWebKit/537.36 (KHTML, like Gecko) Chrome/62.0.3202.94 Safari/537.36"
62.116.45.79 - - [18/Nov/2017:12:15:49 +0100] "GET /entry.php?id=10776&form=11496&name=list& HTTP/1.1" 200 1519 "http://easydrivers.activities.at/entry.php?id=11671" "Mozilla/5.0 (Windows NT 10.0; Win64; x64) AppleWebKit/537.36 (KHTML, like Gecko) Chrome/62.0.3202.94 Safari/537.36"
62.116.45.79 - - [18/Nov/2017:12:15:49 +0100] "GET /entry.php?id=10778&form=11496&name=list& HTTP/1.1" 200 5530 "http://easydrivers.activities.at/entry.php?id=11671" "Mozilla/5.0 (Windows NT 10.0; Win64; x64) AppleWebKit/537.36 (KHTML, like Gecko) Chrome/62.0.3202.94 Safari/537.36"
62.116.45.79 - - [18/Nov/2017:12:15:52 +0100] "POST /entry.php?id=11671 HTTP/1.1" 200 4889 "http://easydrivers.activities.at/entry.php?id=11671" "Mozilla/5.0 (Windows NT 10.0; Win64; x64) AppleWebKit/537.36 (KHTML, like Gecko) Chrome/62.0.3202.94 Safari/537.36"
62.116.45.79 - - [18/Nov/2017:12:15:54 +0100] "GET /gui/javascript/form_form.js?1511003754 HTTP/1.1" 200 16206 "http://easydrivers.activities.at/entry.php?id=11671" "Mozilla/5.0 (Windows NT 10.0; Win64; x64) AppleWebKit/537.36 (KHTML, like Gecko) Chrome/62.0.3202.94 Safari/537.36"
62.116.45.79 - - [18/Nov/2017:12:15:54 +0100] "GET /entry.php?id=10776&form=11496&name=list& HTTP/1.1" 200 1519 "http://easydrivers.activities.at/entry.php?id=11671" "Mozilla/5.0 (Windows NT 10.0; Win64; x64) AppleWebKit/537.36 (KHTML, like Gecko) Chrome/62.0.3202.94 Safari/537.36"
62.116.45.79 - - [18/Nov/2017:12:15:54 +0100] "GET /entry.php?id=10778&form=11496&name=list& HTTP/1.1" 200 5530 "http://easydrivers.activities.at/entry.php?id=11671" "Mozilla/5.0 (Windows NT 10.0; Win64; x64) AppleWebKit/537.36 (KHTML, like Gecko) Chrome/62.0.3202.94 Safari/537.36"
62.116.45.79 - - [18/Nov/2017:12:15:58 +0100] "POST /entry.php?id=11671 HTTP/1.1" 200 4599 "http://easydrivers.activities.at/entry.php?id=11671" "Mozilla/5.0 (Windows NT 10.0; Win64; x64) AppleWebKit/537.36 (KHTML, like Gecko) Chrome/62.0.3202.94 Safari/537.36"
62.116.45.79 - - [18/Nov/2017:12:15:59 +0100] "GET /gui/javascript/form_form.js?1511003759 HTTP/1.1" 200 16206 "http://easydrivers.activities.at/entry.php?id=11671" "Mozilla/5.0 (Windows NT 10.0; Win64; x64) AppleWebKit/537.36 (KHTML, like Gecko) Chrome/62.0.3202.94 Safari/537.36"
62.116.45.79 - - [18/Nov/2017:12:15:59 +0100] "GET /entry.php?id=10776&form=11496&name=list& HTTP/1.1" 200 1519 "http://easydrivers.activities.at/entry.php?id=11671" "Mozilla/5.0 (Windows NT 10.0; Win64; x64) AppleWebKit/537.36 (KHTML, like Gecko) Chrome/62.0.3202.94 Safari/537.36"
62.116.45.79 - - [18/Nov/2017:12:15:59 +0100] "GET /entry.php?id=10778&form=11496&name=list& HTTP/1.1" 200 5400 "http://easydrivers.activities.at/entry.php?id=11671" "Mozilla/5.0 (Windows NT 10.0; Win64; x64) AppleWebKit/537.36 (KHTML, like Gecko) Chrome/62.0.3202.94 Safari/537.36"
80.109.251.147 - - [18/Nov/2017:12:16:33 +0100] "GET /entry.php?id=10271&&ser=3733 HTTP/1.1" 200 986 "http://ed.activities.at/entry.php?id=10271&&ser=3672" "Mozilla/5.0 (Macintosh; Intel Mac OS X 10_13_1) AppleWebKit/537.36 (KHTML, like Gecko) Chrome/62.0.3202.94 Safari/537.36"
80.109.251.147 - - [18/Nov/2017:12:16:34 +0100] "GET /gui/javascript/form_form.js?1511003793 HTTP/1.1" 200 16206 "http://ed.activities.at/entry.php?id=10271&&ser=3733" "Mozilla/5.0 (Macintosh; Intel Mac OS X 10_13_1) AppleWebKit/537.36 (KHTML, like Gecko) Chrome/62.0.3202.94 Safari/537.36"
80.109.251.147 - - [18/Nov/2017:12:17:34 +0100] "GET /entry.php?id=10271&&ser=3793 HTTP/1.1" 200 986 "http://ed.activities.at/entry.php?id=10271&&ser=3733" "Mozilla/5.0 (Macintosh; Intel Mac OS X 10_13_1) AppleWebKit/537.36 (KHTML, like Gecko) Chrome/62.0.3202.94 Safari/537.36"
80.109.251.147 - - [18/Nov/2017:12:17:34 +0100] "GET /gui/javascript/form_form.js?1511003854 HTTP/1.1" 200 16206 "http://ed.activities.at/entry.php?id=10271&&ser=3793" "Mozilla/5.0 (Macintosh; Intel Mac OS X 10_13_1) AppleWebKit/537.36 (KHTML, like Gecko) Chrome/62.0.3202.94 Safari/537.36"
80.109.251.147 - - [18/Nov/2017:12:18:34 +0100] "GET /entry.php?id=10271&&ser=3854 HTTP/1.1" 200 986 "http://ed.activities.at/entry.php?id=10271&&ser=3793" "Mozilla/5.0 (Macintosh; Intel Mac OS X 10_13_1) AppleWebKit/537.36 (KHTML, like Gecko) Chrome/62.0.3202.94 Safari/537.36"
80.109.251.147 - - [18/Nov/2017:12:18:34 +0100] "GET /gui/javascript/form_form.js?1511003914 HTTP/1.1" 200 16206 "http://ed.activities.at/entry.php?id=10271&&ser=3854" "Mozilla/5.0 (Macintosh; Intel Mac OS X 10_13_1) AppleWebKit/537.36 (KHTML, like Gecko) Chrome/62.0.3202.94 Safari/537.36"
80.109.251.147 - - [18/Nov/2017:12:19:34 +0100] "GET /entry.php?id=10271&&ser=3914 HTTP/1.1" 200 987 "http://ed.activities.at/entry.php?id=10271&&ser=3854" "Mozilla/5.0 (Macintosh; Intel Mac OS X 10_13_1) AppleWebKit/537.36 (KHTML, like Gecko) Chrome/62.0.3202.94 Safari/537.36"
80.109.251.147 - - [18/Nov/2017:12:19:35 +0100] "GET /gui/javascript/form_form.js?1511003975 HTTP/1.1" 200 16206 "http://ed.activities.at/entry.php?id=10271&&ser=3914" "Mozilla/5.0 (Macintosh; Intel Mac OS X 10_13_1) AppleWebKit/537.36 (KHTML, like Gecko) Chrome/62.0.3202.94 Safari/537.36"
80.109.251.147 - - [18/Nov/2017:12:20:35 +0100] "GET /entry.php?id=10271&&ser=3974 HTTP/1.1" 200 986 "http://ed.activities.at/entry.php?id=10271&&ser=3914" "Mozilla/5.0 (Macintosh; Intel Mac OS X 10_13_1) AppleWebKit/537.36 (KHTML, like Gecko) Chrome/62.0.3202.94 Safari/537.36"
80.109.251.147 - - [18/Nov/2017:12:20:35 +0100] "GET /gui/javascript/form_form.js?1511004035 HTTP/1.1" 200 16206 "http://ed.activities.at/entry.php?id=10271&&ser=3974" "Mozilla/5.0 (Macintosh; Intel Mac OS X 10_13_1) AppleWebKit/537.36 (KHTML, like Gecko) Chrome/62.0.3202.94 Safari/537.36"
80.109.251.147 - - [18/Nov/2017:12:21:35 +0100] "GET /entry.php?id=10271&&ser=4035 HTTP/1.1" 200 986 "http://ed.activities.at/entry.php?id=10271&&ser=3974" "Mozilla/5.0 (Macintosh; Intel Mac OS X 10_13_1) AppleWebKit/537.36 (KHTML, like Gecko) Chrome/62.0.3202.94 Safari/537.36"
80.109.251.147 - - [18/Nov/2017:12:21:35 +0100] "GET /gui/javascript/form_form.js?1511004095 HTTP/1.1" 200 16206 "http://ed.activities.at/entry.php?id=10271&&ser=4035" "Mozilla/5.0 (Macintosh; Intel Mac OS X 10_13_1) AppleWebKit/537.36 (KHTML, like Gecko) Chrome/62.0.3202.94 Safari/537.36"
62.116.45.79 - - [18/Nov/2017:12:22:10 +0100] "POST /entry.php?id=11671 HTTP/1.1" 200 4929 "http://easydrivers.activities.at/entry.php?id=11671" "Mozilla/5.0 (Windows NT 10.0; Win64; x64) AppleWebKit/537.36 (KHTML, like Gecko) Chrome/62.0.3202.94 Safari/537.36"
62.116.45.79 - - [18/Nov/2017:12:22:11 +0100] "GET /gui/javascript/form_form.js?1511004130 HTTP/1.1" 200 16206 "http://easydrivers.activities.at/entry.php?id=11671" "Mozilla/5.0 (Windows NT 10.0; Win64; x64) AppleWebKit/537.36 (KHTML, like Gecko) Chrome/62.0.3202.94 Safari/537.36"
62.116.45.79 - - [18/Nov/2017:12:22:11 +0100] "GET /entry.php?id=10776&form=11496&name=list& HTTP/1.1" 200 1519 "http://easydrivers.activities.at/entry.php?id=11671" "Mozilla/5.0 (Windows NT 10.0; Win64; x64) AppleWebKit/537.36 (KHTML, like Gecko) Chrome/62.0.3202.94 Safari/537.36"
62.116.45.79 - - [18/Nov/2017:12:22:11 +0100] "GET /entry.php?id=10778&form=11496&name=list& HTTP/1.1" 200 5516 "http://easydrivers.activities.at/entry.php?id=11671" "Mozilla/5.0 (Windows NT 10.0; Win64; x64) AppleWebKit/537.36 (KHTML, like Gecko) Chrome/62.0.3202.94 Safari/537.36"
62.116.45.79 - - [18/Nov/2017:12:22:12 +0100] "POST /entry.php?id=11671 HTTP/1.1" 200 4881 "http://easydrivers.activities.at/entry.php?id=11671" "Mozilla/5.0 (Windows NT 10.0; Win64; x64) AppleWebKit/537.36 (KHTML, like Gecko) Chrome/62.0.3202.94 Safari/537.36"
62.116.45.79 - - [18/Nov/2017:12:22:14 +0100] "GET /gui/javascript/form_form.js?1511004134 HTTP/1.1" 200 16206 "http://easydrivers.activities.at/entry.php?id=11671" "Mozilla/5.0 (Windows NT 10.0; Win64; x64) AppleWebKit/537.36 (KHTML, like Gecko) Chrome/62.0.3202.94 Safari/537.36"
62.116.45.79 - - [18/Nov/2017:12:22:14 +0100] "GET /entry.php?id=10778&form=11496&name=list& HTTP/1.1" 200 5516 "http://easydrivers.activities.at/entry.php?id=11671" "Mozilla/5.0 (Windows NT 10.0; Win64; x64) AppleWebKit/537.36 (KHTML, like Gecko) Chrome/62.0.3202.94 Safari/537.36"
62.116.45.79 - - [18/Nov/2017:12:22:14 +0100] "GET /entry.php?id=10776&form=11496&name=list& HTTP/1.1" 200 1519 "http://easydrivers.activities.at/entry.php?id=11671" "Mozilla/5.0 (Windows NT 10.0; Win64; x64) AppleWebKit/537.36 (KHTML, like Gecko) Chrome/62.0.3202.94 Safari/537.36"
62.116.45.79 - - [18/Nov/2017:12:22:28 +0100] "POST /entry.php?id=11671 HTTP/1.1" 200 4600 "http://easydrivers.activities.at/entry.php?id=11671" "Mozilla/5.0 (Windows NT 10.0; Win64; x64) AppleWebKit/537.36 (KHTML, like Gecko) Chrome/62.0.3202.94 Safari/537.36"
62.116.45.79 - - [18/Nov/2017:12:22:29 +0100] "GET /gui/javascript/form_form.js?1511004149 HTTP/1.1" 200 16206 "http://easydrivers.activities.at/entry.php?id=11671" "Mozilla/5.0 (Windows NT 10.0; Win64; x64) AppleWebKit/537.36 (KHTML, like Gecko) Chrome/62.0.3202.94 Safari/537.36"
62.116.45.79 - - [18/Nov/2017:12:22:30 +0100] "GET /entry.php?id=10776&form=11496&name=list& HTTP/1.1" 200 1519 "http://easydrivers.activities.at/entry.php?id=11671" "Mozilla/5.0 (Windows NT 10.0; Win64; x64) AppleWebKit/537.36 (KHTML, like Gecko) Chrome/62.0.3202.94 Safari/537.36"
62.116.45.79 - - [18/Nov/2017:12:22:30 +0100] "GET /entry.php?id=10778&form=11496&name=list& HTTP/1.1" 200 5400 "http://easydrivers.activities.at/entry.php?id=11671" "Mozilla/5.0 (Windows NT 10.0; Win64; x64) AppleWebKit/537.36 (KHTML, like Gecko) Chrome/62.0.3202.94 Safari/537.36"
80.109.251.147 - - [18/Nov/2017:12:22:35 +0100] "GET /entry.php?id=10271&&ser=4095 HTTP/1.1" 200 986 "http://ed.activities.at/entry.php?id=10271&&ser=4035" "Mozilla/5.0 (Macintosh; Intel Mac OS X 10_13_1) AppleWebKit/537.36 (KHTML, like Gecko) Chrome/62.0.3202.94 Safari/537.36"
80.109.251.147 - - [18/Nov/2017:12:22:36 +0100] "GET /gui/javascript/form_form.js?1511004156 HTTP/1.1" 200 16206 "http://ed.activities.at/entry.php?id=10271&&ser=4095" "Mozilla/5.0 (Macintosh; Intel Mac OS X 10_13_1) AppleWebKit/537.36 (KHTML, like Gecko) Chrome/62.0.3202.94 Safari/537.36"
62.116.45.79 - - [18/Nov/2017:12:23:28 +0100] "POST /entry.php?id=11671 HTTP/1.1" 200 4935 "http://easydrivers.activities.at/entry.php?id=11671" "Mozilla/5.0 (Windows NT 10.0; Win64; x64) AppleWebKit/537.36 (KHTML, like Gecko) Chrome/62.0.3202.94 Safari/537.36"
62.116.45.79 - - [18/Nov/2017:12:23:29 +0100] "GET /gui/javascript/form_form.js?1511004209 HTTP/1.1" 200 16206 "http://easydrivers.activities.at/entry.php?id=11671" "Mozilla/5.0 (Windows NT 10.0; Win64; x64) AppleWebKit/537.36 (KHTML, like Gecko) Chrome/62.0.3202.94 Safari/537.36"
62.116.45.79 - - [18/Nov/2017:12:23:29 +0100] "GET /entry.php?id=10778&form=11496&name=list& HTTP/1.1" 200 5530 "http://easydrivers.activities.at/entry.php?id=11671" "Mozilla/5.0 (Windows NT 10.0; Win64; x64) AppleWebKit/537.36 (KHTML, like Gecko) Chrome/62.0.3202.94 Safari/537.36"
62.116.45.79 - - [18/Nov/2017:12:23:29 +0100] "GET /entry.php?id=10776&form=11496&name=list& HTTP/1.1" 200 1519 "http://easydrivers.activities.at/entry.php?id=11671" "Mozilla/5.0 (Windows NT 10.0; Win64; x64) AppleWebKit/537.36 (KHTML, like Gecko) Chrome/62.0.3202.94 Safari/537.36"
62.116.45.79 - - [18/Nov/2017:12:23:30 +0100] "POST /entry.php?id=11671 HTTP/1.1" 200 4886 "http://easydrivers.activities.at/entry.php?id=11671" "Mozilla/5.0 (Windows NT 10.0; Win64; x64) AppleWebKit/537.36 (KHTML, like Gecko) Chrome/62.0.3202.94 Safari/537.36"
62.116.45.79 - - [18/Nov/2017:12:23:32 +0100] "GET /gui/javascript/form_form.js?1511004212 HTTP/1.1" 200 16206 "http://easydrivers.activities.at/entry.php?id=11671" "Mozilla/5.0 (Windows NT 10.0; Win64; x64) AppleWebKit/537.36 (KHTML, like Gecko) Chrome/62.0.3202.94 Safari/537.36"
62.116.45.79 - - [18/Nov/2017:12:23:32 +0100] "GET /entry.php?id=10778&form=11496&name=list& HTTP/1.1" 200 5530 "http://easydrivers.activities.at/entry.php?id=11671" "Mozilla/5.0 (Windows NT 10.0; Win64; x64) AppleWebKit/537.36 (KHTML, like Gecko) Chrome/62.0.3202.94 Safari/537.36"
62.116.45.79 - - [18/Nov/2017:12:23:32 +0100] "GET /entry.php?id=10776&form=11496&name=list& HTTP/1.1" 200 1519 "http://easydrivers.activities.at/entry.php?id=11671" "Mozilla/5.0 (Windows NT 10.0; Win64; x64) AppleWebKit/537.36 (KHTML, like Gecko) Chrome/62.0.3202.94 Safari/537.36"
80.109.251.147 - - [18/Nov/2017:12:23:36 +0100] "GET /entry.php?id=10271&&ser=4156 HTTP/1.1" 200 986 "http://ed.activities.at/entry.php?id=10271&&ser=4095" "Mozilla/5.0 (Macintosh; Intel Mac OS X 10_13_1) AppleWebKit/537.36 (KHTML, like Gecko) Chrome/62.0.3202.94 Safari/537.36"
80.109.251.147 - - [18/Nov/2017:12:23:36 +0100] "GET /gui/javascript/form_form.js?1511004216 HTTP/1.1" 200 16206 "http://ed.activities.at/entry.php?id=10271&&ser=4156" "Mozilla/5.0 (Macintosh; Intel Mac OS X 10_13_1) AppleWebKit/537.36 (KHTML, like Gecko) Chrome/62.0.3202.94 Safari/537.36"
62.116.45.79 - - [18/Nov/2017:12:23:37 +0100] "POST /entry.php?id=11671 HTTP/1.1" 200 4601 "http://easydrivers.activities.at/entry.php?id=11671" "Mozilla/5.0 (Windows NT 10.0; Win64; x64) AppleWebKit/537.36 (KHTML, like Gecko) Chrome/62.0.3202.94 Safari/537.36"
62.116.45.79 - - [18/Nov/2017:12:23:38 +0100] "GET /gui/javascript/form_form.js?1511004218 HTTP/1.1" 200 16206 "http://easydrivers.activities.at/entry.php?id=11671" "Mozilla/5.0 (Windows NT 10.0; Win64; x64) AppleWebKit/537.36 (KHTML, like Gecko) Chrome/62.0.3202.94 Safari/537.36"
62.116.45.79 - - [18/Nov/2017:12:23:38 +0100] "GET /entry.php?id=10776&form=11496&name=list& HTTP/1.1" 200 1519 "http://easydrivers.activities.at/entry.php?id=11671" "Mozilla/5.0 (Windows NT 10.0; Win64; x64) AppleWebKit/537.36 (KHTML, like Gecko) Chrome/62.0.3202.94 Safari/537.36"
62.116.45.79 - - [18/Nov/2017:12:23:38 +0100] "GET /entry.php?id=10778&form=11496&name=list& HTTP/1.1" 200 5400 "http://easydrivers.activities.at/entry.php?id=11671" "Mozilla/5.0 (Windows NT 10.0; Win64; x64) AppleWebKit/537.36 (KHTML, like Gecko) Chrome/62.0.3202.94 Safari/537.36"
62.116.45.79 - - [18/Nov/2017:12:24:15 +0100] "POST /entry.php?id=11671 HTTP/1.1" 200 4929 "http://easydrivers.activities.at/entry.php?id=11671" "Mozilla/5.0 (Windows NT 10.0; Win64; x64) AppleWebKit/537.36 (KHTML, like Gecko) Chrome/62.0.3202.94 Safari/537.36"
62.116.45.79 - - [18/Nov/2017:12:24:16 +0100] "GET /gui/javascript/form_form.js?1511004256 HTTP/1.1" 200 16206 "http://easydrivers.activities.at/entry.php?id=11671" "Mozilla/5.0 (Windows NT 10.0; Win64; x64) AppleWebKit/537.36 (KHTML, like Gecko) Chrome/62.0.3202.94 Safari/537.36"
62.116.45.79 - - [18/Nov/2017:12:24:17 +0100] "GET /entry.php?id=10778&form=11496&name=list& HTTP/1.1" 200 5516 "http://easydrivers.activities.at/entry.php?id=11671" "Mozilla/5.0 (Windows NT 10.0; Win64; x64) AppleWebKit/537.36 (KHTML, like Gecko) Chrome/62.0.3202.94 Safari/537.36"
62.116.45.79 - - [18/Nov/2017:12:24:17 +0100] "GET /entry.php?id=10776&form=11496&name=list& HTTP/1.1" 200 1519 "http://easydrivers.activities.at/entry.php?id=11671" "Mozilla/5.0 (Windows NT 10.0; Win64; x64) AppleWebKit/537.36 (KHTML, like Gecko) Chrome/62.0.3202.94 Safari/537.36"
62.116.45.79 - - [18/Nov/2017:12:24:18 +0100] "POST /entry.php?id=11671 HTTP/1.1" 200 4880 "http://easydrivers.activities.at/entry.php?id=11671" "Mozilla/5.0 (Windows NT 10.0; Win64; x64) AppleWebKit/537.36 (KHTML, like Gecko) Chrome/62.0.3202.94 Safari/537.36"
62.116.45.79 - - [18/Nov/2017:12:24:20 +0100] "GET /gui/javascript/form_form.js?1511004260 HTTP/1.1" 200 16206 "http://easydrivers.activities.at/entry.php?id=11671" "Mozilla/5.0 (Windows NT 10.0; Win64; x64) AppleWebKit/537.36 (KHTML, like Gecko) Chrome/62.0.3202.94 Safari/537.36"
62.116.45.79 - - [18/Nov/2017:12:24:20 +0100] "GET /entry.php?id=10776&form=11496&name=list& HTTP/1.1" 200 1519 "http://easydrivers.activities.at/entry.php?id=11671" "Mozilla/5.0 (Windows NT 10.0; Win64; x64) AppleWebKit/537.36 (KHTML, like Gecko) Chrome/62.0.3202.94 Safari/537.36"
62.116.45.79 - - [18/Nov/2017:12:24:20 +0100] "GET /entry.php?id=10778&form=11496&name=list& HTTP/1.1" 200 5516 "http://easydrivers.activities.at/entry.php?id=11671" "Mozilla/5.0 (Windows NT 10.0; Win64; x64) AppleWebKit/537.36 (KHTML, like Gecko) Chrome/62.0.3202.94 Safari/537.36"
62.116.45.79 - - [18/Nov/2017:12:24:35 +0100] "POST /entry.php?id=11671 HTTP/1.1" 200 4600 "http://easydrivers.activities.at/entry.php?id=11671" "Mozilla/5.0 (Windows NT 10.0; Win64; x64) AppleWebKit/537.36 (KHTML, like Gecko) Chrome/62.0.3202.94 Safari/537.36"
62.116.45.79 - - [18/Nov/2017:12:24:36 +0100] "GET /gui/javascript/form_form.js?1511004276 HTTP/1.1" 200 16206 "http://easydrivers.activities.at/entry.php?id=11671" "Mozilla/5.0 (Windows NT 10.0; Win64; x64) AppleWebKit/537.36 (KHTML, like Gecko) Chrome/62.0.3202.94 Safari/537.36"
62.116.45.79 - - [18/Nov/2017:12:24:36 +0100] "GET /entry.php?id=10776&form=11496&name=list& HTTP/1.1" 200 1519 "http://easydrivers.activities.at/entry.php?id=11671" "Mozilla/5.0 (Windows NT 10.0; Win64; x64) AppleWebKit/537.36 (KHTML, like Gecko) Chrome/62.0.3202.94 Safari/537.36"
62.116.45.79 - - [18/Nov/2017:12:24:36 +0100] "GET /entry.php?id=10778&form=11496&name=list& HTTP/1.1" 200 5400 "http://easydrivers.activities.at/entry.php?id=11671" "Mozilla/5.0 (Windows NT 10.0; Win64; x64) AppleWebKit/537.36 (KHTML, like Gecko) Chrome/62.0.3202.94 Safari/537.36"
80.109.251.147 - - [18/Nov/2017:12:24:36 +0100] "GET /entry.php?id=10271&&ser=4216 HTTP/1.1" 200 986 "http://ed.activities.at/entry.php?id=10271&&ser=4156" "Mozilla/5.0 (Macintosh; Intel Mac OS X 10_13_1) AppleWebKit/537.36 (KHTML, like Gecko) Chrome/62.0.3202.94 Safari/537.36"
80.109.251.147 - - [18/Nov/2017:12:24:36 +0100] "GET /gui/javascript/form_form.js?1511004276 HTTP/1.1" 200 16206 "http://ed.activities.at/entry.php?id=10271&&ser=4216" "Mozilla/5.0 (Macintosh; Intel Mac OS X 10_13_1) AppleWebKit/537.36 (KHTML, like Gecko) Chrome/62.0.3202.94 Safari/537.36"
62.116.45.79 - - [18/Nov/2017:12:25:30 +0100] "POST /entry.php?id=11671 HTTP/1.1" 200 4933 "http://easydrivers.activities.at/entry.php?id=11671" "Mozilla/5.0 (Windows NT 10.0; Win64; x64) AppleWebKit/537.36 (KHTML, like Gecko) Chrome/62.0.3202.94 Safari/537.36"
62.116.45.79 - - [18/Nov/2017:12:25:31 +0100] "GET /gui/javascript/form_form.js?1511004331 HTTP/1.1" 200 16206 "http://easydrivers.activities.at/entry.php?id=11671" "Mozilla/5.0 (Windows NT 10.0; Win64; x64) AppleWebKit/537.36 (KHTML, like Gecko) Chrome/62.0.3202.94 Safari/537.36"
62.116.45.79 - - [18/Nov/2017:12:25:31 +0100] "GET /entry.php?id=10776&form=11496&name=list& HTTP/1.1" 200 1519 "http://easydrivers.activities.at/entry.php?id=11671" "Mozilla/5.0 (Windows NT 10.0; Win64; x64) AppleWebKit/537.36 (KHTML, like Gecko) Chrome/62.0.3202.94 Safari/537.36"
62.116.45.79 - - [18/Nov/2017:12:25:31 +0100] "GET /entry.php?id=10778&form=11496&name=list& HTTP/1.1" 200 5530 "http://easydrivers.activities.at/entry.php?id=11671" "Mozilla/5.0 (Windows NT 10.0; Win64; x64) AppleWebKit/537.36 (KHTML, like Gecko) Chrome/62.0.3202.94 Safari/537.36"
62.116.45.79 - - [18/Nov/2017:12:25:32 +0100] "POST /entry.php?id=11671 HTTP/1.1" 200 4886 "http://easydrivers.activities.at/entry.php?id=11671" "Mozilla/5.0 (Windows NT 10.0; Win64; x64) AppleWebKit/537.36 (KHTML, like Gecko) Chrome/62.0.3202.94 Safari/537.36"
62.116.45.79 - - [18/Nov/2017:12:25:34 +0100] "GET /gui/javascript/form_form.js?1511004334 HTTP/1.1" 200 16206 "http://easydrivers.activities.at/entry.php?id=11671" "Mozilla/5.0 (Windows NT 10.0; Win64; x64) AppleWebKit/537.36 (KHTML, like Gecko) Chrome/62.0.3202.94 Safari/537.36"
62.116.45.79 - - [18/Nov/2017:12:25:34 +0100] "GET /entry.php?id=10776&form=11496&name=list& HTTP/1.1" 200 1519 "http://easydrivers.activities.at/entry.php?id=11671" "Mozilla/5.0 (Windows NT 10.0; Win64; x64) AppleWebKit/537.36 (KHTML, like Gecko) Chrome/62.0.3202.94 Safari/537.36"
62.116.45.79 - - [18/Nov/2017:12:25:34 +0100] "GET /entry.php?id=10778&form=11496&name=list& HTTP/1.1" 200 5530 "http://easydrivers.activities.at/entry.php?id=11671" "Mozilla/5.0 (Windows NT 10.0; Win64; x64) AppleWebKit/537.36 (KHTML, like Gecko) Chrome/62.0.3202.94 Safari/537.36"
80.109.251.147 - - [18/Nov/2017:12:25:37 +0100] "GET /entry.php?id=10271&&ser=4276 HTTP/1.1" 200 986 "http://ed.activities.at/entry.php?id=10271&&ser=4216" "Mozilla/5.0 (Macintosh; Intel Mac OS X 10_13_1) AppleWebKit/537.36 (KHTML, like Gecko) Chrome/62.0.3202.94 Safari/537.36"
80.109.251.147 - - [18/Nov/2017:12:25:37 +0100] "GET /gui/javascript/form_form.js?1511004337 HTTP/1.1" 200 16206 "http://ed.activities.at/entry.php?id=10271&&ser=4276" "Mozilla/5.0 (Macintosh; Intel Mac OS X 10_13_1) AppleWebKit/537.36 (KHTML, like Gecko) Chrome/62.0.3202.94 Safari/537.36"
62.116.45.79 - - [18/Nov/2017:12:25:39 +0100] "POST /entry.php?id=11671 HTTP/1.1" 200 4600 "http://easydrivers.activities.at/entry.php?id=11671" "Mozilla/5.0 (Windows NT 10.0; Win64; x64) AppleWebKit/537.36 (KHTML, like Gecko) Chrome/62.0.3202.94 Safari/537.36"
62.116.45.79 - - [18/Nov/2017:12:25:40 +0100] "GET /gui/javascript/form_form.js?1511004340 HTTP/1.1" 200 16206 "http://easydrivers.activities.at/entry.php?id=11671" "Mozilla/5.0 (Windows NT 10.0; Win64; x64) AppleWebKit/537.36 (KHTML, like Gecko) Chrome/62.0.3202.94 Safari/537.36"
62.116.45.79 - - [18/Nov/2017:12:25:40 +0100] "GET /entry.php?id=10776&form=11496&name=list& HTTP/1.1" 200 1519 "http://easydrivers.activities.at/entry.php?id=11671" "Mozilla/5.0 (Windows NT 10.0; Win64; x64) AppleWebKit/537.36 (KHTML, like Gecko) Chrome/62.0.3202.94 Safari/537.36"
62.116.45.79 - - [18/Nov/2017:12:25:40 +0100] "GET /entry.php?id=10778&form=11496&name=list& HTTP/1.1" 200 5400 "http://easydrivers.activities.at/entry.php?id=11671" "Mozilla/5.0 (Windows NT 10.0; Win64; x64) AppleWebKit/537.36 (KHTML, like Gecko) Chrome/62.0.3202.94 Safari/537.36"
62.116.45.79 - - [18/Nov/2017:12:26:17 +0100] "POST /entry.php?id=11671 HTTP/1.1" 200 4931 "http://easydrivers.activities.at/entry.php?id=11671" "Mozilla/5.0 (Windows NT 10.0; Win64; x64) AppleWebKit/537.36 (KHTML, like Gecko) Chrome/62.0.3202.94 Safari/537.36"
62.116.45.79 - - [18/Nov/2017:12:26:18 +0100] "GET /gui/javascript/form_form.js?1511004378 HTTP/1.1" 200 16206 "http://easydrivers.activities.at/entry.php?id=11671" "Mozilla/5.0 (Windows NT 10.0; Win64; x64) AppleWebKit/537.36 (KHTML, like Gecko) Chrome/62.0.3202.94 Safari/537.36"
62.116.45.79 - - [18/Nov/2017:12:26:18 +0100] "GET /entry.php?id=10776&form=11496&name=list& HTTP/1.1" 200 1519 "http://easydrivers.activities.at/entry.php?id=11671" "Mozilla/5.0 (Windows NT 10.0; Win64; x64) AppleWebKit/537.36 (KHTML, like Gecko) Chrome/62.0.3202.94 Safari/537.36"
62.116.45.79 - - [18/Nov/2017:12:26:18 +0100] "GET /entry.php?id=10778&form=11496&name=list& HTTP/1.1" 200 5516 "http://easydrivers.activities.at/entry.php?id=11671" "Mozilla/5.0 (Windows NT 10.0; Win64; x64) AppleWebKit/537.36 (KHTML, like Gecko) Chrome/62.0.3202.94 Safari/537.36"
62.116.45.79 - - [18/Nov/2017:12:26:22 +0100] "POST /entry.php?id=11671 HTTP/1.1" 200 4883 "http://easydrivers.activities.at/entry.php?id=11671" "Mozilla/5.0 (Windows NT 10.0; Win64; x64) AppleWebKit/537.36 (KHTML, like Gecko) Chrome/62.0.3202.94 Safari/537.36"
62.116.45.79 - - [18/Nov/2017:12:26:23 +0100] "GET /gui/javascript/form_form.js?1511004383 HTTP/1.1" 200 16206 "http://easydrivers.activities.at/entry.php?id=11671" "Mozilla/5.0 (Windows NT 10.0; Win64; x64) AppleWebKit/537.36 (KHTML, like Gecko) Chrome/62.0.3202.94 Safari/537.36"
62.116.45.79 - - [18/Nov/2017:12:26:24 +0100] "GET /entry.php?id=10778&form=11496&name=list& HTTP/1.1" 200 5516 "http://easydrivers.activities.at/entry.php?id=11671" "Mozilla/5.0 (Windows NT 10.0; Win64; x64) AppleWebKit/537.36 (KHTML, like Gecko) Chrome/62.0.3202.94 Safari/537.36"
62.116.45.79 - - [18/Nov/2017:12:26:24 +0100] "GET /entry.php?id=10776&form=11496&name=list& HTTP/1.1" 200 1519 "http://easydrivers.activities.at/entry.php?id=11671" "Mozilla/5.0 (Windows NT 10.0; Win64; x64) AppleWebKit/537.36 (KHTML, like Gecko) Chrome/62.0.3202.94 Safari/537.36"
62.116.45.79 - - [18/Nov/2017:12:26:33 +0100] "POST /entry.php?id=11671 HTTP/1.1" 200 4600 "http://easydrivers.activities.at/entry.php?id=11671" "Mozilla/5.0 (Windows NT 10.0; Win64; x64) AppleWebKit/537.36 (KHTML, like Gecko) Chrome/62.0.3202.94 Safari/537.36"
62.116.45.79 - - [18/Nov/2017:12:26:33 +0100] "GET /gui/javascript/form_form.js?1511004393 HTTP/1.1" 200 16206 "http://easydrivers.activities.at/entry.php?id=11671" "Mozilla/5.0 (Windows NT 10.0; Win64; x64) AppleWebKit/537.36 (KHTML, like Gecko) Chrome/62.0.3202.94 Safari/537.36"
62.116.45.79 - - [18/Nov/2017:12:26:34 +0100] "GET /entry.php?id=10776&form=11496&name=list& HTTP/1.1" 200 1519 "http://easydrivers.activities.at/entry.php?id=11671" "Mozilla/5.0 (Windows NT 10.0; Win64; x64) AppleWebKit/537.36 (KHTML, like Gecko) Chrome/62.0.3202.94 Safari/537.36"
62.116.45.79 - - [18/Nov/2017:12:26:34 +0100] "GET /entry.php?id=10778&form=11496&name=list& HTTP/1.1" 200 5400 "http://easydrivers.activities.at/entry.php?id=11671" "Mozilla/5.0 (Windows NT 10.0; Win64; x64) AppleWebKit/537.36 (KHTML, like Gecko) Chrome/62.0.3202.94 Safari/537.36"
80.109.251.147 - - [18/Nov/2017:12:26:37 +0100] "GET /entry.php?id=10271&&ser=4337 HTTP/1.1" 200 986 "http://ed.activities.at/entry.php?id=10271&&ser=4276" "Mozilla/5.0 (Macintosh; Intel Mac OS X 10_13_1) AppleWebKit/537.36 (KHTML, like Gecko) Chrome/62.0.3202.94 Safari/537.36"
80.109.251.147 - - [18/Nov/2017:12:26:37 +0100] "GET /gui/javascript/form_form.js?1511004397 HTTP/1.1" 200 16206 "http://ed.activities.at/entry.php?id=10271&&ser=4337" "Mozilla/5.0 (Macintosh; Intel Mac OS X 10_13_1) AppleWebKit/537.36 (KHTML, like Gecko) Chrome/62.0.3202.94 Safari/537.36"
62.116.45.79 - - [18/Nov/2017:12:27:26 +0100] "POST /entry.php?id=11671 HTTP/1.1" 200 4937 "http://easydrivers.activities.at/entry.php?id=11671" "Mozilla/5.0 (Windows NT 10.0; Win64; x64) AppleWebKit/537.36 (KHTML, like Gecko) Chrome/62.0.3202.94 Safari/537.36"
62.116.45.79 - - [18/Nov/2017:12:27:27 +0100] "GET /gui/javascript/form_form.js?1511004447 HTTP/1.1" 200 16206 "http://easydrivers.activities.at/entry.php?id=11671" "Mozilla/5.0 (Windows NT 10.0; Win64; x64) AppleWebKit/537.36 (KHTML, like Gecko) Chrome/62.0.3202.94 Safari/537.36"
62.116.45.79 - - [18/Nov/2017:12:27:27 +0100] "GET /entry.php?id=10778&form=11496&name=list& HTTP/1.1" 200 5530 "http://easydrivers.activities.at/entry.php?id=11671" "Mozilla/5.0 (Windows NT 10.0; Win64; x64) AppleWebKit/537.36 (KHTML, like Gecko) Chrome/62.0.3202.94 Safari/537.36"
62.116.45.79 - - [18/Nov/2017:12:27:27 +0100] "GET /entry.php?id=10776&form=11496&name=list& HTTP/1.1" 200 1519 "http://easydrivers.activities.at/entry.php?id=11671" "Mozilla/5.0 (Windows NT 10.0; Win64; x64) AppleWebKit/537.36 (KHTML, like Gecko) Chrome/62.0.3202.94 Safari/537.36"
62.116.45.79 - - [18/Nov/2017:12:27:28 +0100] "POST /entry.php?id=11671 HTTP/1.1" 200 4888 "http://easydrivers.activities.at/entry.php?id=11671" "Mozilla/5.0 (Windows NT 10.0; Win64; x64) AppleWebKit/537.36 (KHTML, like Gecko) Chrome/62.0.3202.94 Safari/537.36"
62.116.45.79 - - [18/Nov/2017:12:27:30 +0100] "GET /gui/javascript/form_form.js?1511004450 HTTP/1.1" 200 16206 "http://easydrivers.activities.at/entry.php?id=11671" "Mozilla/5.0 (Windows NT 10.0; Win64; x64) AppleWebKit/537.36 (KHTML, like Gecko) Chrome/62.0.3202.94 Safari/537.36"
62.116.45.79 - - [18/Nov/2017:12:27:30 +0100] "GET /entry.php?id=10776&form=11496&name=list& HTTP/1.1" 200 1519 "http://easydrivers.activities.at/entry.php?id=11671" "Mozilla/5.0 (Windows NT 10.0; Win64; x64) AppleWebKit/537.36 (KHTML, like Gecko) Chrome/62.0.3202.94 Safari/537.36"
62.116.45.79 - - [18/Nov/2017:12:27:30 +0100] "GET /entry.php?id=10778&form=11496&name=list& HTTP/1.1" 200 5530 "http://easydrivers.activities.at/entry.php?id=11671" "Mozilla/5.0 (Windows NT 10.0; Win64; x64) AppleWebKit/537.36 (KHTML, like Gecko) Chrome/62.0.3202.94 Safari/537.36"
62.116.45.79 - - [18/Nov/2017:12:27:34 +0100] "POST /entry.php?id=11671 HTTP/1.1" 200 4600 "http://easydrivers.activities.at/entry.php?id=11671" "Mozilla/5.0 (Windows NT 10.0; Win64; x64) AppleWebKit/537.36 (KHTML, like Gecko) Chrome/62.0.3202.94 Safari/537.36"
62.116.45.79 - - [18/Nov/2017:12:27:35 +0100] "GET /gui/javascript/form_form.js?1511004455 HTTP/1.1" 200 16206 "http://easydrivers.activities.at/entry.php?id=11671" "Mozilla/5.0 (Windows NT 10.0; Win64; x64) AppleWebKit/537.36 (KHTML, like Gecko) Chrome/62.0.3202.94 Safari/537.36"
62.116.45.79 - - [18/Nov/2017:12:27:35 +0100] "GET /entry.php?id=10776&form=11496&name=list& HTTP/1.1" 200 1519 "http://easydrivers.activities.at/entry.php?id=11671" "Mozilla/5.0 (Windows NT 10.0; Win64; x64) AppleWebKit/537.36 (KHTML, like Gecko) Chrome/62.0.3202.94 Safari/537.36"
62.116.45.79 - - [18/Nov/2017:12:27:35 +0100] "GET /entry.php?id=10778&form=11496&name=list& HTTP/1.1" 200 5400 "http://easydrivers.activities.at/entry.php?id=11671" "Mozilla/5.0 (Windows NT 10.0; Win64; x64) AppleWebKit/537.36 (KHTML, like Gecko) Chrome/62.0.3202.94 Safari/537.36"
80.109.251.147 - - [18/Nov/2017:12:27:37 +0100] "GET /entry.php?id=10271&&ser=4397 HTTP/1.1" 200 986 "http://ed.activities.at/entry.php?id=10271&&ser=4337" "Mozilla/5.0 (Macintosh; Intel Mac OS X 10_13_1) AppleWebKit/537.36 (KHTML, like Gecko) Chrome/62.0.3202.94 Safari/537.36"
80.109.251.147 - - [18/Nov/2017:12:27:37 +0100] "GET /gui/javascript/form_form.js?1511004457 HTTP/1.1" 200 16206 "http://ed.activities.at/entry.php?id=10271&&ser=4397" "Mozilla/5.0 (Macintosh; Intel Mac OS X 10_13_1) AppleWebKit/537.36 (KHTML, like Gecko) Chrome/62.0.3202.94 Safari/537.36"
62.116.45.79 - - [18/Nov/2017:12:28:06 +0100] "POST /entry.php?id=11671 HTTP/1.1" 200 4930 "http://easydrivers.activities.at/entry.php?id=11671" "Mozilla/5.0 (Windows NT 10.0; Win64; x64) AppleWebKit/537.36 (KHTML, like Gecko) Chrome/62.0.3202.94 Safari/537.36"
62.116.45.79 - - [18/Nov/2017:12:28:08 +0100] "GET /gui/javascript/form_form.js?1511004487 HTTP/1.1" 200 16206 "http://easydrivers.activities.at/entry.php?id=11671" "Mozilla/5.0 (Windows NT 10.0; Win64; x64) AppleWebKit/537.36 (KHTML, like Gecko) Chrome/62.0.3202.94 Safari/537.36"
62.116.45.79 - - [18/Nov/2017:12:28:08 +0100] "GET /entry.php?id=10776&form=11496&name=list& HTTP/1.1" 200 1519 "http://easydrivers.activities.at/entry.php?id=11671" "Mozilla/5.0 (Windows NT 10.0; Win64; x64) AppleWebKit/537.36 (KHTML, like Gecko) Chrome/62.0.3202.94 Safari/537.36"
62.116.45.79 - - [18/Nov/2017:12:28:08 +0100] "GET /entry.php?id=10778&form=11496&name=list& HTTP/1.1" 200 5516 "http://easydrivers.activities.at/entry.php?id=11671" "Mozilla/5.0 (Windows NT 10.0; Win64; x64) AppleWebKit/537.36 (KHTML, like Gecko) Chrome/62.0.3202.94 Safari/537.36"
62.116.45.79 - - [18/Nov/2017:12:28:09 +0100] "POST /entry.php?id=11671 HTTP/1.1" 200 4881 "http://easydrivers.activities.at/entry.php?id=11671" "Mozilla/5.0 (Windows NT 10.0; Win64; x64) AppleWebKit/537.36 (KHTML, like Gecko) Chrome/62.0.3202.94 Safari/537.36"
62.116.45.79 - - [18/Nov/2017:12:28:11 +0100] "GET /gui/javascript/form_form.js?1511004490 HTTP/1.1" 200 16206 "http://easydrivers.activities.at/entry.php?id=11671" "Mozilla/5.0 (Windows NT 10.0; Win64; x64) AppleWebKit/537.36 (KHTML, like Gecko) Chrome/62.0.3202.94 Safari/537.36"
62.116.45.79 - - [18/Nov/2017:12:28:11 +0100] "GET /entry.php?id=10776&form=11496&name=list& HTTP/1.1" 200 1519 "http://easydrivers.activities.at/entry.php?id=11671" "Mozilla/5.0 (Windows NT 10.0; Win64; x64) AppleWebKit/537.36 (KHTML, like Gecko) Chrome/62.0.3202.94 Safari/537.36"
62.116.45.79 - - [18/Nov/2017:12:28:11 +0100] "GET /entry.php?id=10778&form=11496&name=list& HTTP/1.1" 200 5516 "http://easydrivers.activities.at/entry.php?id=11671" "Mozilla/5.0 (Windows NT 10.0; Win64; x64) AppleWebKit/537.36 (KHTML, like Gecko) Chrome/62.0.3202.94 Safari/537.36"
62.116.45.79 - - [18/Nov/2017:12:28:26 +0100] "POST /entry.php?id=11671 HTTP/1.1" 200 4599 "http://easydrivers.activities.at/entry.php?id=11671" "Mozilla/5.0 (Windows NT 10.0; Win64; x64) AppleWebKit/537.36 (KHTML, like Gecko) Chrome/62.0.3202.94 Safari/537.36"
62.116.45.79 - - [18/Nov/2017:12:28:27 +0100] "GET /gui/javascript/form_form.js?1511004507 HTTP/1.1" 200 16206 "http://easydrivers.activities.at/entry.php?id=11671" "Mozilla/5.0 (Windows NT 10.0; Win64; x64) AppleWebKit/537.36 (KHTML, like Gecko) Chrome/62.0.3202.94 Safari/537.36"
62.116.45.79 - - [18/Nov/2017:12:28:28 +0100] "GET /entry.php?id=10776&form=11496&name=list& HTTP/1.1" 200 1519 "http://easydrivers.activities.at/entry.php?id=11671" "Mozilla/5.0 (Windows NT 10.0; Win64; x64) AppleWebKit/537.36 (KHTML, like Gecko) Chrome/62.0.3202.94 Safari/537.36"
62.116.45.79 - - [18/Nov/2017:12:28:28 +0100] "GET /entry.php?id=10778&form=11496&name=list& HTTP/1.1" 200 5400 "http://easydrivers.activities.at/entry.php?id=11671" "Mozilla/5.0 (Windows NT 10.0; Win64; x64) AppleWebKit/537.36 (KHTML, like Gecko) Chrome/62.0.3202.94 Safari/537.36"
80.109.251.147 - - [18/Nov/2017:12:28:38 +0100] "GET /entry.php?id=10271&&ser=4457 HTTP/1.1" 200 986 "http://ed.activities.at/entry.php?id=10271&&ser=4397" "Mozilla/5.0 (Macintosh; Intel Mac OS X 10_13_1) AppleWebKit/537.36 (KHTML, like Gecko) Chrome/62.0.3202.94 Safari/537.36"
80.109.251.147 - - [18/Nov/2017:12:28:38 +0100] "GET /gui/javascript/form_form.js?1511004518 HTTP/1.1" 200 16206 "http://ed.activities.at/entry.php?id=10271&&ser=4457" "Mozilla/5.0 (Macintosh; Intel Mac OS X 10_13_1) AppleWebKit/537.36 (KHTML, like Gecko) Chrome/62.0.3202.94 Safari/537.36"
80.109.251.147 - - [18/Nov/2017:12:29:38 +0100] "GET /entry.php?id=10271&&ser=4518 HTTP/1.1" 200 986 "http://ed.activities.at/entry.php?id=10271&&ser=4457" "Mozilla/5.0 (Macintosh; Intel Mac OS X 10_13_1) AppleWebKit/537.36 (KHTML, like Gecko) Chrome/62.0.3202.94 Safari/537.36"
80.109.251.147 - - [18/Nov/2017:12:29:38 +0100] "GET /gui/javascript/form_form.js?1511004578 HTTP/1.1" 200 16206 "http://ed.activities.at/entry.php?id=10271&&ser=4518" "Mozilla/5.0 (Macintosh; Intel Mac OS X 10_13_1) AppleWebKit/537.36 (KHTML, like Gecko) Chrome/62.0.3202.94 Safari/537.36"
62.116.45.79 - - [18/Nov/2017:12:29:59 +0100] "POST /entry.php?id=11671 HTTP/1.1" 200 4941 "http://easydrivers.activities.at/entry.php?id=11671" "Mozilla/5.0 (Windows NT 10.0; Win64; x64) AppleWebKit/537.36 (KHTML, like Gecko) Chrome/62.0.3202.94 Safari/537.36"
62.116.45.79 - - [18/Nov/2017:12:30:00 +0100] "GET /gui/javascript/form_form.js?1511004600 HTTP/1.1" 200 16206 "http://easydrivers.activities.at/entry.php?id=11671" "Mozilla/5.0 (Windows NT 10.0; Win64; x64) AppleWebKit/537.36 (KHTML, like Gecko) Chrome/62.0.3202.94 Safari/537.36"
62.116.45.79 - - [18/Nov/2017:12:30:01 +0100] "GET /entry.php?id=10776&form=11496&name=list& HTTP/1.1" 200 1519 "http://easydrivers.activities.at/entry.php?id=11671" "Mozilla/5.0 (Windows NT 10.0; Win64; x64) AppleWebKit/537.36 (KHTML, like Gecko) Chrome/62.0.3202.94 Safari/537.36"
62.116.45.79 - - [18/Nov/2017:12:30:01 +0100] "GET /entry.php?id=10778&form=11496&name=list& HTTP/1.1" 200 5530 "http://easydrivers.activities.at/entry.php?id=11671" "Mozilla/5.0 (Windows NT 10.0; Win64; x64) AppleWebKit/537.36 (KHTML, like Gecko) Chrome/62.0.3202.94 Safari/537.36"
62.116.45.79 - - [18/Nov/2017:12:30:01 +0100] "POST /entry.php?id=11671 HTTP/1.1" 200 4892 "http://easydrivers.activities.at/entry.php?id=11671" "Mozilla/5.0 (Windows NT 10.0; Win64; x64) AppleWebKit/537.36 (KHTML, like Gecko) Chrome/62.0.3202.94 Safari/537.36"
62.116.45.79 - - [18/Nov/2017:12:30:03 +0100] "GET /gui/javascript/form_form.js?1511004603 HTTP/1.1" 200 16206 "http://easydrivers.activities.at/entry.php?id=11671" "Mozilla/5.0 (Windows NT 10.0; Win64; x64) AppleWebKit/537.36 (KHTML, like Gecko) Chrome/62.0.3202.94 Safari/537.36"
62.116.45.79 - - [18/Nov/2017:12:30:03 +0100] "GET /entry.php?id=10776&form=11496&name=list& HTTP/1.1" 200 1519 "http://easydrivers.activities.at/entry.php?id=11671" "Mozilla/5.0 (Windows NT 10.0; Win64; x64) AppleWebKit/537.36 (KHTML, like Gecko) Chrome/62.0.3202.94 Safari/537.36"
