80.123.96.46 - - [21/Nov/2017:10:30:43 +0100] "GET /gui/javascript/form_form.js?1511256643 HTTP/1.1" 200 16206 "http://ed.activities.at/entry.php?id=11671" "Mozilla/5.0 (Windows NT 6.1; WOW64; rv:56.0) Gecko/20100101 Firefox/56.0"
80.123.96.46 - - [21/Nov/2017:10:30:43 +0100] "GET /framework/webfx/javascript/tinymce/tinyEdit.js HTTP/1.1" 200 1251 "http://ed.activities.at/entry.php?id=11671" "Mozilla/5.0 (Windows NT 6.1; WOW64; rv:56.0) Gecko/20100101 Firefox/56.0"
80.123.96.46 - - [21/Nov/2017:10:30:43 +0100] "GET /framework/webfx/javascript/tinymce/tinymce.min.js HTTP/1.1" 200 101898 "http://ed.activities.at/entry.php?id=11671" "Mozilla/5.0 (Windows NT 6.1; WOW64; rv:56.0) Gecko/20100101 Firefox/56.0"
80.123.96.46 - - [21/Nov/2017:10:30:44 +0100] "GET /framework/webfx/javascript/tinymce/themes/modern/theme.min.js HTTP/1.1" 200 2636 "http://ed.activities.at/entry.php?id=11671" "Mozilla/5.0 (Windows NT 6.1; WOW64; rv:56.0) Gecko/20100101 Firefox/56.0"
80.123.96.46 - - [21/Nov/2017:10:30:44 +0100] "GET /framework/webfx/javascript/tinymce/langs/de.js HTTP/1.1" 200 3001 "http://ed.activities.at/entry.php?id=11671" "Mozilla/5.0 (Windows NT 6.1; WOW64; rv:56.0) Gecko/20100101 Firefox/56.0"
80.123.96.46 - - [21/Nov/2017:10:30:44 +0100] "GET /framework/webfx/javascript/tinymce/plugins/hr/plugin.min.js HTTP/1.1" 200 191 "http://ed.activities.at/entry.php?id=11671" "Mozilla/5.0 (Windows NT 6.1; WOW64; rv:56.0) Gecko/20100101 Firefox/56.0"
80.123.96.46 - - [21/Nov/2017:10:30:44 +0100] "GET /framework/webfx/javascript/tinymce/plugins/lists/plugin.min.js HTTP/1.1" 200 2642 "http://ed.activities.at/entry.php?id=11671" "Mozilla/5.0 (Windows NT 6.1; WOW64; rv:56.0) Gecko/20100101 Firefox/56.0"
80.123.96.46 - - [21/Nov/2017:10:30:44 +0100] "GET /framework/webfx/javascript/tinymce/plugins/advlist/plugin.min.js HTTP/1.1" 200 613 "http://ed.activities.at/entry.php?id=11671" "Mozilla/5.0 (Windows NT 6.1; WOW64; rv:56.0) Gecko/20100101 Firefox/56.0"
80.123.96.46 - - [21/Nov/2017:10:30:44 +0100] "GET /framework/webfx/javascript/tinymce/plugins/preview/plugin.min.js HTTP/1.1" 200 734 "http://ed.activities.at/entry.php?id=11671" "Mozilla/5.0 (Windows NT 6.1; WOW64; rv:56.0) Gecko/20100101 Firefox/56.0"
80.123.96.46 - - [21/Nov/2017:10:30:44 +0100] "GET /framework/webfx/javascript/tinymce/plugins/pagebreak/plugin.min.js HTTP/1.1" 200 636 "http://ed.activities.at/entry.php?id=11671" "Mozilla/5.0 (Windows NT 6.1; WOW64; rv:56.0) Gecko/20100101 Firefox/56.0"
80.123.96.46 - - [21/Nov/2017:10:30:44 +0100] "GET /framework/webfx/javascript/tinymce/plugins/anchor/plugin.min.js HTTP/1.1" 200 338 "http://ed.activities.at/entry.php?id=11671" "Mozilla/5.0 (Windows NT 6.1; WOW64; rv:56.0) Gecko/20100101 Firefox/56.0"
80.123.96.46 - - [21/Nov/2017:10:30:44 +0100] "GET /framework/webfx/javascript/tinymce/plugins/wordcount/plugin.min.js HTTP/1.1" 200 524 "http://ed.activities.at/entry.php?id=11671" "Mozilla/5.0 (Windows NT 6.1; WOW64; rv:56.0) Gecko/20100101 Firefox/56.0"
80.123.96.46 - - [21/Nov/2017:10:30:44 +0100] "GET /framework/webfx/javascript/tinymce/plugins/searchreplace/plugin.min.js HTTP/1.1" 200 2568 "http://ed.activities.at/entry.php?id=11671" "Mozilla/5.0 (Windows NT 6.1; WOW64; rv:56.0) Gecko/20100101 Firefox/56.0"
80.123.96.46 - - [21/Nov/2017:10:30:44 +0100] "GET /framework/webfx/javascript/tinymce/plugins/visualchars/plugin.min.js HTTP/1.1" 200 602 "http://ed.activities.at/entry.php?id=11671" "Mozilla/5.0 (Windows NT 6.1; WOW64; rv:56.0) Gecko/20100101 Firefox/56.0"
80.123.96.46 - - [21/Nov/2017:10:30:44 +0100] "GET /framework/webfx/javascript/tinymce/plugins/visualblocks/plugin.min.js HTTP/1.1" 200 523 "http://ed.activities.at/entry.php?id=11671" "Mozilla/5.0 (Windows NT 6.1; WOW64; rv:56.0) Gecko/20100101 Firefox/56.0"
80.123.96.46 - - [21/Nov/2017:10:30:44 +0100] "GET /framework/webfx/javascript/tinymce/plugins/nonbreaking/plugin.min.js HTTP/1.1" 200 371 "http://ed.activities.at/entry.php?id=11671" "Mozilla/5.0 (Windows NT 6.1; WOW64; rv:56.0) Gecko/20100101 Firefox/56.0"
80.123.96.46 - - [21/Nov/2017:10:30:44 +0100] "GET /framework/webfx/javascript/tinymce/plugins/textcolor/plugin.min.js HTTP/1.1" 200 1636 "http://ed.activities.at/entry.php?id=11671" "Mozilla/5.0 (Windows NT 6.1; WOW64; rv:56.0) Gecko/20100101 Firefox/56.0"
80.123.96.46 - - [21/Nov/2017:10:30:44 +0100] "GET /framework/webfx/javascript/tinymce/plugins/template/plugin.min.js HTTP/1.1" 200 1703 "http://ed.activities.at/entry.php?id=11671" "Mozilla/5.0 (Windows NT 6.1; WOW64; rv:56.0) Gecko/20100101 Firefox/56.0"
80.123.96.46 - - [21/Nov/2017:10:30:44 +0100] "GET /framework/webfx/javascript/tinymce/plugins/colorpicker/plugin.min.js HTTP/1.1" 200 613 "http://ed.activities.at/entry.php?id=11671" "Mozilla/5.0 (Windows NT 6.1; WOW64; rv:56.0) Gecko/20100101 Firefox/56.0"
80.123.96.46 - - [21/Nov/2017:10:30:44 +0100] "GET /framework/webfx/javascript/tinymce/plugins/paste/plugin.min.js HTTP/1.1" 200 6164 "http://ed.activities.at/entry.php?id=11671" "Mozilla/5.0 (Windows NT 6.1; WOW64; rv:56.0) Gecko/20100101 Firefox/56.0"
80.123.96.46 - - [21/Nov/2017:10:30:44 +0100] "GET /framework/webfx/javascript/tinymce/skins/lightgray/skin.min.css HTTP/1.1" 200 6110 "http://ed.activities.at/entry.php?id=11671" "Mozilla/5.0 (Windows NT 6.1; WOW64; rv:56.0) Gecko/20100101 Firefox/56.0"
80.123.96.46 - - [21/Nov/2017:10:30:44 +0100] "GET /framework/webfx/javascript/tinymce/skins/lightgray/content.min.css HTTP/1.1" 404 325 "http://ed.activities.at/entry.php?id=11671" "Mozilla/5.0 (Windows NT 6.1; WOW64; rv:56.0) Gecko/20100101 Firefox/56.0"
80.123.96.46 - - [21/Nov/2017:10:30:44 +0100] "GET /framework/webfx/javascript/tinymce/skins/lightgray/fonts/tinymce-small.woff HTTP/1.1" 200 7848 "http://ed.activities.at/framework/webfx/javascript/tinymce/skins/lightgray/skin.min.css" "Mozilla/5.0 (Windows NT 6.1; WOW64; rv:56.0) Gecko/20100101 Firefox/56.0"
80.123.96.46 - - [21/Nov/2017:10:30:51 +0100] "POST /entry.php?id=11671 HTTP/1.1" 200 3409 "http://ed.activities.at/entry.php?id=11671" "Mozilla/5.0 (Windows NT 6.1; WOW64; rv:56.0) Gecko/20100101 Firefox/56.0"
80.123.96.46 - - [21/Nov/2017:10:30:52 +0100] "GET /gui/javascript/form_form.js?1511256652 HTTP/1.1" 200 16206 "http://ed.activities.at/entry.php?id=11671" "Mozilla/5.0 (Windows NT 6.1; WOW64; rv:56.0) Gecko/20100101 Firefox/56.0"
80.123.96.46 - - [21/Nov/2017:10:30:52 +0100] "GET /framework/webfx/javascript/tinymce/skins/lightgray/content.min.css HTTP/1.1" 404 325 "http://ed.activities.at/entry.php?id=11671" "Mozilla/5.0 (Windows NT 6.1; WOW64; rv:56.0) Gecko/20100101 Firefox/56.0"
80.123.96.46 - - [21/Nov/2017:10:30:55 +0100] "POST /entry.php?id=11671 HTTP/1.1" 200 4784 "http://ed.activities.at/entry.php?id=11671" "Mozilla/5.0 (Windows NT 6.1; WOW64; rv:56.0) Gecko/20100101 Firefox/56.0"
80.123.96.46 - - [21/Nov/2017:10:30:55 +0100] "GET /gui/javascript/form_form.js?1511256655 HTTP/1.1" 200 16206 "http://ed.activities.at/entry.php?id=11671" "Mozilla/5.0 (Windows NT 6.1; WOW64; rv:56.0) Gecko/20100101 Firefox/56.0"
80.123.96.46 - - [21/Nov/2017:10:30:56 +0100] "GET /entry.php?id=10776&form=11496&name=list& HTTP/1.1" 200 1519 "http://ed.activities.at/entry.php?id=11671" "Mozilla/5.0 (Windows NT 6.1; WOW64; rv:56.0) Gecko/20100101 Firefox/56.0"
80.123.96.46 - - [21/Nov/2017:10:30:56 +0100] "GET /entry.php?id=10778&form=11496&name=list& HTTP/1.1" 200 5603 "http://ed.activities.at/entry.php?id=11671" "Mozilla/5.0 (Windows NT 6.1; WOW64; rv:56.0) Gecko/20100101 Firefox/56.0"
80.123.96.46 - - [21/Nov/2017:10:30:57 +0100] "POST /entry.php?id=11671 HTTP/1.1" 200 4940 "http://ed.activities.at/entry.php?id=11671" "Mozilla/5.0 (Windows NT 6.1; WOW64; rv:56.0) Gecko/20100101 Firefox/56.0"
80.123.96.46 - - [21/Nov/2017:10:30:58 +0100] "GET /gui/javascript/form_form.js?1511256658 HTTP/1.1" 200 16206 "http://ed.activities.at/entry.php?id=11671" "Mozilla/5.0 (Windows NT 6.1; WOW64; rv:56.0) Gecko/20100101 Firefox/56.0"
80.123.96.46 - - [21/Nov/2017:10:30:58 +0100] "GET /entry.php?id=10776&form=11496&name=list& HTTP/1.1" 200 1519 "http://ed.activities.at/entry.php?id=11671" "Mozilla/5.0 (Windows NT 6.1; WOW64; rv:56.0) Gecko/20100101 Firefox/56.0"
80.123.96.46 - - [21/Nov/2017:10:30:58 +0100] "GET /entry.php?id=10778&form=11496&name=list& HTTP/1.1" 200 5603 "http://ed.activities.at/entry.php?id=11671" "Mozilla/5.0 (Windows NT 6.1; WOW64; rv:56.0) Gecko/20100101 Firefox/56.0"
80.109.251.147 - - [21/Nov/2017:10:31:01 +0100] "GET /entry.php?id=10271&&ser=256601 HTTP/1.1" 200 987 "http://ed.activities.at/entry.php?id=10271&&ser=256541" "Mozilla/5.0 (Macintosh; Intel Mac OS X 10_13_1) AppleWebKit/537.36 (KHTML, like Gecko) Chrome/62.0.3202.94 Safari/537.36"
80.109.251.147 - - [21/Nov/2017:10:31:02 +0100] "GET /gui/javascript/form_form.js?1511256662 HTTP/1.1" 200 16206 "http://ed.activities.at/entry.php?id=10271&&ser=256601" "Mozilla/5.0 (Macintosh; Intel Mac OS X 10_13_1) AppleWebKit/537.36 (KHTML, like Gecko) Chrome/62.0.3202.94 Safari/537.36"
80.123.96.46 - - [21/Nov/2017:10:31:04 +0100] "POST /entry.php?id=11671 HTTP/1.1" 200 4787 "http://ed.activities.at/entry.php?id=11671" "Mozilla/5.0 (Windows NT 6.1; WOW64; rv:56.0) Gecko/20100101 Firefox/56.0"
80.123.96.46 - - [21/Nov/2017:10:31:05 +0100] "GET /gui/javascript/form_form.js?1511256665 HTTP/1.1" 200 16206 "http://ed.activities.at/entry.php?id=11671" "Mozilla/5.0 (Windows NT 6.1; WOW64; rv:56.0) Gecko/20100101 Firefox/56.0"
80.123.96.46 - - [21/Nov/2017:10:31:05 +0100] "GET /entry.php?id=10776&form=11496&name=list& HTTP/1.1" 200 1519 "http://ed.activities.at/entry.php?id=11671" "Mozilla/5.0 (Windows NT 6.1; WOW64; rv:56.0) Gecko/20100101 Firefox/56.0"
80.123.96.46 - - [21/Nov/2017:10:31:05 +0100] "GET /entry.php?id=10778&form=11496&name=list& HTTP/1.1" 200 5621 "http://ed.activities.at/entry.php?id=11671" "Mozilla/5.0 (Windows NT 6.1; WOW64; rv:56.0) Gecko/20100101 Firefox/56.0"
80.123.96.46 - - [21/Nov/2017:10:31:10 +0100] "POST /entry.php?id=11671 HTTP/1.1" 200 4970 "http://ed.activities.at/entry.php?id=11671" "Mozilla/5.0 (Windows NT 6.1; WOW64; rv:56.0) Gecko/20100101 Firefox/56.0"
80.123.96.46 - - [21/Nov/2017:10:31:11 +0100] "GET /gui/javascript/form_form.js?1511256670 HTTP/1.1" 200 16206 "http://ed.activities.at/entry.php?id=11671" "Mozilla/5.0 (Windows NT 6.1; WOW64; rv:56.0) Gecko/20100101 Firefox/56.0"
80.123.96.46 - - [21/Nov/2017:10:31:10 +0100] "GET /entry.php?id=10271&&ser=256610 HTTP/1.1" 200 987 "http://ed.activities.at/entry.php?id=10271&&ser=256550" "Mozilla/5.0 (Windows NT 6.1; WOW64; rv:56.0) Gecko/20100101 Firefox/56.0"
80.123.96.46 - - [21/Nov/2017:10:31:11 +0100] "GET /entry.php?id=10778&form=11496&name=list& HTTP/1.1" 200 5621 "http://ed.activities.at/entry.php?id=11671" "Mozilla/5.0 (Windows NT 6.1; WOW64; rv:56.0) Gecko/20100101 Firefox/56.0"
80.123.96.46 - - [21/Nov/2017:10:31:11 +0100] "GET /entry.php?id=10776&form=11496&name=list& HTTP/1.1" 200 1519 "http://ed.activities.at/entry.php?id=11671" "Mozilla/5.0 (Windows NT 6.1; WOW64; rv:56.0) Gecko/20100101 Firefox/56.0"
80.123.96.46 - - [21/Nov/2017:10:31:11 +0100] "GET /gui/javascript/form_form.js?1511256671 HTTP/1.1" 200 16206 "http://ed.activities.at/entry.php?id=10271&&ser=256610" "Mozilla/5.0 (Windows NT 6.1; WOW64; rv:56.0) Gecko/20100101 Firefox/56.0"
80.123.96.46 - - [21/Nov/2017:10:31:11 +0100] "POST /entry.php?id=11671 HTTP/1.1" 200 3224 "http://ed.activities.at/entry.php?id=11671" "Mozilla/5.0 (Windows NT 6.1; WOW64; rv:56.0) Gecko/20100101 Firefox/56.0"
80.123.96.46 - - [21/Nov/2017:10:31:12 +0100] "GET /gui/javascript/form_form.js?1511256672 HTTP/1.1" 200 16206 "http://ed.activities.at/entry.php?id=11671" "Mozilla/5.0 (Windows NT 6.1; WOW64; rv:56.0) Gecko/20100101 Firefox/56.0"
80.123.96.46 - - [21/Nov/2017:10:31:12 +0100] "GET /framework/webfx/javascript/tinymce/skins/lightgray/content.min.css HTTP/1.1" 404 325 "http://ed.activities.at/entry.php?id=11671" "Mozilla/5.0 (Windows NT 6.1; WOW64; rv:56.0) Gecko/20100101 Firefox/56.0"
83.65.242.242 - - [21/Nov/2017:10:31:13 +0100] "GET /entry.php?id=10271&&ser=256612 HTTP/1.1" 200 987 "http://easydrivers.activities.at/entry.php?id=10271&&ser=256552" "Mozilla/5.0 (Windows NT 6.1; rv:57.0) Gecko/20100101 Firefox/57.0"
83.65.242.242 - - [21/Nov/2017:10:31:13 +0100] "GET /gui/javascript/form_form.js?1511256673 HTTP/1.1" 200 16206 "http://easydrivers.activities.at/entry.php?id=10271&&ser=256612" "Mozilla/5.0 (Windows NT 6.1; rv:57.0) Gecko/20100101 Firefox/57.0"
80.123.96.46 - - [21/Nov/2017:10:31:20 +0100] "POST /entry.php?id=11671 HTTP/1.1" 200 3421 "http://ed.activities.at/entry.php?id=11671" "Mozilla/5.0 (Windows NT 6.1; WOW64; rv:56.0) Gecko/20100101 Firefox/56.0"
80.123.96.46 - - [21/Nov/2017:10:31:20 +0100] "GET /gui/javascript/form_form.js?1511256680 HTTP/1.1" 200 16206 "http://ed.activities.at/entry.php?id=11671" "Mozilla/5.0 (Windows NT 6.1; WOW64; rv:56.0) Gecko/20100101 Firefox/56.0"
80.123.96.46 - - [21/Nov/2017:10:31:21 +0100] "GET /framework/webfx/javascript/tinymce/skins/lightgray/content.min.css HTTP/1.1" 404 325 "http://ed.activities.at/entry.php?id=11671" "Mozilla/5.0 (Windows NT 6.1; WOW64; rv:56.0) Gecko/20100101 Firefox/56.0"
90.146.6.198 - - [21/Nov/2017:10:31:21 +0100] "GET /entry.php?id=10271&&ser=256620 HTTP/1.1" 200 987 "http://easydrivers.activities.at/entry.php?id=10271&&ser=256560" "Mozilla/5.0 (Windows NT 10.0; Win64; x64; rv:57.0) Gecko/20100101 Firefox/57.0"
90.146.6.198 - - [21/Nov/2017:10:31:21 +0100] "GET /gui/javascript/form_form.js?1511256681 HTTP/1.1" 200 16206 "http://easydrivers.activities.at/entry.php?id=10271&&ser=256620" "Mozilla/5.0 (Windows NT 10.0; Win64; x64; rv:57.0) Gecko/20100101 Firefox/57.0"
80.123.96.46 - - [21/Nov/2017:10:31:23 +0100] "POST /entry.php?id=11671 HTTP/1.1" 200 4802 "http://ed.activities.at/entry.php?id=11671" "Mozilla/5.0 (Windows NT 6.1; WOW64; rv:56.0) Gecko/20100101 Firefox/56.0"
80.123.96.46 - - [21/Nov/2017:10:31:24 +0100] "GET /gui/javascript/form_form.js?1511256684 HTTP/1.1" 200 16206 "http://ed.activities.at/entry.php?id=11671" "Mozilla/5.0 (Windows NT 6.1; WOW64; rv:56.0) Gecko/20100101 Firefox/56.0"
80.123.96.46 - - [21/Nov/2017:10:31:24 +0100] "GET /entry.php?id=10776&form=11496&name=list& HTTP/1.1" 200 1519 "http://ed.activities.at/entry.php?id=11671" "Mozilla/5.0 (Windows NT 6.1; WOW64; rv:56.0) Gecko/20100101 Firefox/56.0"
80.123.96.46 - - [21/Nov/2017:10:31:24 +0100] "GET /entry.php?id=10778&form=11496&name=list& HTTP/1.1" 200 5621 "http://ed.activities.at/entry.php?id=11671" "Mozilla/5.0 (Windows NT 6.1; WOW64; rv:56.0) Gecko/20100101 Firefox/56.0"
80.123.96.46 - - [21/Nov/2017:10:31:25 +0100] "POST /entry.php?id=11671 HTTP/1.1" 200 4956 "http://ed.activities.at/entry.php?id=11671" "Mozilla/5.0 (Windows NT 6.1; WOW64; rv:56.0) Gecko/20100101 Firefox/56.0"
80.123.96.46 - - [21/Nov/2017:10:31:26 +0100] "GET /gui/javascript/form_form.js?1511256686 HTTP/1.1" 200 16206 "http://ed.activities.at/entry.php?id=11671" "Mozilla/5.0 (Windows NT 6.1; WOW64; rv:56.0) Gecko/20100101 Firefox/56.0"
80.123.96.46 - - [21/Nov/2017:10:31:26 +0100] "GET /entry.php?id=10776&form=11496&name=list& HTTP/1.1" 200 1519 "http://ed.activities.at/entry.php?id=11671" "Mozilla/5.0 (Windows NT 6.1; WOW64; rv:56.0) Gecko/20100101 Firefox/56.0"
80.123.96.46 - - [21/Nov/2017:10:31:26 +0100] "GET /entry.php?id=10778&form=11496&name=list& HTTP/1.1" 200 5621 "http://ed.activities.at/entry.php?id=11671" "Mozilla/5.0 (Windows NT 6.1; WOW64; rv:56.0) Gecko/20100101 Firefox/56.0"
80.123.96.46 - - [21/Nov/2017:10:31:35 +0100] "POST /entry.php?id=11672 HTTP/1.1" 200 2711 "http://ed.activities.at/entry.php?id=11672" "Mozilla/5.0 (Windows NT 6.1; WOW64; rv:56.0) Gecko/20100101 Firefox/56.0"
80.123.96.46 - - [21/Nov/2017:10:31:36 +0100] "GET /gui/javascript/form_form.js?1511256696 HTTP/1.1" 200 16206 "http://ed.activities.at/entry.php?id=11672" "Mozilla/5.0 (Windows NT 6.1; WOW64; rv:56.0) Gecko/20100101 Firefox/56.0"
80.123.96.46 - - [21/Nov/2017:10:31:36 +0100] "GET /entry.php?id=10778&form=11497&name=list& HTTP/1.1" 200 3563 "http://ed.activities.at/entry.php?id=11672" "Mozilla/5.0 (Windows NT 6.1; WOW64; rv:56.0) Gecko/20100101 Firefox/56.0"
80.123.96.46 - - [21/Nov/2017:10:31:36 +0100] "GET /entry.php?id=10776&form=11497&name=list& HTTP/1.1" 200 1941 "http://ed.activities.at/entry.php?id=11672" "Mozilla/5.0 (Windows NT 6.1; WOW64; rv:56.0) Gecko/20100101 Firefox/56.0"
80.123.96.46 - - [21/Nov/2017:10:31:38 +0100] "POST /entry.php?id=11671 HTTP/1.1" 200 4801 "http://ed.activities.at/entry.php?id=11671" "Mozilla/5.0 (Windows NT 6.1; WOW64; rv:56.0) Gecko/20100101 Firefox/56.0"
80.123.96.46 - - [21/Nov/2017:10:31:39 +0100] "GET /gui/javascript/form_form.js?1511256699 HTTP/1.1" 200 16206 "http://ed.activities.at/entry.php?id=11671" "Mozilla/5.0 (Windows NT 6.1; WOW64; rv:56.0) Gecko/20100101 Firefox/56.0"
80.123.96.46 - - [21/Nov/2017:10:31:39 +0100] "GET /entry.php?id=10776&form=11496&name=list& HTTP/1.1" 200 1519 "http://ed.activities.at/entry.php?id=11671" "Mozilla/5.0 (Windows NT 6.1; WOW64; rv:56.0) Gecko/20100101 Firefox/56.0"
80.123.96.46 - - [21/Nov/2017:10:31:39 +0100] "GET /entry.php?id=10778&form=11496&name=list& HTTP/1.1" 200 5601 "http://ed.activities.at/entry.php?id=11671" "Mozilla/5.0 (Windows NT 6.1; WOW64; rv:56.0) Gecko/20100101 Firefox/56.0"
80.123.96.46 - - [21/Nov/2017:10:31:48 +0100] "POST /entry.php?id=11671 HTTP/1.1" 200 4984 "http://ed.activities.at/entry.php?id=11671" "Mozilla/5.0 (Windows NT 6.1; WOW64; rv:56.0) Gecko/20100101 Firefox/56.0"
80.123.96.46 - - [21/Nov/2017:10:31:48 +0100] "GET /gui/javascript/form_form.js?1511256708 HTTP/1.1" 200 16206 "http://ed.activities.at/entry.php?id=11671" "Mozilla/5.0 (Windows NT 6.1; WOW64; rv:56.0) Gecko/20100101 Firefox/56.0"
80.123.96.46 - - [21/Nov/2017:10:31:48 +0100] "GET /entry.php?id=10776&form=11496&name=list& HTTP/1.1" 200 1519 "http://ed.activities.at/entry.php?id=11671" "Mozilla/5.0 (Windows NT 6.1; WOW64; rv:56.0) Gecko/20100101 Firefox/56.0"
80.123.96.46 - - [21/Nov/2017:10:31:48 +0100] "GET /entry.php?id=10778&form=11496&name=list& HTTP/1.1" 200 5601 "http://ed.activities.at/entry.php?id=11671" "Mozilla/5.0 (Windows NT 6.1; WOW64; rv:56.0) Gecko/20100101 Firefox/56.0"
80.123.96.46 - - [21/Nov/2017:10:31:49 +0100] "POST /entry.php?id=11671 HTTP/1.1" 200 3241 "http://ed.activities.at/entry.php?id=11671" "Mozilla/5.0 (Windows NT 6.1; WOW64; rv:56.0) Gecko/20100101 Firefox/56.0"
80.123.96.46 - - [21/Nov/2017:10:31:50 +0100] "GET /gui/javascript/form_form.js?1511256710 HTTP/1.1" 200 16206 "http://ed.activities.at/entry.php?id=11671" "Mozilla/5.0 (Windows NT 6.1; WOW64; rv:56.0) Gecko/20100101 Firefox/56.0"
80.123.96.46 - - [21/Nov/2017:10:31:50 +0100] "GET /framework/webfx/javascript/tinymce/skins/lightgray/content.min.css HTTP/1.1" 404 325 "http://ed.activities.at/entry.php?id=11671" "Mozilla/5.0 (Windows NT 6.1; WOW64; rv:56.0) Gecko/20100101 Firefox/56.0"
80.109.251.147 - - [21/Nov/2017:10:32:02 +0100] "GET /entry.php?id=10271&&ser=256662 HTTP/1.1" 200 988 "http://ed.activities.at/entry.php?id=10271&&ser=256601" "Mozilla/5.0 (Macintosh; Intel Mac OS X 10_13_1) AppleWebKit/537.36 (KHTML, like Gecko) Chrome/62.0.3202.94 Safari/537.36"
80.109.251.147 - - [21/Nov/2017:10:32:02 +0100] "GET /gui/javascript/form_form.js?1511256722 HTTP/1.1" 200 16206 "http://ed.activities.at/entry.php?id=10271&&ser=256662" "Mozilla/5.0 (Macintosh; Intel Mac OS X 10_13_1) AppleWebKit/537.36 (KHTML, like Gecko) Chrome/62.0.3202.94 Safari/537.36"
80.123.96.46 - - [21/Nov/2017:10:32:11 +0100] "GET /entry.php?id=10271&&ser=256671 HTTP/1.1" 200 987 "http://ed.activities.at/entry.php?id=10271&&ser=256610" "Mozilla/5.0 (Windows NT 6.1; WOW64; rv:56.0) Gecko/20100101 Firefox/56.0"
80.123.96.46 - - [21/Nov/2017:10:32:12 +0100] "GET /gui/javascript/form_form.js?1511256731 HTTP/1.1" 200 16206 "http://ed.activities.at/entry.php?id=10271&&ser=256671" "Mozilla/5.0 (Windows NT 6.1; WOW64; rv:56.0) Gecko/20100101 Firefox/56.0"
83.65.242.242 - - [21/Nov/2017:10:32:13 +0100] "GET /entry.php?id=10271&&ser=256673 HTTP/1.1" 200 987 "http://easydrivers.activities.at/entry.php?id=10271&&ser=256612" "Mozilla/5.0 (Windows NT 6.1; rv:57.0) Gecko/20100101 Firefox/57.0"
83.65.242.242 - - [21/Nov/2017:10:32:14 +0100] "GET /gui/javascript/form_form.js?1511256733 HTTP/1.1" 200 16206 "http://easydrivers.activities.at/entry.php?id=10271&&ser=256673" "Mozilla/5.0 (Windows NT 6.1; rv:57.0) Gecko/20100101 Firefox/57.0"
90.146.6.198 - - [21/Nov/2017:10:32:21 +0100] "GET /entry.php?id=10271&&ser=256681 HTTP/1.1" 200 987 "http://easydrivers.activities.at/entry.php?id=10271&&ser=256620" "Mozilla/5.0 (Windows NT 10.0; Win64; x64; rv:57.0) Gecko/20100101 Firefox/57.0"
90.146.6.198 - - [21/Nov/2017:10:32:21 +0100] "GET /gui/javascript/form_form.js?1511256741 HTTP/1.1" 200 16206 "http://easydrivers.activities.at/entry.php?id=10271&&ser=256681" "Mozilla/5.0 (Windows NT 10.0; Win64; x64; rv:57.0) Gecko/20100101 Firefox/57.0"
80.123.96.46 - - [21/Nov/2017:10:32:26 +0100] "POST /entry.php?id=11671 HTTP/1.1" 200 3432 "http://ed.activities.at/entry.php?id=11671" "Mozilla/5.0 (Windows NT 6.1; WOW64; rv:56.0) Gecko/20100101 Firefox/56.0"
80.123.96.46 - - [21/Nov/2017:10:32:27 +0100] "GET /gui/javascript/form_form.js?1511256747 HTTP/1.1" 200 16206 "http://ed.activities.at/entry.php?id=11671" "Mozilla/5.0 (Windows NT 6.1; WOW64; rv:56.0) Gecko/20100101 Firefox/56.0"
80.123.96.46 - - [21/Nov/2017:10:32:27 +0100] "GET /framework/webfx/javascript/tinymce/skins/lightgray/content.min.css HTTP/1.1" 404 325 "http://ed.activities.at/entry.php?id=11671" "Mozilla/5.0 (Windows NT 6.1; WOW64; rv:56.0) Gecko/20100101 Firefox/56.0"
80.123.96.46 - - [21/Nov/2017:10:32:27 +0100] "POST /entry.php?id=11671 HTTP/1.1" 200 4815 "http://ed.activities.at/entry.php?id=11671" "Mozilla/5.0 (Windows NT 6.1; WOW64; rv:56.0) Gecko/20100101 Firefox/56.0"
80.123.96.46 - - [21/Nov/2017:10:32:28 +0100] "GET /gui/javascript/form_form.js?1511256748 HTTP/1.1" 200 16206 "http://ed.activities.at/entry.php?id=11671" "Mozilla/5.0 (Windows NT 6.1; WOW64; rv:56.0) Gecko/20100101 Firefox/56.0"
80.123.96.46 - - [21/Nov/2017:10:32:28 +0100] "GET /entry.php?id=10776&form=11496&name=list& HTTP/1.1" 200 1519 "http://ed.activities.at/entry.php?id=11671" "Mozilla/5.0 (Windows NT 6.1; WOW64; rv:56.0) Gecko/20100101 Firefox/56.0"
80.123.96.46 - - [21/Nov/2017:10:32:28 +0100] "GET /entry.php?id=10778&form=11496&name=list& HTTP/1.1" 200 5601 "http://ed.activities.at/entry.php?id=11671" "Mozilla/5.0 (Windows NT 6.1; WOW64; rv:56.0) Gecko/20100101 Firefox/56.0"
80.123.96.46 - - [21/Nov/2017:10:32:29 +0100] "POST /entry.php?id=11671 HTTP/1.1" 200 4968 "http://ed.activities.at/entry.php?id=11671" "Mozilla/5.0 (Windows NT 6.1; WOW64; rv:56.0) Gecko/20100101 Firefox/56.0"
80.123.96.46 - - [21/Nov/2017:10:32:30 +0100] "GET /gui/javascript/form_form.js?1511256750 HTTP/1.1" 200 16206 "http://ed.activities.at/entry.php?id=11671" "Mozilla/5.0 (Windows NT 6.1; WOW64; rv:56.0) Gecko/20100101 Firefox/56.0"
80.123.96.46 - - [21/Nov/2017:10:32:30 +0100] "GET /entry.php?id=10776&form=11496&name=list& HTTP/1.1" 200 1519 "http://ed.activities.at/entry.php?id=11671" "Mozilla/5.0 (Windows NT 6.1; WOW64; rv:56.0) Gecko/20100101 Firefox/56.0"
80.123.96.46 - - [21/Nov/2017:10:32:30 +0100] "GET /entry.php?id=10778&form=11496&name=list& HTTP/1.1" 200 5601 "http://ed.activities.at/entry.php?id=11671" "Mozilla/5.0 (Windows NT 6.1; WOW64; rv:56.0) Gecko/20100101 Firefox/56.0"
80.123.96.46 - - [21/Nov/2017:10:32:31 +0100] "POST /entry.php?id=11671 HTTP/1.1" 200 4793 "http://ed.activities.at/entry.php?id=11671" "Mozilla/5.0 (Windows NT 6.1; WOW64; rv:56.0) Gecko/20100101 Firefox/56.0"
80.123.96.46 - - [21/Nov/2017:10:32:32 +0100] "GET /gui/javascript/form_form.js?1511256751 HTTP/1.1" 200 16206 "http://ed.activities.at/entry.php?id=11671" "Mozilla/5.0 (Windows NT 6.1; WOW64; rv:56.0) Gecko/20100101 Firefox/56.0"
80.123.96.46 - - [21/Nov/2017:10:32:32 +0100] "GET /entry.php?id=10776&form=11496&name=list& HTTP/1.1" 200 1519 "http://ed.activities.at/entry.php?id=11671" "Mozilla/5.0 (Windows NT 6.1; WOW64; rv:56.0) Gecko/20100101 Firefox/56.0"
80.123.96.46 - - [21/Nov/2017:10:32:32 +0100] "GET /entry.php?id=10778&form=11496&name=list& HTTP/1.1" 200 5586 "http://ed.activities.at/entry.php?id=11671" "Mozilla/5.0 (Windows NT 6.1; WOW64; rv:56.0) Gecko/20100101 Firefox/56.0"
80.123.96.46 - - [21/Nov/2017:10:32:39 +0100] "POST /entry.php?id=11671 HTTP/1.1" 200 4972 "http://ed.activities.at/entry.php?id=11671" "Mozilla/5.0 (Windows NT 6.1; WOW64; rv:56.0) Gecko/20100101 Firefox/56.0"
80.123.96.46 - - [21/Nov/2017:10:32:40 +0100] "GET /gui/javascript/form_form.js?1511256760 HTTP/1.1" 200 16206 "http://ed.activities.at/entry.php?id=11671" "Mozilla/5.0 (Windows NT 6.1; WOW64; rv:56.0) Gecko/20100101 Firefox/56.0"
80.123.96.46 - - [21/Nov/2017:10:32:40 +0100] "GET /entry.php?id=10776&form=11496&name=list& HTTP/1.1" 200 1519 "http://ed.activities.at/entry.php?id=11671" "Mozilla/5.0 (Windows NT 6.1; WOW64; rv:56.0) Gecko/20100101 Firefox/56.0"
80.123.96.46 - - [21/Nov/2017:10:32:40 +0100] "GET /entry.php?id=10778&form=11496&name=list& HTTP/1.1" 200 5586 "http://ed.activities.at/entry.php?id=11671" "Mozilla/5.0 (Windows NT 6.1; WOW64; rv:56.0) Gecko/20100101 Firefox/56.0"
80.123.96.46 - - [21/Nov/2017:10:32:41 +0100] "POST /entry.php?id=11671 HTTP/1.1" 200 3235 "http://ed.activities.at/entry.php?id=11671" "Mozilla/5.0 (Windows NT 6.1; WOW64; rv:56.0) Gecko/20100101 Firefox/56.0"
80.123.96.46 - - [21/Nov/2017:10:32:41 +0100] "GET /gui/javascript/form_form.js?1511256761 HTTP/1.1" 200 16206 "http://ed.activities.at/entry.php?id=11671" "Mozilla/5.0 (Windows NT 6.1; WOW64; rv:56.0) Gecko/20100101 Firefox/56.0"
80.123.96.46 - - [21/Nov/2017:10:32:42 +0100] "GET /framework/webfx/javascript/tinymce/skins/lightgray/content.min.css HTTP/1.1" 404 325 "http://ed.activities.at/entry.php?id=11671" "Mozilla/5.0 (Windows NT 6.1; WOW64; rv:56.0) Gecko/20100101 Firefox/56.0"
80.109.251.147 - - [21/Nov/2017:10:33:02 +0100] "GET /entry.php?id=10271&&ser=256722 HTTP/1.1" 200 988 "http://ed.activities.at/entry.php?id=10271&&ser=256662" "Mozilla/5.0 (Macintosh; Intel Mac OS X 10_13_1) AppleWebKit/537.36 (KHTML, like Gecko) Chrome/62.0.3202.94 Safari/537.36"
80.109.251.147 - - [21/Nov/2017:10:33:02 +0100] "GET /gui/javascript/form_form.js?1511256782 HTTP/1.1" 200 16206 "http://ed.activities.at/entry.php?id=10271&&ser=256722" "Mozilla/5.0 (Macintosh; Intel Mac OS X 10_13_1) AppleWebKit/537.36 (KHTML, like Gecko) Chrome/62.0.3202.94 Safari/537.36"
80.123.96.46 - - [21/Nov/2017:10:33:05 +0100] "POST /entry.php?id=11671 HTTP/1.1" 200 3417 "http://ed.activities.at/entry.php?id=11671" "Mozilla/5.0 (Windows NT 6.1; WOW64; rv:56.0) Gecko/20100101 Firefox/56.0"
80.123.96.46 - - [21/Nov/2017:10:33:05 +0100] "GET /gui/javascript/form_form.js?1511256785 HTTP/1.1" 200 16206 "http://ed.activities.at/entry.php?id=11671" "Mozilla/5.0 (Windows NT 6.1; WOW64; rv:56.0) Gecko/20100101 Firefox/56.0"
80.123.96.46 - - [21/Nov/2017:10:33:06 +0100] "GET /framework/webfx/javascript/tinymce/skins/lightgray/content.min.css HTTP/1.1" 404 325 "http://ed.activities.at/entry.php?id=11671" "Mozilla/5.0 (Windows NT 6.1; WOW64; rv:56.0) Gecko/20100101 Firefox/56.0"
80.123.96.46 - - [21/Nov/2017:10:33:06 +0100] "POST /entry.php?id=11671 HTTP/1.1" 200 4801 "http://ed.activities.at/entry.php?id=11671" "Mozilla/5.0 (Windows NT 6.1; WOW64; rv:56.0) Gecko/20100101 Firefox/56.0"
80.123.96.46 - - [21/Nov/2017:10:33:07 +0100] "GET /gui/javascript/form_form.js?1511256787 HTTP/1.1" 200 16206 "http://ed.activities.at/entry.php?id=11671" "Mozilla/5.0 (Windows NT 6.1; WOW64; rv:56.0) Gecko/20100101 Firefox/56.0"
80.123.96.46 - - [21/Nov/2017:10:33:07 +0100] "GET /entry.php?id=10776&form=11496&name=list& HTTP/1.1" 200 1519 "http://ed.activities.at/entry.php?id=11671" "Mozilla/5.0 (Windows NT 6.1; WOW64; rv:56.0) Gecko/20100101 Firefox/56.0"
80.123.96.46 - - [21/Nov/2017:10:33:07 +0100] "GET /entry.php?id=10778&form=11496&name=list& HTTP/1.1" 200 5586 "http://ed.activities.at/entry.php?id=11671" "Mozilla/5.0 (Windows NT 6.1; WOW64; rv:56.0) Gecko/20100101 Firefox/56.0"
80.123.96.46 - - [21/Nov/2017:10:33:08 +0100] "POST /entry.php?id=11671 HTTP/1.1" 200 4951 "http://ed.activities.at/entry.php?id=11671" "Mozilla/5.0 (Windows NT 6.1; WOW64; rv:56.0) Gecko/20100101 Firefox/56.0"
80.123.96.46 - - [21/Nov/2017:10:33:09 +0100] "GET /gui/javascript/form_form.js?1511256789 HTTP/1.1" 200 16206 "http://ed.activities.at/entry.php?id=11671" "Mozilla/5.0 (Windows NT 6.1; WOW64; rv:56.0) Gecko/20100101 Firefox/56.0"
80.123.96.46 - - [21/Nov/2017:10:33:09 +0100] "GET /entry.php?id=10776&form=11496&name=list& HTTP/1.1" 200 1519 "http://ed.activities.at/entry.php?id=11671" "Mozilla/5.0 (Windows NT 6.1; WOW64; rv:56.0) Gecko/20100101 Firefox/56.0"
80.123.96.46 - - [21/Nov/2017:10:33:09 +0100] "GET /entry.php?id=10778&form=11496&name=list& HTTP/1.1" 200 5586 "http://ed.activities.at/entry.php?id=11671" "Mozilla/5.0 (Windows NT 6.1; WOW64; rv:56.0) Gecko/20100101 Firefox/56.0"
80.123.96.46 - - [21/Nov/2017:10:33:12 +0100] "GET /entry.php?id=10271&&ser=256731 HTTP/1.1" 200 988 "http://ed.activities.at/entry.php?id=10271&&ser=256671" "Mozilla/5.0 (Windows NT 6.1; WOW64; rv:56.0) Gecko/20100101 Firefox/56.0"
80.123.96.46 - - [21/Nov/2017:10:33:12 +0100] "GET /gui/javascript/form_form.js?1511256792 HTTP/1.1" 200 16206 "http://ed.activities.at/entry.php?id=10271&&ser=256731" "Mozilla/5.0 (Windows NT 6.1; WOW64; rv:56.0) Gecko/20100101 Firefox/56.0"
83.65.242.242 - - [21/Nov/2017:10:33:14 +0100] "GET /entry.php?id=10271&&ser=256733 HTTP/1.1" 200 987 "http://easydrivers.activities.at/entry.php?id=10271&&ser=256673" "Mozilla/5.0 (Windows NT 6.1; rv:57.0) Gecko/20100101 Firefox/57.0"
83.65.242.242 - - [21/Nov/2017:10:33:14 +0100] "GET /gui/javascript/form_form.js?1511256794 HTTP/1.1" 200 16206 "http://easydrivers.activities.at/entry.php?id=10271&&ser=256733" "Mozilla/5.0 (Windows NT 6.1; rv:57.0) Gecko/20100101 Firefox/57.0"
80.123.96.46 - - [21/Nov/2017:10:33:16 +0100] "GET /entry.php?id=10287&login=1 HTTP/1.1" 200 2175 "http://ed.activities.at/entry.php?id=10273&" "Mozilla/5.0 (Windows NT 6.1; WOW64; rv:56.0) Gecko/20100101 Firefox/56.0"
80.123.96.46 - - [21/Nov/2017:10:33:17 +0100] "GET /gui/javascript/form_form.js?1511256797 HTTP/1.1" 200 16206 "http://ed.activities.at/entry.php?id=10287&login=1" "Mozilla/5.0 (Windows NT 6.1; WOW64; rv:56.0) Gecko/20100101 Firefox/56.0"
80.123.96.46 - - [21/Nov/2017:10:33:19 +0100] "POST /entry.php?id=10287& HTTP/1.1" 200 2248 "http://ed.activities.at/entry.php?id=10287&login=1" "Mozilla/5.0 (Windows NT 6.1; WOW64; rv:56.0) Gecko/20100101 Firefox/56.0"
80.123.96.46 - - [21/Nov/2017:10:33:20 +0100] "GET /gui/javascript/form_form.js?1511256800 HTTP/1.1" 200 16206 "http://ed.activities.at/entry.php?id=10287&" "Mozilla/5.0 (Windows NT 6.1; WOW64; rv:56.0) Gecko/20100101 Firefox/56.0"
80.123.96.46 - - [21/Nov/2017:10:33:20 +0100] "GET /entry.php?id=10271&&ser=256731 HTTP/1.1" 200 987 "http://ed.activities.at/entry.php?id=10271&&ser=256671" "Mozilla/5.0 (Windows NT 6.1; WOW64; rv:56.0) Gecko/20100101 Firefox/56.0"
80.123.96.46 - - [21/Nov/2017:10:33:20 +0100] "GET /gui/javascript/jquery/css/gui-themes/custom.min.css HTTP/1.1" 304 - "http://ed.activities.at/entry.php?id=10271&&ser=256731" "Mozilla/5.0 (Windows NT 6.1; WOW64; rv:56.0) Gecko/20100101 Firefox/56.0"
80.123.96.46 - - [21/Nov/2017:10:33:20 +0100] "GET /gui/javascript/jquery/css/gui-themes/ui.spinner.css HTTP/1.1" 304 - "http://ed.activities.at/entry.php?id=10271&&ser=256731" "Mozilla/5.0 (Windows NT 6.1; WOW64; rv:56.0) Gecko/20100101 Firefox/56.0"
80.123.96.46 - - [21/Nov/2017:10:33:20 +0100] "GET /gui/javascript/jquery/css/gui-themes/jquery.tooltip.css HTTP/1.1" 304 - "http://ed.activities.at/entry.php?id=10271&&ser=256731" "Mozilla/5.0 (Windows NT 6.1; WOW64; rv:56.0) Gecko/20100101 Firefox/56.0"
80.123.96.46 - - [21/Nov/2017:10:33:20 +0100] "GET /gui/styles/tmplDefault.css HTTP/1.1" 304 - "http://ed.activities.at/entry.php?id=10271&&ser=256731" "Mozilla/5.0 (Windows NT 6.1; WOW64; rv:56.0) Gecko/20100101 Firefox/56.0"
80.123.96.46 - - [21/Nov/2017:10:33:20 +0100] "GET /gui/javascript/jquery/js/jquery-1.8.2.js HTTP/1.1" 304 - "http://ed.activities.at/entry.php?id=10271&&ser=256731" "Mozilla/5.0 (Windows NT 6.1; WOW64; rv:56.0) Gecko/20100101 Firefox/56.0"
80.123.96.46 - - [21/Nov/2017:10:33:20 +0100] "GET /gui/javascript/form_form.js?1511256800 HTTP/1.1" 304 - "http://ed.activities.at/entry.php?id=10271&&ser=256731" "Mozilla/5.0 (Windows NT 6.1; WOW64; rv:56.0) Gecko/20100101 Firefox/56.0"
80.123.96.46 - - [21/Nov/2017:10:33:20 +0100] "GET /gui/javascript/jquery/jquery-tooltip/jquery.tooltip.min.js HTTP/1.1" 304 - "http://ed.activities.at/entry.php?id=10271&&ser=256731" "Mozilla/5.0 (Windows NT 6.1; WOW64; rv:56.0) Gecko/20100101 Firefox/56.0"
80.123.96.46 - - [21/Nov/2017:10:33:20 +0100] "GET /gui/javascript/jquery/js/jquery-ui-1.9.0.custom.min.js HTTP/1.1" 304 - "http://ed.activities.at/entry.php?id=10271&&ser=256731" "Mozilla/5.0 (Windows NT 6.1; WOW64; rv:56.0) Gecko/20100101 Firefox/56.0"
80.123.96.46 - - [21/Nov/2017:10:33:21 +0100] "GET /entry.php?id=11673 HTTP/1.1" 200 358 "http://ed.activities.at/entry.php?id=10270&__app__=10006038" "Mozilla/5.0 (Windows NT 6.1; WOW64; rv:56.0) Gecko/20100101 Firefox/56.0"
80.123.96.46 - - [21/Nov/2017:10:33:21 +0100] "GET /entry.php?id=10676&&title=F%FChrerscheinkurse HTTP/1.1" 200 1395 "http://ed.activities.at/entry.php?id=11673" "Mozilla/5.0 (Windows NT 6.1; WOW64; rv:56.0) Gecko/20100101 Firefox/56.0"
90.146.6.198 - - [21/Nov/2017:10:33:21 +0100] "GET /entry.php?id=10271&&ser=256741 HTTP/1.1" 200 987 "http://easydrivers.activities.at/entry.php?id=10271&&ser=256681" "Mozilla/5.0 (Windows NT 10.0; Win64; x64; rv:57.0) Gecko/20100101 Firefox/57.0"
80.123.96.46 - - [21/Nov/2017:10:33:22 +0100] "GET /gui/javascript/form_form.js?1511256802 HTTP/1.1" 200 16206 "http://ed.activities.at/entry.php?id=10676&&title=F%FChrerscheinkurse" "Mozilla/5.0 (Windows NT 6.1; WOW64; rv:56.0) Gecko/20100101 Firefox/56.0"
90.146.6.198 - - [21/Nov/2017:10:33:22 +0100] "GET /gui/javascript/form_form.js?1511256802 HTTP/1.1" 200 16206 "http://easydrivers.activities.at/entry.php?id=10271&&ser=256741" "Mozilla/5.0 (Windows NT 10.0; Win64; x64; rv:57.0) Gecko/20100101 Firefox/57.0"
80.123.96.46 - - [21/Nov/2017:10:33:21 +0100] "GET /entry.php?id=11671& HTTP/1.1" 200 4537 "http://ed.activities.at/entry.php?id=11673" "Mozilla/5.0 (Windows NT 6.1; WOW64; rv:56.0) Gecko/20100101 Firefox/56.0"
80.123.96.46 - - [21/Nov/2017:10:33:21 +0100] "GET /entry.php?id=11694& HTTP/1.1" 200 3684 "http://ed.activities.at/entry.php?id=11673" "Mozilla/5.0 (Windows NT 6.1; WOW64; rv:56.0) Gecko/20100101 Firefox/56.0"
80.123.96.46 - - [21/Nov/2017:10:33:23 +0100] "GET /gui/javascript/form_form.js?1511256803 HTTP/1.1" 200 16206 "http://ed.activities.at/entry.php?id=11694&" "Mozilla/5.0 (Windows NT 6.1; WOW64; rv:56.0) Gecko/20100101 Firefox/56.0"
80.123.96.46 - - [21/Nov/2017:10:33:23 +0100] "GET /activities/framework/KoolControls/KoolAjax/koolajax.php?8436e354c842500aba3cbaf0584c0c24 HTTP/1.1" 200 4079 "http://ed.activities.at/entry.php?id=11694&" "Mozilla/5.0 (Windows NT 6.1; WOW64; rv:56.0) Gecko/20100101 Firefox/56.0"
80.123.96.46 - - [21/Nov/2017:10:33:23 +0100] "GET /activities/framework/KoolControls/KoolTreeView/kooltreeview.php?c7cd9180e88ffef8e70f13526bb4f5f7 HTTP/1.1" 200 5055 "http://ed.activities.at/entry.php?id=11694&" "Mozilla/5.0 (Windows NT 6.1; WOW64; rv:56.0) Gecko/20100101 Firefox/56.0"
80.123.96.46 - - [21/Nov/2017:10:33:22 +0100] "GET /entry.php?id=10778&form=11496&name=list& HTTP/1.1" 200 2493 "http://ed.activities.at/entry.php?id=11671&" "Mozilla/5.0 (Windows NT 6.1; WOW64; rv:56.0) Gecko/20100101 Firefox/56.0"
80.123.96.46 - - [21/Nov/2017:10:33:21 +0100] "GET /entry.php?id=11672& HTTP/1.1" 200 2735 "http://ed.activities.at/entry.php?id=11673" "Mozilla/5.0 (Windows NT 6.1; WOW64; rv:56.0) Gecko/20100101 Firefox/56.0"
80.123.96.46 - - [21/Nov/2017:10:33:24 +0100] "GET /gui/javascript/form_form.js?1511256804 HTTP/1.1" 200 16206 "http://ed.activities.at/entry.php?id=11672&" "Mozilla/5.0 (Windows NT 6.1; WOW64; rv:56.0) Gecko/20100101 Firefox/56.0"
80.123.96.46 - - [21/Nov/2017:10:33:22 +0100] "GET /entry.php?id=10776&form=11496&name=list& HTTP/1.1" 200 1526 "http://ed.activities.at/entry.php?id=11671&" "Mozilla/5.0 (Windows NT 6.1; WOW64; rv:56.0) Gecko/20100101 Firefox/56.0"
80.123.96.46 - - [21/Nov/2017:10:33:24 +0100] "GET /entry.php?id=10776&form=11497&name=list& HTTP/1.1" 200 1943 "http://ed.activities.at/entry.php?id=11672&" "Mozilla/5.0 (Windows NT 6.1; WOW64; rv:56.0) Gecko/20100101 Firefox/56.0"
80.123.96.46 - - [21/Nov/2017:10:33:24 +0100] "GET /entry.php?id=10778&form=11497&name=list& HTTP/1.1" 200 16951 "http://ed.activities.at/entry.php?id=11672&" "Mozilla/5.0 (Windows NT 6.1; WOW64; rv:56.0) Gecko/20100101 Firefox/56.0"
80.123.96.46 - - [21/Nov/2017:10:33:24 +0100] "GET /entry.php?id=10777&form=11497&name=list& HTTP/1.1" 200 1340 "http://ed.activities.at/entry.php?id=11672&" "Mozilla/5.0 (Windows NT 6.1; WOW64; rv:56.0) Gecko/20100101 Firefox/56.0"
80.123.96.46 - - [21/Nov/2017:10:33:29 +0100] "POST /entry.php?id=11672 HTTP/1.1" 200 2703 "http://ed.activities.at/entry.php?id=11672&" "Mozilla/5.0 (Windows NT 6.1; WOW64; rv:56.0) Gecko/20100101 Firefox/56.0"
80.123.96.46 - - [21/Nov/2017:10:33:29 +0100] "GET /gui/javascript/form_form.js?1511256809 HTTP/1.1" 200 16206 "http://ed.activities.at/entry.php?id=11672" "Mozilla/5.0 (Windows NT 6.1; WOW64; rv:56.0) Gecko/20100101 Firefox/56.0"
80.123.96.46 - - [21/Nov/2017:10:33:30 +0100] "GET /entry.php?id=10776&form=11497&name=list& HTTP/1.1" 200 1941 "http://ed.activities.at/entry.php?id=11672" "Mozilla/5.0 (Windows NT 6.1; WOW64; rv:56.0) Gecko/20100101 Firefox/56.0"
80.123.96.46 - - [21/Nov/2017:10:33:30 +0100] "GET /entry.php?id=10778&form=11497&name=list& HTTP/1.1" 200 3257 "http://ed.activities.at/entry.php?id=11672" "Mozilla/5.0 (Windows NT 6.1; WOW64; rv:56.0) Gecko/20100101 Firefox/56.0"
80.123.96.46 - - [21/Nov/2017:10:33:36 +0100] "POST /entry.php?id=11671 HTTP/1.1" 200 4898 "http://ed.activities.at/entry.php?id=11671&" "Mozilla/5.0 (Windows NT 6.1; WOW64; rv:56.0) Gecko/20100101 Firefox/56.0"
80.123.96.46 - - [21/Nov/2017:10:33:36 +0100] "GET /gui/javascript/form_form.js?1511256816 HTTP/1.1" 200 16206 "http://ed.activities.at/entry.php?id=11671" "Mozilla/5.0 (Windows NT 6.1; WOW64; rv:56.0) Gecko/20100101 Firefox/56.0"
80.123.96.46 - - [21/Nov/2017:10:33:36 +0100] "GET /entry.php?id=10776&form=11496&name=list& HTTP/1.1" 200 1519 "http://ed.activities.at/entry.php?id=11671" "Mozilla/5.0 (Windows NT 6.1; WOW64; rv:56.0) Gecko/20100101 Firefox/56.0"
80.123.96.46 - - [21/Nov/2017:10:33:36 +0100] "GET /entry.php?id=10778&form=11496&name=list& HTTP/1.1" 200 5609 "http://ed.activities.at/entry.php?id=11671" "Mozilla/5.0 (Windows NT 6.1; WOW64; rv:56.0) Gecko/20100101 Firefox/56.0"
80.123.96.46 - - [21/Nov/2017:10:33:45 +0100] "POST /entry.php?id=11671 HTTP/1.1" 200 5072 "http://ed.activities.at/entry.php?id=11671" "Mozilla/5.0 (Windows NT 6.1; WOW64; rv:56.0) Gecko/20100101 Firefox/56.0"
80.123.96.46 - - [21/Nov/2017:10:33:46 +0100] "GET /gui/javascript/form_form.js?1511256826 HTTP/1.1" 200 16206 "http://ed.activities.at/entry.php?id=11671" "Mozilla/5.0 (Windows NT 6.1; WOW64; rv:56.0) Gecko/20100101 Firefox/56.0"
80.123.96.46 - - [21/Nov/2017:10:33:46 +0100] "GET /entry.php?id=10776&form=11496&name=list& HTTP/1.1" 200 1519 "http://ed.activities.at/entry.php?id=11671" "Mozilla/5.0 (Windows NT 6.1; WOW64; rv:56.0) Gecko/20100101 Firefox/56.0"
80.123.96.46 - - [21/Nov/2017:10:33:46 +0100] "GET /entry.php?id=10778&form=11496&name=list& HTTP/1.1" 200 5609 "http://ed.activities.at/entry.php?id=11671" "Mozilla/5.0 (Windows NT 6.1; WOW64; rv:56.0) Gecko/20100101 Firefox/56.0"
80.123.96.46 - - [21/Nov/2017:10:33:47 +0100] "POST /entry.php?id=11671 HTTP/1.1" 200 3328 "http://ed.activities.at/entry.php?id=11671" "Mozilla/5.0 (Windows NT 6.1; WOW64; rv:56.0) Gecko/20100101 Firefox/56.0"
80.123.96.46 - - [21/Nov/2017:10:33:47 +0100] "GET /gui/javascript/form_form.js?1511256827 HTTP/1.1" 200 16206 "http://ed.activities.at/entry.php?id=11671" "Mozilla/5.0 (Windows NT 6.1; WOW64; rv:56.0) Gecko/20100101 Firefox/56.0"
80.123.96.46 - - [21/Nov/2017:10:33:48 +0100] "GET /framework/webfx/javascript/tinymce/skins/lightgray/content.min.css HTTP/1.1" 404 325 "http://ed.activities.at/entry.php?id=11671" "Mozilla/5.0 (Windows NT 6.1; WOW64; rv:56.0) Gecko/20100101 Firefox/56.0"
80.123.96.46 - - [21/Nov/2017:10:34:00 +0100] "POST /entry.php?id=11671 HTTP/1.1" 200 3530 "http://ed.activities.at/entry.php?id=11671" "Mozilla/5.0 (Windows NT 6.1; WOW64; rv:56.0) Gecko/20100101 Firefox/56.0"
80.123.96.46 - - [21/Nov/2017:10:34:01 +0100] "GET /gui/javascript/form_form.js?1511256841 HTTP/1.1" 200 16206 "http://ed.activities.at/entry.php?id=11671" "Mozilla/5.0 (Windows NT 6.1; WOW64; rv:56.0) Gecko/20100101 Firefox/56.0"
80.123.96.46 - - [21/Nov/2017:10:34:01 +0100] "GET /framework/webfx/javascript/tinymce/skins/lightgray/content.min.css HTTP/1.1" 404 325 "http://ed.activities.at/entry.php?id=11671" "Mozilla/5.0 (Windows NT 6.1; WOW64; rv:56.0) Gecko/20100101 Firefox/56.0"
80.123.96.46 - - [21/Nov/2017:10:34:02 +0100] "POST /entry.php?id=11671 HTTP/1.1" 200 4899 "http://ed.activities.at/entry.php?id=11671" "Mozilla/5.0 (Windows NT 6.1; WOW64; rv:56.0) Gecko/20100101 Firefox/56.0"
80.123.96.46 - - [21/Nov/2017:10:34:02 +0100] "GET /gui/javascript/form_form.js?1511256842 HTTP/1.1" 200 16206 "http://ed.activities.at/entry.php?id=11671" "Mozilla/5.0 (Windows NT 6.1; WOW64; rv:56.0) Gecko/20100101 Firefox/56.0"
80.123.96.46 - - [21/Nov/2017:10:34:02 +0100] "GET /entry.php?id=10776&form=11496&name=list& HTTP/1.1" 200 1519 "http://ed.activities.at/entry.php?id=11671" "Mozilla/5.0 (Windows NT 6.1; WOW64; rv:56.0) Gecko/20100101 Firefox/56.0"
80.123.96.46 - - [21/Nov/2017:10:34:02 +0100] "GET /entry.php?id=10778&form=11496&name=list& HTTP/1.1" 200 5609 "http://ed.activities.at/entry.php?id=11671" "Mozilla/5.0 (Windows NT 6.1; WOW64; rv:56.0) Gecko/20100101 Firefox/56.0"
80.109.251.147 - - [21/Nov/2017:10:34:02 +0100] "GET /entry.php?id=10271&&ser=256782 HTTP/1.1" 200 987 "http://ed.activities.at/entry.php?id=10271&&ser=256722" "Mozilla/5.0 (Macintosh; Intel Mac OS X 10_13_1) AppleWebKit/537.36 (KHTML, like Gecko) Chrome/62.0.3202.94 Safari/537.36"
80.109.251.147 - - [21/Nov/2017:10:34:03 +0100] "GET /gui/javascript/form_form.js?1511256843 HTTP/1.1" 200 16206 "http://ed.activities.at/entry.php?id=10271&&ser=256782" "Mozilla/5.0 (Macintosh; Intel Mac OS X 10_13_1) AppleWebKit/537.36 (KHTML, like Gecko) Chrome/62.0.3202.94 Safari/537.36"
80.123.96.46 - - [21/Nov/2017:10:34:03 +0100] "POST /entry.php?id=11671 HTTP/1.1" 200 5056 "http://ed.activities.at/entry.php?id=11671" "Mozilla/5.0 (Windows NT 6.1; WOW64; rv:56.0) Gecko/20100101 Firefox/56.0"
80.123.96.46 - - [21/Nov/2017:10:34:04 +0100] "GET /gui/javascript/form_form.js?1511256844 HTTP/1.1" 200 16206 "http://ed.activities.at/entry.php?id=11671" "Mozilla/5.0 (Windows NT 6.1; WOW64; rv:56.0) Gecko/20100101 Firefox/56.0"
80.123.96.46 - - [21/Nov/2017:10:34:04 +0100] "GET /entry.php?id=10776&form=11496&name=list& HTTP/1.1" 200 1519 "http://ed.activities.at/entry.php?id=11671" "Mozilla/5.0 (Windows NT 6.1; WOW64; rv:56.0) Gecko/20100101 Firefox/56.0"
80.123.96.46 - - [21/Nov/2017:10:34:04 +0100] "GET /entry.php?id=10778&form=11496&name=list& HTTP/1.1" 200 5609 "http://ed.activities.at/entry.php?id=11671" "Mozilla/5.0 (Windows NT 6.1; WOW64; rv:56.0) Gecko/20100101 Firefox/56.0"
80.123.96.46 - - [21/Nov/2017:10:34:06 +0100] "POST /entry.php?id=11672 HTTP/1.1" 200 2712 "http://ed.activities.at/entry.php?id=11672" "Mozilla/5.0 (Windows NT 6.1; WOW64; rv:56.0) Gecko/20100101 Firefox/56.0"
80.123.96.46 - - [21/Nov/2017:10:34:07 +0100] "GET /gui/javascript/form_form.js?1511256847 HTTP/1.1" 200 16206 "http://ed.activities.at/entry.php?id=11672" "Mozilla/5.0 (Windows NT 6.1; WOW64; rv:56.0) Gecko/20100101 Firefox/56.0"
80.123.96.46 - - [21/Nov/2017:10:34:07 +0100] "GET /entry.php?id=10778&form=11497&name=list& HTTP/1.1" 200 3523 "http://ed.activities.at/entry.php?id=11672" "Mozilla/5.0 (Windows NT 6.1; WOW64; rv:56.0) Gecko/20100101 Firefox/56.0"
80.123.96.46 - - [21/Nov/2017:10:34:07 +0100] "GET /entry.php?id=10776&form=11497&name=list& HTTP/1.1" 200 1941 "http://ed.activities.at/entry.php?id=11672" "Mozilla/5.0 (Windows NT 6.1; WOW64; rv:56.0) Gecko/20100101 Firefox/56.0"
80.123.96.46 - - [21/Nov/2017:10:34:11 +0100] "POST /entry.php?id=11672 HTTP/1.1" 200 2713 "http://ed.activities.at/entry.php?id=11672" "Mozilla/5.0 (Windows NT 6.1; WOW64; rv:56.0) Gecko/20100101 Firefox/56.0"
80.123.96.46 - - [21/Nov/2017:10:34:12 +0100] "GET /gui/javascript/form_form.js?1511256852 HTTP/1.1" 200 16206 "http://ed.activities.at/entry.php?id=11672" "Mozilla/5.0 (Windows NT 6.1; WOW64; rv:56.0) Gecko/20100101 Firefox/56.0"
80.123.96.46 - - [21/Nov/2017:10:34:12 +0100] "GET /entry.php?id=10776&form=11497&name=list& HTTP/1.1" 200 1940 "http://ed.activities.at/entry.php?id=11672" "Mozilla/5.0 (Windows NT 6.1; WOW64; rv:56.0) Gecko/20100101 Firefox/56.0"
80.123.96.46 - - [21/Nov/2017:10:34:12 +0100] "GET /entry.php?id=10778&form=11497&name=list& HTTP/1.1" 200 3176 "http://ed.activities.at/entry.php?id=11672" "Mozilla/5.0 (Windows NT 6.1; WOW64; rv:56.0) Gecko/20100101 Firefox/56.0"
80.123.96.46 - - [21/Nov/2017:10:34:14 +0100] "POST /entry.php?id=11671 HTTP/1.1" 200 4902 "http://ed.activities.at/entry.php?id=11671" "Mozilla/5.0 (Windows NT 6.1; WOW64; rv:56.0) Gecko/20100101 Firefox/56.0"
80.123.96.46 - - [21/Nov/2017:10:34:14 +0100] "GET /gui/javascript/form_form.js?1511256854 HTTP/1.1" 200 16206 "http://ed.activities.at/entry.php?id=11671" "Mozilla/5.0 (Windows NT 6.1; WOW64; rv:56.0) Gecko/20100101 Firefox/56.0"
83.65.242.242 - - [21/Nov/2017:10:34:14 +0100] "GET /entry.php?id=10271&&ser=256794 HTTP/1.1" 200 988 "http://easydrivers.activities.at/entry.php?id=10271&&ser=256733" "Mozilla/5.0 (Windows NT 6.1; rv:57.0) Gecko/20100101 Firefox/57.0"
80.123.96.46 - - [21/Nov/2017:10:34:14 +0100] "GET /entry.php?id=10776&form=11496&name=list& HTTP/1.1" 200 1519 "http://ed.activities.at/entry.php?id=11671" "Mozilla/5.0 (Windows NT 6.1; WOW64; rv:56.0) Gecko/20100101 Firefox/56.0"
80.123.96.46 - - [21/Nov/2017:10:34:14 +0100] "GET /entry.php?id=10778&form=11496&name=list& HTTP/1.1" 200 5611 "http://ed.activities.at/entry.php?id=11671" "Mozilla/5.0 (Windows NT 6.1; WOW64; rv:56.0) Gecko/20100101 Firefox/56.0"
83.65.242.242 - - [21/Nov/2017:10:34:15 +0100] "GET /gui/javascript/form_form.js?1511256854 HTTP/1.1" 200 16206 "http://easydrivers.activities.at/entry.php?id=10271&&ser=256794" "Mozilla/5.0 (Windows NT 6.1; rv:57.0) Gecko/20100101 Firefox/57.0"
80.123.96.46 - - [21/Nov/2017:10:34:20 +0100] "GET /entry.php?id=10271&&ser=256800 HTTP/1.1" 200 987 "http://ed.activities.at/entry.php?id=10271&&ser=256731" "Mozilla/5.0 (Windows NT 6.1; WOW64; rv:56.0) Gecko/20100101 Firefox/56.0"
80.123.96.46 - - [21/Nov/2017:10:34:20 +0100] "GET /gui/javascript/form_form.js?1511256860 HTTP/1.1" 200 16206 "http://ed.activities.at/entry.php?id=10271&&ser=256800" "Mozilla/5.0 (Windows NT 6.1; WOW64; rv:56.0) Gecko/20100101 Firefox/56.0"
80.123.96.46 - - [21/Nov/2017:10:34:21 +0100] "POST /entry.php?id=11671 HTTP/1.1" 200 5087 "http://ed.activities.at/entry.php?id=11671" "Mozilla/5.0 (Windows NT 6.1; WOW64; rv:56.0) Gecko/20100101 Firefox/56.0"
80.123.96.46 - - [21/Nov/2017:10:34:22 +0100] "GET /gui/javascript/form_form.js?1511256862 HTTP/1.1" 200 16206 "http://ed.activities.at/entry.php?id=11671" "Mozilla/5.0 (Windows NT 6.1; WOW64; rv:56.0) Gecko/20100101 Firefox/56.0"
90.146.6.198 - - [21/Nov/2017:10:34:23 +0100] "GET /entry.php?id=10271&&ser=256802 HTTP/1.1" 200 987 "http://easydrivers.activities.at/entry.php?id=10271&&ser=256741" "Mozilla/5.0 (Windows NT 10.0; Win64; x64; rv:57.0) Gecko/20100101 Firefox/57.0"
80.123.96.46 - - [21/Nov/2017:10:34:23 +0100] "GET /entry.php?id=10776&form=11496&name=list& HTTP/1.1" 200 1519 "http://ed.activities.at/entry.php?id=11671" "Mozilla/5.0 (Windows NT 6.1; WOW64; rv:56.0) Gecko/20100101 Firefox/56.0"
80.123.96.46 - - [21/Nov/2017:10:34:23 +0100] "GET /entry.php?id=10778&form=11496&name=list& HTTP/1.1" 200 5611 "http://ed.activities.at/entry.php?id=11671" "Mozilla/5.0 (Windows NT 6.1; WOW64; rv:56.0) Gecko/20100101 Firefox/56.0"
90.146.6.198 - - [21/Nov/2017:10:34:23 +0100] "GET /gui/javascript/form_form.js?1511256863 HTTP/1.1" 200 16206 "http://easydrivers.activities.at/entry.php?id=10271&&ser=256802" "Mozilla/5.0 (Windows NT 10.0; Win64; x64; rv:57.0) Gecko/20100101 Firefox/57.0"
80.123.96.46 - - [21/Nov/2017:10:34:23 +0100] "POST /entry.php?id=11671 HTTP/1.1" 200 3345 "http://ed.activities.at/entry.php?id=11671" "Mozilla/5.0 (Windows NT 6.1; WOW64; rv:56.0) Gecko/20100101 Firefox/56.0"
80.123.96.46 - - [21/Nov/2017:10:34:24 +0100] "GET /gui/javascript/form_form.js?1511256864 HTTP/1.1" 200 16206 "http://ed.activities.at/entry.php?id=11671" "Mozilla/5.0 (Windows NT 6.1; WOW64; rv:56.0) Gecko/20100101 Firefox/56.0"
80.123.96.46 - - [21/Nov/2017:10:34:24 +0100] "GET /framework/webfx/javascript/tinymce/skins/lightgray/content.min.css HTTP/1.1" 404 325 "http://ed.activities.at/entry.php?id=11671" "Mozilla/5.0 (Windows NT 6.1; WOW64; rv:56.0) Gecko/20100101 Firefox/56.0"
80.123.96.46 - - [21/Nov/2017:10:34:30 +0100] "POST /entry.php?id=11671 HTTP/1.1" 200 3541 "http://ed.activities.at/entry.php?id=11671" "Mozilla/5.0 (Windows NT 6.1; WOW64; rv:56.0) Gecko/20100101 Firefox/56.0"
80.123.96.46 - - [21/Nov/2017:10:34:31 +0100] "GET /gui/javascript/form_form.js?1511256871 HTTP/1.1" 200 16206 "http://ed.activities.at/entry.php?id=11671" "Mozilla/5.0 (Windows NT 6.1; WOW64; rv:56.0) Gecko/20100101 Firefox/56.0"
