83.65.242.242 - - [21/Nov/2017:10:20:08 +0100] "GET /gui/javascript/form_form.js?1511256008 HTTP/1.1" 200 16206 "http://easydrivers.activities.at/entry.php?id=10271&&ser=255947" "Mozilla/5.0 (Windows NT 6.1; rv:57.0) Gecko/20100101 Firefox/57.0"
90.146.6.198 - - [21/Nov/2017:10:20:16 +0100] "GET /entry.php?id=10271&&ser=255956 HTTP/1.1" 200 987 "http://easydrivers.activities.at/entry.php?id=10271&&ser=255895" "Mozilla/5.0 (Windows NT 10.0; Win64; x64; rv:57.0) Gecko/20100101 Firefox/57.0"
90.146.6.198 - - [21/Nov/2017:10:20:16 +0100] "GET /gui/javascript/form_form.js?1511256016 HTTP/1.1" 200 16206 "http://easydrivers.activities.at/entry.php?id=10271&&ser=255956" "Mozilla/5.0 (Windows NT 10.0; Win64; x64; rv:57.0) Gecko/20100101 Firefox/57.0"
80.109.251.147 - - [21/Nov/2017:10:20:58 +0100] "GET /entry.php?id=10271&&ser=255997 HTTP/1.1" 200 988 "http://ed.activities.at/entry.php?id=10271&&ser=255937" "Mozilla/5.0 (Macintosh; Intel Mac OS X 10_13_1) AppleWebKit/537.36 (KHTML, like Gecko) Chrome/62.0.3202.94 Safari/537.36"
80.109.251.147 - - [21/Nov/2017:10:20:58 +0100] "GET /gui/javascript/form_form.js?1511256058 HTTP/1.1" 200 16206 "http://ed.activities.at/entry.php?id=10271&&ser=255997" "Mozilla/5.0 (Macintosh; Intel Mac OS X 10_13_1) AppleWebKit/537.36 (KHTML, like Gecko) Chrome/62.0.3202.94 Safari/537.36"
83.65.242.242 - - [21/Nov/2017:10:21:08 +0100] "GET /entry.php?id=10271&&ser=256008 HTTP/1.1" 200 987 "http://easydrivers.activities.at/entry.php?id=10271&&ser=255947" "Mozilla/5.0 (Windows NT 6.1; rv:57.0) Gecko/20100101 Firefox/57.0"
83.65.242.242 - - [21/Nov/2017:10:21:08 +0100] "GET /gui/javascript/form_form.js?1511256068 HTTP/1.1" 200 16206 "http://easydrivers.activities.at/entry.php?id=10271&&ser=256008" "Mozilla/5.0 (Windows NT 6.1; rv:57.0) Gecko/20100101 Firefox/57.0"
90.146.6.198 - - [21/Nov/2017:10:21:16 +0100] "GET /entry.php?id=10271&&ser=256016 HTTP/1.1" 200 987 "http://easydrivers.activities.at/entry.php?id=10271&&ser=255956" "Mozilla/5.0 (Windows NT 10.0; Win64; x64; rv:57.0) Gecko/20100101 Firefox/57.0"
90.146.6.198 - - [21/Nov/2017:10:21:17 +0100] "GET /gui/javascript/form_form.js?1511256077 HTTP/1.1" 200 16206 "http://easydrivers.activities.at/entry.php?id=10271&&ser=256016" "Mozilla/5.0 (Windows NT 10.0; Win64; x64; rv:57.0) Gecko/20100101 Firefox/57.0"
80.109.251.147 - - [21/Nov/2017:10:21:58 +0100] "GET /entry.php?id=10271&&ser=256058 HTTP/1.1" 200 987 "http://ed.activities.at/entry.php?id=10271&&ser=255997" "Mozilla/5.0 (Macintosh; Intel Mac OS X 10_13_1) AppleWebKit/537.36 (KHTML, like Gecko) Chrome/62.0.3202.94 Safari/537.36"
80.109.251.147 - - [21/Nov/2017:10:21:58 +0100] "GET /gui/javascript/form_form.js?1511256118 HTTP/1.1" 200 16206 "http://ed.activities.at/entry.php?id=10271&&ser=256058" "Mozilla/5.0 (Macintosh; Intel Mac OS X 10_13_1) AppleWebKit/537.36 (KHTML, like Gecko) Chrome/62.0.3202.94 Safari/537.36"
83.65.242.242 - - [21/Nov/2017:10:22:08 +0100] "GET /entry.php?id=10271&&ser=256068 HTTP/1.1" 200 987 "http://easydrivers.activities.at/entry.php?id=10271&&ser=256008" "Mozilla/5.0 (Windows NT 6.1; rv:57.0) Gecko/20100101 Firefox/57.0"
83.65.242.242 - - [21/Nov/2017:10:22:09 +0100] "GET /gui/javascript/form_form.js?1511256129 HTTP/1.1" 200 16206 "http://easydrivers.activities.at/entry.php?id=10271&&ser=256068" "Mozilla/5.0 (Windows NT 6.1; rv:57.0) Gecko/20100101 Firefox/57.0"
90.146.6.198 - - [21/Nov/2017:10:22:17 +0100] "GET /entry.php?id=10271&&ser=256077 HTTP/1.1" 200 987 "http://easydrivers.activities.at/entry.php?id=10271&&ser=256016" "Mozilla/5.0 (Windows NT 10.0; Win64; x64; rv:57.0) Gecko/20100101 Firefox/57.0"
90.146.6.198 - - [21/Nov/2017:10:22:17 +0100] "GET /gui/javascript/form_form.js?1511256137 HTTP/1.1" 200 16206 "http://easydrivers.activities.at/entry.php?id=10271&&ser=256077" "Mozilla/5.0 (Windows NT 10.0; Win64; x64; rv:57.0) Gecko/20100101 Firefox/57.0"
80.109.251.147 - - [21/Nov/2017:10:22:59 +0100] "GET /entry.php?id=10271&&ser=256118 HTTP/1.1" 200 987 "http://ed.activities.at/entry.php?id=10271&&ser=256058" "Mozilla/5.0 (Macintosh; Intel Mac OS X 10_13_1) AppleWebKit/537.36 (KHTML, like Gecko) Chrome/62.0.3202.94 Safari/537.36"
80.109.251.147 - - [21/Nov/2017:10:22:59 +0100] "GET /gui/javascript/form_form.js?1511256179 HTTP/1.1" 200 16206 "http://ed.activities.at/entry.php?id=10271&&ser=256118" "Mozilla/5.0 (Macintosh; Intel Mac OS X 10_13_1) AppleWebKit/537.36 (KHTML, like Gecko) Chrome/62.0.3202.94 Safari/537.36"
83.65.242.242 - - [21/Nov/2017:10:23:09 +0100] "GET /entry.php?id=10271&&ser=256129 HTTP/1.1" 200 987 "http://easydrivers.activities.at/entry.php?id=10271&&ser=256068" "Mozilla/5.0 (Windows NT 6.1; rv:57.0) Gecko/20100101 Firefox/57.0"
83.65.242.242 - - [21/Nov/2017:10:23:09 +0100] "GET /gui/javascript/form_form.js?1511256189 HTTP/1.1" 200 16206 "http://easydrivers.activities.at/entry.php?id=10271&&ser=256129" "Mozilla/5.0 (Windows NT 6.1; rv:57.0) Gecko/20100101 Firefox/57.0"
90.146.6.198 - - [21/Nov/2017:10:23:17 +0100] "GET /entry.php?id=10271&&ser=256137 HTTP/1.1" 200 987 "http://easydrivers.activities.at/entry.php?id=10271&&ser=256077" "Mozilla/5.0 (Windows NT 10.0; Win64; x64; rv:57.0) Gecko/20100101 Firefox/57.0"
90.146.6.198 - - [21/Nov/2017:10:23:18 +0100] "GET /gui/javascript/form_form.js?1511256197 HTTP/1.1" 200 16206 "http://easydrivers.activities.at/entry.php?id=10271&&ser=256137" "Mozilla/5.0 (Windows NT 10.0; Win64; x64; rv:57.0) Gecko/20100101 Firefox/57.0"
80.109.251.147 - - [21/Nov/2017:10:23:59 +0100] "GET /entry.php?id=10271&&ser=256179 HTTP/1.1" 200 988 "http://ed.activities.at/entry.php?id=10271&&ser=256118" "Mozilla/5.0 (Macintosh; Intel Mac OS X 10_13_1) AppleWebKit/537.36 (KHTML, like Gecko) Chrome/62.0.3202.94 Safari/537.36"
80.109.251.147 - - [21/Nov/2017:10:23:59 +0100] "GET /gui/javascript/form_form.js?1511256239 HTTP/1.1" 200 16206 "http://ed.activities.at/entry.php?id=10271&&ser=256179" "Mozilla/5.0 (Macintosh; Intel Mac OS X 10_13_1) AppleWebKit/537.36 (KHTML, like Gecko) Chrome/62.0.3202.94 Safari/537.36"
83.65.242.242 - - [21/Nov/2017:10:24:09 +0100] "GET /entry.php?id=10271&&ser=256189 HTTP/1.1" 200 986 "http://easydrivers.activities.at/entry.php?id=10271&&ser=256129" "Mozilla/5.0 (Windows NT 6.1; rv:57.0) Gecko/20100101 Firefox/57.0"
83.65.242.242 - - [21/Nov/2017:10:24:10 +0100] "GET /gui/javascript/form_form.js?1511256250 HTTP/1.1" 200 16206 "http://easydrivers.activities.at/entry.php?id=10271&&ser=256189" "Mozilla/5.0 (Windows NT 6.1; rv:57.0) Gecko/20100101 Firefox/57.0"
90.146.6.198 - - [21/Nov/2017:10:24:18 +0100] "GET /entry.php?id=10271&&ser=256197 HTTP/1.1" 200 988 "http://easydrivers.activities.at/entry.php?id=10271&&ser=256137" "Mozilla/5.0 (Windows NT 10.0; Win64; x64; rv:57.0) Gecko/20100101 Firefox/57.0"
90.146.6.198 - - [21/Nov/2017:10:24:18 +0100] "GET /gui/javascript/form_form.js?1511256258 HTTP/1.1" 200 16206 "http://easydrivers.activities.at/entry.php?id=10271&&ser=256197" "Mozilla/5.0 (Windows NT 10.0; Win64; x64; rv:57.0) Gecko/20100101 Firefox/57.0"
80.109.251.147 - - [21/Nov/2017:10:24:59 +0100] "GET /entry.php?id=10271&&ser=256239 HTTP/1.1" 200 988 "http://ed.activities.at/entry.php?id=10271&&ser=256179" "Mozilla/5.0 (Macintosh; Intel Mac OS X 10_13_1) AppleWebKit/537.36 (KHTML, like Gecko) Chrome/62.0.3202.94 Safari/537.36"
80.109.251.147 - - [21/Nov/2017:10:24:59 +0100] "GET /gui/javascript/form_form.js?1511256299 HTTP/1.1" 200 16206 "http://ed.activities.at/entry.php?id=10271&&ser=256239" "Mozilla/5.0 (Macintosh; Intel Mac OS X 10_13_1) AppleWebKit/537.36 (KHTML, like Gecko) Chrome/62.0.3202.94 Safari/537.36"
83.65.242.242 - - [21/Nov/2017:10:25:10 +0100] "GET /entry.php?id=10271&&ser=256250 HTTP/1.1" 200 987 "http://easydrivers.activities.at/entry.php?id=10271&&ser=256189" "Mozilla/5.0 (Windows NT 6.1; rv:57.0) Gecko/20100101 Firefox/57.0"
83.65.242.242 - - [21/Nov/2017:10:25:10 +0100] "GET /gui/javascript/form_form.js?1511256310 HTTP/1.1" 200 16206 "http://easydrivers.activities.at/entry.php?id=10271&&ser=256250" "Mozilla/5.0 (Windows NT 6.1; rv:57.0) Gecko/20100101 Firefox/57.0"
90.146.6.198 - - [21/Nov/2017:10:25:18 +0100] "GET /entry.php?id=10271&&ser=256258 HTTP/1.1" 200 987 "http://easydrivers.activities.at/entry.php?id=10271&&ser=256197" "Mozilla/5.0 (Windows NT 10.0; Win64; x64; rv:57.0) Gecko/20100101 Firefox/57.0"
90.146.6.198 - - [21/Nov/2017:10:25:18 +0100] "GET /gui/javascript/form_form.js?1511256318 HTTP/1.1" 200 16206 "http://easydrivers.activities.at/entry.php?id=10271&&ser=256258" "Mozilla/5.0 (Windows NT 10.0; Win64; x64; rv:57.0) Gecko/20100101 Firefox/57.0"
80.123.96.46 - - [21/Nov/2017:10:25:56 +0100] "GET /layout.php HTTP/1.1" 200 910 "-" "Mozilla/5.0 (Windows NT 6.1; WOW64; rv:56.0) Gecko/20100101 Firefox/56.0"
80.123.96.46 - - [21/Nov/2017:10:25:56 +0100] "GET /activities.ico HTTP/1.1" 200 1406 "-" "Mozilla/5.0 (Windows NT 6.1; WOW64; rv:56.0) Gecko/20100101 Firefox/56.0"
80.123.96.46 - - [21/Nov/2017:10:25:56 +0100] "GET /gui/javascript/form_form.js HTTP/1.1" 200 16206 "http://ed.activities.at/layout.php" "Mozilla/5.0 (Windows NT 6.1; WOW64; rv:56.0) Gecko/20100101 Firefox/56.0"
80.123.96.46 - - [21/Nov/2017:10:25:56 +0100] "GET /entry.php?id=10270 HTTP/1.1" 200 909 "http://ed.activities.at/layout.php" "Mozilla/5.0 (Windows NT 6.1; WOW64; rv:56.0) Gecko/20100101 Firefox/56.0"
80.123.96.46 - - [21/Nov/2017:10:25:56 +0100] "GET /entry.php?id=10272 HTTP/1.1" 200 1190 "http://ed.activities.at/layout.php" "Mozilla/5.0 (Windows NT 6.1; WOW64; rv:56.0) Gecko/20100101 Firefox/56.0"
80.123.96.46 - - [21/Nov/2017:10:25:56 +0100] "GET /gui/javascript/jquery/css/gui-themes/ui.spinner.css HTTP/1.1" 200 350 "http://ed.activities.at/entry.php?id=10270" "Mozilla/5.0 (Windows NT 6.1; WOW64; rv:56.0) Gecko/20100101 Firefox/56.0"
80.123.96.46 - - [21/Nov/2017:10:25:56 +0100] "GET /gui/javascript/jquery/css/gui-themes/custom.min.css HTTP/1.1" 200 5618 "http://ed.activities.at/entry.php?id=10270" "Mozilla/5.0 (Windows NT 6.1; WOW64; rv:56.0) Gecko/20100101 Firefox/56.0"
80.123.96.46 - - [21/Nov/2017:10:25:56 +0100] "GET /gui/javascript/jquery/css/gui-themes/jquery.tooltip.css HTTP/1.1" 200 246 "http://ed.activities.at/entry.php?id=10270" "Mozilla/5.0 (Windows NT 6.1; WOW64; rv:56.0) Gecko/20100101 Firefox/56.0"
80.123.96.46 - - [21/Nov/2017:10:25:56 +0100] "GET /gui/javascript/form_form.js?1511256356 HTTP/1.1" 200 16206 "http://ed.activities.at/entry.php?id=10270" "Mozilla/5.0 (Windows NT 6.1; WOW64; rv:56.0) Gecko/20100101 Firefox/56.0"
80.123.96.46 - - [21/Nov/2017:10:25:56 +0100] "GET /entry.php?id=10273 HTTP/1.1" 200 1933 "http://ed.activities.at/layout.php" "Mozilla/5.0 (Windows NT 6.1; WOW64; rv:56.0) Gecko/20100101 Firefox/56.0"
80.123.96.46 - - [21/Nov/2017:10:25:56 +0100] "GET /entry.php?id=11412 HTTP/1.1" 200 1759 "http://ed.activities.at/layout.php" "Mozilla/5.0 (Windows NT 6.1; WOW64; rv:56.0) Gecko/20100101 Firefox/56.0"
80.123.96.46 - - [21/Nov/2017:10:25:56 +0100] "GET /gui/javascript/jquery/jquery-tooltip/jquery.tooltip.min.js HTTP/1.1" 200 1982 "http://ed.activities.at/entry.php?id=10270" "Mozilla/5.0 (Windows NT 6.1; WOW64; rv:56.0) Gecko/20100101 Firefox/56.0"
80.123.96.46 - - [21/Nov/2017:10:25:56 +0100] "GET /gui/styles/tmplDefault.css HTTP/1.1" 200 2135 "http://ed.activities.at/entry.php?id=10272" "Mozilla/5.0 (Windows NT 6.1; WOW64; rv:56.0) Gecko/20100101 Firefox/56.0"
80.123.96.46 - - [21/Nov/2017:10:25:56 +0100] "GET /gui/javascript/jquery/js/jquery-ui-1.9.0.custom.min.js HTTP/1.1" 200 51286 "http://ed.activities.at/entry.php?id=10270" "Mozilla/5.0 (Windows NT 6.1; WOW64; rv:56.0) Gecko/20100101 Firefox/56.0"
80.123.96.46 - - [21/Nov/2017:10:25:56 +0100] "GET /gui/javascript/jquery/js/jquery-1.8.2.js HTTP/1.1" 200 35391 "http://ed.activities.at/entry.php?id=10270" "Mozilla/5.0 (Windows NT 6.1; WOW64; rv:56.0) Gecko/20100101 Firefox/56.0"
80.123.96.46 - - [21/Nov/2017:10:25:56 +0100] "GET /framework/webfx/javascript/statusbar/statusBar.js HTTP/1.1" 200 649 "http://ed.activities.at/entry.php?id=10272" "Mozilla/5.0 (Windows NT 6.1; WOW64; rv:56.0) Gecko/20100101 Firefox/56.0"
80.123.96.46 - - [21/Nov/2017:10:25:56 +0100] "GET /framework/webfx/style/toolbar/cb2.css HTTP/1.1" 200 793 "http://ed.activities.at/entry.php?id=10273" "Mozilla/5.0 (Windows NT 6.1; WOW64; rv:56.0) Gecko/20100101 Firefox/56.0"
80.123.96.46 - - [21/Nov/2017:10:25:56 +0100] "GET /framework/webfx/javascript/toolbar/ieemu.js HTTP/1.1" 200 2366 "http://ed.activities.at/entry.php?id=10273" "Mozilla/5.0 (Windows NT 6.1; WOW64; rv:56.0) Gecko/20100101 Firefox/56.0"
80.123.96.46 - - [21/Nov/2017:10:25:56 +0100] "GET /framework/webfx/javascript/toolbar/cb2.js HTTP/1.1" 200 1686 "http://ed.activities.at/entry.php?id=10273" "Mozilla/5.0 (Windows NT 6.1; WOW64; rv:56.0) Gecko/20100101 Firefox/56.0"
80.123.96.46 - - [21/Nov/2017:10:25:56 +0100] "GET /gui/images/icons/cancel.gif HTTP/1.1" 200 125 "http://ed.activities.at/entry.php?id=11412" "Mozilla/5.0 (Windows NT 6.1; WOW64; rv:56.0) Gecko/20100101 Firefox/56.0"
80.123.96.46 - - [21/Nov/2017:10:25:56 +0100] "GET /gui/images/icons/Logo_activites_RGB.gif HTTP/1.1" 200 1336 "http://ed.activities.at/entry.php?id=10273" "Mozilla/5.0 (Windows NT 6.1; WOW64; rv:56.0) Gecko/20100101 Firefox/56.0"
80.123.96.46 - - [21/Nov/2017:10:25:57 +0100] "GET /gui/images/emptybar.gif HTTP/1.1" 200 89 "http://ed.activities.at/entry.php?id=10272" "Mozilla/5.0 (Windows NT 6.1; WOW64; rv:56.0) Gecko/20100101 Firefox/56.0"
80.123.96.46 - - [21/Nov/2017:10:25:56 +0100] "GET /entry.php?id=10287 HTTP/1.1" 200 2387 "http://ed.activities.at/entry.php?id=11412" "Mozilla/5.0 (Windows NT 6.1; WOW64; rv:56.0) Gecko/20100101 Firefox/56.0"
80.123.96.46 - - [21/Nov/2017:10:25:57 +0100] "GET /entry.php?id=10271&UIN=a99247a021d4fbbc02eff1a8eb345067 HTTP/1.1" 200 935 "http://ed.activities.at/entry.php?id=10272" "Mozilla/5.0 (Windows NT 6.1; WOW64; rv:56.0) Gecko/20100101 Firefox/56.0"
80.123.96.46 - - [21/Nov/2017:10:25:57 +0100] "GET /gui/javascript/form_form.js?1511256357 HTTP/1.1" 200 16206 "http://ed.activities.at/entry.php?id=10287" "Mozilla/5.0 (Windows NT 6.1; WOW64; rv:56.0) Gecko/20100101 Firefox/56.0"
80.123.96.46 - - [21/Nov/2017:10:25:57 +0100] "GET /entry.php?id=10270& HTTP/1.1" 200 909 "http://ed.activities.at/entry.php?id=10287" "Mozilla/5.0 (Windows NT 6.1; WOW64; rv:56.0) Gecko/20100101 Firefox/56.0"
80.123.96.46 - - [21/Nov/2017:10:25:57 +0100] "GET /entry.php?id=10273& HTTP/1.1" 200 1902 "http://ed.activities.at/entry.php?id=10287" "Mozilla/5.0 (Windows NT 6.1; WOW64; rv:56.0) Gecko/20100101 Firefox/56.0"
80.109.251.147 - - [21/Nov/2017:10:26:00 +0100] "GET /entry.php?id=10271&&ser=256299 HTTP/1.1" 200 987 "http://ed.activities.at/entry.php?id=10271&&ser=256239" "Mozilla/5.0 (Macintosh; Intel Mac OS X 10_13_1) AppleWebKit/537.36 (KHTML, like Gecko) Chrome/62.0.3202.94 Safari/537.36"
80.109.251.147 - - [21/Nov/2017:10:26:00 +0100] "GET /gui/javascript/form_form.js?1511256360 HTTP/1.1" 200 16206 "http://ed.activities.at/entry.php?id=10271&&ser=256299" "Mozilla/5.0 (Macintosh; Intel Mac OS X 10_13_1) AppleWebKit/537.36 (KHTML, like Gecko) Chrome/62.0.3202.94 Safari/537.36"
80.123.96.46 - - [21/Nov/2017:10:26:07 +0100] "GET /gui/images/progressbar.gif HTTP/1.1" 200 2157 "http://ed.activities.at/entry.php?id=10272" "Mozilla/5.0 (Windows NT 6.1; WOW64; rv:56.0) Gecko/20100101 Firefox/56.0"
80.123.96.46 - - [21/Nov/2017:10:26:07 +0100] "POST /entry.php?id=10287& HTTP/1.1" 200 2280 "http://ed.activities.at/entry.php?id=10287" "Mozilla/5.0 (Windows NT 6.1; WOW64; rv:56.0) Gecko/20100101 Firefox/56.0"
80.123.96.46 - - [21/Nov/2017:10:26:08 +0100] "GET /gui/javascript/form_form.js?1511256368 HTTP/1.1" 200 16206 "http://ed.activities.at/entry.php?id=10287&" "Mozilla/5.0 (Windows NT 6.1; WOW64; rv:56.0) Gecko/20100101 Firefox/56.0"
80.123.96.46 - - [21/Nov/2017:10:26:08 +0100] "GET /entry.php?id=10271&UIN=a99247a021d4fbbc02eff1a8eb345067 HTTP/1.1" 200 987 "http://ed.activities.at/entry.php?id=10272" "Mozilla/5.0 (Windows NT 6.1; WOW64; rv:56.0) Gecko/20100101 Firefox/56.0"
80.123.96.46 - - [21/Nov/2017:10:26:08 +0100] "GET /gui/javascript/jquery/css/gui-themes/custom.min.css HTTP/1.1" 304 - "http://ed.activities.at/entry.php?id=10271&UIN=a99247a021d4fbbc02eff1a8eb345067" "Mozilla/5.0 (Windows NT 6.1; WOW64; rv:56.0) Gecko/20100101 Firefox/56.0"
80.123.96.46 - - [21/Nov/2017:10:26:08 +0100] "GET /gui/styles/tmplDefault.css HTTP/1.1" 304 - "http://ed.activities.at/entry.php?id=10271&UIN=a99247a021d4fbbc02eff1a8eb345067" "Mozilla/5.0 (Windows NT 6.1; WOW64; rv:56.0) Gecko/20100101 Firefox/56.0"
80.123.96.46 - - [21/Nov/2017:10:26:08 +0100] "GET /gui/javascript/jquery/css/gui-themes/ui.spinner.css HTTP/1.1" 304 - "http://ed.activities.at/entry.php?id=10271&UIN=a99247a021d4fbbc02eff1a8eb345067" "Mozilla/5.0 (Windows NT 6.1; WOW64; rv:56.0) Gecko/20100101 Firefox/56.0"
80.123.96.46 - - [21/Nov/2017:10:26:08 +0100] "GET /gui/javascript/form_form.js?1511256368 HTTP/1.1" 304 - "http://ed.activities.at/entry.php?id=10271&UIN=a99247a021d4fbbc02eff1a8eb345067" "Mozilla/5.0 (Windows NT 6.1; WOW64; rv:56.0) Gecko/20100101 Firefox/56.0"
80.123.96.46 - - [21/Nov/2017:10:26:08 +0100] "GET /gui/javascript/jquery/css/gui-themes/jquery.tooltip.css HTTP/1.1" 304 - "http://ed.activities.at/entry.php?id=10271&UIN=a99247a021d4fbbc02eff1a8eb345067" "Mozilla/5.0 (Windows NT 6.1; WOW64; rv:56.0) Gecko/20100101 Firefox/56.0"
80.123.96.46 - - [21/Nov/2017:10:26:08 +0100] "GET /gui/javascript/jquery/js/jquery-1.8.2.js HTTP/1.1" 304 - "http://ed.activities.at/entry.php?id=10271&UIN=a99247a021d4fbbc02eff1a8eb345067" "Mozilla/5.0 (Windows NT 6.1; WOW64; rv:56.0) Gecko/20100101 Firefox/56.0"
80.123.96.46 - - [21/Nov/2017:10:26:08 +0100] "GET /entry.php?id=10273& HTTP/1.1" 200 2029 "http://ed.activities.at/entry.php?id=10287&" "Mozilla/5.0 (Windows NT 6.1; WOW64; rv:56.0) Gecko/20100101 Firefox/56.0"
80.123.96.46 - - [21/Nov/2017:10:26:09 +0100] "GET /gui/javascript/jquery/js/jquery-ui-1.9.0.custom.min.js HTTP/1.1" 304 - "http://ed.activities.at/entry.php?id=10271&UIN=a99247a021d4fbbc02eff1a8eb345067" "Mozilla/5.0 (Windows NT 6.1; WOW64; rv:56.0) Gecko/20100101 Firefox/56.0"
80.123.96.46 - - [21/Nov/2017:10:26:09 +0100] "GET /gui/javascript/jquery/jquery-tooltip/jquery.tooltip.min.js HTTP/1.1" 304 - "http://ed.activities.at/entry.php?id=10271&UIN=a99247a021d4fbbc02eff1a8eb345067" "Mozilla/5.0 (Windows NT 6.1; WOW64; rv:56.0) Gecko/20100101 Firefox/56.0"
80.123.96.46 - - [21/Nov/2017:10:26:09 +0100] "GET /framework/webfx/style/toolbar/images/cbback.gif HTTP/1.1" 404 313 "http://ed.activities.at/framework/webfx/style/toolbar/cb2.css" "Mozilla/5.0 (Windows NT 6.1; WOW64; rv:56.0) Gecko/20100101 Firefox/56.0"
80.123.96.46 - - [21/Nov/2017:10:26:09 +0100] "GET /entry.php?id=10270&__app__=10006038 HTTP/1.1" 200 1649 "http://ed.activities.at/entry.php?id=10273&" "Mozilla/5.0 (Windows NT 6.1; WOW64; rv:56.0) Gecko/20100101 Firefox/56.0"
80.123.96.46 - - [21/Nov/2017:10:26:09 +0100] "GET /framework/webfx/javascript/navigation/crossbrowser.js HTTP/1.1" 200 1842 "http://ed.activities.at/entry.php?id=10270&__app__=10006038" "Mozilla/5.0 (Windows NT 6.1; WOW64; rv:56.0) Gecko/20100101 Firefox/56.0"
80.123.96.46 - - [21/Nov/2017:10:26:09 +0100] "GET /framework/webfx/javascript/navigation/outlook.js HTTP/1.1" 200 6351 "http://ed.activities.at/entry.php?id=10270&__app__=10006038" "Mozilla/5.0 (Windows NT 6.1; WOW64; rv:56.0) Gecko/20100101 Firefox/56.0"
80.123.96.46 - - [21/Nov/2017:10:26:09 +0100] "GET /gui/javascript/form_form.js?1511256369 HTTP/1.1" 200 16206 "http://ed.activities.at/entry.php?id=10270&__app__=10006038" "Mozilla/5.0 (Windows NT 6.1; WOW64; rv:56.0) Gecko/20100101 Firefox/56.0"
80.123.96.46 - - [21/Nov/2017:10:26:09 +0100] "GET /gui/images/icons/pers_einstellungen.gif HTTP/1.1" 200 1461 "http://ed.activities.at/entry.php?id=10270&__app__=10006038" "Mozilla/5.0 (Windows NT 6.1; WOW64; rv:56.0) Gecko/20100101 Firefox/56.0"
80.123.96.46 - - [21/Nov/2017:10:26:09 +0100] "GET /framework/icons/navigation/arrowup.gif HTTP/1.1" 200 407 "http://ed.activities.at/entry.php?id=10270&__app__=10006038" "Mozilla/5.0 (Windows NT 6.1; WOW64; rv:56.0) Gecko/20100101 Firefox/56.0"
80.123.96.46 - - [21/Nov/2017:10:26:09 +0100] "GET /framework/icons/navigation/arrowdown.gif HTTP/1.1" 200 424 "http://ed.activities.at/entry.php?id=10270&__app__=10006038" "Mozilla/5.0 (Windows NT 6.1; WOW64; rv:56.0) Gecko/20100101 Firefox/56.0"
80.123.96.46 - - [21/Nov/2017:10:26:09 +0100] "GET /gui/images/icons/i_artikel.gif HTTP/1.1" 200 1765 "http://ed.activities.at/entry.php?id=10270&__app__=10006038" "Mozilla/5.0 (Windows NT 6.1; WOW64; rv:56.0) Gecko/20100101 Firefox/56.0"
80.123.96.46 - - [21/Nov/2017:10:26:09 +0100] "GET /gui/images/icons/i_firmen.gif HTTP/1.1" 200 1463 "http://ed.activities.at/entry.php?id=10270&__app__=10006038" "Mozilla/5.0 (Windows NT 6.1; WOW64; rv:56.0) Gecko/20100101 Firefox/56.0"
80.123.96.46 - - [21/Nov/2017:10:26:09 +0100] "GET /gui/images/icons/i_haendler_sollverteiler.gif HTTP/1.1" 200 1330 "http://ed.activities.at/entry.php?id=10270&__app__=10006038" "Mozilla/5.0 (Windows NT 6.1; WOW64; rv:56.0) Gecko/20100101 Firefox/56.0"
80.123.96.46 - - [21/Nov/2017:10:26:09 +0100] "GET /gui/images/icons/menumanagement.gif HTTP/1.1" 200 204 "http://ed.activities.at/entry.php?id=10270&__app__=10006038" "Mozilla/5.0 (Windows NT 6.1; WOW64; rv:56.0) Gecko/20100101 Firefox/56.0"
80.123.96.46 - - [21/Nov/2017:10:26:09 +0100] "GET /gui/images/icons/i_aktionen.gif HTTP/1.1" 200 1920 "http://ed.activities.at/entry.php?id=10270&__app__=10006038" "Mozilla/5.0 (Windows NT 6.1; WOW64; rv:56.0) Gecko/20100101 Firefox/56.0"
80.123.96.46 - - [21/Nov/2017:10:26:09 +0100] "GET /gui/images/icons/i_aktionsreminder.gif HTTP/1.1" 200 2181 "http://ed.activities.at/entry.php?id=10270&__app__=10006038" "Mozilla/5.0 (Windows NT 6.1; WOW64; rv:56.0) Gecko/20100101 Firefox/56.0"
80.123.96.46 - - [21/Nov/2017:10:26:09 +0100] "GET /gui/images/icons/artikelbearbeitung_verfassung.gif HTTP/1.1" 200 1719 "http://ed.activities.at/entry.php?id=10270&__app__=10006038" "Mozilla/5.0 (Windows NT 6.1; WOW64; rv:56.0) Gecko/20100101 Firefox/56.0"
80.123.96.46 - - [21/Nov/2017:10:26:09 +0100] "GET /undefined HTTP/1.1" 404 283 "http://ed.activities.at/entry.php?id=10270&__app__=10006038" "Mozilla/5.0 (Windows NT 6.1; WOW64; rv:56.0) Gecko/20100101 Firefox/56.0"
80.123.96.46 - - [21/Nov/2017:10:26:10 +0100] "GET /entry.php?id=11673 HTTP/1.1" 200 358 "http://ed.activities.at/entry.php?id=10270&__app__=10006038" "Mozilla/5.0 (Windows NT 6.1; WOW64; rv:56.0) Gecko/20100101 Firefox/56.0"
83.65.242.242 - - [21/Nov/2017:10:26:10 +0100] "GET /entry.php?id=10271&&ser=256310 HTTP/1.1" 200 987 "http://easydrivers.activities.at/entry.php?id=10271&&ser=256250" "Mozilla/5.0 (Windows NT 6.1; rv:57.0) Gecko/20100101 Firefox/57.0"
83.65.242.242 - - [21/Nov/2017:10:26:11 +0100] "GET /gui/javascript/form_form.js?1511256371 HTTP/1.1" 200 16206 "http://easydrivers.activities.at/entry.php?id=10271&&ser=256310" "Mozilla/5.0 (Windows NT 6.1; rv:57.0) Gecko/20100101 Firefox/57.0"
80.123.96.46 - - [21/Nov/2017:10:26:11 +0100] "GET /entry.php?id=11694& HTTP/1.1" 200 3677 "http://ed.activities.at/entry.php?id=11673" "Mozilla/5.0 (Windows NT 6.1; WOW64; rv:56.0) Gecko/20100101 Firefox/56.0"
80.123.96.46 - - [21/Nov/2017:10:26:12 +0100] "GET /gui/javascript/jquery/js/jquery.friendurl.js HTTP/1.1" 200 2321 "http://ed.activities.at/entry.php?id=11694&" "Mozilla/5.0 (Windows NT 6.1; WOW64; rv:56.0) Gecko/20100101 Firefox/56.0"
80.123.96.46 - - [21/Nov/2017:10:26:12 +0100] "GET /gui/javascript/form_ed_training_course.js HTTP/1.1" 200 1951 "http://ed.activities.at/entry.php?id=11694&" "Mozilla/5.0 (Windows NT 6.1; WOW64; rv:56.0) Gecko/20100101 Firefox/56.0"
80.123.96.46 - - [21/Nov/2017:10:26:12 +0100] "GET /gui/javascript/form_form.js?1511256372 HTTP/1.1" 200 16206 "http://ed.activities.at/entry.php?id=11694&" "Mozilla/5.0 (Windows NT 6.1; WOW64; rv:56.0) Gecko/20100101 Firefox/56.0"
80.123.96.46 - - [21/Nov/2017:10:26:11 +0100] "GET /entry.php?id=10676&&title=F%FChrerscheinkurse HTTP/1.1" 200 1395 "http://ed.activities.at/entry.php?id=11673" "Mozilla/5.0 (Windows NT 6.1; WOW64; rv:56.0) Gecko/20100101 Firefox/56.0"
80.123.96.46 - - [21/Nov/2017:10:26:12 +0100] "GET /activities/framework/KoolControls/KoolAjax/koolajax.php?8436e354c842500aba3cbaf0584c0c24 HTTP/1.1" 200 4079 "http://ed.activities.at/entry.php?id=11694&" "Mozilla/5.0 (Windows NT 6.1; WOW64; rv:56.0) Gecko/20100101 Firefox/56.0"
80.123.96.46 - - [21/Nov/2017:10:26:12 +0100] "GET /activities/framework/KoolControls/KoolTreeView/icons/square_yellowS.gif HTTP/1.1" 200 541 "http://ed.activities.at/entry.php?id=11694&" "Mozilla/5.0 (Windows NT 6.1; WOW64; rv:56.0) Gecko/20100101 Firefox/56.0"
80.123.96.46 - - [21/Nov/2017:10:26:12 +0100] "GET /activities/framework/KoolControls/KoolTreeView/icons/square_greyS.gif HTTP/1.1" 200 342 "http://ed.activities.at/entry.php?id=11694&" "Mozilla/5.0 (Windows NT 6.1; WOW64; rv:56.0) Gecko/20100101 Firefox/56.0"
80.123.96.46 - - [21/Nov/2017:10:26:12 +0100] "GET /activities/framework/KoolControls/KoolTreeView/icons/square_blueS.gif HTTP/1.1" 200 540 "http://ed.activities.at/entry.php?id=11694&" "Mozilla/5.0 (Windows NT 6.1; WOW64; rv:56.0) Gecko/20100101 Firefox/56.0"
80.123.96.46 - - [21/Nov/2017:10:26:12 +0100] "GET /activities/framework/KoolControls/KoolTreeView/icons/Folder.gif HTTP/1.1" 200 267 "http://ed.activities.at/entry.php?id=11694&" "Mozilla/5.0 (Windows NT 6.1; WOW64; rv:56.0) Gecko/20100101 Firefox/56.0"
80.123.96.46 - - [21/Nov/2017:10:26:12 +0100] "GET /activities/framework/KoolControls/KoolTreeView/styles/default/default.css HTTP/1.1" 200 1099 "http://ed.activities.at/entry.php?id=11694&" "Mozilla/5.0 (Windows NT 6.1; WOW64; rv:56.0) Gecko/20100101 Firefox/56.0"
80.123.96.46 - - [21/Nov/2017:10:26:12 +0100] "GET /activities/framework/KoolControls/KoolTreeView/kooltreeview.php?c7cd9180e88ffef8e70f13526bb4f5f7 HTTP/1.1" 200 5055 "http://ed.activities.at/entry.php?id=11694&" "Mozilla/5.0 (Windows NT 6.1; WOW64; rv:56.0) Gecko/20100101 Firefox/56.0"
80.123.96.46 - - [21/Nov/2017:10:26:12 +0100] "GET /activities/framework/KoolControls/KoolTreeView/styles/default/pm.gif HTTP/1.1" 200 214 "http://ed.activities.at/activities/framework/KoolControls/KoolTreeView/styles/default/default.css" "Mozilla/5.0 (Windows NT 6.1; WOW64; rv:56.0) Gecko/20100101 Firefox/56.0"
80.123.96.46 - - [21/Nov/2017:10:26:12 +0100] "GET /activities/framework/KoolControls/KoolTreeView/styles/default/v.gif HTTP/1.1" 200 1940 "http://ed.activities.at/activities/framework/KoolControls/KoolTreeView/styles/default/default.css" "Mozilla/5.0 (Windows NT 6.1; WOW64; rv:56.0) Gecko/20100101 Firefox/56.0"
80.123.96.46 - - [21/Nov/2017:10:26:12 +0100] "GET /activities/framework/KoolControls/KoolTreeView/styles/default/horizon.gif HTTP/1.1" 200 844 "http://ed.activities.at/activities/framework/KoolControls/KoolTreeView/styles/default/default.css" "Mozilla/5.0 (Windows NT 6.1; WOW64; rv:56.0) Gecko/20100101 Firefox/56.0"
80.123.96.46 - - [21/Nov/2017:10:26:12 +0100] "GET /activities/framework/KoolControls/KoolTreeView/styles/default/mid.gif HTTP/1.1" 200 71 "http://ed.activities.at/activities/framework/KoolControls/KoolTreeView/styles/default/default.css" "Mozilla/5.0 (Windows NT 6.1; WOW64; rv:56.0) Gecko/20100101 Firefox/56.0"
80.123.96.46 - - [21/Nov/2017:10:26:12 +0100] "GET /activities/framework/KoolControls/KoolTreeView/styles/default/L.gif HTTP/1.1" 200 67 "http://ed.activities.at/activities/framework/KoolControls/KoolTreeView/styles/default/default.css" "Mozilla/5.0 (Windows NT 6.1; WOW64; rv:56.0) Gecko/20100101 Firefox/56.0"
80.123.96.46 - - [21/Nov/2017:10:26:11 +0100] "GET /entry.php?id=11671& HTTP/1.1" 200 4540 "http://ed.activities.at/entry.php?id=11673" "Mozilla/5.0 (Windows NT 6.1; WOW64; rv:56.0) Gecko/20100101 Firefox/56.0"
80.123.96.46 - - [21/Nov/2017:10:26:12 +0100] "GET /gui/javascript/jquery/js/i18n/jquery.ui.datepicker-de.js HTTP/1.1" 200 479 "http://ed.activities.at/entry.php?id=11671&" "Mozilla/5.0 (Windows NT 6.1; WOW64; rv:56.0) Gecko/20100101 Firefox/56.0"
80.123.96.46 - - [21/Nov/2017:10:26:12 +0100] "GET /gui/javascript/jquery/js/i18n/jquery-ui-timepicker-de.js HTTP/1.1" 200 333 "http://ed.activities.at/entry.php?id=11671&" "Mozilla/5.0 (Windows NT 6.1; WOW64; rv:56.0) Gecko/20100101 Firefox/56.0"
80.123.96.46 - - [21/Nov/2017:10:26:12 +0100] "GET /gui/javascript/jquery/js/ui-timepicker-addon.js HTTP/1.1" 200 17574 "http://ed.activities.at/entry.php?id=11671&" "Mozilla/5.0 (Windows NT 6.1; WOW64; rv:56.0) Gecko/20100101 Firefox/56.0"
80.123.96.46 - - [21/Nov/2017:10:26:12 +0100] "GET /framework/webfx/javascript/scrolltable/scrolltableIframe.js HTTP/1.1" 200 9641 "http://ed.activities.at/entry.php?id=11671&" "Mozilla/5.0 (Windows NT 6.1; WOW64; rv:56.0) Gecko/20100101 Firefox/56.0"
80.123.96.46 - - [21/Nov/2017:10:26:12 +0100] "GET /activities/framework/fwx_trans.gif HTTP/1.1" 200 43 "http://ed.activities.at/entry.php?id=11671&" "Mozilla/5.0 (Windows NT 6.1; WOW64; rv:56.0) Gecko/20100101 Firefox/56.0"
80.123.96.46 - - [21/Nov/2017:10:26:12 +0100] "GET /gui/images/icons/disabled_wizard.png HTTP/1.1" 200 658 "http://ed.activities.at/entry.php?id=11671&" "Mozilla/5.0 (Windows NT 6.1; WOW64; rv:56.0) Gecko/20100101 Firefox/56.0"
80.123.96.46 - - [21/Nov/2017:10:26:12 +0100] "GET /gui/images/icons/ajax_loading.gif HTTP/1.1" 200 1542 "http://ed.activities.at/entry.php?id=11671&" "Mozilla/5.0 (Windows NT 6.1; WOW64; rv:56.0) Gecko/20100101 Firefox/56.0"
80.123.96.46 - - [21/Nov/2017:10:26:12 +0100] "GET /gui/images/icons/disabled_calendar.png HTTP/1.1" 200 640 "http://ed.activities.at/entry.php?id=11671&" "Mozilla/5.0 (Windows NT 6.1; WOW64; rv:56.0) Gecko/20100101 Firefox/56.0"
80.123.96.46 - - [21/Nov/2017:10:26:11 +0100] "GET /entry.php?id=11672& HTTP/1.1" 200 2735 "http://ed.activities.at/entry.php?id=11673" "Mozilla/5.0 (Windows NT 6.1; WOW64; rv:56.0) Gecko/20100101 Firefox/56.0"
80.123.96.46 - - [21/Nov/2017:10:26:13 +0100] "GET /gui/javascript/form_form.js?1511256373 HTTP/1.1" 200 16206 "http://ed.activities.at/entry.php?id=11672&" "Mozilla/5.0 (Windows NT 6.1; WOW64; rv:56.0) Gecko/20100101 Firefox/56.0"
80.123.96.46 - - [21/Nov/2017:10:26:12 +0100] "GET /entry.php?id=10776&form=11496&name=list& HTTP/1.1" 200 1526 "http://ed.activities.at/entry.php?id=11671&" "Mozilla/5.0 (Windows NT 6.1; WOW64; rv:56.0) Gecko/20100101 Firefox/56.0"
80.123.96.46 - - [21/Nov/2017:10:26:12 +0100] "GET /entry.php?id=10778&form=11496&name=list& HTTP/1.1" 200 2493 "http://ed.activities.at/entry.php?id=11671&" "Mozilla/5.0 (Windows NT 6.1; WOW64; rv:56.0) Gecko/20100101 Firefox/56.0"
80.123.96.46 - - [21/Nov/2017:10:26:13 +0100] "GET /framework/icons/fwx_trans.gif HTTP/1.1" 200 43 "http://ed.activities.at/entry.php?id=10776&form=11496&name=list&" "Mozilla/5.0 (Windows NT 6.1; WOW64; rv:56.0) Gecko/20100101 Firefox/56.0"
80.123.96.46 - - [21/Nov/2017:10:26:13 +0100] "GET /gui/images/icons/website.gif HTTP/1.1" 200 1049 "http://ed.activities.at/entry.php?id=10776&form=11496&name=list&" "Mozilla/5.0 (Windows NT 6.1; WOW64; rv:56.0) Gecko/20100101 Firefox/56.0"
80.123.96.46 - - [21/Nov/2017:10:26:13 +0100] "GET /entry.php?id=10776&form=11497&name=list& HTTP/1.1" 200 1942 "http://ed.activities.at/entry.php?id=11672&" "Mozilla/5.0 (Windows NT 6.1; WOW64; rv:56.0) Gecko/20100101 Firefox/56.0"
80.123.96.46 - - [21/Nov/2017:10:26:14 +0100] "GET /gui/images/icons/disable_light.gif HTTP/1.1" 200 616 "http://ed.activities.at/entry.php?id=10776&form=11497&name=list&" "Mozilla/5.0 (Windows NT 6.1; WOW64; rv:56.0) Gecko/20100101 Firefox/56.0"
80.123.96.46 - - [21/Nov/2017:10:26:14 +0100] "GET /gui/images/icons/filter_on.gif HTTP/1.1" 200 316 "http://ed.activities.at/entry.php?id=10776&form=11497&name=list&" "Mozilla/5.0 (Windows NT 6.1; WOW64; rv:56.0) Gecko/20100101 Firefox/56.0"
80.123.96.46 - - [21/Nov/2017:10:26:14 +0100] "GET /framework/icons/sortUp.gif HTTP/1.1" 200 53 "http://ed.activities.at/entry.php?id=10776&form=11497&name=list&" "Mozilla/5.0 (Windows NT 6.1; WOW64; rv:56.0) Gecko/20100101 Firefox/56.0"
80.123.96.46 - - [21/Nov/2017:10:26:14 +0100] "GET /gui/images/icons/lupe.gif HTTP/1.1" 200 324 "http://ed.activities.at/entry.php?id=10776&form=11497&name=list&" "Mozilla/5.0 (Windows NT 6.1; WOW64; rv:56.0) Gecko/20100101 Firefox/56.0"
80.123.96.46 - - [21/Nov/2017:10:26:13 +0100] "GET /entry.php?id=10778&form=11497&name=list& HTTP/1.1" 200 16814 "http://ed.activities.at/entry.php?id=11672&" "Mozilla/5.0 (Windows NT 6.1; WOW64; rv:56.0) Gecko/20100101 Firefox/56.0"
80.123.96.46 - - [21/Nov/2017:10:26:13 +0100] "GET /entry.php?id=10777&form=11497&name=list& HTTP/1.1" 200 1340 "http://ed.activities.at/entry.php?id=11672&" "Mozilla/5.0 (Windows NT 6.1; WOW64; rv:56.0) Gecko/20100101 Firefox/56.0"
80.123.96.46 - - [21/Nov/2017:10:26:14 +0100] "GET /gui/images/icons/note_msg_icon.gif HTTP/1.1" 200 1022 "http://ed.activities.at/entry.php?id=10778&form=11497&name=list&" "Mozilla/5.0 (Windows NT 6.1; WOW64; rv:56.0) Gecko/20100101 Firefox/56.0"
80.123.96.46 - - [21/Nov/2017:10:26:14 +0100] "GET /gui/images/icons/paging_firstpage_disabled.gif HTTP/1.1" 200 79 "http://ed.activities.at/entry.php?id=10777&form=11497&name=list&" "Mozilla/5.0 (Windows NT 6.1; WOW64; rv:56.0) Gecko/20100101 Firefox/56.0"
80.123.96.46 - - [21/Nov/2017:10:26:14 +0100] "GET /gui/images/icons/paging_preview_disabled.gif HTTP/1.1" 200 75 "http://ed.activities.at/entry.php?id=10777&form=11497&name=list&" "Mozilla/5.0 (Windows NT 6.1; WOW64; rv:56.0) Gecko/20100101 Firefox/56.0"
80.123.96.46 - - [21/Nov/2017:10:26:14 +0100] "GET /gui/images/icons/paging_next.gif HTTP/1.1" 200 74 "http://ed.activities.at/entry.php?id=10777&form=11497&name=list&" "Mozilla/5.0 (Windows NT 6.1; WOW64; rv:56.0) Gecko/20100101 Firefox/56.0"
80.123.96.46 - - [21/Nov/2017:10:26:14 +0100] "GET /gui/images/icons/paging_lastpage.gif HTTP/1.1" 200 78 "http://ed.activities.at/entry.php?id=10777&form=11497&name=list&" "Mozilla/5.0 (Windows NT 6.1; WOW64; rv:56.0) Gecko/20100101 Firefox/56.0"
80.123.96.46 - - [21/Nov/2017:10:26:16 +0100] "POST /entry.php?id=11672 HTTP/1.1" 200 2699 "http://ed.activities.at/entry.php?id=11672&" "Mozilla/5.0 (Windows NT 6.1; WOW64; rv:56.0) Gecko/20100101 Firefox/56.0"
80.123.96.46 - - [21/Nov/2017:10:26:17 +0100] "GET /gui/javascript/form_form.js?1511256377 HTTP/1.1" 200 16206 "http://ed.activities.at/entry.php?id=11672" "Mozilla/5.0 (Windows NT 6.1; WOW64; rv:56.0) Gecko/20100101 Firefox/56.0"
80.123.96.46 - - [21/Nov/2017:10:26:17 +0100] "GET /entry.php?id=10776&form=11497&name=list& HTTP/1.1" 200 1941 "http://ed.activities.at/entry.php?id=11672" "Mozilla/5.0 (Windows NT 6.1; WOW64; rv:56.0) Gecko/20100101 Firefox/56.0"
80.123.96.46 - - [21/Nov/2017:10:26:17 +0100] "GET /entry.php?id=10778&form=11497&name=list& HTTP/1.1" 200 8262 "http://ed.activities.at/entry.php?id=11672" "Mozilla/5.0 (Windows NT 6.1; WOW64; rv:56.0) Gecko/20100101 Firefox/56.0"
90.146.6.198 - - [21/Nov/2017:10:26:19 +0100] "GET /entry.php?id=10271&&ser=256318 HTTP/1.1" 200 987 "http://easydrivers.activities.at/entry.php?id=10271&&ser=256258" "Mozilla/5.0 (Windows NT 10.0; Win64; x64; rv:57.0) Gecko/20100101 Firefox/57.0"
90.146.6.198 - - [21/Nov/2017:10:26:19 +0100] "GET /gui/javascript/form_form.js?1511256379 HTTP/1.1" 200 16206 "http://easydrivers.activities.at/entry.php?id=10271&&ser=256318" "Mozilla/5.0 (Windows NT 10.0; Win64; x64; rv:57.0) Gecko/20100101 Firefox/57.0"
80.123.96.46 - - [21/Nov/2017:10:26:20 +0100] "POST /entry.php?id=11672 HTTP/1.1" 200 2702 "http://ed.activities.at/entry.php?id=11672" "Mozilla/5.0 (Windows NT 6.1; WOW64; rv:56.0) Gecko/20100101 Firefox/56.0"
80.123.96.46 - - [21/Nov/2017:10:26:20 +0100] "GET /gui/javascript/form_form.js?1511256380 HTTP/1.1" 200 16206 "http://ed.activities.at/entry.php?id=11672" "Mozilla/5.0 (Windows NT 6.1; WOW64; rv:56.0) Gecko/20100101 Firefox/56.0"
80.123.96.46 - - [21/Nov/2017:10:26:20 +0100] "GET /entry.php?id=10776&form=11497&name=list& HTTP/1.1" 200 1941 "http://ed.activities.at/entry.php?id=11672" "Mozilla/5.0 (Windows NT 6.1; WOW64; rv:56.0) Gecko/20100101 Firefox/56.0"
80.123.96.46 - - [21/Nov/2017:10:26:20 +0100] "GET /entry.php?id=10778&form=11497&name=list& HTTP/1.1" 200 3509 "http://ed.activities.at/entry.php?id=11672" "Mozilla/5.0 (Windows NT 6.1; WOW64; rv:56.0) Gecko/20100101 Firefox/56.0"
80.123.96.46 - - [21/Nov/2017:10:26:44 +0100] "POST /entry.php?id=11672 HTTP/1.1" 200 2702 "http://ed.activities.at/entry.php?id=11672" "Mozilla/5.0 (Windows NT 6.1; WOW64; rv:56.0) Gecko/20100101 Firefox/56.0"
80.123.96.46 - - [21/Nov/2017:10:26:44 +0100] "GET /gui/javascript/form_form.js?1511256404 HTTP/1.1" 200 16206 "http://ed.activities.at/entry.php?id=11672" "Mozilla/5.0 (Windows NT 6.1; WOW64; rv:56.0) Gecko/20100101 Firefox/56.0"
80.123.96.46 - - [21/Nov/2017:10:26:44 +0100] "GET /entry.php?id=10776&form=11497&name=list& HTTP/1.1" 200 1941 "http://ed.activities.at/entry.php?id=11672" "Mozilla/5.0 (Windows NT 6.1; WOW64; rv:56.0) Gecko/20100101 Firefox/56.0"
80.123.96.46 - - [21/Nov/2017:10:26:44 +0100] "GET /entry.php?id=10778&form=11497&name=list& HTTP/1.1" 200 3327 "http://ed.activities.at/entry.php?id=11672" "Mozilla/5.0 (Windows NT 6.1; WOW64; rv:56.0) Gecko/20100101 Firefox/56.0"
80.109.251.147 - - [21/Nov/2017:10:27:00 +0100] "GET /entry.php?id=10271&&ser=256360 HTTP/1.1" 200 988 "http://ed.activities.at/entry.php?id=10271&&ser=256299" "Mozilla/5.0 (Macintosh; Intel Mac OS X 10_13_1) AppleWebKit/537.36 (KHTML, like Gecko) Chrome/62.0.3202.94 Safari/537.36"
80.109.251.147 - - [21/Nov/2017:10:27:00 +0100] "GET /gui/javascript/form_form.js?1511256420 HTTP/1.1" 200 16206 "http://ed.activities.at/entry.php?id=10271&&ser=256360" "Mozilla/5.0 (Macintosh; Intel Mac OS X 10_13_1) AppleWebKit/537.36 (KHTML, like Gecko) Chrome/62.0.3202.94 Safari/537.36"
80.123.96.46 - - [21/Nov/2017:10:27:09 +0100] "GET /entry.php?id=10271&&ser=256368 HTTP/1.1" 200 988 "http://ed.activities.at/entry.php?id=10271&UIN=a99247a021d4fbbc02eff1a8eb345067" "Mozilla/5.0 (Windows NT 6.1; WOW64; rv:56.0) Gecko/20100101 Firefox/56.0"
80.123.96.46 - - [21/Nov/2017:10:27:09 +0100] "GET /gui/javascript/form_form.js?1511256429 HTTP/1.1" 200 16206 "http://ed.activities.at/entry.php?id=10271&&ser=256368" "Mozilla/5.0 (Windows NT 6.1; WOW64; rv:56.0) Gecko/20100101 Firefox/56.0"
83.65.242.242 - - [21/Nov/2017:10:27:11 +0100] "GET /entry.php?id=10271&&ser=256371 HTTP/1.1" 200 987 "http://easydrivers.activities.at/entry.php?id=10271&&ser=256310" "Mozilla/5.0 (Windows NT 6.1; rv:57.0) Gecko/20100101 Firefox/57.0"
83.65.242.242 - - [21/Nov/2017:10:27:11 +0100] "GET /gui/javascript/form_form.js?1511256431 HTTP/1.1" 200 16206 "http://easydrivers.activities.at/entry.php?id=10271&&ser=256371" "Mozilla/5.0 (Windows NT 6.1; rv:57.0) Gecko/20100101 Firefox/57.0"
90.146.6.198 - - [21/Nov/2017:10:27:19 +0100] "GET /entry.php?id=10271&&ser=256379 HTTP/1.1" 200 987 "http://easydrivers.activities.at/entry.php?id=10271&&ser=256318" "Mozilla/5.0 (Windows NT 10.0; Win64; x64; rv:57.0) Gecko/20100101 Firefox/57.0"
90.146.6.198 - - [21/Nov/2017:10:27:19 +0100] "GET /gui/javascript/form_form.js?1511256439 HTTP/1.1" 200 16206 "http://easydrivers.activities.at/entry.php?id=10271&&ser=256379" "Mozilla/5.0 (Windows NT 10.0; Win64; x64; rv:57.0) Gecko/20100101 Firefox/57.0"
80.109.251.147 - - [21/Nov/2017:10:28:00 +0100] "GET /entry.php?id=10271&&ser=256420 HTTP/1.1" 200 988 "http://ed.activities.at/entry.php?id=10271&&ser=256360" "Mozilla/5.0 (Macintosh; Intel Mac OS X 10_13_1) AppleWebKit/537.36 (KHTML, like Gecko) Chrome/62.0.3202.94 Safari/537.36"
80.109.251.147 - - [21/Nov/2017:10:28:01 +0100] "GET /gui/javascript/form_form.js?1511256481 HTTP/1.1" 200 16206 "http://ed.activities.at/entry.php?id=10271&&ser=256420" "Mozilla/5.0 (Macintosh; Intel Mac OS X 10_13_1) AppleWebKit/537.36 (KHTML, like Gecko) Chrome/62.0.3202.94 Safari/537.36"
80.123.96.46 - - [21/Nov/2017:10:28:09 +0100] "GET /entry.php?id=10271&&ser=256429 HTTP/1.1" 200 987 "http://ed.activities.at/entry.php?id=10271&&ser=256368" "Mozilla/5.0 (Windows NT 6.1; WOW64; rv:56.0) Gecko/20100101 Firefox/56.0"
80.123.96.46 - - [21/Nov/2017:10:28:09 +0100] "GET /gui/javascript/form_form.js?1511256489 HTTP/1.1" 200 16206 "http://ed.activities.at/entry.php?id=10271&&ser=256429" "Mozilla/5.0 (Windows NT 6.1; WOW64; rv:56.0) Gecko/20100101 Firefox/56.0"
83.65.242.242 - - [21/Nov/2017:10:28:11 +0100] "GET /entry.php?id=10271&&ser=256431 HTTP/1.1" 200 987 "http://easydrivers.activities.at/entry.php?id=10271&&ser=256371" "Mozilla/5.0 (Windows NT 6.1; rv:57.0) Gecko/20100101 Firefox/57.0"
83.65.242.242 - - [21/Nov/2017:10:28:12 +0100] "GET /gui/javascript/form_form.js?1511256491 HTTP/1.1" 200 16206 "http://easydrivers.activities.at/entry.php?id=10271&&ser=256431" "Mozilla/5.0 (Windows NT 6.1; rv:57.0) Gecko/20100101 Firefox/57.0"
90.146.6.198 - - [21/Nov/2017:10:28:20 +0100] "GET /entry.php?id=10271&&ser=256439 HTTP/1.1" 200 986 "http://easydrivers.activities.at/entry.php?id=10271&&ser=256379" "Mozilla/5.0 (Windows NT 10.0; Win64; x64; rv:57.0) Gecko/20100101 Firefox/57.0"
90.146.6.198 - - [21/Nov/2017:10:28:20 +0100] "GET /gui/javascript/form_form.js?1511256500 HTTP/1.1" 200 16206 "http://easydrivers.activities.at/entry.php?id=10271&&ser=256439" "Mozilla/5.0 (Windows NT 10.0; Win64; x64; rv:57.0) Gecko/20100101 Firefox/57.0"
80.109.251.147 - - [21/Nov/2017:10:29:01 +0100] "GET /entry.php?id=10271&&ser=256480 HTTP/1.1" 200 987 "http://ed.activities.at/entry.php?id=10271&&ser=256420" "Mozilla/5.0 (Macintosh; Intel Mac OS X 10_13_1) AppleWebKit/537.36 (KHTML, like Gecko) Chrome/62.0.3202.94 Safari/537.36"
80.109.251.147 - - [21/Nov/2017:10:29:01 +0100] "GET /gui/javascript/form_form.js?1511256541 HTTP/1.1" 200 16206 "http://ed.activities.at/entry.php?id=10271&&ser=256480" "Mozilla/5.0 (Macintosh; Intel Mac OS X 10_13_1) AppleWebKit/537.36 (KHTML, like Gecko) Chrome/62.0.3202.94 Safari/537.36"
80.123.96.46 - - [21/Nov/2017:10:29:10 +0100] "GET /entry.php?id=10271&&ser=256489 HTTP/1.1" 200 988 "http://ed.activities.at/entry.php?id=10271&&ser=256429" "Mozilla/5.0 (Windows NT 6.1; WOW64; rv:56.0) Gecko/20100101 Firefox/56.0"
80.123.96.46 - - [21/Nov/2017:10:29:10 +0100] "GET /gui/javascript/form_form.js?1511256550 HTTP/1.1" 200 16206 "http://ed.activities.at/entry.php?id=10271&&ser=256489" "Mozilla/5.0 (Windows NT 6.1; WOW64; rv:56.0) Gecko/20100101 Firefox/56.0"
83.65.242.242 - - [21/Nov/2017:10:29:12 +0100] "GET /entry.php?id=10271&&ser=256491 HTTP/1.1" 200 988 "http://easydrivers.activities.at/entry.php?id=10271&&ser=256431" "Mozilla/5.0 (Windows NT 6.1; rv:57.0) Gecko/20100101 Firefox/57.0"
83.65.242.242 - - [21/Nov/2017:10:29:12 +0100] "GET /gui/javascript/form_form.js?1511256552 HTTP/1.1" 200 16206 "http://easydrivers.activities.at/entry.php?id=10271&&ser=256491" "Mozilla/5.0 (Windows NT 6.1; rv:57.0) Gecko/20100101 Firefox/57.0"
90.146.6.198 - - [21/Nov/2017:10:29:20 +0100] "GET /entry.php?id=10271&&ser=256500 HTTP/1.1" 200 988 "http://easydrivers.activities.at/entry.php?id=10271&&ser=256439" "Mozilla/5.0 (Windows NT 10.0; Win64; x64; rv:57.0) Gecko/20100101 Firefox/57.0"
90.146.6.198 - - [21/Nov/2017:10:29:20 +0100] "GET /gui/javascript/form_form.js?1511256560 HTTP/1.1" 200 16206 "http://easydrivers.activities.at/entry.php?id=10271&&ser=256500" "Mozilla/5.0 (Windows NT 10.0; Win64; x64; rv:57.0) Gecko/20100101 Firefox/57.0"
80.109.251.147 - - [21/Nov/2017:10:30:01 +0100] "GET /entry.php?id=10271&&ser=256541 HTTP/1.1" 200 987 "http://ed.activities.at/entry.php?id=10271&&ser=256480" "Mozilla/5.0 (Macintosh; Intel Mac OS X 10_13_1) AppleWebKit/537.36 (KHTML, like Gecko) Chrome/62.0.3202.94 Safari/537.36"
80.109.251.147 - - [21/Nov/2017:10:30:01 +0100] "GET /gui/javascript/form_form.js?1511256601 HTTP/1.1" 200 16206 "http://ed.activities.at/entry.php?id=10271&&ser=256541" "Mozilla/5.0 (Macintosh; Intel Mac OS X 10_13_1) AppleWebKit/537.36 (KHTML, like Gecko) Chrome/62.0.3202.94 Safari/537.36"
80.123.96.46 - - [21/Nov/2017:10:30:10 +0100] "GET /entry.php?id=10271&&ser=256550 HTTP/1.1" 200 987 "http://ed.activities.at/entry.php?id=10271&&ser=256489" "Mozilla/5.0 (Windows NT 6.1; WOW64; rv:56.0) Gecko/20100101 Firefox/56.0"
80.123.96.46 - - [21/Nov/2017:10:30:10 +0100] "GET /gui/javascript/form_form.js?1511256610 HTTP/1.1" 200 16206 "http://ed.activities.at/entry.php?id=10271&&ser=256550" "Mozilla/5.0 (Windows NT 6.1; WOW64; rv:56.0) Gecko/20100101 Firefox/56.0"
83.65.242.242 - - [21/Nov/2017:10:30:12 +0100] "GET /entry.php?id=10271&&ser=256552 HTTP/1.1" 200 987 "http://easydrivers.activities.at/entry.php?id=10271&&ser=256491" "Mozilla/5.0 (Windows NT 6.1; rv:57.0) Gecko/20100101 Firefox/57.0"
83.65.242.242 - - [21/Nov/2017:10:30:13 +0100] "GET /gui/javascript/form_form.js?1511256612 HTTP/1.1" 200 16206 "http://easydrivers.activities.at/entry.php?id=10271&&ser=256552" "Mozilla/5.0 (Windows NT 6.1; rv:57.0) Gecko/20100101 Firefox/57.0"
80.123.96.46 - - [21/Nov/2017:10:30:17 +0100] "POST /entry.php?id=11672 HTTP/1.1" 200 2702 "http://ed.activities.at/entry.php?id=11672" "Mozilla/5.0 (Windows NT 6.1; WOW64; rv:56.0) Gecko/20100101 Firefox/56.0"
80.123.96.46 - - [21/Nov/2017:10:30:17 +0100] "GET /gui/javascript/form_form.js?1511256617 HTTP/1.1" 200 16206 "http://ed.activities.at/entry.php?id=11672" "Mozilla/5.0 (Windows NT 6.1; WOW64; rv:56.0) Gecko/20100101 Firefox/56.0"
80.123.96.46 - - [21/Nov/2017:10:30:17 +0100] "GET /entry.php?id=10776&form=11497&name=list& HTTP/1.1" 200 1941 "http://ed.activities.at/entry.php?id=11672" "Mozilla/5.0 (Windows NT 6.1; WOW64; rv:56.0) Gecko/20100101 Firefox/56.0"
80.123.96.46 - - [21/Nov/2017:10:30:17 +0100] "GET /entry.php?id=10778&form=11497&name=list& HTTP/1.1" 200 3509 "http://ed.activities.at/entry.php?id=11672" "Mozilla/5.0 (Windows NT 6.1; WOW64; rv:56.0) Gecko/20100101 Firefox/56.0"
90.146.6.198 - - [21/Nov/2017:10:30:20 +0100] "GET /entry.php?id=10271&&ser=256560 HTTP/1.1" 200 988 "http://easydrivers.activities.at/entry.php?id=10271&&ser=256500" "Mozilla/5.0 (Windows NT 10.0; Win64; x64; rv:57.0) Gecko/20100101 Firefox/57.0"
90.146.6.198 - - [21/Nov/2017:10:30:21 +0100] "GET /gui/javascript/form_form.js?1511256620 HTTP/1.1" 200 16206 "http://easydrivers.activities.at/entry.php?id=10271&&ser=256560" "Mozilla/5.0 (Windows NT 10.0; Win64; x64; rv:57.0) Gecko/20100101 Firefox/57.0"
80.123.96.46 - - [21/Nov/2017:10:30:21 +0100] "POST /entry.php?id=11672 HTTP/1.1" 200 2702 "http://ed.activities.at/entry.php?id=11672" "Mozilla/5.0 (Windows NT 6.1; WOW64; rv:56.0) Gecko/20100101 Firefox/56.0"
80.123.96.46 - - [21/Nov/2017:10:30:22 +0100] "GET /gui/javascript/form_form.js?1511256622 HTTP/1.1" 200 16206 "http://ed.activities.at/entry.php?id=11672" "Mozilla/5.0 (Windows NT 6.1; WOW64; rv:56.0) Gecko/20100101 Firefox/56.0"
80.123.96.46 - - [21/Nov/2017:10:30:22 +0100] "GET /entry.php?id=10778&form=11497&name=list& HTTP/1.1" 200 3327 "http://ed.activities.at/entry.php?id=11672" "Mozilla/5.0 (Windows NT 6.1; WOW64; rv:56.0) Gecko/20100101 Firefox/56.0"
80.123.96.46 - - [21/Nov/2017:10:30:22 +0100] "GET /entry.php?id=10776&form=11497&name=list& HTTP/1.1" 200 1941 "http://ed.activities.at/entry.php?id=11672" "Mozilla/5.0 (Windows NT 6.1; WOW64; rv:56.0) Gecko/20100101 Firefox/56.0"
80.123.96.46 - - [21/Nov/2017:10:30:23 +0100] "GET /framework/icons/rowselect.gif HTTP/1.1" 200 67 "http://ed.activities.at/entry.php?id=10778&form=11497&name=list&" "Mozilla/5.0 (Windows NT 6.1; WOW64; rv:56.0) Gecko/20100101 Firefox/56.0"
80.123.96.46 - - [21/Nov/2017:10:30:23 +0100] "POST /entry.php?id=11671 HTTP/1.1" 200 4771 "http://ed.activities.at/entry.php?id=11671&" "Mozilla/5.0 (Windows NT 6.1; WOW64; rv:56.0) Gecko/20100101 Firefox/56.0"
80.123.96.46 - - [21/Nov/2017:10:30:24 +0100] "GET /gui/javascript/form_form.js?1511256624 HTTP/1.1" 200 16206 "http://ed.activities.at/entry.php?id=11671" "Mozilla/5.0 (Windows NT 6.1; WOW64; rv:56.0) Gecko/20100101 Firefox/56.0"
80.123.96.46 - - [21/Nov/2017:10:30:24 +0100] "GET /gui/images/icons/wizard.png HTTP/1.1" 200 724 "http://ed.activities.at/entry.php?id=11671" "Mozilla/5.0 (Windows NT 6.1; WOW64; rv:56.0) Gecko/20100101 Firefox/56.0"
80.123.96.46 - - [21/Nov/2017:10:30:24 +0100] "GET /entry.php?id=10778&form=11496&name=list& HTTP/1.1" 200 5603 "http://ed.activities.at/entry.php?id=11671" "Mozilla/5.0 (Windows NT 6.1; WOW64; rv:56.0) Gecko/20100101 Firefox/56.0"
80.123.96.46 - - [21/Nov/2017:10:30:24 +0100] "GET /gui/images/icons/calendar.png HTTP/1.1" 200 675 "http://ed.activities.at/entry.php?id=11671" "Mozilla/5.0 (Windows NT 6.1; WOW64; rv:56.0) Gecko/20100101 Firefox/56.0"
80.123.96.46 - - [21/Nov/2017:10:30:24 +0100] "GET /entry.php?id=10776&form=11496&name=list& HTTP/1.1" 200 1519 "http://ed.activities.at/entry.php?id=11671" "Mozilla/5.0 (Windows NT 6.1; WOW64; rv:56.0) Gecko/20100101 Firefox/56.0"
80.123.96.46 - - [21/Nov/2017:10:30:41 +0100] "POST /entry.php?id=11671 HTTP/1.1" 200 4957 "http://ed.activities.at/entry.php?id=11671" "Mozilla/5.0 (Windows NT 6.1; WOW64; rv:56.0) Gecko/20100101 Firefox/56.0"
80.123.96.46 - - [21/Nov/2017:10:30:42 +0100] "GET /gui/javascript/form_form.js?1511256642 HTTP/1.1" 200 16206 "http://ed.activities.at/entry.php?id=11671" "Mozilla/5.0 (Windows NT 6.1; WOW64; rv:56.0) Gecko/20100101 Firefox/56.0"
80.123.96.46 - - [21/Nov/2017:10:30:42 +0100] "GET /entry.php?id=10776&form=11496&name=list& HTTP/1.1" 200 1519 "http://ed.activities.at/entry.php?id=11671" "Mozilla/5.0 (Windows NT 6.1; WOW64; rv:56.0) Gecko/20100101 Firefox/56.0"
80.123.96.46 - - [21/Nov/2017:10:30:42 +0100] "GET /entry.php?id=10778&form=11496&name=list& HTTP/1.1" 200 5603 "http://ed.activities.at/entry.php?id=11671" "Mozilla/5.0 (Windows NT 6.1; WOW64; rv:56.0) Gecko/20100101 Firefox/56.0"
80.123.96.46 - - [21/Nov/2017:10:30:43 +0100] "POST /entry.php?id=11671 HTTP/1.1" 200 3219 "http://ed.activities.at/entry.php?id=11671" "Mozilla/5.0 (Windows NT 6.1; WOW64; rv:56.0) Gecko/20100101 Firefox/56.0"
