80.109.251.147 - - [21/Nov/2017:09:49:48 +0100] "GET /gui/javascript/form_form.js?1511254187 HTTP/1.1" 200 16206 "http://ed.activities.at/entry.php?id=11148&object=10258996&view=thumbnail&width=100&height=100&wrap=false&mime=image/jpeg&image=jpg.gif" "Mozilla/5.0 (Macintosh; Intel Mac OS X 10_13_1) AppleWebKit/537.36 (KHTML, like Gecko) Chrome/62.0.3202.94 Safari/537.36"
80.109.251.147 - - [21/Nov/2017:09:49:48 +0100] "GET /gui/javascript/form_binary.js HTTP/1.1" 200 3410 "http://ed.activities.at/entry.php?id=11148&object=10258996&view=thumbnail&width=100&height=100&wrap=false&mime=image/jpeg&image=jpg.gif" "Mozilla/5.0 (Macintosh; Intel Mac OS X 10_13_1) AppleWebKit/537.36 (KHTML, like Gecko) Chrome/62.0.3202.94 Safari/537.36"
80.109.251.147 - - [21/Nov/2017:09:49:47 +0100] "GET /entry.php?id=11148&object=10249384&view=thumbnail&width=100&height=100&wrap=false&mime=image/jpeg&image=jpg.gif HTTP/1.1" 200 1602 "http://ed.activities.at/entry.php?id=10778&form=11518&name=list&" "Mozilla/5.0 (Macintosh; Intel Mac OS X 10_13_1) AppleWebKit/537.36 (KHTML, like Gecko) Chrome/62.0.3202.94 Safari/537.36"
80.109.251.147 - - [21/Nov/2017:09:49:48 +0100] "GET /gui/javascript/form_form.js?1511254188 HTTP/1.1" 200 16206 "http://ed.activities.at/entry.php?id=11148&object=10258995&view=thumbnail&width=100&height=100&wrap=false&mime=image/jpeg&image=jpg.gif" "Mozilla/5.0 (Macintosh; Intel Mac OS X 10_13_1) AppleWebKit/537.36 (KHTML, like Gecko) Chrome/62.0.3202.94 Safari/537.36"
80.109.251.147 - - [21/Nov/2017:09:49:48 +0100] "GET /cache/emu/images/easy-drivers-neunkirchen--au10258996/_100_100.jpg HTTP/1.1" 200 2717 "http://ed.activities.at/entry.php?id=11148&object=10258996&view=thumbnail&width=100&height=100&wrap=false&mime=image/jpeg&image=jpg.gif" "Mozilla/5.0 (Macintosh; Intel Mac OS X 10_13_1) AppleWebKit/537.36 (KHTML, like Gecko) Chrome/62.0.3202.94 Safari/537.36"
80.109.251.147 - - [21/Nov/2017:09:49:48 +0100] "GET /cache/emu/images/easy-drivers-neunkirchen--au10248745/_100_100.jpg HTTP/1.1" 200 887 "http://ed.activities.at/entry.php?id=11148&object=10248745&view=thumbnail&width=100&height=100&wrap=false&mime=image/bmp&image=bmp.gif" "Mozilla/5.0 (Macintosh; Intel Mac OS X 10_13_1) AppleWebKit/537.36 (KHTML, like Gecko) Chrome/62.0.3202.94 Safari/537.36"
80.109.251.147 - - [21/Nov/2017:09:49:48 +0100] "GET /cache/emu/images/easy-drivers-neunkirchen--au10258991/_100_100.jpg HTTP/1.1" 200 2077 "http://ed.activities.at/entry.php?id=11148&object=10258991&view=thumbnail&width=100&height=100&wrap=false&mime=image/jpeg&image=jpg.gif" "Mozilla/5.0 (Macintosh; Intel Mac OS X 10_13_1) AppleWebKit/537.36 (KHTML, like Gecko) Chrome/62.0.3202.94 Safari/537.36"
80.109.251.147 - - [21/Nov/2017:09:49:48 +0100] "GET /cache/emu/images/easy-drivers-neunkirchen--au10258995/_100_100.jpg HTTP/1.1" 200 2092 "http://ed.activities.at/entry.php?id=11148&object=10258995&view=thumbnail&width=100&height=100&wrap=false&mime=image/jpeg&image=jpg.gif" "Mozilla/5.0 (Macintosh; Intel Mac OS X 10_13_1) AppleWebKit/537.36 (KHTML, like Gecko) Chrome/62.0.3202.94 Safari/537.36"
80.109.251.147 - - [21/Nov/2017:09:49:47 +0100] "GET /entry.php?id=11148&object=10248626&view=thumbnail&width=100&height=100&wrap=false&mime=image/jpeg&image=jpg.gif HTTP/1.1" 200 1603 "http://ed.activities.at/entry.php?id=10778&form=11518&name=list&" "Mozilla/5.0 (Macintosh; Intel Mac OS X 10_13_1) AppleWebKit/537.36 (KHTML, like Gecko) Chrome/62.0.3202.94 Safari/537.36"
80.109.251.147 - - [21/Nov/2017:09:49:48 +0100] "GET /cache/emu/images/easy-drivers-neunkirchen--au10288521/_100_100.jpg HTTP/1.1" 200 2585 "http://ed.activities.at/entry.php?id=11148&object=10288521&view=thumbnail&width=100&height=100&wrap=false&mime=image/jpeg&image=jpg.gif" "Mozilla/5.0 (Macintosh; Intel Mac OS X 10_13_1) AppleWebKit/537.36 (KHTML, like Gecko) Chrome/62.0.3202.94 Safari/537.36"
80.109.251.147 - - [21/Nov/2017:09:49:48 +0100] "GET /cache/emu/images/easy-drivers-neunkirchen--au10249388/_100_100.jpg HTTP/1.1" 200 2579 "http://ed.activities.at/entry.php?id=11148&object=10249388&view=thumbnail&width=100&height=100&wrap=false&mime=image/jpeg&image=jpg.gif" "Mozilla/5.0 (Macintosh; Intel Mac OS X 10_13_1) AppleWebKit/537.36 (KHTML, like Gecko) Chrome/62.0.3202.94 Safari/537.36"
80.109.251.147 - - [21/Nov/2017:09:49:48 +0100] "GET /cache/emu/images/easy-drivers-neunkirchen--au10254363/_74_100.jpg HTTP/1.1" 200 2276 "http://ed.activities.at/entry.php?id=11148&object=10254363&view=thumbnail&width=100&height=100&wrap=false&mime=image/jpeg&image=jpg.gif" "Mozilla/5.0 (Macintosh; Intel Mac OS X 10_13_1) AppleWebKit/537.36 (KHTML, like Gecko) Chrome/62.0.3202.94 Safari/537.36"
80.109.251.147 - - [21/Nov/2017:09:49:48 +0100] "GET /cache/emu/images/easy-drivers-neunkirchen--au10249384/_100_100.jpg HTTP/1.1" 200 2844 "http://ed.activities.at/entry.php?id=11148&object=10249384&view=thumbnail&width=100&height=100&wrap=false&mime=image/jpeg&image=jpg.gif" "Mozilla/5.0 (Macintosh; Intel Mac OS X 10_13_1) AppleWebKit/537.36 (KHTML, like Gecko) Chrome/62.0.3202.94 Safari/537.36"
80.109.251.147 - - [21/Nov/2017:09:49:48 +0100] "GET /framework/icons/fwx_trans.gif HTTP/1.1" 200 43 "http://ed.activities.at/entry.php?id=10778&form=11518&name=list&" "Mozilla/5.0 (Macintosh; Intel Mac OS X 10_13_1) AppleWebKit/537.36 (KHTML, like Gecko) Chrome/62.0.3202.94 Safari/537.36"
80.109.251.147 - - [21/Nov/2017:09:49:48 +0100] "GET /cache/emu/images/easy-drivers-neunkirchen--au10248626/_75_100.jpg HTTP/1.1" 200 2416 "http://ed.activities.at/entry.php?id=11148&object=10248626&view=thumbnail&width=100&height=100&wrap=false&mime=image/jpeg&image=jpg.gif" "Mozilla/5.0 (Macintosh; Intel Mac OS X 10_13_1) AppleWebKit/537.36 (KHTML, like Gecko) Chrome/62.0.3202.94 Safari/537.36"
80.109.251.147 - - [21/Nov/2017:09:49:48 +0100] "GET /gui/images/icons/user_edit.png HTTP/1.1" 200 833 "http://ed.activities.at/entry.php?id=10778&form=11518&name=list&" "Mozilla/5.0 (Macintosh; Intel Mac OS X 10_13_1) AppleWebKit/537.36 (KHTML, like Gecko) Chrome/62.0.3202.94 Safari/537.36"
80.109.251.147 - - [21/Nov/2017:09:49:48 +0100] "GET /entry.php?id=11148&object=10248764&view=thumbnail&width=100&height=100&wrap=false&mime=image/jpeg&image=jpg.gif HTTP/1.1" 200 1603 "http://ed.activities.at/entry.php?id=10778&form=11518&name=list&" "Mozilla/5.0 (Macintosh; Intel Mac OS X 10_13_1) AppleWebKit/537.36 (KHTML, like Gecko) Chrome/62.0.3202.94 Safari/537.36"
80.109.251.147 - - [21/Nov/2017:09:49:49 +0100] "GET /cache/emu/images/easy-drivers-neunkirchen--au10248764/_83_100.jpg HTTP/1.1" 200 2570 "http://ed.activities.at/entry.php?id=11148&object=10248764&view=thumbnail&width=100&height=100&wrap=false&mime=image/jpeg&image=jpg.gif" "Mozilla/5.0 (Macintosh; Intel Mac OS X 10_13_1) AppleWebKit/537.36 (KHTML, like Gecko) Chrome/62.0.3202.94 Safari/537.36"
80.109.251.147 - - [21/Nov/2017:09:49:49 +0100] "GET /gui/javascript/form_form.js?1511254189 HTTP/1.1" 200 16206 "http://ed.activities.at/entry.php?id=11148&object=10248764&view=thumbnail&width=100&height=100&wrap=false&mime=image/jpeg&image=jpg.gif" "Mozilla/5.0 (Macintosh; Intel Mac OS X 10_13_1) AppleWebKit/537.36 (KHTML, like Gecko) Chrome/62.0.3202.94 Safari/537.36"
80.109.251.147 - - [21/Nov/2017:09:49:48 +0100] "GET /entry.php?id=11148&object=10248747&view=thumbnail&width=100&height=100&wrap=false&mime=image/bmp&image=bmp.gif HTTP/1.1" 200 1602 "http://ed.activities.at/entry.php?id=10778&form=11518&name=list&" "Mozilla/5.0 (Macintosh; Intel Mac OS X 10_13_1) AppleWebKit/537.36 (KHTML, like Gecko) Chrome/62.0.3202.94 Safari/537.36"
80.109.251.147 - - [21/Nov/2017:09:49:49 +0100] "GET /cache/emu/images/easy-drivers-neunkirchen--au10248747/_100_100.jpg HTTP/1.1" 200 887 "http://ed.activities.at/entry.php?id=11148&object=10248747&view=thumbnail&width=100&height=100&wrap=false&mime=image/bmp&image=bmp.gif" "Mozilla/5.0 (Macintosh; Intel Mac OS X 10_13_1) AppleWebKit/537.36 (KHTML, like Gecko) Chrome/62.0.3202.94 Safari/537.36"
80.109.251.147 - - [21/Nov/2017:09:49:48 +0100] "GET /entry.php?id=11148&object=10258994&view=thumbnail&width=100&height=100&wrap=false&mime=image/jpeg&image=jpg.gif HTTP/1.1" 200 1602 "http://ed.activities.at/entry.php?id=10778&form=11518&name=list&" "Mozilla/5.0 (Macintosh; Intel Mac OS X 10_13_1) AppleWebKit/537.36 (KHTML, like Gecko) Chrome/62.0.3202.94 Safari/537.36"
80.109.251.147 - - [21/Nov/2017:09:49:49 +0100] "GET /cache/emu/images/easy-drivers-neunkirchen--au10258994/_100_100.jpg HTTP/1.1" 200 2003 "http://ed.activities.at/entry.php?id=11148&object=10258994&view=thumbnail&width=100&height=100&wrap=false&mime=image/jpeg&image=jpg.gif" "Mozilla/5.0 (Macintosh; Intel Mac OS X 10_13_1) AppleWebKit/537.36 (KHTML, like Gecko) Chrome/62.0.3202.94 Safari/537.36"
83.65.242.242 - - [21/Nov/2017:09:49:52 +0100] "GET /entry.php?id=10271&&ser=254131 HTTP/1.1" 200 987 "http://easydrivers.activities.at/entry.php?id=10271&&ser=254071" "Mozilla/5.0 (Windows NT 6.1; rv:57.0) Gecko/20100101 Firefox/57.0"
83.65.242.242 - - [21/Nov/2017:09:49:52 +0100] "GET /gui/javascript/form_form.js?1511254192 HTTP/1.1" 200 16206 "http://easydrivers.activities.at/entry.php?id=10271&&ser=254131" "Mozilla/5.0 (Windows NT 6.1; rv:57.0) Gecko/20100101 Firefox/57.0"
80.109.251.147 - - [21/Nov/2017:09:50:01 +0100] "GET /gui/javascript/jquery/css/gui-themes/images/ui-bg_flat_90_eeeeee_40x100.png HTTP/1.1" 200 180 "http://ed.activities.at/gui/javascript/jquery/css/gui-themes/custom.min.css" "Mozilla/5.0 (Macintosh; Intel Mac OS X 10_13_1) AppleWebKit/537.36 (KHTML, like Gecko) Chrome/62.0.3202.94 Safari/537.36"
80.109.251.147 - - [21/Nov/2017:09:50:01 +0100] "GET /gui/javascript/jquery/css/gui-themes/images/ui-bg_flat_100_808080_40x100.png HTTP/1.1" 200 209 "http://ed.activities.at/gui/javascript/jquery/css/gui-themes/custom.min.css" "Mozilla/5.0 (Macintosh; Intel Mac OS X 10_13_1) AppleWebKit/537.36 (KHTML, like Gecko) Chrome/62.0.3202.94 Safari/537.36"
80.109.251.147 - - [21/Nov/2017:09:50:01 +0100] "GET /gui/javascript/jquery/css/gui-themes/images/ui-icons_72a7cf_256x240_ev.png HTTP/1.1" 200 6036 "http://ed.activities.at/gui/javascript/jquery/css/gui-themes/custom.min.css" "Mozilla/5.0 (Macintosh; Intel Mac OS X 10_13_1) AppleWebKit/537.36 (KHTML, like Gecko) Chrome/62.0.3202.94 Safari/537.36"
80.109.251.147 - - [21/Nov/2017:09:50:01 +0100] "GET /gui/javascript/jquery/css/gui-themes/images/ui-icons_ffffff_256x240_ev.png HTTP/1.1" 200 6912 "http://ed.activities.at/gui/javascript/jquery/css/gui-themes/custom.min.css" "Mozilla/5.0 (Macintosh; Intel Mac OS X 10_13_1) AppleWebKit/537.36 (KHTML, like Gecko) Chrome/62.0.3202.94 Safari/537.36"
80.109.251.147 - - [21/Nov/2017:09:50:01 +0100] "GET /entry.php?id=11667&object=10244052&company=10221902&hiddetabs=true HTTP/1.1" 200 3208 "http://ed.activities.at/entry.php?id=11412" "Mozilla/5.0 (Macintosh; Intel Mac OS X 10_13_1) AppleWebKit/537.36 (KHTML, like Gecko) Chrome/62.0.3202.94 Safari/537.36"
80.109.251.147 - - [21/Nov/2017:09:50:02 +0100] "GET /gui/javascript/form_form.js?1511254202 HTTP/1.1" 200 16206 "http://ed.activities.at/entry.php?id=11667&object=10244052&company=10221902&hiddetabs=true" "Mozilla/5.0 (Macintosh; Intel Mac OS X 10_13_1) AppleWebKit/537.36 (KHTML, like Gecko) Chrome/62.0.3202.94 Safari/537.36"
80.109.251.147 - - [21/Nov/2017:09:50:02 +0100] "GET /gui/images/icons/lupe.gif HTTP/1.1" 200 324 "http://ed.activities.at/entry.php?id=11667&object=10244052&company=10221902&hiddetabs=true" "Mozilla/5.0 (Macintosh; Intel Mac OS X 10_13_1) AppleWebKit/537.36 (KHTML, like Gecko) Chrome/62.0.3202.94 Safari/537.36"
80.109.251.147 - - [21/Nov/2017:09:50:02 +0100] "GET /gui/javascript/form_ed_addresses.js HTTP/1.1" 200 2295 "http://ed.activities.at/entry.php?id=11667&object=10244052&company=10221902&hiddetabs=true" "Mozilla/5.0 (Macintosh; Intel Mac OS X 10_13_1) AppleWebKit/537.36 (KHTML, like Gecko) Chrome/62.0.3202.94 Safari/537.36"
80.109.251.147 - - [21/Nov/2017:09:50:02 +0100] "GET /framework/webfx/javascript/tinymce/tinyEdit.js HTTP/1.1" 200 1251 "http://ed.activities.at/entry.php?id=11667&object=10244052&company=10221902&hiddetabs=true" "Mozilla/5.0 (Macintosh; Intel Mac OS X 10_13_1) AppleWebKit/537.36 (KHTML, like Gecko) Chrome/62.0.3202.94 Safari/537.36"
80.109.251.147 - - [21/Nov/2017:09:50:02 +0100] "GET /gui/images/icons/delete.gif HTTP/1.1" 200 86 "http://ed.activities.at/entry.php?id=11667&object=10244052&company=10221902&hiddetabs=true" "Mozilla/5.0 (Macintosh; Intel Mac OS X 10_13_1) AppleWebKit/537.36 (KHTML, like Gecko) Chrome/62.0.3202.94 Safari/537.36"
80.109.251.147 - - [21/Nov/2017:09:50:02 +0100] "GET /framework/webfx/javascript/tinymce/tinymce.min.js HTTP/1.1" 200 101898 "http://ed.activities.at/entry.php?id=11667&object=10244052&company=10221902&hiddetabs=true" "Mozilla/5.0 (Macintosh; Intel Mac OS X 10_13_1) AppleWebKit/537.36 (KHTML, like Gecko) Chrome/62.0.3202.94 Safari/537.36"
80.109.251.147 - - [21/Nov/2017:09:50:02 +0100] "GET /gui/javascript/jquery/css/gui-themes/images/ui-icons_000000_256x240_ev.png HTTP/1.1" 200 11218 "http://ed.activities.at/gui/javascript/jquery/css/gui-themes/custom.min.css" "Mozilla/5.0 (Macintosh; Intel Mac OS X 10_13_1) AppleWebKit/537.36 (KHTML, like Gecko) Chrome/62.0.3202.94 Safari/537.36"
80.109.251.147 - - [21/Nov/2017:09:50:02 +0100] "GET /framework/webfx/javascript/tinymce/langs/de.js HTTP/1.1" 200 3001 "http://ed.activities.at/entry.php?id=11667&object=10244052&company=10221902&hiddetabs=true" "Mozilla/5.0 (Macintosh; Intel Mac OS X 10_13_1) AppleWebKit/537.36 (KHTML, like Gecko) Chrome/62.0.3202.94 Safari/537.36"
80.109.251.147 - - [21/Nov/2017:09:50:02 +0100] "GET /framework/webfx/javascript/tinymce/themes/modern/theme.min.js HTTP/1.1" 200 2636 "http://ed.activities.at/entry.php?id=11667&object=10244052&company=10221902&hiddetabs=true" "Mozilla/5.0 (Macintosh; Intel Mac OS X 10_13_1) AppleWebKit/537.36 (KHTML, like Gecko) Chrome/62.0.3202.94 Safari/537.36"
80.109.251.147 - - [21/Nov/2017:09:50:02 +0100] "GET /framework/webfx/javascript/tinymce/plugins/preview/plugin.min.js HTTP/1.1" 200 734 "http://ed.activities.at/entry.php?id=11667&object=10244052&company=10221902&hiddetabs=true" "Mozilla/5.0 (Macintosh; Intel Mac OS X 10_13_1) AppleWebKit/537.36 (KHTML, like Gecko) Chrome/62.0.3202.94 Safari/537.36"
80.109.251.147 - - [21/Nov/2017:09:50:02 +0100] "GET /framework/webfx/javascript/tinymce/plugins/advlist/plugin.min.js HTTP/1.1" 200 613 "http://ed.activities.at/entry.php?id=11667&object=10244052&company=10221902&hiddetabs=true" "Mozilla/5.0 (Macintosh; Intel Mac OS X 10_13_1) AppleWebKit/537.36 (KHTML, like Gecko) Chrome/62.0.3202.94 Safari/537.36"
80.109.251.147 - - [21/Nov/2017:09:50:02 +0100] "GET /framework/webfx/javascript/tinymce/plugins/lists/plugin.min.js HTTP/1.1" 200 2642 "http://ed.activities.at/entry.php?id=11667&object=10244052&company=10221902&hiddetabs=true" "Mozilla/5.0 (Macintosh; Intel Mac OS X 10_13_1) AppleWebKit/537.36 (KHTML, like Gecko) Chrome/62.0.3202.94 Safari/537.36"
80.109.251.147 - - [21/Nov/2017:09:50:02 +0100] "GET /framework/webfx/javascript/tinymce/plugins/hr/plugin.min.js HTTP/1.1" 200 191 "http://ed.activities.at/entry.php?id=11667&object=10244052&company=10221902&hiddetabs=true" "Mozilla/5.0 (Macintosh; Intel Mac OS X 10_13_1) AppleWebKit/537.36 (KHTML, like Gecko) Chrome/62.0.3202.94 Safari/537.36"
80.109.251.147 - - [21/Nov/2017:09:50:02 +0100] "GET /framework/webfx/javascript/tinymce/plugins/pagebreak/plugin.min.js HTTP/1.1" 200 636 "http://ed.activities.at/entry.php?id=11667&object=10244052&company=10221902&hiddetabs=true" "Mozilla/5.0 (Macintosh; Intel Mac OS X 10_13_1) AppleWebKit/537.36 (KHTML, like Gecko) Chrome/62.0.3202.94 Safari/537.36"
80.109.251.147 - - [21/Nov/2017:09:50:02 +0100] "GET /framework/webfx/javascript/tinymce/plugins/anchor/plugin.min.js HTTP/1.1" 200 338 "http://ed.activities.at/entry.php?id=11667&object=10244052&company=10221902&hiddetabs=true" "Mozilla/5.0 (Macintosh; Intel Mac OS X 10_13_1) AppleWebKit/537.36 (KHTML, like Gecko) Chrome/62.0.3202.94 Safari/537.36"
80.109.251.147 - - [21/Nov/2017:09:50:02 +0100] "GET /framework/webfx/javascript/tinymce/plugins/searchreplace/plugin.min.js HTTP/1.1" 200 2568 "http://ed.activities.at/entry.php?id=11667&object=10244052&company=10221902&hiddetabs=true" "Mozilla/5.0 (Macintosh; Intel Mac OS X 10_13_1) AppleWebKit/537.36 (KHTML, like Gecko) Chrome/62.0.3202.94 Safari/537.36"
80.109.251.147 - - [21/Nov/2017:09:50:02 +0100] "GET /framework/webfx/javascript/tinymce/plugins/wordcount/plugin.min.js HTTP/1.1" 200 524 "http://ed.activities.at/entry.php?id=11667&object=10244052&company=10221902&hiddetabs=true" "Mozilla/5.0 (Macintosh; Intel Mac OS X 10_13_1) AppleWebKit/537.36 (KHTML, like Gecko) Chrome/62.0.3202.94 Safari/537.36"
80.109.251.147 - - [21/Nov/2017:09:50:02 +0100] "GET /framework/webfx/javascript/tinymce/plugins/visualblocks/plugin.min.js HTTP/1.1" 200 523 "http://ed.activities.at/entry.php?id=11667&object=10244052&company=10221902&hiddetabs=true" "Mozilla/5.0 (Macintosh; Intel Mac OS X 10_13_1) AppleWebKit/537.36 (KHTML, like Gecko) Chrome/62.0.3202.94 Safari/537.36"
80.109.251.147 - - [21/Nov/2017:09:50:02 +0100] "GET /framework/webfx/javascript/tinymce/plugins/visualchars/plugin.min.js HTTP/1.1" 200 602 "http://ed.activities.at/entry.php?id=11667&object=10244052&company=10221902&hiddetabs=true" "Mozilla/5.0 (Macintosh; Intel Mac OS X 10_13_1) AppleWebKit/537.36 (KHTML, like Gecko) Chrome/62.0.3202.94 Safari/537.36"
80.109.251.147 - - [21/Nov/2017:09:50:02 +0100] "GET /framework/webfx/javascript/tinymce/plugins/nonbreaking/plugin.min.js HTTP/1.1" 200 371 "http://ed.activities.at/entry.php?id=11667&object=10244052&company=10221902&hiddetabs=true" "Mozilla/5.0 (Macintosh; Intel Mac OS X 10_13_1) AppleWebKit/537.36 (KHTML, like Gecko) Chrome/62.0.3202.94 Safari/537.36"
80.109.251.147 - - [21/Nov/2017:09:50:02 +0100] "GET /framework/webfx/javascript/tinymce/plugins/code/plugin.min.js HTTP/1.1" 200 435 "http://ed.activities.at/entry.php?id=11667&object=10244052&company=10221902&hiddetabs=true" "Mozilla/5.0 (Macintosh; Intel Mac OS X 10_13_1) AppleWebKit/537.36 (KHTML, like Gecko) Chrome/62.0.3202.94 Safari/537.36"
80.109.251.147 - - [21/Nov/2017:09:50:02 +0100] "GET /framework/webfx/javascript/tinymce/plugins/template/plugin.min.js HTTP/1.1" 200 1703 "http://ed.activities.at/entry.php?id=11667&object=10244052&company=10221902&hiddetabs=true" "Mozilla/5.0 (Macintosh; Intel Mac OS X 10_13_1) AppleWebKit/537.36 (KHTML, like Gecko) Chrome/62.0.3202.94 Safari/537.36"
80.109.251.147 - - [21/Nov/2017:09:50:02 +0100] "GET /framework/webfx/javascript/tinymce/plugins/textcolor/plugin.min.js HTTP/1.1" 200 1636 "http://ed.activities.at/entry.php?id=11667&object=10244052&company=10221902&hiddetabs=true" "Mozilla/5.0 (Macintosh; Intel Mac OS X 10_13_1) AppleWebKit/537.36 (KHTML, like Gecko) Chrome/62.0.3202.94 Safari/537.36"
80.109.251.147 - - [21/Nov/2017:09:50:02 +0100] "GET /framework/webfx/javascript/tinymce/plugins/paste/plugin.min.js HTTP/1.1" 200 6164 "http://ed.activities.at/entry.php?id=11667&object=10244052&company=10221902&hiddetabs=true" "Mozilla/5.0 (Macintosh; Intel Mac OS X 10_13_1) AppleWebKit/537.36 (KHTML, like Gecko) Chrome/62.0.3202.94 Safari/537.36"
80.109.251.147 - - [21/Nov/2017:09:50:02 +0100] "GET /framework/webfx/javascript/tinymce/plugins/colorpicker/plugin.min.js HTTP/1.1" 200 613 "http://ed.activities.at/entry.php?id=11667&object=10244052&company=10221902&hiddetabs=true" "Mozilla/5.0 (Macintosh; Intel Mac OS X 10_13_1) AppleWebKit/537.36 (KHTML, like Gecko) Chrome/62.0.3202.94 Safari/537.36"
80.109.251.147 - - [21/Nov/2017:09:50:02 +0100] "GET /entry.php?id=11148&object=10248747&view=thumbnail&width=150&height=150&wrap=false&mime=image/bmp&image=bmp.gif HTTP/1.1" 200 1602 "http://ed.activities.at/entry.php?id=11667&object=10244052&company=10221902&hiddetabs=true" "Mozilla/5.0 (Macintosh; Intel Mac OS X 10_13_1) AppleWebKit/537.36 (KHTML, like Gecko) Chrome/62.0.3202.94 Safari/537.36"
80.109.251.147 - - [21/Nov/2017:09:50:03 +0100] "GET /framework/webfx/javascript/tinymce/skins/lightgray/content.min.css HTTP/1.1" 404 325 "http://ed.activities.at/entry.php?id=11667&object=10244052&company=10221902&hiddetabs=true" "Mozilla/5.0 (Macintosh; Intel Mac OS X 10_13_1) AppleWebKit/537.36 (KHTML, like Gecko) Chrome/62.0.3202.94 Safari/537.36"
80.109.251.147 - - [21/Nov/2017:09:50:03 +0100] "GET /framework/webfx/javascript/tinymce/skins/lightgray/skin.min.css HTTP/1.1" 200 6110 "http://ed.activities.at/entry.php?id=11667&object=10244052&company=10221902&hiddetabs=true" "Mozilla/5.0 (Macintosh; Intel Mac OS X 10_13_1) AppleWebKit/537.36 (KHTML, like Gecko) Chrome/62.0.3202.94 Safari/537.36"
80.109.251.147 - - [21/Nov/2017:09:50:03 +0100] "GET /binaries/easy-drivers-neunkirchen--au/martin-zarazik.bmp HTTP/1.1" 200 67854 "http://ed.activities.at/entry.php?id=11148&object=10248747&view=thumbnail&width=150&height=150&wrap=false&mime=image/bmp&image=bmp.gif" "Mozilla/5.0 (Macintosh; Intel Mac OS X 10_13_1) AppleWebKit/537.36 (KHTML, like Gecko) Chrome/62.0.3202.94 Safari/537.36"
80.109.251.147 - - [21/Nov/2017:09:50:03 +0100] "GET /framework/webfx/javascript/tinymce/skins/lightgray/fonts/tinymce-small.woff HTTP/1.1" 200 7848 "http://ed.activities.at/framework/webfx/javascript/tinymce/skins/lightgray/skin.min.css" "Mozilla/5.0 (Macintosh; Intel Mac OS X 10_13_1) AppleWebKit/537.36 (KHTML, like Gecko) Chrome/62.0.3202.94 Safari/537.36"
90.146.6.198 - - [21/Nov/2017:09:50:04 +0100] "GET /entry.php?id=10271&&ser=254144 HTTP/1.1" 200 988 "http://easydrivers.activities.at/entry.php?id=10271&&ser=254084" "Mozilla/5.0 (Windows NT 10.0; Win64; x64; rv:57.0) Gecko/20100101 Firefox/57.0"
90.146.6.198 - - [21/Nov/2017:09:50:05 +0100] "GET /gui/javascript/form_form.js?1511254205 HTTP/1.1" 200 16206 "http://easydrivers.activities.at/entry.php?id=10271&&ser=254144" "Mozilla/5.0 (Windows NT 10.0; Win64; x64; rv:57.0) Gecko/20100101 Firefox/57.0"
80.109.251.147 - - [21/Nov/2017:09:50:04 +0100] "GET /entry.php?id=11667&object=10248754&company=10221902&hiddetabs=true HTTP/1.1" 200 3138 "http://ed.activities.at/entry.php?id=11412" "Mozilla/5.0 (Macintosh; Intel Mac OS X 10_13_1) AppleWebKit/537.36 (KHTML, like Gecko) Chrome/62.0.3202.94 Safari/537.36"
80.109.251.147 - - [21/Nov/2017:09:50:05 +0100] "GET /gui/javascript/form_form.js?1511254205 HTTP/1.1" 200 16206 "http://ed.activities.at/entry.php?id=11667&object=10248754&company=10221902&hiddetabs=true" "Mozilla/5.0 (Macintosh; Intel Mac OS X 10_13_1) AppleWebKit/537.36 (KHTML, like Gecko) Chrome/62.0.3202.94 Safari/537.36"
80.109.251.147 - - [21/Nov/2017:09:50:05 +0100] "GET /framework/webfx/javascript/tinymce/skins/lightgray/content.min.css HTTP/1.1" 404 325 "http://ed.activities.at/entry.php?id=11667&object=10248754&company=10221902&hiddetabs=true" "Mozilla/5.0 (Macintosh; Intel Mac OS X 10_13_1) AppleWebKit/537.36 (KHTML, like Gecko) Chrome/62.0.3202.94 Safari/537.36"
80.109.251.147 - - [21/Nov/2017:09:50:05 +0100] "GET /entry.php?id=11148&object=10248764&view=thumbnail&width=150&height=150&wrap=false&mime=image/jpeg&image=jpg.gif HTTP/1.1" 200 1605 "http://ed.activities.at/entry.php?id=11667&object=10248754&company=10221902&hiddetabs=true" "Mozilla/5.0 (Macintosh; Intel Mac OS X 10_13_1) AppleWebKit/537.36 (KHTML, like Gecko) Chrome/62.0.3202.94 Safari/537.36"
80.109.251.147 - - [21/Nov/2017:09:50:06 +0100] "GET /cache/emu/images/easy-drivers-neunkirchen--au10248764/_125_150.jpg HTTP/1.1" 200 3945 "http://ed.activities.at/entry.php?id=11148&object=10248764&view=thumbnail&width=150&height=150&wrap=false&mime=image/jpeg&image=jpg.gif" "Mozilla/5.0 (Macintosh; Intel Mac OS X 10_13_1) AppleWebKit/537.36 (KHTML, like Gecko) Chrome/62.0.3202.94 Safari/537.36"
80.109.251.147 - - [21/Nov/2017:09:50:07 +0100] "GET /entry.php?id=11667&object=10248767&company=10221902&hiddetabs=true HTTP/1.1" 200 3150 "http://ed.activities.at/entry.php?id=11412" "Mozilla/5.0 (Macintosh; Intel Mac OS X 10_13_1) AppleWebKit/537.36 (KHTML, like Gecko) Chrome/62.0.3202.94 Safari/537.36"
80.109.251.147 - - [21/Nov/2017:09:50:08 +0100] "GET /gui/javascript/form_form.js?1511254208 HTTP/1.1" 200 16206 "http://ed.activities.at/entry.php?id=11667&object=10248767&company=10221902&hiddetabs=true" "Mozilla/5.0 (Macintosh; Intel Mac OS X 10_13_1) AppleWebKit/537.36 (KHTML, like Gecko) Chrome/62.0.3202.94 Safari/537.36"
80.109.251.147 - - [21/Nov/2017:09:50:08 +0100] "GET /framework/webfx/javascript/tinymce/skins/lightgray/content.min.css HTTP/1.1" 404 325 "http://ed.activities.at/entry.php?id=11667&object=10248767&company=10221902&hiddetabs=true" "Mozilla/5.0 (Macintosh; Intel Mac OS X 10_13_1) AppleWebKit/537.36 (KHTML, like Gecko) Chrome/62.0.3202.94 Safari/537.36"
80.109.251.147 - - [21/Nov/2017:09:50:08 +0100] "GET /entry.php?id=11148&object=10258994&view=thumbnail&width=150&height=150&wrap=false&mime=image/jpeg&image=jpg.gif HTTP/1.1" 200 1603 "http://ed.activities.at/entry.php?id=11667&object=10248767&company=10221902&hiddetabs=true" "Mozilla/5.0 (Macintosh; Intel Mac OS X 10_13_1) AppleWebKit/537.36 (KHTML, like Gecko) Chrome/62.0.3202.94 Safari/537.36"
80.109.251.147 - - [21/Nov/2017:09:50:08 +0100] "GET /cache/emu/images/easy-drivers-neunkirchen--au10258994/_150_150.jpg HTTP/1.1" 200 2878 "http://ed.activities.at/entry.php?id=11148&object=10258994&view=thumbnail&width=150&height=150&wrap=false&mime=image/jpeg&image=jpg.gif" "Mozilla/5.0 (Macintosh; Intel Mac OS X 10_13_1) AppleWebKit/537.36 (KHTML, like Gecko) Chrome/62.0.3202.94 Safari/537.36"
80.109.251.147 - - [21/Nov/2017:09:50:14 +0100] "GET /favicon.ico HTTP/1.1" 404 285 "http://ed.activities.at/cache/emu/images/easy-drivers-neunkirchen--au10258994/_100_100.jpg" "Mozilla/5.0 (Macintosh; Intel Mac OS X 10_13_1) AppleWebKit/537.36 (KHTML, like Gecko) Chrome/62.0.3202.94 Safari/537.36"
80.109.251.147 - - [21/Nov/2017:09:50:26 +0100] "GET /framework/webfx/javascript/tinymce/skins/lightgray/content.min.css HTTP/1.1" 404 325 "http://ed.activities.at/entry.php?id=11667&object=10248767&company=10221902&hiddetabs=true" "Mozilla/5.0 (Macintosh; Intel Mac OS X 10_13_1) AppleWebKit/537.36 (KHTML, like Gecko) Chrome/62.0.3202.94 Safari/537.36"
80.109.251.147 - - [21/Nov/2017:09:50:45 +0100] "GET /entry.php?id=10271&&ser=254184 HTTP/1.1" 200 987 "http://ed.activities.at/entry.php?id=10271&UIN=51c25644105be8c28b1ac5ff750fc8bf" "Mozilla/5.0 (Macintosh; Intel Mac OS X 10_13_1) AppleWebKit/537.36 (KHTML, like Gecko) Chrome/62.0.3202.94 Safari/537.36"
80.109.251.147 - - [21/Nov/2017:09:50:46 +0100] "GET /gui/javascript/form_form.js?1511254245 HTTP/1.1" 200 16206 "http://ed.activities.at/entry.php?id=10271&&ser=254184" "Mozilla/5.0 (Macintosh; Intel Mac OS X 10_13_1) AppleWebKit/537.36 (KHTML, like Gecko) Chrome/62.0.3202.94 Safari/537.36"
80.109.251.147 - - [21/Nov/2017:09:50:49 +0100] "GET /entry.php?id=11693 HTTP/1.1" 200 2506 "http://ed.activities.at/entry.php?id=10270&__app__=10006038" "Mozilla/5.0 (Macintosh; Intel Mac OS X 10_13_1) AppleWebKit/537.36 (KHTML, like Gecko) Chrome/62.0.3202.94 Safari/537.36"
80.109.251.147 - - [21/Nov/2017:09:50:50 +0100] "GET /gui/javascript/form_form.js?1511254250 HTTP/1.1" 200 16206 "http://ed.activities.at/entry.php?id=11693" "Mozilla/5.0 (Macintosh; Intel Mac OS X 10_13_1) AppleWebKit/537.36 (KHTML, like Gecko) Chrome/62.0.3202.94 Safari/537.36"
80.109.251.147 - - [21/Nov/2017:09:50:50 +0100] "GET /entry.php?id=10778&form=11518&name=list& HTTP/1.1" 200 11730 "http://ed.activities.at/entry.php?id=11693" "Mozilla/5.0 (Macintosh; Intel Mac OS X 10_13_1) AppleWebKit/537.36 (KHTML, like Gecko) Chrome/62.0.3202.94 Safari/537.36"
80.109.251.147 - - [21/Nov/2017:09:50:50 +0100] "GET /entry.php?id=10776&form=11518&name=list& HTTP/1.1" 200 1839 "http://ed.activities.at/entry.php?id=11693" "Mozilla/5.0 (Macintosh; Intel Mac OS X 10_13_1) AppleWebKit/537.36 (KHTML, like Gecko) Chrome/62.0.3202.94 Safari/537.36"
80.109.251.147 - - [21/Nov/2017:09:50:50 +0100] "GET /entry.php?id=11148&object=10258996&view=thumbnail&width=100&height=100&wrap=false&mime=image/jpeg&image=jpg.gif HTTP/1.1" 200 1602 "http://ed.activities.at/entry.php?id=10778&form=11518&name=list&" "Mozilla/5.0 (Macintosh; Intel Mac OS X 10_13_1) AppleWebKit/537.36 (KHTML, like Gecko) Chrome/62.0.3202.94 Safari/537.36"
80.109.251.147 - - [21/Nov/2017:09:50:50 +0100] "GET /entry.php?id=11148&object=10258995&view=thumbnail&width=100&height=100&wrap=false&mime=image/jpeg&image=jpg.gif HTTP/1.1" 200 1602 "http://ed.activities.at/entry.php?id=10778&form=11518&name=list&" "Mozilla/5.0 (Macintosh; Intel Mac OS X 10_13_1) AppleWebKit/537.36 (KHTML, like Gecko) Chrome/62.0.3202.94 Safari/537.36"
80.109.251.147 - - [21/Nov/2017:09:50:50 +0100] "GET /entry.php?id=11148&object=10258991&view=thumbnail&width=100&height=100&wrap=false&mime=image/jpeg&image=jpg.gif HTTP/1.1" 200 1601 "http://ed.activities.at/entry.php?id=10778&form=11518&name=list&" "Mozilla/5.0 (Macintosh; Intel Mac OS X 10_13_1) AppleWebKit/537.36 (KHTML, like Gecko) Chrome/62.0.3202.94 Safari/537.36"
80.109.251.147 - - [21/Nov/2017:09:50:50 +0100] "GET /entry.php?id=11148&object=10248745&view=thumbnail&width=100&height=100&wrap=false&mime=image/bmp&image=bmp.gif HTTP/1.1" 200 1601 "http://ed.activities.at/entry.php?id=10778&form=11518&name=list&" "Mozilla/5.0 (Macintosh; Intel Mac OS X 10_13_1) AppleWebKit/537.36 (KHTML, like Gecko) Chrome/62.0.3202.94 Safari/537.36"
80.109.251.147 - - [21/Nov/2017:09:50:50 +0100] "GET /entry.php?id=11148&object=10288521&view=thumbnail&width=100&height=100&wrap=false&mime=image/jpeg&image=jpg.gif HTTP/1.1" 200 1601 "http://ed.activities.at/entry.php?id=10778&form=11518&name=list&" "Mozilla/5.0 (Macintosh; Intel Mac OS X 10_13_1) AppleWebKit/537.36 (KHTML, like Gecko) Chrome/62.0.3202.94 Safari/537.36"
80.109.251.147 - - [21/Nov/2017:09:50:51 +0100] "GET /entry.php?id=11148&object=10248626&view=thumbnail&width=100&height=100&wrap=false&mime=image/jpeg&image=jpg.gif HTTP/1.1" 200 1603 "http://ed.activities.at/entry.php?id=10778&form=11518&name=list&" "Mozilla/5.0 (Macintosh; Intel Mac OS X 10_13_1) AppleWebKit/537.36 (KHTML, like Gecko) Chrome/62.0.3202.94 Safari/537.36"
80.109.251.147 - - [21/Nov/2017:09:50:51 +0100] "GET /entry.php?id=11148&object=10249384&view=thumbnail&width=100&height=100&wrap=false&mime=image/jpeg&image=jpg.gif HTTP/1.1" 200 1602 "http://ed.activities.at/entry.php?id=10778&form=11518&name=list&" "Mozilla/5.0 (Macintosh; Intel Mac OS X 10_13_1) AppleWebKit/537.36 (KHTML, like Gecko) Chrome/62.0.3202.94 Safari/537.36"
80.109.251.147 - - [21/Nov/2017:09:50:52 +0100] "GET /gui/javascript/form_form.js?1511254251 HTTP/1.1" 200 16206 "http://ed.activities.at/entry.php?id=11148&object=10258996&view=thumbnail&width=100&height=100&wrap=false&mime=image/jpeg&image=jpg.gif" "Mozilla/5.0 (Macintosh; Intel Mac OS X 10_13_1) AppleWebKit/537.36 (KHTML, like Gecko) Chrome/62.0.3202.94 Safari/537.36"
80.109.251.147 - - [21/Nov/2017:09:50:51 +0100] "GET /entry.php?id=11148&object=10258994&view=thumbnail&width=100&height=100&wrap=false&mime=image/jpeg&image=jpg.gif HTTP/1.1" 200 1602 "http://ed.activities.at/entry.php?id=10778&form=11518&name=list&" "Mozilla/5.0 (Macintosh; Intel Mac OS X 10_13_1) AppleWebKit/537.36 (KHTML, like Gecko) Chrome/62.0.3202.94 Safari/537.36"
80.109.251.147 - - [21/Nov/2017:09:50:51 +0100] "GET /entry.php?id=11148&object=10254363&view=thumbnail&width=100&height=100&wrap=false&mime=image/jpeg&image=jpg.gif HTTP/1.1" 200 1602 "http://ed.activities.at/entry.php?id=10778&form=11518&name=list&" "Mozilla/5.0 (Macintosh; Intel Mac OS X 10_13_1) AppleWebKit/537.36 (KHTML, like Gecko) Chrome/62.0.3202.94 Safari/537.36"
80.109.251.147 - - [21/Nov/2017:09:50:51 +0100] "GET /entry.php?id=11148&object=10248747&view=thumbnail&width=100&height=100&wrap=false&mime=image/bmp&image=bmp.gif HTTP/1.1" 200 1602 "http://ed.activities.at/entry.php?id=10778&form=11518&name=list&" "Mozilla/5.0 (Macintosh; Intel Mac OS X 10_13_1) AppleWebKit/537.36 (KHTML, like Gecko) Chrome/62.0.3202.94 Safari/537.36"
80.109.251.147 - - [21/Nov/2017:09:50:51 +0100] "GET /entry.php?id=11148&object=10248764&view=thumbnail&width=100&height=100&wrap=false&mime=image/jpeg&image=jpg.gif HTTP/1.1" 200 1603 "http://ed.activities.at/entry.php?id=10778&form=11518&name=list&" "Mozilla/5.0 (Macintosh; Intel Mac OS X 10_13_1) AppleWebKit/537.36 (KHTML, like Gecko) Chrome/62.0.3202.94 Safari/537.36"
80.109.251.147 - - [21/Nov/2017:09:50:51 +0100] "GET /entry.php?id=11148&object=10249388&view=thumbnail&width=100&height=100&wrap=false&mime=image/jpeg&image=jpg.gif HTTP/1.1" 200 1602 "http://ed.activities.at/entry.php?id=10778&form=11518&name=list&" "Mozilla/5.0 (Macintosh; Intel Mac OS X 10_13_1) AppleWebKit/537.36 (KHTML, like Gecko) Chrome/62.0.3202.94 Safari/537.36"
83.65.242.242 - - [21/Nov/2017:09:50:52 +0100] "GET /entry.php?id=10271&&ser=254192 HTTP/1.1" 200 988 "http://easydrivers.activities.at/entry.php?id=10271&&ser=254131" "Mozilla/5.0 (Windows NT 6.1; rv:57.0) Gecko/20100101 Firefox/57.0"
83.65.242.242 - - [21/Nov/2017:09:50:52 +0100] "GET /gui/javascript/form_form.js?1511254252 HTTP/1.1" 200 16206 "http://easydrivers.activities.at/entry.php?id=10271&&ser=254192" "Mozilla/5.0 (Windows NT 6.1; rv:57.0) Gecko/20100101 Firefox/57.0"
80.109.251.147 - - [21/Nov/2017:09:50:54 +0100] "GET /gui/javascript/form_form.js?1511254252 HTTP/1.1" 200 16206 "http://ed.activities.at/entry.php?id=11148&object=10258994&view=thumbnail&width=100&height=100&wrap=false&mime=image/jpeg&image=jpg.gif" "Mozilla/5.0 (Macintosh; Intel Mac OS X 10_13_1) AppleWebKit/537.36 (KHTML, like Gecko) Chrome/62.0.3202.94 Safari/537.36"
90.146.6.198 - - [21/Nov/2017:09:51:05 +0100] "GET /entry.php?id=10271&&ser=254205 HTTP/1.1" 200 988 "http://easydrivers.activities.at/entry.php?id=10271&&ser=254144" "Mozilla/5.0 (Windows NT 10.0; Win64; x64; rv:57.0) Gecko/20100101 Firefox/57.0"
90.146.6.198 - - [21/Nov/2017:09:51:05 +0100] "GET /gui/javascript/form_form.js?1511254265 HTTP/1.1" 200 16206 "http://easydrivers.activities.at/entry.php?id=10271&&ser=254205" "Mozilla/5.0 (Windows NT 10.0; Win64; x64; rv:57.0) Gecko/20100101 Firefox/57.0"
80.109.251.147 - - [21/Nov/2017:09:51:46 +0100] "GET /entry.php?id=10271&&ser=254245 HTTP/1.1" 200 987 "http://ed.activities.at/entry.php?id=10271&&ser=254184" "Mozilla/5.0 (Macintosh; Intel Mac OS X 10_13_1) AppleWebKit/537.36 (KHTML, like Gecko) Chrome/62.0.3202.94 Safari/537.36"
80.109.251.147 - - [21/Nov/2017:09:51:46 +0100] "GET /gui/javascript/form_form.js?1511254306 HTTP/1.1" 200 16206 "http://ed.activities.at/entry.php?id=10271&&ser=254245" "Mozilla/5.0 (Macintosh; Intel Mac OS X 10_13_1) AppleWebKit/537.36 (KHTML, like Gecko) Chrome/62.0.3202.94 Safari/537.36"
83.65.242.242 - - [21/Nov/2017:09:51:53 +0100] "GET /entry.php?id=10271&&ser=254252 HTTP/1.1" 200 987 "http://easydrivers.activities.at/entry.php?id=10271&&ser=254192" "Mozilla/5.0 (Windows NT 6.1; rv:57.0) Gecko/20100101 Firefox/57.0"
83.65.242.242 - - [21/Nov/2017:09:51:53 +0100] "GET /gui/javascript/form_form.js?1511254313 HTTP/1.1" 200 16206 "http://easydrivers.activities.at/entry.php?id=10271&&ser=254252" "Mozilla/5.0 (Windows NT 6.1; rv:57.0) Gecko/20100101 Firefox/57.0"
90.146.6.198 - - [21/Nov/2017:09:52:05 +0100] "GET /entry.php?id=10271&&ser=254265 HTTP/1.1" 200 988 "http://easydrivers.activities.at/entry.php?id=10271&&ser=254205" "Mozilla/5.0 (Windows NT 10.0; Win64; x64; rv:57.0) Gecko/20100101 Firefox/57.0"
90.146.6.198 - - [21/Nov/2017:09:52:05 +0100] "GET /gui/javascript/form_form.js?1511254325 HTTP/1.1" 200 16206 "http://easydrivers.activities.at/entry.php?id=10271&&ser=254265" "Mozilla/5.0 (Windows NT 10.0; Win64; x64; rv:57.0) Gecko/20100101 Firefox/57.0"
80.109.251.147 - - [21/Nov/2017:09:52:46 +0100] "GET /entry.php?id=10271&&ser=254306 HTTP/1.1" 200 987 "http://ed.activities.at/entry.php?id=10271&&ser=254245" "Mozilla/5.0 (Macintosh; Intel Mac OS X 10_13_1) AppleWebKit/537.36 (KHTML, like Gecko) Chrome/62.0.3202.94 Safari/537.36"
80.109.251.147 - - [21/Nov/2017:09:52:47 +0100] "GET /gui/javascript/form_form.js?1511254367 HTTP/1.1" 200 16206 "http://ed.activities.at/entry.php?id=10271&&ser=254306" "Mozilla/5.0 (Macintosh; Intel Mac OS X 10_13_1) AppleWebKit/537.36 (KHTML, like Gecko) Chrome/62.0.3202.94 Safari/537.36"
83.65.242.242 - - [21/Nov/2017:09:52:53 +0100] "GET /entry.php?id=10271&&ser=254313 HTTP/1.1" 200 987 "http://easydrivers.activities.at/entry.php?id=10271&&ser=254252" "Mozilla/5.0 (Windows NT 6.1; rv:57.0) Gecko/20100101 Firefox/57.0"
83.65.242.242 - - [21/Nov/2017:09:52:53 +0100] "GET /gui/javascript/form_form.js?1511254373 HTTP/1.1" 200 16206 "http://easydrivers.activities.at/entry.php?id=10271&&ser=254313" "Mozilla/5.0 (Windows NT 6.1; rv:57.0) Gecko/20100101 Firefox/57.0"
90.146.6.198 - - [21/Nov/2017:09:53:05 +0100] "GET /entry.php?id=10271&&ser=254325 HTTP/1.1" 200 987 "http://easydrivers.activities.at/entry.php?id=10271&&ser=254265" "Mozilla/5.0 (Windows NT 10.0; Win64; x64; rv:57.0) Gecko/20100101 Firefox/57.0"
90.146.6.198 - - [21/Nov/2017:09:53:06 +0100] "GET /gui/javascript/form_form.js?1511254386 HTTP/1.1" 200 16206 "http://easydrivers.activities.at/entry.php?id=10271&&ser=254325" "Mozilla/5.0 (Windows NT 10.0; Win64; x64; rv:57.0) Gecko/20100101 Firefox/57.0"
80.109.251.147 - - [21/Nov/2017:09:53:47 +0100] "GET /entry.php?id=10271&&ser=254367 HTTP/1.1" 200 988 "http://ed.activities.at/entry.php?id=10271&&ser=254306" "Mozilla/5.0 (Macintosh; Intel Mac OS X 10_13_1) AppleWebKit/537.36 (KHTML, like Gecko) Chrome/62.0.3202.94 Safari/537.36"
80.109.251.147 - - [21/Nov/2017:09:53:47 +0100] "GET /gui/javascript/form_form.js?1511254427 HTTP/1.1" 200 16206 "http://ed.activities.at/entry.php?id=10271&&ser=254367" "Mozilla/5.0 (Macintosh; Intel Mac OS X 10_13_1) AppleWebKit/537.36 (KHTML, like Gecko) Chrome/62.0.3202.94 Safari/537.36"
83.65.242.242 - - [21/Nov/2017:09:53:54 +0100] "GET /entry.php?id=10271&&ser=254373 HTTP/1.1" 200 987 "http://easydrivers.activities.at/entry.php?id=10271&&ser=254313" "Mozilla/5.0 (Windows NT 6.1; rv:57.0) Gecko/20100101 Firefox/57.0"
83.65.242.242 - - [21/Nov/2017:09:53:54 +0100] "GET /gui/javascript/form_form.js?1511254434 HTTP/1.1" 200 16206 "http://easydrivers.activities.at/entry.php?id=10271&&ser=254373" "Mozilla/5.0 (Windows NT 6.1; rv:57.0) Gecko/20100101 Firefox/57.0"
90.146.6.198 - - [21/Nov/2017:09:54:06 +0100] "GET /entry.php?id=10271&&ser=254386 HTTP/1.1" 200 987 "http://easydrivers.activities.at/entry.php?id=10271&&ser=254325" "Mozilla/5.0 (Windows NT 10.0; Win64; x64; rv:57.0) Gecko/20100101 Firefox/57.0"
90.146.6.198 - - [21/Nov/2017:09:54:06 +0100] "GET /gui/javascript/form_form.js?1511254446 HTTP/1.1" 200 16206 "http://easydrivers.activities.at/entry.php?id=10271&&ser=254386" "Mozilla/5.0 (Windows NT 10.0; Win64; x64; rv:57.0) Gecko/20100101 Firefox/57.0"
90.146.6.198 - - [21/Nov/2017:09:54:42 +0100] "GET /framework/icons/note_msg_icon.gif HTTP/1.1" 200 1022 "http://easydrivers.activities.at/gui/styles/tmplDefault.css" "Mozilla/5.0 (Windows NT 10.0; Win64; x64; rv:57.0) Gecko/20100101 Firefox/57.0"
90.146.6.198 - - [21/Nov/2017:09:54:42 +0100] "GET /gui/javascript/jquery/css/gui-themes/images/ui-bg_flat_90_eeeeee_40x100.png HTTP/1.1" 200 180 "http://easydrivers.activities.at/gui/javascript/jquery/css/gui-themes/custom.min.css" "Mozilla/5.0 (Windows NT 10.0; Win64; x64; rv:57.0) Gecko/20100101 Firefox/57.0"
90.146.6.198 - - [21/Nov/2017:09:54:42 +0100] "GET /gui/javascript/jquery/css/gui-themes/images/ui-bg_flat_100_808080_40x100.png HTTP/1.1" 200 209 "http://easydrivers.activities.at/gui/javascript/jquery/css/gui-themes/custom.min.css" "Mozilla/5.0 (Windows NT 10.0; Win64; x64; rv:57.0) Gecko/20100101 Firefox/57.0"
90.146.6.198 - - [21/Nov/2017:09:54:42 +0100] "GET /gui/javascript/jquery/css/gui-themes/images/ui-icons_ffffff_256x240_ev.png HTTP/1.1" 200 6912 "http://easydrivers.activities.at/gui/javascript/jquery/css/gui-themes/custom.min.css" "Mozilla/5.0 (Windows NT 10.0; Win64; x64; rv:57.0) Gecko/20100101 Firefox/57.0"
90.146.6.198 - - [21/Nov/2017:09:54:42 +0100] "GET /gui/javascript/jquery/css/gui-themes/images/ui-bg_flat_80_ece9d8_40x100.png HTTP/1.1" 200 183 "http://easydrivers.activities.at/gui/javascript/jquery/css/gui-themes/custom.min.css" "Mozilla/5.0 (Windows NT 10.0; Win64; x64; rv:57.0) Gecko/20100101 Firefox/57.0"
90.146.6.198 - - [21/Nov/2017:09:54:44 +0100] "GET /gui/javascript/jquery/css/gui-themes/images/ui-bg_flat_100_ffffff_40x100.png HTTP/1.1" 200 178 "http://easydrivers.activities.at/gui/javascript/jquery/css/gui-themes/custom.min.css" "Mozilla/5.0 (Windows NT 10.0; Win64; x64; rv:57.0) Gecko/20100101 Firefox/57.0"
80.109.251.147 - - [21/Nov/2017:09:54:47 +0100] "GET /entry.php?id=10271&&ser=254427 HTTP/1.1" 200 987 "http://ed.activities.at/entry.php?id=10271&&ser=254367" "Mozilla/5.0 (Macintosh; Intel Mac OS X 10_13_1) AppleWebKit/537.36 (KHTML, like Gecko) Chrome/62.0.3202.94 Safari/537.36"
80.109.251.147 - - [21/Nov/2017:09:54:47 +0100] "GET /gui/javascript/form_form.js?1511254487 HTTP/1.1" 200 16206 "http://ed.activities.at/entry.php?id=10271&&ser=254427" "Mozilla/5.0 (Macintosh; Intel Mac OS X 10_13_1) AppleWebKit/537.36 (KHTML, like Gecko) Chrome/62.0.3202.94 Safari/537.36"
83.65.242.242 - - [21/Nov/2017:09:54:54 +0100] "GET /entry.php?id=10271&&ser=254434 HTTP/1.1" 200 987 "http://easydrivers.activities.at/entry.php?id=10271&&ser=254373" "Mozilla/5.0 (Windows NT 6.1; rv:57.0) Gecko/20100101 Firefox/57.0"
83.65.242.242 - - [21/Nov/2017:09:54:55 +0100] "GET /gui/javascript/form_form.js?1511254494 HTTP/1.1" 200 16206 "http://easydrivers.activities.at/entry.php?id=10271&&ser=254434" "Mozilla/5.0 (Windows NT 6.1; rv:57.0) Gecko/20100101 Firefox/57.0"
90.146.6.198 - - [21/Nov/2017:09:55:06 +0100] "GET /entry.php?id=10271&&ser=254446 HTTP/1.1" 200 988 "http://easydrivers.activities.at/entry.php?id=10271&&ser=254386" "Mozilla/5.0 (Windows NT 10.0; Win64; x64; rv:57.0) Gecko/20100101 Firefox/57.0"
90.146.6.198 - - [21/Nov/2017:09:55:06 +0100] "GET /gui/javascript/form_form.js?1511254506 HTTP/1.1" 200 16206 "http://easydrivers.activities.at/entry.php?id=10271&&ser=254446" "Mozilla/5.0 (Windows NT 10.0; Win64; x64; rv:57.0) Gecko/20100101 Firefox/57.0"
80.109.251.147 - - [21/Nov/2017:09:55:48 +0100] "GET /entry.php?id=10271&&ser=254487 HTTP/1.1" 200 987 "http://ed.activities.at/entry.php?id=10271&&ser=254427" "Mozilla/5.0 (Macintosh; Intel Mac OS X 10_13_1) AppleWebKit/537.36 (KHTML, like Gecko) Chrome/62.0.3202.94 Safari/537.36"
80.109.251.147 - - [21/Nov/2017:09:55:48 +0100] "GET /gui/javascript/form_form.js?1511254548 HTTP/1.1" 200 16206 "http://ed.activities.at/entry.php?id=10271&&ser=254487" "Mozilla/5.0 (Macintosh; Intel Mac OS X 10_13_1) AppleWebKit/537.36 (KHTML, like Gecko) Chrome/62.0.3202.94 Safari/537.36"
83.65.242.242 - - [21/Nov/2017:09:55:55 +0100] "GET /entry.php?id=10271&&ser=254494 HTTP/1.1" 200 988 "http://easydrivers.activities.at/entry.php?id=10271&&ser=254434" "Mozilla/5.0 (Windows NT 6.1; rv:57.0) Gecko/20100101 Firefox/57.0"
83.65.242.242 - - [21/Nov/2017:09:55:55 +0100] "GET /gui/javascript/form_form.js?1511254555 HTTP/1.1" 200 16206 "http://easydrivers.activities.at/entry.php?id=10271&&ser=254494" "Mozilla/5.0 (Windows NT 6.1; rv:57.0) Gecko/20100101 Firefox/57.0"
90.146.6.198 - - [21/Nov/2017:09:56:07 +0100] "GET /entry.php?id=10271&&ser=254506 HTTP/1.1" 200 988 "http://easydrivers.activities.at/entry.php?id=10271&&ser=254446" "Mozilla/5.0 (Windows NT 10.0; Win64; x64; rv:57.0) Gecko/20100101 Firefox/57.0"
90.146.6.198 - - [21/Nov/2017:09:56:07 +0100] "GET /gui/javascript/form_form.js?1511254567 HTTP/1.1" 200 16206 "http://easydrivers.activities.at/entry.php?id=10271&&ser=254506" "Mozilla/5.0 (Windows NT 10.0; Win64; x64; rv:57.0) Gecko/20100101 Firefox/57.0"
80.109.251.147 - - [21/Nov/2017:09:56:48 +0100] "GET /entry.php?id=10271&&ser=254548 HTTP/1.1" 200 987 "http://ed.activities.at/entry.php?id=10271&&ser=254487" "Mozilla/5.0 (Macintosh; Intel Mac OS X 10_13_1) AppleWebKit/537.36 (KHTML, like Gecko) Chrome/62.0.3202.94 Safari/537.36"
80.109.251.147 - - [21/Nov/2017:09:56:48 +0100] "GET /gui/javascript/form_form.js?1511254608 HTTP/1.1" 200 16206 "http://ed.activities.at/entry.php?id=10271&&ser=254548" "Mozilla/5.0 (Macintosh; Intel Mac OS X 10_13_1) AppleWebKit/537.36 (KHTML, like Gecko) Chrome/62.0.3202.94 Safari/537.36"
83.65.242.242 - - [21/Nov/2017:09:56:55 +0100] "GET /entry.php?id=10271&&ser=254555 HTTP/1.1" 200 988 "http://easydrivers.activities.at/entry.php?id=10271&&ser=254494" "Mozilla/5.0 (Windows NT 6.1; rv:57.0) Gecko/20100101 Firefox/57.0"
83.65.242.242 - - [21/Nov/2017:09:56:55 +0100] "GET /gui/javascript/form_form.js?1511254615 HTTP/1.1" 200 16206 "http://easydrivers.activities.at/entry.php?id=10271&&ser=254555" "Mozilla/5.0 (Windows NT 6.1; rv:57.0) Gecko/20100101 Firefox/57.0"
90.146.6.198 - - [21/Nov/2017:09:57:07 +0100] "GET /entry.php?id=10271&&ser=254567 HTTP/1.1" 200 988 "http://easydrivers.activities.at/entry.php?id=10271&&ser=254506" "Mozilla/5.0 (Windows NT 10.0; Win64; x64; rv:57.0) Gecko/20100101 Firefox/57.0"
90.146.6.198 - - [21/Nov/2017:09:57:07 +0100] "GET /gui/javascript/form_form.js?1511254627 HTTP/1.1" 200 16206 "http://easydrivers.activities.at/entry.php?id=10271&&ser=254567" "Mozilla/5.0 (Windows NT 10.0; Win64; x64; rv:57.0) Gecko/20100101 Firefox/57.0"
80.109.251.147 - - [21/Nov/2017:09:57:48 +0100] "GET /entry.php?id=10271&&ser=254608 HTTP/1.1" 200 987 "http://ed.activities.at/entry.php?id=10271&&ser=254548" "Mozilla/5.0 (Macintosh; Intel Mac OS X 10_13_1) AppleWebKit/537.36 (KHTML, like Gecko) Chrome/62.0.3202.94 Safari/537.36"
80.109.251.147 - - [21/Nov/2017:09:57:49 +0100] "GET /gui/javascript/form_form.js?1511254668 HTTP/1.1" 200 16206 "http://ed.activities.at/entry.php?id=10271&&ser=254608" "Mozilla/5.0 (Macintosh; Intel Mac OS X 10_13_1) AppleWebKit/537.36 (KHTML, like Gecko) Chrome/62.0.3202.94 Safari/537.36"
83.65.242.242 - - [21/Nov/2017:09:57:56 +0100] "GET /entry.php?id=10271&&ser=254615 HTTP/1.1" 200 987 "http://easydrivers.activities.at/entry.php?id=10271&&ser=254555" "Mozilla/5.0 (Windows NT 6.1; rv:57.0) Gecko/20100101 Firefox/57.0"
83.65.242.242 - - [21/Nov/2017:09:57:56 +0100] "GET /gui/javascript/form_form.js?1511254676 HTTP/1.1" 200 16206 "http://easydrivers.activities.at/entry.php?id=10271&&ser=254615" "Mozilla/5.0 (Windows NT 6.1; rv:57.0) Gecko/20100101 Firefox/57.0"
90.146.6.198 - - [21/Nov/2017:09:58:07 +0100] "GET /entry.php?id=10271&&ser=254627 HTTP/1.1" 200 987 "http://easydrivers.activities.at/entry.php?id=10271&&ser=254567" "Mozilla/5.0 (Windows NT 10.0; Win64; x64; rv:57.0) Gecko/20100101 Firefox/57.0"
90.146.6.198 - - [21/Nov/2017:09:58:08 +0100] "GET /gui/javascript/form_form.js?1511254688 HTTP/1.1" 200 16206 "http://easydrivers.activities.at/entry.php?id=10271&&ser=254627" "Mozilla/5.0 (Windows NT 10.0; Win64; x64; rv:57.0) Gecko/20100101 Firefox/57.0"
80.109.251.147 - - [21/Nov/2017:09:58:49 +0100] "GET /entry.php?id=10271&&ser=254668 HTTP/1.1" 200 988 "http://ed.activities.at/entry.php?id=10271&&ser=254608" "Mozilla/5.0 (Macintosh; Intel Mac OS X 10_13_1) AppleWebKit/537.36 (KHTML, like Gecko) Chrome/62.0.3202.94 Safari/537.36"
80.109.251.147 - - [21/Nov/2017:09:58:49 +0100] "GET /gui/javascript/form_form.js?1511254729 HTTP/1.1" 200 16206 "http://ed.activities.at/entry.php?id=10271&&ser=254668" "Mozilla/5.0 (Macintosh; Intel Mac OS X 10_13_1) AppleWebKit/537.36 (KHTML, like Gecko) Chrome/62.0.3202.94 Safari/537.36"
83.65.242.242 - - [21/Nov/2017:09:58:56 +0100] "GET /entry.php?id=10271&&ser=254676 HTTP/1.1" 200 986 "http://easydrivers.activities.at/entry.php?id=10271&&ser=254615" "Mozilla/5.0 (Windows NT 6.1; rv:57.0) Gecko/20100101 Firefox/57.0"
83.65.242.242 - - [21/Nov/2017:09:58:56 +0100] "GET /gui/javascript/form_form.js?1511254736 HTTP/1.1" 200 16206 "http://easydrivers.activities.at/entry.php?id=10271&&ser=254676" "Mozilla/5.0 (Windows NT 6.1; rv:57.0) Gecko/20100101 Firefox/57.0"
90.146.6.198 - - [21/Nov/2017:09:59:08 +0100] "GET /entry.php?id=10271&&ser=254688 HTTP/1.1" 200 987 "http://easydrivers.activities.at/entry.php?id=10271&&ser=254627" "Mozilla/5.0 (Windows NT 10.0; Win64; x64; rv:57.0) Gecko/20100101 Firefox/57.0"
90.146.6.198 - - [21/Nov/2017:09:59:08 +0100] "GET /gui/javascript/form_form.js?1511254748 HTTP/1.1" 200 16206 "http://easydrivers.activities.at/entry.php?id=10271&&ser=254688" "Mozilla/5.0 (Windows NT 10.0; Win64; x64; rv:57.0) Gecko/20100101 Firefox/57.0"
80.109.251.147 - - [21/Nov/2017:09:59:49 +0100] "GET /entry.php?id=10271&&ser=254729 HTTP/1.1" 200 987 "http://ed.activities.at/entry.php?id=10271&&ser=254668" "Mozilla/5.0 (Macintosh; Intel Mac OS X 10_13_1) AppleWebKit/537.36 (KHTML, like Gecko) Chrome/62.0.3202.94 Safari/537.36"
80.109.251.147 - - [21/Nov/2017:09:59:49 +0100] "GET /gui/javascript/form_form.js?1511254789 HTTP/1.1" 200 16206 "http://ed.activities.at/entry.php?id=10271&&ser=254729" "Mozilla/5.0 (Macintosh; Intel Mac OS X 10_13_1) AppleWebKit/537.36 (KHTML, like Gecko) Chrome/62.0.3202.94 Safari/537.36"
83.65.242.242 - - [21/Nov/2017:09:59:57 +0100] "GET /entry.php?id=10271&&ser=254736 HTTP/1.1" 200 987 "http://easydrivers.activities.at/entry.php?id=10271&&ser=254676" "Mozilla/5.0 (Windows NT 6.1; rv:57.0) Gecko/20100101 Firefox/57.0"
83.65.242.242 - - [21/Nov/2017:09:59:57 +0100] "GET /gui/javascript/form_form.js?1511254797 HTTP/1.1" 200 16206 "http://easydrivers.activities.at/entry.php?id=10271&&ser=254736" "Mozilla/5.0 (Windows NT 6.1; rv:57.0) Gecko/20100101 Firefox/57.0"
90.146.6.198 - - [21/Nov/2017:10:00:08 +0100] "GET /entry.php?id=10271&&ser=254748 HTTP/1.1" 200 987 "http://easydrivers.activities.at/entry.php?id=10271&&ser=254688" "Mozilla/5.0 (Windows NT 10.0; Win64; x64; rv:57.0) Gecko/20100101 Firefox/57.0"
