81.10.228.170 - - [27/Nov/2017:11:06:32 +0100] "GET /gui/javascript/form_form.js?1511777190 HTTP/1.1" 200 16206 "http://easydrivers.activities.at/entry.php?id=10271&UIN=14249e32a1b32dcbfb36b94ad7e8a79c" "Mozilla/5.0 (Windows NT 10.0; Trident/7.0; rv:11.0) like Gecko"
81.10.228.170 - - [27/Nov/2017:11:06:32 +0100] "GET /gui/javascript/form_form.js?1511777192 HTTP/1.1" 200 16206 "http://easydrivers.activities.at/entry.php?id=10374" "Mozilla/5.0 (Windows NT 10.0; Trident/7.0; rv:11.0) like Gecko"
81.10.228.170 - - [27/Nov/2017:11:06:32 +0100] "GET /gui/javascript/jquery/js/jquery-1.8.2.js HTTP/1.1" 304 - "http://easydrivers.activities.at/entry.php?id=10271&UIN=14249e32a1b32dcbfb36b94ad7e8a79c" "Mozilla/5.0 (Windows NT 10.0; Trident/7.0; rv:11.0) like Gecko"
81.10.228.170 - - [27/Nov/2017:11:06:33 +0100] "GET /gui/javascript/jquery/js/jquery-ui-1.9.0.custom.min.js HTTP/1.1" 304 - "http://easydrivers.activities.at/entry.php?id=10271&UIN=14249e32a1b32dcbfb36b94ad7e8a79c" "Mozilla/5.0 (Windows NT 10.0; Trident/7.0; rv:11.0) like Gecko"
81.10.228.170 - - [27/Nov/2017:11:06:33 +0100] "GET /gui/javascript/jquery/jquery-tooltip/jquery.tooltip.min.js HTTP/1.1" 304 - "http://easydrivers.activities.at/entry.php?id=10271&UIN=14249e32a1b32dcbfb36b94ad7e8a79c" "Mozilla/5.0 (Windows NT 10.0; Trident/7.0; rv:11.0) like Gecko"
81.10.228.170 - - [27/Nov/2017:11:06:33 +0100] "GET /entry.php?id=11673 HTTP/1.1" 200 358 "http://easydrivers.activities.at/entry.php?id=11412" "Mozilla/5.0 (Windows NT 10.0; Trident/7.0; rv:11.0) like Gecko"
81.10.228.170 - - [27/Nov/2017:11:06:34 +0100] "GET /entry.php?id=10676&&title=F\xfchrerscheinkurse HTTP/1.1" 200 1395 "http://easydrivers.activities.at/entry.php?id=11673" "Mozilla/5.0 (Windows NT 10.0; Trident/7.0; rv:11.0) like Gecko"
81.10.228.170 - - [27/Nov/2017:11:06:34 +0100] "GET /gui/javascript/form_form.js?1511777194 HTTP/1.1" 200 16206 "http://easydrivers.activities.at/entry.php?id=10676&&title=F%C3%BChrerscheinkurse" "Mozilla/5.0 (Windows NT 10.0; Trident/7.0; rv:11.0) like Gecko"
81.10.228.170 - - [27/Nov/2017:11:06:34 +0100] "GET /entry.php?id=11694& HTTP/1.1" 200 3443 "http://easydrivers.activities.at/entry.php?id=11673" "Mozilla/5.0 (Windows NT 10.0; Trident/7.0; rv:11.0) like Gecko"
81.10.228.170 - - [27/Nov/2017:11:06:35 +0100] "GET /activities/framework/KoolControls/KoolAjax/koolajax.php?8436e354c842500aba3cbaf0584c0c24 HTTP/1.1" 200 4079 "http://easydrivers.activities.at/entry.php?id=11694&" "Mozilla/5.0 (Windows NT 10.0; Trident/7.0; rv:11.0) like Gecko"
81.10.228.170 - - [27/Nov/2017:11:06:35 +0100] "GET /activities/framework/KoolControls/KoolTreeView/kooltreeview.php?c7cd9180e88ffef8e70f13526bb4f5f7 HTTP/1.1" 200 5055 "http://easydrivers.activities.at/entry.php?id=11694&" "Mozilla/5.0 (Windows NT 10.0; Trident/7.0; rv:11.0) like Gecko"
81.10.228.170 - - [27/Nov/2017:11:06:34 +0100] "GET /entry.php?id=11672& HTTP/1.1" 200 2691 "http://easydrivers.activities.at/entry.php?id=11673" "Mozilla/5.0 (Windows NT 10.0; Trident/7.0; rv:11.0) like Gecko"
81.10.228.170 - - [27/Nov/2017:11:06:35 +0100] "GET /gui/javascript/form_form.js?1511777195 HTTP/1.1" 200 16206 "http://easydrivers.activities.at/entry.php?id=11672&" "Mozilla/5.0 (Windows NT 10.0; Trident/7.0; rv:11.0) like Gecko"
81.10.228.170 - - [27/Nov/2017:11:06:34 +0100] "GET /entry.php?id=11671& HTTP/1.1" 200 4539 "http://easydrivers.activities.at/entry.php?id=11673" "Mozilla/5.0 (Windows NT 10.0; Trident/7.0; rv:11.0) like Gecko"
81.10.228.170 - - [27/Nov/2017:11:06:36 +0100] "GET /entry.php?id=10776&form=11497&name=list& HTTP/1.1" 200 1941 "http://easydrivers.activities.at/entry.php?id=11672&" "Mozilla/5.0 (Windows NT 10.0; Trident/7.0; rv:11.0) like Gecko"
81.10.228.170 - - [27/Nov/2017:11:06:36 +0100] "GET /entry.php?id=10778&form=11497&name=list& HTTP/1.1" 200 9029 "http://easydrivers.activities.at/entry.php?id=11672&" "Mozilla/5.0 (Windows NT 10.0; Trident/7.0; rv:11.0) like Gecko"
81.10.228.170 - - [27/Nov/2017:11:06:36 +0100] "GET /entry.php?id=10778&form=11496&name=list& HTTP/1.1" 200 2493 "http://easydrivers.activities.at/entry.php?id=11671&" "Mozilla/5.0 (Windows NT 10.0; Trident/7.0; rv:11.0) like Gecko"
81.10.228.170 - - [27/Nov/2017:11:06:36 +0100] "GET /entry.php?id=10776&form=11496&name=list& HTTP/1.1" 200 1526 "http://easydrivers.activities.at/entry.php?id=11671&" "Mozilla/5.0 (Windows NT 10.0; Trident/7.0; rv:11.0) like Gecko"
213.86.241.133 - - [27/Nov/2017:11:06:42 +0100] "GET /entry.php?id=10271&&ser=777141 HTTP/1.1" 200 988 "http://easydrivers.activities.at/entry.php?id=10271&&ser=777081" "Mozilla/5.0 (Windows NT 10.0; WOW64; Trident/7.0; rv:11.0) like Gecko"
213.86.241.133 - - [27/Nov/2017:11:06:42 +0100] "GET /gui/javascript/form_form.js?1511777202 HTTP/1.1" 200 16206 "http://easydrivers.activities.at/entry.php?id=10271&&ser=777141" "Mozilla/5.0 (Windows NT 10.0; WOW64; Trident/7.0; rv:11.0) like Gecko"
81.10.228.170 - - [27/Nov/2017:11:06:50 +0100] "POST /entry.php?id=11672 HTTP/1.1" 200 2701 "http://easydrivers.activities.at/entry.php?id=11672&" "Mozilla/5.0 (Windows NT 10.0; Trident/7.0; rv:11.0) like Gecko"
81.10.228.170 - - [27/Nov/2017:11:06:50 +0100] "GET /gui/javascript/form_form.js?1511777210 HTTP/1.1" 200 16206 "http://easydrivers.activities.at/entry.php?id=11672" "Mozilla/5.0 (Windows NT 10.0; Trident/7.0; rv:11.0) like Gecko"
81.10.228.170 - - [27/Nov/2017:11:06:51 +0100] "GET /entry.php?id=10778&form=11497&name=list& HTTP/1.1" 200 3813 "http://easydrivers.activities.at/entry.php?id=11672" "Mozilla/5.0 (Windows NT 10.0; Trident/7.0; rv:11.0) like Gecko"
81.10.228.170 - - [27/Nov/2017:11:06:51 +0100] "GET /entry.php?id=10776&form=11497&name=list& HTTP/1.1" 200 1941 "http://easydrivers.activities.at/entry.php?id=11672" "Mozilla/5.0 (Windows NT 10.0; Trident/7.0; rv:11.0) like Gecko"
80.110.19.165 - - [27/Nov/2017:11:07:02 +0100] "GET /entry.php?id=10271&&ser=777162 HTTP/1.1" 200 988 "http://easydrivers.activities.at/entry.php?id=10271&&ser=777101" "Mozilla/5.0 (Windows NT 6.1; Win64; x64; rv:57.0) Gecko/20100101 Firefox/57.0"
80.110.19.165 - - [27/Nov/2017:11:07:02 +0100] "GET /gui/javascript/form_form.js?1511777222 HTTP/1.1" 200 16206 "http://easydrivers.activities.at/entry.php?id=10271&&ser=777162" "Mozilla/5.0 (Windows NT 6.1; Win64; x64; rv:57.0) Gecko/20100101 Firefox/57.0"
81.10.228.170 - - [27/Nov/2017:11:07:05 +0100] "POST /entry.php?id=11671 HTTP/1.1" 200 4776 "http://easydrivers.activities.at/entry.php?id=11671&" "Mozilla/5.0 (Windows NT 10.0; Trident/7.0; rv:11.0) like Gecko"
81.10.228.170 - - [27/Nov/2017:11:07:06 +0100] "GET /gui/javascript/form_form.js?1511777226 HTTP/1.1" 200 16206 "http://easydrivers.activities.at/entry.php?id=11671" "Mozilla/5.0 (Windows NT 10.0; Trident/7.0; rv:11.0) like Gecko"
81.10.228.170 - - [27/Nov/2017:11:07:06 +0100] "GET /entry.php?id=10776&form=11496&name=list& HTTP/1.1" 200 1519 "http://easydrivers.activities.at/entry.php?id=11671" "Mozilla/5.0 (Windows NT 10.0; Trident/7.0; rv:11.0) like Gecko"
81.10.228.170 - - [27/Nov/2017:11:07:06 +0100] "GET /entry.php?id=10778&form=11496&name=list& HTTP/1.1" 200 5734 "http://easydrivers.activities.at/entry.php?id=11671" "Mozilla/5.0 (Windows NT 10.0; Trident/7.0; rv:11.0) like Gecko"
213.86.241.133 - - [27/Nov/2017:11:07:16 +0100] "POST /entry.php?id=11671 HTTP/1.1" 200 4981 "http://easydrivers.activities.at/entry.php?id=11671" "Mozilla/5.0 (Windows NT 10.0; WOW64; Trident/7.0; rv:11.0) like Gecko"
213.86.241.133 - - [27/Nov/2017:11:07:16 +0100] "GET /gui/javascript/form_form.js?1511777236 HTTP/1.1" 200 16206 "http://easydrivers.activities.at/entry.php?id=11671" "Mozilla/5.0 (Windows NT 10.0; WOW64; Trident/7.0; rv:11.0) like Gecko"
213.86.241.133 - - [27/Nov/2017:11:07:16 +0100] "GET /entry.php?id=10776&form=11496&name=list& HTTP/1.1" 200 1519 "http://easydrivers.activities.at/entry.php?id=11671" "Mozilla/5.0 (Windows NT 10.0; WOW64; Trident/7.0; rv:11.0) like Gecko"
213.86.241.133 - - [27/Nov/2017:11:07:17 +0100] "GET /entry.php?id=10778&form=11496&name=list& HTTP/1.1" 200 5765 "http://easydrivers.activities.at/entry.php?id=11671" "Mozilla/5.0 (Windows NT 10.0; WOW64; Trident/7.0; rv:11.0) like Gecko"
213.86.241.133 - - [27/Nov/2017:11:07:20 +0100] "POST /entry.php?id=11671 HTTP/1.1" 200 4933 "http://easydrivers.activities.at/entry.php?id=11671" "Mozilla/5.0 (Windows NT 10.0; WOW64; Trident/7.0; rv:11.0) like Gecko"
213.86.241.133 - - [27/Nov/2017:11:07:21 +0100] "GET /gui/javascript/form_form.js?1511777241 HTTP/1.1" 200 16206 "http://easydrivers.activities.at/entry.php?id=11671" "Mozilla/5.0 (Windows NT 10.0; WOW64; Trident/7.0; rv:11.0) like Gecko"
213.86.241.133 - - [27/Nov/2017:11:07:21 +0100] "GET /entry.php?id=10776&form=11496&name=list& HTTP/1.1" 200 1519 "http://easydrivers.activities.at/entry.php?id=11671" "Mozilla/5.0 (Windows NT 10.0; WOW64; Trident/7.0; rv:11.0) like Gecko"
213.86.241.133 - - [27/Nov/2017:11:07:21 +0100] "GET /entry.php?id=10778&form=11496&name=list& HTTP/1.1" 200 5765 "http://easydrivers.activities.at/entry.php?id=11671" "Mozilla/5.0 (Windows NT 10.0; WOW64; Trident/7.0; rv:11.0) like Gecko"
213.86.241.133 - - [27/Nov/2017:11:07:29 +0100] "POST /entry.php?id=11671 HTTP/1.1" 200 4610 "http://easydrivers.activities.at/entry.php?id=11671" "Mozilla/5.0 (Windows NT 10.0; WOW64; Trident/7.0; rv:11.0) like Gecko"
213.86.241.133 - - [27/Nov/2017:11:07:29 +0100] "GET /gui/javascript/form_form.js?1511777249 HTTP/1.1" 200 16206 "http://easydrivers.activities.at/entry.php?id=11671" "Mozilla/5.0 (Windows NT 10.0; WOW64; Trident/7.0; rv:11.0) like Gecko"
213.86.241.133 - - [27/Nov/2017:11:07:30 +0100] "GET /entry.php?id=10776&form=11496&name=list& HTTP/1.1" 200 1519 "http://easydrivers.activities.at/entry.php?id=11671" "Mozilla/5.0 (Windows NT 10.0; WOW64; Trident/7.0; rv:11.0) like Gecko"
213.86.241.133 - - [27/Nov/2017:11:07:30 +0100] "GET /entry.php?id=10778&form=11496&name=list& HTTP/1.1" 200 5576 "http://easydrivers.activities.at/entry.php?id=11671" "Mozilla/5.0 (Windows NT 10.0; WOW64; Trident/7.0; rv:11.0) like Gecko"
81.10.228.170 - - [27/Nov/2017:11:07:33 +0100] "GET /entry.php?id=10271&&ser=777190 HTTP/1.1" 200 988 "http://easydrivers.activities.at/entry.php?id=10271&UIN=14249e32a1b32dcbfb36b94ad7e8a79c" "Mozilla/5.0 (Windows NT 10.0; Trident/7.0; rv:11.0) like Gecko"
81.10.228.170 - - [27/Nov/2017:11:07:33 +0100] "GET /gui/javascript/form_form.js?1511777253 HTTP/1.1" 200 16206 "http://easydrivers.activities.at/entry.php?id=10271&&ser=777190" "Mozilla/5.0 (Windows NT 10.0; Trident/7.0; rv:11.0) like Gecko"
213.86.241.133 - - [27/Nov/2017:11:07:42 +0100] "GET /entry.php?id=10271&&ser=777202 HTTP/1.1" 200 988 "http://easydrivers.activities.at/entry.php?id=10271&&ser=777141" "Mozilla/5.0 (Windows NT 10.0; WOW64; Trident/7.0; rv:11.0) like Gecko"
213.86.241.133 - - [27/Nov/2017:11:07:42 +0100] "GET /gui/javascript/form_form.js?1511777262 HTTP/1.1" 200 16206 "http://easydrivers.activities.at/entry.php?id=10271&&ser=777202" "Mozilla/5.0 (Windows NT 10.0; WOW64; Trident/7.0; rv:11.0) like Gecko"
80.110.19.165 - - [27/Nov/2017:11:08:02 +0100] "GET /entry.php?id=10271&&ser=777222 HTTP/1.1" 200 988 "http://easydrivers.activities.at/entry.php?id=10271&&ser=777162" "Mozilla/5.0 (Windows NT 6.1; Win64; x64; rv:57.0) Gecko/20100101 Firefox/57.0"
80.110.19.165 - - [27/Nov/2017:11:08:02 +0100] "GET /gui/javascript/form_form.js?1511777282 HTTP/1.1" 200 16206 "http://easydrivers.activities.at/entry.php?id=10271&&ser=777222" "Mozilla/5.0 (Windows NT 6.1; Win64; x64; rv:57.0) Gecko/20100101 Firefox/57.0"
213.86.241.133 - - [27/Nov/2017:11:08:16 +0100] "POST /entry.php?id=11671 HTTP/1.1" 200 4983 "http://easydrivers.activities.at/entry.php?id=11671" "Mozilla/5.0 (Windows NT 10.0; WOW64; Trident/7.0; rv:11.0) like Gecko"
213.86.241.133 - - [27/Nov/2017:11:08:16 +0100] "GET /gui/javascript/form_form.js?1511777296 HTTP/1.1" 200 16206 "http://easydrivers.activities.at/entry.php?id=11671" "Mozilla/5.0 (Windows NT 10.0; WOW64; Trident/7.0; rv:11.0) like Gecko"
213.86.241.133 - - [27/Nov/2017:11:08:17 +0100] "GET /entry.php?id=10778&form=11496&name=list& HTTP/1.1" 200 5765 "http://easydrivers.activities.at/entry.php?id=11671" "Mozilla/5.0 (Windows NT 10.0; WOW64; Trident/7.0; rv:11.0) like Gecko"
213.86.241.133 - - [27/Nov/2017:11:08:17 +0100] "GET /entry.php?id=10776&form=11496&name=list& HTTP/1.1" 200 1519 "http://easydrivers.activities.at/entry.php?id=11671" "Mozilla/5.0 (Windows NT 10.0; WOW64; Trident/7.0; rv:11.0) like Gecko"
213.86.241.133 - - [27/Nov/2017:11:08:18 +0100] "POST /entry.php?id=11671 HTTP/1.1" 200 4933 "http://easydrivers.activities.at/entry.php?id=11671" "Mozilla/5.0 (Windows NT 10.0; WOW64; Trident/7.0; rv:11.0) like Gecko"
213.86.241.133 - - [27/Nov/2017:11:08:20 +0100] "GET /gui/javascript/form_form.js?1511777300 HTTP/1.1" 200 16206 "http://easydrivers.activities.at/entry.php?id=11671" "Mozilla/5.0 (Windows NT 10.0; WOW64; Trident/7.0; rv:11.0) like Gecko"
213.86.241.133 - - [27/Nov/2017:11:08:20 +0100] "GET /entry.php?id=10776&form=11496&name=list& HTTP/1.1" 200 1519 "http://easydrivers.activities.at/entry.php?id=11671" "Mozilla/5.0 (Windows NT 10.0; WOW64; Trident/7.0; rv:11.0) like Gecko"
213.86.241.133 - - [27/Nov/2017:11:08:20 +0100] "GET /entry.php?id=10778&form=11496&name=list& HTTP/1.1" 200 5765 "http://easydrivers.activities.at/entry.php?id=11671" "Mozilla/5.0 (Windows NT 10.0; WOW64; Trident/7.0; rv:11.0) like Gecko"
213.86.241.133 - - [27/Nov/2017:11:08:23 +0100] "POST /entry.php?id=11671 HTTP/1.1" 200 4610 "http://easydrivers.activities.at/entry.php?id=11671" "Mozilla/5.0 (Windows NT 10.0; WOW64; Trident/7.0; rv:11.0) like Gecko"
213.86.241.133 - - [27/Nov/2017:11:08:23 +0100] "GET /gui/javascript/form_form.js?1511777303 HTTP/1.1" 200 16206 "http://easydrivers.activities.at/entry.php?id=11671" "Mozilla/5.0 (Windows NT 10.0; WOW64; Trident/7.0; rv:11.0) like Gecko"
213.86.241.133 - - [27/Nov/2017:11:08:23 +0100] "GET /entry.php?id=10776&form=11496&name=list& HTTP/1.1" 200 1519 "http://easydrivers.activities.at/entry.php?id=11671" "Mozilla/5.0 (Windows NT 10.0; WOW64; Trident/7.0; rv:11.0) like Gecko"
213.86.241.133 - - [27/Nov/2017:11:08:23 +0100] "GET /entry.php?id=10778&form=11496&name=list& HTTP/1.1" 200 5576 "http://easydrivers.activities.at/entry.php?id=11671" "Mozilla/5.0 (Windows NT 10.0; WOW64; Trident/7.0; rv:11.0) like Gecko"
81.10.228.170 - - [27/Nov/2017:11:08:34 +0100] "GET /entry.php?id=10271&&ser=777253 HTTP/1.1" 200 987 "http://easydrivers.activities.at/entry.php?id=10271&&ser=777190" "Mozilla/5.0 (Windows NT 10.0; Trident/7.0; rv:11.0) like Gecko"
81.10.228.170 - - [27/Nov/2017:11:08:34 +0100] "GET /gui/javascript/form_form.js?1511777314 HTTP/1.1" 200 16206 "http://easydrivers.activities.at/entry.php?id=10271&&ser=777253" "Mozilla/5.0 (Windows NT 10.0; Trident/7.0; rv:11.0) like Gecko"
213.86.241.133 - - [27/Nov/2017:11:08:42 +0100] "GET /entry.php?id=10271&&ser=777262 HTTP/1.1" 200 988 "http://easydrivers.activities.at/entry.php?id=10271&&ser=777202" "Mozilla/5.0 (Windows NT 10.0; WOW64; Trident/7.0; rv:11.0) like Gecko"
213.86.241.133 - - [27/Nov/2017:11:08:43 +0100] "GET /gui/javascript/form_form.js?1511777323 HTTP/1.1" 200 16206 "http://easydrivers.activities.at/entry.php?id=10271&&ser=777262" "Mozilla/5.0 (Windows NT 10.0; WOW64; Trident/7.0; rv:11.0) like Gecko"
80.110.19.165 - - [27/Nov/2017:11:09:03 +0100] "GET /entry.php?id=10271&&ser=777282 HTTP/1.1" 200 988 "http://easydrivers.activities.at/entry.php?id=10271&&ser=777222" "Mozilla/5.0 (Windows NT 6.1; Win64; x64; rv:57.0) Gecko/20100101 Firefox/57.0"
80.110.19.165 - - [27/Nov/2017:11:09:03 +0100] "GET /gui/javascript/form_form.js?1511777343 HTTP/1.1" 200 16206 "http://easydrivers.activities.at/entry.php?id=10271&&ser=777282" "Mozilla/5.0 (Windows NT 6.1; Win64; x64; rv:57.0) Gecko/20100101 Firefox/57.0"
77.119.253.48 - - [27/Nov/2017:11:09:07 +0100] "GET / HTTP/1.1" 200 382 "-" "Mozilla/5.0 (Windows NT 10.0; WOW64; Trident/7.0; rv:11.0) like Gecko"
77.119.253.48 - - [27/Nov/2017:11:09:09 +0100] "GET /layout.php HTTP/1.1" 200 915 "-" "Mozilla/5.0 (Windows NT 10.0; WOW64; Trident/7.0; rv:11.0) like Gecko"
77.119.253.48 - - [27/Nov/2017:11:09:09 +0100] "GET /entry.php?id=10273 HTTP/1.1" 200 1933 "http://easydrivers.activities.at/layout.php" "Mozilla/5.0 (Windows NT 10.0; WOW64; Trident/7.0; rv:11.0) like Gecko"
77.119.253.48 - - [27/Nov/2017:11:09:10 +0100] "GET /entry.php?id=10270 HTTP/1.1" 200 909 "http://easydrivers.activities.at/layout.php" "Mozilla/5.0 (Windows NT 10.0; WOW64; Trident/7.0; rv:11.0) like Gecko"
77.119.253.48 - - [27/Nov/2017:11:09:10 +0100] "GET /entry.php?id=10272 HTTP/1.1" 200 1190 "http://easydrivers.activities.at/layout.php" "Mozilla/5.0 (Windows NT 10.0; WOW64; Trident/7.0; rv:11.0) like Gecko"
77.119.253.48 - - [27/Nov/2017:11:09:10 +0100] "GET /entry.php?id=11412 HTTP/1.1" 200 1759 "http://easydrivers.activities.at/layout.php" "Mozilla/5.0 (Windows NT 10.0; WOW64; Trident/7.0; rv:11.0) like Gecko"
77.119.253.48 - - [27/Nov/2017:11:09:10 +0100] "GET /gui/javascript/form_form.js?1511777350 HTTP/1.1" 200 16206 "http://easydrivers.activities.at/entry.php?id=10273" "Mozilla/5.0 (Windows NT 10.0; WOW64; Trident/7.0; rv:11.0) like Gecko"
77.119.253.48 - - [27/Nov/2017:11:09:11 +0100] "GET /entry.php?id=10287 HTTP/1.1" 200 2414 "http://easydrivers.activities.at/entry.php?id=11412" "Mozilla/5.0 (Windows NT 10.0; WOW64; Trident/7.0; rv:11.0) like Gecko"
77.119.253.48 - - [27/Nov/2017:11:09:12 +0100] "GET /entry.php?id=10271&UIN=e3422a38ba564f1c38a20fe22755dddb HTTP/1.1" 200 934 "http://easydrivers.activities.at/entry.php?id=10272" "Mozilla/5.0 (Windows NT 10.0; WOW64; Trident/7.0; rv:11.0) like Gecko"
77.119.253.48 - - [27/Nov/2017:11:09:12 +0100] "GET /gui/javascript/form_form.js?1511777351 HTTP/1.1" 200 16206 "http://easydrivers.activities.at/entry.php?id=10287" "Mozilla/5.0 (Windows NT 10.0; WOW64; Trident/7.0; rv:11.0) like Gecko"
77.119.253.48 - - [27/Nov/2017:11:09:12 +0100] "GET /gui/javascript/form_form.js?1511777352 HTTP/1.1" 200 16206 "http://easydrivers.activities.at/entry.php?id=10271&UIN=e3422a38ba564f1c38a20fe22755dddb" "Mozilla/5.0 (Windows NT 10.0; WOW64; Trident/7.0; rv:11.0) like Gecko"
77.119.253.48 - - [27/Nov/2017:11:09:12 +0100] "GET /entry.php?id=10270& HTTP/1.1" 200 909 "http://easydrivers.activities.at/layout.php" "Mozilla/5.0 (Windows NT 10.0; WOW64; Trident/7.0; rv:11.0) like Gecko"
77.119.253.48 - - [27/Nov/2017:11:09:12 +0100] "GET /entry.php?id=10273& HTTP/1.1" 200 1902 "http://easydrivers.activities.at/layout.php" "Mozilla/5.0 (Windows NT 10.0; WOW64; Trident/7.0; rv:11.0) like Gecko"
213.86.241.133 - - [27/Nov/2017:11:09:12 +0100] "POST /entry.php?id=11671 HTTP/1.1" 200 4982 "http://easydrivers.activities.at/entry.php?id=11671" "Mozilla/5.0 (Windows NT 10.0; WOW64; Trident/7.0; rv:11.0) like Gecko"
213.86.241.133 - - [27/Nov/2017:11:09:13 +0100] "GET /gui/javascript/form_form.js?1511777353 HTTP/1.1" 200 16206 "http://easydrivers.activities.at/entry.php?id=11671" "Mozilla/5.0 (Windows NT 10.0; WOW64; Trident/7.0; rv:11.0) like Gecko"
213.86.241.133 - - [27/Nov/2017:11:09:13 +0100] "GET /entry.php?id=10776&form=11496&name=list& HTTP/1.1" 200 1519 "http://easydrivers.activities.at/entry.php?id=11671" "Mozilla/5.0 (Windows NT 10.0; WOW64; Trident/7.0; rv:11.0) like Gecko"
213.86.241.133 - - [27/Nov/2017:11:09:13 +0100] "GET /entry.php?id=10778&form=11496&name=list& HTTP/1.1" 200 5765 "http://easydrivers.activities.at/entry.php?id=11671" "Mozilla/5.0 (Windows NT 10.0; WOW64; Trident/7.0; rv:11.0) like Gecko"
213.86.241.133 - - [27/Nov/2017:11:09:15 +0100] "POST /entry.php?id=11671 HTTP/1.1" 200 4933 "http://easydrivers.activities.at/entry.php?id=11671" "Mozilla/5.0 (Windows NT 10.0; WOW64; Trident/7.0; rv:11.0) like Gecko"
213.86.241.133 - - [27/Nov/2017:11:09:17 +0100] "GET /gui/javascript/form_form.js?1511777357 HTTP/1.1" 200 16206 "http://easydrivers.activities.at/entry.php?id=11671" "Mozilla/5.0 (Windows NT 10.0; WOW64; Trident/7.0; rv:11.0) like Gecko"
213.86.241.133 - - [27/Nov/2017:11:09:17 +0100] "GET /entry.php?id=10776&form=11496&name=list& HTTP/1.1" 200 1519 "http://easydrivers.activities.at/entry.php?id=11671" "Mozilla/5.0 (Windows NT 10.0; WOW64; Trident/7.0; rv:11.0) like Gecko"
213.86.241.133 - - [27/Nov/2017:11:09:17 +0100] "GET /entry.php?id=10778&form=11496&name=list& HTTP/1.1" 200 5765 "http://easydrivers.activities.at/entry.php?id=11671" "Mozilla/5.0 (Windows NT 10.0; WOW64; Trident/7.0; rv:11.0) like Gecko"
77.119.253.48 - - [27/Nov/2017:11:09:29 +0100] "POST /entry.php?id=10287& HTTP/1.1" 200 2280 "http://easydrivers.activities.at/entry.php?id=10287" "Mozilla/5.0 (Windows NT 10.0; WOW64; Trident/7.0; rv:11.0) like Gecko"
77.119.253.48 - - [27/Nov/2017:11:09:29 +0100] "GET /gui/javascript/form_form.js?1511777369 HTTP/1.1" 200 16206 "http://easydrivers.activities.at/entry.php?id=10287&" "Mozilla/5.0 (Windows NT 10.0; WOW64; Trident/7.0; rv:11.0) like Gecko"
77.119.253.48 - - [27/Nov/2017:11:09:29 +0100] "GET /entry.php?id=10271&UIN=e3422a38ba564f1c38a20fe22755dddb HTTP/1.1" 200 990 "http://easydrivers.activities.at/entry.php?id=10272" "Mozilla/5.0 (Windows NT 10.0; WOW64; Trident/7.0; rv:11.0) like Gecko"
77.119.253.48 - - [27/Nov/2017:11:09:29 +0100] "GET /entry.php?id=10273& HTTP/1.1" 200 2030 "http://easydrivers.activities.at/layout.php" "Mozilla/5.0 (Windows NT 10.0; WOW64; Trident/7.0; rv:11.0) like Gecko"
77.119.253.48 - - [27/Nov/2017:11:09:30 +0100] "GET /gui/javascript/jquery/css/gui-themes/custom.min.css HTTP/1.1" 304 - "http://easydrivers.activities.at/entry.php?id=10271&UIN=e3422a38ba564f1c38a20fe22755dddb" "Mozilla/5.0 (Windows NT 10.0; WOW64; Trident/7.0; rv:11.0) like Gecko"
77.119.253.48 - - [27/Nov/2017:11:09:30 +0100] "GET /gui/javascript/jquery/css/gui-themes/ui.spinner.css HTTP/1.1" 304 - "http://easydrivers.activities.at/entry.php?id=10271&UIN=e3422a38ba564f1c38a20fe22755dddb" "Mozilla/5.0 (Windows NT 10.0; WOW64; Trident/7.0; rv:11.0) like Gecko"
77.119.253.48 - - [27/Nov/2017:11:09:30 +0100] "GET /gui/javascript/form_form.js?1511777370 HTTP/1.1" 200 16206 "http://easydrivers.activities.at/entry.php?id=10273&" "Mozilla/5.0 (Windows NT 10.0; WOW64; Trident/7.0; rv:11.0) like Gecko"
77.119.253.48 - - [27/Nov/2017:11:09:30 +0100] "GET /gui/javascript/jquery/css/gui-themes/jquery.tooltip.css HTTP/1.1" 304 - "http://easydrivers.activities.at/entry.php?id=10271&UIN=e3422a38ba564f1c38a20fe22755dddb" "Mozilla/5.0 (Windows NT 10.0; WOW64; Trident/7.0; rv:11.0) like Gecko"
77.119.253.48 - - [27/Nov/2017:11:09:30 +0100] "GET /gui/styles/tmplDefault.css HTTP/1.1" 304 - "http://easydrivers.activities.at/entry.php?id=10271&UIN=e3422a38ba564f1c38a20fe22755dddb" "Mozilla/5.0 (Windows NT 10.0; WOW64; Trident/7.0; rv:11.0) like Gecko"
77.119.253.48 - - [27/Nov/2017:11:09:30 +0100] "GET /framework/webfx/style/toolbar/images/cbback.gif HTTP/1.1" 404 318 "http://easydrivers.activities.at/entry.php?id=10273&" "Mozilla/5.0 (Windows NT 10.0; WOW64; Trident/7.0; rv:11.0) like Gecko"
77.119.253.48 - - [27/Nov/2017:11:09:30 +0100] "GET /gui/javascript/form_form.js?1511777370 HTTP/1.1" 304 - "http://easydrivers.activities.at/entry.php?id=10271&UIN=e3422a38ba564f1c38a20fe22755dddb" "Mozilla/5.0 (Windows NT 10.0; WOW64; Trident/7.0; rv:11.0) like Gecko"
77.119.253.48 - - [27/Nov/2017:11:09:30 +0100] "GET /entry.php?id=10270&__app__=10006038 HTTP/1.1" 200 1650 "http://easydrivers.activities.at/layout.php" "Mozilla/5.0 (Windows NT 10.0; WOW64; Trident/7.0; rv:11.0) like Gecko"
77.119.253.48 - - [27/Nov/2017:11:09:30 +0100] "GET /gui/javascript/jquery/js/jquery-1.8.2.js HTTP/1.1" 304 - "http://easydrivers.activities.at/entry.php?id=10271&UIN=e3422a38ba564f1c38a20fe22755dddb" "Mozilla/5.0 (Windows NT 10.0; WOW64; Trident/7.0; rv:11.0) like Gecko"
77.119.253.48 - - [27/Nov/2017:11:09:30 +0100] "GET /gui/javascript/jquery/js/jquery-ui-1.9.0.custom.min.js HTTP/1.1" 304 - "http://easydrivers.activities.at/entry.php?id=10271&UIN=e3422a38ba564f1c38a20fe22755dddb" "Mozilla/5.0 (Windows NT 10.0; WOW64; Trident/7.0; rv:11.0) like Gecko"
77.119.253.48 - - [27/Nov/2017:11:09:31 +0100] "GET /undefined HTTP/1.1" 404 288 "http://easydrivers.activities.at/entry.php?id=10270&__app__=10006038" "Mozilla/5.0 (Windows NT 10.0; WOW64; Trident/7.0; rv:11.0) like Gecko"
77.119.253.48 - - [27/Nov/2017:11:09:31 +0100] "GET /gui/javascript/jquery/jquery-tooltip/jquery.tooltip.min.js HTTP/1.1" 304 - "http://easydrivers.activities.at/entry.php?id=10271&UIN=e3422a38ba564f1c38a20fe22755dddb" "Mozilla/5.0 (Windows NT 10.0; WOW64; Trident/7.0; rv:11.0) like Gecko"
77.119.253.48 - - [27/Nov/2017:11:09:32 +0100] "GET /entry.php?id=11673 HTTP/1.1" 200 358 "http://easydrivers.activities.at/entry.php?id=11412" "Mozilla/5.0 (Windows NT 10.0; WOW64; Trident/7.0; rv:11.0) like Gecko"
77.119.253.48 - - [27/Nov/2017:11:09:33 +0100] "GET /entry.php?id=11694& HTTP/1.1" 200 2818 "http://easydrivers.activities.at/entry.php?id=11673" "Mozilla/5.0 (Windows NT 10.0; WOW64; Trident/7.0; rv:11.0) like Gecko"
77.119.253.48 - - [27/Nov/2017:11:09:33 +0100] "GET /entry.php?id=10676&&title=F\xfchrerscheinkurse HTTP/1.1" 200 1395 "http://easydrivers.activities.at/entry.php?id=11673" "Mozilla/5.0 (Windows NT 10.0; WOW64; Trident/7.0; rv:11.0) like Gecko"
77.119.253.48 - - [27/Nov/2017:11:09:33 +0100] "GET /gui/javascript/form_form.js?1511777373 HTTP/1.1" 200 16206 "http://easydrivers.activities.at/entry.php?id=11694&" "Mozilla/5.0 (Windows NT 10.0; WOW64; Trident/7.0; rv:11.0) like Gecko"
77.119.253.48 - - [27/Nov/2017:11:09:33 +0100] "GET /activities/framework/KoolControls/KoolAjax/koolajax.php?8436e354c842500aba3cbaf0584c0c24 HTTP/1.1" 200 4079 "http://easydrivers.activities.at/entry.php?id=11694&" "Mozilla/5.0 (Windows NT 10.0; WOW64; Trident/7.0; rv:11.0) like Gecko"
77.119.253.48 - - [27/Nov/2017:11:09:33 +0100] "GET /entry.php?id=11671& HTTP/1.1" 200 4545 "http://easydrivers.activities.at/entry.php?id=11673" "Mozilla/5.0 (Windows NT 10.0; WOW64; Trident/7.0; rv:11.0) like Gecko"
77.119.253.48 - - [27/Nov/2017:11:09:34 +0100] "GET /activities/framework/KoolControls/KoolTreeView/kooltreeview.php?c7cd9180e88ffef8e70f13526bb4f5f7 HTTP/1.1" 200 5055 "http://easydrivers.activities.at/entry.php?id=11694&" "Mozilla/5.0 (Windows NT 10.0; WOW64; Trident/7.0; rv:11.0) like Gecko"
77.119.253.48 - - [27/Nov/2017:11:09:33 +0100] "GET /entry.php?id=11672& HTTP/1.1" 200 2691 "http://easydrivers.activities.at/entry.php?id=11673" "Mozilla/5.0 (Windows NT 10.0; WOW64; Trident/7.0; rv:11.0) like Gecko"
77.119.253.48 - - [27/Nov/2017:11:09:34 +0100] "GET /entry.php?id=10778&form=11496&name=list& HTTP/1.1" 200 2493 "http://easydrivers.activities.at/entry.php?id=11671&" "Mozilla/5.0 (Windows NT 10.0; WOW64; Trident/7.0; rv:11.0) like Gecko"
77.119.253.48 - - [27/Nov/2017:11:09:34 +0100] "GET /entry.php?id=10776&form=11496&name=list& HTTP/1.1" 200 1526 "http://easydrivers.activities.at/entry.php?id=11671&" "Mozilla/5.0 (Windows NT 10.0; WOW64; Trident/7.0; rv:11.0) like Gecko"
77.119.253.48 - - [27/Nov/2017:11:09:34 +0100] "GET /gui/javascript/form_form.js?1511777374 HTTP/1.1" 200 16206 "http://easydrivers.activities.at/entry.php?id=11672&" "Mozilla/5.0 (Windows NT 10.0; WOW64; Trident/7.0; rv:11.0) like Gecko"
81.10.228.170 - - [27/Nov/2017:11:09:35 +0100] "GET /entry.php?id=10271&&ser=777314 HTTP/1.1" 200 987 "http://easydrivers.activities.at/entry.php?id=10271&&ser=777253" "Mozilla/5.0 (Windows NT 10.0; Trident/7.0; rv:11.0) like Gecko"
81.10.228.170 - - [27/Nov/2017:11:09:35 +0100] "GET /gui/javascript/form_form.js?1511777375 HTTP/1.1" 200 16206 "http://easydrivers.activities.at/entry.php?id=10271&&ser=777314" "Mozilla/5.0 (Windows NT 10.0; Trident/7.0; rv:11.0) like Gecko"
77.119.253.48 - - [27/Nov/2017:11:09:36 +0100] "GET /entry.php?id=10776&form=11497&name=list& HTTP/1.1" 200 1941 "http://easydrivers.activities.at/entry.php?id=11672&" "Mozilla/5.0 (Windows NT 10.0; WOW64; Trident/7.0; rv:11.0) like Gecko"
77.119.253.48 - - [27/Nov/2017:11:09:36 +0100] "GET /entry.php?id=10778&form=11497&name=list& HTTP/1.1" 200 5117 "http://easydrivers.activities.at/entry.php?id=11672&" "Mozilla/5.0 (Windows NT 10.0; WOW64; Trident/7.0; rv:11.0) like Gecko"
77.119.253.48 - - [27/Nov/2017:11:09:41 +0100] "POST /entry.php?id=11672 HTTP/1.1" 200 2690 "http://easydrivers.activities.at/entry.php?id=11672&" "Mozilla/5.0 (Windows NT 10.0; WOW64; Trident/7.0; rv:11.0) like Gecko"
77.119.253.48 - - [27/Nov/2017:11:09:42 +0100] "GET /gui/javascript/form_form.js?1511777381 HTTP/1.1" 200 16206 "http://easydrivers.activities.at/entry.php?id=11672" "Mozilla/5.0 (Windows NT 10.0; WOW64; Trident/7.0; rv:11.0) like Gecko"
77.119.253.48 - - [27/Nov/2017:11:09:42 +0100] "GET /entry.php?id=10778&form=11497&name=list& HTTP/1.1" 200 5096 "http://easydrivers.activities.at/entry.php?id=11672" "Mozilla/5.0 (Windows NT 10.0; WOW64; Trident/7.0; rv:11.0) like Gecko"
77.119.253.48 - - [27/Nov/2017:11:09:42 +0100] "GET /entry.php?id=10776&form=11497&name=list& HTTP/1.1" 200 1944 "http://easydrivers.activities.at/entry.php?id=11672" "Mozilla/5.0 (Windows NT 10.0; WOW64; Trident/7.0; rv:11.0) like Gecko"
213.86.241.133 - - [27/Nov/2017:11:09:43 +0100] "GET /entry.php?id=10271&&ser=777323 HTTP/1.1" 200 988 "http://easydrivers.activities.at/entry.php?id=10271&&ser=777262" "Mozilla/5.0 (Windows NT 10.0; WOW64; Trident/7.0; rv:11.0) like Gecko"
213.86.241.133 - - [27/Nov/2017:11:09:43 +0100] "GET /gui/javascript/form_form.js?1511777383 HTTP/1.1" 200 16206 "http://easydrivers.activities.at/entry.php?id=10271&&ser=777323" "Mozilla/5.0 (Windows NT 10.0; WOW64; Trident/7.0; rv:11.0) like Gecko"
81.10.228.170 - - [27/Nov/2017:11:09:43 +0100] "POST /entry.php?id=11671 HTTP/1.1" 200 3215 "http://easydrivers.activities.at/entry.php?id=11671" "Mozilla/5.0 (Windows NT 10.0; Trident/7.0; rv:11.0) like Gecko"
81.10.228.170 - - [27/Nov/2017:11:09:43 +0100] "GET /gui/javascript/form_form.js?1511777383 HTTP/1.1" 200 16206 "http://easydrivers.activities.at/entry.php?id=11671" "Mozilla/5.0 (Windows NT 10.0; Trident/7.0; rv:11.0) like Gecko"
77.119.253.48 - - [27/Nov/2017:11:09:45 +0100] "GET /framework/icons/rowselect.gif HTTP/1.1" 200 67 "http://easydrivers.activities.at/entry.php?id=10778&form=11497&name=list&" "Mozilla/5.0 (Windows NT 10.0; WOW64; Trident/7.0; rv:11.0) like Gecko"
81.10.228.170 - - [27/Nov/2017:11:09:46 +0100] "GET /framework/webfx/javascript/tinymce/skins/lightgray/content.min.css HTTP/1.1" 404 330 "http://easydrivers.activities.at/entry.php?id=11671" "Mozilla/5.0 (Windows NT 10.0; Trident/7.0; rv:11.0) like Gecko"
77.119.253.48 - - [27/Nov/2017:11:09:45 +0100] "POST /entry.php?id=11671 HTTP/1.1" 200 4749 "http://easydrivers.activities.at/entry.php?id=11671&" "Mozilla/5.0 (Windows NT 10.0; WOW64; Trident/7.0; rv:11.0) like Gecko"
77.119.253.48 - - [27/Nov/2017:11:09:46 +0100] "GET /gui/javascript/form_form.js?1511777386 HTTP/1.1" 200 16206 "http://easydrivers.activities.at/entry.php?id=11671" "Mozilla/5.0 (Windows NT 10.0; WOW64; Trident/7.0; rv:11.0) like Gecko"
77.119.253.48 - - [27/Nov/2017:11:09:46 +0100] "GET /entry.php?id=10778&form=11496&name=list& HTTP/1.1" 200 5706 "http://easydrivers.activities.at/entry.php?id=11671" "Mozilla/5.0 (Windows NT 10.0; WOW64; Trident/7.0; rv:11.0) like Gecko"
77.119.253.48 - - [27/Nov/2017:11:09:46 +0100] "GET /entry.php?id=10776&form=11496&name=list& HTTP/1.1" 200 1519 "http://easydrivers.activities.at/entry.php?id=11671" "Mozilla/5.0 (Windows NT 10.0; WOW64; Trident/7.0; rv:11.0) like Gecko"
77.119.253.48 - - [27/Nov/2017:11:09:48 +0100] "GET /gui/images/icons/calendar.png HTTP/1.1" 200 675 "http://easydrivers.activities.at/entry.php?id=11671" "Mozilla/5.0 (Windows NT 10.0; WOW64; Trident/7.0; rv:11.0) like Gecko"
81.10.228.170 - - [27/Nov/2017:11:09:55 +0100] "POST /entry.php?id=11671 HTTP/1.1" 200 4777 "http://easydrivers.activities.at/entry.php?id=11671" "Mozilla/5.0 (Windows NT 10.0; Trident/7.0; rv:11.0) like Gecko"
81.10.228.170 - - [27/Nov/2017:11:09:59 +0100] "GET /gui/javascript/form_form.js?1511777396 HTTP/1.1" 200 16206 "http://easydrivers.activities.at/entry.php?id=11671" "Mozilla/5.0 (Windows NT 10.0; Trident/7.0; rv:11.0) like Gecko"
81.10.228.170 - - [27/Nov/2017:11:10:00 +0100] "GET /entry.php?id=10776&form=11496&name=list& HTTP/1.1" 200 1519 "http://easydrivers.activities.at/entry.php?id=11671" "Mozilla/5.0 (Windows NT 10.0; Trident/7.0; rv:11.0) like Gecko"
77.119.253.48 - - [27/Nov/2017:11:10:00 +0100] "GET /gui/javascript/jquery/css/gui-themes/images/ui-bg_flat_80_ece9d8_40x100.png HTTP/1.1" 200 183 "http://easydrivers.activities.at/entry.php?id=11671" "Mozilla/5.0 (Windows NT 10.0; WOW64; Trident/7.0; rv:11.0) like Gecko"
81.10.228.170 - - [27/Nov/2017:11:10:00 +0100] "GET /entry.php?id=10778&form=11496&name=list& HTTP/1.1" 200 5734 "http://easydrivers.activities.at/entry.php?id=11671" "Mozilla/5.0 (Windows NT 10.0; Trident/7.0; rv:11.0) like Gecko"
77.119.253.48 - - [27/Nov/2017:11:10:00 +0100] "GET /gui/javascript/jquery/css/gui-themes/images/ui-bg_flat_100_ffffff_40x100.png HTTP/1.1" 200 178 "http://easydrivers.activities.at/entry.php?id=11671" "Mozilla/5.0 (Windows NT 10.0; WOW64; Trident/7.0; rv:11.0) like Gecko"
80.110.19.165 - - [27/Nov/2017:11:10:03 +0100] "GET /entry.php?id=10271&&ser=777343 HTTP/1.1" 200 988 "http://easydrivers.activities.at/entry.php?id=10271&&ser=777282" "Mozilla/5.0 (Windows NT 6.1; Win64; x64; rv:57.0) Gecko/20100101 Firefox/57.0"
80.110.19.165 - - [27/Nov/2017:11:10:03 +0100] "GET /gui/javascript/form_form.js?1511777403 HTTP/1.1" 200 16206 "http://easydrivers.activities.at/entry.php?id=10271&&ser=777343" "Mozilla/5.0 (Windows NT 6.1; Win64; x64; rv:57.0) Gecko/20100101 Firefox/57.0"
213.86.241.133 - - [27/Nov/2017:11:10:05 +0100] "POST /entry.php?id=11672 HTTP/1.1" 200 2709 "http://easydrivers.activities.at/entry.php?id=11672" "Mozilla/5.0 (Windows NT 10.0; WOW64; Trident/7.0; rv:11.0) like Gecko"
213.86.241.133 - - [27/Nov/2017:11:10:05 +0100] "GET /gui/javascript/form_form.js?1511777405 HTTP/1.1" 200 16206 "http://easydrivers.activities.at/entry.php?id=11672" "Mozilla/5.0 (Windows NT 10.0; WOW64; Trident/7.0; rv:11.0) like Gecko"
213.86.241.133 - - [27/Nov/2017:11:10:05 +0100] "GET /entry.php?id=10776&form=11497&name=list& HTTP/1.1" 200 1943 "http://easydrivers.activities.at/entry.php?id=11672" "Mozilla/5.0 (Windows NT 10.0; WOW64; Trident/7.0; rv:11.0) like Gecko"
213.86.241.133 - - [27/Nov/2017:11:10:05 +0100] "GET /entry.php?id=10778&form=11497&name=list& HTTP/1.1" 200 2824 "http://easydrivers.activities.at/entry.php?id=11672" "Mozilla/5.0 (Windows NT 10.0; WOW64; Trident/7.0; rv:11.0) like Gecko"
213.86.241.133 - - [27/Nov/2017:11:10:08 +0100] "POST /entry.php?id=11672 HTTP/1.1" 200 2703 "http://easydrivers.activities.at/entry.php?id=11672" "Mozilla/5.0 (Windows NT 10.0; WOW64; Trident/7.0; rv:11.0) like Gecko"
213.86.241.133 - - [27/Nov/2017:11:10:09 +0100] "GET /gui/javascript/form_form.js?1511777409 HTTP/1.1" 200 16206 "http://easydrivers.activities.at/entry.php?id=11672" "Mozilla/5.0 (Windows NT 10.0; WOW64; Trident/7.0; rv:11.0) like Gecko"
213.86.241.133 - - [27/Nov/2017:11:10:09 +0100] "GET /entry.php?id=10776&form=11497&name=list& HTTP/1.1" 200 1944 "http://easydrivers.activities.at/entry.php?id=11672" "Mozilla/5.0 (Windows NT 10.0; WOW64; Trident/7.0; rv:11.0) like Gecko"
213.86.241.133 - - [27/Nov/2017:11:10:09 +0100] "GET /entry.php?id=10778&form=11497&name=list& HTTP/1.1" 200 14107 "http://easydrivers.activities.at/entry.php?id=11672" "Mozilla/5.0 (Windows NT 10.0; WOW64; Trident/7.0; rv:11.0) like Gecko"
213.86.241.133 - - [27/Nov/2017:11:10:24 +0100] "POST /entry.php?id=11671 HTTP/1.1" 200 4610 "http://easydrivers.activities.at/entry.php?id=11671" "Mozilla/5.0 (Windows NT 10.0; WOW64; Trident/7.0; rv:11.0) like Gecko"
213.86.241.133 - - [27/Nov/2017:11:10:25 +0100] "GET /gui/javascript/form_form.js?1511777425 HTTP/1.1" 200 16206 "http://easydrivers.activities.at/entry.php?id=11671" "Mozilla/5.0 (Windows NT 10.0; WOW64; Trident/7.0; rv:11.0) like Gecko"
213.86.241.133 - - [27/Nov/2017:11:10:25 +0100] "GET /entry.php?id=10776&form=11496&name=list& HTTP/1.1" 200 1519 "http://easydrivers.activities.at/entry.php?id=11671" "Mozilla/5.0 (Windows NT 10.0; WOW64; Trident/7.0; rv:11.0) like Gecko"
213.86.241.133 - - [27/Nov/2017:11:10:25 +0100] "GET /entry.php?id=10778&form=11496&name=list& HTTP/1.1" 200 5576 "http://easydrivers.activities.at/entry.php?id=11671" "Mozilla/5.0 (Windows NT 10.0; WOW64; Trident/7.0; rv:11.0) like Gecko"
77.119.253.48 - - [27/Nov/2017:11:10:26 +0100] "POST /entry.php?id=11671 HTTP/1.1" 200 4931 "http://easydrivers.activities.at/entry.php?id=11671" "Mozilla/5.0 (Windows NT 10.0; WOW64; Trident/7.0; rv:11.0) like Gecko"
77.119.253.48 - - [27/Nov/2017:11:10:26 +0100] "GET /gui/javascript/form_form.js?1511777426 HTTP/1.1" 200 16206 "http://easydrivers.activities.at/entry.php?id=11671" "Mozilla/5.0 (Windows NT 10.0; WOW64; Trident/7.0; rv:11.0) like Gecko"
77.119.253.48 - - [27/Nov/2017:11:10:27 +0100] "GET /entry.php?id=10778&form=11496&name=list& HTTP/1.1" 200 5706 "http://easydrivers.activities.at/entry.php?id=11671" "Mozilla/5.0 (Windows NT 10.0; WOW64; Trident/7.0; rv:11.0) like Gecko"
77.119.253.48 - - [27/Nov/2017:11:10:27 +0100] "GET /entry.php?id=10776&form=11496&name=list& HTTP/1.1" 200 1519 "http://easydrivers.activities.at/entry.php?id=11671" "Mozilla/5.0 (Windows NT 10.0; WOW64; Trident/7.0; rv:11.0) like Gecko"
77.119.253.48 - - [27/Nov/2017:11:10:30 +0100] "POST /entry.php?id=11671 HTTP/1.1" 200 4751 "http://easydrivers.activities.at/entry.php?id=11671" "Mozilla/5.0 (Windows NT 10.0; WOW64; Trident/7.0; rv:11.0) like Gecko"
77.119.253.48 - - [27/Nov/2017:11:10:30 +0100] "GET /gui/javascript/form_form.js?1511777430 HTTP/1.1" 200 16206 "http://easydrivers.activities.at/entry.php?id=11671" "Mozilla/5.0 (Windows NT 10.0; WOW64; Trident/7.0; rv:11.0) like Gecko"
77.119.253.48 - - [27/Nov/2017:11:10:31 +0100] "GET /entry.php?id=10778&form=11496&name=list& HTTP/1.1" 200 5712 "http://easydrivers.activities.at/entry.php?id=11671" "Mozilla/5.0 (Windows NT 10.0; WOW64; Trident/7.0; rv:11.0) like Gecko"
77.119.253.48 - - [27/Nov/2017:11:10:31 +0100] "GET /entry.php?id=10776&form=11496&name=list& HTTP/1.1" 200 1519 "http://easydrivers.activities.at/entry.php?id=11671" "Mozilla/5.0 (Windows NT 10.0; WOW64; Trident/7.0; rv:11.0) like Gecko"
77.119.253.48 - - [27/Nov/2017:11:10:31 +0100] "GET /entry.php?id=10271&&ser=777369 HTTP/1.1" 200 986 "http://easydrivers.activities.at/entry.php?id=10271&UIN=e3422a38ba564f1c38a20fe22755dddb" "Mozilla/5.0 (Windows NT 10.0; WOW64; Trident/7.0; rv:11.0) like Gecko"
77.119.253.48 - - [27/Nov/2017:11:10:33 +0100] "GET /gui/javascript/form_form.js?1511777431 HTTP/1.1" 200 16206 "http://easydrivers.activities.at/entry.php?id=10271&&ser=777369" "Mozilla/5.0 (Windows NT 10.0; WOW64; Trident/7.0; rv:11.0) like Gecko"
81.10.228.170 - - [27/Nov/2017:11:10:36 +0100] "GET /entry.php?id=10271&&ser=777375 HTTP/1.1" 200 987 "http://easydrivers.activities.at/entry.php?id=10271&&ser=777314" "Mozilla/5.0 (Windows NT 10.0; Trident/7.0; rv:11.0) like Gecko"
81.10.228.170 - - [27/Nov/2017:11:10:36 +0100] "GET /gui/javascript/form_form.js?1511777436 HTTP/1.1" 200 16206 "http://easydrivers.activities.at/entry.php?id=10271&&ser=777375" "Mozilla/5.0 (Windows NT 10.0; Trident/7.0; rv:11.0) like Gecko"
213.86.241.133 - - [27/Nov/2017:11:10:43 +0100] "GET /entry.php?id=10271&&ser=777383 HTTP/1.1" 200 986 "http://easydrivers.activities.at/entry.php?id=10271&&ser=777323" "Mozilla/5.0 (Windows NT 10.0; WOW64; Trident/7.0; rv:11.0) like Gecko"
213.86.241.133 - - [27/Nov/2017:11:10:44 +0100] "GET /gui/javascript/form_form.js?1511777444 HTTP/1.1" 200 16206 "http://easydrivers.activities.at/entry.php?id=10271&&ser=777383" "Mozilla/5.0 (Windows NT 10.0; WOW64; Trident/7.0; rv:11.0) like Gecko"
80.110.19.165 - - [27/Nov/2017:11:11:03 +0100] "GET /entry.php?id=10271&&ser=777403 HTTP/1.1" 200 988 "http://easydrivers.activities.at/entry.php?id=10271&&ser=777343" "Mozilla/5.0 (Windows NT 6.1; Win64; x64; rv:57.0) Gecko/20100101 Firefox/57.0"
80.110.19.165 - - [27/Nov/2017:11:11:03 +0100] "GET /gui/javascript/form_form.js?1511777463 HTTP/1.1" 200 16206 "http://easydrivers.activities.at/entry.php?id=10271&&ser=777403" "Mozilla/5.0 (Windows NT 6.1; Win64; x64; rv:57.0) Gecko/20100101 Firefox/57.0"
77.119.253.48 - - [27/Nov/2017:11:11:05 +0100] "POST /entry.php?id=11671 HTTP/1.1" 200 4931 "http://easydrivers.activities.at/entry.php?id=11671" "Mozilla/5.0 (Windows NT 10.0; WOW64; Trident/7.0; rv:11.0) like Gecko"
77.119.253.48 - - [27/Nov/2017:11:11:05 +0100] "GET /gui/javascript/form_form.js?1511777465 HTTP/1.1" 200 16206 "http://easydrivers.activities.at/entry.php?id=11671" "Mozilla/5.0 (Windows NT 10.0; WOW64; Trident/7.0; rv:11.0) like Gecko"
77.119.253.48 - - [27/Nov/2017:11:11:06 +0100] "GET /entry.php?id=10776&form=11496&name=list& HTTP/1.1" 200 1519 "http://easydrivers.activities.at/entry.php?id=11671" "Mozilla/5.0 (Windows NT 10.0; WOW64; Trident/7.0; rv:11.0) like Gecko"
77.119.253.48 - - [27/Nov/2017:11:11:06 +0100] "GET /entry.php?id=10778&form=11496&name=list& HTTP/1.1" 200 5712 "http://easydrivers.activities.at/entry.php?id=11671" "Mozilla/5.0 (Windows NT 10.0; WOW64; Trident/7.0; rv:11.0) like Gecko"
77.119.253.48 - - [27/Nov/2017:11:11:08 +0100] "POST /entry.php?id=11671 HTTP/1.1" 200 4753 "http://easydrivers.activities.at/entry.php?id=11671" "Mozilla/5.0 (Windows NT 10.0; WOW64; Trident/7.0; rv:11.0) like Gecko"
77.119.253.48 - - [27/Nov/2017:11:11:09 +0100] "GET /gui/javascript/form_form.js?1511777469 HTTP/1.1" 200 16206 "http://easydrivers.activities.at/entry.php?id=11671" "Mozilla/5.0 (Windows NT 10.0; WOW64; Trident/7.0; rv:11.0) like Gecko"
77.119.253.48 - - [27/Nov/2017:11:11:09 +0100] "GET /entry.php?id=10776&form=11496&name=list& HTTP/1.1" 200 1519 "http://easydrivers.activities.at/entry.php?id=11671" "Mozilla/5.0 (Windows NT 10.0; WOW64; Trident/7.0; rv:11.0) like Gecko"
77.119.253.48 - - [27/Nov/2017:11:11:09 +0100] "GET /entry.php?id=10778&form=11496&name=list& HTTP/1.1" 200 5706 "http://easydrivers.activities.at/entry.php?id=11671" "Mozilla/5.0 (Windows NT 10.0; WOW64; Trident/7.0; rv:11.0) like Gecko"
77.119.253.48 - - [27/Nov/2017:11:11:34 +0100] "GET /entry.php?id=10271&&ser=777431 HTTP/1.1" 200 988 "http://easydrivers.activities.at/entry.php?id=10271&&ser=777369" "Mozilla/5.0 (Windows NT 10.0; WOW64; Trident/7.0; rv:11.0) like Gecko"
77.119.253.48 - - [27/Nov/2017:11:11:34 +0100] "GET /gui/javascript/form_form.js?1511777494 HTTP/1.1" 200 16206 "http://easydrivers.activities.at/entry.php?id=10271&&ser=777431" "Mozilla/5.0 (Windows NT 10.0; WOW64; Trident/7.0; rv:11.0) like Gecko"
81.10.228.170 - - [27/Nov/2017:11:11:37 +0100] "GET /entry.php?id=10271&&ser=777436 HTTP/1.1" 200 988 "http://easydrivers.activities.at/entry.php?id=10271&&ser=777375" "Mozilla/5.0 (Windows NT 10.0; Trident/7.0; rv:11.0) like Gecko"
81.10.228.170 - - [27/Nov/2017:11:11:37 +0100] "GET /gui/javascript/form_form.js?1511777497 HTTP/1.1" 200 16206 "http://easydrivers.activities.at/entry.php?id=10271&&ser=777436" "Mozilla/5.0 (Windows NT 10.0; Trident/7.0; rv:11.0) like Gecko"
77.119.253.48 - - [27/Nov/2017:11:11:37 +0100] "POST /entry.php?id=11671 HTTP/1.1" 200 4930 "http://easydrivers.activities.at/entry.php?id=11671" "Mozilla/5.0 (Windows NT 10.0; WOW64; Trident/7.0; rv:11.0) like Gecko"
77.119.253.48 - - [27/Nov/2017:11:11:38 +0100] "GET /gui/javascript/form_form.js?1511777498 HTTP/1.1" 200 16206 "http://easydrivers.activities.at/entry.php?id=11671" "Mozilla/5.0 (Windows NT 10.0; WOW64; Trident/7.0; rv:11.0) like Gecko"
77.119.253.48 - - [27/Nov/2017:11:11:38 +0100] "GET /entry.php?id=10776&form=11496&name=list& HTTP/1.1" 200 1519 "http://easydrivers.activities.at/entry.php?id=11671" "Mozilla/5.0 (Windows NT 10.0; WOW64; Trident/7.0; rv:11.0) like Gecko"
77.119.253.48 - - [27/Nov/2017:11:11:38 +0100] "GET /entry.php?id=10778&form=11496&name=list& HTTP/1.1" 200 5706 "http://easydrivers.activities.at/entry.php?id=11671" "Mozilla/5.0 (Windows NT 10.0; WOW64; Trident/7.0; rv:11.0) like Gecko"
77.119.253.48 - - [27/Nov/2017:11:11:40 +0100] "POST /entry.php?id=11671 HTTP/1.1" 200 4767 "http://easydrivers.activities.at/entry.php?id=11671" "Mozilla/5.0 (Windows NT 10.0; WOW64; Trident/7.0; rv:11.0) like Gecko"
77.119.253.48 - - [27/Nov/2017:11:11:41 +0100] "GET /gui/javascript/form_form.js?1511777501 HTTP/1.1" 200 16206 "http://easydrivers.activities.at/entry.php?id=11671" "Mozilla/5.0 (Windows NT 10.0; WOW64; Trident/7.0; rv:11.0) like Gecko"
77.119.253.48 - - [27/Nov/2017:11:11:41 +0100] "GET /entry.php?id=10776&form=11496&name=list& HTTP/1.1" 200 1519 "http://easydrivers.activities.at/entry.php?id=11671" "Mozilla/5.0 (Windows NT 10.0; WOW64; Trident/7.0; rv:11.0) like Gecko"
77.119.253.48 - - [27/Nov/2017:11:11:41 +0100] "GET /entry.php?id=10778&form=11496&name=list& HTTP/1.1" 200 5712 "http://easydrivers.activities.at/entry.php?id=11671" "Mozilla/5.0 (Windows NT 10.0; WOW64; Trident/7.0; rv:11.0) like Gecko"
213.86.241.133 - - [27/Nov/2017:11:11:44 +0100] "GET /entry.php?id=10271&&ser=777444 HTTP/1.1" 200 988 "http://easydrivers.activities.at/entry.php?id=10271&&ser=777383" "Mozilla/5.0 (Windows NT 10.0; WOW64; Trident/7.0; rv:11.0) like Gecko"
213.86.241.133 - - [27/Nov/2017:11:11:44 +0100] "GET /gui/javascript/form_form.js?1511777504 HTTP/1.1" 200 16206 "http://easydrivers.activities.at/entry.php?id=10271&&ser=777444" "Mozilla/5.0 (Windows NT 10.0; WOW64; Trident/7.0; rv:11.0) like Gecko"
77.119.253.48 - - [27/Nov/2017:11:11:44 +0100] "POST /entry.php?id=11671 HTTP/1.1" 200 4751 "http://easydrivers.activities.at/entry.php?id=11671" "Mozilla/5.0 (Windows NT 10.0; WOW64; Trident/7.0; rv:11.0) like Gecko"
77.119.253.48 - - [27/Nov/2017:11:11:45 +0100] "GET /gui/javascript/form_form.js?1511777505 HTTP/1.1" 200 16206 "http://easydrivers.activities.at/entry.php?id=11671" "Mozilla/5.0 (Windows NT 10.0; WOW64; Trident/7.0; rv:11.0) like Gecko"
77.119.253.48 - - [27/Nov/2017:11:11:45 +0100] "GET /entry.php?id=10776&form=11496&name=list& HTTP/1.1" 200 1519 "http://easydrivers.activities.at/entry.php?id=11671" "Mozilla/5.0 (Windows NT 10.0; WOW64; Trident/7.0; rv:11.0) like Gecko"
77.119.253.48 - - [27/Nov/2017:11:11:45 +0100] "GET /entry.php?id=10778&form=11496&name=list& HTTP/1.1" 200 5712 "http://easydrivers.activities.at/entry.php?id=11671" "Mozilla/5.0 (Windows NT 10.0; WOW64; Trident/7.0; rv:11.0) like Gecko"
80.110.19.165 - - [27/Nov/2017:11:12:04 +0100] "GET /entry.php?id=10271&&ser=777463 HTTP/1.1" 200 988 "http://easydrivers.activities.at/entry.php?id=10271&&ser=777403" "Mozilla/5.0 (Windows NT 6.1; Win64; x64; rv:57.0) Gecko/20100101 Firefox/57.0"
80.110.19.165 - - [27/Nov/2017:11:12:04 +0100] "GET /gui/javascript/form_form.js?1511777524 HTTP/1.1" 200 16206 "http://easydrivers.activities.at/entry.php?id=10271&&ser=777463" "Mozilla/5.0 (Windows NT 6.1; Win64; x64; rv:57.0) Gecko/20100101 Firefox/57.0"
77.119.253.48 - - [27/Nov/2017:11:12:11 +0100] "POST /entry.php?id=11671 HTTP/1.1" 200 4928 "http://easydrivers.activities.at/entry.php?id=11671" "Mozilla/5.0 (Windows NT 10.0; WOW64; Trident/7.0; rv:11.0) like Gecko"
77.119.253.48 - - [27/Nov/2017:11:12:12 +0100] "GET /gui/javascript/form_form.js?1511777532 HTTP/1.1" 200 16206 "http://easydrivers.activities.at/entry.php?id=11671" "Mozilla/5.0 (Windows NT 10.0; WOW64; Trident/7.0; rv:11.0) like Gecko"
77.119.253.48 - - [27/Nov/2017:11:12:12 +0100] "GET /entry.php?id=10778&form=11496&name=list& HTTP/1.1" 200 5712 "http://easydrivers.activities.at/entry.php?id=11671" "Mozilla/5.0 (Windows NT 10.0; WOW64; Trident/7.0; rv:11.0) like Gecko"
77.119.253.48 - - [27/Nov/2017:11:12:12 +0100] "GET /entry.php?id=10776&form=11496&name=list& HTTP/1.1" 200 1519 "http://easydrivers.activities.at/entry.php?id=11671" "Mozilla/5.0 (Windows NT 10.0; WOW64; Trident/7.0; rv:11.0) like Gecko"
77.119.253.48 - - [27/Nov/2017:11:12:14 +0100] "POST /entry.php?id=11671 HTTP/1.1" 200 4757 "http://easydrivers.activities.at/entry.php?id=11671" "Mozilla/5.0 (Windows NT 10.0; WOW64; Trident/7.0; rv:11.0) like Gecko"
77.119.253.48 - - [27/Nov/2017:11:12:15 +0100] "GET /gui/javascript/form_form.js?1511777534 HTTP/1.1" 200 16206 "http://easydrivers.activities.at/entry.php?id=11671" "Mozilla/5.0 (Windows NT 10.0; WOW64; Trident/7.0; rv:11.0) like Gecko"
77.119.253.48 - - [27/Nov/2017:11:12:15 +0100] "GET /entry.php?id=10776&form=11496&name=list& HTTP/1.1" 200 1519 "http://easydrivers.activities.at/entry.php?id=11671" "Mozilla/5.0 (Windows NT 10.0; WOW64; Trident/7.0; rv:11.0) like Gecko"
77.119.253.48 - - [27/Nov/2017:11:12:15 +0100] "GET /entry.php?id=10778&form=11496&name=list& HTTP/1.1" 200 5706 "http://easydrivers.activities.at/entry.php?id=11671" "Mozilla/5.0 (Windows NT 10.0; WOW64; Trident/7.0; rv:11.0) like Gecko"
77.119.253.48 - - [27/Nov/2017:11:12:34 +0100] "GET /entry.php?id=10271&&ser=777494 HTTP/1.1" 200 988 "http://easydrivers.activities.at/entry.php?id=10271&&ser=777431" "Mozilla/5.0 (Windows NT 10.0; WOW64; Trident/7.0; rv:11.0) like Gecko"
77.119.253.48 - - [27/Nov/2017:11:12:35 +0100] "GET /gui/javascript/form_form.js?1511777554 HTTP/1.1" 200 16206 "http://easydrivers.activities.at/entry.php?id=10271&&ser=777494" "Mozilla/5.0 (Windows NT 10.0; WOW64; Trident/7.0; rv:11.0) like Gecko"
81.10.228.170 - - [27/Nov/2017:11:12:38 +0100] "GET /entry.php?id=10271&&ser=777497 HTTP/1.1" 200 988 "http://easydrivers.activities.at/entry.php?id=10271&&ser=777436" "Mozilla/5.0 (Windows NT 10.0; Trident/7.0; rv:11.0) like Gecko"
81.10.228.170 - - [27/Nov/2017:11:12:38 +0100] "GET /gui/javascript/form_form.js?1511777558 HTTP/1.1" 200 16206 "http://easydrivers.activities.at/entry.php?id=10271&&ser=777497" "Mozilla/5.0 (Windows NT 10.0; Trident/7.0; rv:11.0) like Gecko"
