213.86.241.133 - - [27/Nov/2017:12:56:43 +0100] "GET /entry.php?id=10776&form=11496&name=list& HTTP/1.1" 200 1519 "http://easydrivers.activities.at/entry.php?id=11671" "Mozilla/5.0 (Windows NT 10.0; WOW64; Trident/7.0; rv:11.0) like Gecko"
213.86.241.133 - - [27/Nov/2017:12:56:43 +0100] "GET /entry.php?id=10778&form=11496&name=list& HTTP/1.1" 200 5743 "http://easydrivers.activities.at/entry.php?id=11671" "Mozilla/5.0 (Windows NT 10.0; WOW64; Trident/7.0; rv:11.0) like Gecko"
81.10.228.170 - - [27/Nov/2017:12:56:44 +0100] "POST /entry.php?id=11671 HTTP/1.1" 200 4806 "http://easydrivers.activities.at/entry.php?id=11671" "Mozilla/5.0 (Windows NT 10.0; Trident/7.0; rv:11.0) like Gecko"
81.10.228.170 - - [27/Nov/2017:12:56:44 +0100] "GET /gui/javascript/form_form.js?1511783804 HTTP/1.1" 200 16206 "http://easydrivers.activities.at/entry.php?id=11671" "Mozilla/5.0 (Windows NT 10.0; Trident/7.0; rv:11.0) like Gecko"
81.10.228.170 - - [27/Nov/2017:12:56:45 +0100] "GET /entry.php?id=10778&form=11496&name=list& HTTP/1.1" 200 5852 "http://easydrivers.activities.at/entry.php?id=11671" "Mozilla/5.0 (Windows NT 10.0; Trident/7.0; rv:11.0) like Gecko"
81.10.228.170 - - [27/Nov/2017:12:56:45 +0100] "GET /entry.php?id=10776&form=11496&name=list& HTTP/1.1" 200 1519 "http://easydrivers.activities.at/entry.php?id=11671" "Mozilla/5.0 (Windows NT 10.0; Trident/7.0; rv:11.0) like Gecko"
81.10.228.170 - - [27/Nov/2017:12:57:08 +0100] "POST /entry.php?id=11671 HTTP/1.1" 200 3247 "http://easydrivers.activities.at/entry.php?id=11671" "Mozilla/5.0 (Windows NT 10.0; Trident/7.0; rv:11.0) like Gecko"
81.10.228.170 - - [27/Nov/2017:12:57:08 +0100] "GET /gui/javascript/form_form.js?1511783828 HTTP/1.1" 200 16206 "http://easydrivers.activities.at/entry.php?id=11671" "Mozilla/5.0 (Windows NT 10.0; Trident/7.0; rv:11.0) like Gecko"
81.10.228.170 - - [27/Nov/2017:12:57:10 +0100] "GET /framework/webfx/javascript/tinymce/skins/lightgray/content.min.css HTTP/1.1" 404 330 "http://easydrivers.activities.at/entry.php?id=11671" "Mozilla/5.0 (Windows NT 10.0; Trident/7.0; rv:11.0) like Gecko"
213.86.241.133 - - [27/Nov/2017:12:57:14 +0100] "GET /entry.php?id=11679 HTTP/1.1" 200 312 "http://easydrivers.activities.at/entry.php?id=11412" "Mozilla/5.0 (Windows NT 10.0; WOW64; Trident/7.0; rv:11.0) like Gecko"
213.86.241.133 - - [27/Nov/2017:12:57:14 +0100] "GET /entry.php?id=10676&title=Portal& HTTP/1.1" 200 1387 "http://easydrivers.activities.at/entry.php?id=11679" "Mozilla/5.0 (Windows NT 10.0; WOW64; Trident/7.0; rv:11.0) like Gecko"
213.86.241.133 - - [27/Nov/2017:12:57:14 +0100] "GET /gui/javascript/form_form.js?1511783834 HTTP/1.1" 200 16206 "http://easydrivers.activities.at/entry.php?id=10676&title=Portal&" "Mozilla/5.0 (Windows NT 10.0; WOW64; Trident/7.0; rv:11.0) like Gecko"
213.86.241.133 - - [27/Nov/2017:12:57:14 +0100] "GET /entry.php?id=11678& HTTP/1.1" 200 3172 "http://easydrivers.activities.at/entry.php?id=11679" "Mozilla/5.0 (Windows NT 10.0; WOW64; Trident/7.0; rv:11.0) like Gecko"
213.86.241.133 - - [27/Nov/2017:12:57:14 +0100] "GET /gui/javascript/form_cm_menu_item.js?id=2 HTTP/1.1" 304 - "http://easydrivers.activities.at/entry.php?id=11678&" "Mozilla/5.0 (Windows NT 10.0; WOW64; Trident/7.0; rv:11.0) like Gecko"
213.86.241.133 - - [27/Nov/2017:12:57:14 +0100] "GET /activities/framework/KoolControls/KoolAjax/koolajax.php?8436e354c842500aba3cbaf0584c0c24 HTTP/1.1" 200 4079 "http://easydrivers.activities.at/entry.php?id=11678&" "Mozilla/5.0 (Windows NT 10.0; WOW64; Trident/7.0; rv:11.0) like Gecko"
213.86.241.133 - - [27/Nov/2017:12:57:14 +0100] "GET /activities/framework/KoolControls/KoolTreeView/icons/website.gif HTTP/1.1" 200 1049 "http://easydrivers.activities.at/entry.php?id=11678&" "Mozilla/5.0 (Windows NT 10.0; WOW64; Trident/7.0; rv:11.0) like Gecko"
213.86.241.133 - - [27/Nov/2017:12:57:14 +0100] "GET /activities/framework/KoolControls/KoolTreeView/icons/square_greenS.gif HTTP/1.1" 200 541 "http://easydrivers.activities.at/entry.php?id=11678&" "Mozilla/5.0 (Windows NT 10.0; WOW64; Trident/7.0; rv:11.0) like Gecko"
213.86.241.133 - - [27/Nov/2017:12:57:14 +0100] "GET /gui/images/icons/website_modified.gif HTTP/1.1" 200 1060 "http://easydrivers.activities.at/entry.php?id=11678&" "Mozilla/5.0 (Windows NT 10.0; WOW64; Trident/7.0; rv:11.0) like Gecko"
213.86.241.133 - - [27/Nov/2017:12:57:14 +0100] "GET /gui/images/icons/square_greenS.gif HTTP/1.1" 200 541 "http://easydrivers.activities.at/entry.php?id=11678&" "Mozilla/5.0 (Windows NT 10.0; WOW64; Trident/7.0; rv:11.0) like Gecko"
213.86.241.133 - - [27/Nov/2017:12:57:14 +0100] "GET /gui/images/icons/square_yellowS.gif HTTP/1.1" 200 541 "http://easydrivers.activities.at/entry.php?id=11678&" "Mozilla/5.0 (Windows NT 10.0; WOW64; Trident/7.0; rv:11.0) like Gecko"
213.86.241.133 - - [27/Nov/2017:12:57:14 +0100] "GET /gui/images/icons/square_greyS.gif HTTP/1.1" 200 342 "http://easydrivers.activities.at/entry.php?id=11678&" "Mozilla/5.0 (Windows NT 10.0; WOW64; Trident/7.0; rv:11.0) like Gecko"
213.86.241.133 - - [27/Nov/2017:12:57:15 +0100] "GET /activities/framework/KoolControls/KoolTreeView/kooltreeview.php?c7cd9180e88ffef8e70f13526bb4f5f7 HTTP/1.1" 200 5055 "http://easydrivers.activities.at/entry.php?id=11678&" "Mozilla/5.0 (Windows NT 10.0; WOW64; Trident/7.0; rv:11.0) like Gecko"
213.86.241.133 - - [27/Nov/2017:12:57:14 +0100] "GET /entry.php?id=11677& HTTP/1.1" 200 4373 "http://easydrivers.activities.at/entry.php?id=11679" "Mozilla/5.0 (Windows NT 10.0; WOW64; Trident/7.0; rv:11.0) like Gecko"
213.86.241.133 - - [27/Nov/2017:12:57:15 +0100] "GET /gui/javascript/form_form.js?1511783835 HTTP/1.1" 200 16206 "http://easydrivers.activities.at/entry.php?id=11677&" "Mozilla/5.0 (Windows NT 10.0; WOW64; Trident/7.0; rv:11.0) like Gecko"
213.86.241.133 - - [27/Nov/2017:12:57:15 +0100] "GET /gui/images/icons/edit.gif HTTP/1.1" 200 384 "http://easydrivers.activities.at/entry.php?id=11677&" "Mozilla/5.0 (Windows NT 10.0; WOW64; Trident/7.0; rv:11.0) like Gecko"
213.86.241.133 - - [27/Nov/2017:12:57:15 +0100] "GET /gui/images/icons/disabled_lupe.gif HTTP/1.1" 200 322 "http://easydrivers.activities.at/entry.php?id=11677&" "Mozilla/5.0 (Windows NT 10.0; WOW64; Trident/7.0; rv:11.0) like Gecko"
213.86.241.133 - - [27/Nov/2017:12:57:15 +0100] "GET /entry.php?id=11618&&object=&item=&emu_class= HTTP/1.1" 200 1698 "http://easydrivers.activities.at/entry.php?id=11677&" "Mozilla/5.0 (Windows NT 10.0; WOW64; Trident/7.0; rv:11.0) like Gecko"
81.10.228.170 - - [27/Nov/2017:12:57:19 +0100] "POST /entry.php?id=11671 HTTP/1.1" 200 4806 "http://easydrivers.activities.at/entry.php?id=11671" "Mozilla/5.0 (Windows NT 10.0; Trident/7.0; rv:11.0) like Gecko"
81.10.228.170 - - [27/Nov/2017:12:57:20 +0100] "GET /gui/javascript/form_form.js?1511783840 HTTP/1.1" 200 16206 "http://easydrivers.activities.at/entry.php?id=11671" "Mozilla/5.0 (Windows NT 10.0; Trident/7.0; rv:11.0) like Gecko"
81.10.228.170 - - [27/Nov/2017:12:57:21 +0100] "GET /entry.php?id=10776&form=11496&name=list& HTTP/1.1" 200 1519 "http://easydrivers.activities.at/entry.php?id=11671" "Mozilla/5.0 (Windows NT 10.0; Trident/7.0; rv:11.0) like Gecko"
81.10.228.170 - - [27/Nov/2017:12:57:21 +0100] "GET /entry.php?id=10778&form=11496&name=list& HTTP/1.1" 200 5852 "http://easydrivers.activities.at/entry.php?id=11671" "Mozilla/5.0 (Windows NT 10.0; Trident/7.0; rv:11.0) like Gecko"
81.10.228.170 - - [27/Nov/2017:12:57:30 +0100] "GET /entry.php?id=10271&&ser=783789 HTTP/1.1" 200 987 "http://easydrivers.activities.at/entry.php?id=10271&&ser=783728" "Mozilla/5.0 (Windows NT 10.0; Trident/7.0; rv:11.0) like Gecko"
81.10.228.170 - - [27/Nov/2017:12:57:30 +0100] "GET /gui/javascript/form_form.js?1511783850 HTTP/1.1" 200 16206 "http://easydrivers.activities.at/entry.php?id=10271&&ser=783789" "Mozilla/5.0 (Windows NT 10.0; Trident/7.0; rv:11.0) like Gecko"
213.86.241.133 - - [27/Nov/2017:12:57:33 +0100] "GET /entry.php?id=11674 HTTP/1.1" 200 321 "http://easydrivers.activities.at/entry.php?id=11412" "Mozilla/5.0 (Windows NT 10.0; WOW64; Trident/7.0; rv:11.0) like Gecko"
213.86.241.133 - - [27/Nov/2017:12:57:34 +0100] "GET /entry.php?id=10676&&title=Aktionen HTTP/1.1" 200 1387 "http://easydrivers.activities.at/entry.php?id=11674" "Mozilla/5.0 (Windows NT 10.0; WOW64; Trident/7.0; rv:11.0) like Gecko"
213.86.241.133 - - [27/Nov/2017:12:57:34 +0100] "GET /gui/javascript/form_form.js?1511783854 HTTP/1.1" 200 16206 "http://easydrivers.activities.at/entry.php?id=10676&&title=Aktionen" "Mozilla/5.0 (Windows NT 10.0; WOW64; Trident/7.0; rv:11.0) like Gecko"
213.86.241.133 - - [27/Nov/2017:12:57:34 +0100] "GET /entry.php?id=11675& HTTP/1.1" 200 2692 "http://easydrivers.activities.at/entry.php?id=11674" "Mozilla/5.0 (Windows NT 10.0; WOW64; Trident/7.0; rv:11.0) like Gecko"
213.86.241.133 - - [27/Nov/2017:12:57:34 +0100] "GET /entry.php?id=11676& HTTP/1.1" 200 4384 "http://easydrivers.activities.at/entry.php?id=11674" "Mozilla/5.0 (Windows NT 10.0; WOW64; Trident/7.0; rv:11.0) like Gecko"
213.86.241.133 - - [27/Nov/2017:12:57:34 +0100] "GET /gui/images/icons/disabled_delete.gif HTTP/1.1" 200 86 "http://easydrivers.activities.at/entry.php?id=11676&" "Mozilla/5.0 (Windows NT 10.0; WOW64; Trident/7.0; rv:11.0) like Gecko"
213.86.241.133 - - [27/Nov/2017:12:57:34 +0100] "GET /entry.php?id=10776&form=11500&name=list& HTTP/1.1" 200 2450 "http://easydrivers.activities.at/entry.php?id=11675&" "Mozilla/5.0 (Windows NT 10.0; WOW64; Trident/7.0; rv:11.0) like Gecko"
213.86.241.133 - - [27/Nov/2017:12:57:34 +0100] "GET /entry.php?id=10778&form=11500&name=list& HTTP/1.1" 200 3146 "http://easydrivers.activities.at/entry.php?id=11675&" "Mozilla/5.0 (Windows NT 10.0; WOW64; Trident/7.0; rv:11.0) like Gecko"
213.86.241.133 - - [27/Nov/2017:12:57:34 +0100] "GET /gui/images/icons/information.gif HTTP/1.1" 200 1025 "http://easydrivers.activities.at/entry.php?id=10776&form=11500&name=list&" "Mozilla/5.0 (Windows NT 10.0; WOW64; Trident/7.0; rv:11.0) like Gecko"
81.10.228.170 - - [27/Nov/2017:12:57:39 +0100] "POST /entry.php?id=11671 HTTP/1.1" 200 4615 "http://easydrivers.activities.at/entry.php?id=11671" "Mozilla/5.0 (Windows NT 10.0; Trident/7.0; rv:11.0) like Gecko"
81.10.228.170 - - [27/Nov/2017:12:57:39 +0100] "GET /gui/javascript/form_form.js?1511783859 HTTP/1.1" 200 16206 "http://easydrivers.activities.at/entry.php?id=11671" "Mozilla/5.0 (Windows NT 10.0; Trident/7.0; rv:11.0) like Gecko"
81.10.228.170 - - [27/Nov/2017:12:57:40 +0100] "GET /entry.php?id=10778&form=11496&name=list& HTTP/1.1" 200 5610 "http://easydrivers.activities.at/entry.php?id=11671" "Mozilla/5.0 (Windows NT 10.0; Trident/7.0; rv:11.0) like Gecko"
81.10.228.170 - - [27/Nov/2017:12:57:40 +0100] "GET /entry.php?id=10776&form=11496&name=list& HTTP/1.1" 200 1519 "http://easydrivers.activities.at/entry.php?id=11671" "Mozilla/5.0 (Windows NT 10.0; Trident/7.0; rv:11.0) like Gecko"
213.86.241.133 - - [27/Nov/2017:12:57:42 +0100] "GET /entry.php?id=10271&&ser=783802 HTTP/1.1" 200 987 "http://easydrivers.activities.at/entry.php?id=10271&&ser=783741" "Mozilla/5.0 (Windows NT 10.0; WOW64; Trident/7.0; rv:11.0) like Gecko"
213.86.241.133 - - [27/Nov/2017:12:57:42 +0100] "GET /gui/javascript/form_form.js?1511783862 HTTP/1.1" 200 16206 "http://easydrivers.activities.at/entry.php?id=10271&&ser=783802" "Mozilla/5.0 (Windows NT 10.0; WOW64; Trident/7.0; rv:11.0) like Gecko"
213.86.241.133 - - [27/Nov/2017:12:57:49 +0100] "GET /entry.php?id=11673 HTTP/1.1" 200 358 "http://easydrivers.activities.at/entry.php?id=11412" "Mozilla/5.0 (Windows NT 10.0; WOW64; Trident/7.0; rv:11.0) like Gecko"
213.86.241.133 - - [27/Nov/2017:12:57:50 +0100] "GET /entry.php?id=10676&&title=F\xfchrerscheinkurse HTTP/1.1" 200 1396 "http://easydrivers.activities.at/entry.php?id=11673" "Mozilla/5.0 (Windows NT 10.0; WOW64; Trident/7.0; rv:11.0) like Gecko"
213.86.241.133 - - [27/Nov/2017:12:57:50 +0100] "GET /gui/javascript/form_form.js?1511783870 HTTP/1.1" 200 16206 "http://easydrivers.activities.at/entry.php?id=10676&&title=F%C3%BChrerscheinkurse" "Mozilla/5.0 (Windows NT 10.0; WOW64; Trident/7.0; rv:11.0) like Gecko"
213.86.241.133 - - [27/Nov/2017:12:57:50 +0100] "GET /entry.php?id=11694& HTTP/1.1" 200 3659 "http://easydrivers.activities.at/entry.php?id=11673" "Mozilla/5.0 (Windows NT 10.0; WOW64; Trident/7.0; rv:11.0) like Gecko"
213.86.241.133 - - [27/Nov/2017:12:57:51 +0100] "GET /activities/framework/KoolControls/KoolAjax/koolajax.php?8436e354c842500aba3cbaf0584c0c24 HTTP/1.1" 200 4079 "http://easydrivers.activities.at/entry.php?id=11694&" "Mozilla/5.0 (Windows NT 10.0; WOW64; Trident/7.0; rv:11.0) like Gecko"
213.86.241.133 - - [27/Nov/2017:12:57:51 +0100] "GET /gui/javascript/form_form.js?1511783871 HTTP/1.1" 200 16206 "http://easydrivers.activities.at/entry.php?id=11694&" "Mozilla/5.0 (Windows NT 10.0; WOW64; Trident/7.0; rv:11.0) like Gecko"
213.86.241.133 - - [27/Nov/2017:12:57:51 +0100] "GET /activities/framework/KoolControls/KoolTreeView/kooltreeview.php?c7cd9180e88ffef8e70f13526bb4f5f7 HTTP/1.1" 200 5055 "http://easydrivers.activities.at/entry.php?id=11694&" "Mozilla/5.0 (Windows NT 10.0; WOW64; Trident/7.0; rv:11.0) like Gecko"
213.86.241.133 - - [27/Nov/2017:12:57:50 +0100] "GET /entry.php?id=11672& HTTP/1.1" 200 2692 "http://easydrivers.activities.at/entry.php?id=11673" "Mozilla/5.0 (Windows NT 10.0; WOW64; Trident/7.0; rv:11.0) like Gecko"
213.86.241.133 - - [27/Nov/2017:12:57:50 +0100] "GET /entry.php?id=11671& HTTP/1.1" 200 4535 "http://easydrivers.activities.at/entry.php?id=11673" "Mozilla/5.0 (Windows NT 10.0; WOW64; Trident/7.0; rv:11.0) like Gecko"
213.86.241.133 - - [27/Nov/2017:12:57:52 +0100] "GET /entry.php?id=10778&form=11497&name=list& HTTP/1.1" 200 15268 "http://easydrivers.activities.at/entry.php?id=11672&" "Mozilla/5.0 (Windows NT 10.0; WOW64; Trident/7.0; rv:11.0) like Gecko"
213.86.241.133 - - [27/Nov/2017:12:57:52 +0100] "GET /entry.php?id=10776&form=11497&name=list& HTTP/1.1" 200 1944 "http://easydrivers.activities.at/entry.php?id=11672&" "Mozilla/5.0 (Windows NT 10.0; WOW64; Trident/7.0; rv:11.0) like Gecko"
213.86.241.133 - - [27/Nov/2017:12:57:52 +0100] "GET /gui/javascript/form_form.js?1511783872 HTTP/1.1" 200 16206 "http://easydrivers.activities.at/entry.php?id=11671&" "Mozilla/5.0 (Windows NT 10.0; WOW64; Trident/7.0; rv:11.0) like Gecko"
213.86.241.133 - - [27/Nov/2017:12:57:52 +0100] "GET /entry.php?id=10776&form=11496&name=list& HTTP/1.1" 200 1526 "http://easydrivers.activities.at/entry.php?id=11671&" "Mozilla/5.0 (Windows NT 10.0; WOW64; Trident/7.0; rv:11.0) like Gecko"
213.86.241.133 - - [27/Nov/2017:12:57:52 +0100] "GET /entry.php?id=10778&form=11496&name=list& HTTP/1.1" 200 2493 "http://easydrivers.activities.at/entry.php?id=11671&" "Mozilla/5.0 (Windows NT 10.0; WOW64; Trident/7.0; rv:11.0) like Gecko"
81.10.228.170 - - [27/Nov/2017:12:58:32 +0100] "GET /entry.php?id=10271&&ser=783850 HTTP/1.1" 200 988 "http://easydrivers.activities.at/entry.php?id=10271&&ser=783789" "Mozilla/5.0 (Windows NT 10.0; Trident/7.0; rv:11.0) like Gecko"
81.10.228.170 - - [27/Nov/2017:12:58:33 +0100] "GET /gui/javascript/form_form.js?1511783913 HTTP/1.1" 200 16206 "http://easydrivers.activities.at/entry.php?id=10271&&ser=783850" "Mozilla/5.0 (Windows NT 10.0; Trident/7.0; rv:11.0) like Gecko"
213.86.241.133 - - [27/Nov/2017:12:58:42 +0100] "GET /entry.php?id=10271&&ser=783862 HTTP/1.1" 200 987 "http://easydrivers.activities.at/entry.php?id=10271&&ser=783802" "Mozilla/5.0 (Windows NT 10.0; WOW64; Trident/7.0; rv:11.0) like Gecko"
213.86.241.133 - - [27/Nov/2017:12:58:43 +0100] "GET /gui/javascript/form_form.js?1511783923 HTTP/1.1" 200 16206 "http://easydrivers.activities.at/entry.php?id=10271&&ser=783862" "Mozilla/5.0 (Windows NT 10.0; WOW64; Trident/7.0; rv:11.0) like Gecko"
81.10.228.170 - - [27/Nov/2017:12:59:23 +0100] "POST /entry.php?id=11671 HTTP/1.1" 200 4998 "http://easydrivers.activities.at/entry.php?id=11671" "Mozilla/5.0 (Windows NT 10.0; Trident/7.0; rv:11.0) like Gecko"
81.10.228.170 - - [27/Nov/2017:12:59:23 +0100] "GET /gui/javascript/form_form.js?1511783963 HTTP/1.1" 200 16206 "http://easydrivers.activities.at/entry.php?id=11671" "Mozilla/5.0 (Windows NT 10.0; Trident/7.0; rv:11.0) like Gecko"
81.10.228.170 - - [27/Nov/2017:12:59:24 +0100] "GET /entry.php?id=10776&form=11496&name=list& HTTP/1.1" 200 1519 "http://easydrivers.activities.at/entry.php?id=11671" "Mozilla/5.0 (Windows NT 10.0; Trident/7.0; rv:11.0) like Gecko"
81.10.228.170 - - [27/Nov/2017:12:59:24 +0100] "GET /entry.php?id=10778&form=11496&name=list& HTTP/1.1" 200 5852 "http://easydrivers.activities.at/entry.php?id=11671" "Mozilla/5.0 (Windows NT 10.0; Trident/7.0; rv:11.0) like Gecko"
81.10.228.170 - - [27/Nov/2017:12:59:33 +0100] "GET /entry.php?id=10271&&ser=783912 HTTP/1.1" 200 989 "http://easydrivers.activities.at/entry.php?id=10271&&ser=783850" "Mozilla/5.0 (Windows NT 10.0; Trident/7.0; rv:11.0) like Gecko"
81.10.228.170 - - [27/Nov/2017:12:59:34 +0100] "GET /gui/javascript/form_form.js?1511783974 HTTP/1.1" 200 16206 "http://easydrivers.activities.at/entry.php?id=10271&&ser=783912" "Mozilla/5.0 (Windows NT 10.0; Trident/7.0; rv:11.0) like Gecko"
213.86.241.133 - - [27/Nov/2017:12:59:43 +0100] "GET /entry.php?id=10271&&ser=783923 HTTP/1.1" 200 987 "http://easydrivers.activities.at/entry.php?id=10271&&ser=783862" "Mozilla/5.0 (Windows NT 10.0; WOW64; Trident/7.0; rv:11.0) like Gecko"
213.86.241.133 - - [27/Nov/2017:12:59:43 +0100] "GET /gui/javascript/form_form.js?1511783983 HTTP/1.1" 200 16206 "http://easydrivers.activities.at/entry.php?id=10271&&ser=783923" "Mozilla/5.0 (Windows NT 10.0; WOW64; Trident/7.0; rv:11.0) like Gecko"
81.10.228.170 - - [27/Nov/2017:12:59:44 +0100] "POST /entry.php?id=11671 HTTP/1.1" 200 3178 "http://easydrivers.activities.at/entry.php?id=11671" "Mozilla/5.0 (Windows NT 10.0; Trident/7.0; rv:11.0) like Gecko"
81.10.228.170 - - [27/Nov/2017:12:59:45 +0100] "GET /gui/javascript/form_form.js?1511783985 HTTP/1.1" 200 16206 "http://easydrivers.activities.at/entry.php?id=11671" "Mozilla/5.0 (Windows NT 10.0; Trident/7.0; rv:11.0) like Gecko"
81.10.228.170 - - [27/Nov/2017:12:59:47 +0100] "GET /framework/webfx/javascript/tinymce/skins/lightgray/content.min.css HTTP/1.1" 404 330 "http://easydrivers.activities.at/entry.php?id=11671" "Mozilla/5.0 (Windows NT 10.0; Trident/7.0; rv:11.0) like Gecko"
81.10.228.170 - - [27/Nov/2017:12:59:49 +0100] "GET /framework/webfx/javascript/tinymce/skins/lightgray/content.min.css HTTP/1.1" 404 330 "http://easydrivers.activities.at/entry.php?id=11671" "Mozilla/5.0 (Windows NT 10.0; Trident/7.0; rv:11.0) like Gecko"
81.10.228.170 - - [27/Nov/2017:13:00:14 +0100] "POST /entry.php?id=11671 HTTP/1.1" 200 3440 "http://easydrivers.activities.at/entry.php?id=11671" "Mozilla/5.0 (Windows NT 10.0; Trident/7.0; rv:11.0) like Gecko"
81.10.228.170 - - [27/Nov/2017:13:00:15 +0100] "GET /gui/javascript/form_form.js?1511784015 HTTP/1.1" 200 16206 "http://easydrivers.activities.at/entry.php?id=11671" "Mozilla/5.0 (Windows NT 10.0; Trident/7.0; rv:11.0) like Gecko"
81.10.228.170 - - [27/Nov/2017:13:00:17 +0100] "GET /framework/webfx/javascript/tinymce/skins/lightgray/content.min.css HTTP/1.1" 404 330 "http://easydrivers.activities.at/entry.php?id=11671" "Mozilla/5.0 (Windows NT 10.0; Trident/7.0; rv:11.0) like Gecko"
81.10.228.170 - - [27/Nov/2017:13:00:25 +0100] "POST /entry.php?id=11671 HTTP/1.1" 200 4796 "http://easydrivers.activities.at/entry.php?id=11671" "Mozilla/5.0 (Windows NT 10.0; Trident/7.0; rv:11.0) like Gecko"
81.10.228.170 - - [27/Nov/2017:13:00:25 +0100] "GET /gui/javascript/form_form.js?1511784025 HTTP/1.1" 200 16206 "http://easydrivers.activities.at/entry.php?id=11671" "Mozilla/5.0 (Windows NT 10.0; Trident/7.0; rv:11.0) like Gecko"
81.10.228.170 - - [27/Nov/2017:13:00:26 +0100] "GET /entry.php?id=10776&form=11496&name=list& HTTP/1.1" 200 1519 "http://easydrivers.activities.at/entry.php?id=11671" "Mozilla/5.0 (Windows NT 10.0; Trident/7.0; rv:11.0) like Gecko"
81.10.228.170 - - [27/Nov/2017:13:00:26 +0100] "GET /entry.php?id=10778&form=11496&name=list& HTTP/1.1" 200 5852 "http://easydrivers.activities.at/entry.php?id=11671" "Mozilla/5.0 (Windows NT 10.0; Trident/7.0; rv:11.0) like Gecko"
81.10.228.170 - - [27/Nov/2017:13:00:34 +0100] "GET /entry.php?id=10271&&ser=783973 HTTP/1.1" 200 987 "http://easydrivers.activities.at/entry.php?id=10271&&ser=783912" "Mozilla/5.0 (Windows NT 10.0; Trident/7.0; rv:11.0) like Gecko"
81.10.228.170 - - [27/Nov/2017:13:00:35 +0100] "GET /gui/javascript/form_form.js?1511784034 HTTP/1.1" 200 16206 "http://easydrivers.activities.at/entry.php?id=10271&&ser=783973" "Mozilla/5.0 (Windows NT 10.0; Trident/7.0; rv:11.0) like Gecko"
81.10.228.170 - - [27/Nov/2017:13:00:42 +0100] "POST /entry.php?id=11671 HTTP/1.1" 200 4980 "http://easydrivers.activities.at/entry.php?id=11671" "Mozilla/5.0 (Windows NT 10.0; Trident/7.0; rv:11.0) like Gecko"
81.10.228.170 - - [27/Nov/2017:13:00:43 +0100] "GET /gui/javascript/form_form.js?1511784042 HTTP/1.1" 200 16206 "http://easydrivers.activities.at/entry.php?id=11671" "Mozilla/5.0 (Windows NT 10.0; Trident/7.0; rv:11.0) like Gecko"
81.10.228.170 - - [27/Nov/2017:13:00:43 +0100] "GET /entry.php?id=10776&form=11496&name=list& HTTP/1.1" 200 1519 "http://easydrivers.activities.at/entry.php?id=11671" "Mozilla/5.0 (Windows NT 10.0; Trident/7.0; rv:11.0) like Gecko"
81.10.228.170 - - [27/Nov/2017:13:00:43 +0100] "GET /entry.php?id=10778&form=11496&name=list& HTTP/1.1" 200 5852 "http://easydrivers.activities.at/entry.php?id=11671" "Mozilla/5.0 (Windows NT 10.0; Trident/7.0; rv:11.0) like Gecko"
213.86.241.133 - - [27/Nov/2017:13:00:43 +0100] "GET /entry.php?id=10271&&ser=783983 HTTP/1.1" 200 987 "http://easydrivers.activities.at/entry.php?id=10271&&ser=783923" "Mozilla/5.0 (Windows NT 10.0; WOW64; Trident/7.0; rv:11.0) like Gecko"
213.86.241.133 - - [27/Nov/2017:13:00:44 +0100] "GET /gui/javascript/form_form.js?1511784044 HTTP/1.1" 200 16206 "http://easydrivers.activities.at/entry.php?id=10271&&ser=783983" "Mozilla/5.0 (Windows NT 10.0; WOW64; Trident/7.0; rv:11.0) like Gecko"
81.10.228.170 - - [27/Nov/2017:13:01:35 +0100] "GET /entry.php?id=10271&&ser=784034 HTTP/1.1" 200 987 "http://easydrivers.activities.at/entry.php?id=10271&&ser=783973" "Mozilla/5.0 (Windows NT 10.0; Trident/7.0; rv:11.0) like Gecko"
81.10.228.170 - - [27/Nov/2017:13:01:37 +0100] "GET /gui/javascript/form_form.js?1511784095 HTTP/1.1" 200 16206 "http://easydrivers.activities.at/entry.php?id=10271&&ser=784034" "Mozilla/5.0 (Windows NT 10.0; Trident/7.0; rv:11.0) like Gecko"
81.10.228.170 - - [27/Nov/2017:13:01:42 +0100] "POST /entry.php?id=11671 HTTP/1.1" 200 4615 "http://easydrivers.activities.at/entry.php?id=11671" "Mozilla/5.0 (Windows NT 10.0; Trident/7.0; rv:11.0) like Gecko"
81.10.228.170 - - [27/Nov/2017:13:01:43 +0100] "GET /gui/javascript/form_form.js?1511784103 HTTP/1.1" 200 16206 "http://easydrivers.activities.at/entry.php?id=11671" "Mozilla/5.0 (Windows NT 10.0; Trident/7.0; rv:11.0) like Gecko"
81.10.228.170 - - [27/Nov/2017:13:01:44 +0100] "GET /entry.php?id=10776&form=11496&name=list& HTTP/1.1" 200 1519 "http://easydrivers.activities.at/entry.php?id=11671" "Mozilla/5.0 (Windows NT 10.0; Trident/7.0; rv:11.0) like Gecko"
81.10.228.170 - - [27/Nov/2017:13:01:44 +0100] "GET /entry.php?id=10778&form=11496&name=list& HTTP/1.1" 200 5610 "http://easydrivers.activities.at/entry.php?id=11671" "Mozilla/5.0 (Windows NT 10.0; Trident/7.0; rv:11.0) like Gecko"
213.86.241.133 - - [27/Nov/2017:13:01:44 +0100] "GET /entry.php?id=10271&&ser=784044 HTTP/1.1" 200 987 "http://easydrivers.activities.at/entry.php?id=10271&&ser=783983" "Mozilla/5.0 (Windows NT 10.0; WOW64; Trident/7.0; rv:11.0) like Gecko"
213.86.241.133 - - [27/Nov/2017:13:01:44 +0100] "GET /gui/javascript/form_form.js?1511784104 HTTP/1.1" 200 16206 "http://easydrivers.activities.at/entry.php?id=10271&&ser=784044" "Mozilla/5.0 (Windows NT 10.0; WOW64; Trident/7.0; rv:11.0) like Gecko"
81.10.228.170 - - [27/Nov/2017:13:02:38 +0100] "GET /entry.php?id=10271&&ser=784095 HTTP/1.1" 200 986 "http://easydrivers.activities.at/entry.php?id=10271&&ser=784034" "Mozilla/5.0 (Windows NT 10.0; Trident/7.0; rv:11.0) like Gecko"
81.10.228.170 - - [27/Nov/2017:13:02:39 +0100] "GET /gui/javascript/form_form.js?1511784158 HTTP/1.1" 200 16206 "http://easydrivers.activities.at/entry.php?id=10271&&ser=784095" "Mozilla/5.0 (Windows NT 10.0; Trident/7.0; rv:11.0) like Gecko"
213.86.241.133 - - [27/Nov/2017:13:02:44 +0100] "GET /entry.php?id=10271&&ser=784104 HTTP/1.1" 200 987 "http://easydrivers.activities.at/entry.php?id=10271&&ser=784044" "Mozilla/5.0 (Windows NT 10.0; WOW64; Trident/7.0; rv:11.0) like Gecko"
213.86.241.133 - - [27/Nov/2017:13:02:45 +0100] "GET /gui/javascript/form_form.js?1511784165 HTTP/1.1" 200 16206 "http://easydrivers.activities.at/entry.php?id=10271&&ser=784104" "Mozilla/5.0 (Windows NT 10.0; WOW64; Trident/7.0; rv:11.0) like Gecko"
81.10.228.170 - - [27/Nov/2017:13:03:25 +0100] "POST /entry.php?id=11671 HTTP/1.1" 200 5000 "http://easydrivers.activities.at/entry.php?id=11671" "Mozilla/5.0 (Windows NT 10.0; Trident/7.0; rv:11.0) like Gecko"
81.10.228.170 - - [27/Nov/2017:13:03:26 +0100] "GET /gui/javascript/form_form.js?1511784206 HTTP/1.1" 200 16206 "http://easydrivers.activities.at/entry.php?id=11671" "Mozilla/5.0 (Windows NT 10.0; Trident/7.0; rv:11.0) like Gecko"
81.10.228.170 - - [27/Nov/2017:13:03:27 +0100] "GET /entry.php?id=10778&form=11496&name=list& HTTP/1.1" 200 5852 "http://easydrivers.activities.at/entry.php?id=11671" "Mozilla/5.0 (Windows NT 10.0; Trident/7.0; rv:11.0) like Gecko"
81.10.228.170 - - [27/Nov/2017:13:03:27 +0100] "GET /entry.php?id=10776&form=11496&name=list& HTTP/1.1" 200 1519 "http://easydrivers.activities.at/entry.php?id=11671" "Mozilla/5.0 (Windows NT 10.0; Trident/7.0; rv:11.0) like Gecko"
81.10.228.170 - - [27/Nov/2017:13:03:36 +0100] "POST /entry.php?id=11671 HTTP/1.1" 200 3178 "http://easydrivers.activities.at/entry.php?id=11671" "Mozilla/5.0 (Windows NT 10.0; Trident/7.0; rv:11.0) like Gecko"
81.10.228.170 - - [27/Nov/2017:13:03:37 +0100] "GET /gui/javascript/form_form.js?1511784217 HTTP/1.1" 200 16206 "http://easydrivers.activities.at/entry.php?id=11671" "Mozilla/5.0 (Windows NT 10.0; Trident/7.0; rv:11.0) like Gecko"
81.10.228.170 - - [27/Nov/2017:13:03:39 +0100] "GET /framework/webfx/javascript/tinymce/skins/lightgray/content.min.css HTTP/1.1" 404 330 "http://easydrivers.activities.at/entry.php?id=11671" "Mozilla/5.0 (Windows NT 10.0; Trident/7.0; rv:11.0) like Gecko"
81.10.228.170 - - [27/Nov/2017:13:03:40 +0100] "GET /entry.php?id=10271&&ser=784158 HTTP/1.1" 200 987 "http://easydrivers.activities.at/entry.php?id=10271&&ser=784095" "Mozilla/5.0 (Windows NT 10.0; Trident/7.0; rv:11.0) like Gecko"
81.10.228.170 - - [27/Nov/2017:13:03:40 +0100] "GET /gui/javascript/form_form.js?1511784220 HTTP/1.1" 200 16206 "http://easydrivers.activities.at/entry.php?id=10271&&ser=784158" "Mozilla/5.0 (Windows NT 10.0; Trident/7.0; rv:11.0) like Gecko"
81.10.228.170 - - [27/Nov/2017:13:03:42 +0100] "GET /framework/webfx/javascript/tinymce/skins/lightgray/content.min.css HTTP/1.1" 404 330 "http://easydrivers.activities.at/entry.php?id=11671" "Mozilla/5.0 (Windows NT 10.0; Trident/7.0; rv:11.0) like Gecko"
213.86.241.133 - - [27/Nov/2017:13:03:45 +0100] "GET /entry.php?id=10271&&ser=784165 HTTP/1.1" 200 988 "http://easydrivers.activities.at/entry.php?id=10271&&ser=784104" "Mozilla/5.0 (Windows NT 10.0; WOW64; Trident/7.0; rv:11.0) like Gecko"
213.86.241.133 - - [27/Nov/2017:13:03:45 +0100] "GET /gui/javascript/form_form.js?1511784225 HTTP/1.1" 200 16206 "http://easydrivers.activities.at/entry.php?id=10271&&ser=784165" "Mozilla/5.0 (Windows NT 10.0; WOW64; Trident/7.0; rv:11.0) like Gecko"
81.10.228.170 - - [27/Nov/2017:13:03:51 +0100] "POST /entry.php?id=11671 HTTP/1.1" 200 3441 "http://easydrivers.activities.at/entry.php?id=11671" "Mozilla/5.0 (Windows NT 10.0; Trident/7.0; rv:11.0) like Gecko"
81.10.228.170 - - [27/Nov/2017:13:03:51 +0100] "GET /gui/javascript/form_form.js?1511784231 HTTP/1.1" 200 16206 "http://easydrivers.activities.at/entry.php?id=11671" "Mozilla/5.0 (Windows NT 10.0; Trident/7.0; rv:11.0) like Gecko"
81.10.228.170 - - [27/Nov/2017:13:03:53 +0100] "GET /framework/webfx/javascript/tinymce/skins/lightgray/content.min.css HTTP/1.1" 404 330 "http://easydrivers.activities.at/entry.php?id=11671" "Mozilla/5.0 (Windows NT 10.0; Trident/7.0; rv:11.0) like Gecko"
81.10.228.170 - - [27/Nov/2017:13:03:57 +0100] "POST /entry.php?id=11671 HTTP/1.1" 200 4797 "http://easydrivers.activities.at/entry.php?id=11671" "Mozilla/5.0 (Windows NT 10.0; Trident/7.0; rv:11.0) like Gecko"
81.10.228.170 - - [27/Nov/2017:13:03:58 +0100] "GET /gui/javascript/form_form.js?1511784237 HTTP/1.1" 200 16206 "http://easydrivers.activities.at/entry.php?id=11671" "Mozilla/5.0 (Windows NT 10.0; Trident/7.0; rv:11.0) like Gecko"
81.10.228.170 - - [27/Nov/2017:13:03:58 +0100] "GET /entry.php?id=10776&form=11496&name=list& HTTP/1.1" 200 1519 "http://easydrivers.activities.at/entry.php?id=11671" "Mozilla/5.0 (Windows NT 10.0; Trident/7.0; rv:11.0) like Gecko"
81.10.228.170 - - [27/Nov/2017:13:03:58 +0100] "GET /entry.php?id=10778&form=11496&name=list& HTTP/1.1" 200 5852 "http://easydrivers.activities.at/entry.php?id=11671" "Mozilla/5.0 (Windows NT 10.0; Trident/7.0; rv:11.0) like Gecko"
81.10.228.170 - - [27/Nov/2017:13:04:20 +0100] "POST /entry.php?id=11671 HTTP/1.1" 200 4982 "http://easydrivers.activities.at/entry.php?id=11671" "Mozilla/5.0 (Windows NT 10.0; Trident/7.0; rv:11.0) like Gecko"
81.10.228.170 - - [27/Nov/2017:13:04:21 +0100] "GET /gui/javascript/form_form.js?1511784261 HTTP/1.1" 200 16206 "http://easydrivers.activities.at/entry.php?id=11671" "Mozilla/5.0 (Windows NT 10.0; Trident/7.0; rv:11.0) like Gecko"
81.10.228.170 - - [27/Nov/2017:13:04:22 +0100] "GET /entry.php?id=10776&form=11496&name=list& HTTP/1.1" 200 1519 "http://easydrivers.activities.at/entry.php?id=11671" "Mozilla/5.0 (Windows NT 10.0; Trident/7.0; rv:11.0) like Gecko"
81.10.228.170 - - [27/Nov/2017:13:04:22 +0100] "GET /entry.php?id=10778&form=11496&name=list& HTTP/1.1" 200 5852 "http://easydrivers.activities.at/entry.php?id=11671" "Mozilla/5.0 (Windows NT 10.0; Trident/7.0; rv:11.0) like Gecko"
81.10.228.170 - - [27/Nov/2017:13:04:38 +0100] "POST /entry.php?id=11671 HTTP/1.1" 200 4615 "http://easydrivers.activities.at/entry.php?id=11671" "Mozilla/5.0 (Windows NT 10.0; Trident/7.0; rv:11.0) like Gecko"
81.10.228.170 - - [27/Nov/2017:13:04:39 +0100] "GET /gui/javascript/form_form.js?1511784279 HTTP/1.1" 200 16206 "http://easydrivers.activities.at/entry.php?id=11671" "Mozilla/5.0 (Windows NT 10.0; Trident/7.0; rv:11.0) like Gecko"
81.10.228.170 - - [27/Nov/2017:13:04:39 +0100] "GET /entry.php?id=10776&form=11496&name=list& HTTP/1.1" 200 1519 "http://easydrivers.activities.at/entry.php?id=11671" "Mozilla/5.0 (Windows NT 10.0; Trident/7.0; rv:11.0) like Gecko"
81.10.228.170 - - [27/Nov/2017:13:04:39 +0100] "GET /entry.php?id=10778&form=11496&name=list& HTTP/1.1" 200 5610 "http://easydrivers.activities.at/entry.php?id=11671" "Mozilla/5.0 (Windows NT 10.0; Trident/7.0; rv:11.0) like Gecko"
81.10.228.170 - - [27/Nov/2017:13:04:41 +0100] "GET /entry.php?id=10271&&ser=784220 HTTP/1.1" 200 986 "http://easydrivers.activities.at/entry.php?id=10271&&ser=784158" "Mozilla/5.0 (Windows NT 10.0; Trident/7.0; rv:11.0) like Gecko"
81.10.228.170 - - [27/Nov/2017:13:04:44 +0100] "GET /gui/javascript/form_form.js?1511784281 HTTP/1.1" 200 16206 "http://easydrivers.activities.at/entry.php?id=10271&&ser=784220" "Mozilla/5.0 (Windows NT 10.0; Trident/7.0; rv:11.0) like Gecko"
213.86.241.133 - - [27/Nov/2017:13:04:45 +0100] "GET /entry.php?id=10271&&ser=784225 HTTP/1.1" 200 987 "http://easydrivers.activities.at/entry.php?id=10271&&ser=784165" "Mozilla/5.0 (Windows NT 10.0; WOW64; Trident/7.0; rv:11.0) like Gecko"
213.86.241.133 - - [27/Nov/2017:13:04:46 +0100] "GET /gui/javascript/form_form.js?1511784286 HTTP/1.1" 200 16206 "http://easydrivers.activities.at/entry.php?id=10271&&ser=784225" "Mozilla/5.0 (Windows NT 10.0; WOW64; Trident/7.0; rv:11.0) like Gecko"
81.10.228.170 - - [27/Nov/2017:13:05:45 +0100] "GET /entry.php?id=10271&&ser=784281 HTTP/1.1" 200 987 "http://easydrivers.activities.at/entry.php?id=10271&&ser=784220" "Mozilla/5.0 (Windows NT 10.0; Trident/7.0; rv:11.0) like Gecko"
213.86.241.133 - - [27/Nov/2017:13:05:46 +0100] "GET /entry.php?id=10271&&ser=784286 HTTP/1.1" 200 987 "http://easydrivers.activities.at/entry.php?id=10271&&ser=784225" "Mozilla/5.0 (Windows NT 10.0; WOW64; Trident/7.0; rv:11.0) like Gecko"
213.86.241.133 - - [27/Nov/2017:13:05:46 +0100] "GET /gui/javascript/form_form.js?1511784346 HTTP/1.1" 200 16206 "http://easydrivers.activities.at/entry.php?id=10271&&ser=784286" "Mozilla/5.0 (Windows NT 10.0; WOW64; Trident/7.0; rv:11.0) like Gecko"
81.10.228.170 - - [27/Nov/2017:13:05:47 +0100] "GET /gui/javascript/form_form.js?1511784346 HTTP/1.1" 200 16206 "http://easydrivers.activities.at/entry.php?id=10271&&ser=784281" "Mozilla/5.0 (Windows NT 10.0; Trident/7.0; rv:11.0) like Gecko"
81.10.228.170 - - [27/Nov/2017:13:06:09 +0100] "POST /entry.php?id=11671 HTTP/1.1" 200 4999 "http://easydrivers.activities.at/entry.php?id=11671" "Mozilla/5.0 (Windows NT 10.0; Trident/7.0; rv:11.0) like Gecko"
81.10.228.170 - - [27/Nov/2017:13:06:10 +0100] "GET /gui/javascript/form_form.js?1511784370 HTTP/1.1" 200 16206 "http://easydrivers.activities.at/entry.php?id=11671" "Mozilla/5.0 (Windows NT 10.0; Trident/7.0; rv:11.0) like Gecko"
81.10.228.170 - - [27/Nov/2017:13:06:11 +0100] "GET /entry.php?id=10776&form=11496&name=list& HTTP/1.1" 200 1519 "http://easydrivers.activities.at/entry.php?id=11671" "Mozilla/5.0 (Windows NT 10.0; Trident/7.0; rv:11.0) like Gecko"
81.10.228.170 - - [27/Nov/2017:13:06:11 +0100] "GET /entry.php?id=10778&form=11496&name=list& HTTP/1.1" 200 5852 "http://easydrivers.activities.at/entry.php?id=11671" "Mozilla/5.0 (Windows NT 10.0; Trident/7.0; rv:11.0) like Gecko"
81.10.228.170 - - [27/Nov/2017:13:06:17 +0100] "POST /entry.php?id=11671 HTTP/1.1" 200 3177 "http://easydrivers.activities.at/entry.php?id=11671" "Mozilla/5.0 (Windows NT 10.0; Trident/7.0; rv:11.0) like Gecko"
81.10.228.170 - - [27/Nov/2017:13:06:18 +0100] "GET /gui/javascript/form_form.js?1511784378 HTTP/1.1" 200 16206 "http://easydrivers.activities.at/entry.php?id=11671" "Mozilla/5.0 (Windows NT 10.0; Trident/7.0; rv:11.0) like Gecko"
81.10.228.170 - - [27/Nov/2017:13:06:20 +0100] "GET /framework/webfx/javascript/tinymce/skins/lightgray/content.min.css HTTP/1.1" 404 330 "http://easydrivers.activities.at/entry.php?id=11671" "Mozilla/5.0 (Windows NT 10.0; Trident/7.0; rv:11.0) like Gecko"
81.10.228.170 - - [27/Nov/2017:13:06:24 +0100] "GET /framework/webfx/javascript/tinymce/skins/lightgray/content.min.css HTTP/1.1" 404 330 "http://easydrivers.activities.at/entry.php?id=11671" "Mozilla/5.0 (Windows NT 10.0; Trident/7.0; rv:11.0) like Gecko"
81.10.228.170 - - [27/Nov/2017:13:06:35 +0100] "POST /entry.php?id=11671 HTTP/1.1" 200 3443 "http://easydrivers.activities.at/entry.php?id=11671" "Mozilla/5.0 (Windows NT 10.0; Trident/7.0; rv:11.0) like Gecko"
81.10.228.170 - - [27/Nov/2017:13:06:36 +0100] "GET /gui/javascript/form_form.js?1511784396 HTTP/1.1" 200 16206 "http://easydrivers.activities.at/entry.php?id=11671" "Mozilla/5.0 (Windows NT 10.0; Trident/7.0; rv:11.0) like Gecko"
81.10.228.170 - - [27/Nov/2017:13:06:38 +0100] "GET /framework/webfx/javascript/tinymce/skins/lightgray/content.min.css HTTP/1.1" 404 330 "http://easydrivers.activities.at/entry.php?id=11671" "Mozilla/5.0 (Windows NT 10.0; Trident/7.0; rv:11.0) like Gecko"
81.10.228.170 - - [27/Nov/2017:13:06:39 +0100] "POST /entry.php?id=11671 HTTP/1.1" 200 4798 "http://easydrivers.activities.at/entry.php?id=11671" "Mozilla/5.0 (Windows NT 10.0; Trident/7.0; rv:11.0) like Gecko"
81.10.228.170 - - [27/Nov/2017:13:06:40 +0100] "GET /gui/javascript/form_form.js?1511784400 HTTP/1.1" 200 16206 "http://easydrivers.activities.at/entry.php?id=11671" "Mozilla/5.0 (Windows NT 10.0; Trident/7.0; rv:11.0) like Gecko"
81.10.228.170 - - [27/Nov/2017:13:06:41 +0100] "GET /entry.php?id=10776&form=11496&name=list& HTTP/1.1" 200 1519 "http://easydrivers.activities.at/entry.php?id=11671" "Mozilla/5.0 (Windows NT 10.0; Trident/7.0; rv:11.0) like Gecko"
81.10.228.170 - - [27/Nov/2017:13:06:41 +0100] "GET /entry.php?id=10778&form=11496&name=list& HTTP/1.1" 200 5852 "http://easydrivers.activities.at/entry.php?id=11671" "Mozilla/5.0 (Windows NT 10.0; Trident/7.0; rv:11.0) like Gecko"
213.86.241.133 - - [27/Nov/2017:13:06:46 +0100] "GET /entry.php?id=10271&&ser=784346 HTTP/1.1" 200 987 "http://easydrivers.activities.at/entry.php?id=10271&&ser=784286" "Mozilla/5.0 (Windows NT 10.0; WOW64; Trident/7.0; rv:11.0) like Gecko"
213.86.241.133 - - [27/Nov/2017:13:06:47 +0100] "GET /gui/javascript/form_form.js?1511784406 HTTP/1.1" 200 16206 "http://easydrivers.activities.at/entry.php?id=10271&&ser=784346" "Mozilla/5.0 (Windows NT 10.0; WOW64; Trident/7.0; rv:11.0) like Gecko"
81.10.228.170 - - [27/Nov/2017:13:06:48 +0100] "GET /entry.php?id=10271&&ser=784346 HTTP/1.1" 200 987 "http://easydrivers.activities.at/entry.php?id=10271&&ser=784281" "Mozilla/5.0 (Windows NT 10.0; Trident/7.0; rv:11.0) like Gecko"
81.10.228.170 - - [27/Nov/2017:13:06:49 +0100] "GET /gui/javascript/form_form.js?1511784409 HTTP/1.1" 200 16206 "http://easydrivers.activities.at/entry.php?id=10271&&ser=784346" "Mozilla/5.0 (Windows NT 10.0; Trident/7.0; rv:11.0) like Gecko"
81.10.228.170 - - [27/Nov/2017:13:06:52 +0100] "POST /entry.php?id=11671 HTTP/1.1" 200 4982 "http://easydrivers.activities.at/entry.php?id=11671" "Mozilla/5.0 (Windows NT 10.0; Trident/7.0; rv:11.0) like Gecko"
81.10.228.170 - - [27/Nov/2017:13:06:53 +0100] "GET /gui/javascript/form_form.js?1511784413 HTTP/1.1" 200 16206 "http://easydrivers.activities.at/entry.php?id=11671" "Mozilla/5.0 (Windows NT 10.0; Trident/7.0; rv:11.0) like Gecko"
81.10.228.170 - - [27/Nov/2017:13:06:54 +0100] "GET /entry.php?id=10778&form=11496&name=list& HTTP/1.1" 200 5852 "http://easydrivers.activities.at/entry.php?id=11671" "Mozilla/5.0 (Windows NT 10.0; Trident/7.0; rv:11.0) like Gecko"
81.10.228.170 - - [27/Nov/2017:13:06:54 +0100] "GET /entry.php?id=10776&form=11496&name=list& HTTP/1.1" 200 1519 "http://easydrivers.activities.at/entry.php?id=11671" "Mozilla/5.0 (Windows NT 10.0; Trident/7.0; rv:11.0) like Gecko"
81.10.228.170 - - [27/Nov/2017:13:06:59 +0100] "POST /entry.php?id=11671 HTTP/1.1" 200 4785 "http://easydrivers.activities.at/entry.php?id=11671" "Mozilla/5.0 (Windows NT 10.0; Trident/7.0; rv:11.0) like Gecko"
81.10.228.170 - - [27/Nov/2017:13:07:00 +0100] "GET /gui/javascript/form_form.js?1511784419 HTTP/1.1" 200 16206 "http://easydrivers.activities.at/entry.php?id=11671" "Mozilla/5.0 (Windows NT 10.0; Trident/7.0; rv:11.0) like Gecko"
81.10.228.170 - - [27/Nov/2017:13:07:00 +0100] "GET /entry.php?id=10776&form=11496&name=list& HTTP/1.1" 200 1519 "http://easydrivers.activities.at/entry.php?id=11671" "Mozilla/5.0 (Windows NT 10.0; Trident/7.0; rv:11.0) like Gecko"
81.10.228.170 - - [27/Nov/2017:13:07:00 +0100] "GET /entry.php?id=10778&form=11496&name=list& HTTP/1.1" 200 5852 "http://easydrivers.activities.at/entry.php?id=11671" "Mozilla/5.0 (Windows NT 10.0; Trident/7.0; rv:11.0) like Gecko"
81.10.228.170 - - [27/Nov/2017:13:07:14 +0100] "POST /entry.php?id=11671 HTTP/1.1" 200 5001 "http://easydrivers.activities.at/entry.php?id=11671" "Mozilla/5.0 (Windows NT 10.0; Trident/7.0; rv:11.0) like Gecko"
81.10.228.170 - - [27/Nov/2017:13:07:15 +0100] "GET /gui/javascript/form_form.js?1511784435 HTTP/1.1" 200 16206 "http://easydrivers.activities.at/entry.php?id=11671" "Mozilla/5.0 (Windows NT 10.0; Trident/7.0; rv:11.0) like Gecko"
81.10.228.170 - - [27/Nov/2017:13:07:16 +0100] "GET /entry.php?id=10776&form=11496&name=list& HTTP/1.1" 200 1519 "http://easydrivers.activities.at/entry.php?id=11671" "Mozilla/5.0 (Windows NT 10.0; Trident/7.0; rv:11.0) like Gecko"
81.10.228.170 - - [27/Nov/2017:13:07:16 +0100] "GET /entry.php?id=10778&form=11496&name=list& HTTP/1.1" 200 5852 "http://easydrivers.activities.at/entry.php?id=11671" "Mozilla/5.0 (Windows NT 10.0; Trident/7.0; rv:11.0) like Gecko"
81.10.228.170 - - [27/Nov/2017:13:07:23 +0100] "POST /entry.php?id=11671 HTTP/1.1" 200 3221 "http://easydrivers.activities.at/entry.php?id=11671" "Mozilla/5.0 (Windows NT 10.0; Trident/7.0; rv:11.0) like Gecko"
81.10.228.170 - - [27/Nov/2017:13:07:23 +0100] "GET /gui/javascript/form_form.js?1511784443 HTTP/1.1" 200 16206 "http://easydrivers.activities.at/entry.php?id=11671" "Mozilla/5.0 (Windows NT 10.0; Trident/7.0; rv:11.0) like Gecko"
81.10.228.170 - - [27/Nov/2017:13:07:25 +0100] "GET /framework/webfx/javascript/tinymce/skins/lightgray/content.min.css HTTP/1.1" 404 330 "http://easydrivers.activities.at/entry.php?id=11671" "Mozilla/5.0 (Windows NT 10.0; Trident/7.0; rv:11.0) like Gecko"
81.10.228.170 - - [27/Nov/2017:13:07:31 +0100] "POST /entry.php?id=11671 HTTP/1.1" 200 3441 "http://easydrivers.activities.at/entry.php?id=11671" "Mozilla/5.0 (Windows NT 10.0; Trident/7.0; rv:11.0) like Gecko"
81.10.228.170 - - [27/Nov/2017:13:07:32 +0100] "GET /gui/javascript/form_form.js?1511784451 HTTP/1.1" 200 16206 "http://easydrivers.activities.at/entry.php?id=11671" "Mozilla/5.0 (Windows NT 10.0; Trident/7.0; rv:11.0) like Gecko"
81.10.228.170 - - [27/Nov/2017:13:07:34 +0100] "GET /framework/webfx/javascript/tinymce/skins/lightgray/content.min.css HTTP/1.1" 404 330 "http://easydrivers.activities.at/entry.php?id=11671" "Mozilla/5.0 (Windows NT 10.0; Trident/7.0; rv:11.0) like Gecko"
81.10.228.170 - - [27/Nov/2017:13:07:41 +0100] "POST /entry.php?id=11671 HTTP/1.1" 200 4797 "http://easydrivers.activities.at/entry.php?id=11671" "Mozilla/5.0 (Windows NT 10.0; Trident/7.0; rv:11.0) like Gecko"
81.10.228.170 - - [27/Nov/2017:13:07:41 +0100] "GET /gui/javascript/form_form.js?1511784461 HTTP/1.1" 200 16206 "http://easydrivers.activities.at/entry.php?id=11671" "Mozilla/5.0 (Windows NT 10.0; Trident/7.0; rv:11.0) like Gecko"
81.10.228.170 - - [27/Nov/2017:13:07:42 +0100] "GET /entry.php?id=10776&form=11496&name=list& HTTP/1.1" 200 1519 "http://easydrivers.activities.at/entry.php?id=11671" "Mozilla/5.0 (Windows NT 10.0; Trident/7.0; rv:11.0) like Gecko"
81.10.228.170 - - [27/Nov/2017:13:07:42 +0100] "GET /entry.php?id=10778&form=11496&name=list& HTTP/1.1" 200 5852 "http://easydrivers.activities.at/entry.php?id=11671" "Mozilla/5.0 (Windows NT 10.0; Trident/7.0; rv:11.0) like Gecko"
213.86.241.133 - - [27/Nov/2017:13:07:47 +0100] "GET /entry.php?id=10271&&ser=784406 HTTP/1.1" 200 987 "http://easydrivers.activities.at/entry.php?id=10271&&ser=784346" "Mozilla/5.0 (Windows NT 10.0; WOW64; Trident/7.0; rv:11.0) like Gecko"
213.86.241.133 - - [27/Nov/2017:13:07:47 +0100] "GET /gui/javascript/form_form.js?1511784467 HTTP/1.1" 200 16206 "http://easydrivers.activities.at/entry.php?id=10271&&ser=784406" "Mozilla/5.0 (Windows NT 10.0; WOW64; Trident/7.0; rv:11.0) like Gecko"
81.10.228.170 - - [27/Nov/2017:13:07:49 +0100] "GET /entry.php?id=10271&&ser=784409 HTTP/1.1" 200 987 "http://easydrivers.activities.at/entry.php?id=10271&&ser=784346" "Mozilla/5.0 (Windows NT 10.0; Trident/7.0; rv:11.0) like Gecko"
81.10.228.170 - - [27/Nov/2017:13:07:50 +0100] "GET /gui/javascript/form_form.js?1511784469 HTTP/1.1" 200 16206 "http://easydrivers.activities.at/entry.php?id=10271&&ser=784409" "Mozilla/5.0 (Windows NT 10.0; Trident/7.0; rv:11.0) like Gecko"
81.10.228.170 - - [27/Nov/2017:13:08:02 +0100] "POST /entry.php?id=11671 HTTP/1.1" 200 4982 "http://easydrivers.activities.at/entry.php?id=11671" "Mozilla/5.0 (Windows NT 10.0; Trident/7.0; rv:11.0) like Gecko"
81.10.228.170 - - [27/Nov/2017:13:08:02 +0100] "GET /gui/javascript/form_form.js?1511784482 HTTP/1.1" 200 16206 "http://easydrivers.activities.at/entry.php?id=11671" "Mozilla/5.0 (Windows NT 10.0; Trident/7.0; rv:11.0) like Gecko"
81.10.228.170 - - [27/Nov/2017:13:08:03 +0100] "GET /entry.php?id=10776&form=11496&name=list& HTTP/1.1" 200 1519 "http://easydrivers.activities.at/entry.php?id=11671" "Mozilla/5.0 (Windows NT 10.0; Trident/7.0; rv:11.0) like Gecko"
81.10.228.170 - - [27/Nov/2017:13:08:03 +0100] "GET /entry.php?id=10778&form=11496&name=list& HTTP/1.1" 200 5852 "http://easydrivers.activities.at/entry.php?id=11671" "Mozilla/5.0 (Windows NT 10.0; Trident/7.0; rv:11.0) like Gecko"
81.10.228.170 - - [27/Nov/2017:13:08:17 +0100] "POST /entry.php?id=11671 HTTP/1.1" 200 4783 "http://easydrivers.activities.at/entry.php?id=11671" "Mozilla/5.0 (Windows NT 10.0; Trident/7.0; rv:11.0) like Gecko"
81.10.228.170 - - [27/Nov/2017:13:08:18 +0100] "GET /gui/javascript/form_form.js?1511784498 HTTP/1.1" 200 16206 "http://easydrivers.activities.at/entry.php?id=11671" "Mozilla/5.0 (Windows NT 10.0; Trident/7.0; rv:11.0) like Gecko"
81.10.228.170 - - [27/Nov/2017:13:08:19 +0100] "GET /entry.php?id=10778&form=11496&name=list& HTTP/1.1" 200 5852 "http://easydrivers.activities.at/entry.php?id=11671" "Mozilla/5.0 (Windows NT 10.0; Trident/7.0; rv:11.0) like Gecko"
81.10.228.170 - - [27/Nov/2017:13:08:19 +0100] "GET /entry.php?id=10776&form=11496&name=list& HTTP/1.1" 200 1519 "http://easydrivers.activities.at/entry.php?id=11671" "Mozilla/5.0 (Windows NT 10.0; Trident/7.0; rv:11.0) like Gecko"
81.10.228.170 - - [27/Nov/2017:13:08:24 +0100] "POST /entry.php?id=11671 HTTP/1.1" 200 3221 "http://easydrivers.activities.at/entry.php?id=11671" "Mozilla/5.0 (Windows NT 10.0; Trident/7.0; rv:11.0) like Gecko"
81.10.228.170 - - [27/Nov/2017:13:08:24 +0100] "GET /gui/javascript/form_form.js?1511784504 HTTP/1.1" 200 16206 "http://easydrivers.activities.at/entry.php?id=11671" "Mozilla/5.0 (Windows NT 10.0; Trident/7.0; rv:11.0) like Gecko"
81.10.228.170 - - [27/Nov/2017:13:08:26 +0100] "GET /framework/webfx/javascript/tinymce/skins/lightgray/content.min.css HTTP/1.1" 404 330 "http://easydrivers.activities.at/entry.php?id=11671" "Mozilla/5.0 (Windows NT 10.0; Trident/7.0; rv:11.0) like Gecko"
81.10.228.170 - - [27/Nov/2017:13:08:32 +0100] "POST /entry.php?id=11671 HTTP/1.1" 200 3441 "http://easydrivers.activities.at/entry.php?id=11671" "Mozilla/5.0 (Windows NT 10.0; Trident/7.0; rv:11.0) like Gecko"
81.10.228.170 - - [27/Nov/2017:13:08:33 +0100] "GET /gui/javascript/form_form.js?1511784512 HTTP/1.1" 200 16206 "http://easydrivers.activities.at/entry.php?id=11671" "Mozilla/5.0 (Windows NT 10.0; Trident/7.0; rv:11.0) like Gecko"
81.10.228.170 - - [27/Nov/2017:13:08:35 +0100] "GET /framework/webfx/javascript/tinymce/skins/lightgray/content.min.css HTTP/1.1" 404 330 "http://easydrivers.activities.at/entry.php?id=11671" "Mozilla/5.0 (Windows NT 10.0; Trident/7.0; rv:11.0) like Gecko"
81.10.228.170 - - [27/Nov/2017:13:08:36 +0100] "POST /entry.php?id=11671 HTTP/1.1" 200 4796 "http://easydrivers.activities.at/entry.php?id=11671" "Mozilla/5.0 (Windows NT 10.0; Trident/7.0; rv:11.0) like Gecko"
81.10.228.170 - - [27/Nov/2017:13:08:37 +0100] "GET /gui/javascript/form_form.js?1511784517 HTTP/1.1" 200 16206 "http://easydrivers.activities.at/entry.php?id=11671" "Mozilla/5.0 (Windows NT 10.0; Trident/7.0; rv:11.0) like Gecko"
81.10.228.170 - - [27/Nov/2017:13:08:38 +0100] "GET /entry.php?id=10776&form=11496&name=list& HTTP/1.1" 200 1519 "http://easydrivers.activities.at/entry.php?id=11671" "Mozilla/5.0 (Windows NT 10.0; Trident/7.0; rv:11.0) like Gecko"
81.10.228.170 - - [27/Nov/2017:13:08:38 +0100] "GET /entry.php?id=10778&form=11496&name=list& HTTP/1.1" 200 5852 "http://easydrivers.activities.at/entry.php?id=11671" "Mozilla/5.0 (Windows NT 10.0; Trident/7.0; rv:11.0) like Gecko"
81.10.228.170 - - [27/Nov/2017:13:08:44 +0100] "POST /entry.php?id=11671 HTTP/1.1" 200 4979 "http://easydrivers.activities.at/entry.php?id=11671" "Mozilla/5.0 (Windows NT 10.0; Trident/7.0; rv:11.0) like Gecko"
81.10.228.170 - - [27/Nov/2017:13:08:45 +0100] "GET /gui/javascript/form_form.js?1511784525 HTTP/1.1" 200 16206 "http://easydrivers.activities.at/entry.php?id=11671" "Mozilla/5.0 (Windows NT 10.0; Trident/7.0; rv:11.0) like Gecko"
81.10.228.170 - - [27/Nov/2017:13:08:46 +0100] "GET /entry.php?id=10778&form=11496&name=list& HTTP/1.1" 200 5852 "http://easydrivers.activities.at/entry.php?id=11671" "Mozilla/5.0 (Windows NT 10.0; Trident/7.0; rv:11.0) like Gecko"
81.10.228.170 - - [27/Nov/2017:13:08:46 +0100] "GET /entry.php?id=10776&form=11496&name=list& HTTP/1.1" 200 1519 "http://easydrivers.activities.at/entry.php?id=11671" "Mozilla/5.0 (Windows NT 10.0; Trident/7.0; rv:11.0) like Gecko"
213.86.241.133 - - [27/Nov/2017:13:08:47 +0100] "GET /entry.php?id=10271&&ser=784467 HTTP/1.1" 200 987 "http://easydrivers.activities.at/entry.php?id=10271&&ser=784406" "Mozilla/5.0 (Windows NT 10.0; WOW64; Trident/7.0; rv:11.0) like Gecko"
213.86.241.133 - - [27/Nov/2017:13:08:47 +0100] "GET /gui/javascript/form_form.js?1511784527 HTTP/1.1" 200 16206 "http://easydrivers.activities.at/entry.php?id=10271&&ser=784467" "Mozilla/5.0 (Windows NT 10.0; WOW64; Trident/7.0; rv:11.0) like Gecko"
81.10.228.170 - - [27/Nov/2017:13:08:51 +0100] "GET /entry.php?id=10271&&ser=784469 HTTP/1.1" 200 987 "http://easydrivers.activities.at/entry.php?id=10271&&ser=784409" "Mozilla/5.0 (Windows NT 10.0; Trident/7.0; rv:11.0) like Gecko"
81.10.228.170 - - [27/Nov/2017:13:08:51 +0100] "GET /gui/javascript/form_form.js?1511784531 HTTP/1.1" 200 16206 "http://easydrivers.activities.at/entry.php?id=10271&&ser=784469" "Mozilla/5.0 (Windows NT 10.0; Trident/7.0; rv:11.0) like Gecko"
81.10.228.170 - - [27/Nov/2017:13:08:58 +0100] "POST /entry.php?id=11671 HTTP/1.1" 200 4806 "http://easydrivers.activities.at/entry.php?id=11671" "Mozilla/5.0 (Windows NT 10.0; Trident/7.0; rv:11.0) like Gecko"
81.10.228.170 - - [27/Nov/2017:13:08:59 +0100] "GET /gui/javascript/form_form.js?1511784539 HTTP/1.1" 200 16206 "http://easydrivers.activities.at/entry.php?id=11671" "Mozilla/5.0 (Windows NT 10.0; Trident/7.0; rv:11.0) like Gecko"
