213.86.241.133 - - [27/Nov/2017:09:33:46 +0100] "GET /entry.php?id=10271&&ser=771565 HTTP/1.1" 200 987 "http://easydrivers.activities.at/entry.php?id=10271&&ser=771505" "Mozilla/5.0 (Windows NT 10.0; WOW64; Trident/7.0; rv:11.0) like Gecko"
213.86.241.133 - - [27/Nov/2017:09:33:46 +0100] "GET /gui/javascript/form_form.js?1511771626 HTTP/1.1" 200 16206 "http://easydrivers.activities.at/entry.php?id=10271&&ser=771565" "Mozilla/5.0 (Windows NT 10.0; WOW64; Trident/7.0; rv:11.0) like Gecko"
213.86.241.133 - - [27/Nov/2017:09:33:48 +0100] "POST /entry.php?id=11671 HTTP/1.1" 200 4718 "http://easydrivers.activities.at/entry.php?id=11671&" "Mozilla/5.0 (Windows NT 10.0; WOW64; Trident/7.0; rv:11.0) like Gecko"
213.86.241.133 - - [27/Nov/2017:09:33:49 +0100] "GET /gui/javascript/form_form.js?1511771629 HTTP/1.1" 200 16206 "http://easydrivers.activities.at/entry.php?id=11671" "Mozilla/5.0 (Windows NT 10.0; WOW64; Trident/7.0; rv:11.0) like Gecko"
213.86.241.133 - - [27/Nov/2017:09:33:49 +0100] "GET /entry.php?id=10776&form=11496&name=list& HTTP/1.1" 200 1519 "http://easydrivers.activities.at/entry.php?id=11671" "Mozilla/5.0 (Windows NT 10.0; WOW64; Trident/7.0; rv:11.0) like Gecko"
213.86.241.133 - - [27/Nov/2017:09:33:49 +0100] "GET /entry.php?id=10778&form=11496&name=list& HTTP/1.1" 200 4229 "http://easydrivers.activities.at/entry.php?id=11671" "Mozilla/5.0 (Windows NT 10.0; WOW64; Trident/7.0; rv:11.0) like Gecko"
213.86.241.133 - - [27/Nov/2017:09:33:53 +0100] "POST /entry.php?id=11671 HTTP/1.1" 200 4862 "http://easydrivers.activities.at/entry.php?id=11671" "Mozilla/5.0 (Windows NT 10.0; WOW64; Trident/7.0; rv:11.0) like Gecko"
213.86.241.133 - - [27/Nov/2017:09:33:54 +0100] "GET /gui/javascript/form_form.js?1511771634 HTTP/1.1" 200 16206 "http://easydrivers.activities.at/entry.php?id=11671" "Mozilla/5.0 (Windows NT 10.0; WOW64; Trident/7.0; rv:11.0) like Gecko"
213.86.241.133 - - [27/Nov/2017:09:33:54 +0100] "GET /entry.php?id=10776&form=11496&name=list& HTTP/1.1" 200 1519 "http://easydrivers.activities.at/entry.php?id=11671" "Mozilla/5.0 (Windows NT 10.0; WOW64; Trident/7.0; rv:11.0) like Gecko"
213.86.241.133 - - [27/Nov/2017:09:33:54 +0100] "GET /entry.php?id=10778&form=11496&name=list& HTTP/1.1" 200 4229 "http://easydrivers.activities.at/entry.php?id=11671" "Mozilla/5.0 (Windows NT 10.0; WOW64; Trident/7.0; rv:11.0) like Gecko"
88.117.208.86 - - [27/Nov/2017:09:33:58 +0100] "GET /entry.php?id=11679 HTTP/1.1" 200 312 "http://easydrivers.activities.at/entry.php?id=10270&__app__=10006038" "Mozilla/5.0 (Windows NT 5.1; rv:52.0) Gecko/20100101 Firefox/52.0"
88.117.208.86 - - [27/Nov/2017:09:33:58 +0100] "GET /entry.php?id=11677& HTTP/1.1" 200 4373 "http://easydrivers.activities.at/entry.php?id=11679" "Mozilla/5.0 (Windows NT 5.1; rv:52.0) Gecko/20100101 Firefox/52.0"
88.117.208.86 - - [27/Nov/2017:09:33:59 +0100] "GET /gui/javascript/form_form.js?1511771639 HTTP/1.1" 200 16206 "http://easydrivers.activities.at/entry.php?id=11677&" "Mozilla/5.0 (Windows NT 5.1; rv:52.0) Gecko/20100101 Firefox/52.0"
88.117.208.86 - - [27/Nov/2017:09:33:58 +0100] "GET /entry.php?id=10676&title=Portal& HTTP/1.1" 200 1387 "http://easydrivers.activities.at/entry.php?id=11679" "Mozilla/5.0 (Windows NT 5.1; rv:52.0) Gecko/20100101 Firefox/52.0"
88.117.208.86 - - [27/Nov/2017:09:33:58 +0100] "GET /entry.php?id=11678& HTTP/1.1" 200 3154 "http://easydrivers.activities.at/entry.php?id=11679" "Mozilla/5.0 (Windows NT 5.1; rv:52.0) Gecko/20100101 Firefox/52.0"
88.117.208.86 - - [27/Nov/2017:09:33:59 +0100] "GET /activities/framework/KoolControls/KoolAjax/koolajax.php?8436e354c842500aba3cbaf0584c0c24 HTTP/1.1" 200 4079 "http://easydrivers.activities.at/entry.php?id=11678&" "Mozilla/5.0 (Windows NT 5.1; rv:52.0) Gecko/20100101 Firefox/52.0"
88.117.208.86 - - [27/Nov/2017:09:33:59 +0100] "GET /entry.php?id=11618&&object=&item=&emu_class= HTTP/1.1" 200 1698 "http://easydrivers.activities.at/entry.php?id=11677&" "Mozilla/5.0 (Windows NT 5.1; rv:52.0) Gecko/20100101 Firefox/52.0"
88.117.208.86 - - [27/Nov/2017:09:33:59 +0100] "GET /activities/framework/KoolControls/KoolTreeView/kooltreeview.php?c7cd9180e88ffef8e70f13526bb4f5f7 HTTP/1.1" 200 5055 "http://easydrivers.activities.at/entry.php?id=11678&" "Mozilla/5.0 (Windows NT 5.1; rv:52.0) Gecko/20100101 Firefox/52.0"
88.117.208.86 - - [27/Nov/2017:09:34:00 +0100] "POST /entry.php?id=11677 HTTP/1.1" 200 4420 "http://easydrivers.activities.at/entry.php?id=11677&" "Mozilla/5.0 (Windows NT 5.1; rv:52.0) Gecko/20100101 Firefox/52.0"
88.117.208.86 - - [27/Nov/2017:09:34:00 +0100] "GET /gui/javascript/form_form.js?1511771640 HTTP/1.1" 200 16206 "http://easydrivers.activities.at/entry.php?id=11677" "Mozilla/5.0 (Windows NT 5.1; rv:52.0) Gecko/20100101 Firefox/52.0"
88.117.208.86 - - [27/Nov/2017:09:34:01 +0100] "POST /entry.php?id=11677 HTTP/1.1" 200 4420 "http://easydrivers.activities.at/entry.php?id=11677" "Mozilla/5.0 (Windows NT 5.1; rv:52.0) Gecko/20100101 Firefox/52.0"
88.117.208.86 - - [27/Nov/2017:09:34:01 +0100] "GET /gui/javascript/form_form.js?1511771641 HTTP/1.1" 200 16206 "http://easydrivers.activities.at/entry.php?id=11677" "Mozilla/5.0 (Windows NT 5.1; rv:52.0) Gecko/20100101 Firefox/52.0"
213.86.241.133 - - [27/Nov/2017:09:34:02 +0100] "POST /entry.php?id=11671 HTTP/1.1" 200 4708 "http://easydrivers.activities.at/entry.php?id=11671" "Mozilla/5.0 (Windows NT 10.0; WOW64; Trident/7.0; rv:11.0) like Gecko"
213.86.241.133 - - [27/Nov/2017:09:34:02 +0100] "GET /gui/javascript/form_form.js?1511771642 HTTP/1.1" 200 16206 "http://easydrivers.activities.at/entry.php?id=11671" "Mozilla/5.0 (Windows NT 10.0; WOW64; Trident/7.0; rv:11.0) like Gecko"
213.86.241.133 - - [27/Nov/2017:09:34:02 +0100] "GET /entry.php?id=10778&form=11496&name=list& HTTP/1.1" 200 4229 "http://easydrivers.activities.at/entry.php?id=11671" "Mozilla/5.0 (Windows NT 10.0; WOW64; Trident/7.0; rv:11.0) like Gecko"
213.86.241.133 - - [27/Nov/2017:09:34:02 +0100] "GET /entry.php?id=10776&form=11496&name=list& HTTP/1.1" 200 1519 "http://easydrivers.activities.at/entry.php?id=11671" "Mozilla/5.0 (Windows NT 10.0; WOW64; Trident/7.0; rv:11.0) like Gecko"
88.117.208.86 - - [27/Nov/2017:09:34:02 +0100] "POST /entry.php?id=11677 HTTP/1.1" 200 3218 "http://easydrivers.activities.at/entry.php?id=11677" "Mozilla/5.0 (Windows NT 5.1; rv:52.0) Gecko/20100101 Firefox/52.0"
88.117.208.86 - - [27/Nov/2017:09:34:03 +0100] "GET /gui/javascript/form_form.js?1511771643 HTTP/1.1" 200 16206 "http://easydrivers.activities.at/entry.php?id=11677" "Mozilla/5.0 (Windows NT 5.1; rv:52.0) Gecko/20100101 Firefox/52.0"
88.117.208.86 - - [27/Nov/2017:09:34:03 +0100] "GET /entry.php?id=10776&form=11502&name=list& HTTP/1.1" 200 1475 "http://easydrivers.activities.at/entry.php?id=11677" "Mozilla/5.0 (Windows NT 5.1; rv:52.0) Gecko/20100101 Firefox/52.0"
88.117.208.86 - - [27/Nov/2017:09:34:03 +0100] "GET /entry.php?id=10778&form=11502&name=list& HTTP/1.1" 200 3839 "http://easydrivers.activities.at/entry.php?id=11677" "Mozilla/5.0 (Windows NT 5.1; rv:52.0) Gecko/20100101 Firefox/52.0"
213.86.241.133 - - [27/Nov/2017:09:34:04 +0100] "POST /entry.php?id=11671 HTTP/1.1" 200 4851 "http://easydrivers.activities.at/entry.php?id=11671" "Mozilla/5.0 (Windows NT 10.0; WOW64; Trident/7.0; rv:11.0) like Gecko"
213.86.241.133 - - [27/Nov/2017:09:34:05 +0100] "GET /gui/javascript/form_form.js?1511771645 HTTP/1.1" 200 16206 "http://easydrivers.activities.at/entry.php?id=11671" "Mozilla/5.0 (Windows NT 10.0; WOW64; Trident/7.0; rv:11.0) like Gecko"
213.86.241.133 - - [27/Nov/2017:09:34:05 +0100] "GET /entry.php?id=10776&form=11496&name=list& HTTP/1.1" 200 1519 "http://easydrivers.activities.at/entry.php?id=11671" "Mozilla/5.0 (Windows NT 10.0; WOW64; Trident/7.0; rv:11.0) like Gecko"
213.86.241.133 - - [27/Nov/2017:09:34:05 +0100] "GET /entry.php?id=10778&form=11496&name=list& HTTP/1.1" 200 4229 "http://easydrivers.activities.at/entry.php?id=11671" "Mozilla/5.0 (Windows NT 10.0; WOW64; Trident/7.0; rv:11.0) like Gecko"
88.117.208.86 - - [27/Nov/2017:09:34:06 +0100] "GET /entry.php?id=11685&object=10230498&site=10201431&item=10221984 HTTP/1.1" 200 3643 "http://easydrivers.activities.at/entry.php?id=11412" "Mozilla/5.0 (Windows NT 5.1; rv:52.0) Gecko/20100101 Firefox/52.0"
88.117.208.86 - - [27/Nov/2017:09:34:07 +0100] "GET /gui/javascript/form_form.js?1511771646 HTTP/1.1" 200 16206 "http://easydrivers.activities.at/entry.php?id=11685&object=10230498&site=10201431&item=10221984" "Mozilla/5.0 (Windows NT 5.1; rv:52.0) Gecko/20100101 Firefox/52.0"
213.86.241.133 - - [27/Nov/2017:09:34:19 +0100] "POST /entry.php?id=11671 HTTP/1.1" 200 4690 "http://easydrivers.activities.at/entry.php?id=11671" "Mozilla/5.0 (Windows NT 10.0; WOW64; Trident/7.0; rv:11.0) like Gecko"
213.86.241.133 - - [27/Nov/2017:09:34:19 +0100] "GET /gui/javascript/form_form.js?1511771659 HTTP/1.1" 200 16206 "http://easydrivers.activities.at/entry.php?id=11671" "Mozilla/5.0 (Windows NT 10.0; WOW64; Trident/7.0; rv:11.0) like Gecko"
213.86.241.133 - - [27/Nov/2017:09:34:20 +0100] "GET /entry.php?id=10776&form=11496&name=list& HTTP/1.1" 200 1519 "http://easydrivers.activities.at/entry.php?id=11671" "Mozilla/5.0 (Windows NT 10.0; WOW64; Trident/7.0; rv:11.0) like Gecko"
213.86.241.133 - - [27/Nov/2017:09:34:20 +0100] "GET /entry.php?id=10778&form=11496&name=list& HTTP/1.1" 200 4239 "http://easydrivers.activities.at/entry.php?id=11671" "Mozilla/5.0 (Windows NT 10.0; WOW64; Trident/7.0; rv:11.0) like Gecko"
213.86.241.133 - - [27/Nov/2017:09:34:22 +0100] "POST /entry.php?id=11671 HTTP/1.1" 200 4838 "http://easydrivers.activities.at/entry.php?id=11671" "Mozilla/5.0 (Windows NT 10.0; WOW64; Trident/7.0; rv:11.0) like Gecko"
213.86.241.133 - - [27/Nov/2017:09:34:22 +0100] "GET /gui/javascript/form_form.js?1511771662 HTTP/1.1" 200 16206 "http://easydrivers.activities.at/entry.php?id=11671" "Mozilla/5.0 (Windows NT 10.0; WOW64; Trident/7.0; rv:11.0) like Gecko"
213.86.241.133 - - [27/Nov/2017:09:34:23 +0100] "GET /entry.php?id=10776&form=11496&name=list& HTTP/1.1" 200 1519 "http://easydrivers.activities.at/entry.php?id=11671" "Mozilla/5.0 (Windows NT 10.0; WOW64; Trident/7.0; rv:11.0) like Gecko"
213.86.241.133 - - [27/Nov/2017:09:34:23 +0100] "GET /entry.php?id=10778&form=11496&name=list& HTTP/1.1" 200 4239 "http://easydrivers.activities.at/entry.php?id=11671" "Mozilla/5.0 (Windows NT 10.0; WOW64; Trident/7.0; rv:11.0) like Gecko"
88.117.208.86 - - [27/Nov/2017:09:34:28 +0100] "GET /entry.php?id=11613&mode=addnewboxoffer&site=10201431&hidetitle=addnewboxoffer HTTP/1.1" 200 409 "http://easydrivers.activities.at/entry.php?id=11412" "Mozilla/5.0 (Windows NT 5.1; rv:52.0) Gecko/20100101 Firefox/52.0"
88.117.208.86 - - [27/Nov/2017:09:34:29 +0100] "GET /entry.php?id=11678&object=&mode=addnewboxoffer&site=10201431&hiddelegend=true&hidetitle=addnewboxoffer& HTTP/1.1" 200 2743 "http://easydrivers.activities.at/entry.php?id=11613&mode=addnewboxoffer&site=10201431&hidetitle=addnewboxoffer" "Mozilla/5.0 (Windows NT 5.1; rv:52.0) Gecko/20100101 Firefox/52.0"
88.117.208.86 - - [27/Nov/2017:09:34:29 +0100] "GET /activities/framework/KoolControls/KoolAjax/koolajax.php?8436e354c842500aba3cbaf0584c0c24 HTTP/1.1" 200 4079 "http://easydrivers.activities.at/entry.php?id=11678&object=&mode=addnewboxoffer&site=10201431&hiddelegend=true&hidetitle=addnewboxoffer&" "Mozilla/5.0 (Windows NT 5.1; rv:52.0) Gecko/20100101 Firefox/52.0"
88.117.208.86 - - [27/Nov/2017:09:34:29 +0100] "GET /gui/javascript/form_form.js?1511771669 HTTP/1.1" 200 16206 "http://easydrivers.activities.at/entry.php?id=11678&object=&mode=addnewboxoffer&site=10201431&hiddelegend=true&hidetitle=addnewboxoffer&" "Mozilla/5.0 (Windows NT 5.1; rv:52.0) Gecko/20100101 Firefox/52.0"
88.117.208.86 - - [27/Nov/2017:09:34:29 +0100] "GET /entry.php?id=11616&object=&mode=addnewboxoffer&site=10201431&hiddelegend=true&hidetitle=addnewboxoffer& HTTP/1.1" 200 1783 "http://easydrivers.activities.at/entry.php?id=11613&mode=addnewboxoffer&site=10201431&hidetitle=addnewboxoffer" "Mozilla/5.0 (Windows NT 5.1; rv:52.0) Gecko/20100101 Firefox/52.0"
88.117.208.86 - - [27/Nov/2017:09:34:29 +0100] "GET /activities/framework/KoolControls/KoolTreeView/kooltreeview.php?c7cd9180e88ffef8e70f13526bb4f5f7 HTTP/1.1" 200 5055 "http://easydrivers.activities.at/entry.php?id=11678&object=&mode=addnewboxoffer&site=10201431&hiddelegend=true&hidetitle=addnewboxoffer&" "Mozilla/5.0 (Windows NT 5.1; rv:52.0) Gecko/20100101 Firefox/52.0"
88.117.208.86 - - [27/Nov/2017:09:34:30 +0100] "GET /entry.php?id=10271&&ser=771572 HTTP/1.1" 200 988 "http://easydrivers.activities.at/entry.php?id=10271&&ser=771512" "Mozilla/5.0 (Windows NT 5.1; rv:52.0) Gecko/20100101 Firefox/52.0"
88.117.208.86 - - [27/Nov/2017:09:34:31 +0100] "GET /gui/javascript/form_form.js?1511771671 HTTP/1.1" 200 16206 "http://easydrivers.activities.at/entry.php?id=10271&&ser=771572" "Mozilla/5.0 (Windows NT 5.1; rv:52.0) Gecko/20100101 Firefox/52.0"
88.117.208.86 - - [27/Nov/2017:09:34:31 +0100] "GET /entry.php?id=10271&&ser=771610 HTTP/1.1" 200 987 "http://easydrivers.activities.at/entry.php?id=10271&" "Mozilla/5.0 (Windows NT 5.1; rv:52.0) Gecko/20100101 Firefox/52.0"
88.117.208.86 - - [27/Nov/2017:09:34:42 +0100] "POST /entry.php?id=11685 HTTP/1.1" 200 3736 "http://easydrivers.activities.at/entry.php?id=11685&object=10230498&site=10201431&item=10221984" "Mozilla/5.0 (Windows NT 5.1; rv:52.0) Gecko/20100101 Firefox/52.0"
88.117.208.86 - - [27/Nov/2017:09:34:42 +0100] "GET /gui/javascript/form_form.js?1511771682 HTTP/1.1" 200 16206 "http://easydrivers.activities.at/entry.php?id=11685" "Mozilla/5.0 (Windows NT 5.1; rv:52.0) Gecko/20100101 Firefox/52.0"
213.86.241.133 - - [27/Nov/2017:09:34:46 +0100] "GET /entry.php?id=10271&&ser=771626 HTTP/1.1" 200 987 "http://easydrivers.activities.at/entry.php?id=10271&&ser=771565" "Mozilla/5.0 (Windows NT 10.0; WOW64; Trident/7.0; rv:11.0) like Gecko"
213.86.241.133 - - [27/Nov/2017:09:34:46 +0100] "GET /gui/javascript/form_form.js?1511771686 HTTP/1.1" 200 16206 "http://easydrivers.activities.at/entry.php?id=10271&&ser=771626" "Mozilla/5.0 (Windows NT 10.0; WOW64; Trident/7.0; rv:11.0) like Gecko"
88.117.208.86 - - [27/Nov/2017:09:35:01 +0100] "POST /entry.php?id=11677 HTTP/1.1" 200 4426 "http://easydrivers.activities.at/entry.php?id=11677" "Mozilla/5.0 (Windows NT 5.1; rv:52.0) Gecko/20100101 Firefox/52.0"
88.117.208.86 - - [27/Nov/2017:09:35:02 +0100] "GET /gui/javascript/form_form.js?1511771702 HTTP/1.1" 200 16206 "http://easydrivers.activities.at/entry.php?id=11677" "Mozilla/5.0 (Windows NT 5.1; rv:52.0) Gecko/20100101 Firefox/52.0"
88.117.208.86 - - [27/Nov/2017:09:35:06 +0100] "POST /entry.php?id=11678 HTTP/1.1" 200 3205 "http://easydrivers.activities.at/entry.php?id=11678&" "Mozilla/5.0 (Windows NT 5.1; rv:52.0) Gecko/20100101 Firefox/52.0"
88.117.208.86 - - [27/Nov/2017:09:35:07 +0100] "GET /activities/framework/KoolControls/KoolAjax/koolajax.php?8436e354c842500aba3cbaf0584c0c24 HTTP/1.1" 200 4079 "http://easydrivers.activities.at/entry.php?id=11678" "Mozilla/5.0 (Windows NT 5.1; rv:52.0) Gecko/20100101 Firefox/52.0"
88.117.208.86 - - [27/Nov/2017:09:35:07 +0100] "GET /gui/javascript/form_form.js?1511771706 HTTP/1.1" 200 16206 "http://easydrivers.activities.at/entry.php?id=11678" "Mozilla/5.0 (Windows NT 5.1; rv:52.0) Gecko/20100101 Firefox/52.0"
88.117.208.86 - - [27/Nov/2017:09:35:07 +0100] "GET /activities/framework/KoolControls/KoolTreeView/kooltreeview.php?c7cd9180e88ffef8e70f13526bb4f5f7 HTTP/1.1" 200 5055 "http://easydrivers.activities.at/entry.php?id=11678" "Mozilla/5.0 (Windows NT 5.1; rv:52.0) Gecko/20100101 Firefox/52.0"
88.117.208.86 - - [27/Nov/2017:09:35:08 +0100] "POST /entry.php?id=11677 HTTP/1.1" 200 4420 "http://easydrivers.activities.at/entry.php?id=11677" "Mozilla/5.0 (Windows NT 5.1; rv:52.0) Gecko/20100101 Firefox/52.0"
88.117.208.86 - - [27/Nov/2017:09:35:09 +0100] "GET /gui/javascript/form_form.js?1511771708 HTTP/1.1" 200 16206 "http://easydrivers.activities.at/entry.php?id=11677" "Mozilla/5.0 (Windows NT 5.1; rv:52.0) Gecko/20100101 Firefox/52.0"
88.117.208.86 - - [27/Nov/2017:09:35:31 +0100] "GET /entry.php?id=10271&&ser=771670 HTTP/1.1" 200 987 "http://easydrivers.activities.at/entry.php?id=10271&&ser=771572" "Mozilla/5.0 (Windows NT 5.1; rv:52.0) Gecko/20100101 Firefox/52.0"
88.117.208.86 - - [27/Nov/2017:09:35:31 +0100] "GET /gui/javascript/form_form.js?1511771731 HTTP/1.1" 200 16206 "http://easydrivers.activities.at/entry.php?id=10271&&ser=771670" "Mozilla/5.0 (Windows NT 5.1; rv:52.0) Gecko/20100101 Firefox/52.0"
88.117.208.86 - - [27/Nov/2017:09:35:32 +0100] "GET /entry.php?id=10271&&ser=771671 HTTP/1.1" 200 987 "http://easydrivers.activities.at/entry.php?id=10271&&ser=771610" "Mozilla/5.0 (Windows NT 5.1; rv:52.0) Gecko/20100101 Firefox/52.0"
88.117.208.86 - - [27/Nov/2017:09:35:32 +0100] "GET /gui/javascript/form_form.js?1511771732 HTTP/1.1" 200 16206 "http://easydrivers.activities.at/entry.php?id=10271&&ser=771671" "Mozilla/5.0 (Windows NT 5.1; rv:52.0) Gecko/20100101 Firefox/52.0"
213.86.241.133 - - [27/Nov/2017:09:35:46 +0100] "GET /entry.php?id=10271&&ser=771686 HTTP/1.1" 200 987 "http://easydrivers.activities.at/entry.php?id=10271&&ser=771626" "Mozilla/5.0 (Windows NT 10.0; WOW64; Trident/7.0; rv:11.0) like Gecko"
213.86.241.133 - - [27/Nov/2017:09:35:47 +0100] "GET /gui/javascript/form_form.js?1511771747 HTTP/1.1" 200 16206 "http://easydrivers.activities.at/entry.php?id=10271&&ser=771686" "Mozilla/5.0 (Windows NT 10.0; WOW64; Trident/7.0; rv:11.0) like Gecko"
88.117.208.86 - - [27/Nov/2017:09:36:31 +0100] "GET /entry.php?id=10271&&ser=771731 HTTP/1.1" 200 987 "http://easydrivers.activities.at/entry.php?id=10271&&ser=771670" "Mozilla/5.0 (Windows NT 5.1; rv:52.0) Gecko/20100101 Firefox/52.0"
88.117.208.86 - - [27/Nov/2017:09:36:31 +0100] "GET /gui/javascript/form_form.js?1511771791 HTTP/1.1" 200 16206 "http://easydrivers.activities.at/entry.php?id=10271&&ser=771731" "Mozilla/5.0 (Windows NT 5.1; rv:52.0) Gecko/20100101 Firefox/52.0"
88.117.208.86 - - [27/Nov/2017:09:36:32 +0100] "GET /entry.php?id=10271&&ser=771732 HTTP/1.1" 200 987 "http://easydrivers.activities.at/entry.php?id=10271&&ser=771671" "Mozilla/5.0 (Windows NT 5.1; rv:52.0) Gecko/20100101 Firefox/52.0"
88.117.208.86 - - [27/Nov/2017:09:36:32 +0100] "GET /gui/javascript/form_form.js?1511771792 HTTP/1.1" 200 16206 "http://easydrivers.activities.at/entry.php?id=10271&&ser=771732" "Mozilla/5.0 (Windows NT 5.1; rv:52.0) Gecko/20100101 Firefox/52.0"
213.86.241.133 - - [27/Nov/2017:09:36:47 +0100] "GET /entry.php?id=10271&&ser=771747 HTTP/1.1" 200 987 "http://easydrivers.activities.at/entry.php?id=10271&&ser=771686" "Mozilla/5.0 (Windows NT 10.0; WOW64; Trident/7.0; rv:11.0) like Gecko"
213.86.241.133 - - [27/Nov/2017:09:36:47 +0100] "GET /gui/javascript/form_form.js?1511771807 HTTP/1.1" 200 16206 "http://easydrivers.activities.at/entry.php?id=10271&&ser=771747" "Mozilla/5.0 (Windows NT 10.0; WOW64; Trident/7.0; rv:11.0) like Gecko"
88.117.208.86 - - [27/Nov/2017:09:37:32 +0100] "GET /entry.php?id=10271&&ser=771791 HTTP/1.1" 200 987 "http://easydrivers.activities.at/entry.php?id=10271&&ser=771731" "Mozilla/5.0 (Windows NT 5.1; rv:52.0) Gecko/20100101 Firefox/52.0"
88.117.208.86 - - [27/Nov/2017:09:37:32 +0100] "GET /gui/javascript/form_form.js?1511771852 HTTP/1.1" 200 16206 "http://easydrivers.activities.at/entry.php?id=10271&&ser=771791" "Mozilla/5.0 (Windows NT 5.1; rv:52.0) Gecko/20100101 Firefox/52.0"
88.117.208.86 - - [27/Nov/2017:09:37:32 +0100] "GET /entry.php?id=10271&&ser=771792 HTTP/1.1" 200 987 "http://easydrivers.activities.at/entry.php?id=10271&&ser=771732" "Mozilla/5.0 (Windows NT 5.1; rv:52.0) Gecko/20100101 Firefox/52.0"
88.117.208.86 - - [27/Nov/2017:09:37:33 +0100] "GET /gui/javascript/form_form.js?1511771853 HTTP/1.1" 200 16206 "http://easydrivers.activities.at/entry.php?id=10271&&ser=771792" "Mozilla/5.0 (Windows NT 5.1; rv:52.0) Gecko/20100101 Firefox/52.0"
213.86.241.133 - - [27/Nov/2017:09:37:47 +0100] "GET /entry.php?id=10271&&ser=771807 HTTP/1.1" 200 987 "http://easydrivers.activities.at/entry.php?id=10271&&ser=771747" "Mozilla/5.0 (Windows NT 10.0; WOW64; Trident/7.0; rv:11.0) like Gecko"
213.86.241.133 - - [27/Nov/2017:09:37:47 +0100] "GET /gui/javascript/form_form.js?1511771867 HTTP/1.1" 200 16206 "http://easydrivers.activities.at/entry.php?id=10271&&ser=771807" "Mozilla/5.0 (Windows NT 10.0; WOW64; Trident/7.0; rv:11.0) like Gecko"
88.117.208.86 - - [27/Nov/2017:09:37:54 +0100] "POST /entry.php?id=11677 HTTP/1.1" 200 5089 "http://easydrivers.activities.at/entry.php?id=11677" "Mozilla/5.0 (Windows NT 5.1; rv:52.0) Gecko/20100101 Firefox/52.0"
88.117.208.86 - - [27/Nov/2017:09:37:55 +0100] "GET /gui/javascript/form_form.js?1511771875 HTTP/1.1" 200 16206 "http://easydrivers.activities.at/entry.php?id=11677" "Mozilla/5.0 (Windows NT 5.1; rv:52.0) Gecko/20100101 Firefox/52.0"
88.117.208.86 - - [27/Nov/2017:09:37:55 +0100] "GET /gui/images/icons/calendar.png HTTP/1.1" 304 - "http://easydrivers.activities.at/entry.php?id=11677" "Mozilla/5.0 (Windows NT 5.1; rv:52.0) Gecko/20100101 Firefox/52.0"
88.117.208.86 - - [27/Nov/2017:09:38:32 +0100] "GET /entry.php?id=10271&&ser=771852 HTTP/1.1" 200 987 "http://easydrivers.activities.at/entry.php?id=10271&&ser=771791" "Mozilla/5.0 (Windows NT 5.1; rv:52.0) Gecko/20100101 Firefox/52.0"
88.117.208.86 - - [27/Nov/2017:09:38:32 +0100] "GET /gui/javascript/form_form.js?1511771912 HTTP/1.1" 200 16206 "http://easydrivers.activities.at/entry.php?id=10271&&ser=771852" "Mozilla/5.0 (Windows NT 5.1; rv:52.0) Gecko/20100101 Firefox/52.0"
88.117.208.86 - - [27/Nov/2017:09:38:33 +0100] "GET /entry.php?id=10271&&ser=771853 HTTP/1.1" 200 987 "http://easydrivers.activities.at/entry.php?id=10271&&ser=771792" "Mozilla/5.0 (Windows NT 5.1; rv:52.0) Gecko/20100101 Firefox/52.0"
88.117.208.86 - - [27/Nov/2017:09:38:33 +0100] "GET /gui/javascript/form_form.js?1511771913 HTTP/1.1" 200 16206 "http://easydrivers.activities.at/entry.php?id=10271&&ser=771853" "Mozilla/5.0 (Windows NT 5.1; rv:52.0) Gecko/20100101 Firefox/52.0"
213.86.241.133 - - [27/Nov/2017:09:38:48 +0100] "GET /entry.php?id=10271&&ser=771867 HTTP/1.1" 200 987 "http://easydrivers.activities.at/entry.php?id=10271&&ser=771807" "Mozilla/5.0 (Windows NT 10.0; WOW64; Trident/7.0; rv:11.0) like Gecko"
213.86.241.133 - - [27/Nov/2017:09:38:48 +0100] "GET /gui/javascript/form_form.js?1511771928 HTTP/1.1" 200 16206 "http://easydrivers.activities.at/entry.php?id=10271&&ser=771867" "Mozilla/5.0 (Windows NT 10.0; WOW64; Trident/7.0; rv:11.0) like Gecko"
88.117.208.86 - - [27/Nov/2017:09:39:32 +0100] "GET /entry.php?id=10271&&ser=771912 HTTP/1.1" 200 987 "http://easydrivers.activities.at/entry.php?id=10271&&ser=771852" "Mozilla/5.0 (Windows NT 5.1; rv:52.0) Gecko/20100101 Firefox/52.0"
88.117.208.86 - - [27/Nov/2017:09:39:33 +0100] "GET /gui/javascript/form_form.js?1511771973 HTTP/1.1" 200 16206 "http://easydrivers.activities.at/entry.php?id=10271&&ser=771912" "Mozilla/5.0 (Windows NT 5.1; rv:52.0) Gecko/20100101 Firefox/52.0"
88.117.208.86 - - [27/Nov/2017:09:39:33 +0100] "GET /entry.php?id=10271&&ser=771913 HTTP/1.1" 200 987 "http://easydrivers.activities.at/entry.php?id=10271&&ser=771853" "Mozilla/5.0 (Windows NT 5.1; rv:52.0) Gecko/20100101 Firefox/52.0"
213.86.241.133 - - [27/Nov/2017:09:39:48 +0100] "GET /entry.php?id=10271&&ser=771928 HTTP/1.1" 200 987 "http://easydrivers.activities.at/entry.php?id=10271&&ser=771867" "Mozilla/5.0 (Windows NT 10.0; WOW64; Trident/7.0; rv:11.0) like Gecko"
213.86.241.133 - - [27/Nov/2017:09:39:48 +0100] "GET /gui/javascript/form_form.js?1511771988 HTTP/1.1" 200 16206 "http://easydrivers.activities.at/entry.php?id=10271&&ser=771928" "Mozilla/5.0 (Windows NT 10.0; WOW64; Trident/7.0; rv:11.0) like Gecko"
88.117.208.86 - - [27/Nov/2017:09:40:33 +0100] "GET /entry.php?id=10271&&ser=771973 HTTP/1.1" 200 987 "http://easydrivers.activities.at/entry.php?id=10271&&ser=771912" "Mozilla/5.0 (Windows NT 5.1; rv:52.0) Gecko/20100101 Firefox/52.0"
88.117.208.86 - - [27/Nov/2017:09:40:33 +0100] "GET /gui/javascript/form_form.js?1511772033 HTTP/1.1" 200 16206 "http://easydrivers.activities.at/entry.php?id=10271&&ser=771973" "Mozilla/5.0 (Windows NT 5.1; rv:52.0) Gecko/20100101 Firefox/52.0"
88.117.208.86 - - [27/Nov/2017:09:40:34 +0100] "GET /entry.php?id=10271&&ser=771973 HTTP/1.1" 200 987 "http://easydrivers.activities.at/entry.php?id=10271&&ser=771913" "Mozilla/5.0 (Windows NT 5.1; rv:52.0) Gecko/20100101 Firefox/52.0"
88.117.208.86 - - [27/Nov/2017:09:40:34 +0100] "GET /gui/javascript/form_form.js?1511772034 HTTP/1.1" 200 16206 "http://easydrivers.activities.at/entry.php?id=10271&&ser=771973" "Mozilla/5.0 (Windows NT 5.1; rv:52.0) Gecko/20100101 Firefox/52.0"
213.86.241.133 - - [27/Nov/2017:09:40:48 +0100] "GET /entry.php?id=10271&&ser=771988 HTTP/1.1" 200 987 "http://easydrivers.activities.at/entry.php?id=10271&&ser=771928" "Mozilla/5.0 (Windows NT 10.0; WOW64; Trident/7.0; rv:11.0) like Gecko"
213.86.241.133 - - [27/Nov/2017:09:40:49 +0100] "GET /gui/javascript/form_form.js?1511772049 HTTP/1.1" 200 16206 "http://easydrivers.activities.at/entry.php?id=10271&&ser=771988" "Mozilla/5.0 (Windows NT 10.0; WOW64; Trident/7.0; rv:11.0) like Gecko"
88.117.208.86 - - [27/Nov/2017:09:41:33 +0100] "GET /entry.php?id=10271&&ser=772033 HTTP/1.1" 200 987 "http://easydrivers.activities.at/entry.php?id=10271&&ser=771973" "Mozilla/5.0 (Windows NT 5.1; rv:52.0) Gecko/20100101 Firefox/52.0"
88.117.208.86 - - [27/Nov/2017:09:41:34 +0100] "GET /gui/javascript/form_form.js?1511772093 HTTP/1.1" 200 16206 "http://easydrivers.activities.at/entry.php?id=10271&&ser=772033" "Mozilla/5.0 (Windows NT 5.1; rv:52.0) Gecko/20100101 Firefox/52.0"
88.117.208.86 - - [27/Nov/2017:09:41:34 +0100] "GET /entry.php?id=10271&&ser=772034 HTTP/1.1" 200 987 "http://easydrivers.activities.at/entry.php?id=10271&&ser=771973" "Mozilla/5.0 (Windows NT 5.1; rv:52.0) Gecko/20100101 Firefox/52.0"
88.117.208.86 - - [27/Nov/2017:09:41:34 +0100] "GET /gui/javascript/form_form.js?1511772094 HTTP/1.1" 200 16206 "http://easydrivers.activities.at/entry.php?id=10271&&ser=772034" "Mozilla/5.0 (Windows NT 5.1; rv:52.0) Gecko/20100101 Firefox/52.0"
213.86.241.133 - - [27/Nov/2017:09:41:49 +0100] "GET /entry.php?id=10271&&ser=772049 HTTP/1.1" 200 987 "http://easydrivers.activities.at/entry.php?id=10271&&ser=771988" "Mozilla/5.0 (Windows NT 10.0; WOW64; Trident/7.0; rv:11.0) like Gecko"
213.86.241.133 - - [27/Nov/2017:09:41:49 +0100] "GET /gui/javascript/form_form.js?1511772109 HTTP/1.1" 200 16206 "http://easydrivers.activities.at/entry.php?id=10271&&ser=772049" "Mozilla/5.0 (Windows NT 10.0; WOW64; Trident/7.0; rv:11.0) like Gecko"
88.117.208.86 - - [27/Nov/2017:09:42:01 +0100] "GET /entry.php?id=11681 HTTP/1.1" 200 328 "http://easydrivers.activities.at/entry.php?id=10270&__app__=10006038" "Mozilla/5.0 (Windows NT 5.1; rv:52.0) Gecko/20100101 Firefox/52.0"
88.117.208.86 - - [27/Nov/2017:09:42:01 +0100] "GET /entry.php?id=11683& HTTP/1.1" 200 2680 "http://easydrivers.activities.at/entry.php?id=11681" "Mozilla/5.0 (Windows NT 5.1; rv:52.0) Gecko/20100101 Firefox/52.0"
88.117.208.86 - - [27/Nov/2017:09:42:01 +0100] "GET /gui/javascript/form_ed_training_course.js HTTP/1.1" 304 - "http://easydrivers.activities.at/entry.php?id=11683&" "Mozilla/5.0 (Windows NT 5.1; rv:52.0) Gecko/20100101 Firefox/52.0"
88.117.208.86 - - [27/Nov/2017:09:42:01 +0100] "GET /gui/javascript/form_form.js?1511772121 HTTP/1.1" 200 16206 "http://easydrivers.activities.at/entry.php?id=11683&" "Mozilla/5.0 (Windows NT 5.1; rv:52.0) Gecko/20100101 Firefox/52.0"
88.117.208.86 - - [27/Nov/2017:09:42:01 +0100] "GET /entry.php?id=10676&&title=Contentverwaltung HTTP/1.1" 200 1391 "http://easydrivers.activities.at/entry.php?id=11681" "Mozilla/5.0 (Windows NT 5.1; rv:52.0) Gecko/20100101 Firefox/52.0"
88.117.208.86 - - [27/Nov/2017:09:42:01 +0100] "GET /entry.php?id=11684& HTTP/1.1" 200 3805 "http://easydrivers.activities.at/entry.php?id=11681" "Mozilla/5.0 (Windows NT 5.1; rv:52.0) Gecko/20100101 Firefox/52.0"
88.117.208.86 - - [27/Nov/2017:09:42:02 +0100] "GET /entry.php?id=10778&form=11508&name=list& HTTP/1.1" 200 3080 "http://easydrivers.activities.at/entry.php?id=11683&" "Mozilla/5.0 (Windows NT 5.1; rv:52.0) Gecko/20100101 Firefox/52.0"
88.117.208.86 - - [27/Nov/2017:09:42:02 +0100] "GET /gui/javascript/form_form.js?1511772122 HTTP/1.1" 200 16206 "http://easydrivers.activities.at/entry.php?id=11684&" "Mozilla/5.0 (Windows NT 5.1; rv:52.0) Gecko/20100101 Firefox/52.0"
88.117.208.86 - - [27/Nov/2017:09:42:02 +0100] "GET /gui/images/icons/note_msg_icon.gif HTTP/1.1" 304 - "http://easydrivers.activities.at/entry.php?id=10778&form=11508&name=list&" "Mozilla/5.0 (Windows NT 5.1; rv:52.0) Gecko/20100101 Firefox/52.0"
88.117.208.86 - - [27/Nov/2017:09:42:02 +0100] "GET /gui/images/icons/information.gif HTTP/1.1" 304 - "http://easydrivers.activities.at/entry.php?id=10778&form=11508&name=list&" "Mozilla/5.0 (Windows NT 5.1; rv:52.0) Gecko/20100101 Firefox/52.0"
88.117.208.86 - - [27/Nov/2017:09:42:02 +0100] "GET /gui/images/icons/disabled_information.gif HTTP/1.1" 304 - "http://easydrivers.activities.at/entry.php?id=11684&" "Mozilla/5.0 (Windows NT 5.1; rv:52.0) Gecko/20100101 Firefox/52.0"
88.117.208.86 - - [27/Nov/2017:09:42:02 +0100] "GET /gui/images/icons/disabled_delete.gif HTTP/1.1" 304 - "http://easydrivers.activities.at/entry.php?id=11684&" "Mozilla/5.0 (Windows NT 5.1; rv:52.0) Gecko/20100101 Firefox/52.0"
88.117.208.86 - - [27/Nov/2017:09:42:02 +0100] "GET /entry.php?id=10776&form=11508&name=list& HTTP/1.1" 200 1894 "http://easydrivers.activities.at/entry.php?id=11683&" "Mozilla/5.0 (Windows NT 5.1; rv:52.0) Gecko/20100101 Firefox/52.0"
88.117.208.86 - - [27/Nov/2017:09:42:02 +0100] "GET /gui/images/icons/filter_on.gif HTTP/1.1" 304 - "http://easydrivers.activities.at/entry.php?id=10776&form=11508&name=list&" "Mozilla/5.0 (Windows NT 5.1; rv:52.0) Gecko/20100101 Firefox/52.0"
88.117.208.86 - - [27/Nov/2017:09:42:02 +0100] "GET /gui/images/icons/disable_light.gif HTTP/1.1" 304 - "http://easydrivers.activities.at/entry.php?id=10776&form=11508&name=list&" "Mozilla/5.0 (Windows NT 5.1; rv:52.0) Gecko/20100101 Firefox/52.0"
88.117.208.86 - - [27/Nov/2017:09:42:05 +0100] "POST /entry.php?id=11684 HTTP/1.1" 200 3955 "http://easydrivers.activities.at/entry.php?id=11684&" "Mozilla/5.0 (Windows NT 5.1; rv:52.0) Gecko/20100101 Firefox/52.0"
213.86.241.133 - - [27/Nov/2017:09:42:49 +0100] "GET /entry.php?id=10271&&ser=772109 HTTP/1.1" 200 987 "http://easydrivers.activities.at/entry.php?id=10271&&ser=772049" "Mozilla/5.0 (Windows NT 10.0; WOW64; Trident/7.0; rv:11.0) like Gecko"
213.86.241.133 - - [27/Nov/2017:09:42:49 +0100] "GET /gui/javascript/form_form.js?1511772169 HTTP/1.1" 200 16206 "http://easydrivers.activities.at/entry.php?id=10271&&ser=772109" "Mozilla/5.0 (Windows NT 10.0; WOW64; Trident/7.0; rv:11.0) like Gecko"
213.86.241.133 - - [27/Nov/2017:09:43:49 +0100] "GET /entry.php?id=10271&&ser=772169 HTTP/1.1" 200 988 "http://easydrivers.activities.at/entry.php?id=10271&&ser=772109" "Mozilla/5.0 (Windows NT 10.0; WOW64; Trident/7.0; rv:11.0) like Gecko"
213.86.241.133 - - [27/Nov/2017:09:43:50 +0100] "GET /gui/javascript/form_form.js?1511772230 HTTP/1.1" 200 16206 "http://easydrivers.activities.at/entry.php?id=10271&&ser=772169" "Mozilla/5.0 (Windows NT 10.0; WOW64; Trident/7.0; rv:11.0) like Gecko"
213.86.241.133 - - [27/Nov/2017:09:44:50 +0100] "GET /entry.php?id=10271&&ser=772230 HTTP/1.1" 200 988 "http://easydrivers.activities.at/entry.php?id=10271&&ser=772169" "Mozilla/5.0 (Windows NT 10.0; WOW64; Trident/7.0; rv:11.0) like Gecko"
213.86.241.133 - - [27/Nov/2017:09:44:50 +0100] "GET /gui/javascript/form_form.js?1511772290 HTTP/1.1" 200 16206 "http://easydrivers.activities.at/entry.php?id=10271&&ser=772230" "Mozilla/5.0 (Windows NT 10.0; WOW64; Trident/7.0; rv:11.0) like Gecko"
213.86.241.133 - - [27/Nov/2017:09:45:50 +0100] "GET /entry.php?id=10271&&ser=772290 HTTP/1.1" 200 987 "http://easydrivers.activities.at/entry.php?id=10271&&ser=772230" "Mozilla/5.0 (Windows NT 10.0; WOW64; Trident/7.0; rv:11.0) like Gecko"
213.86.241.133 - - [27/Nov/2017:09:45:50 +0100] "GET /gui/javascript/form_form.js?1511772350 HTTP/1.1" 200 16206 "http://easydrivers.activities.at/entry.php?id=10271&&ser=772290" "Mozilla/5.0 (Windows NT 10.0; WOW64; Trident/7.0; rv:11.0) like Gecko"
88.117.208.86 - - [27/Nov/2017:09:46:50 +0100] "GET /layout.php HTTP/1.1" 200 914 "http://easydrivers.activities.at/" "Mozilla/5.0 (Windows NT 5.1; rv:52.0) Gecko/20100101 Firefox/52.0"
88.117.208.86 - - [27/Nov/2017:09:46:50 +0100] "GET /entry.php?id=10272 HTTP/1.1" 200 1159 "http://easydrivers.activities.at/layout.php" "Mozilla/5.0 (Windows NT 5.1; rv:52.0) Gecko/20100101 Firefox/52.0"
88.117.208.86 - - [27/Nov/2017:09:46:50 +0100] "GET /entry.php?id=10273 HTTP/1.1" 200 2011 "http://easydrivers.activities.at/layout.php" "Mozilla/5.0 (Windows NT 5.1; rv:52.0) Gecko/20100101 Firefox/52.0"
88.117.208.86 - - [27/Nov/2017:09:46:50 +0100] "GET /entry.php?id=10270 HTTP/1.1" 200 908 "http://easydrivers.activities.at/layout.php" "Mozilla/5.0 (Windows NT 5.1; rv:52.0) Gecko/20100101 Firefox/52.0"
88.117.208.86 - - [27/Nov/2017:09:46:50 +0100] "GET /entry.php?id=11412 HTTP/1.1" 200 1763 "http://easydrivers.activities.at/layout.php" "Mozilla/5.0 (Windows NT 5.1; rv:52.0) Gecko/20100101 Firefox/52.0"
213.86.241.133 - - [27/Nov/2017:09:46:51 +0100] "GET /entry.php?id=10271&&ser=772350 HTTP/1.1" 200 986 "http://easydrivers.activities.at/entry.php?id=10271&&ser=772290" "Mozilla/5.0 (Windows NT 10.0; WOW64; Trident/7.0; rv:11.0) like Gecko"
213.86.241.133 - - [27/Nov/2017:09:46:51 +0100] "GET /gui/javascript/form_form.js?1511772411 HTTP/1.1" 200 16206 "http://easydrivers.activities.at/entry.php?id=10271&&ser=772350" "Mozilla/5.0 (Windows NT 10.0; WOW64; Trident/7.0; rv:11.0) like Gecko"
88.117.208.86 - - [27/Nov/2017:09:46:51 +0100] "GET /undefined HTTP/1.1" 404 288 "http://easydrivers.activities.at/entry.php?id=10270&__app__=10006038" "Mozilla/5.0 (Windows NT 5.1; rv:52.0) Gecko/20100101 Firefox/52.0"
88.117.208.86 - - [27/Nov/2017:09:46:51 +0100] "GET /gui/javascript/form_form.js?1511772410 HTTP/1.1" 200 16206 "http://easydrivers.activities.at/entry.php?id=10272" "Mozilla/5.0 (Windows NT 5.1; rv:52.0) Gecko/20100101 Firefox/52.0"
88.117.208.86 - - [27/Nov/2017:09:46:51 +0100] "GET /framework/webfx/style/toolbar/images/cbback.gif HTTP/1.1" 404 318 "http://easydrivers.activities.at/framework/webfx/style/toolbar/cb2.css" "Mozilla/5.0 (Windows NT 5.1; rv:52.0) Gecko/20100101 Firefox/52.0"
88.117.208.86 - - [27/Nov/2017:09:46:51 +0100] "GET /entry.php?id=10270&__app__=10006038 HTTP/1.1" 200 1649 "http://easydrivers.activities.at/entry.php?id=10273" "Mozilla/5.0 (Windows NT 5.1; rv:52.0) Gecko/20100101 Firefox/52.0"
88.117.208.86 - - [27/Nov/2017:09:46:51 +0100] "GET /entry.php?id=10287 HTTP/1.1" 200 1879 "http://easydrivers.activities.at/entry.php?id=11412" "Mozilla/5.0 (Windows NT 5.1; rv:52.0) Gecko/20100101 Firefox/52.0"
88.117.208.86 - - [27/Nov/2017:09:46:52 +0100] "GET /entry.php?id=10271& HTTP/1.1" 200 987 "http://easydrivers.activities.at/entry.php?id=10272" "Mozilla/5.0 (Windows NT 5.1; rv:52.0) Gecko/20100101 Firefox/52.0"
88.117.208.86 - - [27/Nov/2017:09:46:52 +0100] "GET /gui/javascript/form_form.js?1511772411 HTTP/1.1" 200 16206 "http://easydrivers.activities.at/entry.php?id=10270&__app__=10006038" "Mozilla/5.0 (Windows NT 5.1; rv:52.0) Gecko/20100101 Firefox/52.0"
88.117.208.86 - - [27/Nov/2017:09:46:52 +0100] "GET /entry.php?id=10270&__app__=10006038 HTTP/1.1" 200 1650 "http://easydrivers.activities.at/entry.php?id=10273&" "Mozilla/5.0 (Windows NT 5.1; rv:52.0) Gecko/20100101 Firefox/52.0"
88.117.208.86 - - [27/Nov/2017:09:46:52 +0100] "GET /gui/javascript/form_form.js?1511772412 HTTP/1.1" 200 16206 "http://easydrivers.activities.at/entry.php?id=10287" "Mozilla/5.0 (Windows NT 5.1; rv:52.0) Gecko/20100101 Firefox/52.0"
88.117.208.86 - - [27/Nov/2017:09:46:52 +0100] "GET /entry.php?id=10287 HTTP/1.1" 200 1879 "http://easydrivers.activities.at/entry.php?id=11412" "Mozilla/5.0 (Windows NT 5.1; rv:52.0) Gecko/20100101 Firefox/52.0"
88.117.208.86 - - [27/Nov/2017:09:46:52 +0100] "GET /undefined HTTP/1.1" 404 288 "http://easydrivers.activities.at/entry.php?id=10270&__app__=10006038" "Mozilla/5.0 (Windows NT 5.1; rv:52.0) Gecko/20100101 Firefox/52.0"
88.117.208.86 - - [27/Nov/2017:09:46:52 +0100] "GET /entry.php?id=10270&__app__=10006038 HTTP/1.1" 200 1650 "http://easydrivers.activities.at/entry.php?id=10273" "Mozilla/5.0 (Windows NT 5.1; rv:52.0) Gecko/20100101 Firefox/52.0"
88.117.208.86 - - [27/Nov/2017:09:46:53 +0100] "GET /framework/webfx/style/toolbar/images/cbback.gif HTTP/1.1" 404 318 "http://easydrivers.activities.at/framework/webfx/style/toolbar/cb2.css" "Mozilla/5.0 (Windows NT 5.1; rv:52.0) Gecko/20100101 Firefox/52.0"
88.117.208.86 - - [27/Nov/2017:09:46:53 +0100] "GET /undefined HTTP/1.1" 404 288 "http://easydrivers.activities.at/entry.php?id=10270&__app__=10006038" "Mozilla/5.0 (Windows NT 5.1; rv:52.0) Gecko/20100101 Firefox/52.0"
88.117.208.86 - - [27/Nov/2017:09:46:53 +0100] "GET /gui/javascript/form_form.js?1511772413 HTTP/1.1" 200 16206 "http://easydrivers.activities.at/entry.php?id=10270&__app__=10006038" "Mozilla/5.0 (Windows NT 5.1; rv:52.0) Gecko/20100101 Firefox/52.0"
88.117.208.86 - - [27/Nov/2017:09:46:53 +0100] "GET /undefined HTTP/1.1" 404 288 "http://easydrivers.activities.at/entry.php?id=10270&__app__=10006038" "Mozilla/5.0 (Windows NT 5.1; rv:52.0) Gecko/20100101 Firefox/52.0"
88.117.208.86 - - [27/Nov/2017:09:47:05 +0100] "GET /entry.php?id=11681 HTTP/1.1" 200 328 "http://easydrivers.activities.at/entry.php?id=10270&__app__=10006038" "Mozilla/5.0 (Windows NT 5.1; rv:52.0) Gecko/20100101 Firefox/52.0"
88.117.208.86 - - [27/Nov/2017:09:47:05 +0100] "GET /entry.php?id=10676&&title=Contentverwaltung HTTP/1.1" 200 1392 "http://easydrivers.activities.at/entry.php?id=11681" "Mozilla/5.0 (Windows NT 5.1; rv:52.0) Gecko/20100101 Firefox/52.0"
88.117.208.86 - - [27/Nov/2017:09:47:06 +0100] "GET /gui/javascript/form_form.js?1511772425 HTTP/1.1" 200 16206 "http://easydrivers.activities.at/entry.php?id=10676&&title=Contentverwaltung" "Mozilla/5.0 (Windows NT 5.1; rv:52.0) Gecko/20100101 Firefox/52.0"
88.117.208.86 - - [27/Nov/2017:09:47:05 +0100] "GET /entry.php?id=11683& HTTP/1.1" 200 2681 "http://easydrivers.activities.at/entry.php?id=11681" "Mozilla/5.0 (Windows NT 5.1; rv:52.0) Gecko/20100101 Firefox/52.0"
88.117.208.86 - - [27/Nov/2017:09:47:06 +0100] "GET /gui/javascript/form_form.js?1511772426 HTTP/1.1" 200 16206 "http://easydrivers.activities.at/entry.php?id=11683&" "Mozilla/5.0 (Windows NT 5.1; rv:52.0) Gecko/20100101 Firefox/52.0"
88.117.208.86 - - [27/Nov/2017:09:47:05 +0100] "GET /entry.php?id=11684& HTTP/1.1" 200 3805 "http://easydrivers.activities.at/entry.php?id=11681" "Mozilla/5.0 (Windows NT 5.1; rv:52.0) Gecko/20100101 Firefox/52.0"
88.117.208.86 - - [27/Nov/2017:09:47:06 +0100] "GET /entry.php?id=10776&form=11508&name=list& HTTP/1.1" 200 1894 "http://easydrivers.activities.at/entry.php?id=11683&" "Mozilla/5.0 (Windows NT 5.1; rv:52.0) Gecko/20100101 Firefox/52.0"
88.117.208.86 - - [27/Nov/2017:09:47:06 +0100] "GET /entry.php?id=10778&form=11508&name=list& HTTP/1.1" 200 3080 "http://easydrivers.activities.at/entry.php?id=11683&" "Mozilla/5.0 (Windows NT 5.1; rv:52.0) Gecko/20100101 Firefox/52.0"
88.117.208.86 - - [27/Nov/2017:09:47:11 +0100] "POST /entry.php?id=11684 HTTP/1.1" 200 3956 "http://easydrivers.activities.at/entry.php?id=11684&" "Mozilla/5.0 (Windows NT 5.1; rv:52.0) Gecko/20100101 Firefox/52.0"
88.117.208.86 - - [27/Nov/2017:09:47:12 +0100] "GET /gui/javascript/form_form.js?1511772432 HTTP/1.1" 200 16206 "http://easydrivers.activities.at/entry.php?id=11684" "Mozilla/5.0 (Windows NT 5.1; rv:52.0) Gecko/20100101 Firefox/52.0"
88.117.208.86 - - [27/Nov/2017:09:47:15 +0100] "POST /entry.php?id=11684 HTTP/1.1" 200 3818 "http://easydrivers.activities.at/entry.php?id=11684" "Mozilla/5.0 (Windows NT 5.1; rv:52.0) Gecko/20100101 Firefox/52.0"
88.117.208.86 - - [27/Nov/2017:09:47:15 +0100] "GET /gui/javascript/form_form.js?1511772435 HTTP/1.1" 200 16206 "http://easydrivers.activities.at/entry.php?id=11684" "Mozilla/5.0 (Windows NT 5.1; rv:52.0) Gecko/20100101 Firefox/52.0"
88.117.208.86 - - [27/Nov/2017:09:47:15 +0100] "GET /framework/webfx/javascript/tinymce/tinymce.min.js HTTP/1.1" 304 - "http://easydrivers.activities.at/entry.php?id=11684" "Mozilla/5.0 (Windows NT 5.1; rv:52.0) Gecko/20100101 Firefox/52.0"
88.117.208.86 - - [27/Nov/2017:09:47:15 +0100] "GET /framework/webfx/javascript/tinymce/tinyEdit.js HTTP/1.1" 304 - "http://easydrivers.activities.at/entry.php?id=11684" "Mozilla/5.0 (Windows NT 5.1; rv:52.0) Gecko/20100101 Firefox/52.0"
88.117.208.86 - - [27/Nov/2017:09:47:16 +0100] "GET /framework/webfx/javascript/tinymce/langs/de.js HTTP/1.1" 304 - "http://easydrivers.activities.at/entry.php?id=11684" "Mozilla/5.0 (Windows NT 5.1; rv:52.0) Gecko/20100101 Firefox/52.0"
88.117.208.86 - - [27/Nov/2017:09:47:16 +0100] "GET /framework/webfx/javascript/tinymce/themes/modern/theme.min.js HTTP/1.1" 304 - "http://easydrivers.activities.at/entry.php?id=11684" "Mozilla/5.0 (Windows NT 5.1; rv:52.0) Gecko/20100101 Firefox/52.0"
88.117.208.86 - - [27/Nov/2017:09:47:16 +0100] "GET /framework/webfx/javascript/tinymce/plugins/advlist/plugin.min.js HTTP/1.1" 304 - "http://easydrivers.activities.at/entry.php?id=11684" "Mozilla/5.0 (Windows NT 5.1; rv:52.0) Gecko/20100101 Firefox/52.0"
88.117.208.86 - - [27/Nov/2017:09:47:16 +0100] "GET /framework/webfx/javascript/tinymce/plugins/lists/plugin.min.js HTTP/1.1" 304 - "http://easydrivers.activities.at/entry.php?id=11684" "Mozilla/5.0 (Windows NT 5.1; rv:52.0) Gecko/20100101 Firefox/52.0"
88.117.208.86 - - [27/Nov/2017:09:47:16 +0100] "GET /framework/webfx/javascript/tinymce/plugins/preview/plugin.min.js HTTP/1.1" 304 - "http://easydrivers.activities.at/entry.php?id=11684" "Mozilla/5.0 (Windows NT 5.1; rv:52.0) Gecko/20100101 Firefox/52.0"
88.117.208.86 - - [27/Nov/2017:09:47:16 +0100] "GET /framework/webfx/javascript/tinymce/plugins/hr/plugin.min.js HTTP/1.1" 304 - "http://easydrivers.activities.at/entry.php?id=11684" "Mozilla/5.0 (Windows NT 5.1; rv:52.0) Gecko/20100101 Firefox/52.0"
88.117.208.86 - - [27/Nov/2017:09:47:16 +0100] "GET /framework/webfx/javascript/tinymce/plugins/anchor/plugin.min.js HTTP/1.1" 304 - "http://easydrivers.activities.at/entry.php?id=11684" "Mozilla/5.0 (Windows NT 5.1; rv:52.0) Gecko/20100101 Firefox/52.0"
88.117.208.86 - - [27/Nov/2017:09:47:16 +0100] "GET /framework/webfx/javascript/tinymce/plugins/pagebreak/plugin.min.js HTTP/1.1" 304 - "http://easydrivers.activities.at/entry.php?id=11684" "Mozilla/5.0 (Windows NT 5.1; rv:52.0) Gecko/20100101 Firefox/52.0"
88.117.208.86 - - [27/Nov/2017:09:47:16 +0100] "GET /framework/webfx/javascript/tinymce/plugins/searchreplace/plugin.min.js HTTP/1.1" 304 - "http://easydrivers.activities.at/entry.php?id=11684" "Mozilla/5.0 (Windows NT 5.1; rv:52.0) Gecko/20100101 Firefox/52.0"
88.117.208.86 - - [27/Nov/2017:09:47:16 +0100] "GET /framework/webfx/javascript/tinymce/plugins/wordcount/plugin.min.js HTTP/1.1" 304 - "http://easydrivers.activities.at/entry.php?id=11684" "Mozilla/5.0 (Windows NT 5.1; rv:52.0) Gecko/20100101 Firefox/52.0"
88.117.208.86 - - [27/Nov/2017:09:47:16 +0100] "GET /framework/webfx/javascript/tinymce/plugins/visualblocks/plugin.min.js HTTP/1.1" 304 - "http://easydrivers.activities.at/entry.php?id=11684" "Mozilla/5.0 (Windows NT 5.1; rv:52.0) Gecko/20100101 Firefox/52.0"
88.117.208.86 - - [27/Nov/2017:09:47:16 +0100] "GET /framework/webfx/javascript/tinymce/plugins/visualchars/plugin.min.js HTTP/1.1" 304 - "http://easydrivers.activities.at/entry.php?id=11684" "Mozilla/5.0 (Windows NT 5.1; rv:52.0) Gecko/20100101 Firefox/52.0"
88.117.208.86 - - [27/Nov/2017:09:47:16 +0100] "GET /framework/webfx/javascript/tinymce/plugins/nonbreaking/plugin.min.js HTTP/1.1" 304 - "http://easydrivers.activities.at/entry.php?id=11684" "Mozilla/5.0 (Windows NT 5.1; rv:52.0) Gecko/20100101 Firefox/52.0"
88.117.208.86 - - [27/Nov/2017:09:47:16 +0100] "GET /framework/webfx/javascript/tinymce/plugins/contextmenu/plugin.min.js HTTP/1.1" 304 - "http://easydrivers.activities.at/entry.php?id=11684" "Mozilla/5.0 (Windows NT 5.1; rv:52.0) Gecko/20100101 Firefox/52.0"
88.117.208.86 - - [27/Nov/2017:09:47:16 +0100] "GET /framework/webfx/javascript/tinymce/plugins/template/plugin.min.js HTTP/1.1" 304 - "http://easydrivers.activities.at/entry.php?id=11684" "Mozilla/5.0 (Windows NT 5.1; rv:52.0) Gecko/20100101 Firefox/52.0"
88.117.208.86 - - [27/Nov/2017:09:47:16 +0100] "GET /framework/webfx/javascript/tinymce/plugins/textcolor/plugin.min.js HTTP/1.1" 304 - "http://easydrivers.activities.at/entry.php?id=11684" "Mozilla/5.0 (Windows NT 5.1; rv:52.0) Gecko/20100101 Firefox/52.0"
88.117.208.86 - - [27/Nov/2017:09:47:16 +0100] "GET /framework/webfx/javascript/tinymce/plugins/paste/plugin.min.js HTTP/1.1" 304 - "http://easydrivers.activities.at/entry.php?id=11684" "Mozilla/5.0 (Windows NT 5.1; rv:52.0) Gecko/20100101 Firefox/52.0"
88.117.208.86 - - [27/Nov/2017:09:47:16 +0100] "GET /framework/webfx/javascript/tinymce/plugins/colorpicker/plugin.min.js HTTP/1.1" 304 - "http://easydrivers.activities.at/entry.php?id=11684" "Mozilla/5.0 (Windows NT 5.1; rv:52.0) Gecko/20100101 Firefox/52.0"
88.117.208.86 - - [27/Nov/2017:09:47:16 +0100] "GET /framework/webfx/javascript/tinymce/plugins/image/plugin.min.js HTTP/1.1" 304 - "http://easydrivers.activities.at/entry.php?id=11684" "Mozilla/5.0 (Windows NT 5.1; rv:52.0) Gecko/20100101 Firefox/52.0"
88.117.208.86 - - [27/Nov/2017:09:47:16 +0100] "GET /framework/webfx/javascript/tinymce/plugins/link/plugin.min.js HTTP/1.1" 304 - "http://easydrivers.activities.at/entry.php?id=11684" "Mozilla/5.0 (Windows NT 5.1; rv:52.0) Gecko/20100101 Firefox/52.0"
88.117.208.86 - - [27/Nov/2017:09:47:16 +0100] "GET /binaries/10245917.jpg HTTP/1.1" 200 125126 "http://easydrivers.activities.at/entry.php?id=11684" "Mozilla/5.0 (Windows NT 5.1; rv:52.0) Gecko/20100101 Firefox/52.0"
88.117.208.86 - - [27/Nov/2017:09:47:16 +0100] "GET /binaries/10245915.jpg HTTP/1.1" 200 127810 "http://easydrivers.activities.at/entry.php?id=11684" "Mozilla/5.0 (Windows NT 5.1; rv:52.0) Gecko/20100101 Firefox/52.0"
88.117.208.86 - - [27/Nov/2017:09:47:16 +0100] "GET /binaries/easy-drivers-martschitsch-hartberg/mini-gelb-black-14jpg.jpg HTTP/1.1" 200 201425 "http://easydrivers.activities.at/entry.php?id=11684" "Mozilla/5.0 (Windows NT 5.1; rv:52.0) Gecko/20100101 Firefox/52.0"
88.117.208.86 - - [27/Nov/2017:09:47:16 +0100] "GET /binaries/easy-drivers-martschitsch-hartberg/bmw-1.jpg HTTP/1.1" 200 178978 "http://easydrivers.activities.at/entry.php?id=11684" "Mozilla/5.0 (Windows NT 5.1; rv:52.0) Gecko/20100101 Firefox/52.0"
88.117.208.86 - - [27/Nov/2017:09:47:16 +0100] "GET /binaries/easy-drivers-martschitsch-hartberg/md-2016-1jpg.jpg HTTP/1.1" 200 169749 "http://easydrivers.activities.at/entry.php?id=11684" "Mozilla/5.0 (Windows NT 5.1; rv:52.0) Gecko/20100101 Firefox/52.0"
88.117.208.86 - - [27/Nov/2017:09:47:16 +0100] "GET /framework/webfx/javascript/tinymce/skins/lightgray/skin.min.css HTTP/1.1" 304 - "http://easydrivers.activities.at/entry.php?id=11684" "Mozilla/5.0 (Windows NT 5.1; rv:52.0) Gecko/20100101 Firefox/52.0"
88.117.208.86 - - [27/Nov/2017:09:47:16 +0100] "GET /binaries/easy-drivers-martschitsch-hartberg/bmw-cabrio.jpg HTTP/1.1" 200 559262 "http://easydrivers.activities.at/entry.php?id=11684" "Mozilla/5.0 (Windows NT 5.1; rv:52.0) Gecko/20100101 Firefox/52.0"
88.117.208.86 - - [27/Nov/2017:09:47:16 +0100] "GET /framework/webfx/javascript/tinymce/skins/lightgray/content.min.css HTTP/1.1" 404 330 "http://easydrivers.activities.at/entry.php?id=11684" "Mozilla/5.0 (Windows NT 5.1; rv:52.0) Gecko/20100101 Firefox/52.0"
88.117.208.86 - - [27/Nov/2017:09:47:17 +0100] "GET /binaries/10250992.jpg HTTP/1.1" 200 10401 "http://easydrivers.activities.at/entry.php?id=11684" "Mozilla/5.0 (Windows NT 5.1; rv:52.0) Gecko/20100101 Firefox/52.0"
88.117.208.86 - - [27/Nov/2017:09:47:17 +0100] "GET /binaries/10250947.jpg HTTP/1.1" 200 73604 "http://easydrivers.activities.at/entry.php?id=11684" "Mozilla/5.0 (Windows NT 5.1; rv:52.0) Gecko/20100101 Firefox/52.0"
88.117.208.86 - - [27/Nov/2017:09:47:17 +0100] "GET /binaries/easy-drivers-martschitsch-hartberg/audi2013jpg.jpg HTTP/1.1" 200 111413 "http://easydrivers.activities.at/entry.php?id=11684" "Mozilla/5.0 (Windows NT 5.1; rv:52.0) Gecko/20100101 Firefox/52.0"
88.117.208.86 - - [27/Nov/2017:09:47:17 +0100] "GET /binaries/easy-drivers-martschitsch-hartberg/i8.jpg HTTP/1.1" 200 63808 "http://easydrivers.activities.at/entry.php?id=11684" "Mozilla/5.0 (Windows NT 5.1; rv:52.0) Gecko/20100101 Firefox/52.0"
88.117.208.86 - - [27/Nov/2017:09:47:17 +0100] "GET /framework/webfx/javascript/tinymce/skins/lightgray/fonts/tinymce-small.woff HTTP/1.1" 304 - "http://easydrivers.activities.at/framework/webfx/javascript/tinymce/skins/lightgray/skin.min.css" "Mozilla/5.0 (Windows NT 5.1; rv:52.0) Gecko/20100101 Firefox/52.0"
88.117.208.86 - - [27/Nov/2017:09:47:17 +0100] "GET /binaries/easy-drivers-martschitsch-hartberg/i3.jpg HTTP/1.1" 200 134483 "http://easydrivers.activities.at/entry.php?id=11684" "Mozilla/5.0 (Windows NT 5.1; rv:52.0) Gecko/20100101 Firefox/52.0"
88.117.208.86 - - [27/Nov/2017:09:47:17 +0100] "GET /binaries/10247815.jpg HTTP/1.1" 200 80938 "http://easydrivers.activities.at/entry.php?id=11684" "Mozilla/5.0 (Windows NT 5.1; rv:52.0) Gecko/20100101 Firefox/52.0"
88.117.208.86 - - [27/Nov/2017:09:47:17 +0100] "GET /binaries/10245652.jpg HTTP/1.1" 200 114428 "http://easydrivers.activities.at/entry.php?id=11684" "Mozilla/5.0 (Windows NT 5.1; rv:52.0) Gecko/20100101 Firefox/52.0"
