213.47.172.74 - - [27/Nov/2017:17:32:00 +0100] "GET /entry.php?id=10676&title=Portal& HTTP/1.1" 200 1386 "http://easydrivers.activities.at/entry.php?id=11679" "Mozilla/5.0 (Windows NT 6.1; Win64; x64) AppleWebKit/537.36 (KHTML, like Gecko) Chrome/62.0.3202.94 Safari/537.36"
213.47.172.74 - - [27/Nov/2017:17:32:00 +0100] "GET /gui/javascript/form_form.js?1511800320 HTTP/1.1" 200 16206 "http://easydrivers.activities.at/entry.php?id=10676&title=Portal&" "Mozilla/5.0 (Windows NT 6.1; Win64; x64) AppleWebKit/537.36 (KHTML, like Gecko) Chrome/62.0.3202.94 Safari/537.36"
213.47.172.74 - - [27/Nov/2017:17:32:00 +0100] "GET /entry.php?id=11678& HTTP/1.1" 200 3215 "http://easydrivers.activities.at/entry.php?id=11679" "Mozilla/5.0 (Windows NT 6.1; Win64; x64) AppleWebKit/537.36 (KHTML, like Gecko) Chrome/62.0.3202.94 Safari/537.36"
213.47.172.74 - - [27/Nov/2017:17:32:00 +0100] "GET /activities/framework/KoolControls/KoolAjax/koolajax.php?8436e354c842500aba3cbaf0584c0c24 HTTP/1.1" 200 4079 "http://easydrivers.activities.at/entry.php?id=11678&" "Mozilla/5.0 (Windows NT 6.1; Win64; x64) AppleWebKit/537.36 (KHTML, like Gecko) Chrome/62.0.3202.94 Safari/537.36"
213.47.172.74 - - [27/Nov/2017:17:32:00 +0100] "GET /activities/framework/KoolControls/KoolTreeView/kooltreeview.php?c7cd9180e88ffef8e70f13526bb4f5f7 HTTP/1.1" 200 5055 "http://easydrivers.activities.at/entry.php?id=11678&" "Mozilla/5.0 (Windows NT 6.1; Win64; x64) AppleWebKit/537.36 (KHTML, like Gecko) Chrome/62.0.3202.94 Safari/537.36"
213.47.172.74 - - [27/Nov/2017:17:32:00 +0100] "GET /entry.php?id=11677& HTTP/1.1" 200 4374 "http://easydrivers.activities.at/entry.php?id=11679" "Mozilla/5.0 (Windows NT 6.1; Win64; x64) AppleWebKit/537.36 (KHTML, like Gecko) Chrome/62.0.3202.94 Safari/537.36"
213.47.172.74 - - [27/Nov/2017:17:32:01 +0100] "GET /gui/javascript/form_form.js?1511800321 HTTP/1.1" 200 16206 "http://easydrivers.activities.at/entry.php?id=11677&" "Mozilla/5.0 (Windows NT 6.1; Win64; x64) AppleWebKit/537.36 (KHTML, like Gecko) Chrome/62.0.3202.94 Safari/537.36"
213.47.172.74 - - [27/Nov/2017:17:32:01 +0100] "GET /entry.php?id=11618&&object=&item=&emu_class= HTTP/1.1" 200 1697 "http://easydrivers.activities.at/entry.php?id=11677&" "Mozilla/5.0 (Windows NT 6.1; Win64; x64) AppleWebKit/537.36 (KHTML, like Gecko) Chrome/62.0.3202.94 Safari/537.36"
213.47.172.74 - - [27/Nov/2017:17:32:02 +0100] "GET /gui/javascript/form_form.js?1511800322 HTTP/1.1" 200 16206 "http://easydrivers.activities.at/entry.php?id=11618&&object=&item=&emu_class=" "Mozilla/5.0 (Windows NT 6.1; Win64; x64) AppleWebKit/537.36 (KHTML, like Gecko) Chrome/62.0.3202.94 Safari/537.36"
213.47.172.74 - - [27/Nov/2017:17:32:04 +0100] "GET /entry.php?id=11679 HTTP/1.1" 200 312 "http://easydrivers.activities.at/entry.php?id=10270&__app__=10006038" "Mozilla/5.0 (Windows NT 6.1; Win64; x64) AppleWebKit/537.36 (KHTML, like Gecko) Chrome/62.0.3202.94 Safari/537.36"
213.47.172.74 - - [27/Nov/2017:17:32:04 +0100] "GET /entry.php?id=10676&title=Portal& HTTP/1.1" 200 1386 "http://easydrivers.activities.at/entry.php?id=11679" "Mozilla/5.0 (Windows NT 6.1; Win64; x64) AppleWebKit/537.36 (KHTML, like Gecko) Chrome/62.0.3202.94 Safari/537.36"
213.47.172.74 - - [27/Nov/2017:17:32:04 +0100] "GET /gui/javascript/form_form.js?1511800324 HTTP/1.1" 200 16206 "http://easydrivers.activities.at/entry.php?id=10676&title=Portal&" "Mozilla/5.0 (Windows NT 6.1; Win64; x64) AppleWebKit/537.36 (KHTML, like Gecko) Chrome/62.0.3202.94 Safari/537.36"
213.47.172.74 - - [27/Nov/2017:17:32:04 +0100] "GET /entry.php?id=11678& HTTP/1.1" 200 3215 "http://easydrivers.activities.at/entry.php?id=11679" "Mozilla/5.0 (Windows NT 6.1; Win64; x64) AppleWebKit/537.36 (KHTML, like Gecko) Chrome/62.0.3202.94 Safari/537.36"
213.47.172.74 - - [27/Nov/2017:17:32:05 +0100] "GET /activities/framework/KoolControls/KoolAjax/koolajax.php?8436e354c842500aba3cbaf0584c0c24 HTTP/1.1" 200 4079 "http://easydrivers.activities.at/entry.php?id=11678&" "Mozilla/5.0 (Windows NT 6.1; Win64; x64) AppleWebKit/537.36 (KHTML, like Gecko) Chrome/62.0.3202.94 Safari/537.36"
213.47.172.74 - - [27/Nov/2017:17:32:05 +0100] "GET /gui/javascript/form_form.js?1511800325 HTTP/1.1" 200 16206 "http://easydrivers.activities.at/entry.php?id=11678&" "Mozilla/5.0 (Windows NT 6.1; Win64; x64) AppleWebKit/537.36 (KHTML, like Gecko) Chrome/62.0.3202.94 Safari/537.36"
213.47.172.74 - - [27/Nov/2017:17:32:05 +0100] "GET /activities/framework/KoolControls/KoolTreeView/kooltreeview.php?c7cd9180e88ffef8e70f13526bb4f5f7 HTTP/1.1" 200 5055 "http://easydrivers.activities.at/entry.php?id=11678&" "Mozilla/5.0 (Windows NT 6.1; Win64; x64) AppleWebKit/537.36 (KHTML, like Gecko) Chrome/62.0.3202.94 Safari/537.36"
213.47.172.74 - - [27/Nov/2017:17:32:04 +0100] "GET /entry.php?id=11677& HTTP/1.1" 200 4375 "http://easydrivers.activities.at/entry.php?id=11679" "Mozilla/5.0 (Windows NT 6.1; Win64; x64) AppleWebKit/537.36 (KHTML, like Gecko) Chrome/62.0.3202.94 Safari/537.36"
213.47.172.74 - - [27/Nov/2017:17:32:06 +0100] "GET /entry.php?id=11618&&object=&item=&emu_class= HTTP/1.1" 200 1700 "http://easydrivers.activities.at/entry.php?id=11677&" "Mozilla/5.0 (Windows NT 6.1; Win64; x64) AppleWebKit/537.36 (KHTML, like Gecko) Chrome/62.0.3202.94 Safari/537.36"
213.47.172.74 - - [27/Nov/2017:17:32:06 +0100] "GET /gui/javascript/form_form.js?1511800326 HTTP/1.1" 200 16206 "http://easydrivers.activities.at/entry.php?id=11618&&object=&item=&emu_class=" "Mozilla/5.0 (Windows NT 6.1; Win64; x64) AppleWebKit/537.36 (KHTML, like Gecko) Chrome/62.0.3202.94 Safari/537.36"
81.10.228.170 - - [27/Nov/2017:17:32:08 +0100] "GET /entry.php?id=10271&&ser=800267 HTTP/1.1" 200 987 "http://easydrivers.activities.at/entry.php?id=10271&&ser=800206" "Mozilla/5.0 (Windows NT 10.0; Trident/7.0; rv:11.0) like Gecko"
81.10.228.170 - - [27/Nov/2017:17:32:08 +0100] "GET /entry.php?id=10271&&ser=800267 HTTP/1.1" 200 987 "http://easydrivers.activities.at/entry.php?id=10271&&ser=800206" "Mozilla/5.0 (Windows NT 10.0; Trident/7.0; rv:11.0) like Gecko"
81.10.228.170 - - [27/Nov/2017:17:32:08 +0100] "GET /gui/javascript/form_form.js?1511800328 HTTP/1.1" 200 16206 "http://easydrivers.activities.at/entry.php?id=10271&&ser=800267" "Mozilla/5.0 (Windows NT 10.0; Trident/7.0; rv:11.0) like Gecko"
81.10.228.170 - - [27/Nov/2017:17:32:08 +0100] "GET /gui/javascript/form_form.js?1511800328 HTTP/1.1" 200 16206 "http://easydrivers.activities.at/entry.php?id=10271&&ser=800267" "Mozilla/5.0 (Windows NT 10.0; Trident/7.0; rv:11.0) like Gecko"
213.47.172.74 - - [27/Nov/2017:17:32:09 +0100] "GET /entry.php?id=11679 HTTP/1.1" 200 312 "http://easydrivers.activities.at/entry.php?id=10270&__app__=10006038" "Mozilla/5.0 (Windows NT 6.1; Win64; x64) AppleWebKit/537.36 (KHTML, like Gecko) Chrome/62.0.3202.94 Safari/537.36"
213.47.172.74 - - [27/Nov/2017:17:32:10 +0100] "GET /entry.php?id=10676&title=Portal& HTTP/1.1" 200 1386 "http://easydrivers.activities.at/entry.php?id=11679" "Mozilla/5.0 (Windows NT 6.1; Win64; x64) AppleWebKit/537.36 (KHTML, like Gecko) Chrome/62.0.3202.94 Safari/537.36"
213.47.172.74 - - [27/Nov/2017:17:32:10 +0100] "GET /gui/javascript/form_form.js?1511800330 HTTP/1.1" 200 16206 "http://easydrivers.activities.at/entry.php?id=10676&title=Portal&" "Mozilla/5.0 (Windows NT 6.1; Win64; x64) AppleWebKit/537.36 (KHTML, like Gecko) Chrome/62.0.3202.94 Safari/537.36"
80.123.96.46 - - [27/Nov/2017:17:32:11 +0100] "GET /layout.php HTTP/1.1" 200 909 "-" "Mozilla/5.0 (Windows NT 6.1; WOW64; rv:56.0) Gecko/20100101 Firefox/56.0"
213.47.172.74 - - [27/Nov/2017:17:32:10 +0100] "GET /entry.php?id=11677& HTTP/1.1" 200 4374 "http://easydrivers.activities.at/entry.php?id=11679" "Mozilla/5.0 (Windows NT 6.1; Win64; x64) AppleWebKit/537.36 (KHTML, like Gecko) Chrome/62.0.3202.94 Safari/537.36"
80.123.96.46 - - [27/Nov/2017:17:32:11 +0100] "GET /gui/javascript/form_form.js HTTP/1.1" 200 16206 "http://ed.activities.at/layout.php" "Mozilla/5.0 (Windows NT 6.1; WOW64; rv:56.0) Gecko/20100101 Firefox/56.0"
213.47.172.74 - - [27/Nov/2017:17:32:11 +0100] "GET /gui/javascript/form_form.js?1511800331 HTTP/1.1" 200 16206 "http://easydrivers.activities.at/entry.php?id=11677&" "Mozilla/5.0 (Windows NT 6.1; Win64; x64) AppleWebKit/537.36 (KHTML, like Gecko) Chrome/62.0.3202.94 Safari/537.36"
80.123.96.46 - - [27/Nov/2017:17:32:11 +0100] "GET /entry.php?id=10272 HTTP/1.1" 200 1187 "http://ed.activities.at/layout.php" "Mozilla/5.0 (Windows NT 6.1; WOW64; rv:56.0) Gecko/20100101 Firefox/56.0"
80.123.96.46 - - [27/Nov/2017:17:32:11 +0100] "GET /entry.php?id=10270 HTTP/1.1" 200 908 "http://ed.activities.at/layout.php" "Mozilla/5.0 (Windows NT 6.1; WOW64; rv:56.0) Gecko/20100101 Firefox/56.0"
213.47.172.74 - - [27/Nov/2017:17:32:10 +0100] "GET /entry.php?id=11678& HTTP/1.1" 200 3213 "http://easydrivers.activities.at/entry.php?id=11679" "Mozilla/5.0 (Windows NT 6.1; Win64; x64) AppleWebKit/537.36 (KHTML, like Gecko) Chrome/62.0.3202.94 Safari/537.36"
80.123.96.46 - - [27/Nov/2017:17:32:11 +0100] "GET /gui/javascript/jquery/css/gui-themes/ui.spinner.css HTTP/1.1" 200 350 "http://ed.activities.at/entry.php?id=10272" "Mozilla/5.0 (Windows NT 6.1; WOW64; rv:56.0) Gecko/20100101 Firefox/56.0"
80.123.96.46 - - [27/Nov/2017:17:32:11 +0100] "GET /gui/javascript/jquery/css/gui-themes/custom.min.css HTTP/1.1" 200 5618 "http://ed.activities.at/entry.php?id=10272" "Mozilla/5.0 (Windows NT 6.1; WOW64; rv:56.0) Gecko/20100101 Firefox/56.0"
80.123.96.46 - - [27/Nov/2017:17:32:11 +0100] "GET /gui/styles/tmplDefault.css HTTP/1.1" 200 2135 "http://ed.activities.at/entry.php?id=10272" "Mozilla/5.0 (Windows NT 6.1; WOW64; rv:56.0) Gecko/20100101 Firefox/56.0"
80.123.96.46 - - [27/Nov/2017:17:32:11 +0100] "GET /entry.php?id=10273 HTTP/1.1" 200 1931 "http://ed.activities.at/layout.php" "Mozilla/5.0 (Windows NT 6.1; WOW64; rv:56.0) Gecko/20100101 Firefox/56.0"
80.123.96.46 - - [27/Nov/2017:17:32:11 +0100] "GET /gui/javascript/form_form.js?1511800331 HTTP/1.1" 200 16206 "http://ed.activities.at/entry.php?id=10272" "Mozilla/5.0 (Windows NT 6.1; WOW64; rv:56.0) Gecko/20100101 Firefox/56.0"
80.123.96.46 - - [27/Nov/2017:17:32:11 +0100] "GET /gui/javascript/jquery/jquery-tooltip/jquery.tooltip.min.js HTTP/1.1" 200 1982 "http://ed.activities.at/entry.php?id=10272" "Mozilla/5.0 (Windows NT 6.1; WOW64; rv:56.0) Gecko/20100101 Firefox/56.0"
80.123.96.46 - - [27/Nov/2017:17:32:11 +0100] "GET /gui/javascript/jquery/css/gui-themes/jquery.tooltip.css HTTP/1.1" 200 246 "http://ed.activities.at/entry.php?id=10272" "Mozilla/5.0 (Windows NT 6.1; WOW64; rv:56.0) Gecko/20100101 Firefox/56.0"
80.123.96.46 - - [27/Nov/2017:17:32:11 +0100] "GET /entry.php?id=11412 HTTP/1.1" 200 1758 "http://ed.activities.at/layout.php" "Mozilla/5.0 (Windows NT 6.1; WOW64; rv:56.0) Gecko/20100101 Firefox/56.0"
80.123.96.46 - - [27/Nov/2017:17:32:11 +0100] "GET /gui/javascript/jquery/js/jquery-ui-1.9.0.custom.min.js HTTP/1.1" 200 51286 "http://ed.activities.at/entry.php?id=10272" "Mozilla/5.0 (Windows NT 6.1; WOW64; rv:56.0) Gecko/20100101 Firefox/56.0"
80.123.96.46 - - [27/Nov/2017:17:32:11 +0100] "GET /gui/javascript/jquery/js/jquery-1.8.2.js HTTP/1.1" 200 35391 "http://ed.activities.at/entry.php?id=10272" "Mozilla/5.0 (Windows NT 6.1; WOW64; rv:56.0) Gecko/20100101 Firefox/56.0"
80.123.96.46 - - [27/Nov/2017:17:32:11 +0100] "GET /framework/webfx/javascript/statusbar/statusBar.js HTTP/1.1" 200 649 "http://ed.activities.at/entry.php?id=10272" "Mozilla/5.0 (Windows NT 6.1; WOW64; rv:56.0) Gecko/20100101 Firefox/56.0"
80.123.96.46 - - [27/Nov/2017:17:32:11 +0100] "GET /framework/webfx/style/toolbar/cb2.css HTTP/1.1" 200 793 "http://ed.activities.at/entry.php?id=10273" "Mozilla/5.0 (Windows NT 6.1; WOW64; rv:56.0) Gecko/20100101 Firefox/56.0"
80.123.96.46 - - [27/Nov/2017:17:32:11 +0100] "GET /framework/webfx/javascript/toolbar/ieemu.js HTTP/1.1" 200 2366 "http://ed.activities.at/entry.php?id=10273" "Mozilla/5.0 (Windows NT 6.1; WOW64; rv:56.0) Gecko/20100101 Firefox/56.0"
80.123.96.46 - - [27/Nov/2017:17:32:11 +0100] "GET /framework/webfx/javascript/toolbar/cb2.js HTTP/1.1" 200 1686 "http://ed.activities.at/entry.php?id=10273" "Mozilla/5.0 (Windows NT 6.1; WOW64; rv:56.0) Gecko/20100101 Firefox/56.0"
213.47.172.74 - - [27/Nov/2017:17:32:11 +0100] "GET /activities/framework/KoolControls/KoolAjax/koolajax.php?8436e354c842500aba3cbaf0584c0c24 HTTP/1.1" 200 4079 "http://easydrivers.activities.at/entry.php?id=11678&" "Mozilla/5.0 (Windows NT 6.1; Win64; x64) AppleWebKit/537.36 (KHTML, like Gecko) Chrome/62.0.3202.94 Safari/537.36"
80.123.96.46 - - [27/Nov/2017:17:32:11 +0100] "GET /gui/images/icons/cancel.gif HTTP/1.1" 200 125 "http://ed.activities.at/entry.php?id=11412" "Mozilla/5.0 (Windows NT 6.1; WOW64; rv:56.0) Gecko/20100101 Firefox/56.0"
80.123.96.46 - - [27/Nov/2017:17:32:11 +0100] "GET /gui/images/icons/Logo_activites_RGB.gif HTTP/1.1" 200 1336 "http://ed.activities.at/entry.php?id=10273" "Mozilla/5.0 (Windows NT 6.1; WOW64; rv:56.0) Gecko/20100101 Firefox/56.0"
213.47.172.74 - - [27/Nov/2017:17:32:11 +0100] "GET /activities/framework/KoolControls/KoolTreeView/kooltreeview.php?c7cd9180e88ffef8e70f13526bb4f5f7 HTTP/1.1" 200 5055 "http://easydrivers.activities.at/entry.php?id=11678&" "Mozilla/5.0 (Windows NT 6.1; Win64; x64) AppleWebKit/537.36 (KHTML, like Gecko) Chrome/62.0.3202.94 Safari/537.36"
213.47.172.74 - - [27/Nov/2017:17:32:11 +0100] "GET /entry.php?id=11618&&object=&item=&emu_class= HTTP/1.1" 200 1698 "http://easydrivers.activities.at/entry.php?id=11677&" "Mozilla/5.0 (Windows NT 6.1; Win64; x64) AppleWebKit/537.36 (KHTML, like Gecko) Chrome/62.0.3202.94 Safari/537.36"
80.123.96.46 - - [27/Nov/2017:17:32:11 +0100] "GET /entry.php?id=10271&UIN=c7adc506fa04105ce1c01ff803e03a0d HTTP/1.1" 200 933 "http://ed.activities.at/entry.php?id=10272" "Mozilla/5.0 (Windows NT 6.1; WOW64; rv:56.0) Gecko/20100101 Firefox/56.0"
80.123.96.46 - - [27/Nov/2017:17:32:11 +0100] "GET /gui/images/emptybar.gif HTTP/1.1" 200 89 "http://ed.activities.at/entry.php?id=10272" "Mozilla/5.0 (Windows NT 6.1; WOW64; rv:56.0) Gecko/20100101 Firefox/56.0"
80.123.96.46 - - [27/Nov/2017:17:32:11 +0100] "GET /entry.php?id=10287 HTTP/1.1" 200 2386 "http://ed.activities.at/entry.php?id=11412" "Mozilla/5.0 (Windows NT 6.1; WOW64; rv:56.0) Gecko/20100101 Firefox/56.0"
80.123.96.46 - - [27/Nov/2017:17:32:12 +0100] "GET /entry.php?id=10270& HTTP/1.1" 200 908 "http://ed.activities.at/entry.php?id=10287" "Mozilla/5.0 (Windows NT 6.1; WOW64; rv:56.0) Gecko/20100101 Firefox/56.0"
80.123.96.46 - - [27/Nov/2017:17:32:12 +0100] "GET /gui/javascript/form_form.js?1511800332 HTTP/1.1" 200 16206 "http://ed.activities.at/entry.php?id=10270&" "Mozilla/5.0 (Windows NT 6.1; WOW64; rv:56.0) Gecko/20100101 Firefox/56.0"
80.123.96.46 - - [27/Nov/2017:17:32:12 +0100] "GET /entry.php?id=10273& HTTP/1.1" 200 1902 "http://ed.activities.at/entry.php?id=10287" "Mozilla/5.0 (Windows NT 6.1; WOW64; rv:56.0) Gecko/20100101 Firefox/56.0"
213.47.172.74 - - [27/Nov/2017:17:32:11 +0100] "POST /entry.php?id=11677 HTTP/1.1" 200 4422 "http://easydrivers.activities.at/entry.php?id=11677&" "Mozilla/5.0 (Windows NT 6.1; Win64; x64) AppleWebKit/537.36 (KHTML, like Gecko) Chrome/62.0.3202.94 Safari/537.36"
80.123.96.46 - - [27/Nov/2017:17:32:12 +0100] "GET /activities.ico HTTP/1.1" 200 1406 "-" "Mozilla/5.0 (Windows NT 6.1; WOW64; rv:56.0) Gecko/20100101 Firefox/56.0"
213.47.172.74 - - [27/Nov/2017:17:32:12 +0100] "GET /gui/javascript/form_form.js?1511800332 HTTP/1.1" 200 16206 "http://easydrivers.activities.at/entry.php?id=11677" "Mozilla/5.0 (Windows NT 6.1; Win64; x64) AppleWebKit/537.36 (KHTML, like Gecko) Chrome/62.0.3202.94 Safari/537.36"
213.47.172.74 - - [27/Nov/2017:17:32:12 +0100] "POST /entry.php?id=11677 HTTP/1.1" 200 4421 "http://easydrivers.activities.at/entry.php?id=11677" "Mozilla/5.0 (Windows NT 6.1; Win64; x64) AppleWebKit/537.36 (KHTML, like Gecko) Chrome/62.0.3202.94 Safari/537.36"
213.47.172.74 - - [27/Nov/2017:17:32:13 +0100] "GET /gui/javascript/form_form.js?1511800333 HTTP/1.1" 200 16206 "http://easydrivers.activities.at/entry.php?id=11677" "Mozilla/5.0 (Windows NT 6.1; Win64; x64) AppleWebKit/537.36 (KHTML, like Gecko) Chrome/62.0.3202.94 Safari/537.36"
213.47.172.74 - - [27/Nov/2017:17:32:14 +0100] "POST /entry.php?id=11677 HTTP/1.1" 200 3218 "http://easydrivers.activities.at/entry.php?id=11677" "Mozilla/5.0 (Windows NT 6.1; Win64; x64) AppleWebKit/537.36 (KHTML, like Gecko) Chrome/62.0.3202.94 Safari/537.36"
213.47.172.74 - - [27/Nov/2017:17:32:14 +0100] "GET /framework/webfx/javascript/scrolltable/scrolltableIframe.js HTTP/1.1" 200 9641 "http://easydrivers.activities.at/entry.php?id=11677" "Mozilla/5.0 (Windows NT 6.1; Win64; x64) AppleWebKit/537.36 (KHTML, like Gecko) Chrome/62.0.3202.94 Safari/537.36"
213.47.172.74 - - [27/Nov/2017:17:32:14 +0100] "GET /gui/javascript/form_form.js?1511800334 HTTP/1.1" 200 16206 "http://easydrivers.activities.at/entry.php?id=11677" "Mozilla/5.0 (Windows NT 6.1; Win64; x64) AppleWebKit/537.36 (KHTML, like Gecko) Chrome/62.0.3202.94 Safari/537.36"
213.47.172.74 - - [27/Nov/2017:17:32:14 +0100] "GET /entry.php?id=10776&form=11502&name=list& HTTP/1.1" 200 1475 "http://easydrivers.activities.at/entry.php?id=11677" "Mozilla/5.0 (Windows NT 6.1; Win64; x64) AppleWebKit/537.36 (KHTML, like Gecko) Chrome/62.0.3202.94 Safari/537.36"
213.47.172.74 - - [27/Nov/2017:17:32:14 +0100] "GET /entry.php?id=10778&form=11502&name=list& HTTP/1.1" 200 3863 "http://easydrivers.activities.at/entry.php?id=11677" "Mozilla/5.0 (Windows NT 6.1; Win64; x64) AppleWebKit/537.36 (KHTML, like Gecko) Chrome/62.0.3202.94 Safari/537.36"
213.47.172.74 - - [27/Nov/2017:17:32:15 +0100] "GET /framework/icons/fwx_trans.gif HTTP/1.1" 200 43 "http://easydrivers.activities.at/entry.php?id=10776&form=11502&name=list&" "Mozilla/5.0 (Windows NT 6.1; Win64; x64) AppleWebKit/537.36 (KHTML, like Gecko) Chrome/62.0.3202.94 Safari/537.36"
213.47.172.74 - - [27/Nov/2017:17:32:15 +0100] "GET /gui/images/icons/lupe.png HTTP/1.1" 200 723 "http://easydrivers.activities.at/entry.php?id=10776&form=11502&name=list&" "Mozilla/5.0 (Windows NT 6.1; Win64; x64) AppleWebKit/537.36 (KHTML, like Gecko) Chrome/62.0.3202.94 Safari/537.36"
213.47.172.74 - - [27/Nov/2017:17:32:15 +0100] "GET /gui/images/icons/disabled_edit.gif HTTP/1.1" 200 408 "http://easydrivers.activities.at/entry.php?id=10778&form=11502&name=list&" "Mozilla/5.0 (Windows NT 6.1; Win64; x64) AppleWebKit/537.36 (KHTML, like Gecko) Chrome/62.0.3202.94 Safari/537.36"
213.47.172.74 - - [27/Nov/2017:17:32:19 +0100] "GET /gui/javascript/jquery/css/gui-themes/images/ui-bg_flat_100_808080_40x100.png HTTP/1.1" 200 209 "http://easydrivers.activities.at/gui/javascript/jquery/css/gui-themes/custom.min.css" "Mozilla/5.0 (Windows NT 6.1; Win64; x64) AppleWebKit/537.36 (KHTML, like Gecko) Chrome/62.0.3202.94 Safari/537.36"
213.47.172.74 - - [27/Nov/2017:17:32:19 +0100] "GET /gui/javascript/jquery/css/gui-themes/images/ui-icons_72a7cf_256x240_ev.png HTTP/1.1" 200 6036 "http://easydrivers.activities.at/gui/javascript/jquery/css/gui-themes/custom.min.css" "Mozilla/5.0 (Windows NT 6.1; Win64; x64) AppleWebKit/537.36 (KHTML, like Gecko) Chrome/62.0.3202.94 Safari/537.36"
213.47.172.74 - - [27/Nov/2017:17:32:19 +0100] "GET /gui/javascript/jquery/css/gui-themes/images/ui-bg_flat_90_eeeeee_40x100.png HTTP/1.1" 200 180 "http://easydrivers.activities.at/gui/javascript/jquery/css/gui-themes/custom.min.css" "Mozilla/5.0 (Windows NT 6.1; Win64; x64) AppleWebKit/537.36 (KHTML, like Gecko) Chrome/62.0.3202.94 Safari/537.36"
213.47.172.74 - - [27/Nov/2017:17:32:19 +0100] "GET /gui/javascript/jquery/css/gui-themes/images/ui-icons_ffffff_256x240_ev.png HTTP/1.1" 200 6912 "http://easydrivers.activities.at/gui/javascript/jquery/css/gui-themes/custom.min.css" "Mozilla/5.0 (Windows NT 6.1; Win64; x64) AppleWebKit/537.36 (KHTML, like Gecko) Chrome/62.0.3202.94 Safari/537.36"
213.47.172.74 - - [27/Nov/2017:17:32:19 +0100] "GET /entry.php?id=11685&object=10230540&site=10201431&item=10221987 HTTP/1.1" 200 3615 "http://easydrivers.activities.at/entry.php?id=11412" "Mozilla/5.0 (Windows NT 6.1; Win64; x64) AppleWebKit/537.36 (KHTML, like Gecko) Chrome/62.0.3202.94 Safari/537.36"
213.47.172.74 - - [27/Nov/2017:17:32:19 +0100] "GET /entry.php?id=11685&object=10230540&site=10201431&item=10221987 HTTP/1.1" 200 3615 "http://easydrivers.activities.at/entry.php?id=11412" "Mozilla/5.0 (Windows NT 6.1; Win64; x64) AppleWebKit/537.36 (KHTML, like Gecko) Chrome/62.0.3202.94 Safari/537.36"
213.47.172.74 - - [27/Nov/2017:17:32:20 +0100] "GET /gui/images/icons/lupe.gif HTTP/1.1" 200 324 "http://easydrivers.activities.at/entry.php?id=11685&object=10230540&site=10201431&item=10221987" "Mozilla/5.0 (Windows NT 6.1; Win64; x64) AppleWebKit/537.36 (KHTML, like Gecko) Chrome/62.0.3202.94 Safari/537.36"
213.47.172.74 - - [27/Nov/2017:17:32:20 +0100] "GET /cache/emu/images/easy-drivers-harm-innsbruck10244083/schnellkursjpg_160_90_0.jpg HTTP/1.1" 200 4214 "http://easydrivers.activities.at/entry.php?id=11685&object=10230540&site=10201431&item=10221987" "Mozilla/5.0 (Windows NT 6.1; Win64; x64) AppleWebKit/537.36 (KHTML, like Gecko) Chrome/62.0.3202.94 Safari/537.36"
213.47.172.74 - - [27/Nov/2017:17:32:20 +0100] "GET /gui/javascript/form_form.js?1511800339 HTTP/1.1" 200 16206 "http://easydrivers.activities.at/entry.php?id=11685&object=10230540&site=10201431&item=10221987" "Mozilla/5.0 (Windows NT 6.1; Win64; x64) AppleWebKit/537.36 (KHTML, like Gecko) Chrome/62.0.3202.94 Safari/537.36"
213.47.172.74 - - [27/Nov/2017:17:32:20 +0100] "GET /gui/images/icons/delete.gif HTTP/1.1" 200 86 "http://easydrivers.activities.at/entry.php?id=11685&object=10230540&site=10201431&item=10221987" "Mozilla/5.0 (Windows NT 6.1; Win64; x64) AppleWebKit/537.36 (KHTML, like Gecko) Chrome/62.0.3202.94 Safari/537.36"
80.123.96.46 - - [27/Nov/2017:17:32:26 +0100] "GET /gui/images/progressbar.gif HTTP/1.1" 200 2157 "http://ed.activities.at/entry.php?id=10272" "Mozilla/5.0 (Windows NT 6.1; WOW64; rv:56.0) Gecko/20100101 Firefox/56.0"
80.123.96.46 - - [27/Nov/2017:17:32:26 +0100] "POST /entry.php?id=10287& HTTP/1.1" 200 2280 "http://ed.activities.at/entry.php?id=10287" "Mozilla/5.0 (Windows NT 6.1; WOW64; rv:56.0) Gecko/20100101 Firefox/56.0"
80.123.96.46 - - [27/Nov/2017:17:32:27 +0100] "GET /gui/javascript/form_form.js?1511800347 HTTP/1.1" 200 16206 "http://ed.activities.at/entry.php?id=10287&" "Mozilla/5.0 (Windows NT 6.1; WOW64; rv:56.0) Gecko/20100101 Firefox/56.0"
213.47.172.74 - - [27/Nov/2017:17:32:27 +0100] "POST /entry.php?id=11685 HTTP/1.1" 200 3708 "http://easydrivers.activities.at/entry.php?id=11685&object=10230540&site=10201431&item=10221987" "Mozilla/5.0 (Windows NT 6.1; Win64; x64) AppleWebKit/537.36 (KHTML, like Gecko) Chrome/62.0.3202.94 Safari/537.36"
213.47.172.74 - - [27/Nov/2017:17:32:27 +0100] "GET /gui/javascript/form_form.js?1511800347 HTTP/1.1" 200 16206 "http://easydrivers.activities.at/entry.php?id=11685" "Mozilla/5.0 (Windows NT 6.1; Win64; x64) AppleWebKit/537.36 (KHTML, like Gecko) Chrome/62.0.3202.94 Safari/537.36"
80.123.96.46 - - [27/Nov/2017:17:32:27 +0100] "GET /entry.php?id=10271&UIN=c7adc506fa04105ce1c01ff803e03a0d HTTP/1.1" 200 987 "http://ed.activities.at/entry.php?id=10272" "Mozilla/5.0 (Windows NT 6.1; WOW64; rv:56.0) Gecko/20100101 Firefox/56.0"
80.123.96.46 - - [27/Nov/2017:17:32:28 +0100] "GET /gui/javascript/jquery/css/gui-themes/custom.min.css HTTP/1.1" 304 - "http://ed.activities.at/entry.php?id=10271&UIN=c7adc506fa04105ce1c01ff803e03a0d" "Mozilla/5.0 (Windows NT 6.1; WOW64; rv:56.0) Gecko/20100101 Firefox/56.0"
213.47.172.74 - - [27/Nov/2017:17:32:28 +0100] "GET /activities/framework/KoolControls/KoolTreeView/icons/square_yellowS.gif HTTP/1.1" 200 541 "http://easydrivers.activities.at/entry.php?id=11678&" "Mozilla/5.0 (Windows NT 6.1; Win64; x64) AppleWebKit/537.36 (KHTML, like Gecko) Chrome/62.0.3202.94 Safari/537.36"
80.123.96.46 - - [27/Nov/2017:17:32:28 +0100] "GET /gui/javascript/jquery/css/gui-themes/jquery.tooltip.css HTTP/1.1" 304 - "http://ed.activities.at/entry.php?id=10271&UIN=c7adc506fa04105ce1c01ff803e03a0d" "Mozilla/5.0 (Windows NT 6.1; WOW64; rv:56.0) Gecko/20100101 Firefox/56.0"
80.123.96.46 - - [27/Nov/2017:17:32:28 +0100] "GET /gui/styles/tmplDefault.css HTTP/1.1" 304 - "http://ed.activities.at/entry.php?id=10271&UIN=c7adc506fa04105ce1c01ff803e03a0d" "Mozilla/5.0 (Windows NT 6.1; WOW64; rv:56.0) Gecko/20100101 Firefox/56.0"
80.123.96.46 - - [27/Nov/2017:17:32:28 +0100] "GET /gui/javascript/form_form.js?1511800347 HTTP/1.1" 304 - "http://ed.activities.at/entry.php?id=10271&UIN=c7adc506fa04105ce1c01ff803e03a0d" "Mozilla/5.0 (Windows NT 6.1; WOW64; rv:56.0) Gecko/20100101 Firefox/56.0"
80.123.96.46 - - [27/Nov/2017:17:32:28 +0100] "GET /gui/javascript/jquery/css/gui-themes/ui.spinner.css HTTP/1.1" 304 - "http://ed.activities.at/entry.php?id=10271&UIN=c7adc506fa04105ce1c01ff803e03a0d" "Mozilla/5.0 (Windows NT 6.1; WOW64; rv:56.0) Gecko/20100101 Firefox/56.0"
80.123.96.46 - - [27/Nov/2017:17:32:28 +0100] "GET /gui/javascript/jquery/js/jquery-1.8.2.js HTTP/1.1" 304 - "http://ed.activities.at/entry.php?id=10271&UIN=c7adc506fa04105ce1c01ff803e03a0d" "Mozilla/5.0 (Windows NT 6.1; WOW64; rv:56.0) Gecko/20100101 Firefox/56.0"
80.123.96.46 - - [27/Nov/2017:17:32:27 +0100] "GET /entry.php?id=10273& HTTP/1.1" 200 2030 "http://ed.activities.at/entry.php?id=10287&" "Mozilla/5.0 (Windows NT 6.1; WOW64; rv:56.0) Gecko/20100101 Firefox/56.0"
80.123.96.46 - - [27/Nov/2017:17:32:28 +0100] "GET /gui/javascript/jquery/jquery-tooltip/jquery.tooltip.min.js HTTP/1.1" 304 - "http://ed.activities.at/entry.php?id=10271&UIN=c7adc506fa04105ce1c01ff803e03a0d" "Mozilla/5.0 (Windows NT 6.1; WOW64; rv:56.0) Gecko/20100101 Firefox/56.0"
80.123.96.46 - - [27/Nov/2017:17:32:28 +0100] "GET /gui/javascript/jquery/js/jquery-ui-1.9.0.custom.min.js HTTP/1.1" 304 - "http://ed.activities.at/entry.php?id=10271&UIN=c7adc506fa04105ce1c01ff803e03a0d" "Mozilla/5.0 (Windows NT 6.1; WOW64; rv:56.0) Gecko/20100101 Firefox/56.0"
80.123.96.46 - - [27/Nov/2017:17:32:28 +0100] "GET /gui/javascript/form_form.js?1511800348 HTTP/1.1" 200 16206 "http://ed.activities.at/entry.php?id=10273&" "Mozilla/5.0 (Windows NT 6.1; WOW64; rv:56.0) Gecko/20100101 Firefox/56.0"
80.123.96.46 - - [27/Nov/2017:17:32:28 +0100] "GET /framework/webfx/style/toolbar/images/cbback.gif HTTP/1.1" 404 313 "http://ed.activities.at/framework/webfx/style/toolbar/cb2.css" "Mozilla/5.0 (Windows NT 6.1; WOW64; rv:56.0) Gecko/20100101 Firefox/56.0"
80.123.96.46 - - [27/Nov/2017:17:32:28 +0100] "GET /entry.php?id=10270&__app__=10006038 HTTP/1.1" 200 1649 "http://ed.activities.at/entry.php?id=10273&" "Mozilla/5.0 (Windows NT 6.1; WOW64; rv:56.0) Gecko/20100101 Firefox/56.0"
80.123.96.46 - - [27/Nov/2017:17:32:28 +0100] "GET /framework/webfx/javascript/navigation/crossbrowser.js HTTP/1.1" 200 1842 "http://ed.activities.at/entry.php?id=10270&__app__=10006038" "Mozilla/5.0 (Windows NT 6.1; WOW64; rv:56.0) Gecko/20100101 Firefox/56.0"
80.123.96.46 - - [27/Nov/2017:17:32:28 +0100] "GET /framework/webfx/javascript/navigation/outlook.js HTTP/1.1" 200 6351 "http://ed.activities.at/entry.php?id=10270&__app__=10006038" "Mozilla/5.0 (Windows NT 6.1; WOW64; rv:56.0) Gecko/20100101 Firefox/56.0"
80.123.96.46 - - [27/Nov/2017:17:32:28 +0100] "GET /gui/images/icons/pers_einstellungen.gif HTTP/1.1" 200 1461 "http://ed.activities.at/entry.php?id=10270&__app__=10006038" "Mozilla/5.0 (Windows NT 6.1; WOW64; rv:56.0) Gecko/20100101 Firefox/56.0"
80.123.96.46 - - [27/Nov/2017:17:32:28 +0100] "GET /framework/icons/navigation/arrowup.gif HTTP/1.1" 200 407 "http://ed.activities.at/entry.php?id=10270&__app__=10006038" "Mozilla/5.0 (Windows NT 6.1; WOW64; rv:56.0) Gecko/20100101 Firefox/56.0"
80.123.96.46 - - [27/Nov/2017:17:32:28 +0100] "GET /framework/icons/navigation/arrowdown.gif HTTP/1.1" 200 424 "http://ed.activities.at/entry.php?id=10270&__app__=10006038" "Mozilla/5.0 (Windows NT 6.1; WOW64; rv:56.0) Gecko/20100101 Firefox/56.0"
80.123.96.46 - - [27/Nov/2017:17:32:28 +0100] "GET /gui/images/icons/i_firmen.gif HTTP/1.1" 200 1463 "http://ed.activities.at/entry.php?id=10270&__app__=10006038" "Mozilla/5.0 (Windows NT 6.1; WOW64; rv:56.0) Gecko/20100101 Firefox/56.0"
80.123.96.46 - - [27/Nov/2017:17:32:28 +0100] "GET /gui/images/icons/i_haendler_sollverteiler.gif HTTP/1.1" 200 1330 "http://ed.activities.at/entry.php?id=10270&__app__=10006038" "Mozilla/5.0 (Windows NT 6.1; WOW64; rv:56.0) Gecko/20100101 Firefox/56.0"
80.123.96.46 - - [27/Nov/2017:17:32:28 +0100] "GET /gui/images/icons/i_artikel.gif HTTP/1.1" 200 1765 "http://ed.activities.at/entry.php?id=10270&__app__=10006038" "Mozilla/5.0 (Windows NT 6.1; WOW64; rv:56.0) Gecko/20100101 Firefox/56.0"
80.123.96.46 - - [27/Nov/2017:17:32:28 +0100] "GET /gui/images/icons/menumanagement.gif HTTP/1.1" 200 204 "http://ed.activities.at/entry.php?id=10270&__app__=10006038" "Mozilla/5.0 (Windows NT 6.1; WOW64; rv:56.0) Gecko/20100101 Firefox/56.0"
80.123.96.46 - - [27/Nov/2017:17:32:28 +0100] "GET /gui/images/icons/i_aktionsreminder.gif HTTP/1.1" 200 2181 "http://ed.activities.at/entry.php?id=10270&__app__=10006038" "Mozilla/5.0 (Windows NT 6.1; WOW64; rv:56.0) Gecko/20100101 Firefox/56.0"
80.123.96.46 - - [27/Nov/2017:17:32:28 +0100] "GET /gui/images/icons/i_aktionen.gif HTTP/1.1" 200 1920 "http://ed.activities.at/entry.php?id=10270&__app__=10006038" "Mozilla/5.0 (Windows NT 6.1; WOW64; rv:56.0) Gecko/20100101 Firefox/56.0"
80.123.96.46 - - [27/Nov/2017:17:32:28 +0100] "GET /gui/images/icons/artikelbearbeitung_verfassung.gif HTTP/1.1" 200 1719 "http://ed.activities.at/entry.php?id=10270&__app__=10006038" "Mozilla/5.0 (Windows NT 6.1; WOW64; rv:56.0) Gecko/20100101 Firefox/56.0"
80.123.96.46 - - [27/Nov/2017:17:32:28 +0100] "GET /undefined HTTP/1.1" 404 283 "http://ed.activities.at/entry.php?id=10270&__app__=10006038" "Mozilla/5.0 (Windows NT 6.1; WOW64; rv:56.0) Gecko/20100101 Firefox/56.0"
213.47.172.74 - - [27/Nov/2017:17:32:29 +0100] "GET /gui/javascript/jquery/css/gui-themes/images/ui-icons_000000_256x240_ev.png HTTP/1.1" 200 11218 "http://easydrivers.activities.at/gui/javascript/jquery/css/gui-themes/custom.min.css" "Mozilla/5.0 (Windows NT 6.1; Win64; x64) AppleWebKit/537.36 (KHTML, like Gecko) Chrome/62.0.3202.94 Safari/537.36"
80.123.96.46 - - [27/Nov/2017:17:32:30 +0100] "GET /entry.php?id=11673 HTTP/1.1" 200 358 "http://ed.activities.at/entry.php?id=10270&__app__=10006038" "Mozilla/5.0 (Windows NT 6.1; WOW64; rv:56.0) Gecko/20100101 Firefox/56.0"
80.123.96.46 - - [27/Nov/2017:17:32:30 +0100] "GET /entry.php?id=11671& HTTP/1.1" 200 4540 "http://ed.activities.at/entry.php?id=11673" "Mozilla/5.0 (Windows NT 6.1; WOW64; rv:56.0) Gecko/20100101 Firefox/56.0"
80.123.96.46 - - [27/Nov/2017:17:32:30 +0100] "GET /gui/javascript/form_ed_training_course.js HTTP/1.1" 200 1951 "http://ed.activities.at/entry.php?id=11671&" "Mozilla/5.0 (Windows NT 6.1; WOW64; rv:56.0) Gecko/20100101 Firefox/56.0"
80.123.96.46 - - [27/Nov/2017:17:32:30 +0100] "GET /gui/javascript/jquery/js/jquery.friendurl.js HTTP/1.1" 200 2321 "http://ed.activities.at/entry.php?id=11671&" "Mozilla/5.0 (Windows NT 6.1; WOW64; rv:56.0) Gecko/20100101 Firefox/56.0"
80.123.96.46 - - [27/Nov/2017:17:32:30 +0100] "GET /gui/javascript/form_form.js?1511800350 HTTP/1.1" 200 16206 "http://ed.activities.at/entry.php?id=11671&" "Mozilla/5.0 (Windows NT 6.1; WOW64; rv:56.0) Gecko/20100101 Firefox/56.0"
80.123.96.46 - - [27/Nov/2017:17:32:30 +0100] "GET /gui/javascript/jquery/js/i18n/jquery.ui.datepicker-de.js HTTP/1.1" 200 479 "http://ed.activities.at/entry.php?id=11671&" "Mozilla/5.0 (Windows NT 6.1; WOW64; rv:56.0) Gecko/20100101 Firefox/56.0"
80.123.96.46 - - [27/Nov/2017:17:32:30 +0100] "GET /gui/javascript/jquery/js/ui-timepicker-addon.js HTTP/1.1" 200 17574 "http://ed.activities.at/entry.php?id=11671&" "Mozilla/5.0 (Windows NT 6.1; WOW64; rv:56.0) Gecko/20100101 Firefox/56.0"
80.123.96.46 - - [27/Nov/2017:17:32:30 +0100] "GET /gui/javascript/jquery/js/i18n/jquery-ui-timepicker-de.js HTTP/1.1" 200 333 "http://ed.activities.at/entry.php?id=11671&" "Mozilla/5.0 (Windows NT 6.1; WOW64; rv:56.0) Gecko/20100101 Firefox/56.0"
80.123.96.46 - - [27/Nov/2017:17:32:30 +0100] "GET /framework/webfx/javascript/scrolltable/scrolltableIframe.js HTTP/1.1" 200 9641 "http://ed.activities.at/entry.php?id=11671&" "Mozilla/5.0 (Windows NT 6.1; WOW64; rv:56.0) Gecko/20100101 Firefox/56.0"
80.123.96.46 - - [27/Nov/2017:17:32:31 +0100] "GET /activities/framework/fwx_trans.gif HTTP/1.1" 200 43 "http://ed.activities.at/entry.php?id=11671&" "Mozilla/5.0 (Windows NT 6.1; WOW64; rv:56.0) Gecko/20100101 Firefox/56.0"
80.123.96.46 - - [27/Nov/2017:17:32:31 +0100] "GET /gui/images/icons/ajax_loading.gif HTTP/1.1" 200 1542 "http://ed.activities.at/entry.php?id=11671&" "Mozilla/5.0 (Windows NT 6.1; WOW64; rv:56.0) Gecko/20100101 Firefox/56.0"
80.123.96.46 - - [27/Nov/2017:17:32:31 +0100] "GET /gui/images/icons/disabled_wizard.png HTTP/1.1" 200 658 "http://ed.activities.at/entry.php?id=11671&" "Mozilla/5.0 (Windows NT 6.1; WOW64; rv:56.0) Gecko/20100101 Firefox/56.0"
80.123.96.46 - - [27/Nov/2017:17:32:31 +0100] "GET /gui/images/icons/disabled_calendar.png HTTP/1.1" 200 640 "http://ed.activities.at/entry.php?id=11671&" "Mozilla/5.0 (Windows NT 6.1; WOW64; rv:56.0) Gecko/20100101 Firefox/56.0"
213.47.172.74 - - [27/Nov/2017:17:32:31 +0100] "POST /entry.php?id=11677 HTTP/1.1" 200 4427 "http://easydrivers.activities.at/entry.php?id=11677" "Mozilla/5.0 (Windows NT 6.1; Win64; x64) AppleWebKit/537.36 (KHTML, like Gecko) Chrome/62.0.3202.94 Safari/537.36"
80.123.96.46 - - [27/Nov/2017:17:32:30 +0100] "GET /entry.php?id=11672& HTTP/1.1" 200 2734 "http://ed.activities.at/entry.php?id=11673" "Mozilla/5.0 (Windows NT 6.1; WOW64; rv:56.0) Gecko/20100101 Firefox/56.0"
213.47.172.74 - - [27/Nov/2017:17:32:31 +0100] "GET /gui/javascript/form_form.js?1511800351 HTTP/1.1" 200 16206 "http://easydrivers.activities.at/entry.php?id=11677" "Mozilla/5.0 (Windows NT 6.1; Win64; x64) AppleWebKit/537.36 (KHTML, like Gecko) Chrome/62.0.3202.94 Safari/537.36"
80.123.96.46 - - [27/Nov/2017:17:32:31 +0100] "GET /gui/javascript/form_form.js?1511800351 HTTP/1.1" 200 16206 "http://ed.activities.at/entry.php?id=11672&" "Mozilla/5.0 (Windows NT 6.1; WOW64; rv:56.0) Gecko/20100101 Firefox/56.0"
80.123.96.46 - - [27/Nov/2017:17:32:30 +0100] "GET /entry.php?id=11694& HTTP/1.1" 200 3678 "http://ed.activities.at/entry.php?id=11673" "Mozilla/5.0 (Windows NT 6.1; WOW64; rv:56.0) Gecko/20100101 Firefox/56.0"
80.123.96.46 - - [27/Nov/2017:17:32:30 +0100] "GET /entry.php?id=10676&&title=F%FChrerscheinkurse HTTP/1.1" 200 1394 "http://ed.activities.at/entry.php?id=11673" "Mozilla/5.0 (Windows NT 6.1; WOW64; rv:56.0) Gecko/20100101 Firefox/56.0"
80.123.96.46 - - [27/Nov/2017:17:32:32 +0100] "GET /gui/javascript/form_form.js?1511800352 HTTP/1.1" 200 16206 "http://ed.activities.at/entry.php?id=11694&" "Mozilla/5.0 (Windows NT 6.1; WOW64; rv:56.0) Gecko/20100101 Firefox/56.0"
80.123.96.46 - - [27/Nov/2017:17:32:31 +0100] "GET /entry.php?id=10776&form=11496&name=list& HTTP/1.1" 200 1526 "http://ed.activities.at/entry.php?id=11671&" "Mozilla/5.0 (Windows NT 6.1; WOW64; rv:56.0) Gecko/20100101 Firefox/56.0"
80.123.96.46 - - [27/Nov/2017:17:32:31 +0100] "GET /entry.php?id=10778&form=11496&name=list& HTTP/1.1" 200 2493 "http://ed.activities.at/entry.php?id=11671&" "Mozilla/5.0 (Windows NT 6.1; WOW64; rv:56.0) Gecko/20100101 Firefox/56.0"
80.123.96.46 - - [27/Nov/2017:17:32:33 +0100] "GET /activities/framework/KoolControls/KoolAjax/koolajax.php?8436e354c842500aba3cbaf0584c0c24 HTTP/1.1" 200 4079 "http://ed.activities.at/entry.php?id=11694&" "Mozilla/5.0 (Windows NT 6.1; WOW64; rv:56.0) Gecko/20100101 Firefox/56.0"
80.123.96.46 - - [27/Nov/2017:17:32:33 +0100] "GET /activities/framework/KoolControls/KoolTreeView/icons/Folder.gif HTTP/1.1" 200 267 "http://ed.activities.at/entry.php?id=11694&" "Mozilla/5.0 (Windows NT 6.1; WOW64; rv:56.0) Gecko/20100101 Firefox/56.0"
80.123.96.46 - - [27/Nov/2017:17:32:33 +0100] "GET /activities/framework/KoolControls/KoolTreeView/icons/square_blueS.gif HTTP/1.1" 200 540 "http://ed.activities.at/entry.php?id=11694&" "Mozilla/5.0 (Windows NT 6.1; WOW64; rv:56.0) Gecko/20100101 Firefox/56.0"
80.123.96.46 - - [27/Nov/2017:17:32:33 +0100] "GET /activities/framework/KoolControls/KoolTreeView/icons/square_yellowS.gif HTTP/1.1" 200 541 "http://ed.activities.at/entry.php?id=11694&" "Mozilla/5.0 (Windows NT 6.1; WOW64; rv:56.0) Gecko/20100101 Firefox/56.0"
80.123.96.46 - - [27/Nov/2017:17:32:33 +0100] "GET /activities/framework/KoolControls/KoolTreeView/icons/square_greyS.gif HTTP/1.1" 200 342 "http://ed.activities.at/entry.php?id=11694&" "Mozilla/5.0 (Windows NT 6.1; WOW64; rv:56.0) Gecko/20100101 Firefox/56.0"
80.123.96.46 - - [27/Nov/2017:17:32:33 +0100] "GET /framework/icons/fwx_trans.gif HTTP/1.1" 200 43 "http://ed.activities.at/entry.php?id=10778&form=11496&name=list&" "Mozilla/5.0 (Windows NT 6.1; WOW64; rv:56.0) Gecko/20100101 Firefox/56.0"
80.123.96.46 - - [27/Nov/2017:17:32:33 +0100] "GET /gui/images/icons/website.gif HTTP/1.1" 200 1049 "http://ed.activities.at/entry.php?id=10776&form=11496&name=list&" "Mozilla/5.0 (Windows NT 6.1; WOW64; rv:56.0) Gecko/20100101 Firefox/56.0"
80.123.96.46 - - [27/Nov/2017:17:32:33 +0100] "GET /activities/framework/KoolControls/KoolTreeView/styles/default/default.css HTTP/1.1" 200 1099 "http://ed.activities.at/entry.php?id=11694&" "Mozilla/5.0 (Windows NT 6.1; WOW64; rv:56.0) Gecko/20100101 Firefox/56.0"
80.123.96.46 - - [27/Nov/2017:17:32:33 +0100] "GET /activities/framework/KoolControls/KoolTreeView/kooltreeview.php?c7cd9180e88ffef8e70f13526bb4f5f7 HTTP/1.1" 200 5055 "http://ed.activities.at/entry.php?id=11694&" "Mozilla/5.0 (Windows NT 6.1; WOW64; rv:56.0) Gecko/20100101 Firefox/56.0"
80.123.96.46 - - [27/Nov/2017:17:32:31 +0100] "GET /entry.php?id=10778&form=11497&name=list& HTTP/1.1" 200 16815 "http://ed.activities.at/entry.php?id=11672&" "Mozilla/5.0 (Windows NT 6.1; WOW64; rv:56.0) Gecko/20100101 Firefox/56.0"
80.123.96.46 - - [27/Nov/2017:17:32:33 +0100] "GET /gui/images/icons/disable_light.gif HTTP/1.1" 200 616 "http://ed.activities.at/entry.php?id=10778&form=11497&name=list&" "Mozilla/5.0 (Windows NT 6.1; WOW64; rv:56.0) Gecko/20100101 Firefox/56.0"
80.123.96.46 - - [27/Nov/2017:17:32:33 +0100] "GET /gui/images/icons/note_msg_icon.gif HTTP/1.1" 200 1022 "http://ed.activities.at/entry.php?id=10778&form=11497&name=list&" "Mozilla/5.0 (Windows NT 6.1; WOW64; rv:56.0) Gecko/20100101 Firefox/56.0"
80.123.96.46 - - [27/Nov/2017:17:32:31 +0100] "GET /entry.php?id=10776&form=11497&name=list& HTTP/1.1" 200 1942 "http://ed.activities.at/entry.php?id=11672&" "Mozilla/5.0 (Windows NT 6.1; WOW64; rv:56.0) Gecko/20100101 Firefox/56.0"
80.123.96.46 - - [27/Nov/2017:17:32:32 +0100] "GET /entry.php?id=10777&form=11497&name=list& HTTP/1.1" 200 1340 "http://ed.activities.at/entry.php?id=11672&" "Mozilla/5.0 (Windows NT 6.1; WOW64; rv:56.0) Gecko/20100101 Firefox/56.0"
80.123.96.46 - - [27/Nov/2017:17:32:33 +0100] "GET /activities/framework/KoolControls/KoolTreeView/styles/default/v.gif HTTP/1.1" 200 1940 "http://ed.activities.at/activities/framework/KoolControls/KoolTreeView/styles/default/default.css" "Mozilla/5.0 (Windows NT 6.1; WOW64; rv:56.0) Gecko/20100101 Firefox/56.0"
80.123.96.46 - - [27/Nov/2017:17:32:33 +0100] "GET /activities/framework/KoolControls/KoolTreeView/styles/default/mid.gif HTTP/1.1" 200 71 "http://ed.activities.at/activities/framework/KoolControls/KoolTreeView/styles/default/default.css" "Mozilla/5.0 (Windows NT 6.1; WOW64; rv:56.0) Gecko/20100101 Firefox/56.0"
80.123.96.46 - - [27/Nov/2017:17:32:33 +0100] "GET /activities/framework/KoolControls/KoolTreeView/styles/default/pm.gif HTTP/1.1" 200 214 "http://ed.activities.at/activities/framework/KoolControls/KoolTreeView/styles/default/default.css" "Mozilla/5.0 (Windows NT 6.1; WOW64; rv:56.0) Gecko/20100101 Firefox/56.0"
80.123.96.46 - - [27/Nov/2017:17:32:33 +0100] "GET /activities/framework/KoolControls/KoolTreeView/styles/default/horizon.gif HTTP/1.1" 200 844 "http://ed.activities.at/activities/framework/KoolControls/KoolTreeView/styles/default/default.css" "Mozilla/5.0 (Windows NT 6.1; WOW64; rv:56.0) Gecko/20100101 Firefox/56.0"
80.123.96.46 - - [27/Nov/2017:17:32:33 +0100] "GET /activities/framework/KoolControls/KoolTreeView/styles/default/L.gif HTTP/1.1" 200 67 "http://ed.activities.at/activities/framework/KoolControls/KoolTreeView/styles/default/default.css" "Mozilla/5.0 (Windows NT 6.1; WOW64; rv:56.0) Gecko/20100101 Firefox/56.0"
80.123.96.46 - - [27/Nov/2017:17:32:33 +0100] "GET /framework/icons/sortUp.gif HTTP/1.1" 200 53 "http://ed.activities.at/entry.php?id=10776&form=11497&name=list&" "Mozilla/5.0 (Windows NT 6.1; WOW64; rv:56.0) Gecko/20100101 Firefox/56.0"
80.123.96.46 - - [27/Nov/2017:17:32:33 +0100] "GET /gui/images/icons/filter_on.gif HTTP/1.1" 200 316 "http://ed.activities.at/entry.php?id=10776&form=11497&name=list&" "Mozilla/5.0 (Windows NT 6.1; WOW64; rv:56.0) Gecko/20100101 Firefox/56.0"
80.123.96.46 - - [27/Nov/2017:17:32:33 +0100] "GET /gui/images/icons/lupe.gif HTTP/1.1" 200 324 "http://ed.activities.at/entry.php?id=10776&form=11497&name=list&" "Mozilla/5.0 (Windows NT 6.1; WOW64; rv:56.0) Gecko/20100101 Firefox/56.0"
80.123.96.46 - - [27/Nov/2017:17:32:33 +0100] "GET /gui/images/icons/paging_firstpage_disabled.gif HTTP/1.1" 200 79 "http://ed.activities.at/entry.php?id=10777&form=11497&name=list&" "Mozilla/5.0 (Windows NT 6.1; WOW64; rv:56.0) Gecko/20100101 Firefox/56.0"
80.123.96.46 - - [27/Nov/2017:17:32:33 +0100] "GET /gui/images/icons/paging_next.gif HTTP/1.1" 200 74 "http://ed.activities.at/entry.php?id=10777&form=11497&name=list&" "Mozilla/5.0 (Windows NT 6.1; WOW64; rv:56.0) Gecko/20100101 Firefox/56.0"
80.123.96.46 - - [27/Nov/2017:17:32:33 +0100] "GET /gui/images/icons/paging_preview_disabled.gif HTTP/1.1" 200 75 "http://ed.activities.at/entry.php?id=10777&form=11497&name=list&" "Mozilla/5.0 (Windows NT 6.1; WOW64; rv:56.0) Gecko/20100101 Firefox/56.0"
80.123.96.46 - - [27/Nov/2017:17:32:33 +0100] "GET /gui/images/icons/paging_lastpage.gif HTTP/1.1" 200 78 "http://ed.activities.at/entry.php?id=10777&form=11497&name=list&" "Mozilla/5.0 (Windows NT 6.1; WOW64; rv:56.0) Gecko/20100101 Firefox/56.0"
213.47.172.74 - - [27/Nov/2017:17:32:36 +0100] "POST /entry.php?id=11678 HTTP/1.1" 200 3268 "http://easydrivers.activities.at/entry.php?id=11678&" "Mozilla/5.0 (Windows NT 6.1; Win64; x64) AppleWebKit/537.36 (KHTML, like Gecko) Chrome/62.0.3202.94 Safari/537.36"
213.47.172.74 - - [27/Nov/2017:17:32:37 +0100] "GET /activities/framework/KoolControls/KoolAjax/koolajax.php?8436e354c842500aba3cbaf0584c0c24 HTTP/1.1" 200 4079 "http://easydrivers.activities.at/entry.php?id=11678" "Mozilla/5.0 (Windows NT 6.1; Win64; x64) AppleWebKit/537.36 (KHTML, like Gecko) Chrome/62.0.3202.94 Safari/537.36"
213.47.172.74 - - [27/Nov/2017:17:32:37 +0100] "GET /gui/javascript/form_form.js?1511800356 HTTP/1.1" 200 16206 "http://easydrivers.activities.at/entry.php?id=11678" "Mozilla/5.0 (Windows NT 6.1; Win64; x64) AppleWebKit/537.36 (KHTML, like Gecko) Chrome/62.0.3202.94 Safari/537.36"
213.47.172.74 - - [27/Nov/2017:17:32:37 +0100] "GET /activities/framework/KoolControls/KoolTreeView/kooltreeview.php?c7cd9180e88ffef8e70f13526bb4f5f7 HTTP/1.1" 200 5055 "http://easydrivers.activities.at/entry.php?id=11678" "Mozilla/5.0 (Windows NT 6.1; Win64; x64) AppleWebKit/537.36 (KHTML, like Gecko) Chrome/62.0.3202.94 Safari/537.36"
213.47.172.74 - - [27/Nov/2017:17:32:38 +0100] "POST /entry.php?id=11677 HTTP/1.1" 200 4422 "http://easydrivers.activities.at/entry.php?id=11677" "Mozilla/5.0 (Windows NT 6.1; Win64; x64) AppleWebKit/537.36 (KHTML, like Gecko) Chrome/62.0.3202.94 Safari/537.36"
213.47.172.74 - - [27/Nov/2017:17:32:38 +0100] "GET /gui/javascript/form_form.js?1511800358 HTTP/1.1" 200 16206 "http://easydrivers.activities.at/entry.php?id=11677" "Mozilla/5.0 (Windows NT 6.1; Win64; x64) AppleWebKit/537.36 (KHTML, like Gecko) Chrome/62.0.3202.94 Safari/537.36"
213.47.172.74 - - [27/Nov/2017:17:32:49 +0100] "GET /entry.php?id=10287&login=1 HTTP/1.1" 200 1875 "http://easydrivers.activities.at/entry.php?id=10273&" "Mozilla/5.0 (Windows NT 6.1; Win64; x64) AppleWebKit/537.36 (KHTML, like Gecko) Chrome/62.0.3202.94 Safari/537.36"
213.47.172.74 - - [27/Nov/2017:17:32:49 +0100] "GET /entry.php?id=10271&&ser=800308 HTTP/1.1" 200 985 "http://easydrivers.activities.at/entry.php?id=10271&UIN=8220d801a2867ba1bc7b44b1bfb84371" "Mozilla/5.0 (Windows NT 6.1; Win64; x64) AppleWebKit/537.36 (KHTML, like Gecko) Chrome/62.0.3202.94 Safari/537.36"
213.47.172.74 - - [27/Nov/2017:17:32:49 +0100] "GET /gui/javascript/form_form.js?1511800369 HTTP/1.1" 200 16206 "http://easydrivers.activities.at/entry.php?id=10287&login=1" "Mozilla/5.0 (Windows NT 6.1; Win64; x64) AppleWebKit/537.36 (KHTML, like Gecko) Chrome/62.0.3202.94 Safari/537.36"
213.47.172.74 - - [27/Nov/2017:17:32:51 +0100] "POST /entry.php?id=10287& HTTP/1.1" 200 2427 "http://easydrivers.activities.at/entry.php?id=10287&login=1" "Mozilla/5.0 (Windows NT 6.1; Win64; x64) AppleWebKit/537.36 (KHTML, like Gecko) Chrome/62.0.3202.94 Safari/537.36"
213.47.172.74 - - [27/Nov/2017:17:32:52 +0100] "GET /gui/javascript/form_form.js?1511800372 HTTP/1.1" 200 16206 "http://easydrivers.activities.at/entry.php?id=10287&" "Mozilla/5.0 (Windows NT 6.1; Win64; x64) AppleWebKit/537.36 (KHTML, like Gecko) Chrome/62.0.3202.94 Safari/537.36"
213.47.172.74 - - [27/Nov/2017:17:32:52 +0100] "GET /entry.php?id=10270& HTTP/1.1" 200 908 "http://easydrivers.activities.at/entry.php?id=10287&" "Mozilla/5.0 (Windows NT 6.1; Win64; x64) AppleWebKit/537.36 (KHTML, like Gecko) Chrome/62.0.3202.94 Safari/537.36"
213.47.172.74 - - [27/Nov/2017:17:32:52 +0100] "GET /entry.php?id=10273&logout=true& HTTP/1.1" 200 1912 "http://easydrivers.activities.at/entry.php?id=10287&" "Mozilla/5.0 (Windows NT 6.1; Win64; x64) AppleWebKit/537.36 (KHTML, like Gecko) Chrome/62.0.3202.94 Safari/537.36"
80.123.96.46 - - [27/Nov/2017:17:32:52 +0100] "POST /entry.php?id=11672 HTTP/1.1" 200 2700 "http://ed.activities.at/entry.php?id=11672&" "Mozilla/5.0 (Windows NT 6.1; WOW64; rv:56.0) Gecko/20100101 Firefox/56.0"
80.123.96.46 - - [27/Nov/2017:17:32:53 +0100] "GET /gui/javascript/form_form.js?1511800373 HTTP/1.1" 200 16206 "http://ed.activities.at/entry.php?id=11672" "Mozilla/5.0 (Windows NT 6.1; WOW64; rv:56.0) Gecko/20100101 Firefox/56.0"
80.123.96.46 - - [27/Nov/2017:17:32:53 +0100] "GET /entry.php?id=10778&form=11497&name=list& HTTP/1.1" 200 8308 "http://ed.activities.at/entry.php?id=11672" "Mozilla/5.0 (Windows NT 6.1; WOW64; rv:56.0) Gecko/20100101 Firefox/56.0"
80.123.96.46 - - [27/Nov/2017:17:32:53 +0100] "GET /entry.php?id=10776&form=11497&name=list& HTTP/1.1" 200 1941 "http://ed.activities.at/entry.php?id=11672" "Mozilla/5.0 (Windows NT 6.1; WOW64; rv:56.0) Gecko/20100101 Firefox/56.0"
80.123.96.46 - - [27/Nov/2017:17:33:00 +0100] "GET /framework/icons/rowselect.gif HTTP/1.1" 200 67 "http://ed.activities.at/entry.php?id=10778&form=11497&name=list&" "Mozilla/5.0 (Windows NT 6.1; WOW64; rv:56.0) Gecko/20100101 Firefox/56.0"
80.123.96.46 - - [27/Nov/2017:17:33:00 +0100] "POST /entry.php?id=11671 HTTP/1.1" 200 5010 "http://ed.activities.at/entry.php?id=11671&" "Mozilla/5.0 (Windows NT 6.1; WOW64; rv:56.0) Gecko/20100101 Firefox/56.0"
80.123.96.46 - - [27/Nov/2017:17:33:00 +0100] "GET /gui/javascript/form_form.js?1511800380 HTTP/1.1" 200 16206 "http://ed.activities.at/entry.php?id=11671" "Mozilla/5.0 (Windows NT 6.1; WOW64; rv:56.0) Gecko/20100101 Firefox/56.0"
80.123.96.46 - - [27/Nov/2017:17:33:00 +0100] "GET /gui/images/icons/wizard.png HTTP/1.1" 200 724 "http://ed.activities.at/entry.php?id=11671" "Mozilla/5.0 (Windows NT 6.1; WOW64; rv:56.0) Gecko/20100101 Firefox/56.0"
80.123.96.46 - - [27/Nov/2017:17:33:01 +0100] "GET /gui/images/icons/calendar.png HTTP/1.1" 200 675 "http://ed.activities.at/entry.php?id=11671" "Mozilla/5.0 (Windows NT 6.1; WOW64; rv:56.0) Gecko/20100101 Firefox/56.0"
80.123.96.46 - - [27/Nov/2017:17:33:01 +0100] "GET /entry.php?id=10776&form=11496&name=list& HTTP/1.1" 200 1519 "http://ed.activities.at/entry.php?id=11671" "Mozilla/5.0 (Windows NT 6.1; WOW64; rv:56.0) Gecko/20100101 Firefox/56.0"
80.123.96.46 - - [27/Nov/2017:17:33:01 +0100] "GET /entry.php?id=10778&form=11496&name=list& HTTP/1.1" 200 5673 "http://ed.activities.at/entry.php?id=11671" "Mozilla/5.0 (Windows NT 6.1; WOW64; rv:56.0) Gecko/20100101 Firefox/56.0"
81.10.228.170 - - [27/Nov/2017:17:33:09 +0100] "GET /entry.php?id=10271&&ser=800328 HTTP/1.1" 200 986 "http://easydrivers.activities.at/entry.php?id=10271&&ser=800267" "Mozilla/5.0 (Windows NT 10.0; Trident/7.0; rv:11.0) like Gecko"
81.10.228.170 - - [27/Nov/2017:17:33:09 +0100] "GET /entry.php?id=10271&&ser=800328 HTTP/1.1" 200 986 "http://easydrivers.activities.at/entry.php?id=10271&&ser=800267" "Mozilla/5.0 (Windows NT 10.0; Trident/7.0; rv:11.0) like Gecko"
81.10.228.170 - - [27/Nov/2017:17:33:09 +0100] "GET /gui/javascript/form_form.js?1511800389 HTTP/1.1" 200 16206 "http://easydrivers.activities.at/entry.php?id=10271&&ser=800328" "Mozilla/5.0 (Windows NT 10.0; Trident/7.0; rv:11.0) like Gecko"
81.10.228.170 - - [27/Nov/2017:17:33:09 +0100] "GET /gui/javascript/form_form.js?1511800389 HTTP/1.1" 200 16206 "http://easydrivers.activities.at/entry.php?id=10271&&ser=800328" "Mozilla/5.0 (Windows NT 10.0; Trident/7.0; rv:11.0) like Gecko"
80.123.96.46 - - [27/Nov/2017:17:33:12 +0100] "POST /entry.php?id=11671 HTTP/1.1" 200 4962 "http://ed.activities.at/entry.php?id=11671" "Mozilla/5.0 (Windows NT 6.1; WOW64; rv:56.0) Gecko/20100101 Firefox/56.0"
80.123.96.46 - - [27/Nov/2017:17:33:13 +0100] "GET /gui/javascript/form_form.js?1511800393 HTTP/1.1" 200 16206 "http://ed.activities.at/entry.php?id=11671" "Mozilla/5.0 (Windows NT 6.1; WOW64; rv:56.0) Gecko/20100101 Firefox/56.0"
