217.149.175.19 - - [27/Nov/2017:10:30:31 +0100] "GET /framework/webfx/javascript/tinymce/skins/lightgray/content.min.css HTTP/1.1" 404 325 "http://ed.activities.at/entry.php?id=11671" "Mozilla/5.0 (Windows NT 6.1; Win64; x64; rv:57.0) Gecko/20100101 Firefox/57.0"
217.149.175.19 - - [27/Nov/2017:10:30:40 +0100] "POST /entry.php?id=11671 HTTP/1.1" 200 3446 "http://ed.activities.at/entry.php?id=11671" "Mozilla/5.0 (Windows NT 6.1; Win64; x64; rv:57.0) Gecko/20100101 Firefox/57.0"
217.149.175.19 - - [27/Nov/2017:10:30:41 +0100] "GET /gui/javascript/form_form.js?1511775041 HTTP/1.1" 200 16206 "http://ed.activities.at/entry.php?id=11671" "Mozilla/5.0 (Windows NT 6.1; Win64; x64; rv:57.0) Gecko/20100101 Firefox/57.0"
217.149.175.19 - - [27/Nov/2017:10:30:41 +0100] "GET /framework/webfx/javascript/tinymce/skins/lightgray/content.min.css HTTP/1.1" 404 325 "http://ed.activities.at/entry.php?id=11671" "Mozilla/5.0 (Windows NT 6.1; Win64; x64; rv:57.0) Gecko/20100101 Firefox/57.0"
217.149.175.19 - - [27/Nov/2017:10:30:54 +0100] "POST /entry.php?id=11671 HTTP/1.1" 200 4818 "http://ed.activities.at/entry.php?id=11671" "Mozilla/5.0 (Windows NT 6.1; Win64; x64; rv:57.0) Gecko/20100101 Firefox/57.0"
217.149.175.19 - - [27/Nov/2017:10:30:55 +0100] "GET /gui/javascript/form_form.js?1511775055 HTTP/1.1" 200 16206 "http://ed.activities.at/entry.php?id=11671" "Mozilla/5.0 (Windows NT 6.1; Win64; x64; rv:57.0) Gecko/20100101 Firefox/57.0"
217.149.175.19 - - [27/Nov/2017:10:30:55 +0100] "GET /entry.php?id=10776&form=11496&name=list& HTTP/1.1" 200 1519 "http://ed.activities.at/entry.php?id=11671" "Mozilla/5.0 (Windows NT 6.1; Win64; x64; rv:57.0) Gecko/20100101 Firefox/57.0"
217.149.175.19 - - [27/Nov/2017:10:30:55 +0100] "GET /entry.php?id=10778&form=11496&name=list& HTTP/1.1" 200 5407 "http://ed.activities.at/entry.php?id=11671" "Mozilla/5.0 (Windows NT 6.1; Win64; x64; rv:57.0) Gecko/20100101 Firefox/57.0"
217.149.175.19 - - [27/Nov/2017:10:30:55 +0100] "POST /entry.php?id=11671 HTTP/1.1" 200 4986 "http://ed.activities.at/entry.php?id=11671" "Mozilla/5.0 (Windows NT 6.1; Win64; x64; rv:57.0) Gecko/20100101 Firefox/57.0"
217.149.175.19 - - [27/Nov/2017:10:30:56 +0100] "GET /gui/javascript/form_form.js?1511775056 HTTP/1.1" 200 16206 "http://ed.activities.at/entry.php?id=11671" "Mozilla/5.0 (Windows NT 6.1; Win64; x64; rv:57.0) Gecko/20100101 Firefox/57.0"
217.149.175.19 - - [27/Nov/2017:10:30:56 +0100] "GET /entry.php?id=10776&form=11496&name=list& HTTP/1.1" 200 1519 "http://ed.activities.at/entry.php?id=11671" "Mozilla/5.0 (Windows NT 6.1; Win64; x64; rv:57.0) Gecko/20100101 Firefox/57.0"
217.149.175.19 - - [27/Nov/2017:10:30:56 +0100] "GET /entry.php?id=10778&form=11496&name=list& HTTP/1.1" 200 5407 "http://ed.activities.at/entry.php?id=11671" "Mozilla/5.0 (Windows NT 6.1; Win64; x64; rv:57.0) Gecko/20100101 Firefox/57.0"
217.149.175.19 - - [27/Nov/2017:10:31:08 +0100] "GET /entry.php?id=10271&&ser=775008 HTTP/1.1" 200 987 "http://ed.activities.at/entry.php?id=10271&&ser=774947" "Mozilla/5.0 (Windows NT 6.1; Win64; x64; rv:57.0) Gecko/20100101 Firefox/57.0"
217.149.175.19 - - [27/Nov/2017:10:31:08 +0100] "GET /gui/javascript/form_form.js?1511775068 HTTP/1.1" 200 16206 "http://ed.activities.at/entry.php?id=10271&&ser=775008" "Mozilla/5.0 (Windows NT 6.1; Win64; x64; rv:57.0) Gecko/20100101 Firefox/57.0"
213.86.241.133 - - [27/Nov/2017:10:31:19 +0100] "GET /entry.php?id=10271&&ser=775019 HTTP/1.1" 200 988 "http://easydrivers.activities.at/entry.php?id=10271&&ser=774959" "Mozilla/5.0 (Windows NT 10.0; WOW64; Trident/7.0; rv:11.0) like Gecko"
213.86.241.133 - - [27/Nov/2017:10:31:19 +0100] "GET /gui/javascript/form_form.js?1511775079 HTTP/1.1" 200 16206 "http://easydrivers.activities.at/entry.php?id=10271&&ser=775019" "Mozilla/5.0 (Windows NT 10.0; WOW64; Trident/7.0; rv:11.0) like Gecko"
217.149.175.19 - - [27/Nov/2017:10:31:50 +0100] "GET /entry.php?id=10287&login=1 HTTP/1.1" 200 2224 "http://ed.activities.at/entry.php?id=10273&" "Mozilla/5.0 (Windows NT 6.1; Win64; x64; rv:57.0) Gecko/20100101 Firefox/57.0"
217.149.175.19 - - [27/Nov/2017:10:31:50 +0100] "GET /gui/javascript/form_form.js?1511775110 HTTP/1.1" 200 16206 "http://ed.activities.at/entry.php?id=10287&login=1" "Mozilla/5.0 (Windows NT 6.1; Win64; x64; rv:57.0) Gecko/20100101 Firefox/57.0"
217.149.175.19 - - [27/Nov/2017:10:31:53 +0100] "POST /entry.php?id=10287& HTTP/1.1" 200 2306 "http://ed.activities.at/entry.php?id=10287&login=1" "Mozilla/5.0 (Windows NT 6.1; Win64; x64; rv:57.0) Gecko/20100101 Firefox/57.0"
217.149.175.19 - - [27/Nov/2017:10:31:54 +0100] "GET /gui/javascript/form_form.js?1511775114 HTTP/1.1" 200 16206 "http://ed.activities.at/entry.php?id=10287&" "Mozilla/5.0 (Windows NT 6.1; Win64; x64; rv:57.0) Gecko/20100101 Firefox/57.0"
217.149.175.19 - - [27/Nov/2017:10:31:54 +0100] "GET /entry.php?id=10271&&ser=775008 HTTP/1.1" 200 986 "http://ed.activities.at/entry.php?id=10271&&ser=774947" "Mozilla/5.0 (Windows NT 6.1; Win64; x64; rv:57.0) Gecko/20100101 Firefox/57.0"
217.149.175.19 - - [27/Nov/2017:10:31:54 +0100] "GET /gui/javascript/jquery/css/gui-themes/custom.min.css HTTP/1.1" 304 - "http://ed.activities.at/entry.php?id=10271&&ser=775008" "Mozilla/5.0 (Windows NT 6.1; Win64; x64; rv:57.0) Gecko/20100101 Firefox/57.0"
217.149.175.19 - - [27/Nov/2017:10:31:54 +0100] "GET /gui/javascript/jquery/css/gui-themes/ui.spinner.css HTTP/1.1" 304 - "http://ed.activities.at/entry.php?id=10271&&ser=775008" "Mozilla/5.0 (Windows NT 6.1; Win64; x64; rv:57.0) Gecko/20100101 Firefox/57.0"
217.149.175.19 - - [27/Nov/2017:10:31:54 +0100] "GET /gui/javascript/jquery/css/gui-themes/jquery.tooltip.css HTTP/1.1" 304 - "http://ed.activities.at/entry.php?id=10271&&ser=775008" "Mozilla/5.0 (Windows NT 6.1; Win64; x64; rv:57.0) Gecko/20100101 Firefox/57.0"
217.149.175.19 - - [27/Nov/2017:10:31:54 +0100] "GET /gui/styles/tmplDefault.css HTTP/1.1" 304 - "http://ed.activities.at/entry.php?id=10271&&ser=775008" "Mozilla/5.0 (Windows NT 6.1; Win64; x64; rv:57.0) Gecko/20100101 Firefox/57.0"
217.149.175.19 - - [27/Nov/2017:10:31:54 +0100] "GET /gui/javascript/form_form.js?1511775114 HTTP/1.1" 304 - "http://ed.activities.at/entry.php?id=10271&&ser=775008" "Mozilla/5.0 (Windows NT 6.1; Win64; x64; rv:57.0) Gecko/20100101 Firefox/57.0"
217.149.175.19 - - [27/Nov/2017:10:31:54 +0100] "GET /gui/javascript/jquery/js/jquery-1.8.2.js HTTP/1.1" 304 - "http://ed.activities.at/entry.php?id=10271&&ser=775008" "Mozilla/5.0 (Windows NT 6.1; Win64; x64; rv:57.0) Gecko/20100101 Firefox/57.0"
217.149.175.19 - - [27/Nov/2017:10:31:54 +0100] "GET /gui/javascript/jquery/js/jquery-ui-1.9.0.custom.min.js HTTP/1.1" 304 - "http://ed.activities.at/entry.php?id=10271&&ser=775008" "Mozilla/5.0 (Windows NT 6.1; Win64; x64; rv:57.0) Gecko/20100101 Firefox/57.0"
217.149.175.19 - - [27/Nov/2017:10:31:54 +0100] "GET /gui/javascript/jquery/jquery-tooltip/jquery.tooltip.min.js HTTP/1.1" 304 - "http://ed.activities.at/entry.php?id=10271&&ser=775008" "Mozilla/5.0 (Windows NT 6.1; Win64; x64; rv:57.0) Gecko/20100101 Firefox/57.0"
217.149.175.19 - - [27/Nov/2017:10:31:55 +0100] "GET /entry.php?id=11673 HTTP/1.1" 200 358 "http://ed.activities.at/entry.php?id=10270&__app__=10006038" "Mozilla/5.0 (Windows NT 6.1; Win64; x64; rv:57.0) Gecko/20100101 Firefox/57.0"
217.149.175.19 - - [27/Nov/2017:10:31:55 +0100] "GET /entry.php?id=10676&&title=F%FChrerscheinkurse HTTP/1.1" 200 1394 "http://ed.activities.at/entry.php?id=11673" "Mozilla/5.0 (Windows NT 6.1; Win64; x64; rv:57.0) Gecko/20100101 Firefox/57.0"
217.149.175.19 - - [27/Nov/2017:10:31:55 +0100] "GET /gui/javascript/form_form.js?1511775115 HTTP/1.1" 200 16206 "http://ed.activities.at/entry.php?id=10676&&title=F%FChrerscheinkurse" "Mozilla/5.0 (Windows NT 6.1; Win64; x64; rv:57.0) Gecko/20100101 Firefox/57.0"
217.149.175.19 - - [27/Nov/2017:10:31:55 +0100] "GET /entry.php?id=11694& HTTP/1.1" 200 3013 "http://ed.activities.at/entry.php?id=11673" "Mozilla/5.0 (Windows NT 6.1; Win64; x64; rv:57.0) Gecko/20100101 Firefox/57.0"
217.149.175.19 - - [27/Nov/2017:10:31:56 +0100] "GET /gui/javascript/form_form.js?1511775116 HTTP/1.1" 200 16206 "http://ed.activities.at/entry.php?id=11694&" "Mozilla/5.0 (Windows NT 6.1; Win64; x64; rv:57.0) Gecko/20100101 Firefox/57.0"
217.149.175.19 - - [27/Nov/2017:10:31:56 +0100] "GET /activities/framework/KoolControls/KoolAjax/koolajax.php?8436e354c842500aba3cbaf0584c0c24 HTTP/1.1" 200 4079 "http://ed.activities.at/entry.php?id=11694&" "Mozilla/5.0 (Windows NT 6.1; Win64; x64; rv:57.0) Gecko/20100101 Firefox/57.0"
217.149.175.19 - - [27/Nov/2017:10:31:56 +0100] "GET /activities/framework/KoolControls/KoolTreeView/kooltreeview.php?c7cd9180e88ffef8e70f13526bb4f5f7 HTTP/1.1" 200 5055 "http://ed.activities.at/entry.php?id=11694&" "Mozilla/5.0 (Windows NT 6.1; Win64; x64; rv:57.0) Gecko/20100101 Firefox/57.0"
217.149.175.19 - - [27/Nov/2017:10:31:55 +0100] "GET /entry.php?id=11672& HTTP/1.1" 200 2691 "http://ed.activities.at/entry.php?id=11673" "Mozilla/5.0 (Windows NT 6.1; Win64; x64; rv:57.0) Gecko/20100101 Firefox/57.0"
217.149.175.19 - - [27/Nov/2017:10:31:55 +0100] "GET /entry.php?id=11671& HTTP/1.1" 200 4536 "http://ed.activities.at/entry.php?id=11673" "Mozilla/5.0 (Windows NT 6.1; Win64; x64; rv:57.0) Gecko/20100101 Firefox/57.0"
217.149.175.19 - - [27/Nov/2017:10:31:56 +0100] "GET /entry.php?id=10776&form=11497&name=list& HTTP/1.1" 200 1941 "http://ed.activities.at/entry.php?id=11672&" "Mozilla/5.0 (Windows NT 6.1; Win64; x64; rv:57.0) Gecko/20100101 Firefox/57.0"
217.149.175.19 - - [27/Nov/2017:10:31:56 +0100] "GET /entry.php?id=10778&form=11497&name=list& HTTP/1.1" 200 5745 "http://ed.activities.at/entry.php?id=11672&" "Mozilla/5.0 (Windows NT 6.1; Win64; x64; rv:57.0) Gecko/20100101 Firefox/57.0"
217.149.175.19 - - [27/Nov/2017:10:31:57 +0100] "GET /entry.php?id=10776&form=11496&name=list& HTTP/1.1" 200 1526 "http://ed.activities.at/entry.php?id=11671&" "Mozilla/5.0 (Windows NT 6.1; Win64; x64; rv:57.0) Gecko/20100101 Firefox/57.0"
217.149.175.19 - - [27/Nov/2017:10:31:57 +0100] "GET /entry.php?id=10778&form=11496&name=list& HTTP/1.1" 200 2493 "http://ed.activities.at/entry.php?id=11671&" "Mozilla/5.0 (Windows NT 6.1; Win64; x64; rv:57.0) Gecko/20100101 Firefox/57.0"
217.149.175.19 - - [27/Nov/2017:10:32:00 +0100] "POST /entry.php?id=11671 HTTP/1.1" 200 4587 "http://ed.activities.at/entry.php?id=11671&" "Mozilla/5.0 (Windows NT 6.1; Win64; x64; rv:57.0) Gecko/20100101 Firefox/57.0"
217.149.175.19 - - [27/Nov/2017:10:32:01 +0100] "GET /gui/javascript/form_form.js?1511775121 HTTP/1.1" 200 16206 "http://ed.activities.at/entry.php?id=11671" "Mozilla/5.0 (Windows NT 6.1; Win64; x64; rv:57.0) Gecko/20100101 Firefox/57.0"
217.149.175.19 - - [27/Nov/2017:10:32:01 +0100] "GET /entry.php?id=10776&form=11496&name=list& HTTP/1.1" 200 1519 "http://ed.activities.at/entry.php?id=11671" "Mozilla/5.0 (Windows NT 6.1; Win64; x64; rv:57.0) Gecko/20100101 Firefox/57.0"
217.149.175.19 - - [27/Nov/2017:10:32:01 +0100] "GET /entry.php?id=10778&form=11496&name=list& HTTP/1.1" 200 5201 "http://ed.activities.at/entry.php?id=11671" "Mozilla/5.0 (Windows NT 6.1; Win64; x64; rv:57.0) Gecko/20100101 Firefox/57.0"
213.86.241.133 - - [27/Nov/2017:10:32:20 +0100] "GET /entry.php?id=10271&&ser=775079 HTTP/1.1" 200 987 "http://easydrivers.activities.at/entry.php?id=10271&&ser=775019" "Mozilla/5.0 (Windows NT 10.0; WOW64; Trident/7.0; rv:11.0) like Gecko"
213.86.241.133 - - [27/Nov/2017:10:32:20 +0100] "GET /gui/javascript/form_form.js?1511775140 HTTP/1.1" 200 16206 "http://easydrivers.activities.at/entry.php?id=10271&&ser=775079" "Mozilla/5.0 (Windows NT 10.0; WOW64; Trident/7.0; rv:11.0) like Gecko"
217.149.175.19 - - [27/Nov/2017:10:32:49 +0100] "POST /entry.php?id=11671 HTTP/1.1" 200 4964 "http://ed.activities.at/entry.php?id=11671" "Mozilla/5.0 (Windows NT 6.1; Win64; x64; rv:57.0) Gecko/20100101 Firefox/57.0"
217.149.175.19 - - [27/Nov/2017:10:32:50 +0100] "GET /gui/javascript/form_form.js?1511775170 HTTP/1.1" 200 16206 "http://ed.activities.at/entry.php?id=11671" "Mozilla/5.0 (Windows NT 6.1; Win64; x64; rv:57.0) Gecko/20100101 Firefox/57.0"
217.149.175.19 - - [27/Nov/2017:10:32:50 +0100] "GET /entry.php?id=10776&form=11496&name=list& HTTP/1.1" 200 1519 "http://ed.activities.at/entry.php?id=11671" "Mozilla/5.0 (Windows NT 6.1; Win64; x64; rv:57.0) Gecko/20100101 Firefox/57.0"
217.149.175.19 - - [27/Nov/2017:10:32:50 +0100] "GET /entry.php?id=10778&form=11496&name=list& HTTP/1.1" 200 5431 "http://ed.activities.at/entry.php?id=11671" "Mozilla/5.0 (Windows NT 6.1; Win64; x64; rv:57.0) Gecko/20100101 Firefox/57.0"
217.149.175.19 - - [27/Nov/2017:10:32:54 +0100] "GET /entry.php?id=10271&&ser=775114 HTTP/1.1" 200 987 "http://ed.activities.at/entry.php?id=10271&&ser=775008" "Mozilla/5.0 (Windows NT 6.1; Win64; x64; rv:57.0) Gecko/20100101 Firefox/57.0"
217.149.175.19 - - [27/Nov/2017:10:32:54 +0100] "GET /gui/javascript/form_form.js?1511775174 HTTP/1.1" 200 16206 "http://ed.activities.at/entry.php?id=10271&&ser=775114" "Mozilla/5.0 (Windows NT 6.1; Win64; x64; rv:57.0) Gecko/20100101 Firefox/57.0"
217.149.175.19 - - [27/Nov/2017:10:32:55 +0100] "POST /entry.php?id=11671 HTTP/1.1" 200 3171 "http://ed.activities.at/entry.php?id=11671" "Mozilla/5.0 (Windows NT 6.1; Win64; x64; rv:57.0) Gecko/20100101 Firefox/57.0"
217.149.175.19 - - [27/Nov/2017:10:32:56 +0100] "GET /gui/javascript/form_form.js?1511775176 HTTP/1.1" 200 16206 "http://ed.activities.at/entry.php?id=11671" "Mozilla/5.0 (Windows NT 6.1; Win64; x64; rv:57.0) Gecko/20100101 Firefox/57.0"
217.149.175.19 - - [27/Nov/2017:10:32:56 +0100] "GET /framework/webfx/javascript/tinymce/skins/lightgray/content.min.css HTTP/1.1" 404 325 "http://ed.activities.at/entry.php?id=11671" "Mozilla/5.0 (Windows NT 6.1; Win64; x64; rv:57.0) Gecko/20100101 Firefox/57.0"
217.149.175.19 - - [27/Nov/2017:10:33:00 +0100] "POST /entry.php?id=11671 HTTP/1.1" 200 3294 "http://ed.activities.at/entry.php?id=11671" "Mozilla/5.0 (Windows NT 6.1; Win64; x64; rv:57.0) Gecko/20100101 Firefox/57.0"
217.149.175.19 - - [27/Nov/2017:10:33:00 +0100] "GET /gui/javascript/form_form.js?1511775180 HTTP/1.1" 200 16206 "http://ed.activities.at/entry.php?id=11671" "Mozilla/5.0 (Windows NT 6.1; Win64; x64; rv:57.0) Gecko/20100101 Firefox/57.0"
217.149.175.19 - - [27/Nov/2017:10:33:01 +0100] "GET /framework/webfx/javascript/tinymce/skins/lightgray/content.min.css HTTP/1.1" 404 325 "http://ed.activities.at/entry.php?id=11671" "Mozilla/5.0 (Windows NT 6.1; Win64; x64; rv:57.0) Gecko/20100101 Firefox/57.0"
217.149.175.19 - - [27/Nov/2017:10:33:07 +0100] "POST /entry.php?id=11671 HTTP/1.1" 200 3218 "http://ed.activities.at/entry.php?id=11671" "Mozilla/5.0 (Windows NT 6.1; Win64; x64; rv:57.0) Gecko/20100101 Firefox/57.0"
217.149.175.19 - - [27/Nov/2017:10:33:08 +0100] "GET /gui/javascript/form_form.js?1511775188 HTTP/1.1" 200 16206 "http://ed.activities.at/entry.php?id=11671" "Mozilla/5.0 (Windows NT 6.1; Win64; x64; rv:57.0) Gecko/20100101 Firefox/57.0"
217.149.175.19 - - [27/Nov/2017:10:33:08 +0100] "GET /framework/webfx/javascript/tinymce/skins/lightgray/content.min.css HTTP/1.1" 404 325 "http://ed.activities.at/entry.php?id=11671" "Mozilla/5.0 (Windows NT 6.1; Win64; x64; rv:57.0) Gecko/20100101 Firefox/57.0"
217.149.175.19 - - [27/Nov/2017:10:33:13 +0100] "POST /entry.php?id=11671 HTTP/1.1" 200 3158 "http://ed.activities.at/entry.php?id=11671" "Mozilla/5.0 (Windows NT 6.1; Win64; x64; rv:57.0) Gecko/20100101 Firefox/57.0"
217.149.175.19 - - [27/Nov/2017:10:33:14 +0100] "GET /gui/javascript/form_form.js?1511775194 HTTP/1.1" 200 16206 "http://ed.activities.at/entry.php?id=11671" "Mozilla/5.0 (Windows NT 6.1; Win64; x64; rv:57.0) Gecko/20100101 Firefox/57.0"
217.149.175.19 - - [27/Nov/2017:10:33:14 +0100] "GET /framework/webfx/javascript/tinymce/skins/lightgray/content.min.css HTTP/1.1" 404 325 "http://ed.activities.at/entry.php?id=11671" "Mozilla/5.0 (Windows NT 6.1; Win64; x64; rv:57.0) Gecko/20100101 Firefox/57.0"
213.86.241.133 - - [27/Nov/2017:10:33:20 +0100] "GET /entry.php?id=10271&&ser=775140 HTTP/1.1" 200 987 "http://easydrivers.activities.at/entry.php?id=10271&&ser=775079" "Mozilla/5.0 (Windows NT 10.0; WOW64; Trident/7.0; rv:11.0) like Gecko"
213.86.241.133 - - [27/Nov/2017:10:33:20 +0100] "GET /gui/javascript/form_form.js?1511775200 HTTP/1.1" 200 16206 "http://easydrivers.activities.at/entry.php?id=10271&&ser=775140" "Mozilla/5.0 (Windows NT 10.0; WOW64; Trident/7.0; rv:11.0) like Gecko"
217.149.175.19 - - [27/Nov/2017:10:33:21 +0100] "POST /entry.php?id=11671 HTTP/1.1" 200 3436 "http://ed.activities.at/entry.php?id=11671" "Mozilla/5.0 (Windows NT 6.1; Win64; x64; rv:57.0) Gecko/20100101 Firefox/57.0"
217.149.175.19 - - [27/Nov/2017:10:33:22 +0100] "GET /gui/javascript/form_form.js?1511775202 HTTP/1.1" 200 16206 "http://ed.activities.at/entry.php?id=11671" "Mozilla/5.0 (Windows NT 6.1; Win64; x64; rv:57.0) Gecko/20100101 Firefox/57.0"
217.149.175.19 - - [27/Nov/2017:10:33:22 +0100] "GET /framework/webfx/javascript/tinymce/skins/lightgray/content.min.css HTTP/1.1" 404 325 "http://ed.activities.at/entry.php?id=11671" "Mozilla/5.0 (Windows NT 6.1; Win64; x64; rv:57.0) Gecko/20100101 Firefox/57.0"
217.149.175.19 - - [27/Nov/2017:10:33:25 +0100] "POST /entry.php?id=11671 HTTP/1.1" 200 4808 "http://ed.activities.at/entry.php?id=11671" "Mozilla/5.0 (Windows NT 6.1; Win64; x64; rv:57.0) Gecko/20100101 Firefox/57.0"
217.149.175.19 - - [27/Nov/2017:10:33:26 +0100] "GET /gui/javascript/form_form.js?1511775205 HTTP/1.1" 200 16206 "http://ed.activities.at/entry.php?id=11671" "Mozilla/5.0 (Windows NT 6.1; Win64; x64; rv:57.0) Gecko/20100101 Firefox/57.0"
217.149.175.19 - - [27/Nov/2017:10:33:26 +0100] "GET /entry.php?id=10776&form=11496&name=list& HTTP/1.1" 200 1519 "http://ed.activities.at/entry.php?id=11671" "Mozilla/5.0 (Windows NT 6.1; Win64; x64; rv:57.0) Gecko/20100101 Firefox/57.0"
217.149.175.19 - - [27/Nov/2017:10:33:26 +0100] "GET /entry.php?id=10778&form=11496&name=list& HTTP/1.1" 200 5431 "http://ed.activities.at/entry.php?id=11671" "Mozilla/5.0 (Windows NT 6.1; Win64; x64; rv:57.0) Gecko/20100101 Firefox/57.0"
217.149.175.19 - - [27/Nov/2017:10:33:27 +0100] "POST /entry.php?id=11671 HTTP/1.1" 200 4975 "http://ed.activities.at/entry.php?id=11671" "Mozilla/5.0 (Windows NT 6.1; Win64; x64; rv:57.0) Gecko/20100101 Firefox/57.0"
217.149.175.19 - - [27/Nov/2017:10:33:27 +0100] "GET /gui/javascript/form_form.js?1511775207 HTTP/1.1" 200 16206 "http://ed.activities.at/entry.php?id=11671" "Mozilla/5.0 (Windows NT 6.1; Win64; x64; rv:57.0) Gecko/20100101 Firefox/57.0"
217.149.175.19 - - [27/Nov/2017:10:33:28 +0100] "GET /entry.php?id=10776&form=11496&name=list& HTTP/1.1" 200 1519 "http://ed.activities.at/entry.php?id=11671" "Mozilla/5.0 (Windows NT 6.1; Win64; x64; rv:57.0) Gecko/20100101 Firefox/57.0"
217.149.175.19 - - [27/Nov/2017:10:33:28 +0100] "GET /entry.php?id=10778&form=11496&name=list& HTTP/1.1" 200 5431 "http://ed.activities.at/entry.php?id=11671" "Mozilla/5.0 (Windows NT 6.1; Win64; x64; rv:57.0) Gecko/20100101 Firefox/57.0"
217.149.175.19 - - [27/Nov/2017:10:33:29 +0100] "POST /entry.php?id=11671 HTTP/1.1" 200 4588 "http://ed.activities.at/entry.php?id=11671" "Mozilla/5.0 (Windows NT 6.1; Win64; x64; rv:57.0) Gecko/20100101 Firefox/57.0"
217.149.175.19 - - [27/Nov/2017:10:33:29 +0100] "GET /gui/javascript/form_form.js?1511775209 HTTP/1.1" 200 16206 "http://ed.activities.at/entry.php?id=11671" "Mozilla/5.0 (Windows NT 6.1; Win64; x64; rv:57.0) Gecko/20100101 Firefox/57.0"
217.149.175.19 - - [27/Nov/2017:10:33:30 +0100] "GET /entry.php?id=10776&form=11496&name=list& HTTP/1.1" 200 1519 "http://ed.activities.at/entry.php?id=11671" "Mozilla/5.0 (Windows NT 6.1; Win64; x64; rv:57.0) Gecko/20100101 Firefox/57.0"
217.149.175.19 - - [27/Nov/2017:10:33:30 +0100] "GET /entry.php?id=10778&form=11496&name=list& HTTP/1.1" 200 5201 "http://ed.activities.at/entry.php?id=11671" "Mozilla/5.0 (Windows NT 6.1; Win64; x64; rv:57.0) Gecko/20100101 Firefox/57.0"
217.149.175.19 - - [27/Nov/2017:10:33:55 +0100] "GET /entry.php?id=10271&&ser=775174 HTTP/1.1" 200 987 "http://ed.activities.at/entry.php?id=10271&&ser=775114" "Mozilla/5.0 (Windows NT 6.1; Win64; x64; rv:57.0) Gecko/20100101 Firefox/57.0"
217.149.175.19 - - [27/Nov/2017:10:33:55 +0100] "GET /gui/javascript/form_form.js?1511775235 HTTP/1.1" 200 16206 "http://ed.activities.at/entry.php?id=10271&&ser=775174" "Mozilla/5.0 (Windows NT 6.1; Win64; x64; rv:57.0) Gecko/20100101 Firefox/57.0"
217.149.175.19 - - [27/Nov/2017:10:34:07 +0100] "POST /entry.php?id=11671 HTTP/1.1" 200 4916 "http://ed.activities.at/entry.php?id=11671" "Mozilla/5.0 (Windows NT 6.1; Win64; x64; rv:57.0) Gecko/20100101 Firefox/57.0"
217.149.175.19 - - [27/Nov/2017:10:34:08 +0100] "GET /gui/javascript/form_form.js?1511775248 HTTP/1.1" 200 16206 "http://ed.activities.at/entry.php?id=11671" "Mozilla/5.0 (Windows NT 6.1; Win64; x64; rv:57.0) Gecko/20100101 Firefox/57.0"
217.149.175.19 - - [27/Nov/2017:10:34:08 +0100] "GET /entry.php?id=10776&form=11496&name=list& HTTP/1.1" 200 1519 "http://ed.activities.at/entry.php?id=11671" "Mozilla/5.0 (Windows NT 6.1; Win64; x64; rv:57.0) Gecko/20100101 Firefox/57.0"
217.149.175.19 - - [27/Nov/2017:10:34:08 +0100] "GET /entry.php?id=10778&form=11496&name=list& HTTP/1.1" 200 5201 "http://ed.activities.at/entry.php?id=11671" "Mozilla/5.0 (Windows NT 6.1; Win64; x64; rv:57.0) Gecko/20100101 Firefox/57.0"
217.149.175.19 - - [27/Nov/2017:10:34:10 +0100] "POST /entry.php?id=11671 HTTP/1.1" 200 4755 "http://ed.activities.at/entry.php?id=11671" "Mozilla/5.0 (Windows NT 6.1; Win64; x64; rv:57.0) Gecko/20100101 Firefox/57.0"
217.149.175.19 - - [27/Nov/2017:10:34:11 +0100] "GET /gui/javascript/form_form.js?1511775251 HTTP/1.1" 200 16206 "http://ed.activities.at/entry.php?id=11671" "Mozilla/5.0 (Windows NT 6.1; Win64; x64; rv:57.0) Gecko/20100101 Firefox/57.0"
217.149.175.19 - - [27/Nov/2017:10:34:11 +0100] "GET /entry.php?id=10776&form=11496&name=list& HTTP/1.1" 200 1519 "http://ed.activities.at/entry.php?id=11671" "Mozilla/5.0 (Windows NT 6.1; Win64; x64; rv:57.0) Gecko/20100101 Firefox/57.0"
217.149.175.19 - - [27/Nov/2017:10:34:11 +0100] "GET /entry.php?id=10778&form=11496&name=list& HTTP/1.1" 200 5449 "http://ed.activities.at/entry.php?id=11671" "Mozilla/5.0 (Windows NT 6.1; Win64; x64; rv:57.0) Gecko/20100101 Firefox/57.0"
217.149.175.19 - - [27/Nov/2017:10:34:14 +0100] "POST /entry.php?id=11671 HTTP/1.1" 200 4807 "http://ed.activities.at/entry.php?id=11671" "Mozilla/5.0 (Windows NT 6.1; Win64; x64; rv:57.0) Gecko/20100101 Firefox/57.0"
217.149.175.19 - - [27/Nov/2017:10:34:15 +0100] "GET /gui/javascript/form_form.js?1511775255 HTTP/1.1" 200 16206 "http://ed.activities.at/entry.php?id=11671" "Mozilla/5.0 (Windows NT 6.1; Win64; x64; rv:57.0) Gecko/20100101 Firefox/57.0"
217.149.175.19 - - [27/Nov/2017:10:34:15 +0100] "GET /entry.php?id=10776&form=11496&name=list& HTTP/1.1" 200 1519 "http://ed.activities.at/entry.php?id=11671" "Mozilla/5.0 (Windows NT 6.1; Win64; x64; rv:57.0) Gecko/20100101 Firefox/57.0"
217.149.175.19 - - [27/Nov/2017:10:34:15 +0100] "GET /entry.php?id=10778&form=11496&name=list& HTTP/1.1" 200 5460 "http://ed.activities.at/entry.php?id=11671" "Mozilla/5.0 (Windows NT 6.1; Win64; x64; rv:57.0) Gecko/20100101 Firefox/57.0"
217.149.175.19 - - [27/Nov/2017:10:34:19 +0100] "POST /entry.php?id=11671 HTTP/1.1" 200 4876 "http://ed.activities.at/entry.php?id=11671" "Mozilla/5.0 (Windows NT 6.1; Win64; x64; rv:57.0) Gecko/20100101 Firefox/57.0"
217.149.175.19 - - [27/Nov/2017:10:34:19 +0100] "GET /gui/javascript/form_form.js?1511775259 HTTP/1.1" 200 16206 "http://ed.activities.at/entry.php?id=11671" "Mozilla/5.0 (Windows NT 6.1; Win64; x64; rv:57.0) Gecko/20100101 Firefox/57.0"
217.149.175.19 - - [27/Nov/2017:10:34:19 +0100] "GET /entry.php?id=10776&form=11496&name=list& HTTP/1.1" 200 1519 "http://ed.activities.at/entry.php?id=11671" "Mozilla/5.0 (Windows NT 6.1; Win64; x64; rv:57.0) Gecko/20100101 Firefox/57.0"
217.149.175.19 - - [27/Nov/2017:10:34:19 +0100] "GET /entry.php?id=10778&form=11496&name=list& HTTP/1.1" 200 5460 "http://ed.activities.at/entry.php?id=11671" "Mozilla/5.0 (Windows NT 6.1; Win64; x64; rv:57.0) Gecko/20100101 Firefox/57.0"
217.149.175.19 - - [27/Nov/2017:10:34:20 +0100] "POST /entry.php?id=11671 HTTP/1.1" 200 3308 "http://ed.activities.at/entry.php?id=11671" "Mozilla/5.0 (Windows NT 6.1; Win64; x64; rv:57.0) Gecko/20100101 Firefox/57.0"
213.86.241.133 - - [27/Nov/2017:10:34:21 +0100] "GET /entry.php?id=10271&&ser=775200 HTTP/1.1" 200 987 "http://easydrivers.activities.at/entry.php?id=10271&&ser=775140" "Mozilla/5.0 (Windows NT 10.0; WOW64; Trident/7.0; rv:11.0) like Gecko"
217.149.175.19 - - [27/Nov/2017:10:34:21 +0100] "GET /gui/javascript/form_form.js?1511775261 HTTP/1.1" 200 16206 "http://ed.activities.at/entry.php?id=11671" "Mozilla/5.0 (Windows NT 6.1; Win64; x64; rv:57.0) Gecko/20100101 Firefox/57.0"
213.86.241.133 - - [27/Nov/2017:10:34:21 +0100] "GET /gui/javascript/form_form.js?1511775261 HTTP/1.1" 200 16206 "http://easydrivers.activities.at/entry.php?id=10271&&ser=775200" "Mozilla/5.0 (Windows NT 10.0; WOW64; Trident/7.0; rv:11.0) like Gecko"
217.149.175.19 - - [27/Nov/2017:10:34:21 +0100] "GET /framework/webfx/javascript/tinymce/skins/lightgray/content.min.css HTTP/1.1" 404 325 "http://ed.activities.at/entry.php?id=11671" "Mozilla/5.0 (Windows NT 6.1; Win64; x64; rv:57.0) Gecko/20100101 Firefox/57.0"
217.149.175.19 - - [27/Nov/2017:10:34:25 +0100] "POST /entry.php?id=11671 HTTP/1.1" 200 3145 "http://ed.activities.at/entry.php?id=11671" "Mozilla/5.0 (Windows NT 6.1; Win64; x64; rv:57.0) Gecko/20100101 Firefox/57.0"
217.149.175.19 - - [27/Nov/2017:10:34:26 +0100] "GET /gui/javascript/form_form.js?1511775266 HTTP/1.1" 200 16206 "http://ed.activities.at/entry.php?id=11671" "Mozilla/5.0 (Windows NT 6.1; Win64; x64; rv:57.0) Gecko/20100101 Firefox/57.0"
217.149.175.19 - - [27/Nov/2017:10:34:27 +0100] "GET /framework/webfx/javascript/tinymce/skins/lightgray/content.min.css HTTP/1.1" 404 325 "http://ed.activities.at/entry.php?id=11671" "Mozilla/5.0 (Windows NT 6.1; Win64; x64; rv:57.0) Gecko/20100101 Firefox/57.0"
217.149.175.19 - - [27/Nov/2017:10:34:55 +0100] "GET /entry.php?id=10271&&ser=775235 HTTP/1.1" 200 988 "http://ed.activities.at/entry.php?id=10271&&ser=775174" "Mozilla/5.0 (Windows NT 6.1; Win64; x64; rv:57.0) Gecko/20100101 Firefox/57.0"
217.149.175.19 - - [27/Nov/2017:10:34:55 +0100] "GET /gui/javascript/form_form.js?1511775295 HTTP/1.1" 200 16206 "http://ed.activities.at/entry.php?id=10271&&ser=775235" "Mozilla/5.0 (Windows NT 6.1; Win64; x64; rv:57.0) Gecko/20100101 Firefox/57.0"
213.86.241.133 - - [27/Nov/2017:10:35:21 +0100] "GET /entry.php?id=10271&&ser=775261 HTTP/1.1" 200 987 "http://easydrivers.activities.at/entry.php?id=10271&&ser=775200" "Mozilla/5.0 (Windows NT 10.0; WOW64; Trident/7.0; rv:11.0) like Gecko"
213.86.241.133 - - [27/Nov/2017:10:35:21 +0100] "GET /gui/javascript/form_form.js?1511775321 HTTP/1.1" 200 16206 "http://easydrivers.activities.at/entry.php?id=10271&&ser=775261" "Mozilla/5.0 (Windows NT 10.0; WOW64; Trident/7.0; rv:11.0) like Gecko"
217.149.175.19 - - [27/Nov/2017:10:35:25 +0100] "POST /entry.php?id=11671 HTTP/1.1" 200 3411 "http://ed.activities.at/entry.php?id=11671" "Mozilla/5.0 (Windows NT 6.1; Win64; x64; rv:57.0) Gecko/20100101 Firefox/57.0"
217.149.175.19 - - [27/Nov/2017:10:35:25 +0100] "GET /gui/javascript/form_form.js?1511775325 HTTP/1.1" 200 16206 "http://ed.activities.at/entry.php?id=11671" "Mozilla/5.0 (Windows NT 6.1; Win64; x64; rv:57.0) Gecko/20100101 Firefox/57.0"
217.149.175.19 - - [27/Nov/2017:10:35:25 +0100] "GET /framework/webfx/javascript/tinymce/skins/lightgray/content.min.css HTTP/1.1" 404 325 "http://ed.activities.at/entry.php?id=11671" "Mozilla/5.0 (Windows NT 6.1; Win64; x64; rv:57.0) Gecko/20100101 Firefox/57.0"
217.149.175.19 - - [27/Nov/2017:10:35:38 +0100] "POST /entry.php?id=11671 HTTP/1.1" 200 4809 "http://ed.activities.at/entry.php?id=11671" "Mozilla/5.0 (Windows NT 6.1; Win64; x64; rv:57.0) Gecko/20100101 Firefox/57.0"
217.149.175.19 - - [27/Nov/2017:10:35:39 +0100] "GET /gui/javascript/form_form.js?1511775339 HTTP/1.1" 200 16206 "http://ed.activities.at/entry.php?id=11671" "Mozilla/5.0 (Windows NT 6.1; Win64; x64; rv:57.0) Gecko/20100101 Firefox/57.0"
217.149.175.19 - - [27/Nov/2017:10:35:39 +0100] "GET /entry.php?id=10778&form=11496&name=list& HTTP/1.1" 200 5201 "http://ed.activities.at/entry.php?id=11671" "Mozilla/5.0 (Windows NT 6.1; Win64; x64; rv:57.0) Gecko/20100101 Firefox/57.0"
217.149.175.19 - - [27/Nov/2017:10:35:39 +0100] "GET /entry.php?id=10776&form=11496&name=list& HTTP/1.1" 200 1519 "http://ed.activities.at/entry.php?id=11671" "Mozilla/5.0 (Windows NT 6.1; Win64; x64; rv:57.0) Gecko/20100101 Firefox/57.0"
217.149.175.19 - - [27/Nov/2017:10:35:41 +0100] "POST /entry.php?id=11671 HTTP/1.1" 200 4950 "http://ed.activities.at/entry.php?id=11671" "Mozilla/5.0 (Windows NT 6.1; Win64; x64; rv:57.0) Gecko/20100101 Firefox/57.0"
217.149.175.19 - - [27/Nov/2017:10:35:42 +0100] "GET /gui/javascript/form_form.js?1511775342 HTTP/1.1" 200 16206 "http://ed.activities.at/entry.php?id=11671" "Mozilla/5.0 (Windows NT 6.1; Win64; x64; rv:57.0) Gecko/20100101 Firefox/57.0"
217.149.175.19 - - [27/Nov/2017:10:35:42 +0100] "GET /entry.php?id=10776&form=11496&name=list& HTTP/1.1" 200 1519 "http://ed.activities.at/entry.php?id=11671" "Mozilla/5.0 (Windows NT 6.1; Win64; x64; rv:57.0) Gecko/20100101 Firefox/57.0"
217.149.175.19 - - [27/Nov/2017:10:35:42 +0100] "GET /entry.php?id=10778&form=11496&name=list& HTTP/1.1" 200 5201 "http://ed.activities.at/entry.php?id=11671" "Mozilla/5.0 (Windows NT 6.1; Win64; x64; rv:57.0) Gecko/20100101 Firefox/57.0"
217.149.175.19 - - [27/Nov/2017:10:35:55 +0100] "GET /entry.php?id=10271&&ser=775295 HTTP/1.1" 200 988 "http://ed.activities.at/entry.php?id=10271&&ser=775235" "Mozilla/5.0 (Windows NT 6.1; Win64; x64; rv:57.0) Gecko/20100101 Firefox/57.0"
217.149.175.19 - - [27/Nov/2017:10:35:56 +0100] "GET /gui/javascript/form_form.js?1511775355 HTTP/1.1" 200 16206 "http://ed.activities.at/entry.php?id=10271&&ser=775295" "Mozilla/5.0 (Windows NT 6.1; Win64; x64; rv:57.0) Gecko/20100101 Firefox/57.0"
217.149.175.19 - - [27/Nov/2017:10:35:59 +0100] "POST /entry.php?id=11671 HTTP/1.1" 200 5010 "http://ed.activities.at/entry.php?id=11671" "Mozilla/5.0 (Windows NT 6.1; Win64; x64; rv:57.0) Gecko/20100101 Firefox/57.0"
217.149.175.19 - - [27/Nov/2017:10:36:00 +0100] "GET /gui/javascript/form_form.js?1511775360 HTTP/1.1" 200 16206 "http://ed.activities.at/entry.php?id=11671" "Mozilla/5.0 (Windows NT 6.1; Win64; x64; rv:57.0) Gecko/20100101 Firefox/57.0"
217.149.175.19 - - [27/Nov/2017:10:36:00 +0100] "GET /entry.php?id=10776&form=11496&name=list& HTTP/1.1" 200 1519 "http://ed.activities.at/entry.php?id=11671" "Mozilla/5.0 (Windows NT 6.1; Win64; x64; rv:57.0) Gecko/20100101 Firefox/57.0"
217.149.175.19 - - [27/Nov/2017:10:36:00 +0100] "GET /entry.php?id=10778&form=11496&name=list& HTTP/1.1" 200 5428 "http://ed.activities.at/entry.php?id=11671" "Mozilla/5.0 (Windows NT 6.1; Win64; x64; rv:57.0) Gecko/20100101 Firefox/57.0"
217.149.175.19 - - [27/Nov/2017:10:36:02 +0100] "POST /entry.php?id=11671 HTTP/1.1" 200 4991 "http://ed.activities.at/entry.php?id=11671" "Mozilla/5.0 (Windows NT 6.1; Win64; x64; rv:57.0) Gecko/20100101 Firefox/57.0"
217.149.175.19 - - [27/Nov/2017:10:36:03 +0100] "GET /gui/javascript/form_form.js?1511775363 HTTP/1.1" 200 16206 "http://ed.activities.at/entry.php?id=11671" "Mozilla/5.0 (Windows NT 6.1; Win64; x64; rv:57.0) Gecko/20100101 Firefox/57.0"
217.149.175.19 - - [27/Nov/2017:10:36:03 +0100] "GET /entry.php?id=10776&form=11496&name=list& HTTP/1.1" 200 1519 "http://ed.activities.at/entry.php?id=11671" "Mozilla/5.0 (Windows NT 6.1; Win64; x64; rv:57.0) Gecko/20100101 Firefox/57.0"
217.149.175.19 - - [27/Nov/2017:10:36:03 +0100] "GET /entry.php?id=10778&form=11496&name=list& HTTP/1.1" 200 5428 "http://ed.activities.at/entry.php?id=11671" "Mozilla/5.0 (Windows NT 6.1; Win64; x64; rv:57.0) Gecko/20100101 Firefox/57.0"
213.86.241.133 - - [27/Nov/2017:10:36:21 +0100] "GET /entry.php?id=10271&&ser=775321 HTTP/1.1" 200 987 "http://easydrivers.activities.at/entry.php?id=10271&&ser=775261" "Mozilla/5.0 (Windows NT 10.0; WOW64; Trident/7.0; rv:11.0) like Gecko"
213.86.241.133 - - [27/Nov/2017:10:36:22 +0100] "GET /gui/javascript/form_form.js?1511775382 HTTP/1.1" 200 16206 "http://easydrivers.activities.at/entry.php?id=10271&&ser=775321" "Mozilla/5.0 (Windows NT 10.0; WOW64; Trident/7.0; rv:11.0) like Gecko"
217.149.175.19 - - [27/Nov/2017:10:36:56 +0100] "GET /entry.php?id=10271&&ser=775355 HTTP/1.1" 200 987 "http://ed.activities.at/entry.php?id=10271&&ser=775295" "Mozilla/5.0 (Windows NT 6.1; Win64; x64; rv:57.0) Gecko/20100101 Firefox/57.0"
217.149.175.19 - - [27/Nov/2017:10:36:56 +0100] "GET /gui/javascript/form_form.js?1511775416 HTTP/1.1" 200 16206 "http://ed.activities.at/entry.php?id=10271&&ser=775355" "Mozilla/5.0 (Windows NT 6.1; Win64; x64; rv:57.0) Gecko/20100101 Firefox/57.0"
213.86.241.133 - - [27/Nov/2017:10:37:22 +0100] "GET /entry.php?id=10271&&ser=775382 HTTP/1.1" 200 987 "http://easydrivers.activities.at/entry.php?id=10271&&ser=775321" "Mozilla/5.0 (Windows NT 10.0; WOW64; Trident/7.0; rv:11.0) like Gecko"
213.86.241.133 - - [27/Nov/2017:10:37:22 +0100] "GET /gui/javascript/form_form.js?1511775442 HTTP/1.1" 200 16206 "http://easydrivers.activities.at/entry.php?id=10271&&ser=775382" "Mozilla/5.0 (Windows NT 10.0; WOW64; Trident/7.0; rv:11.0) like Gecko"
217.149.175.19 - - [27/Nov/2017:10:37:56 +0100] "GET /entry.php?id=10271&&ser=775416 HTTP/1.1" 200 988 "http://ed.activities.at/entry.php?id=10271&&ser=775355" "Mozilla/5.0 (Windows NT 6.1; Win64; x64; rv:57.0) Gecko/20100101 Firefox/57.0"
217.149.175.19 - - [27/Nov/2017:10:37:56 +0100] "GET /gui/javascript/form_form.js?1511775476 HTTP/1.1" 200 16206 "http://ed.activities.at/entry.php?id=10271&&ser=775416" "Mozilla/5.0 (Windows NT 6.1; Win64; x64; rv:57.0) Gecko/20100101 Firefox/57.0"
213.86.241.133 - - [27/Nov/2017:10:38:22 +0100] "GET /entry.php?id=10271&&ser=775442 HTTP/1.1" 200 988 "http://easydrivers.activities.at/entry.php?id=10271&&ser=775382" "Mozilla/5.0 (Windows NT 10.0; WOW64; Trident/7.0; rv:11.0) like Gecko"
213.86.241.133 - - [27/Nov/2017:10:38:22 +0100] "GET /gui/javascript/form_form.js?1511775502 HTTP/1.1" 200 16206 "http://easydrivers.activities.at/entry.php?id=10271&&ser=775442" "Mozilla/5.0 (Windows NT 10.0; WOW64; Trident/7.0; rv:11.0) like Gecko"
217.149.175.19 - - [27/Nov/2017:10:38:52 +0100] "GET / HTTP/1.1" 200 382 "-" "Mozilla/5.0 (Windows NT 6.1; Win64; x64; rv:57.0) Gecko/20100101 Firefox/57.0"
217.149.175.19 - - [27/Nov/2017:10:38:52 +0100] "GET /favicon.ico HTTP/1.1" 404 285 "-" "Mozilla/5.0 (Windows NT 6.1; Win64; x64; rv:57.0) Gecko/20100101 Firefox/57.0"
217.149.175.19 - - [27/Nov/2017:10:38:52 +0100] "GET /layout.php HTTP/1.1" 200 910 "http://ed.activities.at/" "Mozilla/5.0 (Windows NT 6.1; Win64; x64; rv:57.0) Gecko/20100101 Firefox/57.0"
217.149.175.19 - - [27/Nov/2017:10:38:52 +0100] "GET /entry.php?id=10270 HTTP/1.1" 200 909 "http://ed.activities.at/layout.php" "Mozilla/5.0 (Windows NT 6.1; Win64; x64; rv:57.0) Gecko/20100101 Firefox/57.0"
217.149.175.19 - - [27/Nov/2017:10:38:52 +0100] "GET /entry.php?id=10273 HTTP/1.1" 200 2030 "http://ed.activities.at/layout.php" "Mozilla/5.0 (Windows NT 6.1; Win64; x64; rv:57.0) Gecko/20100101 Firefox/57.0"
217.149.175.19 - - [27/Nov/2017:10:38:52 +0100] "GET /gui/javascript/form_form.js?1511775532 HTTP/1.1" 200 16206 "http://ed.activities.at/entry.php?id=10270" "Mozilla/5.0 (Windows NT 6.1; Win64; x64; rv:57.0) Gecko/20100101 Firefox/57.0"
217.149.175.19 - - [27/Nov/2017:10:38:52 +0100] "GET /entry.php?id=10272 HTTP/1.1" 200 1159 "http://ed.activities.at/layout.php" "Mozilla/5.0 (Windows NT 6.1; Win64; x64; rv:57.0) Gecko/20100101 Firefox/57.0"
217.149.175.19 - - [27/Nov/2017:10:38:52 +0100] "GET /entry.php?id=11412 HTTP/1.1" 200 1765 "http://ed.activities.at/layout.php" "Mozilla/5.0 (Windows NT 6.1; Win64; x64; rv:57.0) Gecko/20100101 Firefox/57.0"
217.149.175.19 - - [27/Nov/2017:10:38:52 +0100] "GET /framework/webfx/style/toolbar/images/cbback.gif HTTP/1.1" 404 313 "http://ed.activities.at/framework/webfx/style/toolbar/cb2.css" "Mozilla/5.0 (Windows NT 6.1; Win64; x64; rv:57.0) Gecko/20100101 Firefox/57.0"
217.149.175.19 - - [27/Nov/2017:10:38:52 +0100] "GET /entry.php?id=10270&__app__=10006038 HTTP/1.1" 200 1650 "http://ed.activities.at/entry.php?id=10273" "Mozilla/5.0 (Windows NT 6.1; Win64; x64; rv:57.0) Gecko/20100101 Firefox/57.0"
217.149.175.19 - - [27/Nov/2017:10:38:52 +0100] "GET /undefined HTTP/1.1" 404 283 "http://ed.activities.at/entry.php?id=10270&__app__=10006038" "Mozilla/5.0 (Windows NT 6.1; Win64; x64; rv:57.0) Gecko/20100101 Firefox/57.0"
217.149.175.19 - - [27/Nov/2017:10:38:52 +0100] "GET /entry.php?id=10271& HTTP/1.1" 200 988 "http://ed.activities.at/entry.php?id=10272" "Mozilla/5.0 (Windows NT 6.1; Win64; x64; rv:57.0) Gecko/20100101 Firefox/57.0"
217.149.175.19 - - [27/Nov/2017:10:38:52 +0100] "GET /entry.php?id=10287 HTTP/1.1" 200 2235 "http://ed.activities.at/entry.php?id=11412" "Mozilla/5.0 (Windows NT 6.1; Win64; x64; rv:57.0) Gecko/20100101 Firefox/57.0"
217.149.175.19 - - [27/Nov/2017:10:38:53 +0100] "GET /gui/javascript/form_form.js?1511775533 HTTP/1.1" 200 16206 "http://ed.activities.at/entry.php?id=10287" "Mozilla/5.0 (Windows NT 6.1; Win64; x64; rv:57.0) Gecko/20100101 Firefox/57.0"
217.149.175.19 - - [27/Nov/2017:10:38:54 +0100] "POST /entry.php?id=10287& HTTP/1.1" 200 2421 "http://ed.activities.at/entry.php?id=10287" "Mozilla/5.0 (Windows NT 6.1; Win64; x64; rv:57.0) Gecko/20100101 Firefox/57.0"
217.149.175.19 - - [27/Nov/2017:10:38:55 +0100] "GET /gui/javascript/form_form.js?1511775535 HTTP/1.1" 200 16206 "http://ed.activities.at/entry.php?id=10287&" "Mozilla/5.0 (Windows NT 6.1; Win64; x64; rv:57.0) Gecko/20100101 Firefox/57.0"
217.149.175.19 - - [27/Nov/2017:10:38:55 +0100] "GET /entry.php?id=10270& HTTP/1.1" 200 909 "http://ed.activities.at/entry.php?id=10287&" "Mozilla/5.0 (Windows NT 6.1; Win64; x64; rv:57.0) Gecko/20100101 Firefox/57.0"
217.149.175.19 - - [27/Nov/2017:10:38:55 +0100] "GET /entry.php?id=10273&logout=true& HTTP/1.1" 200 1912 "http://ed.activities.at/entry.php?id=10287&" "Mozilla/5.0 (Windows NT 6.1; Win64; x64; rv:57.0) Gecko/20100101 Firefox/57.0"
217.149.175.19 - - [27/Nov/2017:10:38:56 +0100] "GET /entry.php?id=10271&&ser=775476 HTTP/1.1" 200 935 "http://ed.activities.at/entry.php?id=10271&&ser=775416" "Mozilla/5.0 (Windows NT 6.1; Win64; x64; rv:57.0) Gecko/20100101 Firefox/57.0"
217.149.175.19 - - [27/Nov/2017:10:38:57 +0100] "GET /gui/javascript/form_form.js?1511775537 HTTP/1.1" 200 16206 "http://ed.activities.at/entry.php?id=10271&&ser=775476" "Mozilla/5.0 (Windows NT 6.1; Win64; x64; rv:57.0) Gecko/20100101 Firefox/57.0"
217.149.175.19 - - [27/Nov/2017:10:39:00 +0100] "GET /entry.php?id=10287&login=1 HTTP/1.1" 200 2407 "http://ed.activities.at/entry.php?id=10273&" "Mozilla/5.0 (Windows NT 6.1; Win64; x64; rv:57.0) Gecko/20100101 Firefox/57.0"
217.149.175.19 - - [27/Nov/2017:10:39:00 +0100] "GET /gui/javascript/form_form.js?1511775540 HTTP/1.1" 200 16206 "http://ed.activities.at/entry.php?id=10287&login=1" "Mozilla/5.0 (Windows NT 6.1; Win64; x64; rv:57.0) Gecko/20100101 Firefox/57.0"
217.149.175.19 - - [27/Nov/2017:10:39:00 +0100] "GET /entry.php?id=10270& HTTP/1.1" 200 909 "http://ed.activities.at/entry.php?id=10287&login=1" "Mozilla/5.0 (Windows NT 6.1; Win64; x64; rv:57.0) Gecko/20100101 Firefox/57.0"
217.149.175.19 - - [27/Nov/2017:10:39:00 +0100] "GET /entry.php?id=10273& HTTP/1.1" 200 1901 "http://ed.activities.at/entry.php?id=10287&login=1" "Mozilla/5.0 (Windows NT 6.1; Win64; x64; rv:57.0) Gecko/20100101 Firefox/57.0"
217.149.175.19 - - [27/Nov/2017:10:39:01 +0100] "GET /gui/javascript/form_form.js?1511775541 HTTP/1.1" 200 16206 "http://ed.activities.at/entry.php?id=10270&" "Mozilla/5.0 (Windows NT 6.1; Win64; x64; rv:57.0) Gecko/20100101 Firefox/57.0"
213.86.241.133 - - [27/Nov/2017:10:39:23 +0100] "GET /entry.php?id=10271&&ser=775502 HTTP/1.1" 200 988 "http://easydrivers.activities.at/entry.php?id=10271&&ser=775442" "Mozilla/5.0 (Windows NT 10.0; WOW64; Trident/7.0; rv:11.0) like Gecko"
213.86.241.133 - - [27/Nov/2017:10:39:23 +0100] "GET /gui/javascript/form_form.js?1511775563 HTTP/1.1" 200 16206 "http://easydrivers.activities.at/entry.php?id=10271&&ser=775502" "Mozilla/5.0 (Windows NT 10.0; WOW64; Trident/7.0; rv:11.0) like Gecko"
213.86.241.133 - - [27/Nov/2017:10:40:23 +0100] "GET /entry.php?id=10271&&ser=775563 HTTP/1.1" 200 987 "http://easydrivers.activities.at/entry.php?id=10271&&ser=775502" "Mozilla/5.0 (Windows NT 10.0; WOW64; Trident/7.0; rv:11.0) like Gecko"
213.86.241.133 - - [27/Nov/2017:10:40:23 +0100] "GET /gui/javascript/form_form.js?1511775623 HTTP/1.1" 200 16206 "http://easydrivers.activities.at/entry.php?id=10271&&ser=775563" "Mozilla/5.0 (Windows NT 10.0; WOW64; Trident/7.0; rv:11.0) like Gecko"
213.86.241.133 - - [27/Nov/2017:10:41:23 +0100] "GET /entry.php?id=10271&&ser=775623 HTTP/1.1" 200 989 "http://easydrivers.activities.at/entry.php?id=10271&&ser=775563" "Mozilla/5.0 (Windows NT 10.0; WOW64; Trident/7.0; rv:11.0) like Gecko"
213.86.241.133 - - [27/Nov/2017:10:41:24 +0100] "GET /gui/javascript/form_form.js?1511775684 HTTP/1.1" 200 16206 "http://easydrivers.activities.at/entry.php?id=10271&&ser=775623" "Mozilla/5.0 (Windows NT 10.0; WOW64; Trident/7.0; rv:11.0) like Gecko"
213.86.241.133 - - [27/Nov/2017:10:42:24 +0100] "GET /entry.php?id=10271&&ser=775683 HTTP/1.1" 200 986 "http://easydrivers.activities.at/entry.php?id=10271&&ser=775623" "Mozilla/5.0 (Windows NT 10.0; WOW64; Trident/7.0; rv:11.0) like Gecko"
213.86.241.133 - - [27/Nov/2017:10:42:24 +0100] "GET /gui/javascript/form_form.js?1511775744 HTTP/1.1" 200 16206 "http://easydrivers.activities.at/entry.php?id=10271&&ser=775683" "Mozilla/5.0 (Windows NT 10.0; WOW64; Trident/7.0; rv:11.0) like Gecko"
213.86.241.133 - - [27/Nov/2017:10:43:24 +0100] "GET /entry.php?id=10271&&ser=775744 HTTP/1.1" 200 987 "http://easydrivers.activities.at/entry.php?id=10271&&ser=775683" "Mozilla/5.0 (Windows NT 10.0; WOW64; Trident/7.0; rv:11.0) like Gecko"
213.86.241.133 - - [27/Nov/2017:10:43:24 +0100] "GET /gui/javascript/form_form.js?1511775804 HTTP/1.1" 200 16206 "http://easydrivers.activities.at/entry.php?id=10271&&ser=775744" "Mozilla/5.0 (Windows NT 10.0; WOW64; Trident/7.0; rv:11.0) like Gecko"
213.86.241.133 - - [27/Nov/2017:10:44:24 +0100] "GET /entry.php?id=10271&&ser=775804 HTTP/1.1" 200 988 "http://easydrivers.activities.at/entry.php?id=10271&&ser=775744" "Mozilla/5.0 (Windows NT 10.0; WOW64; Trident/7.0; rv:11.0) like Gecko"
213.86.241.133 - - [27/Nov/2017:10:44:25 +0100] "GET /gui/javascript/form_form.js?1511775865 HTTP/1.1" 200 16206 "http://easydrivers.activities.at/entry.php?id=10271&&ser=775804" "Mozilla/5.0 (Windows NT 10.0; WOW64; Trident/7.0; rv:11.0) like Gecko"
213.86.241.133 - - [27/Nov/2017:10:44:34 +0100] "GET / HTTP/1.1" 200 382 "-" "Mozilla/5.0 (Windows NT 10.0; WOW64; Trident/7.0; rv:11.0) like Gecko"
213.86.241.133 - - [27/Nov/2017:10:44:35 +0100] "GET /layout.php HTTP/1.1" 200 914 "-" "Mozilla/5.0 (Windows NT 10.0; WOW64; Trident/7.0; rv:11.0) like Gecko"
213.86.241.133 - - [27/Nov/2017:10:44:35 +0100] "GET /entry.php?id=10270 HTTP/1.1" 200 909 "http://easydrivers.activities.at/layout.php" "Mozilla/5.0 (Windows NT 10.0; WOW64; Trident/7.0; rv:11.0) like Gecko"
213.86.241.133 - - [27/Nov/2017:10:44:35 +0100] "GET /entry.php?id=10272 HTTP/1.1" 200 1189 "http://easydrivers.activities.at/layout.php" "Mozilla/5.0 (Windows NT 10.0; WOW64; Trident/7.0; rv:11.0) like Gecko"
213.86.241.133 - - [27/Nov/2017:10:44:35 +0100] "GET /entry.php?id=10273 HTTP/1.1" 200 1933 "http://easydrivers.activities.at/layout.php" "Mozilla/5.0 (Windows NT 10.0; WOW64; Trident/7.0; rv:11.0) like Gecko"
213.86.241.133 - - [27/Nov/2017:10:44:35 +0100] "GET /entry.php?id=11412 HTTP/1.1" 200 1759 "http://easydrivers.activities.at/layout.php" "Mozilla/5.0 (Windows NT 10.0; WOW64; Trident/7.0; rv:11.0) like Gecko"
213.86.241.133 - - [27/Nov/2017:10:44:35 +0100] "GET /gui/javascript/form_form.js?1511775875 HTTP/1.1" 200 16206 "http://easydrivers.activities.at/entry.php?id=10270" "Mozilla/5.0 (Windows NT 10.0; WOW64; Trident/7.0; rv:11.0) like Gecko"
213.86.241.133 - - [27/Nov/2017:10:44:36 +0100] "GET /entry.php?id=10287 HTTP/1.1" 200 2402 "http://easydrivers.activities.at/entry.php?id=11412" "Mozilla/5.0 (Windows NT 10.0; WOW64; Trident/7.0; rv:11.0) like Gecko"
213.86.241.133 - - [27/Nov/2017:10:44:36 +0100] "GET /entry.php?id=10271&UIN=f91f44cd6c3a2f16d69a4411a6e70bec HTTP/1.1" 200 934 "http://easydrivers.activities.at/entry.php?id=10272" "Mozilla/5.0 (Windows NT 10.0; WOW64; Trident/7.0; rv:11.0) like Gecko"
213.86.241.133 - - [27/Nov/2017:10:44:36 +0100] "GET /gui/javascript/form_form.js?1511775876 HTTP/1.1" 200 16206 "http://easydrivers.activities.at/entry.php?id=10287" "Mozilla/5.0 (Windows NT 10.0; WOW64; Trident/7.0; rv:11.0) like Gecko"
213.86.241.133 - - [27/Nov/2017:10:44:36 +0100] "GET /entry.php?id=10270& HTTP/1.1" 200 909 "http://easydrivers.activities.at/layout.php" "Mozilla/5.0 (Windows NT 10.0; WOW64; Trident/7.0; rv:11.0) like Gecko"
213.86.241.133 - - [27/Nov/2017:10:44:36 +0100] "GET /entry.php?id=10273& HTTP/1.1" 200 1903 "http://easydrivers.activities.at/layout.php" "Mozilla/5.0 (Windows NT 10.0; WOW64; Trident/7.0; rv:11.0) like Gecko"
213.86.241.133 - - [27/Nov/2017:10:45:08 +0100] "POST /entry.php?id=10287& HTTP/1.1" 200 2441 "http://easydrivers.activities.at/entry.php?id=10287" "Mozilla/5.0 (Windows NT 10.0; WOW64; Trident/7.0; rv:11.0) like Gecko"
213.86.241.133 - - [27/Nov/2017:10:45:08 +0100] "GET /gui/javascript/form_form.js?1511775908 HTTP/1.1" 200 16206 "http://easydrivers.activities.at/entry.php?id=10287&" "Mozilla/5.0 (Windows NT 10.0; WOW64; Trident/7.0; rv:11.0) like Gecko"
213.86.241.133 - - [27/Nov/2017:10:45:25 +0100] "GET /entry.php?id=10271&&ser=775865 HTTP/1.1" 200 988 "http://easydrivers.activities.at/entry.php?id=10271&&ser=775804" "Mozilla/5.0 (Windows NT 10.0; WOW64; Trident/7.0; rv:11.0) like Gecko"
213.86.241.133 - - [27/Nov/2017:10:45:25 +0100] "GET /gui/javascript/form_form.js?1511775925 HTTP/1.1" 200 16206 "http://easydrivers.activities.at/entry.php?id=10271&&ser=775865" "Mozilla/5.0 (Windows NT 10.0; WOW64; Trident/7.0; rv:11.0) like Gecko"
90.146.3.54 - - [27/Nov/2017:10:45:40 +0100] "GET /layout.php HTTP/1.1" 200 908 "-" "Mozilla/5.0 (Windows NT 10.0; Win64; x64) AppleWebKit/537.36 (KHTML, like Gecko) Chrome/62.0.3202.94 Safari/537.36"
90.146.3.54 - - [27/Nov/2017:10:45:40 +0100] "GET /entry.php?id=10272 HTTP/1.1" 200 1190 "http://ed.activities.at/layout.php" "Mozilla/5.0 (Windows NT 10.0; Win64; x64) AppleWebKit/537.36 (KHTML, like Gecko) Chrome/62.0.3202.94 Safari/537.36"
90.146.3.54 - - [27/Nov/2017:10:45:40 +0100] "GET /entry.php?id=10270 HTTP/1.1" 200 909 "http://ed.activities.at/layout.php" "Mozilla/5.0 (Windows NT 10.0; Win64; x64) AppleWebKit/537.36 (KHTML, like Gecko) Chrome/62.0.3202.94 Safari/537.36"
90.146.3.54 - - [27/Nov/2017:10:45:40 +0100] "GET /entry.php?id=10273 HTTP/1.1" 200 1933 "http://ed.activities.at/layout.php" "Mozilla/5.0 (Windows NT 10.0; Win64; x64) AppleWebKit/537.36 (KHTML, like Gecko) Chrome/62.0.3202.94 Safari/537.36"
90.146.3.54 - - [27/Nov/2017:10:45:40 +0100] "GET /gui/javascript/form_form.js?1511775940 HTTP/1.1" 200 16206 "http://ed.activities.at/entry.php?id=10272" "Mozilla/5.0 (Windows NT 10.0; Win64; x64) AppleWebKit/537.36 (KHTML, like Gecko) Chrome/62.0.3202.94 Safari/537.36"
90.146.3.54 - - [27/Nov/2017:10:45:40 +0100] "GET /entry.php?id=11412 HTTP/1.1" 200 1759 "http://ed.activities.at/layout.php" "Mozilla/5.0 (Windows NT 10.0; Win64; x64) AppleWebKit/537.36 (KHTML, like Gecko) Chrome/62.0.3202.94 Safari/537.36"
90.146.3.54 - - [27/Nov/2017:10:45:40 +0100] "GET /entry.php?id=10271&UIN=d8e30e907bbf203d169737afbe2e1627 HTTP/1.1" 200 934 "http://ed.activities.at/entry.php?id=10272" "Mozilla/5.0 (Windows NT 10.0; Win64; x64) AppleWebKit/537.36 (KHTML, like Gecko) Chrome/62.0.3202.94 Safari/537.36"
90.146.3.54 - - [27/Nov/2017:10:45:41 +0100] "GET /gui/javascript/form_form.js?1511775941 HTTP/1.1" 200 16206 "http://ed.activities.at/entry.php?id=10271&UIN=d8e30e907bbf203d169737afbe2e1627" "Mozilla/5.0 (Windows NT 10.0; Win64; x64) AppleWebKit/537.36 (KHTML, like Gecko) Chrome/62.0.3202.94 Safari/537.36"
90.146.3.54 - - [27/Nov/2017:10:45:41 +0100] "GET /entry.php?id=10287 HTTP/1.1" 200 2414 "http://ed.activities.at/entry.php?id=11412" "Mozilla/5.0 (Windows NT 10.0; Win64; x64) AppleWebKit/537.36 (KHTML, like Gecko) Chrome/62.0.3202.94 Safari/537.36"
90.146.3.54 - - [27/Nov/2017:10:45:41 +0100] "GET /entry.php?id=10270& HTTP/1.1" 200 909 "http://ed.activities.at/entry.php?id=10287" "Mozilla/5.0 (Windows NT 10.0; Win64; x64) AppleWebKit/537.36 (KHTML, like Gecko) Chrome/62.0.3202.94 Safari/537.36"
90.146.3.54 - - [27/Nov/2017:10:45:41 +0100] "GET /entry.php?id=10273& HTTP/1.1" 200 1901 "http://ed.activities.at/entry.php?id=10287" "Mozilla/5.0 (Windows NT 10.0; Win64; x64) AppleWebKit/537.36 (KHTML, like Gecko) Chrome/62.0.3202.94 Safari/537.36"
90.146.3.54 - - [27/Nov/2017:10:45:45 +0100] "POST /entry.php?id=10287& HTTP/1.1" 200 1991 "http://ed.activities.at/entry.php?id=10287" "Mozilla/5.0 (Windows NT 10.0; Win64; x64) AppleWebKit/537.36 (KHTML, like Gecko) Chrome/62.0.3202.94 Safari/537.36"
90.146.3.54 - - [27/Nov/2017:10:45:45 +0100] "GET /gui/javascript/form_form.js?1511775945 HTTP/1.1" 200 16206 "http://ed.activities.at/entry.php?id=10287&" "Mozilla/5.0 (Windows NT 10.0; Win64; x64) AppleWebKit/537.36 (KHTML, like Gecko) Chrome/62.0.3202.94 Safari/537.36"
