90.146.3.54 - - [27/Nov/2017:11:43:54 +0100] "GET /gui/javascript/form_form.js?1511779433 HTTP/1.1" 200 16206 "http://ed.activities.at/entry.php?id=11671" "Mozilla/5.0 (Windows NT 10.0; Win64; x64) AppleWebKit/537.36 (KHTML, like Gecko) Chrome/62.0.3202.94 Safari/537.36"
81.10.228.170 - - [27/Nov/2017:11:43:54 +0100] "GET /gui/javascript/jquery/css/gui-themes/jquery.tooltip.css HTTP/1.1" 304 - "http://easydrivers.activities.at/entry.php?id=10271&" "Mozilla/5.0 (Windows NT 10.0; Trident/7.0; rv:11.0) like Gecko"
81.10.228.170 - - [27/Nov/2017:11:43:54 +0100] "GET /gui/styles/tmplDefault.css HTTP/1.1" 304 - "http://easydrivers.activities.at/entry.php?id=10271&" "Mozilla/5.0 (Windows NT 10.0; Trident/7.0; rv:11.0) like Gecko"
81.10.228.170 - - [27/Nov/2017:11:43:54 +0100] "GET /entry.php?id=10374 HTTP/1.1" 200 2017 "http://easydrivers.activities.at/entry.php?id=10287&" "Mozilla/5.0 (Windows NT 10.0; Trident/7.0; rv:11.0) like Gecko"
81.10.228.170 - - [27/Nov/2017:11:43:54 +0100] "GET /gui/javascript/form_form.js?1511779431 HTTP/1.1" 304 - "http://easydrivers.activities.at/entry.php?id=10271&" "Mozilla/5.0 (Windows NT 10.0; Trident/7.0; rv:11.0) like Gecko"
81.10.228.170 - - [27/Nov/2017:11:43:54 +0100] "GET /gui/javascript/form_form.js?1511779434 HTTP/1.1" 200 16206 "http://easydrivers.activities.at/entry.php?id=10374" "Mozilla/5.0 (Windows NT 10.0; Trident/7.0; rv:11.0) like Gecko"
81.10.228.170 - - [27/Nov/2017:11:43:54 +0100] "GET /gui/javascript/jquery/js/jquery-1.8.2.js HTTP/1.1" 304 - "http://easydrivers.activities.at/entry.php?id=10271&" "Mozilla/5.0 (Windows NT 10.0; Trident/7.0; rv:11.0) like Gecko"
90.146.3.54 - - [27/Nov/2017:11:43:54 +0100] "GET /entry.php?id=10776&form=11496&name=list& HTTP/1.1" 200 1519 "http://ed.activities.at/entry.php?id=11671" "Mozilla/5.0 (Windows NT 10.0; Win64; x64) AppleWebKit/537.36 (KHTML, like Gecko) Chrome/62.0.3202.94 Safari/537.36"
90.146.3.54 - - [27/Nov/2017:11:43:54 +0100] "GET /entry.php?id=10778&form=11496&name=list& HTTP/1.1" 200 5832 "http://ed.activities.at/entry.php?id=11671" "Mozilla/5.0 (Windows NT 10.0; Win64; x64) AppleWebKit/537.36 (KHTML, like Gecko) Chrome/62.0.3202.94 Safari/537.36"
81.10.228.170 - - [27/Nov/2017:11:43:54 +0100] "GET /gui/javascript/jquery/js/jquery-ui-1.9.0.custom.min.js HTTP/1.1" 304 - "http://easydrivers.activities.at/entry.php?id=10271&" "Mozilla/5.0 (Windows NT 10.0; Trident/7.0; rv:11.0) like Gecko"
81.10.228.170 - - [27/Nov/2017:11:43:55 +0100] "GET /gui/javascript/jquery/jquery-tooltip/jquery.tooltip.min.js HTTP/1.1" 304 - "http://easydrivers.activities.at/entry.php?id=10271&" "Mozilla/5.0 (Windows NT 10.0; Trident/7.0; rv:11.0) like Gecko"
81.10.228.170 - - [27/Nov/2017:11:43:55 +0100] "GET /entry.php?id=11673 HTTP/1.1" 200 358 "http://easydrivers.activities.at/entry.php?id=11412" "Mozilla/5.0 (Windows NT 10.0; Trident/7.0; rv:11.0) like Gecko"
81.10.228.170 - - [27/Nov/2017:11:43:55 +0100] "GET /entry.php?id=10676&&title=F\xfchrerscheinkurse HTTP/1.1" 200 1394 "http://easydrivers.activities.at/entry.php?id=11673" "Mozilla/5.0 (Windows NT 10.0; Trident/7.0; rv:11.0) like Gecko"
81.10.228.170 - - [27/Nov/2017:11:43:55 +0100] "GET /gui/javascript/form_form.js?1511779435 HTTP/1.1" 200 16206 "http://easydrivers.activities.at/entry.php?id=10676&&title=F%C3%BChrerscheinkurse" "Mozilla/5.0 (Windows NT 10.0; Trident/7.0; rv:11.0) like Gecko"
81.10.228.170 - - [27/Nov/2017:11:43:55 +0100] "GET /entry.php?id=11694& HTTP/1.1" 200 3440 "http://easydrivers.activities.at/entry.php?id=11673" "Mozilla/5.0 (Windows NT 10.0; Trident/7.0; rv:11.0) like Gecko"
81.10.228.170 - - [27/Nov/2017:11:43:56 +0100] "GET /gui/javascript/form_form.js?1511779436 HTTP/1.1" 200 16206 "http://easydrivers.activities.at/entry.php?id=11694&" "Mozilla/5.0 (Windows NT 10.0; Trident/7.0; rv:11.0) like Gecko"
81.10.228.170 - - [27/Nov/2017:11:43:56 +0100] "GET /activities/framework/KoolControls/KoolAjax/koolajax.php?8436e354c842500aba3cbaf0584c0c24 HTTP/1.1" 200 4079 "http://easydrivers.activities.at/entry.php?id=11694&" "Mozilla/5.0 (Windows NT 10.0; Trident/7.0; rv:11.0) like Gecko"
81.10.228.170 - - [27/Nov/2017:11:43:55 +0100] "GET /entry.php?id=11671& HTTP/1.1" 200 4539 "http://easydrivers.activities.at/entry.php?id=11673" "Mozilla/5.0 (Windows NT 10.0; Trident/7.0; rv:11.0) like Gecko"
90.146.3.54 - - [27/Nov/2017:11:43:55 +0100] "POST /entry.php?id=11671 HTTP/1.1" 200 5179 "http://ed.activities.at/entry.php?id=11671" "Mozilla/5.0 (Windows NT 10.0; Win64; x64) AppleWebKit/537.36 (KHTML, like Gecko) Chrome/62.0.3202.94 Safari/537.36"
90.146.3.54 - - [27/Nov/2017:11:43:57 +0100] "GET /gui/javascript/form_form.js?1511779437 HTTP/1.1" 200 16206 "http://ed.activities.at/entry.php?id=11671" "Mozilla/5.0 (Windows NT 10.0; Win64; x64) AppleWebKit/537.36 (KHTML, like Gecko) Chrome/62.0.3202.94 Safari/537.36"
81.10.228.170 - - [27/Nov/2017:11:43:55 +0100] "GET /entry.php?id=11672& HTTP/1.1" 200 2692 "http://easydrivers.activities.at/entry.php?id=11673" "Mozilla/5.0 (Windows NT 10.0; Trident/7.0; rv:11.0) like Gecko"
81.10.228.170 - - [27/Nov/2017:11:43:57 +0100] "GET /activities/framework/KoolControls/KoolTreeView/kooltreeview.php?c7cd9180e88ffef8e70f13526bb4f5f7 HTTP/1.1" 200 5055 "http://easydrivers.activities.at/entry.php?id=11694&" "Mozilla/5.0 (Windows NT 10.0; Trident/7.0; rv:11.0) like Gecko"
90.146.3.54 - - [27/Nov/2017:11:43:57 +0100] "GET /entry.php?id=10776&form=11496&name=list& HTTP/1.1" 200 1519 "http://ed.activities.at/entry.php?id=11671" "Mozilla/5.0 (Windows NT 10.0; Win64; x64) AppleWebKit/537.36 (KHTML, like Gecko) Chrome/62.0.3202.94 Safari/537.36"
90.146.3.54 - - [27/Nov/2017:11:43:57 +0100] "GET /entry.php?id=10778&form=11496&name=list& HTTP/1.1" 200 5832 "http://ed.activities.at/entry.php?id=11671" "Mozilla/5.0 (Windows NT 10.0; Win64; x64) AppleWebKit/537.36 (KHTML, like Gecko) Chrome/62.0.3202.94 Safari/537.36"
81.10.228.170 - - [27/Nov/2017:11:43:57 +0100] "GET /entry.php?id=10776&form=11496&name=list& HTTP/1.1" 200 1526 "http://easydrivers.activities.at/entry.php?id=11671&" "Mozilla/5.0 (Windows NT 10.0; Trident/7.0; rv:11.0) like Gecko"
81.10.228.170 - - [27/Nov/2017:11:43:57 +0100] "GET /entry.php?id=10778&form=11496&name=list& HTTP/1.1" 200 2493 "http://easydrivers.activities.at/entry.php?id=11671&" "Mozilla/5.0 (Windows NT 10.0; Trident/7.0; rv:11.0) like Gecko"
81.10.228.170 - - [27/Nov/2017:11:43:58 +0100] "GET /gui/javascript/form_form.js?1511779437 HTTP/1.1" 200 16206 "http://easydrivers.activities.at/entry.php?id=11672&" "Mozilla/5.0 (Windows NT 10.0; Trident/7.0; rv:11.0) like Gecko"
213.86.241.133 - - [27/Nov/2017:11:43:59 +0100] "GET /entry.php?id=10271&&ser=779379 HTTP/1.1" 200 987 "http://easydrivers.activities.at/entry.php?id=10271&&ser=779318" "Mozilla/5.0 (Windows NT 10.0; WOW64; Trident/7.0; rv:11.0) like Gecko"
213.86.241.133 - - [27/Nov/2017:11:43:59 +0100] "GET /gui/javascript/form_form.js?1511779439 HTTP/1.1" 200 16206 "http://easydrivers.activities.at/entry.php?id=10271&&ser=779379" "Mozilla/5.0 (Windows NT 10.0; WOW64; Trident/7.0; rv:11.0) like Gecko"
81.10.228.170 - - [27/Nov/2017:11:44:02 +0100] "GET /entry.php?id=10776&form=11497&name=list& HTTP/1.1" 200 1942 "http://easydrivers.activities.at/entry.php?id=11672&" "Mozilla/5.0 (Windows NT 10.0; Trident/7.0; rv:11.0) like Gecko"
81.10.228.170 - - [27/Nov/2017:11:44:02 +0100] "GET /entry.php?id=10778&form=11497&name=list& HTTP/1.1" 200 9374 "http://easydrivers.activities.at/entry.php?id=11672&" "Mozilla/5.0 (Windows NT 10.0; Trident/7.0; rv:11.0) like Gecko"
90.146.3.54 - - [27/Nov/2017:11:44:07 +0100] "POST /entry.php?id=11671 HTTP/1.1" 200 4904 "http://ed.activities.at/entry.php?id=11671" "Mozilla/5.0 (Windows NT 10.0; Win64; x64) AppleWebKit/537.36 (KHTML, like Gecko) Chrome/62.0.3202.94 Safari/537.36"
90.146.3.54 - - [27/Nov/2017:11:44:08 +0100] "GET /gui/javascript/form_form.js?1511779448 HTTP/1.1" 200 16206 "http://ed.activities.at/entry.php?id=11671" "Mozilla/5.0 (Windows NT 10.0; Win64; x64) AppleWebKit/537.36 (KHTML, like Gecko) Chrome/62.0.3202.94 Safari/537.36"
90.146.3.54 - - [27/Nov/2017:11:44:08 +0100] "GET /entry.php?id=10776&form=11496&name=list& HTTP/1.1" 200 1519 "http://ed.activities.at/entry.php?id=11671" "Mozilla/5.0 (Windows NT 10.0; Win64; x64) AppleWebKit/537.36 (KHTML, like Gecko) Chrome/62.0.3202.94 Safari/537.36"
90.146.3.54 - - [27/Nov/2017:11:44:08 +0100] "GET /entry.php?id=10778&form=11496&name=list& HTTP/1.1" 200 5832 "http://ed.activities.at/entry.php?id=11671" "Mozilla/5.0 (Windows NT 10.0; Win64; x64) AppleWebKit/537.36 (KHTML, like Gecko) Chrome/62.0.3202.94 Safari/537.36"
81.10.228.170 - - [27/Nov/2017:11:44:12 +0100] "POST /entry.php?id=11672 HTTP/1.1" 200 2700 "http://easydrivers.activities.at/entry.php?id=11672&" "Mozilla/5.0 (Windows NT 10.0; Trident/7.0; rv:11.0) like Gecko"
81.10.228.170 - - [27/Nov/2017:11:44:12 +0100] "GET /gui/javascript/form_form.js?1511779452 HTTP/1.1" 200 16206 "http://easydrivers.activities.at/entry.php?id=11672" "Mozilla/5.0 (Windows NT 10.0; Trident/7.0; rv:11.0) like Gecko"
81.10.228.170 - - [27/Nov/2017:11:44:13 +0100] "GET /entry.php?id=10776&form=11497&name=list& HTTP/1.1" 200 1941 "http://easydrivers.activities.at/entry.php?id=11672" "Mozilla/5.0 (Windows NT 10.0; Trident/7.0; rv:11.0) like Gecko"
81.10.228.170 - - [27/Nov/2017:11:44:13 +0100] "GET /entry.php?id=10778&form=11497&name=list& HTTP/1.1" 200 4155 "http://easydrivers.activities.at/entry.php?id=11672" "Mozilla/5.0 (Windows NT 10.0; Trident/7.0; rv:11.0) like Gecko"
81.10.228.170 - - [27/Nov/2017:11:44:17 +0100] "POST /entry.php?id=11672 HTTP/1.1" 200 2700 "http://easydrivers.activities.at/entry.php?id=11672" "Mozilla/5.0 (Windows NT 10.0; Trident/7.0; rv:11.0) like Gecko"
81.10.228.170 - - [27/Nov/2017:11:44:18 +0100] "GET /gui/javascript/form_form.js?1511779458 HTTP/1.1" 200 16206 "http://easydrivers.activities.at/entry.php?id=11672" "Mozilla/5.0 (Windows NT 10.0; Trident/7.0; rv:11.0) like Gecko"
81.10.228.170 - - [27/Nov/2017:11:44:18 +0100] "GET /entry.php?id=10776&form=11497&name=list& HTTP/1.1" 200 1943 "http://easydrivers.activities.at/entry.php?id=11672" "Mozilla/5.0 (Windows NT 10.0; Trident/7.0; rv:11.0) like Gecko"
81.10.228.170 - - [27/Nov/2017:11:44:19 +0100] "GET /entry.php?id=10778&form=11497&name=list& HTTP/1.1" 200 4166 "http://easydrivers.activities.at/entry.php?id=11672" "Mozilla/5.0 (Windows NT 10.0; Trident/7.0; rv:11.0) like Gecko"
81.10.228.170 - - [27/Nov/2017:11:44:19 +0100] "GET /framework/icons/sortDown.gif HTTP/1.1" 200 54 "http://easydrivers.activities.at/entry.php?id=10776&form=11497&name=list&" "Mozilla/5.0 (Windows NT 10.0; Trident/7.0; rv:11.0) like Gecko"
90.146.3.54 - - [27/Nov/2017:11:44:25 +0100] "GET /entry.php?id=10271&&ser=779405 HTTP/1.1" 200 987 "http://ed.activities.at/entry.php?id=10271&&ser=779344" "Mozilla/5.0 (Windows NT 10.0; Win64; x64) AppleWebKit/537.36 (KHTML, like Gecko) Chrome/62.0.3202.94 Safari/537.36"
90.146.3.54 - - [27/Nov/2017:11:44:25 +0100] "GET /gui/javascript/form_form.js?1511779465 HTTP/1.1" 200 16206 "http://ed.activities.at/entry.php?id=10271&&ser=779405" "Mozilla/5.0 (Windows NT 10.0; Win64; x64) AppleWebKit/537.36 (KHTML, like Gecko) Chrome/62.0.3202.94 Safari/537.36"
81.10.228.170 - - [27/Nov/2017:11:44:25 +0100] "POST /entry.php?id=11671 HTTP/1.1" 200 4785 "http://easydrivers.activities.at/entry.php?id=11671&" "Mozilla/5.0 (Windows NT 10.0; Trident/7.0; rv:11.0) like Gecko"
81.10.228.170 - - [27/Nov/2017:11:44:26 +0100] "GET /gui/javascript/form_form.js?1511779466 HTTP/1.1" 200 16206 "http://easydrivers.activities.at/entry.php?id=11671" "Mozilla/5.0 (Windows NT 10.0; Trident/7.0; rv:11.0) like Gecko"
81.10.228.170 - - [27/Nov/2017:11:44:26 +0100] "GET /entry.php?id=10776&form=11496&name=list& HTTP/1.1" 200 1519 "http://easydrivers.activities.at/entry.php?id=11671" "Mozilla/5.0 (Windows NT 10.0; Trident/7.0; rv:11.0) like Gecko"
81.10.228.170 - - [27/Nov/2017:11:44:26 +0100] "GET /entry.php?id=10778&form=11496&name=list& HTTP/1.1" 200 5734 "http://easydrivers.activities.at/entry.php?id=11671" "Mozilla/5.0 (Windows NT 10.0; Trident/7.0; rv:11.0) like Gecko"
81.10.228.170 - - [27/Nov/2017:11:44:33 +0100] "POST /entry.php?id=11671 HTTP/1.1" 200 4791 "http://easydrivers.activities.at/entry.php?id=11671" "Mozilla/5.0 (Windows NT 10.0; Trident/7.0; rv:11.0) like Gecko"
81.10.228.170 - - [27/Nov/2017:11:44:33 +0100] "GET /gui/javascript/form_form.js?1511779473 HTTP/1.1" 200 16206 "http://easydrivers.activities.at/entry.php?id=11671" "Mozilla/5.0 (Windows NT 10.0; Trident/7.0; rv:11.0) like Gecko"
81.10.228.170 - - [27/Nov/2017:11:44:34 +0100] "GET /entry.php?id=10778&form=11496&name=list& HTTP/1.1" 200 5734 "http://easydrivers.activities.at/entry.php?id=11671" "Mozilla/5.0 (Windows NT 10.0; Trident/7.0; rv:11.0) like Gecko"
81.10.228.170 - - [27/Nov/2017:11:44:34 +0100] "GET /entry.php?id=10776&form=11496&name=list& HTTP/1.1" 200 1519 "http://easydrivers.activities.at/entry.php?id=11671" "Mozilla/5.0 (Windows NT 10.0; Trident/7.0; rv:11.0) like Gecko"
81.10.228.170 - - [27/Nov/2017:11:44:38 +0100] "POST /entry.php?id=11671 HTTP/1.1" 200 4942 "http://easydrivers.activities.at/entry.php?id=11671" "Mozilla/5.0 (Windows NT 10.0; Trident/7.0; rv:11.0) like Gecko"
81.10.228.170 - - [27/Nov/2017:11:44:39 +0100] "GET /gui/javascript/form_form.js?1511779479 HTTP/1.1" 200 16206 "http://easydrivers.activities.at/entry.php?id=11671" "Mozilla/5.0 (Windows NT 10.0; Trident/7.0; rv:11.0) like Gecko"
81.10.228.170 - - [27/Nov/2017:11:44:40 +0100] "GET /entry.php?id=10776&form=11496&name=list& HTTP/1.1" 200 1519 "http://easydrivers.activities.at/entry.php?id=11671" "Mozilla/5.0 (Windows NT 10.0; Trident/7.0; rv:11.0) like Gecko"
81.10.228.170 - - [27/Nov/2017:11:44:40 +0100] "GET /entry.php?id=10778&form=11496&name=list& HTTP/1.1" 200 5734 "http://easydrivers.activities.at/entry.php?id=11671" "Mozilla/5.0 (Windows NT 10.0; Trident/7.0; rv:11.0) like Gecko"
81.10.228.170 - - [27/Nov/2017:11:44:48 +0100] "POST /entry.php?id=11671 HTTP/1.1" 200 4615 "http://easydrivers.activities.at/entry.php?id=11671" "Mozilla/5.0 (Windows NT 10.0; Trident/7.0; rv:11.0) like Gecko"
81.10.228.170 - - [27/Nov/2017:11:44:48 +0100] "GET /gui/javascript/form_form.js?1511779488 HTTP/1.1" 200 16206 "http://easydrivers.activities.at/entry.php?id=11671" "Mozilla/5.0 (Windows NT 10.0; Trident/7.0; rv:11.0) like Gecko"
81.10.228.170 - - [27/Nov/2017:11:44:49 +0100] "GET /entry.php?id=10776&form=11496&name=list& HTTP/1.1" 200 1519 "http://easydrivers.activities.at/entry.php?id=11671" "Mozilla/5.0 (Windows NT 10.0; Trident/7.0; rv:11.0) like Gecko"
81.10.228.170 - - [27/Nov/2017:11:44:49 +0100] "GET /entry.php?id=10778&form=11496&name=list& HTTP/1.1" 200 5610 "http://easydrivers.activities.at/entry.php?id=11671" "Mozilla/5.0 (Windows NT 10.0; Trident/7.0; rv:11.0) like Gecko"
81.10.228.170 - - [27/Nov/2017:11:44:55 +0100] "GET /entry.php?id=10271&&ser=779431 HTTP/1.1" 200 987 "http://easydrivers.activities.at/entry.php?id=10271&" "Mozilla/5.0 (Windows NT 10.0; Trident/7.0; rv:11.0) like Gecko"
81.10.228.170 - - [27/Nov/2017:11:44:55 +0100] "GET /gui/javascript/form_form.js?1511779495 HTTP/1.1" 200 16206 "http://easydrivers.activities.at/entry.php?id=10271&&ser=779431" "Mozilla/5.0 (Windows NT 10.0; Trident/7.0; rv:11.0) like Gecko"
213.86.241.133 - - [27/Nov/2017:11:45:00 +0100] "GET /entry.php?id=10271&&ser=779439 HTTP/1.1" 200 986 "http://easydrivers.activities.at/entry.php?id=10271&&ser=779379" "Mozilla/5.0 (Windows NT 10.0; WOW64; Trident/7.0; rv:11.0) like Gecko"
213.86.241.133 - - [27/Nov/2017:11:45:00 +0100] "GET /gui/javascript/form_form.js?1511779500 HTTP/1.1" 200 16206 "http://easydrivers.activities.at/entry.php?id=10271&&ser=779439" "Mozilla/5.0 (Windows NT 10.0; WOW64; Trident/7.0; rv:11.0) like Gecko"
90.146.3.54 - - [27/Nov/2017:11:45:16 +0100] "POST /entry.php?id=11671 HTTP/1.1" 200 3355 "http://ed.activities.at/entry.php?id=11671" "Mozilla/5.0 (Windows NT 10.0; Win64; x64) AppleWebKit/537.36 (KHTML, like Gecko) Chrome/62.0.3202.94 Safari/537.36"
90.146.3.54 - - [27/Nov/2017:11:45:17 +0100] "GET /gui/javascript/form_form.js?1511779516 HTTP/1.1" 200 16206 "http://ed.activities.at/entry.php?id=11671" "Mozilla/5.0 (Windows NT 10.0; Win64; x64) AppleWebKit/537.36 (KHTML, like Gecko) Chrome/62.0.3202.94 Safari/537.36"
90.146.3.54 - - [27/Nov/2017:11:45:17 +0100] "GET /framework/webfx/javascript/tinymce/skins/lightgray/content.min.css HTTP/1.1" 404 325 "http://ed.activities.at/entry.php?id=11671" "Mozilla/5.0 (Windows NT 10.0; Win64; x64) AppleWebKit/537.36 (KHTML, like Gecko) Chrome/62.0.3202.94 Safari/537.36"
90.146.3.54 - - [27/Nov/2017:11:45:25 +0100] "GET /entry.php?id=10271&&ser=779465 HTTP/1.1" 200 987 "http://ed.activities.at/entry.php?id=10271&&ser=779405" "Mozilla/5.0 (Windows NT 10.0; Win64; x64) AppleWebKit/537.36 (KHTML, like Gecko) Chrome/62.0.3202.94 Safari/537.36"
90.146.3.54 - - [27/Nov/2017:11:45:26 +0100] "GET /gui/javascript/form_form.js?1511779526 HTTP/1.1" 200 16206 "http://ed.activities.at/entry.php?id=10271&&ser=779465" "Mozilla/5.0 (Windows NT 10.0; Win64; x64) AppleWebKit/537.36 (KHTML, like Gecko) Chrome/62.0.3202.94 Safari/537.36"
90.146.3.54 - - [27/Nov/2017:11:45:27 +0100] "POST /entry.php?id=11671 HTTP/1.1" 200 4904 "http://ed.activities.at/entry.php?id=11671" "Mozilla/5.0 (Windows NT 10.0; Win64; x64) AppleWebKit/537.36 (KHTML, like Gecko) Chrome/62.0.3202.94 Safari/537.36"
90.146.3.54 - - [27/Nov/2017:11:45:28 +0100] "GET /gui/javascript/form_form.js?1511779527 HTTP/1.1" 200 16206 "http://ed.activities.at/entry.php?id=11671" "Mozilla/5.0 (Windows NT 10.0; Win64; x64) AppleWebKit/537.36 (KHTML, like Gecko) Chrome/62.0.3202.94 Safari/537.36"
90.146.3.54 - - [27/Nov/2017:11:45:28 +0100] "GET /entry.php?id=10778&form=11496&name=list& HTTP/1.1" 200 5832 "http://ed.activities.at/entry.php?id=11671" "Mozilla/5.0 (Windows NT 10.0; Win64; x64) AppleWebKit/537.36 (KHTML, like Gecko) Chrome/62.0.3202.94 Safari/537.36"
90.146.3.54 - - [27/Nov/2017:11:45:28 +0100] "GET /entry.php?id=10776&form=11496&name=list& HTTP/1.1" 200 1519 "http://ed.activities.at/entry.php?id=11671" "Mozilla/5.0 (Windows NT 10.0; Win64; x64) AppleWebKit/537.36 (KHTML, like Gecko) Chrome/62.0.3202.94 Safari/537.36"
90.146.3.54 - - [27/Nov/2017:11:45:34 +0100] "POST /entry.php?id=11671 HTTP/1.1" 200 5110 "http://ed.activities.at/entry.php?id=11671" "Mozilla/5.0 (Windows NT 10.0; Win64; x64) AppleWebKit/537.36 (KHTML, like Gecko) Chrome/62.0.3202.94 Safari/537.36"
90.146.3.54 - - [27/Nov/2017:11:45:35 +0100] "GET /gui/javascript/form_form.js?1511779535 HTTP/1.1" 200 16206 "http://ed.activities.at/entry.php?id=11671" "Mozilla/5.0 (Windows NT 10.0; Win64; x64) AppleWebKit/537.36 (KHTML, like Gecko) Chrome/62.0.3202.94 Safari/537.36"
90.146.3.54 - - [27/Nov/2017:11:45:35 +0100] "GET /entry.php?id=10776&form=11496&name=list& HTTP/1.1" 200 1519 "http://ed.activities.at/entry.php?id=11671" "Mozilla/5.0 (Windows NT 10.0; Win64; x64) AppleWebKit/537.36 (KHTML, like Gecko) Chrome/62.0.3202.94 Safari/537.36"
90.146.3.54 - - [27/Nov/2017:11:45:35 +0100] "GET /entry.php?id=10778&form=11496&name=list& HTTP/1.1" 200 5832 "http://ed.activities.at/entry.php?id=11671" "Mozilla/5.0 (Windows NT 10.0; Win64; x64) AppleWebKit/537.36 (KHTML, like Gecko) Chrome/62.0.3202.94 Safari/537.36"
90.146.3.54 - - [27/Nov/2017:11:45:36 +0100] "POST /entry.php?id=11671 HTTP/1.1" 200 5094 "http://ed.activities.at/entry.php?id=11671" "Mozilla/5.0 (Windows NT 10.0; Win64; x64) AppleWebKit/537.36 (KHTML, like Gecko) Chrome/62.0.3202.94 Safari/537.36"
90.146.3.54 - - [27/Nov/2017:11:45:37 +0100] "GET /gui/javascript/form_form.js?1511779537 HTTP/1.1" 200 16206 "http://ed.activities.at/entry.php?id=11671" "Mozilla/5.0 (Windows NT 10.0; Win64; x64) AppleWebKit/537.36 (KHTML, like Gecko) Chrome/62.0.3202.94 Safari/537.36"
90.146.3.54 - - [27/Nov/2017:11:45:38 +0100] "GET /entry.php?id=10776&form=11496&name=list& HTTP/1.1" 200 1519 "http://ed.activities.at/entry.php?id=11671" "Mozilla/5.0 (Windows NT 10.0; Win64; x64) AppleWebKit/537.36 (KHTML, like Gecko) Chrome/62.0.3202.94 Safari/537.36"
90.146.3.54 - - [27/Nov/2017:11:45:38 +0100] "GET /entry.php?id=10778&form=11496&name=list& HTTP/1.1" 200 5832 "http://ed.activities.at/entry.php?id=11671" "Mozilla/5.0 (Windows NT 10.0; Win64; x64) AppleWebKit/537.36 (KHTML, like Gecko) Chrome/62.0.3202.94 Safari/537.36"
81.10.228.170 - - [27/Nov/2017:11:45:56 +0100] "GET /entry.php?id=10271&&ser=779495 HTTP/1.1" 200 988 "http://easydrivers.activities.at/entry.php?id=10271&&ser=779431" "Mozilla/5.0 (Windows NT 10.0; Trident/7.0; rv:11.0) like Gecko"
81.10.228.170 - - [27/Nov/2017:11:45:56 +0100] "GET /gui/javascript/form_form.js?1511779556 HTTP/1.1" 200 16206 "http://easydrivers.activities.at/entry.php?id=10271&&ser=779495" "Mozilla/5.0 (Windows NT 10.0; Trident/7.0; rv:11.0) like Gecko"
213.86.241.133 - - [27/Nov/2017:11:46:00 +0100] "GET /entry.php?id=10271&&ser=779500 HTTP/1.1" 200 987 "http://easydrivers.activities.at/entry.php?id=10271&&ser=779439" "Mozilla/5.0 (Windows NT 10.0; WOW64; Trident/7.0; rv:11.0) like Gecko"
213.86.241.133 - - [27/Nov/2017:11:46:00 +0100] "GET /gui/javascript/form_form.js?1511779560 HTTP/1.1" 200 16206 "http://easydrivers.activities.at/entry.php?id=10271&&ser=779500" "Mozilla/5.0 (Windows NT 10.0; WOW64; Trident/7.0; rv:11.0) like Gecko"
81.10.228.170 - - [27/Nov/2017:11:46:03 +0100] "POST /entry.php?id=11671 HTTP/1.1" 200 4958 "http://easydrivers.activities.at/entry.php?id=11671" "Mozilla/5.0 (Windows NT 10.0; Trident/7.0; rv:11.0) like Gecko"
81.10.228.170 - - [27/Nov/2017:11:46:03 +0100] "GET /gui/javascript/form_form.js?1511779563 HTTP/1.1" 200 16206 "http://easydrivers.activities.at/entry.php?id=11671" "Mozilla/5.0 (Windows NT 10.0; Trident/7.0; rv:11.0) like Gecko"
81.10.228.170 - - [27/Nov/2017:11:46:04 +0100] "GET /entry.php?id=10778&form=11496&name=list& HTTP/1.1" 200 5734 "http://easydrivers.activities.at/entry.php?id=11671" "Mozilla/5.0 (Windows NT 10.0; Trident/7.0; rv:11.0) like Gecko"
81.10.228.170 - - [27/Nov/2017:11:46:04 +0100] "GET /entry.php?id=10776&form=11496&name=list& HTTP/1.1" 200 1519 "http://easydrivers.activities.at/entry.php?id=11671" "Mozilla/5.0 (Windows NT 10.0; Trident/7.0; rv:11.0) like Gecko"
81.10.228.170 - - [27/Nov/2017:11:46:22 +0100] "POST /entry.php?id=11671 HTTP/1.1" 200 3170 "http://easydrivers.activities.at/entry.php?id=11671" "Mozilla/5.0 (Windows NT 10.0; Trident/7.0; rv:11.0) like Gecko"
81.10.228.170 - - [27/Nov/2017:11:46:23 +0100] "GET /gui/javascript/form_form.js?1511779583 HTTP/1.1" 200 16206 "http://easydrivers.activities.at/entry.php?id=11671" "Mozilla/5.0 (Windows NT 10.0; Trident/7.0; rv:11.0) like Gecko"
81.10.228.170 - - [27/Nov/2017:11:46:25 +0100] "GET /framework/webfx/javascript/tinymce/skins/lightgray/content.min.css HTTP/1.1" 404 330 "http://easydrivers.activities.at/entry.php?id=11671" "Mozilla/5.0 (Windows NT 10.0; Trident/7.0; rv:11.0) like Gecko"
90.146.3.54 - - [27/Nov/2017:11:46:27 +0100] "GET /entry.php?id=10271&&ser=779526 HTTP/1.1" 200 988 "http://ed.activities.at/entry.php?id=10271&&ser=779465" "Mozilla/5.0 (Windows NT 10.0; Win64; x64) AppleWebKit/537.36 (KHTML, like Gecko) Chrome/62.0.3202.94 Safari/537.36"
90.146.3.54 - - [27/Nov/2017:11:46:27 +0100] "GET /gui/javascript/form_form.js?1511779587 HTTP/1.1" 200 16206 "http://ed.activities.at/entry.php?id=10271&&ser=779526" "Mozilla/5.0 (Windows NT 10.0; Win64; x64) AppleWebKit/537.36 (KHTML, like Gecko) Chrome/62.0.3202.94 Safari/537.36"
81.10.228.170 - - [27/Nov/2017:11:46:32 +0100] "GET /framework/webfx/javascript/tinymce/skins/lightgray/content.min.css HTTP/1.1" 404 330 "http://easydrivers.activities.at/entry.php?id=11671" "Mozilla/5.0 (Windows NT 10.0; Trident/7.0; rv:11.0) like Gecko"
81.10.228.170 - - [27/Nov/2017:11:46:39 +0100] "POST /entry.php?id=11671 HTTP/1.1" 200 3403 "http://easydrivers.activities.at/entry.php?id=11671" "Mozilla/5.0 (Windows NT 10.0; Trident/7.0; rv:11.0) like Gecko"
81.10.228.170 - - [27/Nov/2017:11:46:40 +0100] "GET /gui/javascript/form_form.js?1511779600 HTTP/1.1" 200 16206 "http://easydrivers.activities.at/entry.php?id=11671" "Mozilla/5.0 (Windows NT 10.0; Trident/7.0; rv:11.0) like Gecko"
81.10.228.170 - - [27/Nov/2017:11:46:42 +0100] "GET /framework/webfx/javascript/tinymce/skins/lightgray/content.min.css HTTP/1.1" 404 330 "http://easydrivers.activities.at/entry.php?id=11671" "Mozilla/5.0 (Windows NT 10.0; Trident/7.0; rv:11.0) like Gecko"
81.10.228.170 - - [27/Nov/2017:11:46:45 +0100] "POST /entry.php?id=11671 HTTP/1.1" 200 4790 "http://easydrivers.activities.at/entry.php?id=11671" "Mozilla/5.0 (Windows NT 10.0; Trident/7.0; rv:11.0) like Gecko"
81.10.228.170 - - [27/Nov/2017:11:46:46 +0100] "GET /gui/javascript/form_form.js?1511779606 HTTP/1.1" 200 16206 "http://easydrivers.activities.at/entry.php?id=11671" "Mozilla/5.0 (Windows NT 10.0; Trident/7.0; rv:11.0) like Gecko"
81.10.228.170 - - [27/Nov/2017:11:46:46 +0100] "GET /entry.php?id=10776&form=11496&name=list& HTTP/1.1" 200 1519 "http://easydrivers.activities.at/entry.php?id=11671" "Mozilla/5.0 (Windows NT 10.0; Trident/7.0; rv:11.0) like Gecko"
81.10.228.170 - - [27/Nov/2017:11:46:46 +0100] "GET /entry.php?id=10778&form=11496&name=list& HTTP/1.1" 200 5734 "http://easydrivers.activities.at/entry.php?id=11671" "Mozilla/5.0 (Windows NT 10.0; Trident/7.0; rv:11.0) like Gecko"
81.10.228.170 - - [27/Nov/2017:11:46:55 +0100] "POST /entry.php?id=11671 HTTP/1.1" 200 4940 "http://easydrivers.activities.at/entry.php?id=11671" "Mozilla/5.0 (Windows NT 10.0; Trident/7.0; rv:11.0) like Gecko"
81.10.228.170 - - [27/Nov/2017:11:46:56 +0100] "GET /gui/javascript/form_form.js?1511779616 HTTP/1.1" 200 16206 "http://easydrivers.activities.at/entry.php?id=11671" "Mozilla/5.0 (Windows NT 10.0; Trident/7.0; rv:11.0) like Gecko"
81.10.228.170 - - [27/Nov/2017:11:46:57 +0100] "GET /entry.php?id=10776&form=11496&name=list& HTTP/1.1" 200 1519 "http://easydrivers.activities.at/entry.php?id=11671" "Mozilla/5.0 (Windows NT 10.0; Trident/7.0; rv:11.0) like Gecko"
81.10.228.170 - - [27/Nov/2017:11:46:57 +0100] "GET /entry.php?id=10778&form=11496&name=list& HTTP/1.1" 200 5734 "http://easydrivers.activities.at/entry.php?id=11671" "Mozilla/5.0 (Windows NT 10.0; Trident/7.0; rv:11.0) like Gecko"
81.10.228.170 - - [27/Nov/2017:11:46:57 +0100] "GET /entry.php?id=10271&&ser=779556 HTTP/1.1" 200 987 "http://easydrivers.activities.at/entry.php?id=10271&&ser=779495" "Mozilla/5.0 (Windows NT 10.0; Trident/7.0; rv:11.0) like Gecko"
81.10.228.170 - - [27/Nov/2017:11:46:58 +0100] "GET /gui/javascript/form_form.js?1511779617 HTTP/1.1" 200 16206 "http://easydrivers.activities.at/entry.php?id=10271&&ser=779556" "Mozilla/5.0 (Windows NT 10.0; Trident/7.0; rv:11.0) like Gecko"
213.86.241.133 - - [27/Nov/2017:11:47:01 +0100] "GET /entry.php?id=10271&&ser=779560 HTTP/1.1" 200 987 "http://easydrivers.activities.at/entry.php?id=10271&&ser=779500" "Mozilla/5.0 (Windows NT 10.0; WOW64; Trident/7.0; rv:11.0) like Gecko"
213.86.241.133 - - [27/Nov/2017:11:47:01 +0100] "GET /gui/javascript/form_form.js?1511779621 HTTP/1.1" 200 16206 "http://easydrivers.activities.at/entry.php?id=10271&&ser=779560" "Mozilla/5.0 (Windows NT 10.0; WOW64; Trident/7.0; rv:11.0) like Gecko"
90.146.3.54 - - [27/Nov/2017:11:47:04 +0100] "POST /entry.php?id=11671 HTTP/1.1" 200 4945 "http://ed.activities.at/entry.php?id=11671" "Mozilla/5.0 (Windows NT 10.0; Win64; x64) AppleWebKit/537.36 (KHTML, like Gecko) Chrome/62.0.3202.94 Safari/537.36"
90.146.3.54 - - [27/Nov/2017:11:47:05 +0100] "GET /gui/javascript/form_form.js?1511779624 HTTP/1.1" 200 16206 "http://ed.activities.at/entry.php?id=11671" "Mozilla/5.0 (Windows NT 10.0; Win64; x64) AppleWebKit/537.36 (KHTML, like Gecko) Chrome/62.0.3202.94 Safari/537.36"
90.146.3.54 - - [27/Nov/2017:11:47:05 +0100] "GET /entry.php?id=10778&form=11496&name=list& HTTP/1.1" 200 5832 "http://ed.activities.at/entry.php?id=11671" "Mozilla/5.0 (Windows NT 10.0; Win64; x64) AppleWebKit/537.36 (KHTML, like Gecko) Chrome/62.0.3202.94 Safari/537.36"
90.146.3.54 - - [27/Nov/2017:11:47:05 +0100] "GET /entry.php?id=10776&form=11496&name=list& HTTP/1.1" 200 1519 "http://ed.activities.at/entry.php?id=11671" "Mozilla/5.0 (Windows NT 10.0; Win64; x64) AppleWebKit/537.36 (KHTML, like Gecko) Chrome/62.0.3202.94 Safari/537.36"
90.146.3.54 - - [27/Nov/2017:11:47:27 +0100] "GET /entry.php?id=10271&&ser=779587 HTTP/1.1" 200 987 "http://ed.activities.at/entry.php?id=10271&&ser=779526" "Mozilla/5.0 (Windows NT 10.0; Win64; x64) AppleWebKit/537.36 (KHTML, like Gecko) Chrome/62.0.3202.94 Safari/537.36"
90.146.3.54 - - [27/Nov/2017:11:47:28 +0100] "GET /gui/javascript/form_form.js?1511779648 HTTP/1.1" 200 16206 "http://ed.activities.at/entry.php?id=10271&&ser=779587" "Mozilla/5.0 (Windows NT 10.0; Win64; x64) AppleWebKit/537.36 (KHTML, like Gecko) Chrome/62.0.3202.94 Safari/537.36"
81.10.228.170 - - [27/Nov/2017:11:47:57 +0100] "POST /entry.php?id=11671 HTTP/1.1" 200 4614 "http://easydrivers.activities.at/entry.php?id=11671" "Mozilla/5.0 (Windows NT 10.0; Trident/7.0; rv:11.0) like Gecko"
81.10.228.170 - - [27/Nov/2017:11:47:58 +0100] "GET /gui/javascript/form_form.js?1511779678 HTTP/1.1" 200 16206 "http://easydrivers.activities.at/entry.php?id=11671" "Mozilla/5.0 (Windows NT 10.0; Trident/7.0; rv:11.0) like Gecko"
81.10.228.170 - - [27/Nov/2017:11:47:59 +0100] "GET /entry.php?id=10776&form=11496&name=list& HTTP/1.1" 200 1519 "http://easydrivers.activities.at/entry.php?id=11671" "Mozilla/5.0 (Windows NT 10.0; Trident/7.0; rv:11.0) like Gecko"
81.10.228.170 - - [27/Nov/2017:11:47:59 +0100] "GET /entry.php?id=10778&form=11496&name=list& HTTP/1.1" 200 5610 "http://easydrivers.activities.at/entry.php?id=11671" "Mozilla/5.0 (Windows NT 10.0; Trident/7.0; rv:11.0) like Gecko"
213.86.241.133 - - [27/Nov/2017:11:48:01 +0100] "GET /entry.php?id=10271&&ser=779621 HTTP/1.1" 200 987 "http://easydrivers.activities.at/entry.php?id=10271&&ser=779560" "Mozilla/5.0 (Windows NT 10.0; WOW64; Trident/7.0; rv:11.0) like Gecko"
213.86.241.133 - - [27/Nov/2017:11:48:01 +0100] "GET /gui/javascript/form_form.js?1511779681 HTTP/1.1" 200 16206 "http://easydrivers.activities.at/entry.php?id=10271&&ser=779621" "Mozilla/5.0 (Windows NT 10.0; WOW64; Trident/7.0; rv:11.0) like Gecko"
81.10.228.170 - - [27/Nov/2017:11:48:04 +0100] "GET /entry.php?id=10271&&ser=779617 HTTP/1.1" 200 987 "http://easydrivers.activities.at/entry.php?id=10271&&ser=779556" "Mozilla/5.0 (Windows NT 10.0; Trident/7.0; rv:11.0) like Gecko"
81.10.228.170 - - [27/Nov/2017:11:48:05 +0100] "GET /gui/javascript/form_form.js?1511779684 HTTP/1.1" 200 16206 "http://easydrivers.activities.at/entry.php?id=10271&&ser=779617" "Mozilla/5.0 (Windows NT 10.0; Trident/7.0; rv:11.0) like Gecko"
90.146.3.54 - - [27/Nov/2017:11:48:28 +0100] "GET /entry.php?id=10271&&ser=779648 HTTP/1.1" 200 987 "http://ed.activities.at/entry.php?id=10271&&ser=779587" "Mozilla/5.0 (Windows NT 10.0; Win64; x64) AppleWebKit/537.36 (KHTML, like Gecko) Chrome/62.0.3202.94 Safari/537.36"
90.146.3.54 - - [27/Nov/2017:11:48:29 +0100] "GET /gui/javascript/form_form.js?1511779708 HTTP/1.1" 200 16206 "http://ed.activities.at/entry.php?id=10271&&ser=779648" "Mozilla/5.0 (Windows NT 10.0; Win64; x64) AppleWebKit/537.36 (KHTML, like Gecko) Chrome/62.0.3202.94 Safari/537.36"
213.86.241.133 - - [27/Nov/2017:11:49:02 +0100] "GET /entry.php?id=10271&&ser=779681 HTTP/1.1" 200 988 "http://easydrivers.activities.at/entry.php?id=10271&&ser=779621" "Mozilla/5.0 (Windows NT 10.0; WOW64; Trident/7.0; rv:11.0) like Gecko"
213.86.241.133 - - [27/Nov/2017:11:49:02 +0100] "GET /gui/javascript/form_form.js?1511779742 HTTP/1.1" 200 16206 "http://easydrivers.activities.at/entry.php?id=10271&&ser=779681" "Mozilla/5.0 (Windows NT 10.0; WOW64; Trident/7.0; rv:11.0) like Gecko"
81.10.228.170 - - [27/Nov/2017:11:49:09 +0100] "GET /entry.php?id=10271&&ser=779684 HTTP/1.1" 200 988 "http://easydrivers.activities.at/entry.php?id=10271&&ser=779617" "Mozilla/5.0 (Windows NT 10.0; Trident/7.0; rv:11.0) like Gecko"
81.10.228.170 - - [27/Nov/2017:11:49:14 +0100] "GET /gui/javascript/form_form.js?1511779750 HTTP/1.1" 200 16206 "http://easydrivers.activities.at/entry.php?id=10271&&ser=779684" "Mozilla/5.0 (Windows NT 10.0; Trident/7.0; rv:11.0) like Gecko"
81.10.228.170 - - [27/Nov/2017:11:49:21 +0100] "POST /entry.php?id=11671 HTTP/1.1" 200 4961 "http://easydrivers.activities.at/entry.php?id=11671" "Mozilla/5.0 (Windows NT 10.0; Trident/7.0; rv:11.0) like Gecko"
81.10.228.170 - - [27/Nov/2017:11:49:21 +0100] "GET /gui/javascript/form_form.js?1511779761 HTTP/1.1" 200 16206 "http://easydrivers.activities.at/entry.php?id=11671" "Mozilla/5.0 (Windows NT 10.0; Trident/7.0; rv:11.0) like Gecko"
81.10.228.170 - - [27/Nov/2017:11:49:22 +0100] "GET /entry.php?id=10778&form=11496&name=list& HTTP/1.1" 200 5734 "http://easydrivers.activities.at/entry.php?id=11671" "Mozilla/5.0 (Windows NT 10.0; Trident/7.0; rv:11.0) like Gecko"
81.10.228.170 - - [27/Nov/2017:11:49:22 +0100] "GET /entry.php?id=10776&form=11496&name=list& HTTP/1.1" 200 1519 "http://easydrivers.activities.at/entry.php?id=11671" "Mozilla/5.0 (Windows NT 10.0; Trident/7.0; rv:11.0) like Gecko"
81.10.228.170 - - [27/Nov/2017:11:49:27 +0100] "POST /entry.php?id=11671 HTTP/1.1" 200 3171 "http://easydrivers.activities.at/entry.php?id=11671" "Mozilla/5.0 (Windows NT 10.0; Trident/7.0; rv:11.0) like Gecko"
81.10.228.170 - - [27/Nov/2017:11:49:28 +0100] "GET /gui/javascript/form_form.js?1511779768 HTTP/1.1" 200 16206 "http://easydrivers.activities.at/entry.php?id=11671" "Mozilla/5.0 (Windows NT 10.0; Trident/7.0; rv:11.0) like Gecko"
90.146.3.54 - - [27/Nov/2017:11:49:29 +0100] "GET /entry.php?id=10271&&ser=779708 HTTP/1.1" 200 988 "http://ed.activities.at/entry.php?id=10271&&ser=779648" "Mozilla/5.0 (Windows NT 10.0; Win64; x64) AppleWebKit/537.36 (KHTML, like Gecko) Chrome/62.0.3202.94 Safari/537.36"
90.146.3.54 - - [27/Nov/2017:11:49:29 +0100] "GET /gui/javascript/form_form.js?1511779769 HTTP/1.1" 200 16206 "http://ed.activities.at/entry.php?id=10271&&ser=779708" "Mozilla/5.0 (Windows NT 10.0; Win64; x64) AppleWebKit/537.36 (KHTML, like Gecko) Chrome/62.0.3202.94 Safari/537.36"
81.10.228.170 - - [27/Nov/2017:11:49:30 +0100] "GET /framework/webfx/javascript/tinymce/skins/lightgray/content.min.css HTTP/1.1" 404 330 "http://easydrivers.activities.at/entry.php?id=11671" "Mozilla/5.0 (Windows NT 10.0; Trident/7.0; rv:11.0) like Gecko"
81.10.228.170 - - [27/Nov/2017:11:49:33 +0100] "GET /framework/webfx/javascript/tinymce/skins/lightgray/content.min.css HTTP/1.1" 404 330 "http://easydrivers.activities.at/entry.php?id=11671" "Mozilla/5.0 (Windows NT 10.0; Trident/7.0; rv:11.0) like Gecko"
81.10.228.170 - - [27/Nov/2017:11:49:50 +0100] "POST /entry.php?id=11671 HTTP/1.1" 200 3405 "http://easydrivers.activities.at/entry.php?id=11671" "Mozilla/5.0 (Windows NT 10.0; Trident/7.0; rv:11.0) like Gecko"
81.10.228.170 - - [27/Nov/2017:11:49:51 +0100] "GET /gui/javascript/form_form.js?1511779790 HTTP/1.1" 200 16206 "http://easydrivers.activities.at/entry.php?id=11671" "Mozilla/5.0 (Windows NT 10.0; Trident/7.0; rv:11.0) like Gecko"
81.10.228.170 - - [27/Nov/2017:11:49:53 +0100] "GET /framework/webfx/javascript/tinymce/skins/lightgray/content.min.css HTTP/1.1" 404 330 "http://easydrivers.activities.at/entry.php?id=11671" "Mozilla/5.0 (Windows NT 10.0; Trident/7.0; rv:11.0) like Gecko"
81.10.228.170 - - [27/Nov/2017:11:49:56 +0100] "POST /entry.php?id=11671 HTTP/1.1" 200 4796 "http://easydrivers.activities.at/entry.php?id=11671" "Mozilla/5.0 (Windows NT 10.0; Trident/7.0; rv:11.0) like Gecko"
81.10.228.170 - - [27/Nov/2017:11:49:56 +0100] "GET /gui/javascript/form_form.js?1511779796 HTTP/1.1" 200 16206 "http://easydrivers.activities.at/entry.php?id=11671" "Mozilla/5.0 (Windows NT 10.0; Trident/7.0; rv:11.0) like Gecko"
81.10.228.170 - - [27/Nov/2017:11:49:57 +0100] "GET /entry.php?id=10776&form=11496&name=list& HTTP/1.1" 200 1519 "http://easydrivers.activities.at/entry.php?id=11671" "Mozilla/5.0 (Windows NT 10.0; Trident/7.0; rv:11.0) like Gecko"
81.10.228.170 - - [27/Nov/2017:11:49:57 +0100] "GET /entry.php?id=10778&form=11496&name=list& HTTP/1.1" 200 5734 "http://easydrivers.activities.at/entry.php?id=11671" "Mozilla/5.0 (Windows NT 10.0; Trident/7.0; rv:11.0) like Gecko"
213.86.241.133 - - [27/Nov/2017:11:50:02 +0100] "GET /entry.php?id=10271&&ser=779742 HTTP/1.1" 200 987 "http://easydrivers.activities.at/entry.php?id=10271&&ser=779681" "Mozilla/5.0 (Windows NT 10.0; WOW64; Trident/7.0; rv:11.0) like Gecko"
213.86.241.133 - - [27/Nov/2017:11:50:02 +0100] "GET /gui/javascript/form_form.js?1511779802 HTTP/1.1" 200 16206 "http://easydrivers.activities.at/entry.php?id=10271&&ser=779742" "Mozilla/5.0 (Windows NT 10.0; WOW64; Trident/7.0; rv:11.0) like Gecko"
90.146.3.54 - - [27/Nov/2017:11:50:04 +0100] "GET /entry.php?id=10287&login=1 HTTP/1.1" 200 1877 "http://ed.activities.at/entry.php?id=10273&" "Mozilla/5.0 (Windows NT 10.0; Win64; x64) AppleWebKit/537.36 (KHTML, like Gecko) Chrome/62.0.3202.94 Safari/537.36"
90.146.3.54 - - [27/Nov/2017:11:50:04 +0100] "GET /gui/javascript/form_form.js?1511779804 HTTP/1.1" 200 16206 "http://ed.activities.at/entry.php?id=10287&login=1" "Mozilla/5.0 (Windows NT 10.0; Win64; x64) AppleWebKit/537.36 (KHTML, like Gecko) Chrome/62.0.3202.94 Safari/537.36"
81.10.228.170 - - [27/Nov/2017:11:50:04 +0100] "POST /entry.php?id=11671 HTTP/1.1" 200 4945 "http://easydrivers.activities.at/entry.php?id=11671" "Mozilla/5.0 (Windows NT 10.0; Trident/7.0; rv:11.0) like Gecko"
81.10.228.170 - - [27/Nov/2017:11:50:05 +0100] "GET /gui/javascript/form_form.js?1511779805 HTTP/1.1" 200 16206 "http://easydrivers.activities.at/entry.php?id=11671" "Mozilla/5.0 (Windows NT 10.0; Trident/7.0; rv:11.0) like Gecko"
81.10.228.170 - - [27/Nov/2017:11:50:05 +0100] "GET /entry.php?id=10778&form=11496&name=list& HTTP/1.1" 200 5734 "http://easydrivers.activities.at/entry.php?id=11671" "Mozilla/5.0 (Windows NT 10.0; Trident/7.0; rv:11.0) like Gecko"
81.10.228.170 - - [27/Nov/2017:11:50:05 +0100] "GET /entry.php?id=10776&form=11496&name=list& HTTP/1.1" 200 1519 "http://easydrivers.activities.at/entry.php?id=11671" "Mozilla/5.0 (Windows NT 10.0; Trident/7.0; rv:11.0) like Gecko"
90.146.3.54 - - [27/Nov/2017:11:50:06 +0100] "POST /entry.php?id=10287& HTTP/1.1" 200 2430 "http://ed.activities.at/entry.php?id=10287&login=1" "Mozilla/5.0 (Windows NT 10.0; Win64; x64) AppleWebKit/537.36 (KHTML, like Gecko) Chrome/62.0.3202.94 Safari/537.36"
90.146.3.54 - - [27/Nov/2017:11:50:06 +0100] "GET /gui/javascript/form_form.js?1511779806 HTTP/1.1" 200 16206 "http://ed.activities.at/entry.php?id=10287&" "Mozilla/5.0 (Windows NT 10.0; Win64; x64) AppleWebKit/537.36 (KHTML, like Gecko) Chrome/62.0.3202.94 Safari/537.36"
90.146.3.54 - - [27/Nov/2017:11:50:06 +0100] "GET /entry.php?id=10270& HTTP/1.1" 200 908 "http://ed.activities.at/entry.php?id=10287&" "Mozilla/5.0 (Windows NT 10.0; Win64; x64) AppleWebKit/537.36 (KHTML, like Gecko) Chrome/62.0.3202.94 Safari/537.36"
90.146.3.54 - - [27/Nov/2017:11:50:06 +0100] "GET /entry.php?id=10273&logout=true& HTTP/1.1" 200 1912 "http://ed.activities.at/entry.php?id=10287&" "Mozilla/5.0 (Windows NT 10.0; Win64; x64) AppleWebKit/537.36 (KHTML, like Gecko) Chrome/62.0.3202.94 Safari/537.36"
81.10.228.170 - - [27/Nov/2017:11:50:15 +0100] "GET /entry.php?id=10271&&ser=779750 HTTP/1.1" 200 987 "http://easydrivers.activities.at/entry.php?id=10271&&ser=779684" "Mozilla/5.0 (Windows NT 10.0; Trident/7.0; rv:11.0) like Gecko"
81.10.228.170 - - [27/Nov/2017:11:50:15 +0100] "GET /gui/javascript/form_form.js?1511779815 HTTP/1.1" 200 16206 "http://easydrivers.activities.at/entry.php?id=10271&&ser=779750" "Mozilla/5.0 (Windows NT 10.0; Trident/7.0; rv:11.0) like Gecko"
81.10.228.170 - - [27/Nov/2017:11:50:19 +0100] "POST /entry.php?id=11671 HTTP/1.1" 200 4785 "http://easydrivers.activities.at/entry.php?id=11671" "Mozilla/5.0 (Windows NT 10.0; Trident/7.0; rv:11.0) like Gecko"
81.10.228.170 - - [27/Nov/2017:11:50:19 +0100] "GET /gui/javascript/form_form.js?1511779819 HTTP/1.1" 200 16206 "http://easydrivers.activities.at/entry.php?id=11671" "Mozilla/5.0 (Windows NT 10.0; Trident/7.0; rv:11.0) like Gecko"
81.10.228.170 - - [27/Nov/2017:11:50:20 +0100] "GET /entry.php?id=10778&form=11496&name=list& HTTP/1.1" 200 5734 "http://easydrivers.activities.at/entry.php?id=11671" "Mozilla/5.0 (Windows NT 10.0; Trident/7.0; rv:11.0) like Gecko"
81.10.228.170 - - [27/Nov/2017:11:50:20 +0100] "GET /entry.php?id=10776&form=11496&name=list& HTTP/1.1" 200 1519 "http://easydrivers.activities.at/entry.php?id=11671" "Mozilla/5.0 (Windows NT 10.0; Trident/7.0; rv:11.0) like Gecko"
81.10.228.170 - - [27/Nov/2017:11:50:29 +0100] "POST /entry.php?id=11671 HTTP/1.1" 200 3215 "http://easydrivers.activities.at/entry.php?id=11671" "Mozilla/5.0 (Windows NT 10.0; Trident/7.0; rv:11.0) like Gecko"
81.10.228.170 - - [27/Nov/2017:11:50:30 +0100] "GET /gui/javascript/form_form.js?1511779830 HTTP/1.1" 200 16206 "http://easydrivers.activities.at/entry.php?id=11671" "Mozilla/5.0 (Windows NT 10.0; Trident/7.0; rv:11.0) like Gecko"
90.146.3.54 - - [27/Nov/2017:11:50:30 +0100] "GET /entry.php?id=10271&&ser=779769 HTTP/1.1" 200 934 "http://ed.activities.at/entry.php?id=10271&&ser=779708" "Mozilla/5.0 (Windows NT 10.0; Win64; x64) AppleWebKit/537.36 (KHTML, like Gecko) Chrome/62.0.3202.94 Safari/537.36"
90.146.3.54 - - [27/Nov/2017:11:50:30 +0100] "GET /gui/javascript/form_form.js?1511779830 HTTP/1.1" 200 16206 "http://ed.activities.at/entry.php?id=10271&&ser=779769" "Mozilla/5.0 (Windows NT 10.0; Win64; x64) AppleWebKit/537.36 (KHTML, like Gecko) Chrome/62.0.3202.94 Safari/537.36"
81.10.228.170 - - [27/Nov/2017:11:50:32 +0100] "GET /framework/webfx/javascript/tinymce/skins/lightgray/content.min.css HTTP/1.1" 404 330 "http://easydrivers.activities.at/entry.php?id=11671" "Mozilla/5.0 (Windows NT 10.0; Trident/7.0; rv:11.0) like Gecko"
81.10.228.170 - - [27/Nov/2017:11:50:49 +0100] "POST /entry.php?id=11671 HTTP/1.1" 200 3414 "http://easydrivers.activities.at/entry.php?id=11671" "Mozilla/5.0 (Windows NT 10.0; Trident/7.0; rv:11.0) like Gecko"
81.10.228.170 - - [27/Nov/2017:11:50:50 +0100] "GET /gui/javascript/form_form.js?1511779849 HTTP/1.1" 200 16206 "http://easydrivers.activities.at/entry.php?id=11671" "Mozilla/5.0 (Windows NT 10.0; Trident/7.0; rv:11.0) like Gecko"
81.10.228.170 - - [27/Nov/2017:11:50:52 +0100] "GET /framework/webfx/javascript/tinymce/skins/lightgray/content.min.css HTTP/1.1" 404 330 "http://easydrivers.activities.at/entry.php?id=11671" "Mozilla/5.0 (Windows NT 10.0; Trident/7.0; rv:11.0) like Gecko"
81.10.228.170 - - [27/Nov/2017:11:50:57 +0100] "POST /entry.php?id=11671 HTTP/1.1" 200 4802 "http://easydrivers.activities.at/entry.php?id=11671" "Mozilla/5.0 (Windows NT 10.0; Trident/7.0; rv:11.0) like Gecko"
81.10.228.170 - - [27/Nov/2017:11:50:58 +0100] "GET /gui/javascript/form_form.js?1511779857 HTTP/1.1" 200 16206 "http://easydrivers.activities.at/entry.php?id=11671" "Mozilla/5.0 (Windows NT 10.0; Trident/7.0; rv:11.0) like Gecko"
81.10.228.170 - - [27/Nov/2017:11:50:58 +0100] "GET /entry.php?id=10776&form=11496&name=list& HTTP/1.1" 200 1519 "http://easydrivers.activities.at/entry.php?id=11671" "Mozilla/5.0 (Windows NT 10.0; Trident/7.0; rv:11.0) like Gecko"
81.10.228.170 - - [27/Nov/2017:11:50:58 +0100] "GET /entry.php?id=10778&form=11496&name=list& HTTP/1.1" 200 5734 "http://easydrivers.activities.at/entry.php?id=11671" "Mozilla/5.0 (Windows NT 10.0; Trident/7.0; rv:11.0) like Gecko"
213.86.241.133 - - [27/Nov/2017:11:51:03 +0100] "GET /entry.php?id=10271&&ser=779802 HTTP/1.1" 200 987 "http://easydrivers.activities.at/entry.php?id=10271&&ser=779742" "Mozilla/5.0 (Windows NT 10.0; WOW64; Trident/7.0; rv:11.0) like Gecko"
213.86.241.133 - - [27/Nov/2017:11:51:03 +0100] "GET /gui/javascript/form_form.js?1511779863 HTTP/1.1" 200 16206 "http://easydrivers.activities.at/entry.php?id=10271&&ser=779802" "Mozilla/5.0 (Windows NT 10.0; WOW64; Trident/7.0; rv:11.0) like Gecko"
81.10.228.170 - - [27/Nov/2017:11:51:05 +0100] "POST /entry.php?id=11671 HTTP/1.1" 200 4952 "http://easydrivers.activities.at/entry.php?id=11671" "Mozilla/5.0 (Windows NT 10.0; Trident/7.0; rv:11.0) like Gecko"
81.10.228.170 - - [27/Nov/2017:11:51:06 +0100] "GET /gui/javascript/form_form.js?1511779866 HTTP/1.1" 200 16206 "http://easydrivers.activities.at/entry.php?id=11671" "Mozilla/5.0 (Windows NT 10.0; Trident/7.0; rv:11.0) like Gecko"
81.10.228.170 - - [27/Nov/2017:11:51:07 +0100] "GET /entry.php?id=10778&form=11496&name=list& HTTP/1.1" 200 5734 "http://easydrivers.activities.at/entry.php?id=11671" "Mozilla/5.0 (Windows NT 10.0; Trident/7.0; rv:11.0) like Gecko"
81.10.228.170 - - [27/Nov/2017:11:51:07 +0100] "GET /entry.php?id=10776&form=11496&name=list& HTTP/1.1" 200 1519 "http://easydrivers.activities.at/entry.php?id=11671" "Mozilla/5.0 (Windows NT 10.0; Trident/7.0; rv:11.0) like Gecko"
81.10.228.170 - - [27/Nov/2017:11:51:17 +0100] "GET /entry.php?id=10271&&ser=779815 HTTP/1.1" 200 987 "http://easydrivers.activities.at/entry.php?id=10271&&ser=779750" "Mozilla/5.0 (Windows NT 10.0; Trident/7.0; rv:11.0) like Gecko"
81.10.228.170 - - [27/Nov/2017:11:51:18 +0100] "GET /gui/javascript/form_form.js?1511779877 HTTP/1.1" 200 16206 "http://easydrivers.activities.at/entry.php?id=10271&&ser=779815" "Mozilla/5.0 (Windows NT 10.0; Trident/7.0; rv:11.0) like Gecko"
81.10.228.170 - - [27/Nov/2017:11:51:23 +0100] "GET /entry.php?id=11679 HTTP/1.1" 200 312 "http://easydrivers.activities.at/entry.php?id=11412" "Mozilla/5.0 (Windows NT 10.0; Trident/7.0; rv:11.0) like Gecko"
81.10.228.170 - - [27/Nov/2017:11:51:23 +0100] "GET /entry.php?id=10676&title=Portal& HTTP/1.1" 200 1387 "http://easydrivers.activities.at/entry.php?id=11679" "Mozilla/5.0 (Windows NT 10.0; Trident/7.0; rv:11.0) like Gecko"
81.10.228.170 - - [27/Nov/2017:11:51:24 +0100] "GET /gui/javascript/form_form.js?1511779884 HTTP/1.1" 200 16206 "http://easydrivers.activities.at/entry.php?id=10676&title=Portal&" "Mozilla/5.0 (Windows NT 10.0; Trident/7.0; rv:11.0) like Gecko"
81.10.228.170 - - [27/Nov/2017:11:51:23 +0100] "GET /entry.php?id=11678& HTTP/1.1" 200 3361 "http://easydrivers.activities.at/entry.php?id=11679" "Mozilla/5.0 (Windows NT 10.0; Trident/7.0; rv:11.0) like Gecko"
81.10.228.170 - - [27/Nov/2017:11:51:23 +0100] "GET /entry.php?id=11677& HTTP/1.1" 200 4375 "http://easydrivers.activities.at/entry.php?id=11679" "Mozilla/5.0 (Windows NT 10.0; Trident/7.0; rv:11.0) like Gecko"
81.10.228.170 - - [27/Nov/2017:11:51:24 +0100] "GET /activities/framework/KoolControls/KoolTreeView/icons/square_greenS.gif HTTP/1.1" 200 541 "http://easydrivers.activities.at/entry.php?id=11678&" "Mozilla/5.0 (Windows NT 10.0; Trident/7.0; rv:11.0) like Gecko"
81.10.228.170 - - [27/Nov/2017:11:51:24 +0100] "GET /activities/framework/KoolControls/KoolTreeView/icons/website.gif HTTP/1.1" 200 1049 "http://easydrivers.activities.at/entry.php?id=11678&" "Mozilla/5.0 (Windows NT 10.0; Trident/7.0; rv:11.0) like Gecko"
81.10.228.170 - - [27/Nov/2017:11:51:24 +0100] "GET /activities/framework/KoolControls/KoolAjax/koolajax.php?8436e354c842500aba3cbaf0584c0c24 HTTP/1.1" 200 4079 "http://easydrivers.activities.at/entry.php?id=11678&" "Mozilla/5.0 (Windows NT 10.0; Trident/7.0; rv:11.0) like Gecko"
81.10.228.170 - - [27/Nov/2017:11:51:25 +0100] "GET /gui/images/icons/website_modified.gif HTTP/1.1" 200 1060 "http://easydrivers.activities.at/entry.php?id=11678&" "Mozilla/5.0 (Windows NT 10.0; Trident/7.0; rv:11.0) like Gecko"
81.10.228.170 - - [27/Nov/2017:11:51:25 +0100] "GET /gui/images/icons/square_greenS.gif HTTP/1.1" 200 541 "http://easydrivers.activities.at/entry.php?id=11678&" "Mozilla/5.0 (Windows NT 10.0; Trident/7.0; rv:11.0) like Gecko"
81.10.228.170 - - [27/Nov/2017:11:51:25 +0100] "GET /gui/images/icons/square_yellowS.gif HTTP/1.1" 200 541 "http://easydrivers.activities.at/entry.php?id=11678&" "Mozilla/5.0 (Windows NT 10.0; Trident/7.0; rv:11.0) like Gecko"
81.10.228.170 - - [27/Nov/2017:11:51:25 +0100] "GET /gui/images/icons/square_greyS.gif HTTP/1.1" 200 342 "http://easydrivers.activities.at/entry.php?id=11678&" "Mozilla/5.0 (Windows NT 10.0; Trident/7.0; rv:11.0) like Gecko"
81.10.228.170 - - [27/Nov/2017:11:51:25 +0100] "GET /activities/framework/KoolControls/KoolTreeView/kooltreeview.php?c7cd9180e88ffef8e70f13526bb4f5f7 HTTP/1.1" 200 5055 "http://easydrivers.activities.at/entry.php?id=11678&" "Mozilla/5.0 (Windows NT 10.0; Trident/7.0; rv:11.0) like Gecko"
81.10.228.170 - - [27/Nov/2017:11:51:25 +0100] "GET /gui/images/icons/disabled_lupe.gif HTTP/1.1" 200 322 "http://easydrivers.activities.at/entry.php?id=11677&" "Mozilla/5.0 (Windows NT 10.0; Trident/7.0; rv:11.0) like Gecko"
81.10.228.170 - - [27/Nov/2017:11:51:25 +0100] "GET /gui/images/icons/edit.gif HTTP/1.1" 200 384 "http://easydrivers.activities.at/entry.php?id=11677&" "Mozilla/5.0 (Windows NT 10.0; Trident/7.0; rv:11.0) like Gecko"
81.10.228.170 - - [27/Nov/2017:11:51:25 +0100] "GET /entry.php?id=11618&&object=&item=&emu_class= HTTP/1.1" 200 1698 "http://easydrivers.activities.at/entry.php?id=11677&" "Mozilla/5.0 (Windows NT 10.0; Trident/7.0; rv:11.0) like Gecko"
81.10.228.170 - - [27/Nov/2017:11:51:25 +0100] "GET /gui/javascript/form_form.js?1511779885 HTTP/1.1" 200 16206 "http://easydrivers.activities.at/entry.php?id=11618&&object=&item=&emu_class=" "Mozilla/5.0 (Windows NT 10.0; Trident/7.0; rv:11.0) like Gecko"
213.86.241.133 - - [27/Nov/2017:11:52:03 +0100] "GET /entry.php?id=10271&&ser=779863 HTTP/1.1" 200 987 "http://easydrivers.activities.at/entry.php?id=10271&&ser=779802" "Mozilla/5.0 (Windows NT 10.0; WOW64; Trident/7.0; rv:11.0) like Gecko"
213.86.241.133 - - [27/Nov/2017:11:52:03 +0100] "GET /gui/javascript/form_form.js?1511779923 HTTP/1.1" 200 16206 "http://easydrivers.activities.at/entry.php?id=10271&&ser=779863" "Mozilla/5.0 (Windows NT 10.0; WOW64; Trident/7.0; rv:11.0) like Gecko"
