81.10.228.170 - - [27/Nov/2017:13:46:08 +0100] "GET /gui/javascript/form_form.js?1511786768 HTTP/1.1" 200 16206 "http://easydrivers.activities.at/entry.php?id=11671" "Mozilla/5.0 (Windows NT 10.0; Trident/7.0; rv:11.0) like Gecko"
81.10.228.170 - - [27/Nov/2017:13:46:08 +0100] "GET /entry.php?id=10776&form=11496&name=list& HTTP/1.1" 200 1519 "http://easydrivers.activities.at/entry.php?id=11671" "Mozilla/5.0 (Windows NT 10.0; Trident/7.0; rv:11.0) like Gecko"
81.10.228.170 - - [27/Nov/2017:13:46:08 +0100] "GET /entry.php?id=10778&form=11496&name=list& HTTP/1.1" 200 5852 "http://easydrivers.activities.at/entry.php?id=11671" "Mozilla/5.0 (Windows NT 10.0; Trident/7.0; rv:11.0) like Gecko"
213.86.241.133 - - [27/Nov/2017:13:46:09 +0100] "GET /entry.php?id=10271&&ser=786708 HTTP/1.1" 200 987 "http://easydrivers.activities.at/entry.php?id=10271&&ser=786647" "Mozilla/5.0 (Windows NT 10.0; WOW64; Trident/7.0; rv:11.0) like Gecko"
213.86.241.133 - - [27/Nov/2017:13:46:09 +0100] "GET /gui/javascript/form_form.js?1511786769 HTTP/1.1" 200 16206 "http://easydrivers.activities.at/entry.php?id=10271&&ser=786708" "Mozilla/5.0 (Windows NT 10.0; WOW64; Trident/7.0; rv:11.0) like Gecko"
81.10.228.170 - - [27/Nov/2017:13:46:54 +0100] "GET /entry.php?id=10271&&ser=786753 HTTP/1.1" 200 987 "http://easydrivers.activities.at/entry.php?id=10271&&ser=786692" "Mozilla/5.0 (Windows NT 10.0; Trident/7.0; rv:11.0) like Gecko"
81.10.228.170 - - [27/Nov/2017:13:46:54 +0100] "GET /gui/javascript/form_form.js?1511786814 HTTP/1.1" 200 16206 "http://easydrivers.activities.at/entry.php?id=10271&&ser=786753" "Mozilla/5.0 (Windows NT 10.0; Trident/7.0; rv:11.0) like Gecko"
213.86.241.133 - - [27/Nov/2017:13:47:09 +0100] "GET /entry.php?id=10271&&ser=786769 HTTP/1.1" 200 987 "http://easydrivers.activities.at/entry.php?id=10271&&ser=786708" "Mozilla/5.0 (Windows NT 10.0; WOW64; Trident/7.0; rv:11.0) like Gecko"
213.86.241.133 - - [27/Nov/2017:13:47:09 +0100] "GET /gui/javascript/form_form.js?1511786829 HTTP/1.1" 200 16206 "http://easydrivers.activities.at/entry.php?id=10271&&ser=786769" "Mozilla/5.0 (Windows NT 10.0; WOW64; Trident/7.0; rv:11.0) like Gecko"
81.10.228.170 - - [27/Nov/2017:13:47:55 +0100] "GET /entry.php?id=10271&&ser=786814 HTTP/1.1" 200 987 "http://easydrivers.activities.at/entry.php?id=10271&&ser=786753" "Mozilla/5.0 (Windows NT 10.0; Trident/7.0; rv:11.0) like Gecko"
81.10.228.170 - - [27/Nov/2017:13:47:55 +0100] "GET /gui/javascript/form_form.js?1511786875 HTTP/1.1" 200 16206 "http://easydrivers.activities.at/entry.php?id=10271&&ser=786814" "Mozilla/5.0 (Windows NT 10.0; Trident/7.0; rv:11.0) like Gecko"
213.86.241.133 - - [27/Nov/2017:13:48:09 +0100] "GET /entry.php?id=10271&&ser=786829 HTTP/1.1" 200 987 "http://easydrivers.activities.at/entry.php?id=10271&&ser=786769" "Mozilla/5.0 (Windows NT 10.0; WOW64; Trident/7.0; rv:11.0) like Gecko"
213.86.241.133 - - [27/Nov/2017:13:48:10 +0100] "GET /gui/javascript/form_form.js?1511786890 HTTP/1.1" 200 16206 "http://easydrivers.activities.at/entry.php?id=10271&&ser=786829" "Mozilla/5.0 (Windows NT 10.0; WOW64; Trident/7.0; rv:11.0) like Gecko"
81.10.228.170 - - [27/Nov/2017:13:48:37 +0100] "POST /entry.php?id=11671 HTTP/1.1" 200 4783 "http://easydrivers.activities.at/entry.php?id=11671" "Mozilla/5.0 (Windows NT 10.0; Trident/7.0; rv:11.0) like Gecko"
81.10.228.170 - - [27/Nov/2017:13:48:38 +0100] "GET /gui/javascript/form_form.js?1511786918 HTTP/1.1" 200 16206 "http://easydrivers.activities.at/entry.php?id=11671" "Mozilla/5.0 (Windows NT 10.0; Trident/7.0; rv:11.0) like Gecko"
81.10.228.170 - - [27/Nov/2017:13:48:38 +0100] "GET /entry.php?id=10778&form=11496&name=list& HTTP/1.1" 200 5734 "http://easydrivers.activities.at/entry.php?id=11671" "Mozilla/5.0 (Windows NT 10.0; Trident/7.0; rv:11.0) like Gecko"
81.10.228.170 - - [27/Nov/2017:13:48:38 +0100] "GET /entry.php?id=10776&form=11496&name=list& HTTP/1.1" 200 1519 "http://easydrivers.activities.at/entry.php?id=11671" "Mozilla/5.0 (Windows NT 10.0; Trident/7.0; rv:11.0) like Gecko"
81.10.228.170 - - [27/Nov/2017:13:48:56 +0100] "GET /entry.php?id=10271&&ser=786875 HTTP/1.1" 200 987 "http://easydrivers.activities.at/entry.php?id=10271&&ser=786814" "Mozilla/5.0 (Windows NT 10.0; Trident/7.0; rv:11.0) like Gecko"
81.10.228.170 - - [27/Nov/2017:13:48:56 +0100] "GET /gui/javascript/form_form.js?1511786936 HTTP/1.1" 200 16206 "http://easydrivers.activities.at/entry.php?id=10271&&ser=786875" "Mozilla/5.0 (Windows NT 10.0; Trident/7.0; rv:11.0) like Gecko"
213.86.241.133 - - [27/Nov/2017:13:49:10 +0100] "GET /entry.php?id=10271&&ser=786890 HTTP/1.1" 200 987 "http://easydrivers.activities.at/entry.php?id=10271&&ser=786829" "Mozilla/5.0 (Windows NT 10.0; WOW64; Trident/7.0; rv:11.0) like Gecko"
213.86.241.133 - - [27/Nov/2017:13:49:10 +0100] "GET /gui/javascript/form_form.js?1511786950 HTTP/1.1" 200 16206 "http://easydrivers.activities.at/entry.php?id=10271&&ser=786890" "Mozilla/5.0 (Windows NT 10.0; WOW64; Trident/7.0; rv:11.0) like Gecko"
81.10.228.170 - - [27/Nov/2017:13:49:19 +0100] "POST /entry.php?id=11671 HTTP/1.1" 200 3219 "http://easydrivers.activities.at/entry.php?id=11671" "Mozilla/5.0 (Windows NT 10.0; Trident/7.0; rv:11.0) like Gecko"
81.10.228.170 - - [27/Nov/2017:13:49:19 +0100] "GET /gui/javascript/form_form.js?1511786959 HTTP/1.1" 200 16206 "http://easydrivers.activities.at/entry.php?id=11671" "Mozilla/5.0 (Windows NT 10.0; Trident/7.0; rv:11.0) like Gecko"
81.10.228.170 - - [27/Nov/2017:13:49:21 +0100] "GET /framework/webfx/javascript/tinymce/skins/lightgray/content.min.css HTTP/1.1" 404 330 "http://easydrivers.activities.at/entry.php?id=11671" "Mozilla/5.0 (Windows NT 10.0; Trident/7.0; rv:11.0) like Gecko"
81.10.228.170 - - [27/Nov/2017:13:49:27 +0100] "POST /entry.php?id=11671 HTTP/1.1" 200 4782 "http://easydrivers.activities.at/entry.php?id=11671" "Mozilla/5.0 (Windows NT 10.0; Trident/7.0; rv:11.0) like Gecko"
81.10.228.170 - - [27/Nov/2017:13:49:27 +0100] "GET /gui/javascript/form_form.js?1511786967 HTTP/1.1" 200 16206 "http://easydrivers.activities.at/entry.php?id=11671" "Mozilla/5.0 (Windows NT 10.0; Trident/7.0; rv:11.0) like Gecko"
81.10.228.170 - - [27/Nov/2017:13:49:28 +0100] "GET /entry.php?id=10776&form=11496&name=list& HTTP/1.1" 200 1519 "http://easydrivers.activities.at/entry.php?id=11671" "Mozilla/5.0 (Windows NT 10.0; Trident/7.0; rv:11.0) like Gecko"
81.10.228.170 - - [27/Nov/2017:13:49:28 +0100] "GET /entry.php?id=10778&form=11496&name=list& HTTP/1.1" 200 5734 "http://easydrivers.activities.at/entry.php?id=11671" "Mozilla/5.0 (Windows NT 10.0; Trident/7.0; rv:11.0) like Gecko"
81.10.228.170 - - [27/Nov/2017:13:49:56 +0100] "GET /entry.php?id=10271&&ser=786936 HTTP/1.1" 200 987 "http://easydrivers.activities.at/entry.php?id=10271&&ser=786875" "Mozilla/5.0 (Windows NT 10.0; Trident/7.0; rv:11.0) like Gecko"
81.10.228.170 - - [27/Nov/2017:13:49:57 +0100] "GET /gui/javascript/form_form.js?1511786997 HTTP/1.1" 200 16206 "http://easydrivers.activities.at/entry.php?id=10271&&ser=786936" "Mozilla/5.0 (Windows NT 10.0; Trident/7.0; rv:11.0) like Gecko"
213.86.241.133 - - [27/Nov/2017:13:50:11 +0100] "GET /entry.php?id=10271&&ser=786950 HTTP/1.1" 200 986 "http://easydrivers.activities.at/entry.php?id=10271&&ser=786890" "Mozilla/5.0 (Windows NT 10.0; WOW64; Trident/7.0; rv:11.0) like Gecko"
213.86.241.133 - - [27/Nov/2017:13:50:11 +0100] "GET /gui/javascript/form_form.js?1511787011 HTTP/1.1" 200 16206 "http://easydrivers.activities.at/entry.php?id=10271&&ser=786950" "Mozilla/5.0 (Windows NT 10.0; WOW64; Trident/7.0; rv:11.0) like Gecko"
81.10.228.170 - - [27/Nov/2017:13:50:57 +0100] "GET /entry.php?id=10271&&ser=786997 HTTP/1.1" 200 987 "http://easydrivers.activities.at/entry.php?id=10271&&ser=786936" "Mozilla/5.0 (Windows NT 10.0; Trident/7.0; rv:11.0) like Gecko"
81.10.228.170 - - [27/Nov/2017:13:50:58 +0100] "GET /gui/javascript/form_form.js?1511787058 HTTP/1.1" 200 16206 "http://easydrivers.activities.at/entry.php?id=10271&&ser=786997" "Mozilla/5.0 (Windows NT 10.0; Trident/7.0; rv:11.0) like Gecko"
213.86.241.133 - - [27/Nov/2017:13:51:11 +0100] "GET /entry.php?id=10271&&ser=787011 HTTP/1.1" 200 987 "http://easydrivers.activities.at/entry.php?id=10271&&ser=786950" "Mozilla/5.0 (Windows NT 10.0; WOW64; Trident/7.0; rv:11.0) like Gecko"
213.86.241.133 - - [27/Nov/2017:13:51:11 +0100] "GET /gui/javascript/form_form.js?1511787071 HTTP/1.1" 200 16206 "http://easydrivers.activities.at/entry.php?id=10271&&ser=787011" "Mozilla/5.0 (Windows NT 10.0; WOW64; Trident/7.0; rv:11.0) like Gecko"
81.10.228.170 - - [27/Nov/2017:13:51:58 +0100] "GET /entry.php?id=10271&&ser=787058 HTTP/1.1" 200 987 "http://easydrivers.activities.at/entry.php?id=10271&&ser=786997" "Mozilla/5.0 (Windows NT 10.0; Trident/7.0; rv:11.0) like Gecko"
81.10.228.170 - - [27/Nov/2017:13:51:59 +0100] "GET /gui/javascript/form_form.js?1511787119 HTTP/1.1" 200 16206 "http://easydrivers.activities.at/entry.php?id=10271&&ser=787058" "Mozilla/5.0 (Windows NT 10.0; Trident/7.0; rv:11.0) like Gecko"
213.86.241.133 - - [27/Nov/2017:13:52:11 +0100] "GET /entry.php?id=10271&&ser=787071 HTTP/1.1" 200 987 "http://easydrivers.activities.at/entry.php?id=10271&&ser=787011" "Mozilla/5.0 (Windows NT 10.0; WOW64; Trident/7.0; rv:11.0) like Gecko"
213.86.241.133 - - [27/Nov/2017:13:52:12 +0100] "GET /gui/javascript/form_form.js?1511787132 HTTP/1.1" 200 16206 "http://easydrivers.activities.at/entry.php?id=10271&&ser=787071" "Mozilla/5.0 (Windows NT 10.0; WOW64; Trident/7.0; rv:11.0) like Gecko"
81.10.228.170 - - [27/Nov/2017:13:52:59 +0100] "GET /entry.php?id=10271&&ser=787119 HTTP/1.1" 200 987 "http://easydrivers.activities.at/entry.php?id=10271&&ser=787058" "Mozilla/5.0 (Windows NT 10.0; Trident/7.0; rv:11.0) like Gecko"
81.10.228.170 - - [27/Nov/2017:13:53:00 +0100] "GET /gui/javascript/form_form.js?1511787179 HTTP/1.1" 200 16206 "http://easydrivers.activities.at/entry.php?id=10271&&ser=787119" "Mozilla/5.0 (Windows NT 10.0; Trident/7.0; rv:11.0) like Gecko"
213.86.241.133 - - [27/Nov/2017:13:53:12 +0100] "GET /entry.php?id=10271&&ser=787132 HTTP/1.1" 200 987 "http://easydrivers.activities.at/entry.php?id=10271&&ser=787071" "Mozilla/5.0 (Windows NT 10.0; WOW64; Trident/7.0; rv:11.0) like Gecko"
213.86.241.133 - - [27/Nov/2017:13:53:12 +0100] "GET /gui/javascript/form_form.js?1511787192 HTTP/1.1" 200 16206 "http://easydrivers.activities.at/entry.php?id=10271&&ser=787132" "Mozilla/5.0 (Windows NT 10.0; WOW64; Trident/7.0; rv:11.0) like Gecko"
81.10.228.170 - - [27/Nov/2017:13:54:00 +0100] "GET /entry.php?id=10271&&ser=787179 HTTP/1.1" 200 987 "http://easydrivers.activities.at/entry.php?id=10271&&ser=787119" "Mozilla/5.0 (Windows NT 10.0; Trident/7.0; rv:11.0) like Gecko"
81.10.228.170 - - [27/Nov/2017:13:54:01 +0100] "GET /gui/javascript/form_form.js?1511787240 HTTP/1.1" 200 16206 "http://easydrivers.activities.at/entry.php?id=10271&&ser=787179" "Mozilla/5.0 (Windows NT 10.0; Trident/7.0; rv:11.0) like Gecko"
213.86.241.133 - - [27/Nov/2017:13:54:12 +0100] "GET /entry.php?id=10271&&ser=787192 HTTP/1.1" 200 987 "http://easydrivers.activities.at/entry.php?id=10271&&ser=787132" "Mozilla/5.0 (Windows NT 10.0; WOW64; Trident/7.0; rv:11.0) like Gecko"
213.86.241.133 - - [27/Nov/2017:13:54:13 +0100] "GET /gui/javascript/form_form.js?1511787253 HTTP/1.1" 200 16206 "http://easydrivers.activities.at/entry.php?id=10271&&ser=787192" "Mozilla/5.0 (Windows NT 10.0; WOW64; Trident/7.0; rv:11.0) like Gecko"
81.10.228.170 - - [27/Nov/2017:13:55:01 +0100] "GET /entry.php?id=10271&&ser=787240 HTTP/1.1" 200 986 "http://easydrivers.activities.at/entry.php?id=10271&&ser=787179" "Mozilla/5.0 (Windows NT 10.0; Trident/7.0; rv:11.0) like Gecko"
81.10.228.170 - - [27/Nov/2017:13:55:01 +0100] "GET /gui/javascript/form_form.js?1511787301 HTTP/1.1" 200 16206 "http://easydrivers.activities.at/entry.php?id=10271&&ser=787240" "Mozilla/5.0 (Windows NT 10.0; Trident/7.0; rv:11.0) like Gecko"
213.86.241.133 - - [27/Nov/2017:13:55:13 +0100] "GET /entry.php?id=10271&&ser=787253 HTTP/1.1" 200 987 "http://easydrivers.activities.at/entry.php?id=10271&&ser=787192" "Mozilla/5.0 (Windows NT 10.0; WOW64; Trident/7.0; rv:11.0) like Gecko"
213.86.241.133 - - [27/Nov/2017:13:55:13 +0100] "GET /gui/javascript/form_form.js?1511787313 HTTP/1.1" 200 16206 "http://easydrivers.activities.at/entry.php?id=10271&&ser=787253" "Mozilla/5.0 (Windows NT 10.0; WOW64; Trident/7.0; rv:11.0) like Gecko"
81.10.228.170 - - [27/Nov/2017:13:56:02 +0100] "GET /entry.php?id=10271&&ser=787301 HTTP/1.1" 200 987 "http://easydrivers.activities.at/entry.php?id=10271&&ser=787240" "Mozilla/5.0 (Windows NT 10.0; Trident/7.0; rv:11.0) like Gecko"
81.10.228.170 - - [27/Nov/2017:13:56:02 +0100] "GET /gui/javascript/form_form.js?1511787362 HTTP/1.1" 200 16206 "http://easydrivers.activities.at/entry.php?id=10271&&ser=787301" "Mozilla/5.0 (Windows NT 10.0; Trident/7.0; rv:11.0) like Gecko"
213.86.241.133 - - [27/Nov/2017:13:56:13 +0100] "GET /entry.php?id=10271&&ser=787313 HTTP/1.1" 200 989 "http://easydrivers.activities.at/entry.php?id=10271&&ser=787253" "Mozilla/5.0 (Windows NT 10.0; WOW64; Trident/7.0; rv:11.0) like Gecko"
213.86.241.133 - - [27/Nov/2017:13:56:14 +0100] "GET /gui/javascript/form_form.js?1511787374 HTTP/1.1" 200 16206 "http://easydrivers.activities.at/entry.php?id=10271&&ser=787313" "Mozilla/5.0 (Windows NT 10.0; WOW64; Trident/7.0; rv:11.0) like Gecko"
81.10.228.170 - - [27/Nov/2017:13:57:03 +0100] "GET /entry.php?id=10271&&ser=787362 HTTP/1.1" 200 987 "http://easydrivers.activities.at/entry.php?id=10271&&ser=787301" "Mozilla/5.0 (Windows NT 10.0; Trident/7.0; rv:11.0) like Gecko"
81.10.228.170 - - [27/Nov/2017:13:57:03 +0100] "GET /gui/javascript/form_form.js?1511787423 HTTP/1.1" 200 16206 "http://easydrivers.activities.at/entry.php?id=10271&&ser=787362" "Mozilla/5.0 (Windows NT 10.0; Trident/7.0; rv:11.0) like Gecko"
213.86.241.133 - - [27/Nov/2017:13:57:14 +0100] "GET /entry.php?id=10271&&ser=787373 HTTP/1.1" 200 986 "http://easydrivers.activities.at/entry.php?id=10271&&ser=787313" "Mozilla/5.0 (Windows NT 10.0; WOW64; Trident/7.0; rv:11.0) like Gecko"
213.86.241.133 - - [27/Nov/2017:13:57:14 +0100] "GET /gui/javascript/form_form.js?1511787434 HTTP/1.1" 200 16206 "http://easydrivers.activities.at/entry.php?id=10271&&ser=787373" "Mozilla/5.0 (Windows NT 10.0; WOW64; Trident/7.0; rv:11.0) like Gecko"
81.10.228.170 - - [27/Nov/2017:13:57:55 +0100] "POST /entry.php?id=11671 HTTP/1.1" 200 4615 "http://easydrivers.activities.at/entry.php?id=11671" "Mozilla/5.0 (Windows NT 10.0; Trident/7.0; rv:11.0) like Gecko"
81.10.228.170 - - [27/Nov/2017:13:57:55 +0100] "GET /gui/javascript/form_form.js?1511787475 HTTP/1.1" 200 16206 "http://easydrivers.activities.at/entry.php?id=11671" "Mozilla/5.0 (Windows NT 10.0; Trident/7.0; rv:11.0) like Gecko"
81.10.228.170 - - [27/Nov/2017:13:57:56 +0100] "GET /entry.php?id=10778&form=11496&name=list& HTTP/1.1" 200 5610 "http://easydrivers.activities.at/entry.php?id=11671" "Mozilla/5.0 (Windows NT 10.0; Trident/7.0; rv:11.0) like Gecko"
81.10.228.170 - - [27/Nov/2017:13:57:56 +0100] "GET /entry.php?id=10776&form=11496&name=list& HTTP/1.1" 200 1519 "http://easydrivers.activities.at/entry.php?id=11671" "Mozilla/5.0 (Windows NT 10.0; Trident/7.0; rv:11.0) like Gecko"
81.10.228.170 - - [27/Nov/2017:13:58:04 +0100] "GET /entry.php?id=10271&&ser=787423 HTTP/1.1" 200 987 "http://easydrivers.activities.at/entry.php?id=10271&&ser=787362" "Mozilla/5.0 (Windows NT 10.0; Trident/7.0; rv:11.0) like Gecko"
81.10.228.170 - - [27/Nov/2017:13:58:04 +0100] "GET /gui/javascript/form_form.js?1511787484 HTTP/1.1" 200 16206 "http://easydrivers.activities.at/entry.php?id=10271&&ser=787423" "Mozilla/5.0 (Windows NT 10.0; Trident/7.0; rv:11.0) like Gecko"
213.86.241.133 - - [27/Nov/2017:13:58:14 +0100] "GET /entry.php?id=10271&&ser=787434 HTTP/1.1" 200 987 "http://easydrivers.activities.at/entry.php?id=10271&&ser=787373" "Mozilla/5.0 (Windows NT 10.0; WOW64; Trident/7.0; rv:11.0) like Gecko"
213.86.241.133 - - [27/Nov/2017:13:58:15 +0100] "GET /gui/javascript/form_form.js?1511787495 HTTP/1.1" 200 16206 "http://easydrivers.activities.at/entry.php?id=10271&&ser=787434" "Mozilla/5.0 (Windows NT 10.0; WOW64; Trident/7.0; rv:11.0) like Gecko"
81.10.228.170 - - [27/Nov/2017:13:59:05 +0100] "GET /entry.php?id=10271&&ser=787484 HTTP/1.1" 200 988 "http://easydrivers.activities.at/entry.php?id=10271&&ser=787423" "Mozilla/5.0 (Windows NT 10.0; Trident/7.0; rv:11.0) like Gecko"
81.10.228.170 - - [27/Nov/2017:13:59:05 +0100] "GET /gui/javascript/form_form.js?1511787545 HTTP/1.1" 200 16206 "http://easydrivers.activities.at/entry.php?id=10271&&ser=787484" "Mozilla/5.0 (Windows NT 10.0; Trident/7.0; rv:11.0) like Gecko"
81.10.228.170 - - [27/Nov/2017:13:59:11 +0100] "POST /entry.php?id=11671 HTTP/1.1" 200 4963 "http://easydrivers.activities.at/entry.php?id=11671" "Mozilla/5.0 (Windows NT 10.0; Trident/7.0; rv:11.0) like Gecko"
81.10.228.170 - - [27/Nov/2017:13:59:11 +0100] "GET /gui/javascript/form_form.js?1511787551 HTTP/1.1" 200 16206 "http://easydrivers.activities.at/entry.php?id=11671" "Mozilla/5.0 (Windows NT 10.0; Trident/7.0; rv:11.0) like Gecko"
81.10.228.170 - - [27/Nov/2017:13:59:12 +0100] "GET /entry.php?id=10778&form=11496&name=list& HTTP/1.1" 200 5734 "http://easydrivers.activities.at/entry.php?id=11671" "Mozilla/5.0 (Windows NT 10.0; Trident/7.0; rv:11.0) like Gecko"
81.10.228.170 - - [27/Nov/2017:13:59:12 +0100] "GET /entry.php?id=10776&form=11496&name=list& HTTP/1.1" 200 1519 "http://easydrivers.activities.at/entry.php?id=11671" "Mozilla/5.0 (Windows NT 10.0; Trident/7.0; rv:11.0) like Gecko"
213.86.241.133 - - [27/Nov/2017:13:59:15 +0100] "GET /entry.php?id=10271&&ser=787495 HTTP/1.1" 200 988 "http://easydrivers.activities.at/entry.php?id=10271&&ser=787434" "Mozilla/5.0 (Windows NT 10.0; WOW64; Trident/7.0; rv:11.0) like Gecko"
213.86.241.133 - - [27/Nov/2017:13:59:15 +0100] "GET /gui/javascript/form_form.js?1511787555 HTTP/1.1" 200 16206 "http://easydrivers.activities.at/entry.php?id=10271&&ser=787495" "Mozilla/5.0 (Windows NT 10.0; WOW64; Trident/7.0; rv:11.0) like Gecko"
217.149.171.2 - - [27/Nov/2017:13:59:44 +0100] "GET / HTTP/1.1" 200 382 "-" "Mozilla/5.0 (Windows NT 6.1; WOW64; Trident/7.0; MASBJS; rv:11.0) like Gecko"
217.149.171.2 - - [27/Nov/2017:13:59:44 +0100] "GET /layout.php HTTP/1.1" 200 914 "-" "Mozilla/5.0 (Windows NT 6.1; WOW64; Trident/7.0; MASBJS; rv:11.0) like Gecko"
217.149.171.2 - - [27/Nov/2017:13:59:44 +0100] "GET /gui/javascript/form_form.js HTTP/1.1" 200 16206 "http://easydrivers.activities.at/layout.php" "Mozilla/5.0 (Windows NT 6.1; WOW64; Trident/7.0; MASBJS; rv:11.0) like Gecko"
217.149.171.2 - - [27/Nov/2017:13:59:44 +0100] "GET /entry.php?id=10270 HTTP/1.1" 200 908 "http://easydrivers.activities.at/layout.php" "Mozilla/5.0 (Windows NT 6.1; WOW64; Trident/7.0; MASBJS; rv:11.0) like Gecko"
217.149.171.2 - - [27/Nov/2017:13:59:44 +0100] "GET /entry.php?id=10272 HTTP/1.1" 200 1190 "http://easydrivers.activities.at/layout.php" "Mozilla/5.0 (Windows NT 6.1; WOW64; Trident/7.0; MASBJS; rv:11.0) like Gecko"
217.149.171.2 - - [27/Nov/2017:13:59:44 +0100] "GET /gui/javascript/jquery/css/gui-themes/custom.min.css HTTP/1.1" 200 5618 "http://easydrivers.activities.at/entry.php?id=10270" "Mozilla/5.0 (Windows NT 6.1; WOW64; Trident/7.0; MASBJS; rv:11.0) like Gecko"
217.149.171.2 - - [27/Nov/2017:13:59:44 +0100] "GET /gui/javascript/jquery/css/gui-themes/ui.spinner.css HTTP/1.1" 200 350 "http://easydrivers.activities.at/entry.php?id=10270" "Mozilla/5.0 (Windows NT 6.1; WOW64; Trident/7.0; MASBJS; rv:11.0) like Gecko"
217.149.171.2 - - [27/Nov/2017:13:59:44 +0100] "GET /entry.php?id=10273 HTTP/1.1" 200 1931 "http://easydrivers.activities.at/layout.php" "Mozilla/5.0 (Windows NT 6.1; WOW64; Trident/7.0; MASBJS; rv:11.0) like Gecko"
217.149.171.2 - - [27/Nov/2017:13:59:44 +0100] "GET /gui/javascript/jquery/css/gui-themes/jquery.tooltip.css HTTP/1.1" 200 246 "http://easydrivers.activities.at/entry.php?id=10270" "Mozilla/5.0 (Windows NT 6.1; WOW64; Trident/7.0; MASBJS; rv:11.0) like Gecko"
217.149.171.2 - - [27/Nov/2017:13:59:44 +0100] "GET /gui/javascript/form_form.js?1511787584 HTTP/1.1" 200 16206 "http://easydrivers.activities.at/entry.php?id=10270" "Mozilla/5.0 (Windows NT 6.1; WOW64; Trident/7.0; MASBJS; rv:11.0) like Gecko"
217.149.171.2 - - [27/Nov/2017:13:59:44 +0100] "GET /gui/javascript/jquery/css/gui-themes/custom.min.css HTTP/1.1" 200 5618 "http://easydrivers.activities.at/entry.php?id=10272" "Mozilla/5.0 (Windows NT 6.1; WOW64; Trident/7.0; MASBJS; rv:11.0) like Gecko"
217.149.171.2 - - [27/Nov/2017:13:59:44 +0100] "GET /gui/javascript/jquery/css/gui-themes/ui.spinner.css HTTP/1.1" 200 350 "http://easydrivers.activities.at/entry.php?id=10272" "Mozilla/5.0 (Windows NT 6.1; WOW64; Trident/7.0; MASBJS; rv:11.0) like Gecko"
217.149.171.2 - - [27/Nov/2017:13:59:44 +0100] "GET /gui/javascript/jquery/css/gui-themes/jquery.tooltip.css HTTP/1.1" 200 246 "http://easydrivers.activities.at/entry.php?id=10272" "Mozilla/5.0 (Windows NT 6.1; WOW64; Trident/7.0; MASBJS; rv:11.0) like Gecko"
217.149.171.2 - - [27/Nov/2017:13:59:44 +0100] "GET /gui/styles/tmplDefault.css HTTP/1.1" 200 2135 "http://easydrivers.activities.at/entry.php?id=10272" "Mozilla/5.0 (Windows NT 6.1; WOW64; Trident/7.0; MASBJS; rv:11.0) like Gecko"
217.149.171.2 - - [27/Nov/2017:13:59:44 +0100] "GET /entry.php?id=11412 HTTP/1.1" 200 1759 "http://easydrivers.activities.at/layout.php" "Mozilla/5.0 (Windows NT 6.1; WOW64; Trident/7.0; MASBJS; rv:11.0) like Gecko"
217.149.171.2 - - [27/Nov/2017:13:59:44 +0100] "GET /gui/javascript/jquery/css/gui-themes/custom.min.css HTTP/1.1" 200 5618 "http://easydrivers.activities.at/entry.php?id=10273" "Mozilla/5.0 (Windows NT 6.1; WOW64; Trident/7.0; MASBJS; rv:11.0) like Gecko"
217.149.171.2 - - [27/Nov/2017:13:59:44 +0100] "GET /gui/javascript/jquery/css/gui-themes/jquery.tooltip.css HTTP/1.1" 200 246 "http://easydrivers.activities.at/entry.php?id=10273" "Mozilla/5.0 (Windows NT 6.1; WOW64; Trident/7.0; MASBJS; rv:11.0) like Gecko"
217.149.171.2 - - [27/Nov/2017:13:59:44 +0100] "GET /framework/webfx/style/toolbar/cb2.css HTTP/1.1" 200 793 "http://easydrivers.activities.at/entry.php?id=10273" "Mozilla/5.0 (Windows NT 6.1; WOW64; Trident/7.0; MASBJS; rv:11.0) like Gecko"
217.149.171.2 - - [27/Nov/2017:13:59:44 +0100] "GET /gui/javascript/jquery/css/gui-themes/custom.min.css HTTP/1.1" 200 5618 "http://easydrivers.activities.at/entry.php?id=11412" "Mozilla/5.0 (Windows NT 6.1; WOW64; Trident/7.0; MASBJS; rv:11.0) like Gecko"
217.149.171.2 - - [27/Nov/2017:13:59:44 +0100] "GET /gui/javascript/jquery/js/jquery-1.8.2.js HTTP/1.1" 200 35391 "http://easydrivers.activities.at/entry.php?id=10270" "Mozilla/5.0 (Windows NT 6.1; WOW64; Trident/7.0; MASBJS; rv:11.0) like Gecko"
217.149.171.2 - - [27/Nov/2017:13:59:44 +0100] "GET /gui/javascript/jquery/css/gui-themes/ui.spinner.css HTTP/1.1" 200 350 "http://easydrivers.activities.at/entry.php?id=11412" "Mozilla/5.0 (Windows NT 6.1; WOW64; Trident/7.0; MASBJS; rv:11.0) like Gecko"
217.149.171.2 - - [27/Nov/2017:13:59:44 +0100] "GET /gui/javascript/jquery/css/gui-themes/jquery.tooltip.css HTTP/1.1" 200 246 "http://easydrivers.activities.at/entry.php?id=11412" "Mozilla/5.0 (Windows NT 6.1; WOW64; Trident/7.0; MASBJS; rv:11.0) like Gecko"
217.149.171.2 - - [27/Nov/2017:13:59:45 +0100] "GET /gui/javascript/jquery/jquery-tooltip/jquery.tooltip.min.js HTTP/1.1" 200 1982 "http://easydrivers.activities.at/entry.php?id=10270" "Mozilla/5.0 (Windows NT 6.1; WOW64; Trident/7.0; MASBJS; rv:11.0) like Gecko"
217.149.171.2 - - [27/Nov/2017:13:59:45 +0100] "GET /gui/javascript/form_form.js?1511787584 HTTP/1.1" 200 16206 "http://easydrivers.activities.at/entry.php?id=10272" "Mozilla/5.0 (Windows NT 6.1; WOW64; Trident/7.0; MASBJS; rv:11.0) like Gecko"
217.149.171.2 - - [27/Nov/2017:13:59:45 +0100] "GET /gui/javascript/jquery/jquery-tooltip/jquery.tooltip.min.js HTTP/1.1" 200 1982 "http://easydrivers.activities.at/entry.php?id=10272" "Mozilla/5.0 (Windows NT 6.1; WOW64; Trident/7.0; MASBJS; rv:11.0) like Gecko"
217.149.171.2 - - [27/Nov/2017:13:59:45 +0100] "GET /gui/javascript/jquery/js/jquery-1.8.2.js HTTP/1.1" 200 35391 "http://easydrivers.activities.at/entry.php?id=10272" "Mozilla/5.0 (Windows NT 6.1; WOW64; Trident/7.0; MASBJS; rv:11.0) like Gecko"
217.149.171.2 - - [27/Nov/2017:13:59:44 +0100] "GET /gui/javascript/jquery/js/jquery-ui-1.9.0.custom.min.js HTTP/1.1" 200 51286 "http://easydrivers.activities.at/entry.php?id=10270" "Mozilla/5.0 (Windows NT 6.1; WOW64; Trident/7.0; MASBJS; rv:11.0) like Gecko"
217.149.171.2 - - [27/Nov/2017:13:59:45 +0100] "GET /framework/webfx/javascript/statusbar/statusBar.js HTTP/1.1" 200 649 "http://easydrivers.activities.at/entry.php?id=10272" "Mozilla/5.0 (Windows NT 6.1; WOW64; Trident/7.0; MASBJS; rv:11.0) like Gecko"
217.149.171.2 - - [27/Nov/2017:13:59:45 +0100] "GET /gui/javascript/form_form.js?1511787584 HTTP/1.1" 200 16206 "http://easydrivers.activities.at/entry.php?id=10273" "Mozilla/5.0 (Windows NT 6.1; WOW64; Trident/7.0; MASBJS; rv:11.0) like Gecko"
217.149.171.2 - - [27/Nov/2017:13:59:45 +0100] "GET /gui/javascript/jquery/js/jquery-ui-1.9.0.custom.min.js HTTP/1.1" 200 51286 "http://easydrivers.activities.at/entry.php?id=10272" "Mozilla/5.0 (Windows NT 6.1; WOW64; Trident/7.0; MASBJS; rv:11.0) like Gecko"
217.149.171.2 - - [27/Nov/2017:13:59:45 +0100] "GET /gui/javascript/jquery/js/jquery-1.8.2.js HTTP/1.1" 200 35391 "http://easydrivers.activities.at/entry.php?id=10273" "Mozilla/5.0 (Windows NT 6.1; WOW64; Trident/7.0; MASBJS; rv:11.0) like Gecko"
217.149.171.2 - - [27/Nov/2017:13:59:45 +0100] "GET /gui/javascript/jquery/jquery-tooltip/jquery.tooltip.min.js HTTP/1.1" 200 1982 "http://easydrivers.activities.at/entry.php?id=10273" "Mozilla/5.0 (Windows NT 6.1; WOW64; Trident/7.0; MASBJS; rv:11.0) like Gecko"
217.149.171.2 - - [27/Nov/2017:13:59:45 +0100] "GET /framework/webfx/javascript/toolbar/ieemu.js HTTP/1.1" 200 2366 "http://easydrivers.activities.at/entry.php?id=10273" "Mozilla/5.0 (Windows NT 6.1; WOW64; Trident/7.0; MASBJS; rv:11.0) like Gecko"
217.149.171.2 - - [27/Nov/2017:13:59:45 +0100] "GET /framework/webfx/javascript/toolbar/cb2.js HTTP/1.1" 200 1686 "http://easydrivers.activities.at/entry.php?id=10273" "Mozilla/5.0 (Windows NT 6.1; WOW64; Trident/7.0; MASBJS; rv:11.0) like Gecko"
217.149.171.2 - - [27/Nov/2017:13:59:45 +0100] "GET /gui/javascript/form_form.js?1511787584 HTTP/1.1" 200 16206 "http://easydrivers.activities.at/entry.php?id=11412" "Mozilla/5.0 (Windows NT 6.1; WOW64; Trident/7.0; MASBJS; rv:11.0) like Gecko"
217.149.171.2 - - [27/Nov/2017:13:59:45 +0100] "GET /gui/javascript/jquery/js/jquery-ui-1.9.0.custom.min.js HTTP/1.1" 200 51286 "http://easydrivers.activities.at/entry.php?id=10273" "Mozilla/5.0 (Windows NT 6.1; WOW64; Trident/7.0; MASBJS; rv:11.0) like Gecko"
217.149.171.2 - - [27/Nov/2017:13:59:45 +0100] "GET /gui/javascript/jquery/js/jquery-1.8.2.js HTTP/1.1" 200 35391 "http://easydrivers.activities.at/entry.php?id=11412" "Mozilla/5.0 (Windows NT 6.1; WOW64; Trident/7.0; MASBJS; rv:11.0) like Gecko"
217.149.171.2 - - [27/Nov/2017:13:59:45 +0100] "GET /framework/icons/note_msg_icon.gif HTTP/1.1" 200 1022 "http://easydrivers.activities.at/entry.php?id=10272" "Mozilla/5.0 (Windows NT 6.1; WOW64; Trident/7.0; MASBJS; rv:11.0) like Gecko"
217.149.171.2 - - [27/Nov/2017:13:59:45 +0100] "GET /gui/javascript/jquery/js/jquery-ui-1.9.0.custom.min.js HTTP/1.1" 200 51286 "http://easydrivers.activities.at/entry.php?id=11412" "Mozilla/5.0 (Windows NT 6.1; WOW64; Trident/7.0; MASBJS; rv:11.0) like Gecko"
217.149.171.2 - - [27/Nov/2017:13:59:45 +0100] "GET /gui/javascript/jquery/jquery-tooltip/jquery.tooltip.min.js HTTP/1.1" 200 1982 "http://easydrivers.activities.at/entry.php?id=11412" "Mozilla/5.0 (Windows NT 6.1; WOW64; Trident/7.0; MASBJS; rv:11.0) like Gecko"
217.149.171.2 - - [27/Nov/2017:13:59:45 +0100] "GET /gui/images/icons/Logo_activites_RGB.gif HTTP/1.1" 200 1336 "http://easydrivers.activities.at/entry.php?id=10273" "Mozilla/5.0 (Windows NT 6.1; WOW64; Trident/7.0; MASBJS; rv:11.0) like Gecko"
217.149.171.2 - - [27/Nov/2017:13:59:45 +0100] "GET /gui/images/icons/cancel.gif HTTP/1.1" 200 125 "http://easydrivers.activities.at/entry.php?id=11412" "Mozilla/5.0 (Windows NT 6.1; WOW64; Trident/7.0; MASBJS; rv:11.0) like Gecko"
217.149.171.2 - - [27/Nov/2017:13:59:45 +0100] "GET /entry.php?id=10271&UIN=4c542aa585ed58d5b52d4a2618889924 HTTP/1.1" 200 935 "http://easydrivers.activities.at/entry.php?id=10272" "Mozilla/5.0 (Windows NT 6.1; WOW64; Trident/7.0; MASBJS; rv:11.0) like Gecko"
217.149.171.2 - - [27/Nov/2017:13:59:45 +0100] "GET /gui/images/emptybar.gif HTTP/1.1" 200 89 "http://easydrivers.activities.at/entry.php?id=10272" "Mozilla/5.0 (Windows NT 6.1; WOW64; Trident/7.0; MASBJS; rv:11.0) like Gecko"
217.149.171.2 - - [27/Nov/2017:13:59:45 +0100] "GET /gui/javascript/jquery/css/gui-themes/custom.min.css HTTP/1.1" 200 5618 "http://easydrivers.activities.at/entry.php?id=10271&UIN=4c542aa585ed58d5b52d4a2618889924" "Mozilla/5.0 (Windows NT 6.1; WOW64; Trident/7.0; MASBJS; rv:11.0) like Gecko"
217.149.171.2 - - [27/Nov/2017:13:59:45 +0100] "GET /gui/javascript/jquery/css/gui-themes/ui.spinner.css HTTP/1.1" 200 350 "http://easydrivers.activities.at/entry.php?id=10271&UIN=4c542aa585ed58d5b52d4a2618889924" "Mozilla/5.0 (Windows NT 6.1; WOW64; Trident/7.0; MASBJS; rv:11.0) like Gecko"
217.149.171.2 - - [27/Nov/2017:13:59:45 +0100] "GET /gui/javascript/form_form.js?1511787585 HTTP/1.1" 200 16206 "http://easydrivers.activities.at/entry.php?id=10271&UIN=4c542aa585ed58d5b52d4a2618889924" "Mozilla/5.0 (Windows NT 6.1; WOW64; Trident/7.0; MASBJS; rv:11.0) like Gecko"
217.149.171.2 - - [27/Nov/2017:13:59:45 +0100] "GET /entry.php?id=10287 HTTP/1.1" 200 2388 "http://easydrivers.activities.at/entry.php?id=11412" "Mozilla/5.0 (Windows NT 6.1; WOW64; Trident/7.0; MASBJS; rv:11.0) like Gecko"
217.149.171.2 - - [27/Nov/2017:13:59:45 +0100] "GET /gui/javascript/jquery/css/gui-themes/ui.spinner.css HTTP/1.1" 200 350 "http://easydrivers.activities.at/entry.php?id=10287" "Mozilla/5.0 (Windows NT 6.1; WOW64; Trident/7.0; MASBJS; rv:11.0) like Gecko"
217.149.171.2 - - [27/Nov/2017:13:59:45 +0100] "GET /gui/javascript/jquery/css/gui-themes/custom.min.css HTTP/1.1" 200 5618 "http://easydrivers.activities.at/entry.php?id=10287" "Mozilla/5.0 (Windows NT 6.1; WOW64; Trident/7.0; MASBJS; rv:11.0) like Gecko"
217.149.171.2 - - [27/Nov/2017:13:59:45 +0100] "GET /entry.php?id=10270& HTTP/1.1" 200 908 "http://easydrivers.activities.at/layout.php" "Mozilla/5.0 (Windows NT 6.1; WOW64; Trident/7.0; MASBJS; rv:11.0) like Gecko"
217.149.171.2 - - [27/Nov/2017:13:59:45 +0100] "GET /entry.php?id=10273& HTTP/1.1" 200 1903 "http://easydrivers.activities.at/layout.php" "Mozilla/5.0 (Windows NT 6.1; WOW64; Trident/7.0; MASBJS; rv:11.0) like Gecko"
217.149.171.2 - - [27/Nov/2017:13:59:46 +0100] "GET /gui/javascript/jquery/css/gui-themes/custom.min.css HTTP/1.1" 200 5618 "http://easydrivers.activities.at/entry.php?id=10270&" "Mozilla/5.0 (Windows NT 6.1; WOW64; Trident/7.0; MASBJS; rv:11.0) like Gecko"
217.149.171.2 - - [27/Nov/2017:13:59:46 +0100] "GET /gui/javascript/jquery/css/gui-themes/custom.min.css HTTP/1.1" 200 5618 "http://easydrivers.activities.at/entry.php?id=10273&" "Mozilla/5.0 (Windows NT 6.1; WOW64; Trident/7.0; MASBJS; rv:11.0) like Gecko"
217.149.171.2 - - [27/Nov/2017:13:59:46 +0100] "GET /gui/javascript/form_form.js?1511787586 HTTP/1.1" 200 16206 "http://easydrivers.activities.at/entry.php?id=10270&" "Mozilla/5.0 (Windows NT 6.1; WOW64; Trident/7.0; MASBJS; rv:11.0) like Gecko"
217.149.171.2 - - [27/Nov/2017:13:59:46 +0100] "GET /gui/javascript/form_form.js?1511787586 HTTP/1.1" 200 16206 "http://easydrivers.activities.at/entry.php?id=10273&" "Mozilla/5.0 (Windows NT 6.1; WOW64; Trident/7.0; MASBJS; rv:11.0) like Gecko"
81.10.228.170 - - [27/Nov/2017:13:59:53 +0100] "POST /entry.php?id=11671 HTTP/1.1" 200 3172 "http://easydrivers.activities.at/entry.php?id=11671" "Mozilla/5.0 (Windows NT 10.0; Trident/7.0; rv:11.0) like Gecko"
81.10.228.170 - - [27/Nov/2017:13:59:54 +0100] "GET /gui/javascript/form_form.js?1511787594 HTTP/1.1" 200 16206 "http://easydrivers.activities.at/entry.php?id=11671" "Mozilla/5.0 (Windows NT 10.0; Trident/7.0; rv:11.0) like Gecko"
81.10.228.170 - - [27/Nov/2017:13:59:56 +0100] "GET /framework/webfx/javascript/tinymce/skins/lightgray/content.min.css HTTP/1.1" 404 330 "http://easydrivers.activities.at/entry.php?id=11671" "Mozilla/5.0 (Windows NT 10.0; Trident/7.0; rv:11.0) like Gecko"
81.10.228.170 - - [27/Nov/2017:13:59:58 +0100] "GET /framework/webfx/javascript/tinymce/skins/lightgray/content.min.css HTTP/1.1" 404 330 "http://easydrivers.activities.at/entry.php?id=11671" "Mozilla/5.0 (Windows NT 10.0; Trident/7.0; rv:11.0) like Gecko"
81.10.228.170 - - [27/Nov/2017:14:00:06 +0100] "POST /entry.php?id=11671 HTTP/1.1" 200 3406 "http://easydrivers.activities.at/entry.php?id=11671" "Mozilla/5.0 (Windows NT 10.0; Trident/7.0; rv:11.0) like Gecko"
81.10.228.170 - - [27/Nov/2017:14:00:06 +0100] "GET /entry.php?id=10271&&ser=787545 HTTP/1.1" 200 987 "http://easydrivers.activities.at/entry.php?id=10271&&ser=787484" "Mozilla/5.0 (Windows NT 10.0; Trident/7.0; rv:11.0) like Gecko"
81.10.228.170 - - [27/Nov/2017:14:00:06 +0100] "GET /gui/javascript/form_form.js?1511787606 HTTP/1.1" 200 16206 "http://easydrivers.activities.at/entry.php?id=11671" "Mozilla/5.0 (Windows NT 10.0; Trident/7.0; rv:11.0) like Gecko"
81.10.228.170 - - [27/Nov/2017:14:00:09 +0100] "GET /framework/webfx/javascript/tinymce/skins/lightgray/content.min.css HTTP/1.1" 404 330 "http://easydrivers.activities.at/entry.php?id=11671" "Mozilla/5.0 (Windows NT 10.0; Trident/7.0; rv:11.0) like Gecko"
213.86.241.133 - - [27/Nov/2017:14:00:16 +0100] "GET /entry.php?id=10271&&ser=787555 HTTP/1.1" 200 987 "http://easydrivers.activities.at/entry.php?id=10271&&ser=787495" "Mozilla/5.0 (Windows NT 10.0; WOW64; Trident/7.0; rv:11.0) like Gecko"
213.86.241.133 - - [27/Nov/2017:14:00:16 +0100] "GET /gui/javascript/form_form.js?1511787616 HTTP/1.1" 200 16206 "http://easydrivers.activities.at/entry.php?id=10271&&ser=787555" "Mozilla/5.0 (Windows NT 10.0; WOW64; Trident/7.0; rv:11.0) like Gecko"
81.10.228.170 - - [27/Nov/2017:14:00:28 +0100] "POST /entry.php?id=11671 HTTP/1.1" 200 4796 "http://easydrivers.activities.at/entry.php?id=11671" "Mozilla/5.0 (Windows NT 10.0; Trident/7.0; rv:11.0) like Gecko"
81.10.228.170 - - [27/Nov/2017:14:00:29 +0100] "GET /gui/javascript/form_form.js?1511787629 HTTP/1.1" 200 16206 "http://easydrivers.activities.at/entry.php?id=11671" "Mozilla/5.0 (Windows NT 10.0; Trident/7.0; rv:11.0) like Gecko"
81.10.228.170 - - [27/Nov/2017:14:00:30 +0100] "GET /entry.php?id=10778&form=11496&name=list& HTTP/1.1" 200 5734 "http://easydrivers.activities.at/entry.php?id=11671" "Mozilla/5.0 (Windows NT 10.0; Trident/7.0; rv:11.0) like Gecko"
81.10.228.170 - - [27/Nov/2017:14:00:30 +0100] "GET /entry.php?id=10776&form=11496&name=list& HTTP/1.1" 200 1519 "http://easydrivers.activities.at/entry.php?id=11671" "Mozilla/5.0 (Windows NT 10.0; Trident/7.0; rv:11.0) like Gecko"
81.10.228.170 - - [27/Nov/2017:14:00:42 +0100] "POST /entry.php?id=11671 HTTP/1.1" 200 4945 "http://easydrivers.activities.at/entry.php?id=11671" "Mozilla/5.0 (Windows NT 10.0; Trident/7.0; rv:11.0) like Gecko"
81.10.228.170 - - [27/Nov/2017:14:00:42 +0100] "GET /gui/javascript/form_form.js?1511787642 HTTP/1.1" 200 16206 "http://easydrivers.activities.at/entry.php?id=11671" "Mozilla/5.0 (Windows NT 10.0; Trident/7.0; rv:11.0) like Gecko"
81.10.228.170 - - [27/Nov/2017:14:00:43 +0100] "GET /entry.php?id=10778&form=11496&name=list& HTTP/1.1" 200 5734 "http://easydrivers.activities.at/entry.php?id=11671" "Mozilla/5.0 (Windows NT 10.0; Trident/7.0; rv:11.0) like Gecko"
81.10.228.170 - - [27/Nov/2017:14:00:43 +0100] "GET /entry.php?id=10776&form=11496&name=list& HTTP/1.1" 200 1519 "http://easydrivers.activities.at/entry.php?id=11671" "Mozilla/5.0 (Windows NT 10.0; Trident/7.0; rv:11.0) like Gecko"
81.10.228.170 - - [27/Nov/2017:14:01:07 +0100] "GET /entry.php?id=10271&&ser=787606 HTTP/1.1" 200 988 "http://easydrivers.activities.at/entry.php?id=10271&&ser=787545" "Mozilla/5.0 (Windows NT 10.0; Trident/7.0; rv:11.0) like Gecko"
81.10.228.170 - - [27/Nov/2017:14:01:07 +0100] "GET /gui/javascript/form_form.js?1511787667 HTTP/1.1" 200 16206 "http://easydrivers.activities.at/entry.php?id=10271&&ser=787606" "Mozilla/5.0 (Windows NT 10.0; Trident/7.0; rv:11.0) like Gecko"
213.86.241.133 - - [27/Nov/2017:14:01:16 +0100] "GET /entry.php?id=10271&&ser=787616 HTTP/1.1" 200 988 "http://easydrivers.activities.at/entry.php?id=10271&&ser=787555" "Mozilla/5.0 (Windows NT 10.0; WOW64; Trident/7.0; rv:11.0) like Gecko"
213.86.241.133 - - [27/Nov/2017:14:01:16 +0100] "GET /gui/javascript/form_form.js?1511787676 HTTP/1.1" 200 16206 "http://easydrivers.activities.at/entry.php?id=10271&&ser=787616" "Mozilla/5.0 (Windows NT 10.0; WOW64; Trident/7.0; rv:11.0) like Gecko"
81.10.228.170 - - [27/Nov/2017:14:01:27 +0100] "POST /entry.php?id=11671 HTTP/1.1" 200 4614 "http://easydrivers.activities.at/entry.php?id=11671" "Mozilla/5.0 (Windows NT 10.0; Trident/7.0; rv:11.0) like Gecko"
81.10.228.170 - - [27/Nov/2017:14:01:27 +0100] "GET /gui/javascript/form_form.js?1511787687 HTTP/1.1" 200 16206 "http://easydrivers.activities.at/entry.php?id=11671" "Mozilla/5.0 (Windows NT 10.0; Trident/7.0; rv:11.0) like Gecko"
81.10.228.170 - - [27/Nov/2017:14:01:28 +0100] "GET /entry.php?id=10776&form=11496&name=list& HTTP/1.1" 200 1519 "http://easydrivers.activities.at/entry.php?id=11671" "Mozilla/5.0 (Windows NT 10.0; Trident/7.0; rv:11.0) like Gecko"
81.10.228.170 - - [27/Nov/2017:14:01:28 +0100] "GET /entry.php?id=10778&form=11496&name=list& HTTP/1.1" 200 5610 "http://easydrivers.activities.at/entry.php?id=11671" "Mozilla/5.0 (Windows NT 10.0; Trident/7.0; rv:11.0) like Gecko"
213.86.241.133 - - [27/Nov/2017:14:01:31 +0100] "POST /entry.php?id=11671 HTTP/1.1" 200 4608 "http://easydrivers.activities.at/entry.php?id=11671&" "Mozilla/5.0 (Windows NT 10.0; WOW64; Trident/7.0; rv:11.0) like Gecko"
213.86.241.133 - - [27/Nov/2017:14:01:31 +0100] "GET /gui/javascript/form_form.js?1511787691 HTTP/1.1" 200 16206 "http://easydrivers.activities.at/entry.php?id=11671" "Mozilla/5.0 (Windows NT 10.0; WOW64; Trident/7.0; rv:11.0) like Gecko"
213.86.241.133 - - [27/Nov/2017:14:01:32 +0100] "GET /entry.php?id=10778&form=11496&name=list& HTTP/1.1" 200 5576 "http://easydrivers.activities.at/entry.php?id=11671" "Mozilla/5.0 (Windows NT 10.0; WOW64; Trident/7.0; rv:11.0) like Gecko"
213.86.241.133 - - [27/Nov/2017:14:01:32 +0100] "GET /entry.php?id=10776&form=11496&name=list& HTTP/1.1" 200 1519 "http://easydrivers.activities.at/entry.php?id=11671" "Mozilla/5.0 (Windows NT 10.0; WOW64; Trident/7.0; rv:11.0) like Gecko"
81.10.228.170 - - [27/Nov/2017:14:02:08 +0100] "GET /entry.php?id=10271&&ser=787667 HTTP/1.1" 200 987 "http://easydrivers.activities.at/entry.php?id=10271&&ser=787606" "Mozilla/5.0 (Windows NT 10.0; Trident/7.0; rv:11.0) like Gecko"
81.10.228.170 - - [27/Nov/2017:14:02:10 +0100] "GET /gui/javascript/form_form.js?1511787728 HTTP/1.1" 200 16206 "http://easydrivers.activities.at/entry.php?id=10271&&ser=787667" "Mozilla/5.0 (Windows NT 10.0; Trident/7.0; rv:11.0) like Gecko"
213.86.241.133 - - [27/Nov/2017:14:02:17 +0100] "GET /entry.php?id=10271&&ser=787676 HTTP/1.1" 200 987 "http://easydrivers.activities.at/entry.php?id=10271&&ser=787616" "Mozilla/5.0 (Windows NT 10.0; WOW64; Trident/7.0; rv:11.0) like Gecko"
213.86.241.133 - - [27/Nov/2017:14:02:17 +0100] "GET /gui/javascript/form_form.js?1511787737 HTTP/1.1" 200 16206 "http://easydrivers.activities.at/entry.php?id=10271&&ser=787676" "Mozilla/5.0 (Windows NT 10.0; WOW64; Trident/7.0; rv:11.0) like Gecko"
213.86.241.133 - - [27/Nov/2017:14:02:20 +0100] "POST /entry.php?id=11671 HTTP/1.1" 200 4955 "http://easydrivers.activities.at/entry.php?id=11671" "Mozilla/5.0 (Windows NT 10.0; WOW64; Trident/7.0; rv:11.0) like Gecko"
213.86.241.133 - - [27/Nov/2017:14:02:20 +0100] "GET /gui/javascript/form_form.js?1511787740 HTTP/1.1" 200 16206 "http://easydrivers.activities.at/entry.php?id=11671" "Mozilla/5.0 (Windows NT 10.0; WOW64; Trident/7.0; rv:11.0) like Gecko"
213.86.241.133 - - [27/Nov/2017:14:02:21 +0100] "GET /entry.php?id=10776&form=11496&name=list& HTTP/1.1" 200 1519 "http://easydrivers.activities.at/entry.php?id=11671" "Mozilla/5.0 (Windows NT 10.0; WOW64; Trident/7.0; rv:11.0) like Gecko"
213.86.241.133 - - [27/Nov/2017:14:02:21 +0100] "GET /entry.php?id=10778&form=11496&name=list& HTTP/1.1" 200 5703 "http://easydrivers.activities.at/entry.php?id=11671" "Mozilla/5.0 (Windows NT 10.0; WOW64; Trident/7.0; rv:11.0) like Gecko"
81.10.228.170 - - [27/Nov/2017:14:02:22 +0100] "POST /entry.php?id=11671 HTTP/1.1" 200 4961 "http://easydrivers.activities.at/entry.php?id=11671" "Mozilla/5.0 (Windows NT 10.0; Trident/7.0; rv:11.0) like Gecko"
81.10.228.170 - - [27/Nov/2017:14:02:22 +0100] "GET /gui/javascript/form_form.js?1511787742 HTTP/1.1" 200 16206 "http://easydrivers.activities.at/entry.php?id=11671" "Mozilla/5.0 (Windows NT 10.0; Trident/7.0; rv:11.0) like Gecko"
213.86.241.133 - - [27/Nov/2017:14:02:22 +0100] "POST /entry.php?id=11671 HTTP/1.1" 200 4906 "http://easydrivers.activities.at/entry.php?id=11671" "Mozilla/5.0 (Windows NT 10.0; WOW64; Trident/7.0; rv:11.0) like Gecko"
213.86.241.133 - - [27/Nov/2017:14:02:23 +0100] "GET /gui/javascript/form_form.js?1511787743 HTTP/1.1" 200 16206 "http://easydrivers.activities.at/entry.php?id=11671" "Mozilla/5.0 (Windows NT 10.0; WOW64; Trident/7.0; rv:11.0) like Gecko"
81.10.228.170 - - [27/Nov/2017:14:02:23 +0100] "GET /entry.php?id=10778&form=11496&name=list& HTTP/1.1" 200 5734 "http://easydrivers.activities.at/entry.php?id=11671" "Mozilla/5.0 (Windows NT 10.0; Trident/7.0; rv:11.0) like Gecko"
81.10.228.170 - - [27/Nov/2017:14:02:23 +0100] "GET /entry.php?id=10776&form=11496&name=list& HTTP/1.1" 200 1519 "http://easydrivers.activities.at/entry.php?id=11671" "Mozilla/5.0 (Windows NT 10.0; Trident/7.0; rv:11.0) like Gecko"
213.86.241.133 - - [27/Nov/2017:14:02:23 +0100] "GET /entry.php?id=10776&form=11496&name=list& HTTP/1.1" 200 1519 "http://easydrivers.activities.at/entry.php?id=11671" "Mozilla/5.0 (Windows NT 10.0; WOW64; Trident/7.0; rv:11.0) like Gecko"
213.86.241.133 - - [27/Nov/2017:14:02:23 +0100] "GET /entry.php?id=10778&form=11496&name=list& HTTP/1.1" 200 5703 "http://easydrivers.activities.at/entry.php?id=11671" "Mozilla/5.0 (Windows NT 10.0; WOW64; Trident/7.0; rv:11.0) like Gecko"
213.86.241.133 - - [27/Nov/2017:14:02:26 +0100] "POST /entry.php?id=11671 HTTP/1.1" 200 4611 "http://easydrivers.activities.at/entry.php?id=11671" "Mozilla/5.0 (Windows NT 10.0; WOW64; Trident/7.0; rv:11.0) like Gecko"
213.86.241.133 - - [27/Nov/2017:14:02:27 +0100] "GET /gui/javascript/form_form.js?1511787747 HTTP/1.1" 200 16206 "http://easydrivers.activities.at/entry.php?id=11671" "Mozilla/5.0 (Windows NT 10.0; WOW64; Trident/7.0; rv:11.0) like Gecko"
213.86.241.133 - - [27/Nov/2017:14:02:27 +0100] "GET /entry.php?id=10776&form=11496&name=list& HTTP/1.1" 200 1519 "http://easydrivers.activities.at/entry.php?id=11671" "Mozilla/5.0 (Windows NT 10.0; WOW64; Trident/7.0; rv:11.0) like Gecko"
213.86.241.133 - - [27/Nov/2017:14:02:27 +0100] "GET /entry.php?id=10778&form=11496&name=list& HTTP/1.1" 200 5576 "http://easydrivers.activities.at/entry.php?id=11671" "Mozilla/5.0 (Windows NT 10.0; WOW64; Trident/7.0; rv:11.0) like Gecko"
81.10.228.170 - - [27/Nov/2017:14:02:30 +0100] "POST /entry.php?id=11671 HTTP/1.1" 200 3170 "http://easydrivers.activities.at/entry.php?id=11671" "Mozilla/5.0 (Windows NT 10.0; Trident/7.0; rv:11.0) like Gecko"
81.10.228.170 - - [27/Nov/2017:14:02:31 +0100] "GET /gui/javascript/form_form.js?1511787751 HTTP/1.1" 200 16206 "http://easydrivers.activities.at/entry.php?id=11671" "Mozilla/5.0 (Windows NT 10.0; Trident/7.0; rv:11.0) like Gecko"
81.10.228.170 - - [27/Nov/2017:14:02:33 +0100] "GET /framework/webfx/javascript/tinymce/skins/lightgray/content.min.css HTTP/1.1" 404 330 "http://easydrivers.activities.at/entry.php?id=11671" "Mozilla/5.0 (Windows NT 10.0; Trident/7.0; rv:11.0) like Gecko"
81.10.228.170 - - [27/Nov/2017:14:02:58 +0100] "POST /entry.php?id=11671 HTTP/1.1" 200 3407 "http://easydrivers.activities.at/entry.php?id=11671" "Mozilla/5.0 (Windows NT 10.0; Trident/7.0; rv:11.0) like Gecko"
81.10.228.170 - - [27/Nov/2017:14:02:59 +0100] "GET /gui/javascript/form_form.js?1511787779 HTTP/1.1" 200 16206 "http://easydrivers.activities.at/entry.php?id=11671" "Mozilla/5.0 (Windows NT 10.0; Trident/7.0; rv:11.0) like Gecko"
81.10.228.170 - - [27/Nov/2017:14:03:01 +0100] "GET /framework/webfx/javascript/tinymce/skins/lightgray/content.min.css HTTP/1.1" 404 330 "http://easydrivers.activities.at/entry.php?id=11671" "Mozilla/5.0 (Windows NT 10.0; Trident/7.0; rv:11.0) like Gecko"
213.86.241.133 - - [27/Nov/2017:14:03:03 +0100] "POST /entry.php?id=11671 HTTP/1.1" 200 4955 "http://easydrivers.activities.at/entry.php?id=11671" "Mozilla/5.0 (Windows NT 10.0; WOW64; Trident/7.0; rv:11.0) like Gecko"
213.86.241.133 - - [27/Nov/2017:14:03:03 +0100] "GET /gui/javascript/form_form.js?1511787783 HTTP/1.1" 200 16206 "http://easydrivers.activities.at/entry.php?id=11671" "Mozilla/5.0 (Windows NT 10.0; WOW64; Trident/7.0; rv:11.0) like Gecko"
213.86.241.133 - - [27/Nov/2017:14:03:04 +0100] "GET /entry.php?id=10776&form=11496&name=list& HTTP/1.1" 200 1519 "http://easydrivers.activities.at/entry.php?id=11671" "Mozilla/5.0 (Windows NT 10.0; WOW64; Trident/7.0; rv:11.0) like Gecko"
213.86.241.133 - - [27/Nov/2017:14:03:04 +0100] "GET /entry.php?id=10778&form=11496&name=list& HTTP/1.1" 200 5703 "http://easydrivers.activities.at/entry.php?id=11671" "Mozilla/5.0 (Windows NT 10.0; WOW64; Trident/7.0; rv:11.0) like Gecko"
213.86.241.133 - - [27/Nov/2017:14:03:05 +0100] "POST /entry.php?id=11671 HTTP/1.1" 200 4906 "http://easydrivers.activities.at/entry.php?id=11671" "Mozilla/5.0 (Windows NT 10.0; WOW64; Trident/7.0; rv:11.0) like Gecko"
213.86.241.133 - - [27/Nov/2017:14:03:07 +0100] "GET /gui/javascript/form_form.js?1511787787 HTTP/1.1" 200 16206 "http://easydrivers.activities.at/entry.php?id=11671" "Mozilla/5.0 (Windows NT 10.0; WOW64; Trident/7.0; rv:11.0) like Gecko"
213.86.241.133 - - [27/Nov/2017:14:03:07 +0100] "GET /entry.php?id=10776&form=11496&name=list& HTTP/1.1" 200 1519 "http://easydrivers.activities.at/entry.php?id=11671" "Mozilla/5.0 (Windows NT 10.0; WOW64; Trident/7.0; rv:11.0) like Gecko"
213.86.241.133 - - [27/Nov/2017:14:03:07 +0100] "GET /entry.php?id=10778&form=11496&name=list& HTTP/1.1" 200 5703 "http://easydrivers.activities.at/entry.php?id=11671" "Mozilla/5.0 (Windows NT 10.0; WOW64; Trident/7.0; rv:11.0) like Gecko"
81.10.228.170 - - [27/Nov/2017:14:03:09 +0100] "POST /entry.php?id=11671 HTTP/1.1" 200 4796 "http://easydrivers.activities.at/entry.php?id=11671" "Mozilla/5.0 (Windows NT 10.0; Trident/7.0; rv:11.0) like Gecko"
81.10.228.170 - - [27/Nov/2017:14:03:09 +0100] "GET /gui/javascript/form_form.js?1511787789 HTTP/1.1" 200 16206 "http://easydrivers.activities.at/entry.php?id=11671" "Mozilla/5.0 (Windows NT 10.0; Trident/7.0; rv:11.0) like Gecko"
213.86.241.133 - - [27/Nov/2017:14:03:09 +0100] "POST /entry.php?id=11671 HTTP/1.1" 200 4609 "http://easydrivers.activities.at/entry.php?id=11671" "Mozilla/5.0 (Windows NT 10.0; WOW64; Trident/7.0; rv:11.0) like Gecko"
213.86.241.133 - - [27/Nov/2017:14:03:10 +0100] "GET /gui/javascript/form_form.js?1511787789 HTTP/1.1" 200 16206 "http://easydrivers.activities.at/entry.php?id=11671" "Mozilla/5.0 (Windows NT 10.0; WOW64; Trident/7.0; rv:11.0) like Gecko"
213.86.241.133 - - [27/Nov/2017:14:03:10 +0100] "GET /entry.php?id=10776&form=11496&name=list& HTTP/1.1" 200 1519 "http://easydrivers.activities.at/entry.php?id=11671" "Mozilla/5.0 (Windows NT 10.0; WOW64; Trident/7.0; rv:11.0) like Gecko"
213.86.241.133 - - [27/Nov/2017:14:03:10 +0100] "GET /entry.php?id=10778&form=11496&name=list& HTTP/1.1" 200 5576 "http://easydrivers.activities.at/entry.php?id=11671" "Mozilla/5.0 (Windows NT 10.0; WOW64; Trident/7.0; rv:11.0) like Gecko"
81.10.228.170 - - [27/Nov/2017:14:03:10 +0100] "GET /entry.php?id=10776&form=11496&name=list& HTTP/1.1" 200 1519 "http://easydrivers.activities.at/entry.php?id=11671" "Mozilla/5.0 (Windows NT 10.0; Trident/7.0; rv:11.0) like Gecko"
81.10.228.170 - - [27/Nov/2017:14:03:10 +0100] "GET /entry.php?id=10778&form=11496&name=list& HTTP/1.1" 200 5734 "http://easydrivers.activities.at/entry.php?id=11671" "Mozilla/5.0 (Windows NT 10.0; Trident/7.0; rv:11.0) like Gecko"
81.10.228.170 - - [27/Nov/2017:14:03:15 +0100] "GET /entry.php?id=10271&&ser=787728 HTTP/1.1" 200 987 "http://easydrivers.activities.at/entry.php?id=10271&&ser=787667" "Mozilla/5.0 (Windows NT 10.0; Trident/7.0; rv:11.0) like Gecko"
81.10.228.170 - - [27/Nov/2017:14:03:15 +0100] "GET /gui/javascript/form_form.js?1511787795 HTTP/1.1" 200 16206 "http://easydrivers.activities.at/entry.php?id=10271&&ser=787728" "Mozilla/5.0 (Windows NT 10.0; Trident/7.0; rv:11.0) like Gecko"
213.86.241.133 - - [27/Nov/2017:14:03:17 +0100] "GET /entry.php?id=10271&&ser=787737 HTTP/1.1" 200 987 "http://easydrivers.activities.at/entry.php?id=10271&&ser=787676" "Mozilla/5.0 (Windows NT 10.0; WOW64; Trident/7.0; rv:11.0) like Gecko"
213.86.241.133 - - [27/Nov/2017:14:03:17 +0100] "GET /gui/javascript/form_form.js?1511787797 HTTP/1.1" 200 16206 "http://easydrivers.activities.at/entry.php?id=10271&&ser=787737" "Mozilla/5.0 (Windows NT 10.0; WOW64; Trident/7.0; rv:11.0) like Gecko"
81.10.228.170 - - [27/Nov/2017:14:03:41 +0100] "POST /entry.php?id=11671 HTTP/1.1" 200 4946 "http://easydrivers.activities.at/entry.php?id=11671" "Mozilla/5.0 (Windows NT 10.0; Trident/7.0; rv:11.0) like Gecko"
